171.103.232.138 - - [08/Jun/2025:20:56:37 -0400] "GET /yours-to-claim/yours-to-claim-chapter-35/ HTTP/1.1" 200 51766 "-" "Mozilla/5.0 (iPhone; CPU iPhone OS 18_5 like Mac OS X) AppleWebKit/605.1.15 (KHTML, like Gecko) Mobile/15E148"
171.103.232.138 - - [08/Jun/2025:20:56:38 -0400] "GET /wp-content/plugins/simple-social-buttons/assets/fonts/ssb-icon.ttf?eahqa2 HTTP/1.1" 200 7412 "https://w5.yours-toclaim.com/yours-to-claim/yours-to-claim-chapter-35/" "Mozilla/5.0 (iPhone; CPU iPhone OS 18_5 like Mac OS X) AppleWebKit/605.1.15 (KHTML, like Gecko) Mobile/15E148"
171.103.232.138 - - [08/Jun/2025:20:56:38 -0400] "GET /wp-content/uploads/2022/03/cropped-wide.jpeg HTTP/1.1" 200 119679 "https://w5.yours-toclaim.com/" "Mozilla/5.0 (iPhone; CPU iPhone OS 18_5 like Mac OS X) AppleWebKit/605.1.15 (KHTML, like Gecko) Mobile/15E148"
162.0.232.193 - - [08/Jun/2025:21:12:08 -0400] "POST /wp-cron.php?doing_wp_cron=1749431528.1943130493164062500000 HTTP/1.1" 200 0 "-" "WordPress/6.8.1; https://w5.yours-toclaim.com"
8.210.15.252 - - [08/Jun/2025:21:12:05 -0400] "GET /category/yours-to-claim-read-2/page/7 HTTP/1.1" 301 0 "https://w4.yours-toclaim.com/category/yours-to-claim-read-2/page/7" "Mozilla/5.0 (Macintosh; Intel Mac OS X 10_15_7) AppleWebKit/537.36 (KHTML, like Gecko) Chrome/109.0.0.0 Safari/537.36"
8.210.15.252 - - [08/Jun/2025:21:12:08 -0400] "GET /category/yours-to-claim-read-2/page/7/ HTTP/1.1" 200 144392 "https://w5.yours-toclaim.com/category/yours-to-claim-read-2/page/7" "Mozilla/5.0 (Macintosh; Intel Mac OS X 10_15_7) AppleWebKit/537.36 (KHTML, like Gecko) Chrome/109.0.0.0 Safari/537.36"
162.0.232.193 - - [08/Jun/2025:21:12:39 -0400] "POST /wp-cron.php?doing_wp_cron=1749431559.7129280567169189453125 HTTP/1.1" 200 0 "-" "WordPress/6.8.1; https://w5.yours-toclaim.com"
4.227.36.0 - - [08/Jun/2025:21:12:39 -0400] "GET /robots.txt HTTP/1.1" 200 106 "-" "Mozilla/5.0 AppleWebKit/537.36 (KHTML, like Gecko; compatible; GPTBot/1.2; +https://openai.com/gptbot)"
20.171.207.238 - - [08/Jun/2025:21:12:40 -0400] "GET /sitemap_index.xml HTTP/1.1" 200 293 "-" "Mozilla/5.0 AppleWebKit/537.36 (KHTML, like Gecko; compatible; GPTBot/1.2; +https://openai.com/gptbot)"
162.0.232.193 - - [08/Jun/2025:21:18:49 -0400] "POST /wp-cron.php?doing_wp_cron=1749431929.1444690227508544921875 HTTP/1.1" 200 0 "-" "WordPress/6.8.1; https://w5.yours-toclaim.com"
2a02:598:64:8a00::3100:5 - - [08/Jun/2025:21:18:47 -0400] "GET /category-sitemap.xml HTTP/1.1" 200 381 "-" "Mozilla/5.0 (compatible; SeznamBot/4.0; +https://o-seznam.cz/napoveda/vyhledavani/en/seznambot-crawler/)"
2607:fb91:b30:8908:d802:b07f:e05:347e - - [08/Jun/2025:21:19:55 -0400] "GET /wp-content/uploads/2022/03/cropped-tumblr_064b2d4fd6fb747c66937f0692a9c3d3_1356d0a2_500-192x192.png HTTP/1.1" 200 68717 "-" "Opera/4 CFNetwork/3826.500.131 Darwin/24.5.0"
162.0.232.193 - - [08/Jun/2025:21:20:23 -0400] "POST /wp-cron.php?doing_wp_cron=1749432023.2699530124664306640625 HTTP/1.1" 200 0 "-" "WordPress/6.8.1; https://w5.yours-toclaim.com"
114.119.131.68 - - [08/Jun/2025:21:20:21 -0400] "GET /category/manga/page/4/ HTTP/1.1" 200 57383 "https://w4.yours-toclaim.com/category/manga/page/5/" "Mozilla/5.0 (Linux; Android 7.0;) AppleWebKit/537.36 (KHTML, like Gecko) Mobile Safari/537.36 (compatible; PetalBot;+https://webmaster.petalsearch.com/site/petalbot)"
2.60.100.36 - - [08/Jun/2025:21:21:38 -0400] "GET / HTTP/1.1" 200 37383 "https://yandex.ru/" "Mozilla/5.0 (Windows NT 10.0; Win64; x64) AppleWebKit/537.36 (KHTML, like Gecko) Chrome/134.0.0.0 YaBrowser/25.4.0.0 Safari/537.36"
2.60.100.36 - - [08/Jun/2025:21:21:38 -0400] "GET /wp-content/uploads/2022/03/Yours_to_Claim-768x1024.webp HTTP/1.1" 200 86650 "https://w5.yours-toclaim.com/" "Mozilla/5.0 (Windows NT 10.0; Win64; x64) AppleWebKit/537.36 (KHTML, like Gecko) Chrome/134.0.0.0 YaBrowser/25.4.0.0 Safari/537.36"
2.60.100.36 - - [08/Jun/2025:21:21:39 -0400] "GET /wp-content/uploads/2022/03/cropped-wide.jpeg HTTP/1.1" 200 119679 "https://w5.yours-toclaim.com/" "Mozilla/5.0 (Windows NT 10.0; Win64; x64) AppleWebKit/537.36 (KHTML, like Gecko) Chrome/134.0.0.0 YaBrowser/25.4.0.0 Safari/537.36"
94.51.222.44 - - [08/Jun/2025:21:22:00 -0400] "GET / HTTP/1.1" 200 37392 "https://yandex.ru/" "Mozilla/5.0 (Linux; arm_64; Android 14; RMX3630) AppleWebKit/537.36 (KHTML, like Gecko) Chrome/134.0.6998.799 YaApp_Android/25.43.1 YaSearchBrowser/25.43.1 BroPP/1.0 SA/3 Mobile Safari/537.36"
94.51.222.44 - - [08/Jun/2025:21:22:02 -0400] "GET /wp-content/uploads/2022/03/Yours_to_Claim-768x1024.webp HTTP/1.1" 200 86650 "https://w5.yours-toclaim.com/" "Mozilla/5.0 (Linux; arm_64; Android 14; RMX3630) AppleWebKit/537.36 (KHTML, like Gecko) Chrome/134.0.6998.799 YaApp_Android/25.43.1 YaSearchBrowser/25.43.1 BroPP/1.0 SA/3 Mobile Safari/537.36"
94.51.222.44 - - [08/Jun/2025:21:22:02 -0400] "GET /wp-content/uploads/2022/03/cropped-wide.jpeg HTTP/1.1" 200 119679 "https://w5.yours-toclaim.com/" "Mozilla/5.0 (Linux; arm_64; Android 14; RMX3630) AppleWebKit/537.36 (KHTML, like Gecko) Chrome/134.0.6998.799 YaApp_Android/25.43.1 YaSearchBrowser/25.43.1 BroPP/1.0 SA/3 Mobile Safari/537.36"
162.0.232.193 - - [08/Jun/2025:21:24:24 -0400] "POST /wp-cron.php?doing_wp_cron=1749432264.5742750167846679687500 HTTP/1.1" 200 0 "-" "WordPress/6.8.1; https://w5.yours-toclaim.com"
8.210.152.184 - - [08/Jun/2025:21:24:22 -0400] "GET /tag/volume/page/8 HTTP/1.1" 301 0 "-" "Mozilla/5.0 (Macintosh; Intel Mac OS X 10_15_7) AppleWebKit/537.36 (KHTML, like Gecko) Chrome/109.0.0.0 Safari/537.36"
8.210.152.184 - - [08/Jun/2025:21:24:25 -0400] "GET /tag/volume/page/8/ HTTP/1.1" 200 96996 "https://w5.yours-toclaim.com/tag/volume/page/8" "Mozilla/5.0 (Macintosh; Intel Mac OS X 10_15_7) AppleWebKit/537.36 (KHTML, like Gecko) Chrome/109.0.0.0 Safari/537.36"
2a02:598:64:8a00::3100:5 - - [08/Jun/2025:21:26:54 -0400] "GET /yours-to-claim/yours-to-claim-special-chuseok-special-chapter/ HTTP/1.1" 200 43335 "-" "Mozilla/5.0 (compatible; SeznamBot/4.0; +https://o-seznam.cz/napoveda/vyhledavani/en/seznambot-crawler/)"
40.77.167.19 - - [08/Jun/2025:21:28:46 -0400] "GET /yours-to-claim/yours-to-claim-chapter-107-5/ HTTP/1.1" 200 40935 "-" "Mozilla/5.0 AppleWebKit/537.36 (KHTML, like Gecko; compatible; bingbot/2.0; +http://www.bing.com/bingbot.htm) Chrome/116.0.1938.76 Safari/537.36"
162.0.232.193 - - [08/Jun/2025:21:30:49 -0400] "POST /wp-cron.php?doing_wp_cron=1749432649.6286349296569824218750 HTTP/1.1" 200 0 "-" "WordPress/6.8.1; https://w5.yours-toclaim.com"
87.250.224.27 - - [08/Jun/2025:21:30:47 -0400] "GET /yours-to-claim-chapter-5/ HTTP/1.1" 301 0 "-" "Mozilla/5.0 (compatible; YandexBot/3.0; +http://yandex.com/bots)"
87.250.224.42 - - [08/Jun/2025:21:30:51 -0400] "GET / HTTP/1.1" 200 37383 "-" "Mozilla/5.0 (compatible; YandexBot/3.0; +http://yandex.com/bots)"
47.128.59.37 - - [08/Jun/2025:21:31:52 -0400] "GET /tag/original/page/6/ HTTP/1.1" 200 88837 "-" "Mozilla/5.0 (compatible; Bytespider; [email protected]) AppleWebKit/537.36 (KHTML, like Gecko) Chrome/70.0.0.0 Safari/537.36"
162.0.232.193 - - [08/Jun/2025:21:34:14 -0400] "POST /wp-cron.php?doing_wp_cron=1749432854.6868979930877685546875 HTTP/1.1" 200 0 "-" "WordPress/6.8.1; https://w5.yours-toclaim.com"
114.119.132.108 - - [08/Jun/2025:21:34:13 -0400] "GET /yours-to-claim-chapter-2/ HTTP/1.1" 301 0 "https://w5.yours-toclaim.com/category/yours-to-claim-read-2/page/12/" "Mozilla/5.0 (Linux; Android 7.0;) AppleWebKit/537.36 (KHTML, like Gecko) Mobile Safari/537.36 (compatible; PetalBot;+https://webmaster.petalsearch.com/site/petalbot)"
114.119.132.108 - - [08/Jun/2025:21:34:15 -0400] "GET / HTTP/1.1" 200 37483 "https://w5.yours-toclaim.com/category/yours-to-claim-read-2/page/12/" "Mozilla/5.0 (Linux; Android 7.0;) AppleWebKit/537.36 (KHTML, like Gecko) Mobile Safari/537.36 (compatible; PetalBot;+https://webmaster.petalsearch.com/site/petalbot)"
162.0.232.193 - - [08/Jun/2025:21:34:39 -0400] "POST /wp-cron.php?doing_wp_cron=1749432878.9073519706726074218750 HTTP/1.1" 200 0 "-" "WordPress/6.8.1; https://w5.yours-toclaim.com"
95.108.213.120 - - [08/Jun/2025:21:34:38 -0400] "GET /yours-to-claim-chapter-74/ HTTP/1.1" 301 0 "-" "Mozilla/5.0 (compatible; YandexBot/3.0; +http://yandex.com/bots)"
68.169.43.28 - - [08/Jun/2025:21:34:40 -0400] "GET /2.php HTTP/1.1" 404 4723 "-" "Mozilla/5.0 (Windows NT 10.0; Win64; x64; rv:139.0) Gecko/20100101 Firefox/139.0"
162.0.232.193 - - [08/Jun/2025:21:35:05 -0400] "POST /wp-cron.php?doing_wp_cron=1749432905.0641698837280273437500 HTTP/1.1" 200 0 "-" "WordPress/6.8.1; https://w5.yours-toclaim.com"
114.119.156.33 - - [08/Jun/2025:21:35:04 -0400] "GET /tag/chapter/page/12/ HTTP/1.1" 200 73616 "https://w5.yours-toclaim.com/tag/chapter/page/9/" "Mozilla/5.0 (Linux; Android 7.0;) AppleWebKit/537.36 (KHTML, like Gecko) Mobile Safari/537.36 (compatible; PetalBot;+https://webmaster.petalsearch.com/site/petalbot)"
162.0.232.193 - - [08/Jun/2025:21:35:31 -0400] "POST /wp-cron.php?doing_wp_cron=1749432931.7099039554595947265625 HTTP/1.1" 200 0 "-" "WordPress/6.8.1; https://w5.yours-toclaim.com"
47.238.13.1 - - [08/Jun/2025:21:35:31 -0400] "GET /category/yours-to-claim-read/page/8/ HTTP/1.1" 200 93026 "https://w4.yours-toclaim.com/category/yours-to-claim-read/page/8/#content" "Mozilla/5.0 (Macintosh; Intel Mac OS X 10_15_7) AppleWebKit/537.36 (KHTML, like Gecko) Chrome/109.0.0.0 Safari/537.36"
213.180.203.86 - - [08/Jun/2025:21:35:45 -0400] "GET / HTTP/1.1" 200 37383 "-" "Mozilla/5.0 (compatible; YandexBot/3.0; +http://yandex.com/bots)"
47.128.111.229 - - [08/Jun/2025:21:35:52 -0400] "GET /yours-to-claim/yours-to-claim-chapter-71/ HTTP/1.1" 200 44221 "-" "Mozilla/5.0 (compatible; Bytespider; [email protected]) AppleWebKit/537.36 (KHTML, like Gecko) Chrome/70.0.0.0 Safari/537.36"
114.119.132.58 - - [08/Jun/2025:21:36:06 -0400] "GET /yours-to-claim/yours-to-claim-chapter-7/ HTTP/1.1" 200 46331 "https://w4.yours-toclaim.com/yours-to-claim/yours-to-claim-chapter-8/" "Mozilla/5.0 (Linux; Android 7.0;) AppleWebKit/537.36 (KHTML, like Gecko) Mobile Safari/537.36 (compatible; PetalBot;+https://webmaster.petalsearch.com/site/petalbot)"
114.119.129.179 - - [08/Jun/2025:21:37:42 -0400] "GET /yours-to-claim/yours-to-claim-chapter-10/ HTTP/1.1" 200 48892 "https://yours-toclaim.com/yours-to-claim-chapter-20/" "Mozilla/5.0 (Linux; Android 7.0;) AppleWebKit/537.36 (KHTML, like Gecko) Mobile Safari/537.36 (compatible; PetalBot;+https://webmaster.petalsearch.com/site/petalbot)"
66.249.68.129 - - [08/Jun/2025:21:37:54 -0400] "GET /terms-and-conditions/ HTTP/1.1" 200 39192 "-" "Mozilla/5.0 (Linux; Android 6.0.1; Nexus 5X Build/MMB29P) AppleWebKit/537.36 (KHTML, like Gecko) Chrome/136.0.7103.113 Mobile Safari/537.36 (compatible; Googlebot/2.1; +http://www.google.com/bot.html)"
162.0.232.193 - - [08/Jun/2025:21:39:07 -0400] "POST /wp-cron.php?doing_wp_cron=1749433147.7523899078369140625000 HTTP/1.1" 200 0 "-" "WordPress/6.8.1; https://w5.yours-toclaim.com"
114.119.132.108 - - [08/Jun/2025:21:39:06 -0400] "GET /tag/yours-to-claim-lezhin/page/7/ HTTP/1.1" 200 148148 "https://w4.yours-toclaim.com/tag/yours-to-claim-lezhin/page/7/" "Mozilla/5.0 (Linux; Android 7.0;) AppleWebKit/537.36 (KHTML, like Gecko) Mobile Safari/537.36 (compatible; PetalBot;+https://webmaster.petalsearch.com/site/petalbot)"
47.128.99.162 - - [08/Jun/2025:21:39:52 -0400] "GET /yours-to-claim/yours-to-claim-chapter-5/ HTTP/1.1" 200 51592 "-" "Mozilla/5.0 (compatible; Bytespider; [email protected]) AppleWebKit/537.36 (KHTML, like Gecko) Chrome/70.0.0.0 Safari/537.36"
162.0.232.193 - - [08/Jun/2025:21:52:32 -0400] "POST /wp-cron.php?doing_wp_cron=1749433952.0177309513092041015625 HTTP/1.1" 200 0 "-" "WordPress/6.8.1; https://w5.yours-toclaim.com"
52.167.144.19 - - [08/Jun/2025:21:52:28 -0400] "GET /sitemap_index.xml HTTP/1.1" 200 293 "-" "Mozilla/5.0 AppleWebKit/537.36 (KHTML, like Gecko; compatible; bingbot/2.0; +http://www.bing.com/bingbot.htm) Chrome/116.0.1938.76 Safari/537.36"
118.195.165.218 - - [08/Jun/2025:21:53:06 -0400] "GET / HTTP/1.1" 200 37392 "https://yours-toclaim.com/" "Mozilla/5.0 (iPhone; CPU iPhone OS 13_2_3 like Mac OS X) AppleWebKit/605.1.15 (KHTML, like Gecko) Version/13.0.3 Mobile/15E148 Safari/604.1"
162.0.232.193 - - [08/Jun/2025:21:54:00 -0400] "POST /wp-cron.php?doing_wp_cron=1749434039.9955170154571533203125 HTTP/1.1" 200 0 "-" "WordPress/6.8.1; https://w5.yours-toclaim.com"
114.119.134.12 - - [08/Jun/2025:21:53:59 -0400] "GET /yours-to-claim-chapter-66/ HTTP/1.1" 301 0 "https://yours-toclaim.com/tag/chapters/page/6/" "Mozilla/5.0 (Linux; Android 7.0;) AppleWebKit/537.36 (KHTML, like Gecko) Mobile Safari/537.36 (compatible; PetalBot;+https://webmaster.petalsearch.com/site/petalbot)"
114.119.134.12 - - [08/Jun/2025:21:54:00 -0400] "GET / HTTP/1.1" 200 37392 "https://yours-toclaim.com/tag/chapters/page/6/" "Mozilla/5.0 (Linux; Android 7.0;) AppleWebKit/537.36 (KHTML, like Gecko) Mobile Safari/537.36 (compatible; PetalBot;+https://webmaster.petalsearch.com/site/petalbot)"
66.249.68.128 - - [08/Jun/2025:21:54:01 -0400] "GET /wp-content/uploads/2022/03/cropped-tumblr_064b2d4fd6fb747c66937f0692a9c3d3_1356d0a2_500-32x32.png HTTP/1.1" 200 2873 "-" "Googlebot-Image/1.0"
162.0.232.193 - - [08/Jun/2025:21:54:04 -0400] "POST /wp-cron.php?doing_wp_cron=1749434043.9029788970947265625000 HTTP/1.1" 200 0 "-" "WordPress/6.8.1; https://w5.yours-toclaim.com"
66.249.68.128 - - [08/Jun/2025:21:54:05 -0400] "GET /wp-content/uploads/2022/03/cropped-tumblr_064b2d4fd6fb747c66937f0692a9c3d3_1356d0a2_500-192x192.png HTTP/1.1" 200 68717 "-" "Googlebot-Image/1.0"
66.249.68.129 - - [08/Jun/2025:21:54:06 -0400] "GET /wp-content/uploads/2022/03/cropped-tumblr_064b2d4fd6fb747c66937f0692a9c3d3_1356d0a2_500-180x180.png HTTP/1.1" 200 60888 "-" "Googlebot-Image/1.0"
114.119.129.179 - - [08/Jun/2025:21:55:34 -0400] "GET /yours-to-claim/yours-to-claim-chapter-80/ HTTP/1.1" 200 43410 "https://yours-toclaim.com/yours-to-claim-chapter-22/" "Mozilla/5.0 (Linux; Android 7.0;) AppleWebKit/537.36 (KHTML, like Gecko) Mobile Safari/537.36 (compatible; PetalBot;+https://webmaster.petalsearch.com/site/petalbot)"
162.0.232.193 - - [08/Jun/2025:22:01:01 -0400] "POST /wp-cron.php?doing_wp_cron=1749434461.6662850379943847656250 HTTP/1.1" 200 0 "-" "WordPress/6.8.1; https://w5.yours-toclaim.com"
47.128.116.149 - - [08/Jun/2025:22:00:59 -0400] "GET /category/yours-to-claim-read/page/7/ HTTP/1.1" 200 144404 "-" "Mozilla/5.0 (compatible; Bytespider; [email protected]) AppleWebKit/537.36 (KHTML, like Gecko) Chrome/70.0.0.0 Safari/537.36"
47.128.42.19 - - [08/Jun/2025:22:05:00 -0400] "GET /yours-to-claim/yours-to-claim-chapter-10/ HTTP/1.1" 200 48811 "-" "Mozilla/5.0 (compatible; Bytespider; [email protected]) AppleWebKit/537.36 (KHTML, like Gecko) Chrome/70.0.0.0 Safari/537.36"
162.0.232.193 - - [08/Jun/2025:22:05:23 -0400] "POST /wp-cron.php?doing_wp_cron=1749434723.2901749610900878906250 HTTP/1.1" 200 0 "-" "WordPress/6.8.1; https://w5.yours-toclaim.com"
47.242.200.220 - - [08/Jun/2025:22:05:21 -0400] "GET /category/yours-to-claim-manhwa HTTP/1.1" 301 0 "https://w4.yours-toclaim.com/category/yours-to-claim-manhwa" "Mozilla/5.0 (Macintosh; Intel Mac OS X 10_15_7) AppleWebKit/537.36 (KHTML, like Gecko) Chrome/109.0.0.0 Safari/537.36"
47.242.200.220 - - [08/Jun/2025:22:05:23 -0400] "GET /category/yours-to-claim-manhwa/ HTTP/1.1" 200 66965 "https://w5.yours-toclaim.com/category/yours-to-claim-manhwa" "Mozilla/5.0 (Macintosh; Intel Mac OS X 10_15_7) AppleWebKit/537.36 (KHTML, like Gecko) Chrome/109.0.0.0 Safari/537.36"
114.119.132.58 - - [08/Jun/2025:22:08:48 -0400] "GET /yours-to-claim/yours-to-claim-chapter-102/ HTTP/1.1" 200 41150 "https://yours-toclaim.com/yours-to-claim-chapter-22/" "Mozilla/5.0 (Linux; Android 7.0;) AppleWebKit/537.36 (KHTML, like Gecko) Mobile Safari/537.36 (compatible; PetalBot;+https://webmaster.petalsearch.com/site/petalbot)"
162.0.232.193 - - [08/Jun/2025:22:09:01 -0400] "POST /wp-cron.php?doing_wp_cron=1749434941.2614519596099853515625 HTTP/1.1" 200 0 "-" "WordPress/6.8.1; https://w5.yours-toclaim.com"
47.128.115.79 - - [08/Jun/2025:22:08:59 -0400] "GET /tag/chapters/page/4/ HTTP/1.1" 200 57385 "-" "Mozilla/5.0 (compatible; Bytespider; [email protected]) AppleWebKit/537.36 (KHTML, like Gecko) Chrome/70.0.0.0 Safari/537.36"
162.0.232.193 - - [08/Jun/2025:22:10:21 -0400] "POST /wp-cron.php?doing_wp_cron=1749435021.0262289047241210937500 HTTP/1.1" 200 0 "-" "WordPress/6.8.1; https://w5.yours-toclaim.com"
114.119.131.68 - - [08/Jun/2025:22:10:20 -0400] "GET /tag/yours-to-claim-lezhin-season-2/page/4/ HTTP/1.1" 200 57480 "https://w5.yours-toclaim.com/tag/yours-to-claim-lezhin-season-2/page/5/" "Mozilla/5.0 (Linux; Android 7.0;) AppleWebKit/537.36 (KHTML, like Gecko) Mobile Safari/537.36 (compatible; PetalBot;+https://webmaster.petalsearch.com/site/petalbot)"
162.0.232.193 - - [08/Jun/2025:22:11:10 -0400] "POST /wp-cron.php?doing_wp_cron=1749435070.6140010356903076171875 HTTP/1.1" 200 0 "-" "WordPress/6.8.1; https://w5.yours-toclaim.com"
114.119.129.179 - - [08/Jun/2025:22:11:10 -0400] "GET /tag/volume/page/4/ HTTP/1.1" 200 57403 "https://w5.yours-toclaim.com/tag/volume/page/5/" "Mozilla/5.0 (Linux; Android 7.0;) AppleWebKit/537.36 (KHTML, like Gecko) Mobile Safari/537.36 (compatible; PetalBot;+https://webmaster.petalsearch.com/site/petalbot)"
52.167.144.203 - - [08/Jun/2025:22:19:34 -0400] "GET /yours-to-claim/yours-to-claim-chapter-2/ HTTP/1.1" 200 48676 "-" "Mozilla/5.0 AppleWebKit/537.36 (KHTML, like Gecko; compatible; bingbot/2.0; +http://www.bing.com/bingbot.htm) Chrome/116.0.1938.76 Safari/537.36"
198.235.24.135 - - [08/Jun/2025:22:22:31 -0400] "GET / HTTP/1.1" 200 37383 "-" "-"
162.0.232.193 - - [08/Jun/2025:22:22:45 -0400] "POST /wp-cron.php?doing_wp_cron=1749435765.8096868991851806640625 HTTP/1.1" 200 0 "-" "WordPress/6.8.1; https://w5.yours-toclaim.com"
8.210.11.248 - - [08/Jun/2025:22:22:44 -0400] "GET /category/yours-to-claim-read HTTP/1.1" 301 0 "https://w4.yours-toclaim.com/category/yours-to-claim-read" "Mozilla/5.0 (Macintosh; Intel Mac OS X 10_15_7) AppleWebKit/537.36 (KHTML, like Gecko) Chrome/109.0.0.0 Safari/537.36"
8.210.11.248 - - [08/Jun/2025:22:22:46 -0400] "GET /category/yours-to-claim-read/ HTTP/1.1" 200 67274 "https://w5.yours-toclaim.com/category/yours-to-claim-read" "Mozilla/5.0 (Macintosh; Intel Mac OS X 10_15_7) AppleWebKit/537.36 (KHTML, like Gecko) Chrome/109.0.0.0 Safari/537.36"
173.208.148.34 - - [08/Jun/2025:22:25:22 -0400] "GET / HTTP/1.1" 200 37316 "-" "Mozilla/5.0 (Windows NT 10.0; Win64; x64) AppleWebKit/537.36 (KHTML, like Gecko) Chrome/91.0.4472.106 Safari/537.36"
173.208.148.34 - - [08/Jun/2025:22:25:23 -0400] "GET / HTTP/1.1" 200 37316 "-" "Mozilla/5.0 (compatible; Googlebot/2.1; +http://www.google.com/bot.html)"
162.0.232.193 - - [08/Jun/2025:22:25:25 -0400] "POST /wp-cron.php?doing_wp_cron=1749435925.3778169155120849609375 HTTP/1.1" 200 0 "-" "WordPress/6.8.1; https://w5.yours-toclaim.com"
173.208.148.34 - - [08/Jun/2025:22:25:23 -0400] "GET /index.php?params=1 HTTP/1.1" 301 0 "-" "Mozilla/5.0 (Windows NT 10.0; Win64; x64) AppleWebKit/537.36 (KHTML, like Gecko) Chrome/91.0.4472.106 Safari/537.36"
173.208.148.34 - - [08/Jun/2025:22:25:25 -0400] "GET /?params=1 HTTP/1.1" 200 10845 "-" "Mozilla/5.0 (Windows NT 10.0; Win64; x64) AppleWebKit/537.36 (KHTML, like Gecko) Chrome/91.0.4472.106 Safari/537.36"
212.118.43.65 - - [08/Jun/2025:22:31:05 -0400] "GET / HTTP/1.1" 200 37316 "https://YOURS-TOCLAIM.COM" "Mozilla/5.0 (Macintosh; Intel Mac OS X 10_15_7) AppleWebKit/537.36 (KHTML, like Gecko) Chrome/133.0.0.0 Safari/537.36"
162.0.232.193 - - [08/Jun/2025:22:31:08 -0400] "POST /wp-cron.php?doing_wp_cron=1749436268.1143450736999511718750 HTTP/1.1" 200 0 "-" "WordPress/6.8.1; https://w5.yours-toclaim.com"
212.118.43.65 - - [08/Jun/2025:22:31:06 -0400] "GET /comments/feed/ HTTP/1.1" 200 1153 "-" "Mozilla/5.0 (Macintosh; Intel Mac OS X 10_15_7) AppleWebKit/537.36 (KHTML, like Gecko) Chrome/133.0.0.0 Safari/537.36"
45.204.8.167 - - [08/Jun/2025:22:32:29 -0400] "GET / HTTP/1.1" 200 37316 "-" "Mozilla/5.0 (Windows NT 10.0; Win64; x64) AppleWebKit/537.36 (KHTML, like Gecko) Chrome/137.0.0.0 Safari/537.36"
45.204.8.167 - - [08/Jun/2025:22:32:35 -0400] "GET /wp-content/uploads/2022/03/Yours_to_Claim-768x1024.webp HTTP/1.1" 200 86650 "https://w5.yours-toclaim.com/" "Mozilla/5.0 (Windows NT 10.0; Win64; x64) AppleWebKit/537.36 (KHTML, like Gecko) Chrome/137.0.0.0 Safari/537.36"
45.204.8.167 - - [08/Jun/2025:22:32:58 -0400] "GET /wp-content/uploads/2022/03/cropped-tumblr_064b2d4fd6fb747c66937f0692a9c3d3_1356d0a2_500-32x32.png HTTP/1.1" 200 2873 "https://w5.yours-toclaim.com/" "Mozilla/5.0 (Windows NT 10.0; Win64; x64) AppleWebKit/537.36 (KHTML, like Gecko) Chrome/137.0.0.0 Safari/537.36"
162.0.232.193 - - [08/Jun/2025:22:46:57 -0400] "POST /wp-cron.php?doing_wp_cron=1749437216.8991830348968505859375 HTTP/1.1" 200 0 "-" "WordPress/6.8.1; https://w5.yours-toclaim.com"
170.106.72.93 - - [08/Jun/2025:22:46:58 -0400] "GET / HTTP/1.1" 200 37483 "https://w2.yours-toclaim.com/" "Mozilla/5.0 (iPhone; CPU iPhone OS 13_2_3 like Mac OS X) AppleWebKit/605.1.15 (KHTML, like Gecko) Version/13.0.3 Mobile/15E148 Safari/604.1"
162.0.232.193 - - [08/Jun/2025:22:49:26 -0400] "POST /wp-cron.php?doing_wp_cron=1749437366.4384241104125976562500 HTTP/1.1" 200 0 "-" "WordPress/6.8.1; https://w5.yours-toclaim.com"
138.68.94.101 - - [08/Jun/2025:22:49:25 -0400] "GET /_ignition/execute-solution HTTP/1.1" 301 0 "https://yours-toclaim.com/_ignition/execute-solution" "Mozilla/5.0 (Ubuntu; Linux i686) AppleWebKit/537.36 (KHTML, like Gecko) Chrome/120.0.0.0 Safari/537.36"
138.68.94.101 - - [08/Jun/2025:22:49:27 -0400] "GET /_ignition/execute-solution HTTP/1.1" 301 0 "https://yours-toclaim.com/_ignition/execute-solution" "Mozilla/5.0 (Windows NT 10.0; Win64; x64; rv:93.0) Gecko/20100101 Firefox/93.0"
138.68.94.101 - - [08/Jun/2025:22:49:27 -0400] "GET /_ignition/execute-solution HTTP/1.1" 301 0 "https://yours-toclaim.com/_ignition/execute-solution" "Mozilla/5.0 (Ubuntu; Linux x86_64; rv:127.0) Gecko/20100101 Firefox/127.0"
138.68.94.101 - - [08/Jun/2025:22:49:28 -0400] "GET /_ignition/execute-solution HTTP/1.1" 301 0 "https://yours-toclaim.com/_ignition/execute-solution" "Mozilla/5.0 (Macintosh; Intel Mac OS X 10_15_6) AppleWebKit/605.1.15 (KHTML, like Gecko) Version/14.0 Safari/605.1.15"
162.0.232.193 - - [08/Jun/2025:22:49:29 -0400] "POST /wp-cron.php?doing_wp_cron=1749437369.3500530719757080078125 HTTP/1.1" 200 0 "-" "WordPress/6.8.1; https://w5.yours-toclaim.com"
138.68.94.101 - - [08/Jun/2025:22:49:29 -0400] "GET /_ignition/execute-solution HTTP/1.1" 301 0 "https://yours-toclaim.com/_ignition/execute-solution" "Mozilla/5.0 (Macintosh; Intel Mac OS X 10_15_7) AppleWebKit/605.1.15 (KHTML, like Gecko) Version/16.6.1 Safari/605.1.15"
138.68.94.101 - - [08/Jun/2025:22:49:30 -0400] "GET /_ignition/execute-solution HTTP/1.1" 301 0 "https://yours-toclaim.com/_ignition/execute-solution" "Mozilla/5.0 (Fedora; Linux x86_64; rv:131.0) Gecko/20100101 Firefox/131.0"
162.0.232.193 - - [08/Jun/2025:22:50:25 -0400] "POST /wp-cron.php?doing_wp_cron=1749437425.4412279129028320312500 HTTP/1.1" 200 0 "-" "WordPress/6.8.1; https://w5.yours-toclaim.com"
47.238.13.7 - - [08/Jun/2025:22:50:25 -0400] "GET /sitemap_index.xml HTTP/1.1" 200 293 "https://w4.yours-toclaim.com/sitemap_index.xml" "Mozilla/5.0 (Macintosh; Intel Mac OS X 10_15_7) AppleWebKit/537.36 (KHTML, like Gecko) Chrome/109.0.0.0 Safari/537.36"
162.0.232.193 - - [08/Jun/2025:22:54:22 -0400] "POST /wp-cron.php?doing_wp_cron=1749437662.1717090606689453125000 HTTP/1.1" 200 0 "-" "WordPress/6.8.1; https://w5.yours-toclaim.com"
47.242.230.146 - - [08/Jun/2025:22:54:20 -0400] "GET /author/admin/page/3 HTTP/1.1" 301 0 "https://w4.yours-toclaim.com/author/admin/page/3" "Mozilla/5.0 (Macintosh; Intel Mac OS X 10_15_7) AppleWebKit/537.36 (KHTML, like Gecko) Chrome/109.0.0.0 Safari/537.36"
47.242.230.146 - - [08/Jun/2025:22:54:22 -0400] "GET /author/admin/page/3/ HTTP/1.1" 200 57053 "https://w5.yours-toclaim.com/author/admin/page/3" "Mozilla/5.0 (Macintosh; Intel Mac OS X 10_15_7) AppleWebKit/537.36 (KHTML, like Gecko) Chrome/109.0.0.0 Safari/537.36"
162.0.232.193 - - [08/Jun/2025:22:59:24 -0400] "POST /wp-cron.php?doing_wp_cron=1749437963.9986770153045654296875 HTTP/1.1" 200 0 "-" "WordPress/6.8.1; https://w5.yours-toclaim.com"
114.119.133.208 - - [08/Jun/2025:22:59:22 -0400] "GET /yours-to-claim-chapter-20/ HTTP/1.1" 301 0 "https://w5.yours-toclaim.com/tag/yahwi/page/10/" "Mozilla/5.0 (Linux; Android 7.0;) AppleWebKit/537.36 (KHTML, like Gecko) Mobile Safari/537.36 (compatible; PetalBot;+https://webmaster.petalsearch.com/site/petalbot)"
114.119.133.208 - - [08/Jun/2025:22:59:24 -0400] "GET / HTTP/1.1" 200 37384 "https://w5.yours-toclaim.com/tag/yahwi/page/10/" "Mozilla/5.0 (Linux; Android 7.0;) AppleWebKit/537.36 (KHTML, like Gecko) Mobile Safari/537.36 (compatible; PetalBot;+https://webmaster.petalsearch.com/site/petalbot)"
162.0.232.193 - - [08/Jun/2025:23:00:28 -0400] "POST /wp-cron.php?doing_wp_cron=1749438027.8250761032104492187500 HTTP/1.1" 200 0 "-" "WordPress/6.8.1; https://w5.yours-toclaim.com"
157.55.39.55 - - [08/Jun/2025:23:00:27 -0400] "GET /yours-to-claim/yours-to-claim-chapter-3/feed/ HTTP/1.1" 200 609 "-" "Mozilla/5.0 AppleWebKit/537.36 (KHTML, like Gecko; compatible; bingbot/2.0; +http://www.bing.com/bingbot.htm) Chrome/116.0.1938.76 Safari/537.36"
114.119.129.179 - - [08/Jun/2025:23:00:43 -0400] "GET /manga/yours-to-claim-chapter-8/ HTTP/1.1" 200 50777 "https://yours-toclaim.com/tag/volume/page/2/" "Mozilla/5.0 (Linux; Android 7.0;) AppleWebKit/537.36 (KHTML, like Gecko) Mobile Safari/537.36 (compatible; PetalBot;+https://webmaster.petalsearch.com/site/petalbot)"
162.0.232.193 - - [08/Jun/2025:23:02:08 -0400] "POST /wp-cron.php?doing_wp_cron=1749438128.1177990436553955078125 HTTP/1.1" 200 0 "-" "WordPress/6.8.1; https://w5.yours-toclaim.com"
114.119.129.179 - - [08/Jun/2025:23:02:06 -0400] "GET /tag/yours-to-claim-author-twitter/page/10/ HTTP/1.1" 200 81166 "https://w4.yours-toclaim.com/tag/yours-to-claim-author-twitter/page/10/" "Mozilla/5.0 (Linux; Android 7.0;) AppleWebKit/537.36 (KHTML, like Gecko) Mobile Safari/537.36 (compatible; PetalBot;+https://webmaster.petalsearch.com/site/petalbot)"
52.169.149.155 - - [08/Jun/2025:23:02:10 -0400] "GET /lv.php HTTP/1.1" 301 0 "-" "-"
52.169.149.155 - - [08/Jun/2025:23:02:10 -0400] "GET / HTTP/1.1" 200 37343 "-" "-"
52.169.149.155 - - [08/Jun/2025:23:02:10 -0400] "GET /wp-22.php HTTP/1.1" 301 0 "-" "-"
52.169.149.155 - - [08/Jun/2025:23:02:11 -0400] "GET / HTTP/1.1" 200 37316 "-" "-"
52.169.149.155 - - [08/Jun/2025:23:02:11 -0400] "GET /wp-content/plugins/pwnd/pwnd.php HTTP/1.1" 301 0 "-" "-"
52.169.149.155 - - [08/Jun/2025:23:02:12 -0400] "GET / HTTP/1.1" 200 37316 "-" "-"
52.169.149.155 - - [08/Jun/2025:23:02:12 -0400] "GET /wp-content/plugins/pwnd-1/pwnd.php HTTP/1.1" 301 0 "-" "-"
52.169.149.155 - - [08/Jun/2025:23:02:12 -0400] "GET / HTTP/1.1" 200 37316 "-" "-"
52.169.149.155 - - [08/Jun/2025:23:02:13 -0400] "GET /wp-includes/Requests/about.php HTTP/1.1" 301 0 "-" "-"
52.169.149.155 - - [08/Jun/2025:23:02:13 -0400] "GET / HTTP/1.1" 200 37316 "-" "-"
52.169.149.155 - - [08/Jun/2025:23:02:13 -0400] "GET /wp-includes/style-engine/about.php HTTP/1.1" 301 0 "-" "-"
52.169.149.155 - - [08/Jun/2025:23:02:14 -0400] "GET / HTTP/1.1" 200 37316 "-" "-"
52.169.149.155 - - [08/Jun/2025:23:02:14 -0400] "GET /wp-includes/rest-api/about.php HTTP/1.1" 301 0 "-" "-"
52.169.149.155 - - [08/Jun/2025:23:02:14 -0400] "GET / HTTP/1.1" 200 37383 "-" "-"
52.169.149.155 - - [08/Jun/2025:23:02:14 -0400] "GET /wp-includes/SimplePie/about.php HTTP/1.1" 301 0 "-" "-"
52.169.149.155 - - [08/Jun/2025:23:02:15 -0400] "GET / HTTP/1.1" 200 37316 "-" "-"
52.169.149.155 - - [08/Jun/2025:23:02:15 -0400] "GET /wp-content/banners/about.php HTTP/1.1" 301 0 "-" "-"
52.169.149.155 - - [08/Jun/2025:23:02:15 -0400] "GET / HTTP/1.1" 200 37316 "-" "-"
52.169.149.155 - - [08/Jun/2025:23:02:15 -0400] "GET /wp-content/about.php HTTP/1.1" 301 0 "-" "-"
52.169.149.155 - - [08/Jun/2025:23:02:16 -0400] "GET / HTTP/1.1" 200 37316 "-" "-"
52.169.149.155 - - [08/Jun/2025:23:02:16 -0400] "GET /.well-known/about.php HTTP/1.1" 301 0 "-" "-"
52.169.149.155 - - [08/Jun/2025:23:02:16 -0400] "GET / HTTP/1.1" 200 37316 "-" "-"
52.169.149.155 - - [08/Jun/2025:23:02:17 -0400] "GET /wp-includes/Text/about.php HTTP/1.1" 301 0 "-" "-"
52.169.149.155 - - [08/Jun/2025:23:02:17 -0400] "GET / HTTP/1.1" 200 37316 "-" "-"
52.169.149.155 - - [08/Jun/2025:23:02:17 -0400] "GET /wp-includes/ID3/about.php HTTP/1.1" 301 0 "-" "-"
52.169.149.155 - - [08/Jun/2025:23:02:18 -0400] "GET / HTTP/1.1" 200 37316 "-" "-"
52.169.149.155 - - [08/Jun/2025:23:02:18 -0400] "GET /img/about.php HTTP/1.1" 301 0 "-" "-"
52.169.149.155 - - [08/Jun/2025:23:02:18 -0400] "GET / HTTP/1.1" 200 37316 "-" "-"
52.169.149.155 - - [08/Jun/2025:23:02:18 -0400] "GET /wp-content/languages/about.php HTTP/1.1" 301 0 "-" "-"
52.169.149.155 - - [08/Jun/2025:23:02:19 -0400] "GET / HTTP/1.1" 200 37316 "-" "-"
52.169.149.155 - - [08/Jun/2025:23:02:19 -0400] "GET /wp-includes/customize/about.php HTTP/1.1" 301 0 "-" "-"
52.169.149.155 - - [08/Jun/2025:23:02:19 -0400] "GET / HTTP/1.1" 200 37316 "-" "-"
52.169.149.155 - - [08/Jun/2025:23:02:20 -0400] "GET /wp-includes.bak/html-api/about.php HTTP/1.1" 301 0 "-" "-"
52.169.149.155 - - [08/Jun/2025:23:02:20 -0400] "GET / HTTP/1.1" 200 37383 "-" "-"
52.169.149.155 - - [08/Jun/2025:23:02:20 -0400] "GET /wp-includes/widgets/about.php HTTP/1.1" 301 0 "-" "-"
52.169.149.155 - - [08/Jun/2025:23:02:21 -0400] "GET / HTTP/1.1" 200 37316 "-" "-"
52.169.149.155 - - [08/Jun/2025:23:02:21 -0400] "GET /wp-includes/IXR/about.php HTTP/1.1" 301 0 "-" "-"
52.169.149.155 - - [08/Jun/2025:23:02:21 -0400] "GET / HTTP/1.1" 200 37316 "-" "-"
52.169.149.155 - - [08/Jun/2025:23:02:22 -0400] "GET /wp-admin/js/about.php HTTP/1.1" 301 0 "-" "-"
52.169.149.155 - - [08/Jun/2025:23:02:22 -0400] "GET / HTTP/1.1" 200 37316 "-" "-"
52.169.149.155 - - [08/Jun/2025:23:02:22 -0400] "GET /.well-known/pki-validation/about.php HTTP/1.1" 301 0 "-" "-"
52.169.149.155 - - [08/Jun/2025:23:02:23 -0400] "GET / HTTP/1.1" 200 37316 "-" "-"
52.169.149.155 - - [08/Jun/2025:23:02:23 -0400] "GET /wp-includes/pomo/about.php HTTP/1.1" 301 0 "-" "-"
52.169.149.155 - - [08/Jun/2025:23:02:23 -0400] "GET / HTTP/1.1" 200 37316 "-" "-"
52.169.149.155 - - [08/Jun/2025:23:02:24 -0400] "GET /wp-includes/block-patterns/about.php HTTP/1.1" 301 0 "-" "-"
52.169.149.155 - - [08/Jun/2025:23:02:24 -0400] "GET / HTTP/1.1" 200 37316 "-" "-"
52.169.149.155 - - [08/Jun/2025:23:02:24 -0400] "GET /wp-content/updraft/about.php HTTP/1.1" 301 0 "-" "-"
52.169.149.155 - - [08/Jun/2025:23:02:25 -0400] "GET / HTTP/1.1" 200 37383 "-" "-"
52.169.149.155 - - [08/Jun/2025:23:02:25 -0400] "GET /wp-content/upgrade-temp-backup/about.php HTTP/1.1" 301 0 "-" "-"
52.169.149.155 - - [08/Jun/2025:23:02:25 -0400] "GET / HTTP/1.1" 200 37316 "-" "-"
52.169.149.155 - - [08/Jun/2025:23:02:26 -0400] "GET /wp-content/themes/about.php HTTP/1.1" 301 0 "-" "-"
52.169.149.155 - - [08/Jun/2025:23:02:26 -0400] "GET / HTTP/1.1" 200 37316 "-" "-"
52.169.149.155 - - [08/Jun/2025:23:02:26 -0400] "GET /wp-admin/includes/about.php HTTP/1.1" 301 0 "-" "-"
52.169.149.155 - - [08/Jun/2025:23:02:27 -0400] "GET / HTTP/1.1" 200 37316 "-" "-"
52.169.149.155 - - [08/Jun/2025:23:02:27 -0400] "GET /images/about.php HTTP/1.1" 301 0 "-" "-"
52.169.149.155 - - [08/Jun/2025:23:02:27 -0400] "GET / HTTP/1.1" 200 37316 "-" "-"
52.169.149.155 - - [08/Jun/2025:23:02:28 -0400] "GET /wp-content/blogs.dir/about.php HTTP/1.1" 301 0 "-" "-"
52.169.149.155 - - [08/Jun/2025:23:02:28 -0400] "GET / HTTP/1.1" 200 37316 "-" "-"
52.169.149.155 - - [08/Jun/2025:23:02:28 -0400] "GET /wp-includes/images/about.php HTTP/1.1" 301 0 "-" "-"
52.169.149.155 - - [08/Jun/2025:23:02:28 -0400] "GET / HTTP/1.1" 200 37316 "-" "-"
162.0.232.193 - - [08/Jun/2025:23:02:29 -0400] "POST /wp-cron.php?doing_wp_cron=1749438149.2274000644683837890625 HTTP/1.1" 200 0 "-" "WordPress/6.8.1; https://w5.yours-toclaim.com"
52.169.149.155 - - [08/Jun/2025:23:02:29 -0400] "GET /wp-includes/about.php HTTP/1.1" 301 0 "-" "-"
52.169.149.155 - - [08/Jun/2025:23:02:29 -0400] "GET / HTTP/1.1" 200 37316 "-" "-"
52.169.149.155 - - [08/Jun/2025:23:02:29 -0400] "GET /cgi-bin/about.php HTTP/1.1" 301 0 "-" "-"
52.169.149.155 - - [08/Jun/2025:23:02:30 -0400] "GET / HTTP/1.1" 200 37316 "-" "-"
52.169.149.155 - - [08/Jun/2025:23:02:30 -0400] "GET /wp-content/gallery/about.php HTTP/1.1" 301 0 "-" "-"
52.169.149.155 - - [08/Jun/2025:23:02:30 -0400] "GET / HTTP/1.1" 200 37316 "-" "-"
52.169.149.155 - - [08/Jun/2025:23:02:30 -0400] "GET /wp-includes/blocks/about.php HTTP/1.1" 301 0 "-" "-"
52.169.149.155 - - [08/Jun/2025:23:02:31 -0400] "GET / HTTP/1.1" 200 37316 "-" "-"
52.169.149.155 - - [08/Jun/2025:23:02:31 -0400] "GET /wp-admin/css/about.php HTTP/1.1" 301 0 "-" "-"
52.169.149.155 - - [08/Jun/2025:23:02:31 -0400] "GET / HTTP/1.1" 200 37316 "-" "-"
52.169.149.155 - - [08/Jun/2025:23:02:31 -0400] "GET /wp-admin/images/about.php HTTP/1.1" 301 0 "-" "-"
52.169.149.155 - - [08/Jun/2025:23:02:32 -0400] "GET / HTTP/1.1" 200 37316 "-" "-"
52.169.149.155 - - [08/Jun/2025:23:02:32 -0400] "GET /.well-known/pki-validation/cloud.php HTTP/1.1" 301 0 "-" "-"
52.169.149.155 - - [08/Jun/2025:23:02:32 -0400] "GET / HTTP/1.1" 200 37316 "-" "-"
52.169.149.155 - - [08/Jun/2025:23:02:33 -0400] "GET /.well-known/acme-challenge/cloud.php HTTP/1.1" 301 0 "-" "-"
52.169.149.155 - - [08/Jun/2025:23:02:33 -0400] "GET / HTTP/1.1" 200 37316 "-" "-"
52.169.149.155 - - [08/Jun/2025:23:02:33 -0400] "GET /wp-admin/network/cloud.php HTTP/1.1" 301 0 "-" "-"
52.169.149.155 - - [08/Jun/2025:23:02:34 -0400] "GET / HTTP/1.1" 200 37316 "-" "-"
52.169.149.155 - - [08/Jun/2025:23:02:34 -0400] "GET /cloud.php HTTP/1.1" 301 0 "-" "-"
52.169.149.155 - - [08/Jun/2025:23:02:34 -0400] "GET / HTTP/1.1" 200 37316 "-" "-"
52.169.149.155 - - [08/Jun/2025:23:02:34 -0400] "GET /cgi-bin/cloud.php HTTP/1.1" 301 0 "-" "-"
52.169.149.155 - - [08/Jun/2025:23:02:35 -0400] "GET / HTTP/1.1" 200 37316 "-" "-"
52.169.149.155 - - [08/Jun/2025:23:02:35 -0400] "GET /wp-content/updates.php HTTP/1.1" 301 0 "-" "-"
52.169.149.155 - - [08/Jun/2025:23:02:35 -0400] "GET / HTTP/1.1" 200 37316 "-" "-"
52.169.149.155 - - [08/Jun/2025:23:02:36 -0400] "GET /css/cloud.php HTTP/1.1" 301 0 "-" "-"
52.169.149.155 - - [08/Jun/2025:23:02:36 -0400] "GET / HTTP/1.1" 200 37316 "-" "-"
52.169.149.155 - - [08/Jun/2025:23:02:36 -0400] "GET /wp-admin/user/cloud.php HTTP/1.1" 301 0 "-" "-"
52.169.149.155 - - [08/Jun/2025:23:02:37 -0400] "GET / HTTP/1.1" 200 37316 "-" "-"
52.169.149.155 - - [08/Jun/2025:23:02:37 -0400] "GET /img/cloud.php HTTP/1.1" 301 0 "-" "-"
52.169.149.155 - - [08/Jun/2025:23:02:37 -0400] "GET / HTTP/1.1" 200 37316 "-" "-"
52.169.149.155 - - [08/Jun/2025:23:02:38 -0400] "GET /wp-admin/css/colors/coffee/cloud.php HTTP/1.1" 301 0 "-" "-"
52.169.149.155 - - [08/Jun/2025:23:02:38 -0400] "GET / HTTP/1.1" 200 37316 "-" "-"
52.169.149.155 - - [08/Jun/2025:23:02:38 -0400] "GET /wp-admin/images/cloud.php HTTP/1.1" 301 0 "-" "-"
52.169.149.155 - - [08/Jun/2025:23:02:39 -0400] "GET / HTTP/1.1" 200 37316 "-" "-"
52.169.149.155 - - [08/Jun/2025:23:02:39 -0400] "GET /avaa.php HTTP/1.1" 301 0 "-" "-"
52.169.149.155 - - [08/Jun/2025:23:02:39 -0400] "GET / HTTP/1.1" 200 37316 "-" "-"
52.169.149.155 - - [08/Jun/2025:23:02:40 -0400] "GET /images/cloud.php HTTP/1.1" 301 0 "-" "-"
52.169.149.155 - - [08/Jun/2025:23:02:40 -0400] "GET / HTTP/1.1" 200 37316 "-" "-"
52.169.149.155 - - [08/Jun/2025:23:02:40 -0400] "GET /wp-admin/js/widgets/cloud.php HTTP/1.1" 301 0 "-" "-"
52.169.149.155 - - [08/Jun/2025:23:02:40 -0400] "GET / HTTP/1.1" 200 37316 "-" "-"
52.169.149.155 - - [08/Jun/2025:23:02:41 -0400] "GET /wp-includes/Requests/Text/admin.php HTTP/1.1" 301 0 "-" "-"
52.169.149.155 - - [08/Jun/2025:23:02:41 -0400] "GET / HTTP/1.1" 200 37316 "-" "-"
52.169.149.155 - - [08/Jun/2025:23:02:41 -0400] "GET /wp-admin/css/colors/cloud.php HTTP/1.1" 301 0 "-" "-"
52.169.149.155 - - [08/Jun/2025:23:02:42 -0400] "GET / HTTP/1.1" 200 37383 "-" "-"
52.169.149.155 - - [08/Jun/2025:23:02:42 -0400] "GET /wp-admin/includes/cloud.php HTTP/1.1" 301 0 "-" "-"
52.169.149.155 - - [08/Jun/2025:23:02:42 -0400] "GET / HTTP/1.1" 200 37316 "-" "-"
52.169.149.155 - - [08/Jun/2025:23:02:43 -0400] "GET /wp-admin/css/colors/blue/cloud.php HTTP/1.1" 301 0 "-" "-"
52.169.149.155 - - [08/Jun/2025:23:02:43 -0400] "GET / HTTP/1.1" 200 37383 "-" "-"
52.169.149.155 - - [08/Jun/2025:23:02:43 -0400] "GET /wp-admin/cloud.php HTTP/1.1" 301 0 "-" "-"
52.169.149.155 - - [08/Jun/2025:23:02:44 -0400] "GET / HTTP/1.1" 200 37316 "-" "-"
52.169.149.155 - - [08/Jun/2025:23:02:44 -0400] "GET /updates.php HTTP/1.1" 301 0 "-" "-"
52.169.149.155 - - [08/Jun/2025:23:02:44 -0400] "GET / HTTP/1.1" 200 37316 "-" "-"
162.0.232.193 - - [08/Jun/2025:23:02:45 -0400] "POST /wp-cron.php?doing_wp_cron=1749438165.1228439807891845703125 HTTP/1.1" 200 0 "-" "WordPress/6.8.1; https://w5.yours-toclaim.com"
52.169.149.155 - - [08/Jun/2025:23:02:44 -0400] "GET /libraries/legacy/updates.php HTTP/1.1" 301 0 "-" "-"
52.169.149.155 - - [08/Jun/2025:23:02:45 -0400] "GET / HTTP/1.1" 200 37316 "-" "-"
52.169.149.155 - - [08/Jun/2025:23:02:45 -0400] "GET /libraries/phpmailer/updates.php HTTP/1.1" 301 0 "-" "-"
52.169.149.155 - - [08/Jun/2025:23:02:46 -0400] "GET / HTTP/1.1" 200 37316 "-" "-"
52.169.149.155 - - [08/Jun/2025:23:02:46 -0400] "GET /libraries/vendor/updates.php HTTP/1.1" 301 0 "-" "-"
52.169.149.155 - - [08/Jun/2025:23:02:46 -0400] "GET / HTTP/1.1" 200 37316 "-" "-"
52.169.149.155 - - [08/Jun/2025:23:02:46 -0400] "GET /alfa-rex.php7 HTTP/1.1" 301 0 "-" "-"
52.169.149.155 - - [08/Jun/2025:23:02:46 -0400] "GET / HTTP/1.1" 200 37316 "-" "-"
52.169.149.155 - - [08/Jun/2025:23:02:47 -0400] "GET /alfanew.php HTTP/1.1" 301 0 "-" "-"
52.169.149.155 - - [08/Jun/2025:23:02:47 -0400] "GET / HTTP/1.1" 200 37316 "-" "-"
52.169.149.155 - - [08/Jun/2025:23:02:47 -0400] "GET /wp-content/plugins/Cache/Cache.php HTTP/1.1" 301 0 "-" "-"
52.169.149.155 - - [08/Jun/2025:23:02:47 -0400] "GET / HTTP/1.1" 200 37316 "-" "-"
52.169.149.155 - - [08/Jun/2025:23:02:48 -0400] "GET /wp-admin/js/widgets/about.php7 HTTP/1.1" 301 0 "-" "-"
52.169.149.155 - - [08/Jun/2025:23:02:48 -0400] "GET / HTTP/1.1" 200 37316 "-" "-"
52.169.149.155 - - [08/Jun/2025:23:02:48 -0400] "GET /wp-p.php7 HTTP/1.1" 301 0 "-" "-"
52.169.149.155 - - [08/Jun/2025:23:02:49 -0400] "GET / HTTP/1.1" 200 37316 "-" "-"
52.169.149.155 - - [08/Jun/2025:23:02:49 -0400] "GET /wp-admin/repeater.php HTTP/1.1" 301 0 "-" "-"
52.169.149.155 - - [08/Jun/2025:23:02:49 -0400] "GET / HTTP/1.1" 200 37383 "-" "-"
52.169.149.155 - - [08/Jun/2025:23:02:49 -0400] "GET /wp-includes/repeater.php HTTP/1.1" 301 0 "-" "-"
52.169.149.155 - - [08/Jun/2025:23:02:50 -0400] "GET / HTTP/1.1" 200 37316 "-" "-"
52.169.149.155 - - [08/Jun/2025:23:02:50 -0400] "GET /wp-content/repeater.php HTTP/1.1" 301 0 "-" "-"
52.169.149.155 - - [08/Jun/2025:23:02:51 -0400] "GET / HTTP/1.1" 200 37316 "-" "-"
52.169.149.155 - - [08/Jun/2025:23:02:51 -0400] "GET /wsoyanz.php HTTP/1.1" 301 0 "-" "-"
52.169.149.155 - - [08/Jun/2025:23:02:51 -0400] "GET / HTTP/1.1" 200 37316 "-" "-"
52.169.149.155 - - [08/Jun/2025:23:02:51 -0400] "GET /yanz.php HTTP/1.1" 301 0 "-" "-"
52.169.149.155 - - [08/Jun/2025:23:02:52 -0400] "GET / HTTP/1.1" 200 37316 "-" "-"
52.169.149.155 - - [08/Jun/2025:23:02:52 -0400] "GET /wp-content/plugins/seoo/wsoyanz.php HTTP/1.1" 301 0 "-" "-"
52.169.149.155 - - [08/Jun/2025:23:02:53 -0400] "GET / HTTP/1.1" 200 37316 "-" "-"
52.169.149.155 - - [08/Jun/2025:23:02:53 -0400] "GET /wp-content/plugins/seoo/wsoyanz1.php HTTP/1.1" 301 0 "-" "-"
52.169.149.155 - - [08/Jun/2025:23:02:53 -0400] "GET / HTTP/1.1" 200 37316 "-" "-"
52.169.149.155 - - [08/Jun/2025:23:02:53 -0400] "GET /cache-compat.php HTTP/1.1" 301 0 "-" "-"
52.169.149.155 - - [08/Jun/2025:23:02:54 -0400] "GET / HTTP/1.1" 200 37316 "-" "-"
52.169.149.155 - - [08/Jun/2025:23:02:54 -0400] "GET /ajax-actions.php HTTP/1.1" 301 0 "-" "-"
52.169.149.155 - - [08/Jun/2025:23:02:54 -0400] "GET / HTTP/1.1" 200 37316 "-" "-"
52.169.149.155 - - [08/Jun/2025:23:02:55 -0400] "GET /wp-admin/ajax-actions.php HTTP/1.1" 301 0 "-" "-"
52.169.149.155 - - [08/Jun/2025:23:02:55 -0400] "GET / HTTP/1.1" 200 37316 "-" "-"
52.169.149.155 - - [08/Jun/2025:23:02:55 -0400] "GET /wp-consar.php HTTP/1.1" 301 0 "-" "-"
52.169.149.155 - - [08/Jun/2025:23:02:56 -0400] "GET / HTTP/1.1" 200 37316 "-" "-"
52.169.149.155 - - [08/Jun/2025:23:02:56 -0400] "GET /repeater.php HTTP/1.1" 301 0 "-" "-"
52.169.149.155 - - [08/Jun/2025:23:02:56 -0400] "GET / HTTP/1.1" 200 37316 "-" "-"
52.169.149.155 - - [08/Jun/2025:23:02:56 -0400] "GET /admin-post.php HTTP/1.1" 301 0 "-" "-"
52.169.149.155 - - [08/Jun/2025:23:02:57 -0400] "GET / HTTP/1.1" 200 37316 "-" "-"
52.169.149.155 - - [08/Jun/2025:23:02:57 -0400] "GET /wp-admin/maint/maint/ajax-actions.php HTTP/1.1" 301 0 "-" "-"
52.169.149.155 - - [08/Jun/2025:23:02:57 -0400] "GET / HTTP/1.1" 200 37316 "-" "-"
52.169.149.155 - - [08/Jun/2025:23:02:57 -0400] "GET /wp-admin/dropdown.php HTTP/1.1" 301 0 "-" "-"
52.169.149.155 - - [08/Jun/2025:23:02:58 -0400] "GET / HTTP/1.1" 200 37316 "-" "-"
52.169.149.155 - - [08/Jun/2025:23:02:58 -0400] "GET /wp-admin/css/index.php HTTP/1.1" 301 0 "-" "-"
52.169.149.155 - - [08/Jun/2025:23:02:58 -0400] "GET / HTTP/1.1" 200 37383 "-" "-"
52.169.149.155 - - [08/Jun/2025:23:02:58 -0400] "GET /dropdown.php HTTP/1.1" 301 0 "-" "-"
52.169.149.155 - - [08/Jun/2025:23:02:59 -0400] "GET / HTTP/1.1" 200 37316 "-" "-"
52.169.149.155 - - [08/Jun/2025:23:02:59 -0400] "GET /about.php HTTP/1.1" 301 0 "-" "-"
52.169.149.155 - - [08/Jun/2025:23:02:59 -0400] "GET / HTTP/1.1" 200 37316 "-" "-"
52.169.149.155 - - [08/Jun/2025:23:02:59 -0400] "GET /admin.php HTTP/1.1" 301 0 "-" "-"
52.169.149.155 - - [08/Jun/2025:23:03:00 -0400] "GET / HTTP/1.1" 200 37383 "-" "-"
52.169.149.155 - - [08/Jun/2025:23:03:00 -0400] "GET /about.php7 HTTP/1.1" 301 0 "-" "-"
52.169.149.155 - - [08/Jun/2025:23:03:00 -0400] "GET / HTTP/1.1" 200 37316 "-" "-"
52.169.149.155 - - [08/Jun/2025:23:03:01 -0400] "GET /alfanew.php7 HTTP/1.1" 301 0 "-" "-"
52.169.149.155 - - [08/Jun/2025:23:03:01 -0400] "GET / HTTP/1.1" 200 37316 "-" "-"
52.169.149.155 - - [08/Jun/2025:23:03:01 -0400] "GET /adminfuns.php7 HTTP/1.1" 301 0 "-" "-"
52.169.149.155 - - [08/Jun/2025:23:03:02 -0400] "GET / HTTP/1.1" 200 37316 "-" "-"
52.169.149.155 - - [08/Jun/2025:23:03:02 -0400] "GET /ebs.php7 HTTP/1.1" 301 0 "-" "-"
52.169.149.155 - - [08/Jun/2025:23:03:02 -0400] "GET / HTTP/1.1" 200 37316 "-" "-"
162.0.232.193 - - [08/Jun/2025:23:03:03 -0400] "POST /wp-cron.php?doing_wp_cron=1749438183.1628639698028564453125 HTTP/1.1" 200 0 "-" "WordPress/6.8.1; https://w5.yours-toclaim.com"
52.169.149.155 - - [08/Jun/2025:23:03:02 -0400] "GET /ws.php7 HTTP/1.1" 301 0 "-" "-"
52.169.149.155 - - [08/Jun/2025:23:03:03 -0400] "GET / HTTP/1.1" 200 37316 "-" "-"
52.169.149.155 - - [08/Jun/2025:23:03:03 -0400] "GET /alfanew2.php7 HTTP/1.1" 301 0 "-" "-"
52.169.149.155 - - [08/Jun/2025:23:03:04 -0400] "GET / HTTP/1.1" 200 37316 "-" "-"
52.169.149.155 - - [08/Jun/2025:23:03:04 -0400] "GET /alfa-rex2.php7 HTTP/1.1" 301 0 "-" "-"
52.169.149.155 - - [08/Jun/2025:23:03:05 -0400] "GET / HTTP/1.1" 200 37316 "-" "-"
52.169.149.155 - - [08/Jun/2025:23:03:05 -0400] "GET /wp-admin/images/index.php HTTP/1.1" 301 0 "-" "-"
52.169.149.155 - - [08/Jun/2025:23:03:05 -0400] "GET / HTTP/1.1" 200 37316 "-" "-"
52.169.149.155 - - [08/Jun/2025:23:03:05 -0400] "GET /wp-admin/css/colors/index.php HTTP/1.1" 301 0 "-" "-"
52.169.149.155 - - [08/Jun/2025:23:03:06 -0400] "GET / HTTP/1.1" 200 37316 "-" "-"
52.169.149.155 - - [08/Jun/2025:23:03:06 -0400] "GET /wp-content/themes/pridmag/db.php?u HTTP/1.1" 301 0 "-" "-"
52.169.149.155 - - [08/Jun/2025:23:03:06 -0400] "GET / HTTP/1.1" 200 37316 "-" "-"
52.169.149.155 - - [08/Jun/2025:23:03:06 -0400] "GET /wp-content/themes/seotheme/mar.php HTTP/1.1" 301 0 "-" "-"
52.169.149.155 - - [08/Jun/2025:23:03:07 -0400] "GET / HTTP/1.1" 200 37316 "-" "-"
52.169.149.155 - - [08/Jun/2025:23:03:07 -0400] "GET /wp-content/plugins/linkpreview/db.php?u HTTP/1.1" 301 0 "-" "-"
52.169.149.155 - - [08/Jun/2025:23:03:07 -0400] "GET / HTTP/1.1" 200 37316 "-" "-"
52.169.149.155 - - [08/Jun/2025:23:03:08 -0400] "GET /wp-content/themes/seotheme/db.php?u HTTP/1.1" 301 0 "-" "-"
52.169.149.155 - - [08/Jun/2025:23:03:08 -0400] "GET / HTTP/1.1" 200 37383 "-" "-"
52.169.149.155 - - [08/Jun/2025:23:03:08 -0400] "GET /wp-content/plugins/seoplugins/db.php?u HTTP/1.1" 301 0 "-" "-"
52.169.149.155 - - [08/Jun/2025:23:03:09 -0400] "GET / HTTP/1.1" 200 37316 "-" "-"
52.169.149.155 - - [08/Jun/2025:23:03:09 -0400] "GET /wp-content/plugins/seoplugins/mar.php HTTP/1.1" 301 0 "-" "-"
52.169.149.155 - - [08/Jun/2025:23:03:09 -0400] "GET / HTTP/1.1" 200 37316 "-" "-"
52.169.149.155 - - [08/Jun/2025:23:03:09 -0400] "GET /.well-known/pki-validation/xmrlpc.php?p= HTTP/1.1" 301 0 "-" "-"
52.169.149.155 - - [08/Jun/2025:23:03:10 -0400] "GET / HTTP/1.1" 200 37316 "-" "-"
52.169.149.155 - - [08/Jun/2025:23:03:10 -0400] "GET /.well-known/acme-challenge/xmrlpc.php?p= HTTP/1.1" 301 0 "-" "-"
52.169.149.155 - - [08/Jun/2025:23:03:10 -0400] "GET / HTTP/1.1" 200 37316 "-" "-"
52.169.149.155 - - [08/Jun/2025:23:03:11 -0400] "GET /wp-admin/network/xmrlpc.php?p= HTTP/1.1" 301 0 "-" "-"
52.169.149.155 - - [08/Jun/2025:23:03:11 -0400] "GET / HTTP/1.1" 200 37316 "-" "-"
52.169.149.155 - - [08/Jun/2025:23:03:11 -0400] "GET /xmrlpc.php?p= HTTP/1.1" 301 0 "-" "-"
52.169.149.155 - - [08/Jun/2025:23:03:12 -0400] "GET / HTTP/1.1" 200 37316 "-" "-"
52.169.149.155 - - [08/Jun/2025:23:03:12 -0400] "GET /cgi-bin/xmrlpc.php?p= HTTP/1.1" 301 0 "-" "-"
52.169.149.155 - - [08/Jun/2025:23:03:12 -0400] "GET / HTTP/1.1" 200 37316 "-" "-"
52.169.149.155 - - [08/Jun/2025:23:03:12 -0400] "GET /css/xmrlpc.php?p= HTTP/1.1" 301 0 "-" "-"
52.169.149.155 - - [08/Jun/2025:23:03:13 -0400] "GET / HTTP/1.1" 200 37316 "-" "-"
52.169.149.155 - - [08/Jun/2025:23:03:13 -0400] "GET /wp-admin/user/xmrlpc.php?p= HTTP/1.1" 301 0 "-" "-"
52.169.149.155 - - [08/Jun/2025:23:03:13 -0400] "GET / HTTP/1.1" 200 37316 "-" "-"
52.169.149.155 - - [08/Jun/2025:23:03:13 -0400] "GET /img/xmrlpc.php?p= HTTP/1.1" 301 0 "-" "-"
52.169.149.155 - - [08/Jun/2025:23:03:14 -0400] "GET / HTTP/1.1" 200 37316 "-" "-"
52.169.149.155 - - [08/Jun/2025:23:03:14 -0400] "GET /wp-admin/css/colors/coffee/xmrlpc.php?p= HTTP/1.1" 301 0 "-" "-"
52.169.149.155 - - [08/Jun/2025:23:03:14 -0400] "GET / HTTP/1.1" 200 37316 "-" "-"
52.169.149.155 - - [08/Jun/2025:23:03:14 -0400] "GET /wp-admin/images/xmrlpc.php?p= HTTP/1.1" 301 0 "-" "-"
52.169.149.155 - - [08/Jun/2025:23:03:15 -0400] "GET / HTTP/1.1" 200 37316 "-" "-"
52.169.149.155 - - [08/Jun/2025:23:03:15 -0400] "GET /images/xmrlpc.php?p= HTTP/1.1" 301 0 "-" "-"
52.169.149.155 - - [08/Jun/2025:23:03:15 -0400] "GET / HTTP/1.1" 200 37316 "-" "-"
52.169.149.155 - - [08/Jun/2025:23:03:15 -0400] "GET /wp-admin/js/widgets/xmrlpc.php?p= HTTP/1.1" 301 0 "-" "-"
52.169.149.155 - - [08/Jun/2025:23:03:16 -0400] "GET / HTTP/1.1" 200 37316 "-" "-"
52.169.149.155 - - [08/Jun/2025:23:03:16 -0400] "GET /wp-admin/css/colors/xmrlpc.php?p= HTTP/1.1" 301 0 "-" "-"
52.169.149.155 - - [08/Jun/2025:23:03:16 -0400] "GET / HTTP/1.1" 200 37383 "-" "-"
52.169.149.155 - - [08/Jun/2025:23:03:16 -0400] "GET /wp-admin/includes/xmrlpc.php?p= HTTP/1.1" 301 0 "-" "-"
52.169.149.155 - - [08/Jun/2025:23:03:16 -0400] "GET / HTTP/1.1" 200 37383 "-" "-"
52.169.149.155 - - [08/Jun/2025:23:03:17 -0400] "GET /wp-admin/css/colors/blue/xmrlpc.php?p= HTTP/1.1" 301 0 "-" "-"
52.169.149.155 - - [08/Jun/2025:23:03:17 -0400] "GET / HTTP/1.1" 200 37383 "-" "-"
52.169.149.155 - - [08/Jun/2025:23:03:17 -0400] "GET /wp-admin/xmrlpc.php?p= HTTP/1.1" 301 0 "-" "-"
52.169.149.155 - - [08/Jun/2025:23:03:17 -0400] "GET / HTTP/1.1" 200 37316 "-" "-"
52.169.149.155 - - [08/Jun/2025:23:03:18 -0400] "GET /smaxx.php HTTP/1.1" 301 0 "-" "-"
52.169.149.155 - - [08/Jun/2025:23:03:18 -0400] "GET / HTTP/1.1" 200 37383 "-" "-"
52.169.149.155 - - [08/Jun/2025:23:03:18 -0400] "GET /wp-admin/smaxx.php HTTP/1.1" 301 0 "-" "-"
52.169.149.155 - - [08/Jun/2025:23:03:18 -0400] "GET / HTTP/1.1" 200 37316 "-" "-"
52.169.149.155 - - [08/Jun/2025:23:03:18 -0400] "GET /wp-content/plugins/WordPressCore/smaxx.php HTTP/1.1" 301 0 "-" "-"
52.169.149.155 - - [08/Jun/2025:23:03:19 -0400] "GET / HTTP/1.1" 200 37316 "-" "-"
52.169.149.155 - - [08/Jun/2025:23:03:19 -0400] "GET /wp-includes/images/smaxx.php HTTP/1.1" 301 0 "-" "-"
52.169.149.155 - - [08/Jun/2025:23:03:19 -0400] "GET / HTTP/1.1" 200 37316 "-" "-"
52.169.149.155 - - [08/Jun/2025:23:03:19 -0400] "GET /wp-content/plugins/core-plugin/smaxx.php HTTP/1.1" 301 0 "-" "-"
52.169.149.155 - - [08/Jun/2025:23:03:20 -0400] "GET / HTTP/1.1" 200 37305 "-" "-"
52.169.149.155 - - [08/Jun/2025:23:03:20 -0400] "GET /wp-includes/smaxx.php HTTP/1.1" 301 0 "-" "-"
52.169.149.155 - - [08/Jun/2025:23:03:20 -0400] "GET / HTTP/1.1" 200 37316 "-" "-"
52.169.149.155 - - [08/Jun/2025:23:03:20 -0400] "GET /wp-content/plugins/smaxx.php HTTP/1.1" 301 0 "-" "-"
52.169.149.155 - - [08/Jun/2025:23:03:21 -0400] "GET / HTTP/1.1" 200 37305 "-" "-"
52.169.149.155 - - [08/Jun/2025:23:03:21 -0400] "GET /xt/smaxx.php HTTP/1.1" 301 0 "-" "-"
52.169.149.155 - - [08/Jun/2025:23:03:21 -0400] "GET / HTTP/1.1" 200 37383 "-" "-"
52.169.149.155 - - [08/Jun/2025:23:03:21 -0400] "GET /wp-content/smaxx.php HTTP/1.1" 301 0 "-" "-"
52.169.149.155 - - [08/Jun/2025:23:03:22 -0400] "GET / HTTP/1.1" 200 37316 "-" "-"
52.169.149.155 - - [08/Jun/2025:23:03:22 -0400] "GET /wp-content/themes/twentyfive/smaxx.php HTTP/1.1" 301 0 "-" "-"
52.169.149.155 - - [08/Jun/2025:23:03:22 -0400] "GET / HTTP/1.1" 200 37316 "-" "-"
52.169.149.155 - - [08/Jun/2025:23:03:22 -0400] "GET /wp-content/upgrade/sx.php HTTP/1.1" 301 0 "-" "-"
