13.126.206.132 - - [09/Jun/2025:09:23:52 -0400] "GET //wp-includes/wlwmanifest.xml HTTP/1.1" 200 107271 "-" "Mozilla/5.0 (Windows NT 10.0; Win64; x64) AppleWebKit/537.36 (KHTML, like Gecko) Chrome/80.0.3987.149 Safari/537.36"
13.126.206.132 - - [09/Jun/2025:09:23:57 -0400] "GET / HTTP/1.1" 200 0 "-" "Mozilla/5.0 (Windows NT 10.0; Win64; x64) AppleWebKit/537.36 (KHTML, like Gecko) Chrome/80.0.3987.149 Safari/537.36"
13.126.206.132 - - [09/Jun/2025:09:23:58 -0400] "GET //blog/wp-includes/wlwmanifest.xml HTTP/1.1" 200 108877 "-" "Mozilla/5.0 (Windows NT 10.0; Win64; x64) AppleWebKit/537.36 (KHTML, like Gecko) Chrome/80.0.3987.149 Safari/537.36"
13.126.206.132 - - [09/Jun/2025:09:24:01 -0400] "GET //web/wp-includes/wlwmanifest.xml HTTP/1.1" 404 1251 "-" "Mozilla/5.0 (Windows NT 10.0; Win64; x64) AppleWebKit/537.36 (KHTML, like Gecko) Chrome/80.0.3987.149 Safari/537.36"
13.126.206.132 - - [09/Jun/2025:09:24:02 -0400] "GET //wordpress/wp-includes/wlwmanifest.xml HTTP/1.1" 404 1251 "-" "Mozilla/5.0 (Windows NT 10.0; Win64; x64) AppleWebKit/537.36 (KHTML, like Gecko) Chrome/80.0.3987.149 Safari/537.36"
13.126.206.132 - - [09/Jun/2025:09:24:02 -0400] "GET //website/wp-includes/wlwmanifest.xml HTTP/1.1" 404 1251 "-" "Mozilla/5.0 (Windows NT 10.0; Win64; x64) AppleWebKit/537.36 (KHTML, like Gecko) Chrome/80.0.3987.149 Safari/537.36"
13.126.206.132 - - [09/Jun/2025:09:24:02 -0400] "GET //wp/wp-includes/wlwmanifest.xml HTTP/1.1" 404 1251 "-" "Mozilla/5.0 (Windows NT 10.0; Win64; x64) AppleWebKit/537.36 (KHTML, like Gecko) Chrome/80.0.3987.149 Safari/537.36"
13.126.206.132 - - [09/Jun/2025:09:24:03 -0400] "GET //news/wp-includes/wlwmanifest.xml HTTP/1.1" 404 1251 "-" "Mozilla/5.0 (Windows NT 10.0; Win64; x64) AppleWebKit/537.36 (KHTML, like Gecko) Chrome/80.0.3987.149 Safari/537.36"
13.126.206.132 - - [09/Jun/2025:09:24:03 -0400] "GET //2018/wp-includes/wlwmanifest.xml HTTP/1.1" 404 1251 "-" "Mozilla/5.0 (Windows NT 10.0; Win64; x64) AppleWebKit/537.36 (KHTML, like Gecko) Chrome/80.0.3987.149 Safari/537.36"
13.126.206.132 - - [09/Jun/2025:09:24:04 -0400] "GET //2019/wp-includes/wlwmanifest.xml HTTP/1.1" 404 1251 "-" "Mozilla/5.0 (Windows NT 10.0; Win64; x64) AppleWebKit/537.36 (KHTML, like Gecko) Chrome/80.0.3987.149 Safari/537.36"
13.126.206.132 - - [09/Jun/2025:09:24:04 -0400] "GET //shop/wp-includes/wlwmanifest.xml HTTP/1.1" 404 1251 "-" "Mozilla/5.0 (Windows NT 10.0; Win64; x64) AppleWebKit/537.36 (KHTML, like Gecko) Chrome/80.0.3987.149 Safari/537.36"
13.126.206.132 - - [09/Jun/2025:09:24:05 -0400] "GET //wp1/wp-includes/wlwmanifest.xml HTTP/1.1" 404 1251 "-" "Mozilla/5.0 (Windows NT 10.0; Win64; x64) AppleWebKit/537.36 (KHTML, like Gecko) Chrome/80.0.3987.149 Safari/537.36"
13.126.206.132 - - [09/Jun/2025:09:24:05 -0400] "GET //test/wp-includes/wlwmanifest.xml HTTP/1.1" 404 1251 "-" "Mozilla/5.0 (Windows NT 10.0; Win64; x64) AppleWebKit/537.36 (KHTML, like Gecko) Chrome/80.0.3987.149 Safari/537.36"
13.126.206.132 - - [09/Jun/2025:09:24:06 -0400] "GET //media/wp-includes/wlwmanifest.xml HTTP/1.1" 404 1251 "-" "Mozilla/5.0 (Windows NT 10.0; Win64; x64) AppleWebKit/537.36 (KHTML, like Gecko) Chrome/80.0.3987.149 Safari/537.36"
13.126.206.132 - - [09/Jun/2025:09:24:06 -0400] "GET //wp2/wp-includes/wlwmanifest.xml HTTP/1.1" 404 1251 "-" "Mozilla/5.0 (Windows NT 10.0; Win64; x64) AppleWebKit/537.36 (KHTML, like Gecko) Chrome/80.0.3987.149 Safari/537.36"
13.126.206.132 - - [09/Jun/2025:09:24:06 -0400] "GET //site/wp-includes/wlwmanifest.xml HTTP/1.1" 404 1251 "-" "Mozilla/5.0 (Windows NT 10.0; Win64; x64) AppleWebKit/537.36 (KHTML, like Gecko) Chrome/80.0.3987.149 Safari/537.36"
13.126.206.132 - - [09/Jun/2025:09:24:07 -0400] "GET //cms/wp-includes/wlwmanifest.xml HTTP/1.1" 404 1251 "-" "Mozilla/5.0 (Windows NT 10.0; Win64; x64) AppleWebKit/537.36 (KHTML, like Gecko) Chrome/80.0.3987.149 Safari/537.36"
13.126.206.132 - - [09/Jun/2025:09:24:07 -0400] "GET //sito/wp-includes/wlwmanifest.xml HTTP/1.1" 404 1251 "-" "Mozilla/5.0 (Windows NT 10.0; Win64; x64) AppleWebKit/537.36 (KHTML, like Gecko) Chrome/80.0.3987.149 Safari/537.36"
40.77.167.53 - - [09/Jun/2025:09:28:14 -0400] "GET /tag/yours-to-claim-lezhin-season-2/page/4/ HTTP/1.1" 404 1251 "-" "Mozilla/5.0 AppleWebKit/537.36 (KHTML, like Gecko; compatible; bingbot/2.0; +http://www.bing.com/bingbot.htm) Chrome/116.0.1938.76 Safari/537.36"
193.163.187.90 - - [09/Jun/2025:09:28:28 -0400] "GET /xmlrpc.php HTTP/1.1" 403 1242 "-" "Mozilla/5.0 (Windows NT 10.0; Win64; x64) AppleWebKit/537.36 (KHTML, like Gecko) Chrome/91.0.4472.124 Safari/537.36"
78.148.136.61 - - [09/Jun/2025:09:28:38 -0400] "GET /xmlrpc.php HTTP/1.1" 403 1242 "-" "Mozilla/5.0 (Windows NT 10.0; Win64; x64) AppleWebKit/537.36 (KHTML, like Gecko) Chrome/91.0.4472.124 Safari/537.36"
43.131.36.84 - - [09/Jun/2025:09:29:24 -0400] "GET /wp-comments-post.php HTTP/1.1" 403 1242 "-" "Mozilla/5.0 (iPhone; CPU iPhone OS 13_2_3 like Mac OS X) AppleWebKit/605.1.15 (KHTML, like Gecko) Version/13.0.3 Mobile/15E148 Safari/604.1"
192.178.6.37 - - [09/Jun/2025:09:30:56 -0400] "GET /tag/original/page/2/ HTTP/1.1" 404 1251 "-" "Mozilla/5.0 (Linux; Android 6.0.1; Nexus 5X Build/MMB29P) AppleWebKit/537.36 (KHTML, like Gecko) Chrome/136.0.7103.113 Mobile Safari/537.36 (compatible; Googlebot/2.1; +http://www.google.com/bot.html)"
192.178.6.37 - - [09/Jun/2025:09:36:22 -0400] "GET /?y=92390122585605&channel=6e1150&from=blog.php%3Fid%3D1225856-2780%26name%3DTOYO+%E3%82%AA%E3%83%96%E3%82%B6%E3%83%BC%E3%83%96+%E3%82%AE%E3%82%BA2+%E3%80%87+OBSERVE+GIZ2+%E3%82%B9%E3%82%BF%E3%83%83%E3%83%89%E3%83%AC%E3%82%B9+%E3%83%9F%E3%83%84%E3%83%A4+195%2F55R16+%3Cbr%3EWEDS+%E3%82%B8%E3%83%A7%E3%83%BC%E3%82%AB%E3%83%BC%E3%82%B9%E3%83%94%E3%83%AA%E3%83%83%E3%83%84+%E3%83%9B%E3%82%A4%E3%83%BC%E3%83%AB+16+X+6.5J+%2B47+5%E7%A9%B4+114.3+GT%E7%B3%BB%E3%83%95%E3%83%AA%E3%83%BC%E3%83%89%E3%82%AF%E3%83%AD%E3%82%B9%E3%82%BF%E3%83%BC HTTP/1.1" 200 1660 "-" "Mozilla/5.0 (Linux; Android 6.0.1; Nexus 5X Build/MMB29P) AppleWebKit/537.36 (KHTML, like Gecko) Chrome/136.0.7103.113 Mobile Safari/537.36 (compatible; Googlebot/2.1; +http://www.google.com/bot.html)"
2400:8500:1301:738:133:130:103:36 - - [09/Jun/2025:09:37:51 -0400] "POST /xmlrpc.php HTTP/1.1" 403 1242 "-" "Mozilla/5.0 (X11; Ubuntu; Linux x86_64; rv:85.0) Gecko/20100101 Firefox/91.0"
43.130.60.195 - - [09/Jun/2025:09:40:34 -0400] "GET /wp-config-sample.php HTTP/1.1" 403 1242 "-" "Mozilla/5.0 (iPhone; CPU iPhone OS 13_2_3 like Mac OS X) AppleWebKit/605.1.15 (KHTML, like Gecko) Version/13.0.3 Mobile/15E148 Safari/604.1"
114.119.156.33 - - [09/Jun/2025:09:42:59 -0400] "GET /yours-to-claim/yours-to-claim-chapter-31/ HTTP/1.1" 404 1251 "https://yours-toclaim.com/yours-to-claim-chapter-44/" "Mozilla/5.0 (Linux; Android 7.0;) AppleWebKit/537.36 (KHTML, like Gecko) Mobile Safari/537.36 (compatible; PetalBot;+https://webmaster.petalsearch.com/site/petalbot)"
43.156.202.34 - - [09/Jun/2025:09:45:05 -0400] "GET / HTTP/1.1" 200 1660 "https://yours-toclaim.com/" "Mozilla/5.0 (iPhone; CPU iPhone OS 13_2_3 like Mac OS X) AppleWebKit/605.1.15 (KHTML, like Gecko) Version/13.0.3 Mobile/15E148 Safari/604.1"
114.119.129.179 - - [09/Jun/2025:09:48:56 -0400] "GET /tag/manga/page/12/ HTTP/1.1" 404 1251 "https://w5.yours-toclaim.com/tag/manga/page/9/" "Mozilla/5.0 (Linux; Android 7.0;) AppleWebKit/537.36 (KHTML, like Gecko) Mobile Safari/537.36 (compatible; PetalBot;+https://webmaster.petalsearch.com/site/petalbot)"
43.157.50.58 - - [09/Jun/2025:09:49:31 -0400] "GET /wp-login.php HTTP/1.1" 500 0 "-" "Mozilla/5.0 (iPhone; CPU iPhone OS 13_2_3 like Mac OS X) AppleWebKit/605.1.15 (KHTML, like Gecko) Version/13.0.3 Mobile/15E148 Safari/604.1"
40.77.167.38 - - [09/Jun/2025:09:49:50 -0400] "GET /?s=2025 HTTP/1.1" 200 1660 "-" "Mozilla/5.0 AppleWebKit/537.36 (KHTML, like Gecko; compatible; bingbot/2.0; +http://www.bing.com/bingbot.htm) Chrome/116.0.1938.76 Safari/537.36"
2a03:2880:f800:c:: - - [09/Jun/2025:09:51:48 -0400] "GET /sitemap_index.xml HTTP/1.1" 404 1251 "-" "meta-externalagent/1.1 (+https://developers.facebook.com/docs/sharing/webmasters/crawler)"
43.153.71.132 - - [09/Jun/2025:09:56:52 -0400] "GET /wp-mail.php HTTP/1.1" 403 1242 "-" "Mozilla/5.0 (iPhone; CPU iPhone OS 13_2_3 like Mac OS X) AppleWebKit/605.1.15 (KHTML, like Gecko) Version/13.0.3 Mobile/15E148 Safari/604.1"
2a03:2880:f800:10:: - - [09/Jun/2025:09:58:10 -0400] "GET /sitemap_index.xml HTTP/1.1" 404 1251 "-" "meta-externalagent/1.1 (+https://developers.facebook.com/docs/sharing/webmasters/crawler)"
192.178.6.36 - - [09/Jun/2025:10:00:56 -0400] "GET /tag/original/feed/ HTTP/1.1" 404 1251 "-" "Mozilla/5.0 (Linux; Android 6.0.1; Nexus 5X Build/MMB29P) AppleWebKit/537.36 (KHTML, like Gecko) Chrome/136.0.7103.113 Mobile Safari/537.36 (compatible; Googlebot/2.1; +http://www.google.com/bot.html)"
103.179.190.244 - - [09/Jun/2025:10:04:50 -0400] "GET / HTTP/1.1" 200 1660 "https://yours-toclaim.com/" "Mozilla/5.0 (Macintosh; Intel Mac OS X 10.15; rv:126.0) Gecko/20100101 Firefox/126.0"
103.179.190.244 - - [09/Jun/2025:10:04:51 -0400] "GET /index.php?author=1 HTTP/1.1" 404 1251 "https://w5.yours-toclaim.com" "Mozilla/5.0 (Macintosh; Intel Mac OS X 10_15_7) AppleWebKit/537.36 (KHTML, like Gecko) Chrome/112.0.5615.138 Safari/537.36"
103.179.190.244 - - [09/Jun/2025:10:04:51 -0400] "GET /index.php?author=2 HTTP/1.1" 404 1251 "https://w5.yours-toclaim.com" "Mozilla/5.0 (Windows NT 10.0; Win64; x64) AppleWebKit/537.36 (KHTML, like Gecko) Chrome/113.0.5672.93 Safari/537.36"
103.179.190.244 - - [09/Jun/2025:10:04:51 -0400] "GET /index.php?author=3 HTTP/1.1" 404 1251 "https://w5.yours-toclaim.com" "Mozilla/5.0 (Macintosh; Intel Mac OS X 10.15; rv:126.0) Gecko/20100101 Firefox/126.0"
47.238.13.5 - - [09/Jun/2025:10:06:17 -0400] "GET /category/yours-to-claim-manhwa/page/7 HTTP/1.1" 404 1251 "https://w4.yours-toclaim.com/category/yours-to-claim-manhwa/page/7" "Mozilla/5.0 (Macintosh; Intel Mac OS X 10_15_7) AppleWebKit/537.36 (KHTML, like Gecko) Chrome/109.0.0.0 Safari/537.36"
54.149.84.239 - - [09/Jun/2025:10:06:19 -0400] "POST /xmlrpc.php HTTP/1.1" 403 1242 "-" "Mozilla/5.0 (X11; Ubuntu; Linux x86_64; rv:85.0) Gecko/20100101 Firefox/91.0"
43.130.106.18 - - [09/Jun/2025:10:09:52 -0400] "GET /wp-links-opml.php HTTP/1.1" 403 1242 "-" "Mozilla/5.0 (iPhone; CPU iPhone OS 13_2_3 like Mac OS X) AppleWebKit/605.1.15 (KHTML, like Gecko) Version/13.0.3 Mobile/15E148 Safari/604.1"
106.119.167.146 - - [09/Jun/2025:10:10:33 -0400] "GET / HTTP/1.1" 200 1660 "https://yours-toclaim.com/" "Mozilla/5.0 (iPhone; CPU iPhone OS 13_2_3 like Mac OS X) AppleWebKit/605.1.15 (KHTML, like Gecko) Version/13.0.3 Mobile/15E148 Safari/604.1"
2a03:2880:ff:3:: - - [09/Jun/2025:10:14:04 -0400] "GET /category/yours-to-claim-manhwa/ HTTP/1.1" 404 1251 "-" "meta-externalagent/1.1 (+https://developers.facebook.com/docs/sharing/webmasters/crawler)"
2001:4646:6429:0:dcdc:f782:3706:1d3c - - [09/Jun/2025:10:19:04 -0400] "GET /yours-to-claim/yours-to-claim-chapter-1/ HTTP/1.1" 404 1251 "-" "Mozilla/5.0 (iPhone; CPU iPhone OS 18_5 like Mac OS X) AppleWebKit/605.1.15 (KHTML, like Gecko) Mobile/15E148"
170.106.113.235 - - [09/Jun/2025:10:19:37 -0400] "GET /cgi-bin/ HTTP/1.1" 403 1242 "-" "Mozilla/5.0 (iPhone; CPU iPhone OS 13_2_3 like Mac OS X) AppleWebKit/605.1.15 (KHTML, like Gecko) Version/13.0.3 Mobile/15E148 Safari/604.1"
2001:4646:6429:0:dcdc:f782:3706:1d3c - - [09/Jun/2025:10:23:51 -0400] "GET /yours-to-claim/yours-to-claim-chapter-1/ HTTP/1.1" 404 1251 "-" "Mozilla/5.0 (iPhone; CPU iPhone OS 18_5 like Mac OS X) AppleWebKit/605.1.15 (KHTML, like Gecko) Mobile/15E148"
4.213.139.114 - - [09/Jun/2025:10:25:57 -0400] "GET /wp-admin/css/ HTTP/1.1" 200 2771 "binance.com" "Mozilla/5.0 (Windows NT 10.0; Win64; x64) AppleWebKit/537.36 (KHTML, like Gecko) Chrome/90.0.4430.85 Safari/537.36"
4.213.139.114 - - [09/Jun/2025:10:26:32 -0400] "GET /wp-content/uploads/2025/06/ HTTP/1.1" 200 555 "binance.com" "Mozilla/5.0 (Windows NT 10.0; Win64; x64) AppleWebKit/537.36 (KHTML, like Gecko) Chrome/90.0.4430.85 Safari/537.36"
47.128.111.116 - - [09/Jun/2025:10:26:43 -0400] "GET /category/manga/ HTTP/1.1" 404 1251 "-" "Mozilla/5.0 (Linux; Android 5.0) AppleWebKit/537.36 (KHTML, like Gecko) Mobile Safari/537.36 (compatible; TikTokSpider; [email protected])"
4.213.139.114 - - [09/Jun/2025:10:26:47 -0400] "GET /wp-content/uploads/2025/05/ HTTP/1.1" 200 555 "binance.com" "Mozilla/5.0 (Windows NT 10.0; Win64; x64) AppleWebKit/537.36 (KHTML, like Gecko) Chrome/90.0.4430.85 Safari/537.36"
4.213.139.114 - - [09/Jun/2025:10:27:05 -0400] "GET /wp-content/uploads/ HTTP/1.1" 200 1093 "binance.com" "Mozilla/5.0 (Windows NT 10.0; Win64; x64) AppleWebKit/537.36 (KHTML, like Gecko) Chrome/90.0.4430.85 Safari/537.36"
4.213.139.114 - - [09/Jun/2025:10:27:30 -0400] "GET /wp-content/upgrade/ HTTP/1.1" 200 550 "binance.com" "Mozilla/5.0 (Windows NT 10.0; Win64; x64) AppleWebKit/537.36 (KHTML, like Gecko) Chrome/90.0.4430.85 Safari/537.36"
4.213.139.114 - - [09/Jun/2025:10:27:53 -0400] "GET /wp-content/languages/ HTTP/1.1" 200 0 "binance.com" "Mozilla/5.0 (Windows NT 10.0; Win64; x64) AppleWebKit/537.36 (KHTML, like Gecko) Chrome/90.0.4430.85 Safari/537.36"
4.213.139.114 - - [09/Jun/2025:10:28:03 -0400] "GET /wp-admin/includes/ HTTP/1.1" 200 3605 "binance.com" "Mozilla/5.0 (Windows NT 10.0; Win64; x64) AppleWebKit/537.36 (KHTML, like Gecko) Chrome/90.0.4430.85 Safari/537.36"
47.128.41.11 - - [09/Jun/2025:10:28:29 -0400] "GET /tag/yours-to-claim-manga/page/7/ HTTP/1.1" 404 1251 "-" "Mozilla/5.0 (compatible; Bytespider; [email protected]) AppleWebKit/537.36 (KHTML, like Gecko) Chrome/70.0.0.0 Safari/537.36"
114.119.134.12 - - [09/Jun/2025:10:28:34 -0400] "GET /tag/chapters/page/2/ HTTP/1.1" 404 1251 "https://w4.yours-toclaim.com/tag/chapters/" "Mozilla/5.0 (Linux; Android 7.0;) AppleWebKit/537.36 (KHTML, like Gecko) Mobile Safari/537.36 (compatible; PetalBot;+https://webmaster.petalsearch.com/site/petalbot)"
4.213.139.114 - - [09/Jun/2025:10:28:37 -0400] "GET /wp-admin/includes/ HTTP/1.1" 200 3605 "binance.com" "Mozilla/5.0 (Windows NT 10.0; Win64; x64) AppleWebKit/537.36 (KHTML, like Gecko) Chrome/90.0.4430.85 Safari/537.36"
4.213.139.114 - - [09/Jun/2025:10:29:02 -0400] "GET /wp-admin/maint/ HTTP/1.1" 200 628 "binance.com" "Mozilla/5.0 (Windows NT 10.0; Win64; x64) AppleWebKit/537.36 (KHTML, like Gecko) Chrome/90.0.4430.85 Safari/537.36"
4.213.139.114 - - [09/Jun/2025:10:29:34 -0400] "GET /wp-admin/maint/ HTTP/1.1" 200 628 "binance.com" "Mozilla/5.0 (Windows NT 10.0; Win64; x64) AppleWebKit/537.36 (KHTML, like Gecko) Chrome/90.0.4430.85 Safari/537.36"
43.135.144.126 - - [09/Jun/2025:10:29:48 -0400] "GET /ads.txt HTTP/1.1" 200 363 "-" "Mozilla/5.0 (iPhone; CPU iPhone OS 13_2_3 like Mac OS X) AppleWebKit/605.1.15 (KHTML, like Gecko) Version/13.0.3 Mobile/15E148 Safari/604.1"
4.213.139.114 - - [09/Jun/2025:10:29:49 -0400] "GET /wp-admin/network/ HTTP/1.1" 500 0 "binance.com" "Mozilla/5.0 (Windows NT 10.0; Win64; x64) AppleWebKit/537.36 (KHTML, like Gecko) Chrome/90.0.4430.85 Safari/537.36"
114.119.132.58 - - [09/Jun/2025:10:30:00 -0400] "GET /yours-to-claim-chapter-70/ HTTP/1.1" 404 1251 "https://w5.yours-toclaim.com/category/yours-to-claim-manhwa/page/5/" "Mozilla/5.0 (Linux; Android 7.0;) AppleWebKit/537.36 (KHTML, like Gecko) Mobile Safari/537.36 (compatible; PetalBot;+https://webmaster.petalsearch.com/site/petalbot)"
4.213.139.114 - - [09/Jun/2025:10:30:12 -0400] "GET /wp-admin/user/ HTTP/1.1" 500 0 "binance.com" "Mozilla/5.0 (Windows NT 10.0; Win64; x64) AppleWebKit/537.36 (KHTML, like Gecko) Chrome/90.0.4430.85 Safari/537.36"
4.213.139.114 - - [09/Jun/2025:10:30:27 -0400] "GET /wp-admin/css/ HTTP/1.1" 200 2771 "binance.com" "Mozilla/5.0 (Windows NT 10.0; Win64; x64) AppleWebKit/537.36 (KHTML, like Gecko) Chrome/90.0.4430.85 Safari/537.36"
4.213.139.114 - - [09/Jun/2025:10:30:43 -0400] "GET /wp-admin/css/colors/ HTTP/1.1" 200 1119 "binance.com" "Mozilla/5.0 (Windows NT 10.0; Win64; x64) AppleWebKit/537.36 (KHTML, like Gecko) Chrome/90.0.4430.85 Safari/537.36"
192.178.6.37 - - [09/Jun/2025:10:30:56 -0400] "GET /yours-to-claim/yours-to-claim-chapter-88/ HTTP/1.1" 404 1251 "-" "Mozilla/5.0 (Linux; Android 6.0.1; Nexus 5X Build/MMB29P) AppleWebKit/537.36 (KHTML, like Gecko) Chrome/136.0.7103.113 Mobile Safari/537.36 (compatible; Googlebot/2.1; +http://www.google.com/bot.html)"
4.213.139.114 - - [09/Jun/2025:10:30:59 -0400] "GET /wp-admin/css/colors/blue/ HTTP/1.1" 200 1064 "binance.com" "Mozilla/5.0 (Windows NT 10.0; Win64; x64) AppleWebKit/537.36 (KHTML, like Gecko) Chrome/90.0.4430.85 Safari/537.36"
4.213.139.114 - - [09/Jun/2025:10:31:38 -0400] "GET /wp-admin/css/colors/coffee/ HTTP/1.1" 200 729 "binance.com" "Mozilla/5.0 (Windows NT 10.0; Win64; x64) AppleWebKit/537.36 (KHTML, like Gecko) Chrome/90.0.4430.85 Safari/537.36"
4.213.139.114 - - [09/Jun/2025:10:31:56 -0400] "GET /wp-admin/css/colors/ectoplasm/ HTTP/1.1" 200 715 "binance.com" "Mozilla/5.0 (Windows NT 10.0; Win64; x64) AppleWebKit/537.36 (KHTML, like Gecko) Chrome/90.0.4430.85 Safari/537.36"
4.213.139.114 - - [09/Jun/2025:10:32:12 -0400] "GET /wp-admin/css/colors/light/ HTTP/1.1" 200 725 "binance.com" "Mozilla/5.0 (Windows NT 10.0; Win64; x64) AppleWebKit/537.36 (KHTML, like Gecko) Chrome/90.0.4430.85 Safari/537.36"
47.128.46.232 - - [09/Jun/2025:10:32:29 -0400] "GET /yours-to-claim/yours-to-claim-chapter-50/ HTTP/1.1" 404 1251 "-" "Mozilla/5.0 (compatible; Bytespider; [email protected]) AppleWebKit/537.36 (KHTML, like Gecko) Chrome/70.0.0.0 Safari/537.36"
4.213.139.114 - - [09/Jun/2025:10:32:31 -0400] "GET /wp-admin/css/colors/midnight/ HTTP/1.1" 200 722 "binance.com" "Mozilla/5.0 (Windows NT 10.0; Win64; x64) AppleWebKit/537.36 (KHTML, like Gecko) Chrome/90.0.4430.85 Safari/537.36"
4.213.139.114 - - [09/Jun/2025:10:32:55 -0400] "GET /wp-admin/css/colors/modern/ HTTP/1.1" 200 724 "binance.com" "Mozilla/5.0 (Windows NT 10.0; Win64; x64) AppleWebKit/537.36 (KHTML, like Gecko) Chrome/90.0.4430.85 Safari/537.36"
4.213.139.114 - - [09/Jun/2025:10:33:12 -0400] "GET /wp-admin/css/colors/ocean/ HTTP/1.1" 200 724 "binance.com" "Mozilla/5.0 (Windows NT 10.0; Win64; x64) AppleWebKit/537.36 (KHTML, like Gecko) Chrome/90.0.4430.85 Safari/537.36"
4.213.139.114 - - [09/Jun/2025:10:33:25 -0400] "GET /wp-admin/css/colors/sunrise/%20 HTTP/1.1" 404 1251 "binance.com" "Mozilla/5.0 (Windows NT 10.0; Win64; x64) AppleWebKit/537.36 (KHTML, like Gecko) Chrome/90.0.4430.85 Safari/537.36"
16.170.143.231 - - [09/Jun/2025:10:33:46 -0400] "GET /style.php HTTP/1.1" 404 1251 "-" "Mozlila/5.0 (Linux; Android 7.0; SM-G892A Bulid/NRD90M; wv) AppleWebKit/537.36 (KHTML, like Gecko) Version/4.0 Chrome/60.0.3112.107 Moblie Safari/537.36"
4.213.139.114 - - [09/Jun/2025:10:34:04 -0400] "GET /wp-admin/images/ HTTP/1.1" 200 2458 "binance.com" "Mozilla/5.0 (Windows NT 10.0; Win64; x64) AppleWebKit/537.36 (KHTML, like Gecko) Chrome/90.0.4430.85 Safari/537.36"
4.213.139.114 - - [09/Jun/2025:10:34:16 -0400] "GET /wp-admin/js/ HTTP/1.1" 200 3189 "binance.com" "Mozilla/5.0 (Windows NT 10.0; Win64; x64) AppleWebKit/537.36 (KHTML, like Gecko) Chrome/90.0.4430.85 Safari/537.36"
4.213.139.114 - - [09/Jun/2025:10:34:38 -0400] "GET /wp-admin/js/widgets/ HTTP/1.1" 200 1291 "binance.com" "Mozilla/5.0 (Windows NT 10.0; Win64; x64) AppleWebKit/537.36 (KHTML, like Gecko) Chrome/90.0.4430.85 Safari/537.36"
4.213.139.114 - - [09/Jun/2025:10:35:00 -0400] "GET /wp-includes/ HTTP/1.1" 200 7421 "binance.com" "Mozilla/5.0 (Windows NT 10.0; Win64; x64) AppleWebKit/537.36 (KHTML, like Gecko) Chrome/90.0.4430.85 Safari/537.36"
4.213.139.114 - - [09/Jun/2025:10:35:23 -0400] "GET /wp-includes/ HTTP/1.1" 200 7453 "binance.com" "Mozilla/5.0 (Windows NT 10.0; Win64; x64) AppleWebKit/537.36 (KHTML, like Gecko) Chrome/90.0.4430.85 Safari/537.36"
4.213.139.114 - - [09/Jun/2025:10:35:34 -0400] "GET /wp-includes/block-bindings.php HTTP/1.1" 403 1242 "binance.com" "Mozilla/5.0 (Windows NT 10.0; Win64; x64) AppleWebKit/537.36 (KHTML, like Gecko) Chrome/90.0.4430.85 Safari/537.36"
4.213.139.114 - - [09/Jun/2025:10:35:44 -0400] "GET /wp-includes/block-editor.php HTTP/1.1" 403 1242 "binance.com" "Mozilla/5.0 (Windows NT 10.0; Win64; x64) AppleWebKit/537.36 (KHTML, like Gecko) Chrome/90.0.4430.85 Safari/537.36"
4.213.139.114 - - [09/Jun/2025:10:35:52 -0400] "GET /wp-includes/block-template-utils.php HTTP/1.1" 403 1242 "binance.com" "Mozilla/5.0 (Windows NT 10.0; Win64; x64) AppleWebKit/537.36 (KHTML, like Gecko) Chrome/90.0.4430.85 Safari/537.36"
103.42.58.99 - - [09/Jun/2025:10:36:00 -0400] "POST /xmlrpc.php HTTP/1.1" 403 1242 "-" "Mozilla/5.0 (X11; U; Linux i686; en-US; rv:96.0) Gecko/20071914 Firefox/96.0"
4.213.139.114 - - [09/Jun/2025:10:36:12 -0400] "GET /wp-includes/block-template.php HTTP/1.1" 403 1242 "binance.com" "Mozilla/5.0 (Windows NT 10.0; Win64; x64) AppleWebKit/537.36 (KHTML, like Gecko) Chrome/90.0.4430.85 Safari/537.36"
47.128.59.196 - - [09/Jun/2025:10:36:29 -0400] "GET /tag/volume/page/4/ HTTP/1.1" 404 1251 "-" "Mozilla/5.0 (compatible; Bytespider; [email protected]) AppleWebKit/537.36 (KHTML, like Gecko) Chrome/70.0.0.0 Safari/537.36"
4.213.139.114 - - [09/Jun/2025:10:36:38 -0400] "GET /wp-includes/class-avif-info.php HTTP/1.1" 403 1242 "binance.com" "Mozilla/5.0 (Windows NT 10.0; Win64; x64) AppleWebKit/537.36 (KHTML, like Gecko) Chrome/90.0.4430.85 Safari/537.36"
4.213.139.114 - - [09/Jun/2025:10:36:48 -0400] "GET /wp-includes/class-wp-block-bindings-registry.php HTTP/1.1" 403 1242 "binance.com" "Mozilla/5.0 (Windows NT 10.0; Win64; x64) AppleWebKit/537.36 (KHTML, like Gecko) Chrome/90.0.4430.85 Safari/537.36"
4.213.139.114 - - [09/Jun/2025:10:36:57 -0400] "GET /wp-includes/class-wp-block-bindings-source.php HTTP/1.1" 403 1242 "binance.com" "Mozilla/5.0 (Windows NT 10.0; Win64; x64) AppleWebKit/537.36 (KHTML, like Gecko) Chrome/90.0.4430.85 Safari/537.36"
4.213.139.114 - - [09/Jun/2025:10:37:10 -0400] "GET /wp-includes/class-wp-block-editor-context.php HTTP/1.1" 403 1242 "binance.com" "Mozilla/5.0 (Windows NT 10.0; Win64; x64) AppleWebKit/537.36 (KHTML, like Gecko) Chrome/90.0.4430.85 Safari/537.36"
4.213.139.114 - - [09/Jun/2025:10:37:22 -0400] "GET /wp-includes/class-wp-block-metadata-registry.php HTTP/1.1" 403 1242 "binance.com" "Mozilla/5.0 (Windows NT 10.0; Win64; x64) AppleWebKit/537.36 (KHTML, like Gecko) Chrome/90.0.4430.85 Safari/537.36"
4.213.139.114 - - [09/Jun/2025:10:37:31 -0400] "GET /wp-includes/class-wp-block-parser-block.php HTTP/1.1" 403 1242 "binance.com" "Mozilla/5.0 (Windows NT 10.0; Win64; x64) AppleWebKit/537.36 (KHTML, like Gecko) Chrome/90.0.4430.85 Safari/537.36"
4.213.139.114 - - [09/Jun/2025:10:37:41 -0400] "GET /wp-includes/class-wp-block-parser-frame.php HTTP/1.1" 403 1242 "binance.com" "Mozilla/5.0 (Windows NT 10.0; Win64; x64) AppleWebKit/537.36 (KHTML, like Gecko) Chrome/90.0.4430.85 Safari/537.36"
4.213.139.114 - - [09/Jun/2025:10:37:57 -0400] "GET /wp-includes/class-wp-block-template.php HTTP/1.1" 403 1242 "binance.com" "Mozilla/5.0 (Windows NT 10.0; Win64; x64) AppleWebKit/537.36 (KHTML, like Gecko) Chrome/90.0.4430.85 Safari/537.36"
4.213.139.114 - - [09/Jun/2025:10:38:21 -0400] "GET /wp-includes/class-wp-block-templates-registry.php HTTP/1.1" 403 1242 "binance.com" "Mozilla/5.0 (Windows NT 10.0; Win64; x64) AppleWebKit/537.36 (KHTML, like Gecko) Chrome/90.0.4430.85 Safari/537.36"
2a03:2880:f800:7:: - - [09/Jun/2025:10:38:30 -0400] "GET /?p=1856 HTTP/1.1" 200 1660 "-" "meta-externalagent/1.1 (+https://developers.facebook.com/docs/sharing/webmasters/crawler)"
4.213.139.114 - - [09/Jun/2025:10:38:35 -0400] "GET /wp-includes/class-wp-classic-to-block-menu-converter.php HTTP/1.1" 403 1242 "binance.com" "Mozilla/5.0 (Windows NT 10.0; Win64; x64) AppleWebKit/537.36 (KHTML, like Gecko) Chrome/90.0.4430.85 Safari/537.36"
52.167.144.16 - - [09/Jun/2025:10:38:46 -0400] "GET /yours-to-claim/yours-to-claim-chapter-105/ HTTP/1.1" 404 1251 "-" "Mozilla/5.0 AppleWebKit/537.36 (KHTML, like Gecko; compatible; bingbot/2.0; +http://www.bing.com/bingbot.htm) Chrome/116.0.1938.76 Safari/537.36"
4.213.139.114 - - [09/Jun/2025:10:38:46 -0400] "GET /wp-includes/class-wp-dependencies.php HTTP/1.1" 403 1242 "binance.com" "Mozilla/5.0 (Windows NT 10.0; Win64; x64) AppleWebKit/537.36 (KHTML, like Gecko) Chrome/90.0.4430.85 Safari/537.36"
4.213.139.114 - - [09/Jun/2025:10:38:57 -0400] "GET /wp-includes/class-wp-duotone.php HTTP/1.1" 403 1242 "binance.com" "Mozilla/5.0 (Windows NT 10.0; Win64; x64) AppleWebKit/537.36 (KHTML, like Gecko) Chrome/90.0.4430.85 Safari/537.36"
4.213.139.114 - - [09/Jun/2025:10:39:22 -0400] "GET /wp-includes/class-wp-exception.php HTTP/1.1" 403 1242 "binance.com" "Mozilla/5.0 (Windows NT 10.0; Win64; x64) AppleWebKit/537.36 (KHTML, like Gecko) Chrome/90.0.4430.85 Safari/537.36"
4.213.139.114 - - [09/Jun/2025:10:39:37 -0400] "GET /wp-includes/class-wp-http.php HTTP/1.1" 403 1242 "binance.com" "Mozilla/5.0 (Windows NT 10.0; Win64; x64) AppleWebKit/537.36 (KHTML, like Gecko) Chrome/90.0.4430.85 Safari/537.36"
4.213.139.114 - - [09/Jun/2025:10:39:50 -0400] "GET /wp-includes/class-wp-navigation-fallback.php HTTP/1.1" 403 1242 "binance.com" "Mozilla/5.0 (Windows NT 10.0; Win64; x64) AppleWebKit/537.36 (KHTML, like Gecko) Chrome/90.0.4430.85 Safari/537.36"
2a03:2880:f800:19:: - - [09/Jun/2025:10:40:04 -0400] "GET /?p=1861 HTTP/1.1" 200 1660 "-" "meta-externalagent/1.1 (+https://developers.facebook.com/docs/sharing/webmasters/crawler)"
4.213.139.114 - - [09/Jun/2025:10:40:05 -0400] "GET /wp-includes/class-wp-phpmailer.php HTTP/1.1" 403 1242 "binance.com" "Mozilla/5.0 (Windows NT 10.0; Win64; x64) AppleWebKit/537.36 (KHTML, like Gecko) Chrome/90.0.4430.85 Safari/537.36"
4.213.139.114 - - [09/Jun/2025:10:40:18 -0400] "GET /wp-includes/class-wp-plugin-dependencies.php HTTP/1.1" 403 1242 "binance.com" "Mozilla/5.0 (Windows NT 10.0; Win64; x64) AppleWebKit/537.36 (KHTML, like Gecko) Chrome/90.0.4430.85 Safari/537.36"
4.213.139.114 - - [09/Jun/2025:10:40:46 -0400] "GET /wp-includes/class-wp-script-modules.php HTTP/1.1" 403 1242 "binance.com" "Mozilla/5.0 (Windows NT 10.0; Win64; x64) AppleWebKit/537.36 (KHTML, like Gecko) Chrome/90.0.4430.85 Safari/537.36"
4.213.139.114 - - [09/Jun/2025:10:40:58 -0400] "GET /wp-includes/class-wp-scripts.php HTTP/1.1" 403 1242 "binance.com" "Mozilla/5.0 (Windows NT 10.0; Win64; x64) AppleWebKit/537.36 (KHTML, like Gecko) Chrome/90.0.4430.85 Safari/537.36"
4.213.139.114 - - [09/Jun/2025:10:41:09 -0400] "GET /wp-includes/class-wp-speculation-rules.php HTTP/1.1" 403 1242 "binance.com" "Mozilla/5.0 (Windows NT 10.0; Win64; x64) AppleWebKit/537.36 (KHTML, like Gecko) Chrome/90.0.4430.85 Safari/537.36"
43.153.10.83 - - [09/Jun/2025:10:41:12 -0400] "GET /?MA HTTP/1.1" 200 1656 "-" "Mozilla/5.0 (iPhone; CPU iPhone OS 13_2_3 like Mac OS X) AppleWebKit/605.1.15 (KHTML, like Gecko) Version/13.0.3 Mobile/15E148 Safari/604.1"
4.213.139.114 - - [09/Jun/2025:10:41:19 -0400] "GET /wp-includes/class-wp-styles.php HTTP/1.1" 403 1242 "binance.com" "Mozilla/5.0 (Windows NT 10.0; Win64; x64) AppleWebKit/537.36 (KHTML, like Gecko) Chrome/90.0.4430.85 Safari/537.36"
4.213.139.114 - - [09/Jun/2025:10:41:28 -0400] "GET /wp-includes/class-wp-textdomain-registry.php HTTP/1.1" 403 1242 "binance.com" "Mozilla/5.0 (Windows NT 10.0; Win64; x64) AppleWebKit/537.36 (KHTML, like Gecko) Chrome/90.0.4430.85 Safari/537.36"
4.213.139.114 - - [09/Jun/2025:10:41:37 -0400] "GET /wp-includes/class-wp-theme-json-data.php HTTP/1.1" 403 1242 "binance.com" "Mozilla/5.0 (Windows NT 10.0; Win64; x64) AppleWebKit/537.36 (KHTML, like Gecko) Chrome/90.0.4430.85 Safari/537.36"
4.213.139.114 - - [09/Jun/2025:10:41:48 -0400] "GET /wp-includes/class-wp-theme-json-resolver.php HTTP/1.1" 403 1242 "binance.com" "Mozilla/5.0 (Windows NT 10.0; Win64; x64) AppleWebKit/537.36 (KHTML, like Gecko) Chrome/90.0.4430.85 Safari/537.36"
4.213.139.114 - - [09/Jun/2025:10:41:57 -0400] "GET /wp-includes/class-wp-theme-json-schema.php HTTP/1.1" 403 1242 "binance.com" "Mozilla/5.0 (Windows NT 10.0; Win64; x64) AppleWebKit/537.36 (KHTML, like Gecko) Chrome/90.0.4430.85 Safari/537.36"
4.213.139.114 - - [09/Jun/2025:10:42:09 -0400] "GET /wp-includes/class-wp-theme-json.php HTTP/1.1" 403 1242 "binance.com" "Mozilla/5.0 (Windows NT 10.0; Win64; x64) AppleWebKit/537.36 (KHTML, like Gecko) Chrome/90.0.4430.85 Safari/537.36"
4.213.139.114 - - [09/Jun/2025:10:42:23 -0400] "GET /wp-includes/class-wp-token-map.php HTTP/1.1" 403 1242 "binance.com" "Mozilla/5.0 (Windows NT 10.0; Win64; x64) AppleWebKit/537.36 (KHTML, like Gecko) Chrome/90.0.4430.85 Safari/537.36"
4.213.139.114 - - [09/Jun/2025:10:42:50 -0400] "GET /wp-includes/class-wp-url-pattern-prefixer.php HTTP/1.1" 403 1242 "binance.com" "Mozilla/5.0 (Windows NT 10.0; Win64; x64) AppleWebKit/537.36 (KHTML, like Gecko) Chrome/90.0.4430.85 Safari/537.36"
4.213.139.114 - - [09/Jun/2025:10:43:03 -0400] "GET /wp-includes/class-wpdb.php HTTP/1.1" 403 1242 "binance.com" "Mozilla/5.0 (Windows NT 10.0; Win64; x64) AppleWebKit/537.36 (KHTML, like Gecko) Chrome/90.0.4430.85 Safari/537.36"
4.213.139.114 - - [09/Jun/2025:10:43:29 -0400] "GET /wp-includes/fonts.php HTTP/1.1" 403 1242 "binance.com" "Mozilla/5.0 (Windows NT 10.0; Win64; x64) AppleWebKit/537.36 (KHTML, like Gecko) Chrome/90.0.4430.85 Safari/537.36"
4.213.139.114 - - [09/Jun/2025:10:43:49 -0400] "GET /wp-includes/global-styles-and-settings.php HTTP/1.1" 403 1242 "binance.com" "Mozilla/5.0 (Windows NT 10.0; Win64; x64) AppleWebKit/537.36 (KHTML, like Gecko) Chrome/90.0.4430.85 Safari/537.36"
4.213.139.114 - - [09/Jun/2025:10:44:06 -0400] "GET /wp-includes/https-detection.php HTTP/1.1" 403 1242 "binance.com" "Mozilla/5.0 (Windows NT 10.0; Win64; x64) AppleWebKit/537.36 (KHTML, like Gecko) Chrome/90.0.4430.85 Safari/537.36"
114.119.131.68 - - [09/Jun/2025:10:44:08 -0400] "GET /category/yours-to-claim-read/page/5/ HTTP/1.1" 404 1251 "https://w4.yours-toclaim.com/category/yours-to-claim-read/page/5/" "Mozilla/5.0 (Linux; Android 7.0;) AppleWebKit/537.36 (KHTML, like Gecko) Mobile Safari/537.36 (compatible; PetalBot;+https://webmaster.petalsearch.com/site/petalbot)"
4.213.139.114 - - [09/Jun/2025:10:44:33 -0400] "GET /wp-includes/https-migration.php HTTP/1.1" 403 1242 "binance.com" "Mozilla/5.0 (Windows NT 10.0; Win64; x64) AppleWebKit/537.36 (KHTML, like Gecko) Chrome/90.0.4430.85 Safari/537.36"
4.213.139.114 - - [09/Jun/2025:10:45:07 -0400] "GET /wp-includes/robots-template.php HTTP/1.1" 403 1242 "binance.com" "Mozilla/5.0 (Windows NT 10.0; Win64; x64) AppleWebKit/537.36 (KHTML, like Gecko) Chrome/90.0.4430.85 Safari/537.36"
4.213.139.114 - - [09/Jun/2025:10:45:21 -0400] "GET /wp-includes/script-modules.php HTTP/1.1" 403 1242 "binance.com" "Mozilla/5.0 (Windows NT 10.0; Win64; x64) AppleWebKit/537.36 (KHTML, like Gecko) Chrome/90.0.4430.85 Safari/537.36"
4.213.139.114 - - [09/Jun/2025:10:45:37 -0400] "GET /wp-includes/speculative-loading.php HTTP/1.1" 403 1242 "binance.com" "Mozilla/5.0 (Windows NT 10.0; Win64; x64) AppleWebKit/537.36 (KHTML, like Gecko) Chrome/90.0.4430.85 Safari/537.36"
114.119.129.179 - - [09/Jun/2025:10:45:49 -0400] "GET /tag/volume/page/4/ HTTP/1.1" 404 1251 "https://w4.yours-toclaim.com/tag/volume/page/3/" "Mozilla/5.0 (Linux; Android 7.0;) AppleWebKit/537.36 (KHTML, like Gecko) Mobile Safari/537.36 (compatible; PetalBot;+https://webmaster.petalsearch.com/site/petalbot)"
4.213.139.114 - - [09/Jun/2025:10:45:52 -0400] "GET /wp-includes/style-engine.php HTTP/1.1" 403 1242 "binance.com" "Mozilla/5.0 (Windows NT 10.0; Win64; x64) AppleWebKit/537.36 (KHTML, like Gecko) Chrome/90.0.4430.85 Safari/537.36"
89.110.115.121 - - [09/Jun/2025:10:46:17 -0400] "GET / HTTP/1.1" 200 1660 "https://YOURS-TOCLAIM.COM" "Mozilla/5.0 (Macintosh; Intel Mac OS X 10_15_7) AppleWebKit/537.36 (KHTML, like Gecko) Chrome/133.0.0.0 Safari/537.36"
89.110.115.121 - - [09/Jun/2025:10:46:19 -0400] "GET /error_log HTTP/1.1" 403 1242 "https://YOURS-TOCLAIM.COM/error_log" "Mozilla/5.0 (Macintosh; Intel Mac OS X 10_15_7) AppleWebKit/537.36 (KHTML, like Gecko) Chrome/133.0.0.0 Safari/537.36"
89.110.115.121 - - [09/Jun/2025:10:46:20 -0400] "GET /wp-blog-header.php HTTP/1.1" 403 1242 "https://YOURS-TOCLAIM.COM/wp-blog-header.php" "Mozilla/5.0 (Macintosh; Intel Mac OS X 10_15_7) AppleWebKit/537.36 (KHTML, like Gecko) Chrome/133.0.0.0 Safari/537.36"
89.110.115.121 - - [09/Jun/2025:10:46:21 -0400] "GET /wp-comments-post.php HTTP/1.1" 403 1242 "https://YOURS-TOCLAIM.COM/wp-comments-post.php" "Mozilla/5.0 (Macintosh; Intel Mac OS X 10_15_7) AppleWebKit/537.36 (KHTML, like Gecko) Chrome/133.0.0.0 Safari/537.36"
89.110.115.121 - - [09/Jun/2025:10:46:23 -0400] "GET /wp-login.php HTTP/1.1" 500 0 "https://YOURS-TOCLAIM.COM/wp-login.php" "Mozilla/5.0 (Macintosh; Intel Mac OS X 10_15_7) AppleWebKit/537.36 (KHTML, like Gecko) Chrome/133.0.0.0 Safari/537.36"
89.110.115.121 - - [09/Jun/2025:10:46:25 -0400] "GET /wp-signup.php HTTP/1.1" 403 1242 "https://YOURS-TOCLAIM.COM/wp-signup.php" "Mozilla/5.0 (Macintosh; Intel Mac OS X 10_15_7) AppleWebKit/537.36 (KHTML, like Gecko) Chrome/133.0.0.0 Safari/537.36"
4.213.139.114 - - [09/Jun/2025:10:46:30 -0400] "GET /wp-includes/template-canvas.php HTTP/1.1" 403 1242 "binance.com" "Mozilla/5.0 (Windows NT 10.0; Win64; x64) AppleWebKit/537.36 (KHTML, like Gecko) Chrome/90.0.4430.85 Safari/537.36"
4.213.139.114 - - [09/Jun/2025:10:46:42 -0400] "GET /wp-includes/theme-previews.php HTTP/1.1" 403 1242 "binance.com" "Mozilla/5.0 (Windows NT 10.0; Win64; x64) AppleWebKit/537.36 (KHTML, like Gecko) Chrome/90.0.4430.85 Safari/537.36"
4.213.139.114 - - [09/Jun/2025:10:46:57 -0400] "GET /wp-includes/theme-templates.php HTTP/1.1" 403 1242 "binance.com" "Mozilla/5.0 (Windows NT 10.0; Win64; x64) AppleWebKit/537.36 (KHTML, like Gecko) Chrome/90.0.4430.85 Safari/537.36"
4.213.139.114 - - [09/Jun/2025:10:47:10 -0400] "GET /wp-includes/ID3/ HTTP/1.1" 200 1344 "binance.com" "Mozilla/5.0 (Windows NT 10.0; Win64; x64) AppleWebKit/537.36 (KHTML, like Gecko) Chrome/90.0.4430.85 Safari/537.36"
4.213.139.114 - - [09/Jun/2025:10:47:23 -0400] "GET /wp-includes/ID3/ HTTP/1.1" 200 1344 "binance.com" "Mozilla/5.0 (Windows NT 10.0; Win64; x64) AppleWebKit/537.36 (KHTML, like Gecko) Chrome/90.0.4430.85 Safari/537.36"
4.213.139.114 - - [09/Jun/2025:10:47:39 -0400] "GET /wp-includes/IXR/ HTTP/1.1" 200 1208 "binance.com" "Mozilla/5.0 (Windows NT 10.0; Win64; x64) AppleWebKit/537.36 (KHTML, like Gecko) Chrome/90.0.4430.85 Safari/537.36"
4.213.139.114 - - [09/Jun/2025:10:47:55 -0400] "GET /wp-includes/IXR/ HTTP/1.1" 200 1208 "binance.com" "Mozilla/5.0 (Windows NT 10.0; Win64; x64) AppleWebKit/537.36 (KHTML, like Gecko) Chrome/90.0.4430.85 Safari/537.36"
34.162.116.137 - - [09/Jun/2025:10:48:06 -0400] "GET /.git/HEAD HTTP/1.1" 403 1242 "https://yours-toclaim.com/.git/HEAD" "ct\xe2\x80\x91git\xe2\x80\x91scanner/0.4"
34.162.116.137 - - [09/Jun/2025:10:48:06 -0400] "GET /.git/config HTTP/1.1" 403 1242 "https://yours-toclaim.com/.git/config" "ct\xe2\x80\x91git\xe2\x80\x91scanner/0.4"
4.213.139.114 - - [09/Jun/2025:10:48:12 -0400] "GET /wp-includes/PHPMailer/ HTTP/1.1" 200 693 "binance.com" "Mozilla/5.0 (Windows NT 10.0; Win64; x64) AppleWebKit/537.36 (KHTML, like Gecko) Chrome/90.0.4430.85 Safari/537.36"
4.213.139.114 - - [09/Jun/2025:10:48:25 -0400] "GET /wp-includes/PHPMailer/ HTTP/1.1" 200 693 "binance.com" "Mozilla/5.0 (Windows NT 10.0; Win64; x64) AppleWebKit/537.36 (KHTML, like Gecko) Chrome/90.0.4430.85 Safari/537.36"
4.213.139.114 - - [09/Jun/2025:10:48:39 -0400] "GET /wp-includes/Text/ HTTP/1.1" 200 712 "binance.com" "Mozilla/5.0 (Windows NT 10.0; Win64; x64) AppleWebKit/537.36 (KHTML, like Gecko) Chrome/90.0.4430.85 Safari/537.36"
4.213.139.114 - - [09/Jun/2025:10:48:51 -0400] "GET /wp-includes/Text/ HTTP/1.1" 200 712 "binance.com" "Mozilla/5.0 (Windows NT 10.0; Win64; x64) AppleWebKit/537.36 (KHTML, like Gecko) Chrome/90.0.4430.85 Safari/537.36"
4.213.139.114 - - [09/Jun/2025:10:49:25 -0400] "GET /wp-includes/Text/Diff/ HTTP/1.1" 200 706 "binance.com" "Mozilla/5.0 (Windows NT 10.0; Win64; x64) AppleWebKit/537.36 (KHTML, like Gecko) Chrome/90.0.4430.85 Safari/537.36"
4.213.139.114 - - [09/Jun/2025:10:49:38 -0400] "GET /wp-includes/Text/Diff/ HTTP/1.1" 200 706 "binance.com" "Mozilla/5.0 (Windows NT 10.0; Win64; x64) AppleWebKit/537.36 (KHTML, like Gecko) Chrome/90.0.4430.85 Safari/537.36"
4.213.139.114 - - [09/Jun/2025:10:49:57 -0400] "GET /wp-includes/Text/Diff/Engine/ HTTP/1.1" 200 702 "binance.com" "Mozilla/5.0 (Windows NT 10.0; Win64; x64) AppleWebKit/537.36 (KHTML, like Gecko) Chrome/90.0.4430.85 Safari/537.36"
4.213.139.114 - - [09/Jun/2025:10:50:10 -0400] "GET /wp-includes/Text/Diff/Engine/ HTTP/1.1" 200 702 "binance.com" "Mozilla/5.0 (Windows NT 10.0; Win64; x64) AppleWebKit/537.36 (KHTML, like Gecko) Chrome/90.0.4430.85 Safari/537.36"
4.213.139.114 - - [09/Jun/2025:10:50:28 -0400] "GET /wp-includes/Text/Diff/Renderer/ HTTP/1.1" 200 636 "binance.com" "Mozilla/5.0 (Windows NT 10.0; Win64; x64) AppleWebKit/537.36 (KHTML, like Gecko) Chrome/90.0.4430.85 Safari/537.36"
4.213.139.114 - - [09/Jun/2025:10:50:41 -0400] "GET /wp-includes/Text/Diff/Renderer/ HTTP/1.1" 200 636 "binance.com" "Mozilla/5.0 (Windows NT 10.0; Win64; x64) AppleWebKit/537.36 (KHTML, like Gecko) Chrome/90.0.4430.85 Safari/537.36"
4.213.139.114 - - [09/Jun/2025:10:50:54 -0400] "GET /wp-includes/blocks/ HTTP/1.1" 200 6 "binance.com" "Mozilla/5.0 (Windows NT 10.0; Win64; x64) AppleWebKit/537.36 (KHTML, like Gecko) Chrome/90.0.4430.85 Safari/537.36"
4.213.139.114 - - [09/Jun/2025:10:51:01 -0400] "GET /wp-includes/pomo/ HTTP/1.1" 200 1076 "binance.com" "Mozilla/5.0 (Windows NT 10.0; Win64; x64) AppleWebKit/537.36 (KHTML, like Gecko) Chrome/90.0.4430.85 Safari/537.36"
4.213.139.114 - - [09/Jun/2025:10:51:09 -0400] "GET /wp-includes/pomo/ HTTP/1.1" 200 1076 "binance.com" "Mozilla/5.0 (Windows NT 10.0; Win64; x64) AppleWebKit/537.36 (KHTML, like Gecko) Chrome/90.0.4430.85 Safari/537.36"
4.213.139.114 - - [09/Jun/2025:10:51:31 -0400] "GET /wp-includes/sitemaps/ HTTP/1.1" 200 1145 "binance.com" "Mozilla/5.0 (Windows NT 10.0; Win64; x64) AppleWebKit/537.36 (KHTML, like Gecko) Chrome/90.0.4430.85 Safari/537.36"
4.213.139.114 - - [09/Jun/2025:10:51:56 -0400] "GET /wp-includes/sitemaps/ HTTP/1.1" 200 1145 "binance.com" "Mozilla/5.0 (Windows NT 10.0; Win64; x64) AppleWebKit/537.36 (KHTML, like Gecko) Chrome/90.0.4430.85 Safari/537.36"
4.213.139.114 - - [09/Jun/2025:10:52:07 -0400] "GET /wp-includes/sitemaps/providers/ HTTP/1.1" 200 780 "binance.com" "Mozilla/5.0 (Windows NT 10.0; Win64; x64) AppleWebKit/537.36 (KHTML, like Gecko) Chrome/90.0.4430.85 Safari/537.36"
4.213.139.114 - - [09/Jun/2025:10:52:20 -0400] "GET /wp-includes/sitemaps/providers/ HTTP/1.1" 200 780 "binance.com" "Mozilla/5.0 (Windows NT 10.0; Win64; x64) AppleWebKit/537.36 (KHTML, like Gecko) Chrome/90.0.4430.85 Safari/537.36"
4.213.139.114 - - [09/Jun/2025:10:52:34 -0400] "GET /wp-includes/widgets/ HTTP/1.1" 200 1515 "binance.com" "Mozilla/5.0 (Windows NT 10.0; Win64; x64) AppleWebKit/537.36 (KHTML, like Gecko) Chrome/90.0.4430.85 Safari/537.36"
4.213.139.114 - - [09/Jun/2025:10:52:45 -0400] "GET /wp-includes/widgets/ HTTP/1.1" 200 1513 "binance.com" "Mozilla/5.0 (Windows NT 10.0; Win64; x64) AppleWebKit/537.36 (KHTML, like Gecko) Chrome/90.0.4430.85 Safari/537.36"
4.213.139.114 - - [09/Jun/2025:10:53:07 -0400] "GET /wp-includes/widgets/class-wp-widget-block.php HTTP/1.1" 403 1242 "binance.com" "Mozilla/5.0 (Windows NT 10.0; Win64; x64) AppleWebKit/537.36 (KHTML, like Gecko) Chrome/90.0.4430.85 Safari/537.36"
4.213.139.114 - - [09/Jun/2025:10:53:20 -0400] "GET /wp-includes/css/ HTTP/1.1" 200 1818 "binance.com" "Mozilla/5.0 (Windows NT 10.0; Win64; x64) AppleWebKit/537.36 (KHTML, like Gecko) Chrome/90.0.4430.85 Safari/537.36"
4.213.139.114 - - [09/Jun/2025:10:53:30 -0400] "GET /wp-includes/css/dist/ HTTP/1.1" 200 1149 "binance.com" "Mozilla/5.0 (Windows NT 10.0; Win64; x64) AppleWebKit/537.36 (KHTML, like Gecko) Chrome/90.0.4430.85 Safari/537.36"
4.213.139.114 - - [09/Jun/2025:10:53:38 -0400] "GET /wp-includes/fonts/ HTTP/1.1" 200 1237 "binance.com" "Mozilla/5.0 (Windows NT 10.0; Win64; x64) AppleWebKit/537.36 (KHTML, like Gecko) Chrome/90.0.4430.85 Safari/537.36"
4.213.139.114 - - [09/Jun/2025:10:53:48 -0400] "GET /wp-includes/fonts/ HTTP/1.1" 200 1237 "binance.com" "Mozilla/5.0 (Windows NT 10.0; Win64; x64) AppleWebKit/537.36 (KHTML, like Gecko) Chrome/90.0.4430.85 Safari/537.36"
4.213.139.114 - - [09/Jun/2025:10:54:02 -0400] "GET /wp-includes/fonts/class-wp-font-collection.php HTTP/1.1" 403 1242 "binance.com" "Mozilla/5.0 (Windows NT 10.0; Win64; x64) AppleWebKit/537.36 (KHTML, like Gecko) Chrome/90.0.4430.85 Safari/537.36"
4.213.139.114 - - [09/Jun/2025:10:54:15 -0400] "GET /wp-includes/fonts/class-wp-font-face-resolver.php HTTP/1.1" 403 1242 "binance.com" "Mozilla/5.0 (Windows NT 10.0; Win64; x64) AppleWebKit/537.36 (KHTML, like Gecko) Chrome/90.0.4430.85 Safari/537.36"
4.213.139.114 - - [09/Jun/2025:10:54:28 -0400] "GET /wp-includes/fonts/class-wp-font-face.php HTTP/1.1" 403 1242 "binance.com" "Mozilla/5.0 (Windows NT 10.0; Win64; x64) AppleWebKit/537.36 (KHTML, like Gecko) Chrome/90.0.4430.85 Safari/537.36"
4.213.139.114 - - [09/Jun/2025:10:54:39 -0400] "GET /wp-includes/fonts/class-wp-font-library.php HTTP/1.1" 403 1242 "binance.com" "Mozilla/5.0 (Windows NT 10.0; Win64; x64) AppleWebKit/537.36 (KHTML, like Gecko) Chrome/90.0.4430.85 Safari/537.36"
4.213.139.114 - - [09/Jun/2025:10:55:05 -0400] "GET /wp-includes/fonts/class-wp-font-utils.php HTTP/1.1" 403 1242 "binance.com" "Mozilla/5.0 (Windows NT 10.0; Win64; x64) AppleWebKit/537.36 (KHTML, like Gecko) Chrome/90.0.4430.85 Safari/537.36"
4.213.139.114 - - [09/Jun/2025:10:55:28 -0400] "GET /wp-includes/images/ HTTP/1.1" 200 1502 "binance.com" "Mozilla/5.0 (Windows NT 10.0; Win64; x64) AppleWebKit/537.36 (KHTML, like Gecko) Chrome/90.0.4430.85 Safari/537.36"
4.213.139.114 - - [09/Jun/2025:10:55:40 -0400] "GET /wp-includes/images/crystal/ HTTP/1.1" 200 1129 "binance.com" "Mozilla/5.0 (Windows NT 10.0; Win64; x64) AppleWebKit/537.36 (KHTML, like Gecko) Chrome/90.0.4430.85 Safari/537.36"
4.213.139.114 - - [09/Jun/2025:10:55:52 -0400] "GET /wp-includes/images/media/ HTTP/1.1" 200 1235 "binance.com" "Mozilla/5.0 (Windows NT 10.0; Win64; x64) AppleWebKit/537.36 (KHTML, like Gecko) Chrome/90.0.4430.85 Safari/537.36"
4.213.139.114 - - [09/Jun/2025:10:56:04 -0400] "GET /wp-includes/images/smilies/ HTTP/1.1" 200 1418 "binance.com" "Mozilla/5.0 (Windows NT 10.0; Win64; x64) AppleWebKit/537.36 (KHTML, like Gecko) Chrome/90.0.4430.85 Safari/537.36"
4.213.139.114 - - [09/Jun/2025:10:56:41 -0400] "GET /wp-includes/images/wlw/ HTTP/1.1" 404 1251 "binance.com" "Mozilla/5.0 (Windows NT 10.0; Win64; x64) AppleWebKit/537.36 (KHTML, like Gecko) Chrome/90.0.4430.85 Safari/537.36"
4.213.139.114 - - [09/Jun/2025:10:56:53 -0400] "GET /wp-includes/js/%20 HTTP/1.1" 404 1251 "binance.com" "Mozilla/5.0 (Windows NT 10.0; Win64; x64) AppleWebKit/537.36 (KHTML, like Gecko) Chrome/90.0.4430.85 Safari/537.36"
4.213.139.114 - - [09/Jun/2025:10:57:05 -0400] "GET /wp-includes/js/codemirror/ HTTP/1.1" 200 1114 "binance.com" "Mozilla/5.0 (Windows NT 10.0; Win64; x64) AppleWebKit/537.36 (KHTML, like Gecko) Chrome/90.0.4430.85 Safari/537.36"
4.213.139.114 - - [09/Jun/2025:10:57:16 -0400] "GET /wp-includes/js/plupload/ HTTP/1.1" 200 1163 "binance.com" "Mozilla/5.0 (Windows NT 10.0; Win64; x64) AppleWebKit/537.36 (KHTML, like Gecko) Chrome/90.0.4430.85 Safari/537.36"
4.213.139.114 - - [09/Jun/2025:10:57:25 -0400] "GET /.well-known/ HTTP/1.1" 200 621 "binance.com" "Mozilla/5.0 (Windows NT 10.0; Win64; x64) AppleWebKit/537.36 (KHTML, like Gecko) Chrome/90.0.4430.85 Safari/537.36"
43.133.91.48 - - [09/Jun/2025:10:58:59 -0400] "GET /l2OtEClRsG_aldmcOWCp4 HTTP/1.1" 200 131 "-" "Mozilla/5.0 (iPhone; CPU iPhone OS 13_2_3 like Mac OS X) AppleWebKit/605.1.15 (KHTML, like Gecko) Version/13.0.3 Mobile/15E148 Safari/604.1"
5.255.231.129 - - [09/Jun/2025:11:02:39 -0400] "GET /tag/volume/ HTTP/1.1" 404 1251 "-" "Mozilla/5.0 (compatible; YandexBot/3.0; +http://yandex.com/bots)"
114.119.132.108 - - [09/Jun/2025:11:03:19 -0400] "GET /category/yours-to-claim-read/page/6/ HTTP/1.1" 404 1251 "https://w5.yours-toclaim.com/category/yours-to-claim-read/page/7/" "Mozilla/5.0 (Linux; Android 7.0;) AppleWebKit/537.36 (KHTML, like Gecko) Mobile Safari/537.36 (compatible; PetalBot;+https://webmaster.petalsearch.com/site/petalbot)"
162.248.77.175 - - [09/Jun/2025:11:13:10 -0400] "GET //index.php?params HTTP/1.1" 404 1251 "-" "Mozilla/5.0 (compatible; Googlebot/2.1; +http://www.google.com/bot.html; (greenwich&lewisham))"
162.248.77.175 - - [09/Jun/2025:11:13:11 -0400] "GET /about.php?ac=p&api=&path=&t=72fc6aa1a5dc96c5640d88f379c080fa HTTP/1.1" 404 1251 "-" "Mozilla/5.0 (Windows NT 10.0; Win64; x64) AppleWebKit/537.36 (KHTML, like Gecko) Chrome/113.0.0.0 Safari/537.36"
162.248.77.175 - - [09/Jun/2025:11:13:20 -0400] "GET /wp-includes/css/dist/block-editor/wp-login.php?520 HTTP/1.1" 404 1251 "-" "Mozilla/5.0 (Windows NT 10.0; Win64; x64) AppleWebKit/537.36 (KHTML, like Gecko) Chrome/113.0.0.0 Safari/537.36"
162.248.77.175 - - [09/Jun/2025:11:13:21 -0400] "GET /wp-includes/css/dist/block-editor/wp-login.php?ac=p&api=&path=&t=72fc6aa1a5dc96c5640d88f379c080fa HTTP/1.1" 404 1251 "-" "Mozilla/5.0 (Windows NT 10.0; Win64; x64) AppleWebKit/537.36 (KHTML, like Gecko) Chrome/113.0.0.0 Safari/537.36"
43.159.148.221 - - [09/Jun/2025:11:13:28 -0400] "GET /?NA HTTP/1.1" 200 1658 "-" "Mozilla/5.0 (iPhone; CPU iPhone OS 13_2_3 like Mac OS X) AppleWebKit/605.1.15 (KHTML, like Gecko) Version/13.0.3 Mobile/15E148 Safari/604.1"
162.248.77.175 - - [09/Jun/2025:11:13:33 -0400] "GET /wp-content/themes/twentytwentythree/parts/content.php?520 HTTP/1.1" 404 1251 "-" "Mozilla/5.0 (Windows NT 10.0; Win64; x64) AppleWebKit/537.36 (KHTML, like Gecko) Chrome/113.0.0.0 Safari/537.36"
162.248.77.175 - - [09/Jun/2025:11:13:34 -0400] "GET /wp-content/themes/twentytwentythree/parts/content.php?ac=p&api=&path=&t=72fc6aa1a5dc96c5640d88f379c080fa HTTP/1.1" 404 1251 "-" "Mozilla/5.0 (Windows NT 10.0; Win64; x64) AppleWebKit/537.36 (KHTML, like Gecko) Chrome/113.0.0.0 Safari/537.36"
162.248.77.175 - - [09/Jun/2025:11:13:50 -0400] "GET /wp-includes/Requests/src/Proxy/index.php?520 HTTP/1.1" 404 1251 "-" "Mozilla/5.0 (Windows NT 10.0; Win64; x64) AppleWebKit/537.36 (KHTML, like Gecko) Chrome/113.0.0.0 Safari/537.36"
162.248.77.175 - - [09/Jun/2025:11:13:51 -0400] "GET /wp-includes/Requests/src/Proxy/index.php?ac=p&api=&path=&t=72fc6aa1a5dc96c5640d88f379c080fa HTTP/1.1" 404 1251 "-" "Mozilla/5.0 (Windows NT 10.0; Win64; x64) AppleWebKit/537.36 (KHTML, like Gecko) Chrome/113.0.0.0 Safari/537.36"
170.231.250.109 - - [09/Jun/2025:11:13:51 -0400] "GET / HTTP/1.1" 200 1658 "-" "python-requests/2.32.3"
162.248.77.175 - - [09/Jun/2025:11:14:05 -0400] "GET /wp-content/plugins/post-types-order/js/radio.php?520 HTTP/1.1" 200 72 "-" "Mozilla/5.0 (Windows NT 10.0; Win64; x64) AppleWebKit/537.36 (KHTML, like Gecko) Chrome/113.0.0.0 Safari/537.36"
162.248.77.175 - - [09/Jun/2025:11:14:06 -0400] "POST /wp-content/plugins/post-types-order/js/radio.php?520 HTTP/1.1" 200 1185 "-" "Mozilla/5.0 (Windows NT 10.0; Win64; x64) AppleWebKit/537.36 (KHTML, like Gecko) Chrome/113.0.0.0 Safari/537.36"
216.73.216.235 - - [09/Jun/2025:11:14:06 -0400] "GET /sitemap_index.xml HTTP/1.1" 404 1251 "-" "Mozilla/5.0 AppleWebKit/537.36 (KHTML, like Gecko; compatible; ClaudeBot/1.0; [email protected])"
162.248.77.175 - - [09/Jun/2025:11:14:06 -0400] "GET /wp-content/plugins/post-types-order/js/radio.php?520 HTTP/1.1" 200 72 "https://w5.yours-toclaim.com/wp-content/plugins/post-types-order/js/radio.php?520" "Mozilla/5.0 (Windows NT 10.0; Win64; x64) AppleWebKit/537.36 (KHTML, like Gecko) Chrome/113.0.0.0 Safari/537.36"
162.248.77.175 - - [09/Jun/2025:11:14:07 -0400] "POST /wp-content/plugins/post-types-order/js/radio.php?520&pass=998cd1196f06e9e6995ac6af1dbdc6fa HTTP/1.1" 200 1208 "-" "-"
162.248.77.175 - - [09/Jun/2025:11:14:09 -0400] "GET /wp-content/plugins/post-types-order/js/lock360.php?ac=p&api=&path=&t=72fc6aa1a5dc96c5640d88f379c080fa HTTP/1.1" 200 44 "-" "Mozilla/5.0 (Windows NT 10.0; Win64; x64) AppleWebKit/537.36 (KHTML, like Gecko) Chrome/113.0.0.0 Safari/537.36"
114.119.130.116 - - [09/Jun/2025:11:04:44 -0400] "GET /tag/webcomic/page/8/ HTTP/1.1" 404 1251 "https://w4.yours-toclaim.com/tag/webcomic/page/9/" "Mozilla/5.0 (Linux; Android 7.0;) AppleWebKit/537.36 (KHTML, like Gecko) Mobile Safari/537.36 (compatible; PetalBot;+https://webmaster.petalsearch.com/site/petalbot)"
51.254.199.77 - - [09/Jun/2025:11:09:08 -0400] "POST /xmlrpc.php HTTP/1.1" 403 1242 "-" "Mozilla/5.0 (X11; Ubuntu; Linux x86_64; rv:85.0) Gecko/20100101 Firefox/91.0"
162.248.77.175 - - [09/Jun/2025:11:14:10 -0400] "GET /wp-content/plugins/post-types-order/js/radio.php?ac=p&api=&path=&t=72fc6aa1a5dc96c5640d88f379c080fa HTTP/1.1" 200 56 "-" "Mozilla/5.0 (Windows NT 10.0; Win64; x64) AppleWebKit/537.36 (KHTML, like Gecko) Chrome/113.0.0.0 Safari/537.36"
162.248.77.175 - - [09/Jun/2025:11:14:11 -0400] "GET /wp-content/plugins/post-types-order/js/radio.php?ac=kill&api=&path=&t=72fc6aa1a5dc96c5640d88f379c080fa&s=1 HTTP/1.1" 503 856 "-" "Mozilla/5.0 (Windows NT 10.0; Win64; x64) AppleWebKit/537.36 (KHTML, like Gecko) Chrome/113.0.0.0 Safari/537.36"
162.248.77.175 - - [09/Jun/2025:11:14:12 -0400] "GET /wp-content/plugins/post-types-order/js/radio.php?ac=unlink&api=&path=/home/honehdyv/yours-toclaim.com/.htaccess&t=72fc6aa1a5dc96c5640d88f379c080fa&s=1 HTTP/1.1" 403 1242 "-" "Mozilla/5.0 (Windows NT 10.0; Win64; x64) AppleWebKit/537.36 (KHTML, like Gecko) Chrome/113.0.0.0 Safari/537.36"
162.248.77.175 - - [09/Jun/2025:11:14:13 -0400] "GET /wp-content/plugins/post-types-order/js/radio.php?ac=clear_index-code&api=&path=/home/honehdyv/yours-toclaim.com/index.php&t=72fc6aa1a5dc96c5640d88f379c080fa&s=1 HTTP/1.1" 200 31 "-" "Mozilla/5.0 (Windows NT 10.0; Win64; x64) AppleWebKit/537.36 (KHTML, like Gecko) Chrome/113.0.0.0 Safari/537.36"
