40.69.47.210 - - [08/Jun/2025:19:41:07 -0400] "GET /wp-includes/js/tinymce/plugins/compat3x/css/ HTTP/1.1" 200 638 "-" "-"
40.69.47.210 - - [08/Jun/2025:19:41:08 -0400] "GET /.well-known/pki-validation/about.php HTTP/1.1" 301 0 "-" "-"
40.69.47.210 - - [08/Jun/2025:19:41:08 -0400] "GET / HTTP/1.1" 200 37316 "-" "-"
40.69.47.210 - - [08/Jun/2025:19:41:08 -0400] "GET /wp-content/plugins/xt/ HTTP/1.1" 301 0 "-" "-"
40.69.47.210 - - [08/Jun/2025:19:41:08 -0400] "GET / HTTP/1.1" 200 37316 "-" "-"
40.69.47.210 - - [08/Jun/2025:19:41:09 -0400] "GET /wp-configs.php HTTP/1.1" 301 0 "-" "-"
40.69.47.210 - - [08/Jun/2025:19:41:09 -0400] "GET / HTTP/1.1" 200 37316 "-" "-"
40.69.47.210 - - [08/Jun/2025:19:41:09 -0400] "GET /wso.php HTTP/1.1" 301 0 "-" "-"
40.69.47.210 - - [08/Jun/2025:19:41:10 -0400] "GET / HTTP/1.1" 200 37316 "-" "-"
40.69.47.210 - - [08/Jun/2025:19:41:10 -0400] "GET /wp-login.php HTTP/1.1" 200 1988 "-" "-"
40.69.47.210 - - [08/Jun/2025:19:41:10 -0400] "GET /buy.php HTTP/1.1" 301 0 "-" "-"
40.69.47.210 - - [08/Jun/2025:19:41:11 -0400] "GET / HTTP/1.1" 200 37316 "-" "-"
40.69.47.210 - - [08/Jun/2025:19:41:11 -0400] "GET /help.php HTTP/1.1" 301 0 "-" "-"
40.69.47.210 - - [08/Jun/2025:19:41:11 -0400] "GET / HTTP/1.1" 200 37383 "-" "-"
40.69.47.210 - - [08/Jun/2025:19:41:12 -0400] "GET /wp-back.php HTTP/1.1" 301 0 "-" "-"
40.69.47.210 - - [08/Jun/2025:19:41:12 -0400] "GET / HTTP/1.1" 200 37316 "-" "-"
40.69.47.210 - - [08/Jun/2025:19:41:12 -0400] "GET /themes.php HTTP/1.1" 301 0 "-" "-"
40.69.47.210 - - [08/Jun/2025:19:41:13 -0400] "GET / HTTP/1.1" 200 37383 "-" "-"
40.69.47.210 - - [08/Jun/2025:19:41:13 -0400] "GET /wp-content/autoload_classmap.php HTTP/1.1" 301 0 "-" "-"
40.69.47.210 - - [08/Jun/2025:19:41:13 -0400] "GET / HTTP/1.1" 200 37305 "-" "-"
40.69.47.210 - - [08/Jun/2025:19:41:13 -0400] "GET /wp-content/plugins/about.php HTTP/1.1" 301 0 "-" "-"
40.69.47.210 - - [08/Jun/2025:19:41:14 -0400] "GET / HTTP/1.1" 200 37316 "-" "-"
40.69.47.210 - - [08/Jun/2025:19:41:14 -0400] "GET /wp-includes/sodium_compat/src/Core32/Curve25519/Ge/index.php HTTP/1.1" 301 0 "-" "-"
40.69.47.210 - - [08/Jun/2025:19:41:14 -0400] "GET / HTTP/1.1" 200 37316 "-" "-"
40.69.47.210 - - [08/Jun/2025:19:41:14 -0400] "GET /wp-content/uploads/2024/index.php HTTP/1.1" 301 0 "-" "-"
40.69.47.210 - - [08/Jun/2025:19:41:15 -0400] "GET / HTTP/1.1" 200 37316 "-" "-"
40.69.47.210 - - [08/Jun/2025:19:41:15 -0400] "GET /home/function.php HTTP/1.1" 301 0 "-" "-"
40.69.47.210 - - [08/Jun/2025:19:41:15 -0400] "GET / HTTP/1.1" 200 37316 "-" "-"
40.69.47.210 - - [08/Jun/2025:19:41:15 -0400] "GET /wp-content/plugins/WordPressCore/include.php HTTP/1.1" 301 0 "-" "-"
40.69.47.210 - - [08/Jun/2025:19:41:16 -0400] "GET / HTTP/1.1" 200 37316 "-" "-"
40.69.47.210 - - [08/Jun/2025:19:41:16 -0400] "GET /wp-content/plugins/simple/simple.php HTTP/1.1" 301 0 "-" "-"
40.69.47.210 - - [08/Jun/2025:19:41:16 -0400] "GET / HTTP/1.1" 200 37316 "-" "-"
40.69.47.210 - - [08/Jun/2025:19:41:16 -0400] "GET /wp-admin/css/colors/blue/about.php HTTP/1.1" 301 0 "-" "-"
40.69.47.210 - - [08/Jun/2025:19:41:17 -0400] "GET / HTTP/1.1" 200 37316 "-" "-"
40.69.47.210 - - [08/Jun/2025:19:41:17 -0400] "GET /wp-admin/css/colors/midnight/colors.php HTTP/1.1" 301 0 "-" "-"
40.69.47.210 - - [08/Jun/2025:19:41:17 -0400] "GET / HTTP/1.1" 200 37316 "-" "-"
40.69.47.210 - - [08/Jun/2025:19:41:18 -0400] "GET /alfanew.php7 HTTP/1.1" 301 0 "-" "-"
40.69.47.210 - - [08/Jun/2025:19:41:18 -0400] "GET / HTTP/1.1" 200 37316 "-" "-"
40.69.47.210 - - [08/Jun/2025:19:41:18 -0400] "GET /config.php HTTP/1.1" 301 0 "-" "-"
40.69.47.210 - - [08/Jun/2025:19:41:18 -0400] "GET / HTTP/1.1" 200 37383 "-" "-"
40.69.47.210 - - [08/Jun/2025:19:41:19 -0400] "GET /wp-includes/customize/about.php HTTP/1.1" 301 0 "-" "-"
40.69.47.210 - - [08/Jun/2025:19:41:19 -0400] "GET / HTTP/1.1" 200 37316 "-" "-"
40.69.47.210 - - [08/Jun/2025:19:41:19 -0400] "GET /ws.php HTTP/1.1" 301 0 "-" "-"
40.69.47.210 - - [08/Jun/2025:19:41:20 -0400] "GET / HTTP/1.1" 200 37316 "-" "-"
40.69.47.210 - - [08/Jun/2025:19:41:20 -0400] "GET /themes/index.php HTTP/1.1" 301 0 "-" "-"
40.69.47.210 - - [08/Jun/2025:19:41:20 -0400] "GET / HTTP/1.1" 200 37316 "-" "-"
40.69.47.210 - - [08/Jun/2025:19:41:20 -0400] "GET /link.php HTTP/1.1" 301 0 "-" "-"
40.69.47.210 - - [08/Jun/2025:19:41:21 -0400] "GET / HTTP/1.1" 200 37316 "-" "-"
40.69.47.210 - - [08/Jun/2025:19:41:21 -0400] "GET /moderation.php HTTP/1.1" 301 0 "-" "-"
40.69.47.210 - - [08/Jun/2025:19:41:21 -0400] "GET / HTTP/1.1" 200 37316 "-" "-"
40.69.47.210 - - [08/Jun/2025:19:41:21 -0400] "GET /wp-content/about.php HTTP/1.1" 301 0 "-" "-"
40.69.47.210 - - [08/Jun/2025:19:41:22 -0400] "GET / HTTP/1.1" 200 37316 "-" "-"
40.69.47.210 - - [08/Jun/2025:19:41:22 -0400] "GET /erin1.PhP7 HTTP/1.1" 301 0 "-" "-"
40.69.47.210 - - [08/Jun/2025:19:41:22 -0400] "GET / HTTP/1.1" 200 37316 "-" "-"
40.69.47.210 - - [08/Jun/2025:19:41:23 -0400] "GET /wp-content/plugins/xt HTTP/1.1" 301 0 "-" "-"
40.69.47.210 - - [08/Jun/2025:19:41:23 -0400] "GET / HTTP/1.1" 200 37316 "-" "-"
40.69.47.210 - - [08/Jun/2025:19:41:23 -0400] "GET /xx.php HTTP/1.1" 301 0 "-" "-"
40.69.47.210 - - [08/Jun/2025:19:41:23 -0400] "GET / HTTP/1.1" 200 37316 "-" "-"
40.69.47.210 - - [08/Jun/2025:19:41:24 -0400] "GET /wp-admin/network/index.php HTTP/1.1" 302 0 "-" "-"
40.69.47.210 - - [08/Jun/2025:19:41:24 -0400] "GET /wp-login.php?redirect_to=https%3A%2F%2Fw5.yours-toclaim.com%2Fwp-admin%2Fnetwork%2Findex.php&reauth=1 HTTP/1.1" 200 1990 "-" "-"
162.0.232.193 - - [08/Jun/2025:19:41:30 -0400] "POST /wp-cron.php?doing_wp_cron=1749426090.3032119274139404296875 HTTP/1.1" 200 0 "-" "WordPress/6.8.1; https://w5.yours-toclaim.com"
196.251.85.177 - - [08/Jun/2025:19:41:02 -0400] "POST //xmlrpc.php HTTP/1.1" 200 205 "-" "Mozilla/5.0 (Windows NT 10.0; Win64; x64) AppleWebKit/537.36 (KHTML, like Gecko) Chrome/89.0.4389.114 Safari/537.36"
162.0.232.193 - - [08/Jun/2025:19:42:00 -0400] "POST /wp-cron.php?doing_wp_cron=1749426120.3612549304962158203125 HTTP/1.1" 200 0 "-" "WordPress/6.8.1; https://w5.yours-toclaim.com"
196.251.85.177 - - [08/Jun/2025:19:41:31 -0400] "POST //xmlrpc.php HTTP/1.1" 200 205 "-" "Mozilla/5.0 (Windows NT 10.0; Win64; x64) AppleWebKit/537.36 (KHTML, like Gecko) Chrome/89.0.4389.114 Safari/537.36"
162.0.232.193 - - [08/Jun/2025:19:42:30 -0400] "POST /wp-cron.php?doing_wp_cron=1749426150.4623908996582031250000 HTTP/1.1" 200 0 "-" "WordPress/6.8.1; https://w5.yours-toclaim.com"
196.251.85.177 - - [08/Jun/2025:19:42:01 -0400] "POST //xmlrpc.php HTTP/1.1" 200 205 "-" "Mozilla/5.0 (Windows NT 10.0; Win64; x64) AppleWebKit/537.36 (KHTML, like Gecko) Chrome/89.0.4389.114 Safari/537.36"
162.0.232.193 - - [08/Jun/2025:19:43:00 -0400] "POST /wp-cron.php?doing_wp_cron=1749426180.5202689170837402343750 HTTP/1.1" 200 0 "-" "WordPress/6.8.1; https://w5.yours-toclaim.com"
196.251.85.177 - - [08/Jun/2025:19:42:31 -0400] "POST //xmlrpc.php HTTP/1.1" 200 205 "-" "Mozilla/5.0 (Windows NT 10.0; Win64; x64) AppleWebKit/537.36 (KHTML, like Gecko) Chrome/89.0.4389.114 Safari/537.36"
162.0.232.193 - - [08/Jun/2025:19:43:30 -0400] "POST /wp-cron.php?doing_wp_cron=1749426210.5311419963836669921875 HTTP/1.1" 200 0 "-" "WordPress/6.8.1; https://w5.yours-toclaim.com"
196.251.85.177 - - [08/Jun/2025:19:43:01 -0400] "POST //xmlrpc.php HTTP/1.1" 200 205 "-" "Mozilla/5.0 (Windows NT 10.0; Win64; x64) AppleWebKit/537.36 (KHTML, like Gecko) Chrome/89.0.4389.114 Safari/537.36"
162.0.232.193 - - [08/Jun/2025:19:44:00 -0400] "POST /wp-cron.php?doing_wp_cron=1749426240.9108579158782958984375 HTTP/1.1" 200 0 "-" "WordPress/6.8.1; https://w5.yours-toclaim.com"
196.251.85.177 - - [08/Jun/2025:19:43:31 -0400] "POST //xmlrpc.php HTTP/1.1" 200 205 "-" "Mozilla/5.0 (Windows NT 10.0; Win64; x64) AppleWebKit/537.36 (KHTML, like Gecko) Chrome/89.0.4389.114 Safari/537.36"
162.0.232.193 - - [08/Jun/2025:19:44:31 -0400] "POST /wp-cron.php?doing_wp_cron=1749426271.0057909488677978515625 HTTP/1.1" 200 0 "-" "WordPress/6.8.1; https://w5.yours-toclaim.com"
196.251.85.177 - - [08/Jun/2025:19:44:01 -0400] "POST //xmlrpc.php HTTP/1.1" 200 205 "-" "Mozilla/5.0 (Windows NT 10.0; Win64; x64) AppleWebKit/537.36 (KHTML, like Gecko) Chrome/89.0.4389.114 Safari/537.36"
150.109.230.210 - - [08/Jun/2025:19:44:42 -0400] "GET / HTTP/1.1" 200 37392 "https://www.yours-toclaim.com/" "Mozilla/5.0 (iPhone; CPU iPhone OS 13_2_3 like Mac OS X) AppleWebKit/605.1.15 (KHTML, like Gecko) Version/13.0.3 Mobile/15E148 Safari/604.1"
162.0.232.193 - - [08/Jun/2025:19:45:01 -0400] "POST /wp-cron.php?doing_wp_cron=1749426301.1305439472198486328125 HTTP/1.1" 200 0 "-" "WordPress/6.8.1; https://w5.yours-toclaim.com"
196.251.85.177 - - [08/Jun/2025:19:44:31 -0400] "POST //xmlrpc.php HTTP/1.1" 200 205 "-" "Mozilla/5.0 (Windows NT 10.0; Win64; x64) AppleWebKit/537.36 (KHTML, like Gecko) Chrome/89.0.4389.114 Safari/537.36"
162.0.232.193 - - [08/Jun/2025:19:45:31 -0400] "POST /wp-cron.php?doing_wp_cron=1749426331.2221610546112060546875 HTTP/1.1" 200 0 "-" "WordPress/6.8.1; https://w5.yours-toclaim.com"
196.251.85.177 - - [08/Jun/2025:19:45:01 -0400] "POST //xmlrpc.php HTTP/1.1" 200 205 "-" "Mozilla/5.0 (Windows NT 10.0; Win64; x64) AppleWebKit/537.36 (KHTML, like Gecko) Chrome/89.0.4389.114 Safari/537.36"
162.0.232.193 - - [08/Jun/2025:19:46:00 -0400] "POST /wp-cron.php?doing_wp_cron=1749426360.2037250995635986328125 HTTP/1.1" 200 0 "-" "WordPress/6.8.1; https://w5.yours-toclaim.com"
196.251.85.177 - - [08/Jun/2025:19:45:32 -0400] "POST //xmlrpc.php HTTP/1.1" 200 205 "-" "Mozilla/5.0 (Windows NT 10.0; Win64; x64) AppleWebKit/537.36 (KHTML, like Gecko) Chrome/89.0.4389.114 Safari/537.36"
222.211.73.63 - - [08/Jun/2025:19:49:51 -0400] "GET / HTTP/1.1" 200 37305 "-" "Mozilla/5.0 (Windows NT 10.0; Win64; x64) AppleWebKit/537.36 (KHTML, like Gecko) Chrome/91.0.4472.124 Safari/537.36"
222.211.73.63 - - [08/Jun/2025:19:49:55 -0400] "GET / HTTP/1.1" 200 37316 "-" "Mozilla/5.0 (Windows NT 10.0; Win64; x64) AppleWebKit/537.36 (KHTML, like Gecko) Chrome/91.0.4472.124 Safari/537.36"
162.0.232.193 - - [08/Jun/2025:19:55:51 -0400] "POST /wp-cron.php?doing_wp_cron=1749426951.6773660182952880859375 HTTP/1.1" 200 0 "-" "WordPress/6.8.1; https://w5.yours-toclaim.com"
162.0.232.193 - - [08/Jun/2025:19:56:30 -0400] "POST /wp-cron.php?doing_wp_cron=1749426990.5005509853363037109375 HTTP/1.1" 200 0 "-" "WordPress/6.8.1; https://w5.yours-toclaim.com"
84.17.60.236 - - [08/Jun/2025:19:56:30 -0400] "GET //wp-includes/wlwmanifest.xml HTTP/1.1" 301 0 "-" "Mozilla/5.0 (Windows NT 10.0; Win64; x64) AppleWebKit/537.36 (KHTML, like Gecko) Chrome/78.0.3904.108 Safari/537.36"
84.17.60.236 - - [08/Jun/2025:19:56:31 -0400] "GET //xmlrpc.php?rsd HTTP/1.1" 200 298 "-" "Mozilla/5.0 (Windows NT 10.0; Win64; x64) AppleWebKit/537.36 (KHTML, like Gecko) Chrome/78.0.3904.108 Safari/537.36"
84.17.60.236 - - [08/Jun/2025:19:56:31 -0400] "GET //?author=1 HTTP/1.1" 301 0 "-" "Mozilla/5.0 (Windows NT 10.0; Win64; x64) AppleWebKit/537.36 (KHTML, like Gecko) Chrome/78.0.3904.108 Safari/537.36"
84.17.60.236 - - [08/Jun/2025:19:56:32 -0400] "GET //?author=2 HTTP/1.1" 301 0 "-" "Mozilla/5.0 (Windows NT 10.0; Win64; x64) AppleWebKit/537.36 (KHTML, like Gecko) Chrome/78.0.3904.108 Safari/537.36"
84.17.60.236 - - [08/Jun/2025:19:56:32 -0400] "GET //wp-json/wp/v2/users/ HTTP/1.1" 200 747 "-" "Mozilla/5.0 (Windows NT 10.0; Win64; x64) AppleWebKit/537.36 (KHTML, like Gecko) Chrome/78.0.3904.108 Safari/537.36"
162.0.232.193 - - [08/Jun/2025:19:57:01 -0400] "POST /wp-cron.php?doing_wp_cron=1749427021.0097520351409912109375 HTTP/1.1" 200 0 "-" "WordPress/6.8.1; https://w5.yours-toclaim.com"
84.17.60.236 - - [08/Jun/2025:19:56:32 -0400] "POST //xmlrpc.php HTTP/1.1" 200 205 "-" "Mozilla/5.0 (Windows NT 10.0; Win64; x64) AppleWebKit/537.36 (KHTML, like Gecko) Chrome/78.0.3904.108 Safari/537.36"
162.0.232.193 - - [08/Jun/2025:19:57:31 -0400] "POST /wp-cron.php?doing_wp_cron=1749427051.0460400581359863281250 HTTP/1.1" 200 0 "-" "WordPress/6.8.1; https://w5.yours-toclaim.com"
84.17.60.236 - - [08/Jun/2025:19:57:01 -0400] "POST //xmlrpc.php HTTP/1.1" 200 205 "-" "Mozilla/5.0 (Windows NT 10.0; Win64; x64) AppleWebKit/537.36 (KHTML, like Gecko) Chrome/78.0.3904.108 Safari/537.36"
162.0.232.193 - - [08/Jun/2025:19:58:15 -0400] "POST /wp-cron.php?doing_wp_cron=1749427095.8205630779266357421875 HTTP/1.1" 200 0 "-" "WordPress/6.8.1; https://w5.yours-toclaim.com"
84.17.60.236 - - [08/Jun/2025:19:57:31 -0400] "POST //xmlrpc.php HTTP/1.1" 200 205 "-" "Mozilla/5.0 (Windows NT 10.0; Win64; x64) AppleWebKit/537.36 (KHTML, like Gecko) Chrome/78.0.3904.108 Safari/537.36"
162.0.232.193 - - [08/Jun/2025:19:59:00 -0400] "POST /wp-cron.php?doing_wp_cron=1749427140.7285740375518798828125 HTTP/1.1" 200 0 "-" "WordPress/6.8.1; https://w5.yours-toclaim.com"
84.17.60.236 - - [08/Jun/2025:19:58:16 -0400] "POST //xmlrpc.php HTTP/1.1" 200 205 "-" "Mozilla/5.0 (Windows NT 10.0; Win64; x64) AppleWebKit/537.36 (KHTML, like Gecko) Chrome/78.0.3904.108 Safari/537.36"
162.0.232.193 - - [08/Jun/2025:19:59:30 -0400] "POST /wp-cron.php?doing_wp_cron=1749427170.5693869590759277343750 HTTP/1.1" 200 0 "-" "WordPress/6.8.1; https://w5.yours-toclaim.com"
84.17.60.236 - - [08/Jun/2025:19:59:01 -0400] "POST //xmlrpc.php HTTP/1.1" 200 205 "-" "Mozilla/5.0 (Windows NT 10.0; Win64; x64) AppleWebKit/537.36 (KHTML, like Gecko) Chrome/78.0.3904.108 Safari/537.36"
162.0.232.193 - - [08/Jun/2025:20:00:00 -0400] "POST /wp-cron.php?doing_wp_cron=1749427200.5509190559387207031250 HTTP/1.1" 200 0 "-" "WordPress/6.8.1; https://w5.yours-toclaim.com"
84.17.60.236 - - [08/Jun/2025:19:59:31 -0400] "POST //xmlrpc.php HTTP/1.1" 200 205 "-" "Mozilla/5.0 (Windows NT 10.0; Win64; x64) AppleWebKit/537.36 (KHTML, like Gecko) Chrome/78.0.3904.108 Safari/537.36"
162.0.232.193 - - [08/Jun/2025:20:00:31 -0400] "POST /wp-cron.php?doing_wp_cron=1749427231.0094978809356689453125 HTTP/1.1" 200 0 "-" "WordPress/6.8.1; https://w5.yours-toclaim.com"
84.17.60.236 - - [08/Jun/2025:20:00:01 -0400] "POST //xmlrpc.php HTTP/1.1" 200 205 "-" "Mozilla/5.0 (Windows NT 10.0; Win64; x64) AppleWebKit/537.36 (KHTML, like Gecko) Chrome/78.0.3904.108 Safari/537.36"
162.0.232.193 - - [08/Jun/2025:20:01:01 -0400] "POST /wp-cron.php?doing_wp_cron=1749427261.0879230499267578125000 HTTP/1.1" 200 0 "-" "WordPress/6.8.1; https://w5.yours-toclaim.com"
84.17.60.236 - - [08/Jun/2025:20:00:31 -0400] "POST //xmlrpc.php HTTP/1.1" 200 205 "-" "Mozilla/5.0 (Windows NT 10.0; Win64; x64) AppleWebKit/537.36 (KHTML, like Gecko) Chrome/78.0.3904.108 Safari/537.36"
162.0.232.193 - - [08/Jun/2025:20:01:30 -0400] "POST /wp-cron.php?doing_wp_cron=1749427290.3245298862457275390625 HTTP/1.1" 200 0 "-" "WordPress/6.8.1; https://w5.yours-toclaim.com"
84.17.60.236 - - [08/Jun/2025:20:01:02 -0400] "POST //xmlrpc.php HTTP/1.1" 200 205 "-" "Mozilla/5.0 (Windows NT 10.0; Win64; x64) AppleWebKit/537.36 (KHTML, like Gecko) Chrome/78.0.3904.108 Safari/537.36"
162.0.232.193 - - [08/Jun/2025:20:02:00 -0400] "POST /wp-cron.php?doing_wp_cron=1749427320.6240289211273193359375 HTTP/1.1" 200 0 "-" "WordPress/6.8.1; https://w5.yours-toclaim.com"
84.17.60.236 - - [08/Jun/2025:20:01:31 -0400] "POST //xmlrpc.php HTTP/1.1" 200 205 "-" "Mozilla/5.0 (Windows NT 10.0; Win64; x64) AppleWebKit/537.36 (KHTML, like Gecko) Chrome/78.0.3904.108 Safari/537.36"
162.0.232.193 - - [08/Jun/2025:20:02:30 -0400] "POST /wp-cron.php?doing_wp_cron=1749427350.6659629344940185546875 HTTP/1.1" 200 0 "-" "WordPress/6.8.1; https://w5.yours-toclaim.com"
84.17.60.236 - - [08/Jun/2025:20:02:01 -0400] "POST //xmlrpc.php HTTP/1.1" 200 205 "-" "Mozilla/5.0 (Windows NT 10.0; Win64; x64) AppleWebKit/537.36 (KHTML, like Gecko) Chrome/78.0.3904.108 Safari/537.36"
162.0.232.193 - - [08/Jun/2025:20:03:00 -0400] "POST /wp-cron.php?doing_wp_cron=1749427380.6820139884948730468750 HTTP/1.1" 200 0 "-" "WordPress/6.8.1; https://w5.yours-toclaim.com"
84.17.60.236 - - [08/Jun/2025:20:02:31 -0400] "POST //xmlrpc.php HTTP/1.1" 200 205 "-" "Mozilla/5.0 (Windows NT 10.0; Win64; x64) AppleWebKit/537.36 (KHTML, like Gecko) Chrome/78.0.3904.108 Safari/537.36"
162.0.232.193 - - [08/Jun/2025:20:03:31 -0400] "POST /wp-cron.php?doing_wp_cron=1749427410.9267289638519287109375 HTTP/1.1" 200 0 "-" "WordPress/6.8.1; https://w5.yours-toclaim.com"
84.17.60.236 - - [08/Jun/2025:20:03:01 -0400] "POST //xmlrpc.php HTTP/1.1" 200 205 "-" "Mozilla/5.0 (Windows NT 10.0; Win64; x64) AppleWebKit/537.36 (KHTML, like Gecko) Chrome/78.0.3904.108 Safari/537.36"
162.0.232.193 - - [08/Jun/2025:20:04:01 -0400] "POST /wp-cron.php?doing_wp_cron=1749427441.1205499172210693359375 HTTP/1.1" 200 0 "-" "WordPress/6.8.1; https://w5.yours-toclaim.com"
84.17.60.236 - - [08/Jun/2025:20:03:31 -0400] "POST //xmlrpc.php HTTP/1.1" 200 205 "-" "Mozilla/5.0 (Windows NT 10.0; Win64; x64) AppleWebKit/537.36 (KHTML, like Gecko) Chrome/78.0.3904.108 Safari/537.36"
162.0.232.193 - - [08/Jun/2025:20:04:30 -0400] "POST /wp-cron.php?doing_wp_cron=1749427470.3804581165313720703125 HTTP/1.1" 200 0 "-" "WordPress/6.8.1; https://w5.yours-toclaim.com"
84.17.60.236 - - [08/Jun/2025:20:04:02 -0400] "POST //xmlrpc.php HTTP/1.1" 200 205 "-" "Mozilla/5.0 (Windows NT 10.0; Win64; x64) AppleWebKit/537.36 (KHTML, like Gecko) Chrome/78.0.3904.108 Safari/537.36"
157.55.39.193 - - [08/Jun/2025:20:04:47 -0400] "GET /category/manga/ HTTP/1.1" 200 66968 "-" "Mozilla/5.0 AppleWebKit/537.36 (KHTML, like Gecko; compatible; bingbot/2.0; +http://www.bing.com/bingbot.htm) Chrome/116.0.1938.76 Safari/537.36"
162.0.232.193 - - [08/Jun/2025:20:05:00 -0400] "POST /wp-cron.php?doing_wp_cron=1749427500.6250600814819335937500 HTTP/1.1" 200 0 "-" "WordPress/6.8.1; https://w5.yours-toclaim.com"
84.17.60.236 - - [08/Jun/2025:20:04:31 -0400] "POST //xmlrpc.php HTTP/1.1" 200 205 "-" "Mozilla/5.0 (Windows NT 10.0; Win64; x64) AppleWebKit/537.36 (KHTML, like Gecko) Chrome/78.0.3904.108 Safari/537.36"
162.0.232.193 - - [08/Jun/2025:20:05:46 -0400] "POST /wp-cron.php?doing_wp_cron=1749427545.8854238986968994140625 HTTP/1.1" 200 0 "-" "WordPress/6.8.1; https://w5.yours-toclaim.com"
84.17.60.236 - - [08/Jun/2025:20:05:01 -0400] "POST //xmlrpc.php HTTP/1.1" 200 205 "-" "Mozilla/5.0 (Windows NT 10.0; Win64; x64) AppleWebKit/537.36 (KHTML, like Gecko) Chrome/78.0.3904.108 Safari/537.36"
162.0.232.193 - - [08/Jun/2025:20:06:16 -0400] "POST /wp-cron.php?doing_wp_cron=1749427576.0135669708251953125000 HTTP/1.1" 200 0 "-" "WordPress/6.8.1; https://w5.yours-toclaim.com"
84.17.60.236 - - [08/Jun/2025:20:05:46 -0400] "POST //xmlrpc.php HTTP/1.1" 200 205 "-" "Mozilla/5.0 (Windows NT 10.0; Win64; x64) AppleWebKit/537.36 (KHTML, like Gecko) Chrome/78.0.3904.108 Safari/537.36"
162.0.232.193 - - [08/Jun/2025:20:06:29 -0400] "POST /wp-cron.php?doing_wp_cron=1749427589.5816049575805664062500 HTTP/1.1" 200 0 "-" "WordPress/6.8.1; https://w5.yours-toclaim.com"
114.119.131.68 - - [08/Jun/2025:20:06:29 -0400] "GET /tag/yours-to-claim-author-twitter/page/5/ HTTP/1.1" 200 53512 "https://w4.yours-toclaim.com/tag/yours-to-claim-author-twitter/page/4/" "Mozilla/5.0 (Linux; Android 7.0;) AppleWebKit/537.36 (KHTML, like Gecko) Mobile Safari/537.36 (compatible; PetalBot;+https://webmaster.petalsearch.com/site/petalbot)"
162.0.232.193 - - [08/Jun/2025:20:06:46 -0400] "POST /wp-cron.php?doing_wp_cron=1749427605.8746969699859619140625 HTTP/1.1" 200 0 "-" "WordPress/6.8.1; https://w5.yours-toclaim.com"
84.17.60.236 - - [08/Jun/2025:20:06:16 -0400] "POST //xmlrpc.php HTTP/1.1" 200 205 "-" "Mozilla/5.0 (Windows NT 10.0; Win64; x64) AppleWebKit/537.36 (KHTML, like Gecko) Chrome/78.0.3904.108 Safari/537.36"
162.0.232.193 - - [08/Jun/2025:20:07:16 -0400] "POST /wp-cron.php?doing_wp_cron=1749427635.9920608997344970703125 HTTP/1.1" 200 0 "-" "WordPress/6.8.1; https://w5.yours-toclaim.com"
84.17.60.236 - - [08/Jun/2025:20:06:46 -0400] "POST //xmlrpc.php HTTP/1.1" 200 205 "-" "Mozilla/5.0 (Windows NT 10.0; Win64; x64) AppleWebKit/537.36 (KHTML, like Gecko) Chrome/78.0.3904.108 Safari/537.36"
162.0.232.193 - - [08/Jun/2025:20:07:45 -0400] "POST /wp-cron.php?doing_wp_cron=1749427665.7342879772186279296875 HTTP/1.1" 200 0 "-" "WordPress/6.8.1; https://w5.yours-toclaim.com"
84.17.60.236 - - [08/Jun/2025:20:07:16 -0400] "POST //xmlrpc.php HTTP/1.1" 200 205 "-" "Mozilla/5.0 (Windows NT 10.0; Win64; x64) AppleWebKit/537.36 (KHTML, like Gecko) Chrome/78.0.3904.108 Safari/537.36"
66.249.68.137 - - [08/Jun/2025:20:07:54 -0400] "GET /yours-to-claim/yours-to-claim-chapter-59/ HTTP/1.1" 200 51500 "-" "Mozilla/5.0 (Linux; Android 6.0.1; Nexus 5X Build/MMB29P) AppleWebKit/537.36 (KHTML, like Gecko) Chrome/136.0.7103.113 Mobile Safari/537.36 (compatible; Googlebot/2.1; +http://www.google.com/bot.html)"
162.0.232.193 - - [08/Jun/2025:20:08:15 -0400] "POST /wp-cron.php?doing_wp_cron=1749427695.8430659770965576171875 HTTP/1.1" 200 0 "-" "WordPress/6.8.1; https://w5.yours-toclaim.com"
84.17.60.236 - - [08/Jun/2025:20:07:46 -0400] "POST //xmlrpc.php HTTP/1.1" 200 205 "-" "Mozilla/5.0 (Windows NT 10.0; Win64; x64) AppleWebKit/537.36 (KHTML, like Gecko) Chrome/78.0.3904.108 Safari/537.36"
162.0.232.193 - - [08/Jun/2025:20:08:33 -0400] "POST /wp-cron.php?doing_wp_cron=1749427713.0270330905914306640625 HTTP/1.1" 200 0 "-" "WordPress/6.8.1; https://w5.yours-toclaim.com"
8.218.186.1 - - [08/Jun/2025:20:08:32 -0400] "GET /tag/yours-to-claim-manga/page/9 HTTP/1.1" 301 0 "https://w4.yours-toclaim.com/tag/yours-to-claim-manga/page/9" "Mozilla/5.0 (Macintosh; Intel Mac OS X 10_15_7) AppleWebKit/537.36 (KHTML, like Gecko) Chrome/109.0.0.0 Safari/537.36"
8.218.186.1 - - [08/Jun/2025:20:08:33 -0400] "GET /tag/yours-to-claim-manga/page/9/ HTTP/1.1" 200 85911 "https://w5.yours-toclaim.com/tag/yours-to-claim-manga/page/9" "Mozilla/5.0 (Macintosh; Intel Mac OS X 10_15_7) AppleWebKit/537.36 (KHTML, like Gecko) Chrome/109.0.0.0 Safari/537.36"
162.0.232.193 - - [08/Jun/2025:20:08:45 -0400] "POST /wp-cron.php?doing_wp_cron=1749427725.8049728870391845703125 HTTP/1.1" 200 0 "-" "WordPress/6.8.1; https://w5.yours-toclaim.com"
84.17.60.236 - - [08/Jun/2025:20:08:16 -0400] "POST //xmlrpc.php HTTP/1.1" 200 205 "-" "Mozilla/5.0 (Windows NT 10.0; Win64; x64) AppleWebKit/537.36 (KHTML, like Gecko) Chrome/78.0.3904.108 Safari/537.36"
162.0.232.193 - - [08/Jun/2025:20:09:15 -0400] "POST /wp-cron.php?doing_wp_cron=1749427755.7811369895935058593750 HTTP/1.1" 200 0 "-" "WordPress/6.8.1; https://w5.yours-toclaim.com"
84.17.60.236 - - [08/Jun/2025:20:08:46 -0400] "POST //xmlrpc.php HTTP/1.1" 200 205 "-" "Mozilla/5.0 (Windows NT 10.0; Win64; x64) AppleWebKit/537.36 (KHTML, like Gecko) Chrome/78.0.3904.108 Safari/537.36"
162.0.232.193 - - [08/Jun/2025:20:09:45 -0400] "POST /wp-cron.php?doing_wp_cron=1749427785.7949299812316894531250 HTTP/1.1" 200 0 "-" "WordPress/6.8.1; https://w5.yours-toclaim.com"
84.17.60.236 - - [08/Jun/2025:20:09:16 -0400] "POST //xmlrpc.php HTTP/1.1" 200 205 "-" "Mozilla/5.0 (Windows NT 10.0; Win64; x64) AppleWebKit/537.36 (KHTML, like Gecko) Chrome/78.0.3904.108 Safari/537.36"
162.0.232.193 - - [08/Jun/2025:20:10:15 -0400] "POST /wp-cron.php?doing_wp_cron=1749427815.5649850368499755859375 HTTP/1.1" 200 0 "-" "WordPress/6.8.1; https://w5.yours-toclaim.com"
84.17.60.236 - - [08/Jun/2025:20:09:46 -0400] "POST //xmlrpc.php HTTP/1.1" 200 205 "-" "Mozilla/5.0 (Windows NT 10.0; Win64; x64) AppleWebKit/537.36 (KHTML, like Gecko) Chrome/78.0.3904.108 Safari/537.36"
162.0.232.193 - - [08/Jun/2025:20:10:45 -0400] "POST /wp-cron.php?doing_wp_cron=1749427845.3539810180664062500000 HTTP/1.1" 200 0 "-" "WordPress/6.8.1; https://w5.yours-toclaim.com"
84.17.60.236 - - [08/Jun/2025:20:10:16 -0400] "POST //xmlrpc.php HTTP/1.1" 200 205 "-" "Mozilla/5.0 (Windows NT 10.0; Win64; x64) AppleWebKit/537.36 (KHTML, like Gecko) Chrome/78.0.3904.108 Safari/537.36"
52.169.53.20 - - [08/Jun/2025:20:11:01 -0400] "GET /inputs.php HTTP/1.1" 301 0 "-" "-"
52.169.53.20 - - [08/Jun/2025:20:11:02 -0400] "GET / HTTP/1.1" 200 37316 "-" "-"
52.169.53.20 - - [08/Jun/2025:20:11:02 -0400] "GET /classsmtps.php HTTP/1.1" 301 0 "-" "-"
52.169.53.20 - - [08/Jun/2025:20:11:02 -0400] "GET / HTTP/1.1" 200 37316 "-" "-"
162.0.232.193 - - [08/Jun/2025:20:11:03 -0400] "POST /wp-cron.php?doing_wp_cron=1749427863.1712551116943359375000 HTTP/1.1" 200 0 "-" "WordPress/6.8.1; https://w5.yours-toclaim.com"
52.169.53.20 - - [08/Jun/2025:20:11:03 -0400] "GET /wp-blog-header.php HTTP/1.1" 301 0 "-" "-"
52.169.53.20 - - [08/Jun/2025:20:11:03 -0400] "GET / HTTP/1.1" 200 37316 "-" "-"
52.169.53.20 - - [08/Jun/2025:20:11:03 -0400] "GET /wp-trackback.php HTTP/1.1" 301 0 "-" "-"
52.169.53.20 - - [08/Jun/2025:20:11:04 -0400] "GET / HTTP/1.1" 200 37316 "-" "-"
52.169.53.20 - - [08/Jun/2025:20:11:04 -0400] "GET /wp-signup.php HTTP/1.1" 301 0 "-" "-"
52.169.53.20 - - [08/Jun/2025:20:11:04 -0400] "GET / HTTP/1.1" 200 37316 "-" "-"
52.169.53.20 - - [08/Jun/2025:20:11:04 -0400] "GET /wp-comments-post.php HTTP/1.1" 405 0 "-" "-"
52.169.53.20 - - [08/Jun/2025:20:11:05 -0400] "GET /wp-cron.php HTTP/1.1" 200 0 "-" "-"
52.169.53.20 - - [08/Jun/2025:20:11:05 -0400] "GET /wp-load.php HTTP/1.1" 200 0 "-" "-"
52.169.53.20 - - [08/Jun/2025:20:11:05 -0400] "GET /wp-mail.php HTTP/1.1" 403 958 "-" "-"
52.169.53.20 - - [08/Jun/2025:20:11:05 -0400] "GET /edit.php HTTP/1.1" 301 0 "-" "-"
52.169.53.20 - - [08/Jun/2025:20:11:06 -0400] "GET / HTTP/1.1" 200 37316 "-" "-"
52.169.53.20 - - [08/Jun/2025:20:11:06 -0400] "GET /wp-activate.php HTTP/1.1" 302 0 "-" "-"
52.169.53.20 - - [08/Jun/2025:20:11:06 -0400] "GET /wp-login.php?action=register HTTP/1.1" 302 0 "-" "-"
52.169.53.20 - - [08/Jun/2025:20:11:07 -0400] "GET /wp-login.php?registration=disabled HTTP/1.1" 200 2054 "-" "-"
52.169.53.20 - - [08/Jun/2025:20:11:07 -0400] "GET /plugins.php HTTP/1.1" 301 0 "-" "-"
52.169.53.20 - - [08/Jun/2025:20:11:07 -0400] "GET / HTTP/1.1" 200 37316 "-" "-"
52.169.53.20 - - [08/Jun/2025:20:11:08 -0400] "GET /post.php HTTP/1.1" 301 0 "-" "-"
52.169.53.20 - - [08/Jun/2025:20:11:08 -0400] "GET / HTTP/1.1" 200 37316 "-" "-"
52.169.53.20 - - [08/Jun/2025:20:11:08 -0400] "GET /admin.php HTTP/1.1" 301 0 "-" "-"
52.169.53.20 - - [08/Jun/2025:20:11:09 -0400] "GET / HTTP/1.1" 200 37316 "-" "-"
52.169.53.20 - - [08/Jun/2025:20:11:09 -0400] "GET /about.php HTTP/1.1" 301 0 "-" "-"
52.169.53.20 - - [08/Jun/2025:20:11:09 -0400] "GET / HTTP/1.1" 200 37316 "-" "-"
52.169.53.20 - - [08/Jun/2025:20:11:09 -0400] "GET /wp-2019.php HTTP/1.1" 301 0 "-" "-"
52.169.53.20 - - [08/Jun/2025:20:11:10 -0400] "GET / HTTP/1.1" 200 37316 "-" "-"
52.169.53.20 - - [08/Jun/2025:20:11:10 -0400] "GET /atomlib.php HTTP/1.1" 301 0 "-" "-"
52.169.53.20 - - [08/Jun/2025:20:11:10 -0400] "GET / HTTP/1.1" 200 37316 "-" "-"
52.169.53.20 - - [08/Jun/2025:20:11:11 -0400] "GET /css.php HTTP/1.1" 301 0 "-" "-"
52.169.53.20 - - [08/Jun/2025:20:11:11 -0400] "GET / HTTP/1.1" 200 37316 "-" "-"
52.169.53.20 - - [08/Jun/2025:20:11:11 -0400] "GET /simple.php HTTP/1.1" 301 0 "-" "-"
52.169.53.20 - - [08/Jun/2025:20:11:12 -0400] "GET / HTTP/1.1" 200 37316 "-" "-"
52.169.53.20 - - [08/Jun/2025:20:11:12 -0400] "GET /log.php HTTP/1.1" 301 0 "-" "-"
52.169.53.20 - - [08/Jun/2025:20:11:12 -0400] "GET / HTTP/1.1" 200 37383 "-" "-"
52.169.53.20 - - [08/Jun/2025:20:11:12 -0400] "GET /index.php HTTP/1.1" 301 0 "-" "-"
52.169.53.20 - - [08/Jun/2025:20:11:13 -0400] "GET / HTTP/1.1" 200 37316 "-" "-"
52.169.53.20 - - [08/Jun/2025:20:11:13 -0400] "GET /mail.php HTTP/1.1" 301 0 "-" "-"
52.169.53.20 - - [08/Jun/2025:20:11:13 -0400] "GET / HTTP/1.1" 200 37316 "-" "-"
52.169.53.20 - - [08/Jun/2025:20:11:13 -0400] "GET /lufix.php HTTP/1.1" 301 0 "-" "-"
52.169.53.20 - - [08/Jun/2025:20:11:14 -0400] "GET / HTTP/1.1" 200 37316 "-" "-"
52.169.53.20 - - [08/Jun/2025:20:11:14 -0400] "GET /doc.php HTTP/1.1" 301 0 "-" "-"
52.169.53.20 - - [08/Jun/2025:20:11:14 -0400] "GET / HTTP/1.1" 200 37305 "-" "-"
52.169.53.20 - - [08/Jun/2025:20:11:14 -0400] "GET /bak.php HTTP/1.1" 301 0 "-" "-"
52.169.53.20 - - [08/Jun/2025:20:11:15 -0400] "GET / HTTP/1.1" 200 37316 "-" "-"
84.17.60.236 - - [08/Jun/2025:20:10:46 -0400] "POST //xmlrpc.php HTTP/1.1" 200 205 "-" "Mozilla/5.0 (Windows NT 10.0; Win64; x64) AppleWebKit/537.36 (KHTML, like Gecko) Chrome/78.0.3904.108 Safari/537.36"
52.169.53.20 - - [08/Jun/2025:20:11:15 -0400] "GET /content.php HTTP/1.1" 301 0 "-" "-"
52.169.53.20 - - [08/Jun/2025:20:11:15 -0400] "GET / HTTP/1.1" 200 37316 "-" "-"
47.79.98.4 - - [08/Jun/2025:20:11:16 -0400] "GET /tag/yours-to-claim-lezhin-season-2/page/8/ HTTP/1.1" 200 97058 "https://w5.yours-toclaim.com/tag/yours-to-claim-lezhin-season-2/page/8/" "Mozilla/5.0 (Windows NT 10.0; Win64; x64) AppleWebKit/537.36 (KHTML, like Gecko) Chrome/114.0.0.0 Safari/537.36 Edg/114.0.1823.43"
52.169.53.20 - - [08/Jun/2025:20:11:15 -0400] "GET /upfile.php HTTP/1.1" 301 0 "-" "-"
52.169.53.20 - - [08/Jun/2025:20:11:16 -0400] "GET / HTTP/1.1" 200 37316 "-" "-"
52.169.53.20 - - [08/Jun/2025:20:11:16 -0400] "GET /wp.php HTTP/1.1" 301 0 "-" "-"
52.169.53.20 - - [08/Jun/2025:20:11:16 -0400] "GET / HTTP/1.1" 200 37316 "-" "-"
52.169.53.20 - - [08/Jun/2025:20:11:17 -0400] "GET /wp-conflg.php HTTP/1.1" 301 0 "-" "-"
52.169.53.20 - - [08/Jun/2025:20:11:17 -0400] "GET / HTTP/1.1" 200 37383 "-" "-"
52.169.53.20 - - [08/Jun/2025:20:11:17 -0400] "GET /bypass.php HTTP/1.1" 301 0 "-" "-"
52.169.53.20 - - [08/Jun/2025:20:11:17 -0400] "GET / HTTP/1.1" 200 37316 "-" "-"
52.169.53.20 - - [08/Jun/2025:20:11:18 -0400] "GET /404.php HTTP/1.1" 301 0 "-" "-"
52.169.53.20 - - [08/Jun/2025:20:11:18 -0400] "GET / HTTP/1.1" 200 37305 "-" "-"
52.169.53.20 - - [08/Jun/2025:20:11:18 -0400] "GET /updates.php HTTP/1.1" 301 0 "-" "-"
52.169.53.20 - - [08/Jun/2025:20:11:18 -0400] "GET / HTTP/1.1" 200 37316 "-" "-"
52.169.53.20 - - [08/Jun/2025:20:11:19 -0400] "GET /radio.php HTTP/1.1" 301 0 "-" "-"
52.169.53.20 - - [08/Jun/2025:20:11:19 -0400] "GET / HTTP/1.1" 200 37316 "-" "-"
52.169.53.20 - - [08/Jun/2025:20:11:19 -0400] "GET /xmrlpc.php HTTP/1.1" 301 0 "-" "-"
52.169.53.20 - - [08/Jun/2025:20:11:19 -0400] "GET / HTTP/1.1" 200 37316 "-" "-"
52.169.53.20 - - [08/Jun/2025:20:11:20 -0400] "GET /ae.php HTTP/1.1" 301 0 "-" "-"
52.169.53.20 - - [08/Jun/2025:20:11:20 -0400] "GET / HTTP/1.1" 200 37316 "-" "-"
52.169.53.20 - - [08/Jun/2025:20:11:20 -0400] "GET /moon.php HTTP/1.1" 301 0 "-" "-"
52.169.53.20 - - [08/Jun/2025:20:11:20 -0400] "GET / HTTP/1.1" 200 37305 "-" "-"
52.169.53.20 - - [08/Jun/2025:20:11:20 -0400] "GET /blog.php HTTP/1.1" 301 0 "-" "-"
52.169.53.20 - - [08/Jun/2025:20:11:21 -0400] "GET / HTTP/1.1" 200 37383 "-" "-"
52.169.53.20 - - [08/Jun/2025:20:11:21 -0400] "GET /themes.php HTTP/1.1" 301 0 "-" "-"
52.169.53.20 - - [08/Jun/2025:20:11:21 -0400] "GET / HTTP/1.1" 200 37305 "-" "-"
52.169.53.20 - - [08/Jun/2025:20:11:21 -0400] "GET /ini.php HTTP/1.1" 301 0 "-" "-"
52.169.53.20 - - [08/Jun/2025:20:11:22 -0400] "GET / HTTP/1.1" 200 37305 "-" "-"
52.169.53.20 - - [08/Jun/2025:20:11:22 -0400] "GET /as.php HTTP/1.1" 301 0 "-" "-"
52.169.53.20 - - [08/Jun/2025:20:11:22 -0400] "GET / HTTP/1.1" 200 37316 "-" "-"
52.169.53.20 - - [08/Jun/2025:20:11:22 -0400] "GET /shell.php HTTP/1.1" 301 0 "-" "-"
52.169.53.20 - - [08/Jun/2025:20:11:23 -0400] "GET / HTTP/1.1" 200 37383 "-" "-"
52.169.53.20 - - [08/Jun/2025:20:11:23 -0400] "GET /ws.php HTTP/1.1" 301 0 "-" "-"
52.169.53.20 - - [08/Jun/2025:20:11:23 -0400] "GET / HTTP/1.1" 200 37316 "-" "-"
52.169.53.20 - - [08/Jun/2025:20:11:23 -0400] "GET /dropdown.php HTTP/1.1" 301 0 "-" "-"
52.169.53.20 - - [08/Jun/2025:20:11:23 -0400] "GET / HTTP/1.1" 200 37383 "-" "-"
52.169.53.20 - - [08/Jun/2025:20:11:24 -0400] "GET /makeasmtp.php HTTP/1.1" 301 0 "-" "-"
52.169.53.20 - - [08/Jun/2025:20:11:24 -0400] "GET / HTTP/1.1" 200 37316 "-" "-"
52.169.53.20 - - [08/Jun/2025:20:11:24 -0400] "GET /wp-sigunq.php HTTP/1.1" 301 0 "-" "-"
52.169.53.20 - - [08/Jun/2025:20:11:24 -0400] "GET / HTTP/1.1" 200 37305 "-" "-"
52.169.53.20 - - [08/Jun/2025:20:11:25 -0400] "GET /wso112233.php HTTP/1.1" 301 0 "-" "-"
52.169.53.20 - - [08/Jun/2025:20:11:25 -0400] "GET / HTTP/1.1" 200 37315 "-" "-"
52.169.53.20 - - [08/Jun/2025:20:11:25 -0400] "GET /alfanew.php HTTP/1.1" 301 0 "-" "-"
52.169.53.20 - - [08/Jun/2025:20:11:25 -0400] "GET / HTTP/1.1" 200 37383 "-" "-"
52.169.53.20 - - [08/Jun/2025:20:11:25 -0400] "GET /fw.php HTTP/1.1" 301 0 "-" "-"
52.169.53.20 - - [08/Jun/2025:20:11:26 -0400] "GET / HTTP/1.1" 200 37305 "-" "-"
52.169.53.20 - - [08/Jun/2025:20:11:26 -0400] "GET /install.php HTTP/1.1" 301 0 "-" "-"
52.169.53.20 - - [08/Jun/2025:20:11:26 -0400] "GET / HTTP/1.1" 200 37305 "-" "-"
52.169.53.20 - - [08/Jun/2025:20:11:26 -0400] "GET /wp-login.php HTTP/1.1" 200 1988 "-" "-"
52.169.53.20 - - [08/Jun/2025:20:11:27 -0400] "GET /wp-content/plugins/google-seo-rank/module.php HTTP/1.1" 301 0 "-" "-"
52.169.53.20 - - [08/Jun/2025:20:11:27 -0400] "GET / HTTP/1.1" 200 37383 "-" "-"
52.169.53.20 - - [08/Jun/2025:20:11:27 -0400] "GET /chosen.php HTTP/1.1" 301 0 "-" "-"
52.169.53.20 - - [08/Jun/2025:20:11:27 -0400] "GET / HTTP/1.1" 200 37316 "-" "-"
52.169.53.20 - - [08/Jun/2025:20:11:28 -0400] "GET /simple.php HTTP/1.1" 301 0 "-" "-"
52.169.53.20 - - [08/Jun/2025:20:11:28 -0400] "GET / HTTP/1.1" 200 37316 "-" "-"
162.0.232.193 - - [08/Jun/2025:20:11:30 -0400] "POST /wp-cron.php?doing_wp_cron=1749427890.6370189189910888671875 HTTP/1.1" 200 0 "-" "WordPress/6.8.1; https://w5.yours-toclaim.com"
84.17.60.236 - - [08/Jun/2025:20:11:15 -0400] "POST //xmlrpc.php HTTP/1.1" 200 205 "-" "Mozilla/5.0 (Windows NT 10.0; Win64; x64) AppleWebKit/537.36 (KHTML, like Gecko) Chrome/78.0.3904.108 Safari/537.36"
162.0.232.193 - - [08/Jun/2025:20:12:00 -0400] "POST /wp-cron.php?doing_wp_cron=1749427920.4804670810699462890625 HTTP/1.1" 200 0 "-" "WordPress/6.8.1; https://w5.yours-toclaim.com"
84.17.60.236 - - [08/Jun/2025:20:11:31 -0400] "POST //xmlrpc.php HTTP/1.1" 200 205 "-" "Mozilla/5.0 (Windows NT 10.0; Win64; x64) AppleWebKit/537.36 (KHTML, like Gecko) Chrome/78.0.3904.108 Safari/537.36"
162.0.232.193 - - [08/Jun/2025:20:12:30 -0400] "POST /wp-cron.php?doing_wp_cron=1749427950.4708011150360107421875 HTTP/1.1" 200 0 "-" "WordPress/6.8.1; https://w5.yours-toclaim.com"
84.17.60.236 - - [08/Jun/2025:20:12:01 -0400] "POST //xmlrpc.php HTTP/1.1" 200 205 "-" "Mozilla/5.0 (Windows NT 10.0; Win64; x64) AppleWebKit/537.36 (KHTML, like Gecko) Chrome/78.0.3904.108 Safari/537.36"
162.0.232.193 - - [08/Jun/2025:20:13:00 -0400] "POST /wp-cron.php?doing_wp_cron=1749427980.3772649765014648437500 HTTP/1.1" 200 0 "-" "WordPress/6.8.1; https://w5.yours-toclaim.com"
84.17.60.236 - - [08/Jun/2025:20:12:31 -0400] "POST //xmlrpc.php HTTP/1.1" 200 205 "-" "Mozilla/5.0 (Windows NT 10.0; Win64; x64) AppleWebKit/537.36 (KHTML, like Gecko) Chrome/78.0.3904.108 Safari/537.36"
162.0.232.193 - - [08/Jun/2025:20:13:46 -0400] "POST /wp-cron.php?doing_wp_cron=1749428026.1393680572509765625000 HTTP/1.1" 200 0 "-" "WordPress/6.8.1; https://w5.yours-toclaim.com"
84.17.60.236 - - [08/Jun/2025:20:13:01 -0400] "POST //xmlrpc.php HTTP/1.1" 200 205 "-" "Mozilla/5.0 (Windows NT 10.0; Win64; x64) AppleWebKit/537.36 (KHTML, like Gecko) Chrome/78.0.3904.108 Safari/537.36"
162.0.232.193 - - [08/Jun/2025:20:14:31 -0400] "POST /wp-cron.php?doing_wp_cron=1749428070.8773539066314697265625 HTTP/1.1" 200 0 "-" "WordPress/6.8.1; https://w5.yours-toclaim.com"
84.17.60.236 - - [08/Jun/2025:20:13:46 -0400] "POST //xmlrpc.php HTTP/1.1" 200 205 "-" "Mozilla/5.0 (Windows NT 10.0; Win64; x64) AppleWebKit/537.36 (KHTML, like Gecko) Chrome/78.0.3904.108 Safari/537.36"
162.0.232.193 - - [08/Jun/2025:20:15:01 -0400] "POST /wp-cron.php?doing_wp_cron=1749428100.8612270355224609375000 HTTP/1.1" 200 0 "-" "WordPress/6.8.1; https://w5.yours-toclaim.com"
84.17.60.236 - - [08/Jun/2025:20:14:31 -0400] "POST //xmlrpc.php HTTP/1.1" 200 205 "-" "Mozilla/5.0 (Windows NT 10.0; Win64; x64) AppleWebKit/537.36 (KHTML, like Gecko) Chrome/78.0.3904.108 Safari/537.36"
162.0.232.193 - - [08/Jun/2025:20:15:30 -0400] "POST /wp-cron.php?doing_wp_cron=1749428130.7983810901641845703125 HTTP/1.1" 200 0 "-" "WordPress/6.8.1; https://w5.yours-toclaim.com"
84.17.60.236 - - [08/Jun/2025:20:15:01 -0400] "POST //xmlrpc.php HTTP/1.1" 200 205 "-" "Mozilla/5.0 (Windows NT 10.0; Win64; x64) AppleWebKit/537.36 (KHTML, like Gecko) Chrome/78.0.3904.108 Safari/537.36"
162.0.232.193 - - [08/Jun/2025:20:16:00 -0400] "POST /wp-cron.php?doing_wp_cron=1749428160.5793499946594238281250 HTTP/1.1" 200 0 "-" "WordPress/6.8.1; https://w5.yours-toclaim.com"
84.17.60.236 - - [08/Jun/2025:20:15:31 -0400] "POST //xmlrpc.php HTTP/1.1" 200 205 "-" "Mozilla/5.0 (Windows NT 10.0; Win64; x64) AppleWebKit/537.36 (KHTML, like Gecko) Chrome/78.0.3904.108 Safari/537.36"
162.0.232.193 - - [08/Jun/2025:20:16:30 -0400] "POST /wp-cron.php?doing_wp_cron=1749428190.3825840950012207031250 HTTP/1.1" 200 0 "-" "WordPress/6.8.1; https://w5.yours-toclaim.com"
84.17.60.236 - - [08/Jun/2025:20:16:01 -0400] "POST //xmlrpc.php HTTP/1.1" 200 205 "-" "Mozilla/5.0 (Windows NT 10.0; Win64; x64) AppleWebKit/537.36 (KHTML, like Gecko) Chrome/78.0.3904.108 Safari/537.36"
162.0.232.193 - - [08/Jun/2025:20:17:00 -0400] "POST /wp-cron.php?doing_wp_cron=1749428220.2297151088714599609375 HTTP/1.1" 200 0 "-" "WordPress/6.8.1; https://w5.yours-toclaim.com"
84.17.60.236 - - [08/Jun/2025:20:16:31 -0400] "POST //xmlrpc.php HTTP/1.1" 200 205 "-" "Mozilla/5.0 (Windows NT 10.0; Win64; x64) AppleWebKit/537.36 (KHTML, like Gecko) Chrome/78.0.3904.108 Safari/537.36"
162.0.232.193 - - [08/Jun/2025:20:17:31 -0400] "POST /wp-cron.php?doing_wp_cron=1749428251.3302810192108154296875 HTTP/1.1" 200 0 "-" "WordPress/6.8.1; https://w5.yours-toclaim.com"
84.17.60.236 - - [08/Jun/2025:20:17:00 -0400] "POST //xmlrpc.php HTTP/1.1" 200 205 "-" "Mozilla/5.0 (Windows NT 10.0; Win64; x64) AppleWebKit/537.36 (KHTML, like Gecko) Chrome/78.0.3904.108 Safari/537.36"
162.0.232.193 - - [08/Jun/2025:20:18:00 -0400] "POST /wp-cron.php?doing_wp_cron=1749428280.4113280773162841796875 HTTP/1.1" 200 0 "-" "WordPress/6.8.1; https://w5.yours-toclaim.com"
84.17.60.236 - - [08/Jun/2025:20:17:32 -0400] "POST //xmlrpc.php HTTP/1.1" 200 205 "-" "Mozilla/5.0 (Windows NT 10.0; Win64; x64) AppleWebKit/537.36 (KHTML, like Gecko) Chrome/78.0.3904.108 Safari/537.36"
162.0.232.193 - - [08/Jun/2025:20:18:30 -0400] "POST /wp-cron.php?doing_wp_cron=1749428310.2568490505218505859375 HTTP/1.1" 200 0 "-" "WordPress/6.8.1; https://w5.yours-toclaim.com"
84.17.60.236 - - [08/Jun/2025:20:18:01 -0400] "POST //xmlrpc.php HTTP/1.1" 200 205 "-" "Mozilla/5.0 (Windows NT 10.0; Win64; x64) AppleWebKit/537.36 (KHTML, like Gecko) Chrome/78.0.3904.108 Safari/537.36"
162.0.232.193 - - [08/Jun/2025:20:19:00 -0400] "POST /wp-cron.php?doing_wp_cron=1749428340.2000460624694824218750 HTTP/1.1" 200 0 "-" "WordPress/6.8.1; https://w5.yours-toclaim.com"
84.17.60.236 - - [08/Jun/2025:20:18:31 -0400] "POST //xmlrpc.php HTTP/1.1" 200 205 "-" "Mozilla/5.0 (Windows NT 10.0; Win64; x64) AppleWebKit/537.36 (KHTML, like Gecko) Chrome/78.0.3904.108 Safari/537.36"
162.0.232.193 - - [08/Jun/2025:20:19:31 -0400] "POST /wp-cron.php?doing_wp_cron=1749428371.1472098827362060546875 HTTP/1.1" 200 0 "-" "WordPress/6.8.1; https://w5.yours-toclaim.com"
84.17.60.236 - - [08/Jun/2025:20:19:00 -0400] "POST //xmlrpc.php HTTP/1.1" 200 205 "-" "Mozilla/5.0 (Windows NT 10.0; Win64; x64) AppleWebKit/537.36 (KHTML, like Gecko) Chrome/78.0.3904.108 Safari/537.36"
162.0.232.193 - - [08/Jun/2025:20:20:01 -0400] "POST /wp-cron.php?doing_wp_cron=1749428401.2975120544433593750000 HTTP/1.1" 200 0 "-" "WordPress/6.8.1; https://w5.yours-toclaim.com"
84.17.60.236 - - [08/Jun/2025:20:19:32 -0400] "POST //xmlrpc.php HTTP/1.1" 200 205 "-" "Mozilla/5.0 (Windows NT 10.0; Win64; x64) AppleWebKit/537.36 (KHTML, like Gecko) Chrome/78.0.3904.108 Safari/537.36"
162.0.232.193 - - [08/Jun/2025:20:20:03 -0400] "POST /wp-cron.php?doing_wp_cron=1749428403.1326129436492919921875 HTTP/1.1" 200 0 "-" "WordPress/6.8.1; https://w5.yours-toclaim.com"
8.210.152.184 - - [08/Jun/2025:20:20:02 -0400] "GET /tag/yours-to-claim-lezhin/page/7 HTTP/1.1" 301 0 "https://w4.yours-toclaim.com/tag/yours-to-claim-lezhin/page/7" "Mozilla/5.0 (Macintosh; Intel Mac OS X 10_15_7) AppleWebKit/537.36 (KHTML, like Gecko) Chrome/109.0.0.0 Safari/537.36"
8.210.152.184 - - [08/Jun/2025:20:20:04 -0400] "GET /tag/yours-to-claim-lezhin/page/7/ HTTP/1.1" 200 148229 "https://w5.yours-toclaim.com/tag/yours-to-claim-lezhin/page/7" "Mozilla/5.0 (Macintosh; Intel Mac OS X 10_15_7) AppleWebKit/537.36 (KHTML, like Gecko) Chrome/109.0.0.0 Safari/537.36"
162.0.232.193 - - [08/Jun/2025:20:20:30 -0400] "POST /wp-cron.php?doing_wp_cron=1749428430.3816120624542236328125 HTTP/1.1" 200 0 "-" "WordPress/6.8.1; https://w5.yours-toclaim.com"
84.17.60.236 - - [08/Jun/2025:20:20:02 -0400] "POST //xmlrpc.php HTTP/1.1" 200 205 "-" "Mozilla/5.0 (Windows NT 10.0; Win64; x64) AppleWebKit/537.36 (KHTML, like Gecko) Chrome/78.0.3904.108 Safari/537.36"
162.0.232.193 - - [08/Jun/2025:20:21:00 -0400] "POST /wp-cron.php?doing_wp_cron=1749428460.1818680763244628906250 HTTP/1.1" 200 0 "-" "WordPress/6.8.1; https://w5.yours-toclaim.com"
84.17.60.236 - - [08/Jun/2025:20:20:31 -0400] "POST //xmlrpc.php HTTP/1.1" 200 205 "-" "Mozilla/5.0 (Windows NT 10.0; Win64; x64) AppleWebKit/537.36 (KHTML, like Gecko) Chrome/78.0.3904.108 Safari/537.36"
162.0.232.193 - - [08/Jun/2025:20:21:32 -0400] "POST /wp-cron.php?doing_wp_cron=1749428491.8117001056671142578125 HTTP/1.1" 200 0 "-" "WordPress/6.8.1; https://w5.yours-toclaim.com"
84.17.60.236 - - [08/Jun/2025:20:21:00 -0400] "POST //xmlrpc.php HTTP/1.1" 200 205 "-" "Mozilla/5.0 (Windows NT 10.0; Win64; x64) AppleWebKit/537.36 (KHTML, like Gecko) Chrome/78.0.3904.108 Safari/537.36"
162.0.232.193 - - [08/Jun/2025:20:22:00 -0400] "POST /wp-cron.php?doing_wp_cron=1749428520.8061909675598144531250 HTTP/1.1" 200 0 "-" "WordPress/6.8.1; https://w5.yours-toclaim.com"
84.17.60.236 - - [08/Jun/2025:20:21:32 -0400] "POST //xmlrpc.php HTTP/1.1" 200 205 "-" "Mozilla/5.0 (Windows NT 10.0; Win64; x64) AppleWebKit/537.36 (KHTML, like Gecko) Chrome/78.0.3904.108 Safari/537.36"
162.0.232.193 - - [08/Jun/2025:20:22:30 -0400] "POST /wp-cron.php?doing_wp_cron=1749428550.8399519920349121093750 HTTP/1.1" 200 0 "-" "WordPress/6.8.1; https://w5.yours-toclaim.com"
84.17.60.236 - - [08/Jun/2025:20:22:01 -0400] "POST //xmlrpc.php HTTP/1.1" 200 205 "-" "Mozilla/5.0 (Windows NT 10.0; Win64; x64) AppleWebKit/537.36 (KHTML, like Gecko) Chrome/78.0.3904.108 Safari/537.36"
162.0.232.193 - - [08/Jun/2025:20:23:01 -0400] "POST /wp-cron.php?doing_wp_cron=1749428580.7196030616760253906250 HTTP/1.1" 200 0 "-" "WordPress/6.8.1; https://w5.yours-toclaim.com"
84.17.60.236 - - [08/Jun/2025:20:22:31 -0400] "POST //xmlrpc.php HTTP/1.1" 200 205 "-" "Mozilla/5.0 (Windows NT 10.0; Win64; x64) AppleWebKit/537.36 (KHTML, like Gecko) Chrome/78.0.3904.108 Safari/537.36"
162.0.232.193 - - [08/Jun/2025:20:23:31 -0400] "POST /wp-cron.php?doing_wp_cron=1749428611.1260910034179687500000 HTTP/1.1" 200 0 "-" "WordPress/6.8.1; https://w5.yours-toclaim.com"
84.17.60.236 - - [08/Jun/2025:20:23:01 -0400] "POST //xmlrpc.php HTTP/1.1" 200 205 "-" "Mozilla/5.0 (Windows NT 10.0; Win64; x64) AppleWebKit/537.36 (KHTML, like Gecko) Chrome/78.0.3904.108 Safari/537.36"
162.0.232.193 - - [08/Jun/2025:20:24:01 -0400] "POST /wp-cron.php?doing_wp_cron=1749428641.1032888889312744140625 HTTP/1.1" 200 0 "-" "WordPress/6.8.1; https://w5.yours-toclaim.com"
84.17.60.236 - - [08/Jun/2025:20:23:31 -0400] "POST //xmlrpc.php HTTP/1.1" 200 205 "-" "Mozilla/5.0 (Windows NT 10.0; Win64; x64) AppleWebKit/537.36 (KHTML, like Gecko) Chrome/78.0.3904.108 Safari/537.36"
162.0.232.193 - - [08/Jun/2025:20:24:30 -0400] "POST /wp-cron.php?doing_wp_cron=1749428670.3321940898895263671875 HTTP/1.1" 200 0 "-" "WordPress/6.8.1; https://w5.yours-toclaim.com"
84.17.60.236 - - [08/Jun/2025:20:24:02 -0400] "POST //xmlrpc.php HTTP/1.1" 200 205 "-" "Mozilla/5.0 (Windows NT 10.0; Win64; x64) AppleWebKit/537.36 (KHTML, like Gecko) Chrome/78.0.3904.108 Safari/537.36"
162.0.232.193 - - [08/Jun/2025:20:25:00 -0400] "POST /wp-cron.php?doing_wp_cron=1749428700.5941770076751708984375 HTTP/1.1" 200 0 "-" "WordPress/6.8.1; https://w5.yours-toclaim.com"
84.17.60.236 - - [08/Jun/2025:20:24:31 -0400] "POST //xmlrpc.php HTTP/1.1" 200 205 "-" "Mozilla/5.0 (Windows NT 10.0; Win64; x64) AppleWebKit/537.36 (KHTML, like Gecko) Chrome/78.0.3904.108 Safari/537.36"
162.0.232.193 - - [08/Jun/2025:20:25:30 -0400] "POST /wp-cron.php?doing_wp_cron=1749428730.7570250034332275390625 HTTP/1.1" 200 0 "-" "WordPress/6.8.1; https://w5.yours-toclaim.com"
84.17.60.236 - - [08/Jun/2025:20:25:01 -0400] "POST //xmlrpc.php HTTP/1.1" 200 205 "-" "Mozilla/5.0 (Windows NT 10.0; Win64; x64) AppleWebKit/537.36 (KHTML, like Gecko) Chrome/78.0.3904.108 Safari/537.36"
162.0.232.193 - - [08/Jun/2025:20:26:00 -0400] "POST /wp-cron.php?doing_wp_cron=1749428760.7878069877624511718750 HTTP/1.1" 200 0 "-" "WordPress/6.8.1; https://w5.yours-toclaim.com"
84.17.60.236 - - [08/Jun/2025:20:25:31 -0400] "POST //xmlrpc.php HTTP/1.1" 200 205 "-" "Mozilla/5.0 (Windows NT 10.0; Win64; x64) AppleWebKit/537.36 (KHTML, like Gecko) Chrome/78.0.3904.108 Safari/537.36"
162.0.232.193 - - [08/Jun/2025:20:26:30 -0400] "POST /wp-cron.php?doing_wp_cron=1749428790.5676400661468505859375 HTTP/1.1" 200 0 "-" "WordPress/6.8.1; https://w5.yours-toclaim.com"
84.17.60.236 - - [08/Jun/2025:20:26:01 -0400] "POST //xmlrpc.php HTTP/1.1" 200 205 "-" "Mozilla/5.0 (Windows NT 10.0; Win64; x64) AppleWebKit/537.36 (KHTML, like Gecko) Chrome/78.0.3904.108 Safari/537.36"
162.0.232.193 - - [08/Jun/2025:20:27:00 -0400] "POST /wp-cron.php?doing_wp_cron=1749428820.6768488883972167968750 HTTP/1.1" 200 0 "-" "WordPress/6.8.1; https://w5.yours-toclaim.com"
84.17.60.236 - - [08/Jun/2025:20:26:31 -0400] "POST //xmlrpc.php HTTP/1.1" 200 205 "-" "Mozilla/5.0 (Windows NT 10.0; Win64; x64) AppleWebKit/537.36 (KHTML, like Gecko) Chrome/78.0.3904.108 Safari/537.36"
162.0.232.193 - - [08/Jun/2025:20:27:30 -0400] "POST /wp-cron.php?doing_wp_cron=1749428850.7182478904724121093750 HTTP/1.1" 200 0 "-" "WordPress/6.8.1; https://w5.yours-toclaim.com"
84.17.60.236 - - [08/Jun/2025:20:27:01 -0400] "POST //xmlrpc.php HTTP/1.1" 200 205 "-" "Mozilla/5.0 (Windows NT 10.0; Win64; x64) AppleWebKit/537.36 (KHTML, like Gecko) Chrome/78.0.3904.108 Safari/537.36"
114.119.129.179 - - [08/Jun/2025:20:27:40 -0400] "GET /yours-to-claim/yours-to-claim-chapter-14/ HTTP/1.1" 200 48467 "https://yours-toclaim.com/yours-to-claim-chapter-44/" "Mozilla/5.0 (Linux; Android 7.0;) AppleWebKit/537.36 (KHTML, like Gecko) Mobile Safari/537.36 (compatible; PetalBot;+https://webmaster.petalsearch.com/site/petalbot)"
162.0.232.193 - - [08/Jun/2025:20:32:52 -0400] "POST /wp-cron.php?doing_wp_cron=1749429171.9610559940338134765625 HTTP/1.1" 200 0 "-" "WordPress/6.8.1; https://w5.yours-toclaim.com"
8.210.108.0 - - [08/Jun/2025:20:32:49 -0400] "GET /category/manga/page/8/ HTTP/1.1" 200 93071 "https://w4.yours-toclaim.com/category/manga/page/8/#content" "Mozilla/5.0 (Macintosh; Intel Mac OS X 10_15_7) AppleWebKit/537.36 (KHTML, like Gecko) Chrome/109.0.0.0 Safari/537.36"
40.77.167.18 - - [08/Jun/2025:20:40:00 -0400] "GET /manga/yours-to-claim-chapter-1/ HTTP/1.1" 200 51483 "-" "Mozilla/5.0 AppleWebKit/537.36 (KHTML, like Gecko; compatible; bingbot/2.0; +http://www.bing.com/bingbot.htm) Chrome/116.0.1938.76 Safari/537.36"
47.243.56.196 - - [08/Jun/2025:20:42:31 -0400] "GET /yours-to-claim/yours-to-claim-chapter-42/ HTTP/1.1" 200 50215 "-" "Mozilla/5.0 (Macintosh; Intel Mac OS X 10_15_7) AppleWebKit/537.36 (KHTML, like Gecko) Chrome/109.0.0.0 Safari/537.36"
47.128.28.82 - - [08/Jun/2025:20:43:33 -0400] "GET /tag/manga/page/6/ HTTP/1.1" 200 88897 "-" "Mozilla/5.0 (compatible; Bytespider; [email protected]) AppleWebKit/537.36 (KHTML, like Gecko) Chrome/70.0.0.0 Safari/537.36"
47.128.45.72 - - [08/Jun/2025:20:47:33 -0400] "GET /yours-to-claim/yours-to-claim-chapter-73/ HTTP/1.1" 200 44289 "-" "Mozilla/5.0 (compatible; Bytespider; [email protected]) AppleWebKit/537.36 (KHTML, like Gecko) Chrome/70.0.0.0 Safari/537.36"
162.0.232.193 - - [08/Jun/2025:20:49:40 -0400] "POST /wp-cron.php?doing_wp_cron=1749430180.6579298973083496093750 HTTP/1.1" 200 0 "-" "WordPress/6.8.1; https://w5.yours-toclaim.com"
114.119.129.179 - - [08/Jun/2025:20:49:37 -0400] "GET /category/yours-to-claim-read/page/2/ HTTP/1.1" 200 50935 "https://w4.yours-toclaim.com/category/yours-to-claim-read/page/2/" "Mozilla/5.0 (Linux; Android 7.0;) AppleWebKit/537.36 (KHTML, like Gecko) Mobile Safari/537.36 (compatible; PetalBot;+https://webmaster.petalsearch.com/site/petalbot)"
162.0.232.193 - - [08/Jun/2025:20:50:24 -0400] "POST /wp-cron.php?doing_wp_cron=1749430223.8395860195159912109375 HTTP/1.1" 200 0 "-" "WordPress/6.8.1; https://w5.yours-toclaim.com"
216.73.216.151 - - [08/Jun/2025:20:50:23 -0400] "GET /sitemap_index.xml HTTP/1.1" 200 293 "-" "Mozilla/5.0 AppleWebKit/537.36 (KHTML, like Gecko; compatible; ClaudeBot/1.0; [email protected])"
162.0.232.193 - - [08/Jun/2025:20:51:34 -0400] "POST /wp-cron.php?doing_wp_cron=1749430293.9535288810729980468750 HTTP/1.1" 200 0 "-" "WordPress/6.8.1; https://w5.yours-toclaim.com"
47.128.29.139 - - [08/Jun/2025:20:51:33 -0400] "GET /category/yours-to-claim-manhwa/page/3/ HTTP/1.1" 200 57016 "-" "Mozilla/5.0 (compatible; Bytespider; [email protected]) AppleWebKit/537.36 (KHTML, like Gecko) Chrome/70.0.0.0 Safari/537.36"
162.0.232.193 - - [08/Jun/2025:20:52:46 -0400] "POST /wp-cron.php?doing_wp_cron=1749430366.4200570583343505859375 HTTP/1.1" 200 0 "-" "WordPress/6.8.1; https://w5.yours-toclaim.com"
40.77.167.4 - - [08/Jun/2025:20:52:46 -0400] "GET /page/2/?s=2 HTTP/1.1" 200 18070 "-" "Mozilla/5.0 AppleWebKit/537.36 (KHTML, like Gecko; compatible; bingbot/2.0; +http://www.bing.com/bingbot.htm) Chrome/116.0.1938.76 Safari/537.36"
