47.79.123.29 - - [08/Jun/2025:11:14:55 -0400] "GET /category/yours-to-claim-read-2/page/9/ HTTP/1.1" 200 82237 "https://w5.yours-toclaim.com/category/yours-to-claim-read-2/page/9/" "Mozilla/5.0 (Windows NT 10.0; Win64; x64) AppleWebKit/537.36 (KHTML, like Gecko) Chrome/114.0.0.0 Safari/537.36 Edg/114.0.1823.43"
162.0.232.193 - - [08/Jun/2025:11:15:15 -0400] "POST /wp-cron.php?doing_wp_cron=1749395715.0878379344940185546875 HTTP/1.1" 200 0 "-" "WordPress/6.8.1; https://w5.yours-toclaim.com"
47.79.3.52 - - [08/Jun/2025:11:15:14 -0400] "GET /author/admin/page/7/ HTTP/1.1" 200 148255 "https://w5.yours-toclaim.com/author/admin/page/7/" "Mozilla/5.0 (Windows NT 10.0; Win64; x64) AppleWebKit/537.36 (KHTML, like Gecko) Chrome/114.0.0.0 Safari/537.36 Edg/114.0.1823.43"
47.82.60.163 - - [08/Jun/2025:11:16:09 -0400] "GET /yours-to-claim/yours-to-claim-chapter-74-5/ HTTP/1.1" 200 46465 "https://w5.yours-toclaim.com/yours-to-claim/yours-to-claim-chapter-74-5/" "Mozilla/5.0 (Windows NT 10.0; Win64; x64) AppleWebKit/537.36 (KHTML, like Gecko) Chrome/114.0.0.0 Safari/537.36 Edg/114.0.1823.43"
162.0.232.193 - - [08/Jun/2025:11:16:13 -0400] "POST /wp-cron.php?doing_wp_cron=1749395773.4409549236297607421875 HTTP/1.1" 200 0 "-" "WordPress/6.8.1; https://w5.yours-toclaim.com"
216.73.216.15 - - [08/Jun/2025:11:16:13 -0400] "GET /sitemap_index.xml HTTP/1.1" 200 293 "-" "Mozilla/5.0 AppleWebKit/537.36 (KHTML, like Gecko; compatible; ClaudeBot/1.0; [email protected])"
47.128.99.250 - - [08/Jun/2025:11:18:25 -0400] "GET /tag/yours-to-claim-lezhin/page/3/ HTTP/1.1" 200 56993 "-" "Mozilla/5.0 (compatible; Bytespider; [email protected]) AppleWebKit/537.36 (KHTML, like Gecko) Chrome/70.0.0.0 Safari/537.36"
47.82.60.206 - - [08/Jun/2025:11:20:09 -0400] "GET /yours-to-claim/yours-to-claim-chapter-107/ HTTP/1.1" 200 41865 "https://w5.yours-toclaim.com/yours-to-claim/yours-to-claim-chapter-107/" "Mozilla/5.0 (Windows NT 10.0; Win64; x64) AppleWebKit/537.36 (KHTML, like Gecko) Chrome/114.0.0.0 Safari/537.36 Edg/114.0.1823.43"
47.82.60.155 - - [08/Jun/2025:11:21:08 -0400] "GET /yours-to-claim/yours-to-claim-chapter-3/ HTTP/1.1" 200 48126 "https://w5.yours-toclaim.com/yours-to-claim/yours-to-claim-chapter-3/" "Mozilla/5.0 (Windows NT 10.0; Win64; x64) AppleWebKit/537.36 (KHTML, like Gecko) Chrome/114.0.0.0 Safari/537.36 Edg/114.0.1823.43"
80.85.245.37 - - [08/Jun/2025:11:22:14 -0400] "GET / HTTP/1.1" 200 37315 "https://YOURS-TOCLAIM.COM" "Mozilla/5.0 (Macintosh; Intel Mac OS X 10_15_7) AppleWebKit/537.36 (KHTML, like Gecko) Chrome/133.0.0.0 Safari/537.36"
162.0.232.193 - - [08/Jun/2025:11:22:17 -0400] "POST /wp-cron.php?doing_wp_cron=1749396137.1536428928375244140625 HTTP/1.1" 200 0 "-" "WordPress/6.8.1; https://w5.yours-toclaim.com"
80.85.245.37 - - [08/Jun/2025:11:22:15 -0400] "GET /comments/feed/ HTTP/1.1" 200 1151 "-" "Mozilla/5.0 (Macintosh; Intel Mac OS X 10_15_7) AppleWebKit/537.36 (KHTML, like Gecko) Chrome/133.0.0.0 Safari/537.36"
47.128.111.250 - - [08/Jun/2025:11:22:25 -0400] "GET /yours-to-claim/yours-to-claim-chapter-42/ HTTP/1.1" 200 50349 "-" "Mozilla/5.0 (compatible; Bytespider; [email protected]) AppleWebKit/537.36 (KHTML, like Gecko) Chrome/70.0.0.0 Safari/537.36"
162.0.232.193 - - [08/Jun/2025:11:24:07 -0400] "POST /wp-cron.php?doing_wp_cron=1749396247.6408898830413818359375 HTTP/1.1" 200 0 "-" "WordPress/6.8.1; https://w5.yours-toclaim.com"
47.238.14.0 - - [08/Jun/2025:11:24:05 -0400] "GET /tag/manga/page/2 HTTP/1.1" 301 0 "-" "Mozilla/5.0 (Macintosh; Intel Mac OS X 10_15_7) AppleWebKit/537.36 (KHTML, like Gecko) Chrome/109.0.0.0 Safari/537.36"
47.238.14.0 - - [08/Jun/2025:11:24:08 -0400] "GET /tag/manga/page/2/ HTTP/1.1" 200 50674 "https://w5.yours-toclaim.com/tag/manga/page/2" "Mozilla/5.0 (Macintosh; Intel Mac OS X 10_15_7) AppleWebKit/537.36 (KHTML, like Gecko) Chrome/109.0.0.0 Safari/537.36"
47.79.2.41 - - [08/Jun/2025:11:24:50 -0400] "GET /tag/yours-to-claim-read/page/12/ HTTP/1.1" 200 73507 "https://w5.yours-toclaim.com/tag/yours-to-claim-read/page/12/" "Mozilla/5.0 (Windows NT 10.0; Win64; x64) AppleWebKit/537.36 (KHTML, like Gecko) Chrome/114.0.0.0 Safari/537.36 Edg/114.0.1823.43"
162.0.232.193 - - [08/Jun/2025:11:25:34 -0400] "POST /wp-cron.php?doing_wp_cron=1749396334.1191990375518798828125 HTTP/1.1" 200 0 "-" "WordPress/6.8.1; https://w5.yours-toclaim.com"
47.82.60.95 - - [08/Jun/2025:11:25:33 -0400] "GET /author/admin/page/12/ HTTP/1.1" 200 73614 "https://w5.yours-toclaim.com/author/admin/page/12/" "Mozilla/5.0 (Windows NT 10.0; Win64; x64) AppleWebKit/537.36 (KHTML, like Gecko) Chrome/114.0.0.0 Safari/537.36 Edg/114.0.1823.43"
47.128.110.29 - - [08/Jun/2025:11:26:25 -0400] "GET /tag/yahwi/page/8/ HTTP/1.1" 200 96974 "-" "Mozilla/5.0 (compatible; Bytespider; [email protected]) AppleWebKit/537.36 (KHTML, like Gecko) Chrome/70.0.0.0 Safari/537.36"
162.0.232.193 - - [08/Jun/2025:11:28:57 -0400] "POST /wp-cron.php?doing_wp_cron=1749396537.6141729354858398437500 HTTP/1.1" 200 0 "-" "WordPress/6.8.1; https://w5.yours-toclaim.com"
47.82.60.167 - - [08/Jun/2025:11:28:56 -0400] "GET /category/yours-to-claim-read/page/11/ HTTP/1.1" 200 101764 "https://w5.yours-toclaim.com/category/yours-to-claim-read/page/11/" "Mozilla/5.0 (Windows NT 10.0; Win64; x64) AppleWebKit/537.36 (KHTML, like Gecko) Chrome/114.0.0.0 Safari/537.36 Edg/114.0.1823.43"
162.0.232.193 - - [08/Jun/2025:11:29:55 -0400] "POST /wp-cron.php?doing_wp_cron=1749396595.2648758888244628906250 HTTP/1.1" 200 0 "-" "WordPress/6.8.1; https://w5.yours-toclaim.com"
119.94.163.150 - - [08/Jun/2025:11:29:56 -0400] "GET /wp-includes/js/jquery/jquery-migrate.min.js?ver=3.4.1 HTTP/1.1" 200 4678 "https://w2.yours-toclaim.com/" "Mozilla/5.0 (Linux; Android 10; K) AppleWebKit/537.36 (KHTML, like Gecko) Chrome/137.0.0.0 Mobile Safari/537.36"
119.94.163.150 - - [08/Jun/2025:11:29:56 -0400] "GET /wp-content/plugins/wp-automatic/js/main-front.js?ver=6.8.1 HTTP/1.1" 200 316 "https://w2.yours-toclaim.com/" "Mozilla/5.0 (Linux; Android 10; K) AppleWebKit/537.36 (KHTML, like Gecko) Chrome/137.0.0.0 Mobile Safari/537.36"
119.94.163.150 - - [08/Jun/2025:11:29:56 -0400] "GET /wp-content/plugins/wp-automatic/css/wp-automatic.css?ver=1.0.0 HTTP/1.1" 200 537 "https://w2.yours-toclaim.com/" "Mozilla/5.0 (Linux; Android 10; K) AppleWebKit/537.36 (KHTML, like Gecko) Chrome/137.0.0.0 Mobile Safari/537.36"
119.94.163.150 - - [08/Jun/2025:11:29:56 -0400] "GET /wp-content/themes/toivo-lite/fonts/genericons/genericons/genericons.min.css?ver=3.3 HTTP/1.1" 200 15959 "https://w2.yours-toclaim.com/" "Mozilla/5.0 (Linux; Android 10; K) AppleWebKit/537.36 (KHTML, like Gecko) Chrome/137.0.0.0 Mobile Safari/537.36"
119.94.163.150 - - [08/Jun/2025:11:29:56 -0400] "GET /wp-content/plugins/widgets-on-pages/public/css/widgets-on-pages-public.css?ver=1.4.0 HTTP/1.1" 200 83 "https://w2.yours-toclaim.com/" "Mozilla/5.0 (Linux; Android 10; K) AppleWebKit/537.36 (KHTML, like Gecko) Chrome/137.0.0.0 Mobile Safari/537.36"
119.94.163.150 - - [08/Jun/2025:11:29:56 -0400] "GET /wp-includes/css/dist/block-library/style.min.css?ver=6.8.1 HTTP/1.1" 200 14358 "https://w2.yours-toclaim.com/" "Mozilla/5.0 (Linux; Android 10; K) AppleWebKit/537.36 (KHTML, like Gecko) Chrome/137.0.0.0 Mobile Safari/537.36"
119.94.163.150 - - [08/Jun/2025:11:29:56 -0400] "GET /wp-includes/js/jquery/jquery.min.js?ver=3.7.1 HTTP/1.1" 200 29744 "https://w2.yours-toclaim.com/" "Mozilla/5.0 (Linux; Android 10; K) AppleWebKit/537.36 (KHTML, like Gecko) Chrome/137.0.0.0 Mobile Safari/537.36"
119.94.163.150 - - [08/Jun/2025:11:29:56 -0400] "GET /wp-content/plugins/comic-easel/css/comiceasel.css?ver=6.8.1 HTTP/1.1" 200 1298 "https://w2.yours-toclaim.com/" "Mozilla/5.0 (Linux; Android 10; K) AppleWebKit/537.36 (KHTML, like Gecko) Chrome/137.0.0.0 Mobile Safari/537.36"
119.94.163.150 - - [08/Jun/2025:11:29:56 -0400] "GET /wp-content/plugins/simple-social-buttons/assets/css/front.css?ver=6.1.0 HTTP/1.1" 200 12033 "https://w2.yours-toclaim.com/" "Mozilla/5.0 (Linux; Android 10; K) AppleWebKit/537.36 (KHTML, like Gecko) Chrome/137.0.0.0 Mobile Safari/537.36"
119.94.163.150 - - [08/Jun/2025:11:29:56 -0400] "GET /wp-content/themes/toivo-lite/style.css?ver=1.2.0 HTTP/1.1" 200 13718 "https://w2.yours-toclaim.com/" "Mozilla/5.0 (Linux; Android 10; K) AppleWebKit/537.36 (KHTML, like Gecko) Chrome/137.0.0.0 Mobile Safari/537.36"
119.94.163.150 - - [08/Jun/2025:11:29:57 -0400] "GET /wp-content/themes/toivo-lite/js/responsive-nav.min.js?ver=1.2.0 HTTP/1.1" 200 2102 "https://w2.yours-toclaim.com/" "Mozilla/5.0 (Linux; Android 10; K) AppleWebKit/537.36 (KHTML, like Gecko) Chrome/137.0.0.0 Mobile Safari/537.36"
119.94.163.150 - - [08/Jun/2025:11:29:57 -0400] "GET /wp-content/plugins/simple-social-buttons/assets/js/front.js?ver=6.1.0 HTTP/1.1" 200 1980 "https://w2.yours-toclaim.com/" "Mozilla/5.0 (Linux; Android 10; K) AppleWebKit/537.36 (KHTML, like Gecko) Chrome/137.0.0.0 Mobile Safari/537.36"
119.94.163.150 - - [08/Jun/2025:11:29:57 -0400] "GET /wp-content/themes/toivo-lite/js/functions.min.js?ver=1.2.0 HTTP/1.1" 200 593 "https://w2.yours-toclaim.com/" "Mozilla/5.0 (Linux; Android 10; K) AppleWebKit/537.36 (KHTML, like Gecko) Chrome/137.0.0.0 Mobile Safari/537.36"
119.94.163.150 - - [08/Jun/2025:11:29:57 -0400] "GET /wp-content/plugins/simple-social-buttons/assets/js/frontend-blocks.js?ver=6.1.0 HTTP/1.1" 200 0 "https://w2.yours-toclaim.com/" "Mozilla/5.0 (Linux; Android 10; K) AppleWebKit/537.36 (KHTML, like Gecko) Chrome/137.0.0.0 Mobile Safari/537.36"
119.94.163.150 - - [08/Jun/2025:11:29:57 -0400] "GET /wp-content/plugins/disqus-comment-system/public/js/comment_embed.js?ver=3.1.2 HTTP/1.1" 200 653 "https://w2.yours-toclaim.com/" "Mozilla/5.0 (Linux; Android 10; K) AppleWebKit/537.36 (KHTML, like Gecko) Chrome/137.0.0.0 Mobile Safari/537.36"
119.94.163.150 - - [08/Jun/2025:11:29:57 -0400] "GET /wp-content/plugins/disqus-comment-system/public/js/comment_count.js?ver=3.1.2 HTTP/1.1" 200 354 "https://w2.yours-toclaim.com/" "Mozilla/5.0 (Linux; Android 10; K) AppleWebKit/537.36 (KHTML, like Gecko) Chrome/137.0.0.0 Mobile Safari/537.36"
119.94.163.150 - - [08/Jun/2025:11:29:57 -0400] "GET /wp-content/plugins/comic-easel/js/keynav.js HTTP/1.1" 200 302 "https://w2.yours-toclaim.com/" "Mozilla/5.0 (Linux; Android 10; K) AppleWebKit/537.36 (KHTML, like Gecko) Chrome/137.0.0.0 Mobile Safari/537.36"
119.94.163.150 - - [08/Jun/2025:11:29:57 -0400] "GET /wp-includes/js/comment-reply.min.js?ver=6.8.1 HTTP/1.1" 200 1247 "https://w2.yours-toclaim.com/" "Mozilla/5.0 (Linux; Android 10; K) AppleWebKit/537.36 (KHTML, like Gecko) Chrome/137.0.0.0 Mobile Safari/537.36"
119.94.163.150 - - [08/Jun/2025:11:29:57 -0400] "GET /wp-content/themes/toivo-lite/js/settings.min.js?ver=1.2.0 HTTP/1.1" 200 307 "https://w2.yours-toclaim.com/" "Mozilla/5.0 (Linux; Android 10; K) AppleWebKit/537.36 (KHTML, like Gecko) Chrome/137.0.0.0 Mobile Safari/537.36"
119.94.163.150 - - [08/Jun/2025:11:29:57 -0400] "GET /wp-content/plugins/simple-social-buttons/assets/fonts/ssb-icon.ttf?eahqa2 HTTP/1.1" 200 7412 "https://w5.yours-toclaim.com/wp-content/plugins/simple-social-buttons/assets/css/front.css?ver=6.1.0" "Mozilla/5.0 (Linux; Android 10; K) AppleWebKit/537.36 (KHTML, like Gecko) Chrome/137.0.0.0 Mobile Safari/537.36"
119.94.163.150 - - [08/Jun/2025:11:29:57 -0400] "GET /wp-content/uploads/2022/03/cropped-wide.jpeg HTTP/1.1" 200 119679 "https://w2.yours-toclaim.com/" "Mozilla/5.0 (Linux; Android 10; K) AppleWebKit/537.36 (KHTML, like Gecko) Chrome/137.0.0.0 Mobile Safari/537.36"
119.94.163.150 - - [08/Jun/2025:11:29:58 -0400] "GET /wp-content/plugins/simple-social-buttons/assets/fonts/ssb-icon.woff?eahqa2 HTTP/1.1" 200 7488 "https://w5.yours-toclaim.com/wp-content/plugins/simple-social-buttons/assets/css/front.css?ver=6.1.0" "Mozilla/5.0 (Linux; Android 10; K) AppleWebKit/537.36 (KHTML, like Gecko) Chrome/137.0.0.0 Mobile Safari/537.36"
119.94.163.150 - - [08/Jun/2025:11:29:58 -0400] "POST /wp-admin/admin-ajax.php HTTP/1.1" 200 61 "https://w2.yours-toclaim.com/" "Mozilla/5.0 (Linux; Android 10; K) AppleWebKit/537.36 (KHTML, like Gecko) Chrome/137.0.0.0 Mobile Safari/537.36"
119.94.163.150 - - [08/Jun/2025:11:30:02 -0400] "GET /yours-to-claim/yours-to-claim-chapter-1/ HTTP/1.1" 200 51870 "https://w2.yours-toclaim.com/" "Mozilla/5.0 (Linux; Android 10; K) AppleWebKit/537.36 (KHTML, like Gecko) Chrome/137.0.0.0 Mobile Safari/537.36"
64.233.173.238 - - [08/Jun/2025:11:30:02 -0400] "GET /yours-to-claim/yours-to-claim-chapter-8/ HTTP/1.1" 200 50875 "-" "Mozilla/5.0 (Linux; Android 7.0; SM-G930V Build/NRD90M) AppleWebKit/537.36 (KHTML, like Gecko) Chrome/59.0.3071.125 Mobile Safari/537.36 (compatible; Google-Read-Aloud; +https://support.google.com/webmasters/answer/1061943)"
64.233.173.234 - - [08/Jun/2025:11:30:02 -0400] "GET /yours-to-claim/yours-to-claim-chapter-8/ HTTP/1.1" 200 50875 "-" "Mozilla/5.0 (Linux; Android 7.0; SM-G930V Build/NRD90M) AppleWebKit/537.36 (KHTML, like Gecko) Chrome/59.0.3071.125 Mobile Safari/537.36 (compatible; Google-Read-Aloud; +https://support.google.com/webmasters/answer/1061943)"
119.94.163.150 - - [08/Jun/2025:11:30:02 -0400] "GET /yours-to-claim/yours-to-claim-chapter-1/ HTTP/1.1" 200 51870 "https://w2.yours-toclaim.com/" "Mozilla/5.0 (Linux; Android 10; K) AppleWebKit/537.36 (KHTML, like Gecko) Chrome/137.0.0.0 Mobile Safari/537.36"
119.94.163.150 - - [08/Jun/2025:11:30:03 -0400] "GET /wp-content/plugins/simple-social-buttons/assets/fonts/ssb-icon.ttf?eahqa2 HTTP/1.1" 200 7412 "https://w5.yours-toclaim.com/yours-to-claim/yours-to-claim-chapter-1/" "Mozilla/5.0 (Linux; Android 10; K) AppleWebKit/537.36 (KHTML, like Gecko) Chrome/137.0.0.0 Mobile Safari/537.36"
119.94.163.150 - - [08/Jun/2025:11:30:03 -0400] "GET /wp-content/plugins/wp-rocket/assets/js/wpr-beacon.min.js HTTP/1.1" 200 3530 "https://w5.yours-toclaim.com/yours-to-claim/yours-to-claim-chapter-1/" "Mozilla/5.0 (Linux; Android 10; K) AppleWebKit/537.36 (KHTML, like Gecko) Chrome/137.0.0.0 Mobile Safari/537.36"
119.94.163.150 - - [08/Jun/2025:11:30:04 -0400] "GET /wp-content/cache/min/1/wp-content/plugins/simple-social-buttons/assets/js/front.js?ver=1731251952 HTTP/1.1" 200 1488 "https://w5.yours-toclaim.com/yours-to-claim/yours-to-claim-chapter-1/" "Mozilla/5.0 (Linux; Android 10; K) AppleWebKit/537.36 (KHTML, like Gecko) Chrome/137.0.0.0 Mobile Safari/537.36"
119.94.163.150 - - [08/Jun/2025:11:30:04 -0400] "GET /wp-content/cache/min/1/wp-content/plugins/comic-easel/js/keynav.js?ver=1731251952 HTTP/1.1" 200 221 "https://w5.yours-toclaim.com/yours-to-claim/yours-to-claim-chapter-1/" "Mozilla/5.0 (Linux; Android 10; K) AppleWebKit/537.36 (KHTML, like Gecko) Chrome/137.0.0.0 Mobile Safari/537.36"
119.94.163.150 - - [08/Jun/2025:11:30:04 -0400] "GET /wp-content/cache/min/1/wp-content/plugins/disqus-comment-system/public/js/comment_embed.js?ver=1731252046 HTTP/1.1" 200 494 "https://w5.yours-toclaim.com/yours-to-claim/yours-to-claim-chapter-1/" "Mozilla/5.0 (Linux; Android 10; K) AppleWebKit/537.36 (KHTML, like Gecko) Chrome/137.0.0.0 Mobile Safari/537.36"
119.94.163.150 - - [08/Jun/2025:11:30:04 -0400] "GET /wp-content/cache/min/1/wp-content/plugins/wp-automatic/js/main-front.js?ver=1731252046 HTTP/1.1" 200 276 "https://w5.yours-toclaim.com/yours-to-claim/yours-to-claim-chapter-1/" "Mozilla/5.0 (Linux; Android 10; K) AppleWebKit/537.36 (KHTML, like Gecko) Chrome/137.0.0.0 Mobile Safari/537.36"
119.94.163.150 - - [08/Jun/2025:11:30:04 -0400] "GET /wp-content/cache/min/1/wp-content/plugins/disqus-comment-system/public/js/comment_count.js?ver=1731252027 HTTP/1.1" 200 308 "https://w5.yours-toclaim.com/yours-to-claim/yours-to-claim-chapter-1/" "Mozilla/5.0 (Linux; Android 10; K) AppleWebKit/537.36 (KHTML, like Gecko) Chrome/137.0.0.0 Mobile Safari/537.36"
119.94.163.150 - - [08/Jun/2025:11:30:06 -0400] "GET /wp-content/uploads/2022/03/cropped-tumblr_064b2d4fd6fb747c66937f0692a9c3d3_1356d0a2_500-180x180.png HTTP/1.1" 200 60888 "https://w5.yours-toclaim.com/yours-to-claim/yours-to-claim-chapter-1/" "Mozilla/5.0 (Linux; Android 10; K) AppleWebKit/537.36 (KHTML, like Gecko) Chrome/137.0.0.0 Mobile Safari/537.36"
119.94.163.150 - - [08/Jun/2025:11:30:06 -0400] "GET /wp-content/uploads/2022/03/cropped-tumblr_064b2d4fd6fb747c66937f0692a9c3d3_1356d0a2_500-192x192.png HTTP/1.1" 200 68717 "https://w5.yours-toclaim.com/yours-to-claim/yours-to-claim-chapter-1/" "Mozilla/5.0 (Linux; Android 10; K) AppleWebKit/537.36 (KHTML, like Gecko) Chrome/137.0.0.0 Mobile Safari/537.36"
162.0.232.193 - - [08/Jun/2025:11:30:06 -0400] "POST /wp-cron.php?doing_wp_cron=1749396606.0822620391845703125000 HTTP/1.1" 200 0 "-" "WordPress/6.8.1; https://w5.yours-toclaim.com"
119.94.163.150 - - [08/Jun/2025:11:30:05 -0400] "POST /wp-admin/admin-ajax.php HTTP/1.1" 200 61 "https://w5.yours-toclaim.com/yours-to-claim/yours-to-claim-chapter-1/" "Mozilla/5.0 (Linux; Android 10; K) AppleWebKit/537.36 (KHTML, like Gecko) Chrome/137.0.0.0 Mobile Safari/537.36"
64.233.173.234 - - [08/Jun/2025:11:30:08 -0400] "GET /yours-to-claim/yours-to-claim-chapter-1/ HTTP/1.1" 200 51870 "-" "Mozilla/5.0 (Linux; Android 7.0; SM-G930V Build/NRD90M) AppleWebKit/537.36 (KHTML, like Gecko) Chrome/59.0.3071.125 Mobile Safari/537.36 (compatible; Google-Read-Aloud; +https://support.google.com/webmasters/answer/1061943)"
64.233.173.235 - - [08/Jun/2025:11:30:08 -0400] "GET /yours-to-claim/yours-to-claim-chapter-1/ HTTP/1.1" 200 51870 "-" "Mozilla/5.0 (Linux; Android 7.0; SM-G930V Build/NRD90M) AppleWebKit/537.36 (KHTML, like Gecko) Chrome/59.0.3071.125 Mobile Safari/537.36 (compatible; Google-Read-Aloud; +https://support.google.com/webmasters/answer/1061943)"
47.128.23.54 - - [08/Jun/2025:11:30:25 -0400] "GET /tag/yours-to-claim-lezhin-season-2/page/5/ HTTP/1.1" 200 53449 "-" "Mozilla/5.0 (compatible; Bytespider; [email protected]) AppleWebKit/537.36 (KHTML, like Gecko) Chrome/70.0.0.0 Safari/537.36"
119.94.163.150 - - [08/Jun/2025:11:30:50 -0400] "GET /tag/yours-to-claim-lezhin/ HTTP/1.1" 200 67035 "https://w5.yours-toclaim.com/yours-to-claim/yours-to-claim-chapter-1/" "Mozilla/5.0 (Linux; Android 10; K) AppleWebKit/537.36 (KHTML, like Gecko) Chrome/137.0.0.0 Mobile Safari/537.36"
119.94.163.150 - - [08/Jun/2025:11:31:05 -0400] "GET /yours-to-claim/yours-to-claim-chapter-2/ HTTP/1.1" 200 49047 "https://w5.yours-toclaim.com/yours-to-claim/yours-to-claim-chapter-1/" "Mozilla/5.0 (Linux; Android 10; K) AppleWebKit/537.36 (KHTML, like Gecko) Chrome/137.0.0.0 Mobile Safari/537.36"
119.94.163.150 - - [08/Jun/2025:11:31:06 -0400] "GET /yours-to-claim/yours-to-claim-chapter-2/ HTTP/1.1" 304 0 "https://w5.yours-toclaim.com/yours-to-claim/yours-to-claim-chapter-1/" "Mozilla/5.0 (Linux; Android 10; K) AppleWebKit/537.36 (KHTML, like Gecko) Chrome/137.0.0.0 Mobile Safari/537.36"
162.0.232.193 - - [08/Jun/2025:11:31:07 -0400] "POST /wp-cron.php?doing_wp_cron=1749396667.7681930065155029296875 HTTP/1.1" 200 0 "-" "WordPress/6.8.1; https://w5.yours-toclaim.com"
119.94.163.150 - - [08/Jun/2025:11:31:07 -0400] "POST /wp-admin/admin-ajax.php HTTP/1.1" 200 61 "https://w5.yours-toclaim.com/yours-to-claim/yours-to-claim-chapter-2/" "Mozilla/5.0 (Linux; Android 10; K) AppleWebKit/537.36 (KHTML, like Gecko) Chrome/137.0.0.0 Mobile Safari/537.36"
119.94.163.150 - - [08/Jun/2025:11:31:10 -0400] "GET / HTTP/1.1" 200 37389 "https://w5.yours-toclaim.com/yours-to-claim/yours-to-claim-chapter-2/" "Mozilla/5.0 (Linux; Android 10; K) AppleWebKit/537.36 (KHTML, like Gecko) Chrome/137.0.0.0 Mobile Safari/537.36"
192.178.15.37 - - [08/Jun/2025:11:31:11 -0400] "GET /yours-to-claim/yours-to-claim-chapter-2/ HTTP/1.1" 200 49047 "-" "Mozilla/5.0 (Linux; Android 7.0; SM-G930V Build/NRD90M) AppleWebKit/537.36 (KHTML, like Gecko) Chrome/59.0.3071.125 Mobile Safari/537.36 (compatible; Google-Read-Aloud; +https://support.google.com/webmasters/answer/1061943)"
64.233.173.235 - - [08/Jun/2025:11:31:11 -0400] "GET /yours-to-claim/yours-to-claim-chapter-2/ HTTP/1.1" 200 49285 "-" "Mozilla/5.0 (Linux; Android 7.0; SM-G930V Build/NRD90M) AppleWebKit/537.36 (KHTML, like Gecko) Chrome/59.0.3071.125 Mobile Safari/537.36 (compatible; Google-Read-Aloud; +https://support.google.com/webmasters/answer/1061943)"
192.178.15.38 - - [08/Jun/2025:11:31:12 -0400] "GET /wp-content/plugins/simple-social-buttons/assets/fonts/ssb-icon.ttf?eahqa2 HTTP/1.1" 200 7412 "https://w5.yours-toclaim.com/yours-to-claim/yours-to-claim-chapter-2/" "Mozilla/5.0 (Linux; Android 7.0; SM-G930V Build/NRD90M) AppleWebKit/537.36 (KHTML, like Gecko) Chrome/59.0.3071.125 Mobile Safari/537.36 (compatible; Google-Read-Aloud; +https://support.google.com/webmasters/answer/1061943)"
162.0.232.193 - - [08/Jun/2025:11:31:33 -0400] "POST /wp-cron.php?doing_wp_cron=1749396693.7478001117706298828125 HTTP/1.1" 200 0 "-" "WordPress/6.8.1; https://w5.yours-toclaim.com"
2a03:2880:f800:5:: - - [08/Jun/2025:11:31:33 -0400] "GET /?p=1871 HTTP/1.1" 301 0 "-" "meta-externalagent/1.1 (+https://developers.facebook.com/docs/sharing/webmasters/crawler)"
2a03:2880:f800:18:: - - [08/Jun/2025:11:31:35 -0400] "GET /yours-to-claim/yours-to-claim-chapter-76/ HTTP/1.1" 200 42660 "-" "meta-externalagent/1.1 (+https://developers.facebook.com/docs/sharing/webmasters/crawler)"
162.0.232.193 - - [08/Jun/2025:11:31:55 -0400] "POST /wp-cron.php?doing_wp_cron=1749396714.8444859981536865234375 HTTP/1.1" 200 0 "-" "WordPress/6.8.1; https://w5.yours-toclaim.com"
47.82.60.165 - - [08/Jun/2025:11:31:54 -0400] "GET /tag/volumes/page/11/ HTTP/1.1" 200 105789 "https://w5.yours-toclaim.com/tag/volumes/page/11/" "Mozilla/5.0 (Windows NT 10.0; Win64; x64) AppleWebKit/537.36 (KHTML, like Gecko) Chrome/114.0.0.0 Safari/537.36 Edg/114.0.1823.43"
119.94.163.150 - - [08/Jun/2025:11:32:00 -0400] "GET /yours-to-claim/yours-to-claim-chapter-3/ HTTP/1.1" 200 48203 "https://w5.yours-toclaim.com/yours-to-claim/yours-to-claim-chapter-2/" "Mozilla/5.0 (Linux; Android 10; K) AppleWebKit/537.36 (KHTML, like Gecko) Chrome/137.0.0.0 Mobile Safari/537.36"
119.94.163.150 - - [08/Jun/2025:11:32:01 -0400] "GET /yours-to-claim/yours-to-claim-chapter-3/ HTTP/1.1" 304 0 "https://w5.yours-toclaim.com/yours-to-claim/yours-to-claim-chapter-2/" "Mozilla/5.0 (Linux; Android 10; K) AppleWebKit/537.36 (KHTML, like Gecko) Chrome/137.0.0.0 Mobile Safari/537.36"
162.0.232.193 - - [08/Jun/2025:11:32:08 -0400] "POST /wp-cron.php?doing_wp_cron=1749396728.5513589382171630859375 HTTP/1.1" 200 0 "-" "WordPress/6.8.1; https://w5.yours-toclaim.com"
119.94.163.150 - - [08/Jun/2025:11:32:08 -0400] "POST /wp-admin/admin-ajax.php HTTP/1.1" 200 61 "https://w5.yours-toclaim.com/yours-to-claim/yours-to-claim-chapter-3/" "Mozilla/5.0 (Linux; Android 10; K) AppleWebKit/537.36 (KHTML, like Gecko) Chrome/137.0.0.0 Mobile Safari/537.36"
192.178.15.36 - - [08/Jun/2025:11:32:13 -0400] "GET /yours-to-claim/yours-to-claim-chapter-3/ HTTP/1.1" 200 48203 "-" "Mozilla/5.0 (Linux; Android 7.0; SM-G930V Build/NRD90M) AppleWebKit/537.36 (KHTML, like Gecko) Chrome/59.0.3071.125 Mobile Safari/537.36 (compatible; Google-Read-Aloud; +https://support.google.com/webmasters/answer/1061943)"
64.233.173.236 - - [08/Jun/2025:11:32:13 -0400] "GET /yours-to-claim/yours-to-claim-chapter-3/ HTTP/1.1" 200 48203 "-" "Mozilla/5.0 (Linux; Android 7.0; SM-G930V Build/NRD90M) AppleWebKit/537.36 (KHTML, like Gecko) Chrome/59.0.3071.125 Mobile Safari/537.36 (compatible; Google-Read-Aloud; +https://support.google.com/webmasters/answer/1061943)"
119.94.163.150 - - [08/Jun/2025:11:32:20 -0400] "GET /yours-to-claim/yours-to-claim-chapter-4/ HTTP/1.1" 200 52544 "https://w5.yours-toclaim.com/yours-to-claim/yours-to-claim-chapter-3/" "Mozilla/5.0 (Linux; Android 10; K) AppleWebKit/537.36 (KHTML, like Gecko) Chrome/137.0.0.0 Mobile Safari/537.36"
119.94.163.150 - - [08/Jun/2025:11:32:22 -0400] "GET /yours-to-claim/yours-to-claim-chapter-2/ HTTP/1.1" 304 0 "https://w5.yours-toclaim.com/yours-to-claim/yours-to-claim-chapter-3/" "Mozilla/5.0 (Linux; Android 10; K) AppleWebKit/537.36 (KHTML, like Gecko) Chrome/137.0.0.0 Mobile Safari/537.36"
119.94.163.150 - - [08/Jun/2025:11:32:23 -0400] "GET /tag/chapter/ HTTP/1.1" 200 66944 "https://w5.yours-toclaim.com/yours-to-claim/yours-to-claim-chapter-3/" "Mozilla/5.0 (Linux; Android 10; K) AppleWebKit/537.36 (KHTML, like Gecko) Chrome/137.0.0.0 Mobile Safari/537.36"
119.94.163.150 - - [08/Jun/2025:11:32:24 -0400] "GET /yours-to-claim/yours-to-claim-chapter-4/ HTTP/1.1" 304 0 "https://w5.yours-toclaim.com/yours-to-claim/yours-to-claim-chapter-3/" "Mozilla/5.0 (Linux; Android 10; K) AppleWebKit/537.36 (KHTML, like Gecko) Chrome/137.0.0.0 Mobile Safari/537.36"
119.94.163.150 - - [08/Jun/2025:11:32:25 -0400] "POST /wp-admin/admin-ajax.php HTTP/1.1" 200 61 "https://w5.yours-toclaim.com/yours-to-claim/yours-to-claim-chapter-4/" "Mozilla/5.0 (Linux; Android 10; K) AppleWebKit/537.36 (KHTML, like Gecko) Chrome/137.0.0.0 Mobile Safari/537.36"
119.94.163.150 - - [08/Jun/2025:11:32:27 -0400] "GET / HTTP/1.1" 304 0 "https://w5.yours-toclaim.com/yours-to-claim/yours-to-claim-chapter-4/" "Mozilla/5.0 (Linux; Android 10; K) AppleWebKit/537.36 (KHTML, like Gecko) Chrome/137.0.0.0 Mobile Safari/537.36"
119.94.163.150 - - [08/Jun/2025:11:33:22 -0400] "GET /yours-to-claim/yours-to-claim-chapter-3/ HTTP/1.1" 304 0 "https://w5.yours-toclaim.com/yours-to-claim/yours-to-claim-chapter-4/" "Mozilla/5.0 (Linux; Android 10; K) AppleWebKit/537.36 (KHTML, like Gecko) Chrome/137.0.0.0 Mobile Safari/537.36"
119.94.163.150 - - [08/Jun/2025:11:33:24 -0400] "GET /yours-to-claim/yours-to-claim-chapter-5/ HTTP/1.1" 200 52182 "https://w5.yours-toclaim.com/yours-to-claim/yours-to-claim-chapter-4/" "Mozilla/5.0 (Linux; Android 10; K) AppleWebKit/537.36 (KHTML, like Gecko) Chrome/137.0.0.0 Mobile Safari/537.36"
119.94.163.150 - - [08/Jun/2025:11:33:25 -0400] "GET /yours-to-claim/yours-to-claim-chapter-5/ HTTP/1.1" 304 0 "https://w5.yours-toclaim.com/yours-to-claim/yours-to-claim-chapter-4/" "Mozilla/5.0 (Linux; Android 10; K) AppleWebKit/537.36 (KHTML, like Gecko) Chrome/137.0.0.0 Mobile Safari/537.36"
162.0.232.193 - - [08/Jun/2025:11:33:27 -0400] "POST /wp-cron.php?doing_wp_cron=1749396807.6912369728088378906250 HTTP/1.1" 200 0 "-" "WordPress/6.8.1; https://w5.yours-toclaim.com"
119.94.163.150 - - [08/Jun/2025:11:33:27 -0400] "POST /wp-admin/admin-ajax.php HTTP/1.1" 200 61 "https://w5.yours-toclaim.com/yours-to-claim/yours-to-claim-chapter-5/" "Mozilla/5.0 (Linux; Android 10; K) AppleWebKit/537.36 (KHTML, like Gecko) Chrome/137.0.0.0 Mobile Safari/537.36"
192.178.15.36 - - [08/Jun/2025:11:33:32 -0400] "GET /yours-to-claim/yours-to-claim-chapter-5/ HTTP/1.1" 200 52182 "-" "Mozilla/5.0 (Linux; Android 7.0; SM-G930V Build/NRD90M) AppleWebKit/537.36 (KHTML, like Gecko) Chrome/59.0.3071.125 Mobile Safari/537.36 (compatible; Google-Read-Aloud; +https://support.google.com/webmasters/answer/1061943)"
64.233.173.236 - - [08/Jun/2025:11:33:32 -0400] "GET /yours-to-claim/yours-to-claim-chapter-5/ HTTP/1.1" 200 52182 "-" "Mozilla/5.0 (Linux; Android 7.0; SM-G930V Build/NRD90M) AppleWebKit/537.36 (KHTML, like Gecko) Chrome/59.0.3071.125 Mobile Safari/537.36 (compatible; Google-Read-Aloud; +https://support.google.com/webmasters/answer/1061943)"
47.82.61.75 - - [08/Jun/2025:11:33:56 -0400] "GET /yours-to-claim/yours-to-claim-chapter-29/ HTTP/1.1" 200 50808 "https://w5.yours-toclaim.com/yours-to-claim/yours-to-claim-chapter-29/" "Mozilla/5.0 (Windows NT 10.0; Win64; x64) AppleWebKit/537.36 (KHTML, like Gecko) Chrome/114.0.0.0 Safari/537.36 Edg/114.0.1823.43"
119.94.163.150 - - [08/Jun/2025:11:34:24 -0400] "GET /yours-to-claim/yours-to-claim-chapter-6/ HTTP/1.1" 200 51501 "https://w5.yours-toclaim.com/yours-to-claim/yours-to-claim-chapter-5/" "Mozilla/5.0 (Linux; Android 10; K) AppleWebKit/537.36 (KHTML, like Gecko) Chrome/137.0.0.0 Mobile Safari/537.36"
119.94.163.150 - - [08/Jun/2025:11:34:25 -0400] "GET /yours-to-claim/yours-to-claim-chapter-6/ HTTP/1.1" 304 0 "https://w5.yours-toclaim.com/yours-to-claim/yours-to-claim-chapter-5/" "Mozilla/5.0 (Linux; Android 10; K) AppleWebKit/537.36 (KHTML, like Gecko) Chrome/137.0.0.0 Mobile Safari/537.36"
47.128.122.248 - - [08/Jun/2025:11:34:25 -0400] "GET /yours-to-claim/yours-to-claim-chapter-9/ HTTP/1.1" 200 51214 "-" "Mozilla/5.0 (compatible; Bytespider; [email protected]) AppleWebKit/537.36 (KHTML, like Gecko) Chrome/70.0.0.0 Safari/537.36"
162.0.232.193 - - [08/Jun/2025:11:34:26 -0400] "POST /wp-cron.php?doing_wp_cron=1749396866.6224310398101806640625 HTTP/1.1" 200 0 "-" "WordPress/6.8.1; https://w5.yours-toclaim.com"
119.94.163.150 - - [08/Jun/2025:11:34:26 -0400] "POST /wp-admin/admin-ajax.php HTTP/1.1" 200 61 "https://w5.yours-toclaim.com/yours-to-claim/yours-to-claim-chapter-6/" "Mozilla/5.0 (Linux; Android 10; K) AppleWebKit/537.36 (KHTML, like Gecko) Chrome/137.0.0.0 Mobile Safari/537.36"
119.94.163.150 - - [08/Jun/2025:11:34:28 -0400] "GET / HTTP/1.1" 304 0 "https://w5.yours-toclaim.com/yours-to-claim/yours-to-claim-chapter-6/" "Mozilla/5.0 (Linux; Android 10; K) AppleWebKit/537.36 (KHTML, like Gecko) Chrome/137.0.0.0 Mobile Safari/537.36"
64.233.173.236 - - [08/Jun/2025:11:34:31 -0400] "GET /yours-to-claim/yours-to-claim-chapter-6/ HTTP/1.1" 200 51530 "-" "Mozilla/5.0 (Linux; Android 7.0; SM-G930V Build/NRD90M) AppleWebKit/537.36 (KHTML, like Gecko) Chrome/59.0.3071.125 Mobile Safari/537.36 (compatible; Google-Read-Aloud; +https://support.google.com/webmasters/answer/1061943)"
64.233.173.236 - - [08/Jun/2025:11:34:32 -0400] "GET /yours-to-claim/yours-to-claim-chapter-6/ HTTP/1.1" 200 51501 "-" "Mozilla/5.0 (Linux; Android 7.0; SM-G930V Build/NRD90M) AppleWebKit/537.36 (KHTML, like Gecko) Chrome/59.0.3071.125 Mobile Safari/537.36 (compatible; Google-Read-Aloud; +https://support.google.com/webmasters/answer/1061943)"
119.94.163.150 - - [08/Jun/2025:11:34:35 -0400] "GET /tag/yours-to-claim-lezhin/ HTTP/1.1" 304 0 "https://w5.yours-toclaim.com/yours-to-claim/yours-to-claim-chapter-6/" "Mozilla/5.0 (Linux; Android 10; K) AppleWebKit/537.36 (KHTML, like Gecko) Chrome/137.0.0.0 Mobile Safari/537.36"
119.94.163.150 - - [08/Jun/2025:11:34:36 -0400] "GET /yours-to-claim/yours-to-claim-chapter-7/ HTTP/1.1" 200 46740 "https://w5.yours-toclaim.com/yours-to-claim/yours-to-claim-chapter-6/" "Mozilla/5.0 (Linux; Android 10; K) AppleWebKit/537.36 (KHTML, like Gecko) Chrome/137.0.0.0 Mobile Safari/537.36"
119.94.163.150 - - [08/Jun/2025:11:34:37 -0400] "GET /yours-to-claim/yours-to-claim-chapter-7/ HTTP/1.1" 304 0 "https://w5.yours-toclaim.com/yours-to-claim/yours-to-claim-chapter-6/" "Mozilla/5.0 (Linux; Android 10; K) AppleWebKit/537.36 (KHTML, like Gecko) Chrome/137.0.0.0 Mobile Safari/537.36"
162.0.232.193 - - [08/Jun/2025:11:34:38 -0400] "POST /wp-cron.php?doing_wp_cron=1749396878.6023929119110107421875 HTTP/1.1" 200 0 "-" "WordPress/6.8.1; https://w5.yours-toclaim.com"
119.94.163.150 - - [08/Jun/2025:11:34:38 -0400] "POST /wp-admin/admin-ajax.php HTTP/1.1" 200 61 "https://w5.yours-toclaim.com/yours-to-claim/yours-to-claim-chapter-7/" "Mozilla/5.0 (Linux; Android 10; K) AppleWebKit/537.36 (KHTML, like Gecko) Chrome/137.0.0.0 Mobile Safari/537.36"
119.94.163.150 - - [08/Jun/2025:11:34:39 -0400] "GET / HTTP/1.1" 304 0 "https://w5.yours-toclaim.com/yours-to-claim/yours-to-claim-chapter-7/" "Mozilla/5.0 (Linux; Android 10; K) AppleWebKit/537.36 (KHTML, like Gecko) Chrome/137.0.0.0 Mobile Safari/537.36"
64.233.173.236 - - [08/Jun/2025:11:34:42 -0400] "GET /yours-to-claim/yours-to-claim-chapter-7/ HTTP/1.1" 200 46740 "-" "Mozilla/5.0 (Linux; Android 7.0; SM-G930V Build/NRD90M) AppleWebKit/537.36 (KHTML, like Gecko) Chrome/59.0.3071.125 Mobile Safari/537.36 (compatible; Google-Read-Aloud; +https://support.google.com/webmasters/answer/1061943)"
192.178.15.36 - - [08/Jun/2025:11:34:42 -0400] "GET /yours-to-claim/yours-to-claim-chapter-7/ HTTP/1.1" 200 46740 "-" "Mozilla/5.0 (Linux; Android 7.0; SM-G930V Build/NRD90M) AppleWebKit/537.36 (KHTML, like Gecko) Chrome/59.0.3071.125 Mobile Safari/537.36 (compatible; Google-Read-Aloud; +https://support.google.com/webmasters/answer/1061943)"
119.94.163.150 - - [08/Jun/2025:11:34:53 -0400] "GET /yours-to-claim/yours-to-claim-chapter-6/ HTTP/1.1" 304 0 "https://w5.yours-toclaim.com/yours-to-claim/yours-to-claim-chapter-7/" "Mozilla/5.0 (Linux; Android 10; K) AppleWebKit/537.36 (KHTML, like Gecko) Chrome/137.0.0.0 Mobile Safari/537.36"
119.94.163.150 - - [08/Jun/2025:11:34:55 -0400] "GET /yours-to-claim/yours-to-claim-chapter-8/ HTTP/1.1" 200 50875 "https://w5.yours-toclaim.com/yours-to-claim/yours-to-claim-chapter-7/" "Mozilla/5.0 (Linux; Android 10; K) AppleWebKit/537.36 (KHTML, like Gecko) Chrome/137.0.0.0 Mobile Safari/537.36"
119.94.163.150 - - [08/Jun/2025:11:34:55 -0400] "GET /yours-to-claim/yours-to-claim-chapter-8/ HTTP/1.1" 304 0 "https://w5.yours-toclaim.com/yours-to-claim/yours-to-claim-chapter-7/" "Mozilla/5.0 (Linux; Android 10; K) AppleWebKit/537.36 (KHTML, like Gecko) Chrome/137.0.0.0 Mobile Safari/537.36"
162.0.232.193 - - [08/Jun/2025:11:34:57 -0400] "POST /wp-cron.php?doing_wp_cron=1749396897.5314788818359375000000 HTTP/1.1" 200 0 "-" "WordPress/6.8.1; https://w5.yours-toclaim.com"
119.94.163.150 - - [08/Jun/2025:11:34:56 -0400] "POST /wp-admin/admin-ajax.php HTTP/1.1" 200 61 "https://w5.yours-toclaim.com/yours-to-claim/yours-to-claim-chapter-8/" "Mozilla/5.0 (Linux; Android 10; K) AppleWebKit/537.36 (KHTML, like Gecko) Chrome/137.0.0.0 Mobile Safari/537.36"
119.94.163.150 - - [08/Jun/2025:11:35:48 -0400] "GET /yours-to-claim/yours-to-claim-chapter-9/ HTTP/1.1" 200 51180 "https://w5.yours-toclaim.com/yours-to-claim/yours-to-claim-chapter-8/" "Mozilla/5.0 (Linux; Android 10; K) AppleWebKit/537.36 (KHTML, like Gecko) Chrome/137.0.0.0 Mobile Safari/537.36"
119.94.163.150 - - [08/Jun/2025:11:35:49 -0400] "GET /yours-to-claim/yours-to-claim-chapter-9/ HTTP/1.1" 304 0 "https://w5.yours-toclaim.com/yours-to-claim/yours-to-claim-chapter-8/" "Mozilla/5.0 (Linux; Android 10; K) AppleWebKit/537.36 (KHTML, like Gecko) Chrome/137.0.0.0 Mobile Safari/537.36"
162.0.232.193 - - [08/Jun/2025:11:35:50 -0400] "POST /wp-cron.php?doing_wp_cron=1749396950.4559860229492187500000 HTTP/1.1" 200 0 "-" "WordPress/6.8.1; https://w5.yours-toclaim.com"
119.94.163.150 - - [08/Jun/2025:11:35:50 -0400] "POST /wp-admin/admin-ajax.php HTTP/1.1" 200 61 "https://w5.yours-toclaim.com/yours-to-claim/yours-to-claim-chapter-9/" "Mozilla/5.0 (Linux; Android 10; K) AppleWebKit/537.36 (KHTML, like Gecko) Chrome/137.0.0.0 Mobile Safari/537.36"
119.94.163.150 - - [08/Jun/2025:11:36:25 -0400] "GET /yours-to-claim/yours-to-claim-chapter-10/ HTTP/1.1" 200 49301 "https://w5.yours-toclaim.com/yours-to-claim/yours-to-claim-chapter-9/" "Mozilla/5.0 (Linux; Android 10; K) AppleWebKit/537.36 (KHTML, like Gecko) Chrome/137.0.0.0 Mobile Safari/537.36"
119.94.163.150 - - [08/Jun/2025:11:36:26 -0400] "GET /yours-to-claim/yours-to-claim-chapter-10/ HTTP/1.1" 304 0 "https://w5.yours-toclaim.com/yours-to-claim/yours-to-claim-chapter-9/" "Mozilla/5.0 (Linux; Android 10; K) AppleWebKit/537.36 (KHTML, like Gecko) Chrome/137.0.0.0 Mobile Safari/537.36"
162.0.232.193 - - [08/Jun/2025:11:36:28 -0400] "POST /wp-cron.php?doing_wp_cron=1749396988.0270369052886962890625 HTTP/1.1" 200 0 "-" "WordPress/6.8.1; https://w5.yours-toclaim.com"
119.94.163.150 - - [08/Jun/2025:11:36:27 -0400] "POST /wp-admin/admin-ajax.php HTTP/1.1" 200 61 "https://w5.yours-toclaim.com/yours-to-claim/yours-to-claim-chapter-10/" "Mozilla/5.0 (Linux; Android 10; K) AppleWebKit/537.36 (KHTML, like Gecko) Chrome/137.0.0.0 Mobile Safari/537.36"
64.233.173.234 - - [08/Jun/2025:11:36:32 -0400] "GET /yours-to-claim/yours-to-claim-chapter-10/ HTTP/1.1" 200 49301 "-" "Mozilla/5.0 (Linux; Android 7.0; SM-G930V Build/NRD90M) AppleWebKit/537.36 (KHTML, like Gecko) Chrome/59.0.3071.125 Mobile Safari/537.36 (compatible; Google-Read-Aloud; +https://support.google.com/webmasters/answer/1061943)"
64.233.173.234 - - [08/Jun/2025:11:36:32 -0400] "GET /yours-to-claim/yours-to-claim-chapter-10/ HTTP/1.1" 200 49301 "-" "Mozilla/5.0 (Linux; Android 7.0; SM-G930V Build/NRD90M) AppleWebKit/537.36 (KHTML, like Gecko) Chrome/59.0.3071.125 Mobile Safari/537.36 (compatible; Google-Read-Aloud; +https://support.google.com/webmasters/answer/1061943)"
47.82.60.226 - - [08/Jun/2025:11:37:00 -0400] "GET /privacy-policy/ HTTP/1.1" 200 40533 "https://w5.yours-toclaim.com/privacy-policy/" "Mozilla/5.0 (Windows NT 10.0; Win64; x64) AppleWebKit/537.36 (KHTML, like Gecko) Chrome/114.0.0.0 Safari/537.36 Edg/114.0.1823.43"
162.0.232.193 - - [08/Jun/2025:11:37:23 -0400] "POST /wp-cron.php?doing_wp_cron=1749397043.5337779521942138671875 HTTP/1.1" 200 0 "-" "WordPress/6.8.1; https://w5.yours-toclaim.com"
47.82.61.56 - - [08/Jun/2025:11:37:23 -0400] "GET /category/yours-to-claim-manhwa/page/6/ HTTP/1.1" 200 85304 "https://w5.yours-toclaim.com/category/yours-to-claim-manhwa/page/6/" "Mozilla/5.0 (Windows NT 10.0; Win64; x64) AppleWebKit/537.36 (KHTML, like Gecko) Chrome/114.0.0.0 Safari/537.36 Edg/114.0.1823.43"
162.0.232.193 - - [08/Jun/2025:11:37:34 -0400] "POST /wp-cron.php?doing_wp_cron=1749397054.2351889610290527343750 HTTP/1.1" 200 0 "-" "WordPress/6.8.1; https://w5.yours-toclaim.com"
47.82.60.13 - - [08/Jun/2025:11:37:33 -0400] "GET /tag/manga/page/12/ HTTP/1.1" 200 73531 "https://w5.yours-toclaim.com/tag/manga/page/12/" "Mozilla/5.0 (Windows NT 10.0; Win64; x64) AppleWebKit/537.36 (KHTML, like Gecko) Chrome/114.0.0.0 Safari/537.36 Edg/114.0.1823.43"
119.94.163.150 - - [08/Jun/2025:11:37:38 -0400] "GET /yours-to-claim/yours-to-claim-chapter-11/ HTTP/1.1" 200 51130 "https://w5.yours-toclaim.com/yours-to-claim/yours-to-claim-chapter-10/" "Mozilla/5.0 (Linux; Android 10; K) AppleWebKit/537.36 (KHTML, like Gecko) Chrome/137.0.0.0 Mobile Safari/537.36"
119.94.163.150 - - [08/Jun/2025:11:37:39 -0400] "GET /yours-to-claim/yours-to-claim-chapter-11/ HTTP/1.1" 304 0 "https://w5.yours-toclaim.com/yours-to-claim/yours-to-claim-chapter-10/" "Mozilla/5.0 (Linux; Android 10; K) AppleWebKit/537.36 (KHTML, like Gecko) Chrome/137.0.0.0 Mobile Safari/537.36"
119.94.163.150 - - [08/Jun/2025:11:37:41 -0400] "POST /wp-admin/admin-ajax.php HTTP/1.1" 200 61 "https://w5.yours-toclaim.com/yours-to-claim/yours-to-claim-chapter-11/" "Mozilla/5.0 (Linux; Android 10; K) AppleWebKit/537.36 (KHTML, like Gecko) Chrome/137.0.0.0 Mobile Safari/537.36"
64.233.173.237 - - [08/Jun/2025:11:37:45 -0400] "GET /yours-to-claim/yours-to-claim-chapter-11/ HTTP/1.1" 200 51130 "-" "Mozilla/5.0 (Linux; Android 7.0; SM-G930V Build/NRD90M) AppleWebKit/537.36 (KHTML, like Gecko) Chrome/59.0.3071.125 Mobile Safari/537.36 (compatible; Google-Read-Aloud; +https://support.google.com/webmasters/answer/1061943)"
64.233.173.238 - - [08/Jun/2025:11:37:45 -0400] "GET /yours-to-claim/yours-to-claim-chapter-11/ HTTP/1.1" 200 51130 "-" "Mozilla/5.0 (Linux; Android 7.0; SM-G930V Build/NRD90M) AppleWebKit/537.36 (KHTML, like Gecko) Chrome/59.0.3071.125 Mobile Safari/537.36 (compatible; Google-Read-Aloud; +https://support.google.com/webmasters/answer/1061943)"
119.94.163.150 - - [08/Jun/2025:11:38:08 -0400] "GET /category/yours-to-claim-read-2/ HTTP/1.1" 200 67305 "https://w5.yours-toclaim.com/yours-to-claim/yours-to-claim-chapter-11/" "Mozilla/5.0 (Linux; Android 10; K) AppleWebKit/537.36 (KHTML, like Gecko) Chrome/137.0.0.0 Mobile Safari/537.36"
119.94.163.150 - - [08/Jun/2025:11:38:08 -0400] "GET /yours-to-claim/yours-to-claim-chapter-12/ HTTP/1.1" 200 54780 "https://w5.yours-toclaim.com/yours-to-claim/yours-to-claim-chapter-11/" "Mozilla/5.0 (Linux; Android 10; K) AppleWebKit/537.36 (KHTML, like Gecko) Chrome/137.0.0.0 Mobile Safari/537.36"
119.94.163.150 - - [08/Jun/2025:11:38:08 -0400] "GET /yours-to-claim/yours-to-claim-chapter-12/ HTTP/1.1" 304 0 "https://w5.yours-toclaim.com/yours-to-claim/yours-to-claim-chapter-11/" "Mozilla/5.0 (Linux; Android 10; K) AppleWebKit/537.36 (KHTML, like Gecko) Chrome/137.0.0.0 Mobile Safari/537.36"
162.0.232.193 - - [08/Jun/2025:11:38:10 -0400] "POST /wp-cron.php?doing_wp_cron=1749397090.4682021141052246093750 HTTP/1.1" 200 0 "-" "WordPress/6.8.1; https://w5.yours-toclaim.com"
119.94.163.150 - - [08/Jun/2025:11:38:10 -0400] "POST /wp-admin/admin-ajax.php HTTP/1.1" 200 61 "https://w5.yours-toclaim.com/yours-to-claim/yours-to-claim-chapter-12/" "Mozilla/5.0 (Linux; Android 10; K) AppleWebKit/537.36 (KHTML, like Gecko) Chrome/137.0.0.0 Mobile Safari/537.36"
64.233.173.234 - - [08/Jun/2025:11:38:14 -0400] "GET /yours-to-claim/yours-to-claim-chapter-12/ HTTP/1.1" 200 54745 "-" "Mozilla/5.0 (Linux; Android 7.0; SM-G930V Build/NRD90M) AppleWebKit/537.36 (KHTML, like Gecko) Chrome/59.0.3071.125 Mobile Safari/537.36 (compatible; Google-Read-Aloud; +https://support.google.com/webmasters/answer/1061943)"
64.233.173.235 - - [08/Jun/2025:11:38:14 -0400] "GET /yours-to-claim/yours-to-claim-chapter-12/ HTTP/1.1" 200 54745 "-" "Mozilla/5.0 (Linux; Android 7.0; SM-G930V Build/NRD90M) AppleWebKit/537.36 (KHTML, like Gecko) Chrome/59.0.3071.125 Mobile Safari/537.36 (compatible; Google-Read-Aloud; +https://support.google.com/webmasters/answer/1061943)"
119.94.163.150 - - [08/Jun/2025:11:38:16 -0400] "GET /yours-to-claim/yours-to-claim-chapter-12/ HTTP/1.1" 304 0 "https://w5.yours-toclaim.com/yours-to-claim/yours-to-claim-chapter-12/" "Mozilla/5.0 (Linux; Android 10; K) AppleWebKit/537.36 (KHTML, like Gecko) Chrome/137.0.0.0 Mobile Safari/537.36"
119.94.163.150 - - [08/Jun/2025:11:38:25 -0400] "GET /yours-to-claim/yours-to-claim-chapter-13/ HTTP/1.1" 200 55243 "https://w5.yours-toclaim.com/yours-to-claim/yours-to-claim-chapter-12/" "Mozilla/5.0 (Linux; Android 10; K) AppleWebKit/537.36 (KHTML, like Gecko) Chrome/137.0.0.0 Mobile Safari/537.36"
47.128.63.74 - - [08/Jun/2025:11:38:26 -0400] "GET /yours-to-claim/yours-to-claim-chapter-68/ HTTP/1.1" 200 44193 "-" "Mozilla/5.0 (compatible; Bytespider; [email protected]) AppleWebKit/537.36 (KHTML, like Gecko) Chrome/70.0.0.0 Safari/537.36"
119.94.163.150 - - [08/Jun/2025:11:38:26 -0400] "GET /yours-to-claim/yours-to-claim-chapter-13/ HTTP/1.1" 304 0 "https://w5.yours-toclaim.com/yours-to-claim/yours-to-claim-chapter-12/" "Mozilla/5.0 (Linux; Android 10; K) AppleWebKit/537.36 (KHTML, like Gecko) Chrome/137.0.0.0 Mobile Safari/537.36"
119.94.163.150 - - [08/Jun/2025:11:38:27 -0400] "POST /wp-admin/admin-ajax.php HTTP/1.1" 200 61 "https://w5.yours-toclaim.com/yours-to-claim/yours-to-claim-chapter-13/" "Mozilla/5.0 (Linux; Android 10; K) AppleWebKit/537.36 (KHTML, like Gecko) Chrome/137.0.0.0 Mobile Safari/537.36"
64.233.173.234 - - [08/Jun/2025:11:38:32 -0400] "GET /yours-to-claim/yours-to-claim-chapter-13/ HTTP/1.1" 200 55243 "-" "Mozilla/5.0 (Linux; Android 7.0; SM-G930V Build/NRD90M) AppleWebKit/537.36 (KHTML, like Gecko) Chrome/59.0.3071.125 Mobile Safari/537.36 (compatible; Google-Read-Aloud; +https://support.google.com/webmasters/answer/1061943)"
64.233.173.236 - - [08/Jun/2025:11:38:32 -0400] "GET /yours-to-claim/yours-to-claim-chapter-13/ HTTP/1.1" 200 55243 "-" "Mozilla/5.0 (Linux; Android 7.0; SM-G930V Build/NRD90M) AppleWebKit/537.36 (KHTML, like Gecko) Chrome/59.0.3071.125 Mobile Safari/537.36 (compatible; Google-Read-Aloud; +https://support.google.com/webmasters/answer/1061943)"
162.0.232.193 - - [08/Jun/2025:11:39:02 -0400] "POST /wp-cron.php?doing_wp_cron=1749397142.6368880271911621093750 HTTP/1.1" 200 0 "-" "WordPress/6.8.1; https://w5.yours-toclaim.com"
52.167.144.216 - - [08/Jun/2025:11:39:02 -0400] "GET /category/yours-to-claim/page/2/ HTTP/1.1" 200 50845 "-" "Mozilla/5.0 AppleWebKit/537.36 (KHTML, like Gecko; compatible; bingbot/2.0; +http://www.bing.com/bingbot.htm) Chrome/116.0.1938.76 Safari/537.36"
119.94.163.150 - - [08/Jun/2025:11:39:20 -0400] "GET /yours-to-claim/yours-to-claim-chapter-14/ HTTP/1.1" 200 48878 "https://w5.yours-toclaim.com/yours-to-claim/yours-to-claim-chapter-13/" "Mozilla/5.0 (Linux; Android 10; K) AppleWebKit/537.36 (KHTML, like Gecko) Chrome/137.0.0.0 Mobile Safari/537.36"
119.94.163.150 - - [08/Jun/2025:11:39:21 -0400] "GET /yours-to-claim/yours-to-claim-chapter-12/ HTTP/1.1" 304 0 "https://w5.yours-toclaim.com/yours-to-claim/yours-to-claim-chapter-13/" "Mozilla/5.0 (Linux; Android 10; K) AppleWebKit/537.36 (KHTML, like Gecko) Chrome/137.0.0.0 Mobile Safari/537.36"
119.94.163.150 - - [08/Jun/2025:11:39:21 -0400] "GET /yours-to-claim/yours-to-claim-chapter-14/ HTTP/1.1" 304 0 "https://w5.yours-toclaim.com/yours-to-claim/yours-to-claim-chapter-13/" "Mozilla/5.0 (Linux; Android 10; K) AppleWebKit/537.36 (KHTML, like Gecko) Chrome/137.0.0.0 Mobile Safari/537.36"
162.0.232.193 - - [08/Jun/2025:11:39:23 -0400] "POST /wp-cron.php?doing_wp_cron=1749397163.0979890823364257812500 HTTP/1.1" 200 0 "-" "WordPress/6.8.1; https://w5.yours-toclaim.com"
119.94.163.150 - - [08/Jun/2025:11:39:22 -0400] "POST /wp-admin/admin-ajax.php HTTP/1.1" 200 61 "https://w5.yours-toclaim.com/yours-to-claim/yours-to-claim-chapter-14/" "Mozilla/5.0 (Linux; Android 10; K) AppleWebKit/537.36 (KHTML, like Gecko) Chrome/137.0.0.0 Mobile Safari/537.36"
192.178.15.37 - - [08/Jun/2025:11:39:27 -0400] "GET /yours-to-claim/yours-to-claim-chapter-14/ HTTP/1.1" 200 48878 "-" "Mozilla/5.0 (Linux; Android 7.0; SM-G930V Build/NRD90M) AppleWebKit/537.36 (KHTML, like Gecko) Chrome/59.0.3071.125 Mobile Safari/537.36 (compatible; Google-Read-Aloud; +https://support.google.com/webmasters/answer/1061943)"
64.233.173.238 - - [08/Jun/2025:11:39:27 -0400] "GET /yours-to-claim/yours-to-claim-chapter-14/ HTTP/1.1" 200 48878 "-" "Mozilla/5.0 (Linux; Android 7.0; SM-G930V Build/NRD90M) AppleWebKit/537.36 (KHTML, like Gecko) Chrome/59.0.3071.125 Mobile Safari/537.36 (compatible; Google-Read-Aloud; +https://support.google.com/webmasters/answer/1061943)"
47.82.60.36 - - [08/Jun/2025:11:39:57 -0400] "GET /tag/yours-to-claim-author-twitter/ HTTP/1.1" 200 66984 "https://w5.yours-toclaim.com/tag/yours-to-claim-author-twitter/" "Mozilla/5.0 (Windows NT 10.0; Win64; x64) AppleWebKit/537.36 (KHTML, like Gecko) Chrome/114.0.0.0 Safari/537.36 Edg/114.0.1823.43"
119.94.163.150 - - [08/Jun/2025:11:40:13 -0400] "GET /yours-to-claim/yours-to-claim-chapter-15/ HTTP/1.1" 200 48075 "https://w5.yours-toclaim.com/yours-to-claim/yours-to-claim-chapter-14/" "Mozilla/5.0 (Linux; Android 10; K) AppleWebKit/537.36 (KHTML, like Gecko) Chrome/137.0.0.0 Mobile Safari/537.36"
119.94.163.150 - - [08/Jun/2025:11:40:14 -0400] "GET /yours-to-claim/yours-to-claim-chapter-15/ HTTP/1.1" 304 0 "https://w5.yours-toclaim.com/yours-to-claim/yours-to-claim-chapter-14/" "Mozilla/5.0 (Linux; Android 10; K) AppleWebKit/537.36 (KHTML, like Gecko) Chrome/137.0.0.0 Mobile Safari/537.36"
162.0.232.193 - - [08/Jun/2025:11:40:15 -0400] "POST /wp-cron.php?doing_wp_cron=1749397215.5375339984893798828125 HTTP/1.1" 200 0 "-" "WordPress/6.8.1; https://w5.yours-toclaim.com"
119.94.163.150 - - [08/Jun/2025:11:40:15 -0400] "POST /wp-admin/admin-ajax.php HTTP/1.1" 200 61 "https://w5.yours-toclaim.com/yours-to-claim/yours-to-claim-chapter-15/" "Mozilla/5.0 (Linux; Android 10; K) AppleWebKit/537.36 (KHTML, like Gecko) Chrome/137.0.0.0 Mobile Safari/537.36"
192.178.15.38 - - [08/Jun/2025:11:40:20 -0400] "GET /yours-to-claim/yours-to-claim-chapter-15/ HTTP/1.1" 200 48075 "-" "Mozilla/5.0 (Linux; Android 7.0; SM-G930V Build/NRD90M) AppleWebKit/537.36 (KHTML, like Gecko) Chrome/59.0.3071.125 Mobile Safari/537.36 (compatible; Google-Read-Aloud; +https://support.google.com/webmasters/answer/1061943)"
64.233.173.235 - - [08/Jun/2025:11:40:20 -0400] "GET /yours-to-claim/yours-to-claim-chapter-15/ HTTP/1.1" 200 48075 "-" "Mozilla/5.0 (Linux; Android 7.0; SM-G930V Build/NRD90M) AppleWebKit/537.36 (KHTML, like Gecko) Chrome/59.0.3071.125 Mobile Safari/537.36 (compatible; Google-Read-Aloud; +https://support.google.com/webmasters/answer/1061943)"
119.94.163.150 - - [08/Jun/2025:11:41:08 -0400] "GET /yours-to-claim/yours-to-claim-chapter-14/ HTTP/1.1" 304 0 "https://w5.yours-toclaim.com/yours-to-claim/yours-to-claim-chapter-15/" "Mozilla/5.0 (Linux; Android 10; K) AppleWebKit/537.36 (KHTML, like Gecko) Chrome/137.0.0.0 Mobile Safari/537.36"
119.94.163.150 - - [08/Jun/2025:11:41:09 -0400] "GET /yours-to-claim/yours-to-claim-chapter-16/ HTTP/1.1" 200 46591 "https://w5.yours-toclaim.com/yours-to-claim/yours-to-claim-chapter-15/" "Mozilla/5.0 (Linux; Android 10; K) AppleWebKit/537.36 (KHTML, like Gecko) Chrome/137.0.0.0 Mobile Safari/537.36"
119.94.163.150 - - [08/Jun/2025:11:41:09 -0400] "GET /yours-to-claim/yours-to-claim-chapter-16/ HTTP/1.1" 304 0 "https://w5.yours-toclaim.com/yours-to-claim/yours-to-claim-chapter-15/" "Mozilla/5.0 (Linux; Android 10; K) AppleWebKit/537.36 (KHTML, like Gecko) Chrome/137.0.0.0 Mobile Safari/537.36"
162.0.232.193 - - [08/Jun/2025:11:41:11 -0400] "POST /wp-cron.php?doing_wp_cron=1749397270.9273190498352050781250 HTTP/1.1" 200 0 "-" "WordPress/6.8.1; https://w5.yours-toclaim.com"
119.94.163.150 - - [08/Jun/2025:11:41:10 -0400] "POST /wp-admin/admin-ajax.php HTTP/1.1" 200 61 "https://w5.yours-toclaim.com/yours-to-claim/yours-to-claim-chapter-16/" "Mozilla/5.0 (Linux; Android 10; K) AppleWebKit/537.36 (KHTML, like Gecko) Chrome/137.0.0.0 Mobile Safari/537.36"
192.178.15.38 - - [08/Jun/2025:11:41:15 -0400] "GET /yours-to-claim/yours-to-claim-chapter-16/ HTTP/1.1" 200 46591 "-" "Mozilla/5.0 (Linux; Android 7.0; SM-G930V Build/NRD90M) AppleWebKit/537.36 (KHTML, like Gecko) Chrome/59.0.3071.125 Mobile Safari/537.36 (compatible; Google-Read-Aloud; +https://support.google.com/webmasters/answer/1061943)"
192.178.15.36 - - [08/Jun/2025:11:41:15 -0400] "GET /yours-to-claim/yours-to-claim-chapter-16/ HTTP/1.1" 200 46590 "-" "Mozilla/5.0 (Linux; Android 7.0; SM-G930V Build/NRD90M) AppleWebKit/537.36 (KHTML, like Gecko) Chrome/59.0.3071.125 Mobile Safari/537.36 (compatible; Google-Read-Aloud; +https://support.google.com/webmasters/answer/1061943)"
