20.171.207.138 - - [09/Jun/2025:12:23:42 -0400] "GET /wp-includes/js/dist/wordcount.min.js HTTP/1.1" 200 939 "-" "Mozilla/5.0 AppleWebKit/537.36 (KHTML, like Gecko; compatible; GPTBot/1.2; +https://openai.com/gptbot)"
47.82.60.203 - - [09/Jun/2025:12:23:42 -0400] "GET /category/yours-to-claim-manhwa/page/6/ HTTP/1.1" 404 1251 "https://w5.yours-toclaim.com/category/yours-to-claim-manhwa/page/6/" "Mozilla/5.0 (Windows NT 10.0; Win64; x64) AppleWebKit/537.36 (KHTML, like Gecko) Chrome/114.0.0.0 Safari/537.36 Edg/114.0.1823.43"
20.171.207.138 - - [09/Jun/2025:12:23:43 -0400] "GET /wp-includes/js/dist/data-controls.js HTTP/1.1" 200 1695 "-" "Mozilla/5.0 AppleWebKit/537.36 (KHTML, like Gecko; compatible; GPTBot/1.2; +https://openai.com/gptbot)"
47.82.60.252 - - [09/Jun/2025:12:23:43 -0400] "GET /yours-to-claim/yours-to-claim-chapter-74-6/ HTTP/1.1" 404 1251 "https://w5.yours-toclaim.com/yours-to-claim/yours-to-claim-chapter-74-6/" "Mozilla/5.0 (Windows NT 10.0; Win64; x64) AppleWebKit/537.36 (KHTML, like Gecko) Chrome/114.0.0.0 Safari/537.36 Edg/114.0.1823.43"
20.171.207.138 - - [09/Jun/2025:12:23:44 -0400] "GET /wp-includes/js/dist/redux-routine.js HTTP/1.1" 200 5229 "-" "Mozilla/5.0 AppleWebKit/537.36 (KHTML, like Gecko; compatible; GPTBot/1.2; +https://openai.com/gptbot)"
20.171.207.138 - - [09/Jun/2025:12:23:45 -0400] "GET /wp-includes/js/dist/commands.js HTTP/1.1" 200 41162 "-" "Mozilla/5.0 AppleWebKit/537.36 (KHTML, like Gecko; compatible; GPTBot/1.2; +https://openai.com/gptbot)"
20.171.207.138 - - [09/Jun/2025:12:23:46 -0400] "GET /wp-includes/js/dist/style-engine.js HTTP/1.1" 200 10290 "-" "Mozilla/5.0 AppleWebKit/537.36 (KHTML, like Gecko; compatible; GPTBot/1.2; +https://openai.com/gptbot)"
20.171.207.138 - - [09/Jun/2025:12:23:47 -0400] "GET /wp-includes/js/dist/viewport.js HTTP/1.1" 200 2999 "-" "Mozilla/5.0 AppleWebKit/537.36 (KHTML, like Gecko; compatible; GPTBot/1.2; +https://openai.com/gptbot)"
20.171.207.138 - - [09/Jun/2025:12:23:49 -0400] "GET /wp-includes/js/dist/warning.js HTTP/1.1" 200 914 "-" "Mozilla/5.0 AppleWebKit/537.36 (KHTML, like Gecko; compatible; GPTBot/1.2; +https://openai.com/gptbot)"
20.171.207.138 - - [09/Jun/2025:12:23:50 -0400] "GET /wp-includes/js/dist/commands.min.js HTTP/1.1" 200 15868 "-" "Mozilla/5.0 AppleWebKit/537.36 (KHTML, like Gecko; compatible; GPTBot/1.2; +https://openai.com/gptbot)"
20.171.207.138 - - [09/Jun/2025:12:23:51 -0400] "GET /wp-includes/js/dist/patterns.min.js HTTP/1.1" 200 6890 "-" "Mozilla/5.0 AppleWebKit/537.36 (KHTML, like Gecko; compatible; GPTBot/1.2; +https://openai.com/gptbot)"
217.113.194.68 - - [09/Jun/2025:12:23:52 -0400] "GET /tag/yours-to-claim-manga/page/3/ HTTP/1.1" 404 1251 "-" "Mozilla/5.0 (compatible; Barkrowler/0.9; +https://babbar.tech/crawler)"
20.171.207.138 - - [09/Jun/2025:12:23:52 -0400] "GET /wp-includes/js/dist/compose.js HTTP/1.1" 200 47965 "-" "Mozilla/5.0 AppleWebKit/537.36 (KHTML, like Gecko; compatible; GPTBot/1.2; +https://openai.com/gptbot)"
20.171.207.138 - - [09/Jun/2025:12:23:53 -0400] "GET /wp-includes/js/dist/patterns.js HTTP/1.1" 200 12308 "-" "Mozilla/5.0 AppleWebKit/537.36 (KHTML, like Gecko; compatible; GPTBot/1.2; +https://openai.com/gptbot)"
20.171.207.138 - - [09/Jun/2025:12:23:54 -0400] "GET /wp-includes/js/dist/media-utils.js HTTP/1.1" 200 7605 "-" "Mozilla/5.0 AppleWebKit/537.36 (KHTML, like Gecko; compatible; GPTBot/1.2; +https://openai.com/gptbot)"
20.171.207.138 - - [09/Jun/2025:12:23:56 -0400] "GET /wp-includes/js/dist/compose.min.js HTTP/1.1" 200 12483 "-" "Mozilla/5.0 AppleWebKit/537.36 (KHTML, like Gecko; compatible; GPTBot/1.2; +https://openai.com/gptbot)"
20.171.207.138 - - [09/Jun/2025:12:23:57 -0400] "GET /wp-includes/js/dist/plugins.min.js HTTP/1.1" 200 1758 "-" "Mozilla/5.0 AppleWebKit/537.36 (KHTML, like Gecko; compatible; GPTBot/1.2; +https://openai.com/gptbot)"
20.171.207.138 - - [09/Jun/2025:12:23:58 -0400] "GET /wp-includes/js/dist/notices.min.js HTTP/1.1" 200 876 "-" "Mozilla/5.0 AppleWebKit/537.36 (KHTML, like Gecko; compatible; GPTBot/1.2; +https://openai.com/gptbot)"
20.171.207.138 - - [09/Jun/2025:12:23:59 -0400] "GET /wp-includes/js/dist/warning.min.js HTTP/1.1" 200 209 "-" "Mozilla/5.0 AppleWebKit/537.36 (KHTML, like Gecko; compatible; GPTBot/1.2; +https://openai.com/gptbot)"
20.171.207.138 - - [09/Jun/2025:12:24:00 -0400] "GET /wp-includes/js/dist/widgets.min.js HTTP/1.1" 200 6794 "-" "Mozilla/5.0 AppleWebKit/537.36 (KHTML, like Gecko; compatible; GPTBot/1.2; +https://openai.com/gptbot)"
20.171.207.138 - - [09/Jun/2025:12:24:01 -0400] "GET /wp-includes/js/mce-view.min.js HTTP/1.1" 200 3437 "-" "Mozilla/5.0 AppleWebKit/537.36 (KHTML, like Gecko; compatible; GPTBot/1.2; +https://openai.com/gptbot)"
20.171.207.138 - - [09/Jun/2025:12:24:02 -0400] "GET /wp-includes/ID3/module.tag.apetag.php HTTP/1.1" 403 1242 "-" "Mozilla/5.0 AppleWebKit/537.36 (KHTML, like Gecko; compatible; GPTBot/1.2; +https://openai.com/gptbot)"
20.171.207.138 - - [09/Jun/2025:12:24:03 -0400] "GET /wp-includes/js/dist/script-modules/a11y/ HTTP/1.1" 200 663 "-" "Mozilla/5.0 AppleWebKit/537.36 (KHTML, like Gecko; compatible; GPTBot/1.2; +https://openai.com/gptbot)"
20.171.207.138 - - [09/Jun/2025:12:24:05 -0400] "GET /wp-includes/pomo/translations.php HTTP/1.1" 403 1242 "-" "Mozilla/5.0 AppleWebKit/537.36 (KHTML, like Gecko; compatible; GPTBot/1.2; +https://openai.com/gptbot)"
20.171.207.138 - - [09/Jun/2025:12:24:06 -0400] "GET /wp-includes/rest-api/?SA HTTP/1.1" 200 1129 "-" "Mozilla/5.0 AppleWebKit/537.36 (KHTML, like Gecko; compatible; GPTBot/1.2; +https://openai.com/gptbot)"
20.171.207.138 - - [09/Jun/2025:12:24:07 -0400] "GET /wp-includes/rest-api/?ND HTTP/1.1" 200 1126 "-" "Mozilla/5.0 AppleWebKit/537.36 (KHTML, like Gecko; compatible; GPTBot/1.2; +https://openai.com/gptbot)"
217.113.194.71 - - [09/Jun/2025:12:24:08 -0400] "GET /tag/yours-to-claim-manga/page/10/ HTTP/1.1" 404 1251 "-" "Mozilla/5.0 (compatible; Barkrowler/0.9; +https://babbar.tech/crawler)"
47.82.60.202 - - [09/Jun/2025:12:24:08 -0400] "GET /yours-to-claim/yours-to-claim-chapter-77/ HTTP/1.1" 404 1251 "https://w5.yours-toclaim.com/yours-to-claim/yours-to-claim-chapter-77/" "Mozilla/5.0 (Windows NT 10.0; Win64; x64) AppleWebKit/537.36 (KHTML, like Gecko) Chrome/114.0.0.0 Safari/537.36 Edg/114.0.1823.43"
20.171.207.138 - - [09/Jun/2025:12:24:08 -0400] "GET /wp-includes/rest-api/?MA HTTP/1.1" 200 1134 "-" "Mozilla/5.0 AppleWebKit/537.36 (KHTML, like Gecko; compatible; GPTBot/1.2; +https://openai.com/gptbot)"
20.171.207.138 - - [09/Jun/2025:12:24:09 -0400] "GET /wp-includes/js/json2.js HTTP/1.1" 200 5292 "-" "Mozilla/5.0 AppleWebKit/537.36 (KHTML, like Gecko; compatible; GPTBot/1.2; +https://openai.com/gptbot)"
20.171.207.138 - - [09/Jun/2025:12:24:10 -0400] "GET /wp-includes/category-template.php HTTP/1.1" 403 1242 "-" "Mozilla/5.0 AppleWebKit/537.36 (KHTML, like Gecko; compatible; GPTBot/1.2; +https://openai.com/gptbot)"
20.171.207.138 - - [09/Jun/2025:12:24:11 -0400] "GET /wp-includes/class-json.php HTTP/1.1" 403 1242 "-" "Mozilla/5.0 AppleWebKit/537.36 (KHTML, like Gecko; compatible; GPTBot/1.2; +https://openai.com/gptbot)"
20.171.207.138 - - [09/Jun/2025:12:24:13 -0400] "GET /wp-includes/l10n/class-wp-translations.php HTTP/1.1" 403 1242 "-" "Mozilla/5.0 AppleWebKit/537.36 (KHTML, like Gecko; compatible; GPTBot/1.2; +https://openai.com/gptbot)"
20.171.207.138 - - [09/Jun/2025:12:24:14 -0400] "GET /wp-includes/js/media-audiovideo.js HTTP/1.1" 200 5192 "-" "Mozilla/5.0 AppleWebKit/537.36 (KHTML, like Gecko; compatible; GPTBot/1.2; +https://openai.com/gptbot)"
20.171.207.138 - - [09/Jun/2025:12:24:15 -0400] "GET /wp-includes/js/dist/script-modules/a11y/?SA HTTP/1.1" 403 1242 "-" "Mozilla/5.0 AppleWebKit/537.36 (KHTML, like Gecko; compatible; GPTBot/1.2; +https://openai.com/gptbot)"
20.171.207.138 - - [09/Jun/2025:12:24:16 -0400] "GET /wp-includes/js/customize-models.js HTTP/1.1" 200 1800 "-" "Mozilla/5.0 AppleWebKit/537.36 (KHTML, like Gecko; compatible; GPTBot/1.2; +https://openai.com/gptbot)"
20.171.207.138 - - [09/Jun/2025:12:24:17 -0400] "GET /wp-includes/rest-api/class-wp-rest-server.php HTTP/1.1" 403 1242 "-" "Mozilla/5.0 AppleWebKit/537.36 (KHTML, like Gecko; compatible; GPTBot/1.2; +https://openai.com/gptbot)"
20.171.207.138 - - [09/Jun/2025:12:24:18 -0400] "GET /wp-includes/rest-api/class-wp-rest-request.php HTTP/1.1" 403 1242 "-" "Mozilla/5.0 AppleWebKit/537.36 (KHTML, like Gecko; compatible; GPTBot/1.2; +https://openai.com/gptbot)"
20.171.207.138 - - [09/Jun/2025:12:24:20 -0400] "GET /wp-includes/rest-api/class-wp-rest-response.php HTTP/1.1" 403 1242 "-" "Mozilla/5.0 AppleWebKit/537.36 (KHTML, like Gecko; compatible; GPTBot/1.2; +https://openai.com/gptbot)"
47.82.60.111 - - [09/Jun/2025:12:24:20 -0400] "GET /tag/chapters/page/9/ HTTP/1.1" 404 1251 "https://w5.yours-toclaim.com/tag/chapters/page/9/" "Mozilla/5.0 (Windows NT 10.0; Win64; x64) AppleWebKit/537.36 (KHTML, like Gecko) Chrome/114.0.0.0 Safari/537.36 Edg/114.0.1823.43"
20.171.207.138 - - [09/Jun/2025:12:24:21 -0400] "GET /wp-includes/rest-api/error_log HTTP/1.1" 403 1242 "-" "Mozilla/5.0 AppleWebKit/537.36 (KHTML, like Gecko; compatible; GPTBot/1.2; +https://openai.com/gptbot)"
20.171.207.138 - - [09/Jun/2025:12:24:22 -0400] "GET /wp-includes/rest-api/?NA HTTP/1.1" 200 1131 "-" "Mozilla/5.0 AppleWebKit/537.36 (KHTML, like Gecko; compatible; GPTBot/1.2; +https://openai.com/gptbot)"
20.171.207.138 - - [09/Jun/2025:12:24:23 -0400] "GET /wp-includes/rest-api/?MD HTTP/1.1" 200 1131 "-" "Mozilla/5.0 AppleWebKit/537.36 (KHTML, like Gecko; compatible; GPTBot/1.2; +https://openai.com/gptbot)"
217.113.194.69 - - [09/Jun/2025:12:24:23 -0400] "GET /tag/yours-to-claim-read/page/2/ HTTP/1.1" 404 1251 "-" "Mozilla/5.0 (compatible; Barkrowler/0.9; +https://babbar.tech/crawler)"
20.171.207.138 - - [09/Jun/2025:12:24:24 -0400] "GET /wp-includes/rest-api/?SD HTTP/1.1" 200 1127 "-" "Mozilla/5.0 AppleWebKit/537.36 (KHTML, like Gecko; compatible; GPTBot/1.2; +https://openai.com/gptbot)"
20.171.207.138 - - [09/Jun/2025:12:24:25 -0400] "GET /wp-includes/js/',attachment.get(%20'url'%20),' HTTP/1.1" 404 1251 "-" "Mozilla/5.0 AppleWebKit/537.36 (KHTML, like Gecko; compatible; GPTBot/1.2; +https://openai.com/gptbot)"
20.171.207.138 - - [09/Jun/2025:12:24:27 -0400] "GET /wp-includes/js/imagesloaded.min.js HTTP/1.1" 200 1687 "-" "Mozilla/5.0 AppleWebKit/537.36 (KHTML, like Gecko; compatible; GPTBot/1.2; +https://openai.com/gptbot)"
20.171.207.138 - - [09/Jun/2025:12:24:28 -0400] "GET /wp-includes/js/jcrop/?SA HTTP/1.1" 403 1242 "-" "Mozilla/5.0 AppleWebKit/537.36 (KHTML, like Gecko; compatible; GPTBot/1.2; +https://openai.com/gptbot)"
20.171.207.138 - - [09/Jun/2025:12:24:29 -0400] "GET /wp-includes/js/jcrop/?MA HTTP/1.1" 403 1242 "-" "Mozilla/5.0 AppleWebKit/537.36 (KHTML, like Gecko; compatible; GPTBot/1.2; +https://openai.com/gptbot)"
20.171.207.138 - - [09/Jun/2025:12:24:30 -0400] "GET /wp-includes/js/jcrop/?ND HTTP/1.1" 403 1242 "-" "Mozilla/5.0 AppleWebKit/537.36 (KHTML, like Gecko; compatible; GPTBot/1.2; +https://openai.com/gptbot)"
20.171.207.138 - - [09/Jun/2025:12:24:31 -0400] "GET /wp-includes/js/jquery/ui/ HTTP/1.1" 200 2329 "-" "Mozilla/5.0 AppleWebKit/537.36 (KHTML, like Gecko; compatible; GPTBot/1.2; +https://openai.com/gptbot)"
20.171.207.138 - - [09/Jun/2025:12:24:32 -0400] "GET /wp-includes/class-wp-network.php HTTP/1.1" 403 1242 "-" "Mozilla/5.0 AppleWebKit/537.36 (KHTML, like Gecko; compatible; GPTBot/1.2; +https://openai.com/gptbot)"
20.171.207.138 - - [09/Jun/2025:12:24:34 -0400] "GET /wp-includes/rest-api/class-wp-rest-server.php HTTP/1.1" 403 1242 "-" "Mozilla/5.0 AppleWebKit/537.36 (KHTML, like Gecko; compatible; GPTBot/1.2; +https://openai.com/gptbot)"
20.171.207.138 - - [09/Jun/2025:12:24:35 -0400] "GET /wp-includes/rest-api/class-wp-rest-request.php HTTP/1.1" 403 1242 "-" "Mozilla/5.0 AppleWebKit/537.36 (KHTML, like Gecko; compatible; GPTBot/1.2; +https://openai.com/gptbot)"
20.171.207.138 - - [09/Jun/2025:12:24:36 -0400] "GET /wp-includes/rest-api/class-wp-rest-response.php HTTP/1.1" 403 1242 "-" "Mozilla/5.0 AppleWebKit/537.36 (KHTML, like Gecko; compatible; GPTBot/1.2; +https://openai.com/gptbot)"
47.82.60.198 - - [09/Jun/2025:12:24:36 -0400] "GET /yours-to-claim/yours-to-claim-chapter-55/ HTTP/1.1" 404 1251 "https://w5.yours-toclaim.com/yours-to-claim/yours-to-claim-chapter-55/" "Mozilla/5.0 (Windows NT 10.0; Win64; x64) AppleWebKit/537.36 (KHTML, like Gecko) Chrome/114.0.0.0 Safari/537.36 Edg/114.0.1823.43"
20.171.207.138 - - [09/Jun/2025:12:24:37 -0400] "GET /wp-includes/rest-api/error_log HTTP/1.1" 403 1242 "-" "Mozilla/5.0 AppleWebKit/537.36 (KHTML, like Gecko; compatible; GPTBot/1.2; +https://openai.com/gptbot)"
20.171.207.138 - - [09/Jun/2025:12:24:38 -0400] "GET /wp-includes/js/dist/'+t+' HTTP/1.1" 404 1251 "-" "Mozilla/5.0 AppleWebKit/537.36 (KHTML, like Gecko; compatible; GPTBot/1.2; +https://openai.com/gptbot)"
217.113.194.70 - - [09/Jun/2025:12:24:39 -0400] "GET /yours-to-claim-chapter-74-5/ HTTP/1.1" 404 1251 "-" "Mozilla/5.0 (compatible; Barkrowler/0.9; +https://babbar.tech/crawler)"
20.171.207.138 - - [09/Jun/2025:12:24:39 -0400] "GET /wp-includes/sodium_compat/namespaced/Core/X25519.php HTTP/1.1" 403 1242 "-" "Mozilla/5.0 AppleWebKit/537.36 (KHTML, like Gecko; compatible; GPTBot/1.2; +https://openai.com/gptbot)"
47.79.3.105 - - [09/Jun/2025:12:24:40 -0400] "GET /tag/volumes/page/7/ HTTP/1.1" 404 1251 "https://w5.yours-toclaim.com/tag/volumes/page/7/" "Mozilla/5.0 (Windows NT 10.0; Win64; x64) AppleWebKit/537.36 (KHTML, like Gecko) Chrome/114.0.0.0 Safari/537.36 Edg/114.0.1823.43"
20.171.207.138 - - [09/Jun/2025:12:24:40 -0400] "GET /wp-includes/sodium_compat/namespaced/Core/Ed25519.php HTTP/1.1" 403 1242 "-" "Mozilla/5.0 AppleWebKit/537.36 (KHTML, like Gecko; compatible; GPTBot/1.2; +https://openai.com/gptbot)"
20.171.207.138 - - [09/Jun/2025:12:24:42 -0400] "GET /wp-includes/js/api-request.min.js HTTP/1.1" 200 530 "-" "Mozilla/5.0 AppleWebKit/537.36 (KHTML, like Gecko; compatible; GPTBot/1.2; +https://openai.com/gptbot)"
20.171.207.138 - - [09/Jun/2025:12:24:43 -0400] "GET /wp-includes/theme.json HTTP/1.1" 200 8704 "-" "Mozilla/5.0 AppleWebKit/537.36 (KHTML, like Gecko; compatible; GPTBot/1.2; +https://openai.com/gptbot)"
20.171.207.138 - - [09/Jun/2025:12:24:44 -0400] "GET /wp-includes/js/jquery/ui/effect-shake.min.js HTTP/1.1" 200 443 "-" "Mozilla/5.0 AppleWebKit/537.36 (KHTML, like Gecko; compatible; GPTBot/1.2; +https://openai.com/gptbot)"
20.171.207.138 - - [09/Jun/2025:12:24:45 -0400] "GET /wp-includes/images/media/ HTTP/1.1" 200 1235 "-" "Mozilla/5.0 AppleWebKit/537.36 (KHTML, like Gecko; compatible; GPTBot/1.2; +https://openai.com/gptbot)"
20.171.207.138 - - [09/Jun/2025:12:24:46 -0400] "GET /wp-includes/js/jquery/ui/effect-scale.min.js HTTP/1.1" 200 382 "-" "Mozilla/5.0 AppleWebKit/537.36 (KHTML, like Gecko; compatible; GPTBot/1.2; +https://openai.com/gptbot)"
20.171.207.138 - - [09/Jun/2025:12:24:47 -0400] "GET /wp-includes/js/jquery/ui/effect-slide.min.js HTTP/1.1" 200 499 "-" "Mozilla/5.0 AppleWebKit/537.36 (KHTML, like Gecko; compatible; GPTBot/1.2; +https://openai.com/gptbot)"
20.171.207.138 - - [09/Jun/2025:12:24:49 -0400] "GET /wp-includes/js/jquery/ui/effect-blind.min.js HTTP/1.1" 200 453 "-" "Mozilla/5.0 AppleWebKit/537.36 (KHTML, like Gecko; compatible; GPTBot/1.2; +https://openai.com/gptbot)"
20.171.207.138 - - [09/Jun/2025:12:24:50 -0400] "GET /wp-includes/pomo/streams.php HTTP/1.1" 403 1242 "-" "Mozilla/5.0 AppleWebKit/537.36 (KHTML, like Gecko; compatible; GPTBot/1.2; +https://openai.com/gptbot)"
20.171.207.138 - - [09/Jun/2025:12:24:51 -0400] "GET /wp-includes/js/tinymce/ HTTP/1.1" 200 1181 "-" "Mozilla/5.0 AppleWebKit/537.36 (KHTML, like Gecko; compatible; GPTBot/1.2; +https://openai.com/gptbot)"
20.171.207.138 - - [09/Jun/2025:12:24:52 -0400] "GET /wp-includes/js/utils.js HTTP/1.1" 200 1549 "-" "Mozilla/5.0 AppleWebKit/537.36 (KHTML, like Gecko; compatible; GPTBot/1.2; +https://openai.com/gptbot)"
20.171.207.138 - - [09/Jun/2025:12:24:53 -0400] "GET /wp-includes/SimplePie/error_log HTTP/1.1" 403 1242 "-" "Mozilla/5.0 AppleWebKit/537.36 (KHTML, like Gecko; compatible; GPTBot/1.2; +https://openai.com/gptbot)"
20.171.207.138 - - [09/Jun/2025:12:24:54 -0400] "GET /wp-includes/js/wpdialog.js HTTP/1.1" 200 284 "-" "Mozilla/5.0 AppleWebKit/537.36 (KHTML, like Gecko; compatible; GPTBot/1.2; +https://openai.com/gptbot)"
217.113.194.65 - - [09/Jun/2025:12:24:54 -0400] "GET /category/yours-to-claim-read-2/feed/ HTTP/1.1" 404 1251 "-" "Mozilla/5.0 (compatible; Barkrowler/0.9; +https://babbar.tech/crawler)"
47.79.2.34 - - [09/Jun/2025:12:24:54 -0400] "GET /tag/webcomic/page/9/ HTTP/1.1" 404 1251 "https://w5.yours-toclaim.com/tag/webcomic/page/9/" "Mozilla/5.0 (Windows NT 10.0; Win64; x64) AppleWebKit/537.36 (KHTML, like Gecko) Chrome/114.0.0.0 Safari/537.36 Edg/114.0.1823.43"
20.171.207.138 - - [09/Jun/2025:12:24:55 -0400] "GET /wp-includes/images/rss.png HTTP/1.1" 200 608 "-" "Mozilla/5.0 AppleWebKit/537.36 (KHTML, like Gecko; compatible; GPTBot/1.2; +https://openai.com/gptbot)"
20.171.207.138 - - [09/Jun/2025:12:24:56 -0400] "GET /wp-includes/images/media/interactive.svg HTTP/1.1" 200 298 "-" "Mozilla/5.0 AppleWebKit/537.36 (KHTML, like Gecko; compatible; GPTBot/1.2; +https://openai.com/gptbot)"
20.171.207.138 - - [09/Jun/2025:12:24:59 -0400] "GET /wp-includes/images/media/interactive.png HTTP/1.1" 200 319 "-" "Mozilla/5.0 AppleWebKit/537.36 (KHTML, like Gecko; compatible; GPTBot/1.2; +https://openai.com/gptbot)"
20.171.207.138 - - [09/Jun/2025:12:25:00 -0400] "GET /wp-includes/images/media/document.svg HTTP/1.1" 200 186 "-" "Mozilla/5.0 AppleWebKit/537.36 (KHTML, like Gecko; compatible; GPTBot/1.2; +https://openai.com/gptbot)"
20.171.207.138 - - [09/Jun/2025:12:25:01 -0400] "GET /wp-includes/images/media/spreadsheet.png HTTP/1.1" 200 188 "-" "Mozilla/5.0 AppleWebKit/537.36 (KHTML, like Gecko; compatible; GPTBot/1.2; +https://openai.com/gptbot)"
20.171.207.138 - - [09/Jun/2025:12:25:02 -0400] "GET /wp-includes/images/media/spreadsheet.svg HTTP/1.1" 200 176 "-" "Mozilla/5.0 AppleWebKit/537.36 (KHTML, like Gecko; compatible; GPTBot/1.2; +https://openai.com/gptbot)"
20.171.207.138 - - [09/Jun/2025:12:25:04 -0400] "GET /wp-includes/js/tinymce/tiny_mce_popup.js HTTP/1.1" 200 4709 "-" "Mozilla/5.0 AppleWebKit/537.36 (KHTML, like Gecko; compatible; GPTBot/1.2; +https://openai.com/gptbot)"
47.82.60.53 - - [09/Jun/2025:12:25:04 -0400] "GET /yours-to-claim/yours-to-claim-chapter-66/ HTTP/1.1" 404 1251 "https://w5.yours-toclaim.com/yours-to-claim/yours-to-claim-chapter-66/" "Mozilla/5.0 (Windows NT 10.0; Win64; x64) AppleWebKit/537.36 (KHTML, like Gecko) Chrome/114.0.0.0 Safari/537.36 Edg/114.0.1823.43"
20.171.207.138 - - [09/Jun/2025:12:25:05 -0400] "GET /wp-includes/js/tinymce/tinymce.min.js HTTP/1.1" 200 119543 "-" "Mozilla/5.0 AppleWebKit/537.36 (KHTML, like Gecko; compatible; GPTBot/1.2; +https://openai.com/gptbot)"
20.171.207.138 - - [09/Jun/2025:12:25:07 -0400] "GET /wp-includes/js/tinymce/wp-tinymce.php HTTP/1.1" 403 1242 "-" "Mozilla/5.0 AppleWebKit/537.36 (KHTML, like Gecko; compatible; GPTBot/1.2; +https://openai.com/gptbot)"
20.171.207.138 - - [09/Jun/2025:12:25:07 -0400] "GET /wp-includes/js/tinymce/wp-tinymce.js HTTP/1.1" 200 212251 "-" "Mozilla/5.0 AppleWebKit/537.36 (KHTML, like Gecko; compatible; GPTBot/1.2; +https://openai.com/gptbot)"
20.171.207.138 - - [09/Jun/2025:12:25:08 -0400] "GET /wp-includes/images/media/document.png HTTP/1.1" 200 200 "-" "Mozilla/5.0 AppleWebKit/537.36 (KHTML, like Gecko; compatible; GPTBot/1.2; +https://openai.com/gptbot)"
20.171.207.138 - - [09/Jun/2025:12:25:09 -0400] "GET /wp-includes/images/media/archive.svg HTTP/1.1" 200 227 "-" "Mozilla/5.0 AppleWebKit/537.36 (KHTML, like Gecko; compatible; GPTBot/1.2; +https://openai.com/gptbot)"
217.113.194.245 - - [09/Jun/2025:12:25:10 -0400] "GET /category/yours-to-claim-manhwa/ HTTP/1.1" 404 1251 "-" "Mozilla/5.0 (compatible; Barkrowler/0.9; +https://babbar.tech/crawler)"
20.171.207.138 - - [09/Jun/2025:12:25:10 -0400] "GET /wp-includes/images/media/archive.png HTTP/1.1" 200 417 "-" "Mozilla/5.0 AppleWebKit/537.36 (KHTML, like Gecko; compatible; GPTBot/1.2; +https://openai.com/gptbot)"
20.171.207.138 - - [09/Jun/2025:12:25:11 -0400] "GET /wp-includes/js/tinymce/themes/ HTTP/1.1" 200 638 "-" "Mozilla/5.0 AppleWebKit/537.36 (KHTML, like Gecko; compatible; GPTBot/1.2; +https://openai.com/gptbot)"
20.171.207.138 - - [09/Jun/2025:12:25:13 -0400] "GET /wp-includes/images/media/default.svg HTTP/1.1" 200 161 "-" "Mozilla/5.0 AppleWebKit/537.36 (KHTML, like Gecko; compatible; GPTBot/1.2; +https://openai.com/gptbot)"
20.171.207.138 - - [09/Jun/2025:12:25:14 -0400] "GET /wp-includes/images/media/default.png HTTP/1.1" 200 168 "-" "Mozilla/5.0 AppleWebKit/537.36 (KHTML, like Gecko; compatible; GPTBot/1.2; +https://openai.com/gptbot)"
20.171.207.138 - - [09/Jun/2025:12:25:15 -0400] "GET /wp-includes/js/tinymce/'%20+%20url%20+%20' HTTP/1.1" 404 1251 "-" "Mozilla/5.0 AppleWebKit/537.36 (KHTML, like Gecko; compatible; GPTBot/1.2; +https://openai.com/gptbot)"
20.171.207.138 - - [09/Jun/2025:12:25:16 -0400] "GET /wp-includes/images/media/audio.svg HTTP/1.1" 200 232 "-" "Mozilla/5.0 AppleWebKit/537.36 (KHTML, like Gecko; compatible; GPTBot/1.2; +https://openai.com/gptbot)"
20.171.207.138 - - [09/Jun/2025:12:25:17 -0400] "GET /wp-includes/images/media/audio.png HTTP/1.1" 200 382 "-" "Mozilla/5.0 AppleWebKit/537.36 (KHTML, like Gecko; compatible; GPTBot/1.2; +https://openai.com/gptbot)"
20.171.207.138 - - [09/Jun/2025:12:25:18 -0400] "GET /wp-includes/js/tinymce/'+m.poster+' HTTP/1.1" 404 1251 "-" "Mozilla/5.0 AppleWebKit/537.36 (KHTML, like Gecko; compatible; GPTBot/1.2; +https://openai.com/gptbot)"
20.171.207.138 - - [09/Jun/2025:12:25:19 -0400] "GET /wp-includes/js/tinymce/'+s.source2+' HTTP/1.1" 404 1251 "-" "Mozilla/5.0 AppleWebKit/537.36 (KHTML, like Gecko; compatible; GPTBot/1.2; +https://openai.com/gptbot)"
20.171.207.138 - - [09/Jun/2025:12:25:21 -0400] "GET /wp-includes/js/tinymce/'+s.source1+' HTTP/1.1" 404 1251 "-" "Mozilla/5.0 AppleWebKit/537.36 (KHTML, like Gecko; compatible; GPTBot/1.2; +https://openai.com/gptbot)"
20.171.207.138 - - [09/Jun/2025:12:25:22 -0400] "GET /wp-includes/js/tinymce/'+n.source1+' HTTP/1.1" 404 1251 "-" "Mozilla/5.0 AppleWebKit/537.36 (KHTML, like Gecko; compatible; GPTBot/1.2; +https://openai.com/gptbot)"
20.171.207.138 - - [09/Jun/2025:12:25:23 -0400] "GET /wp-includes/js/tinymce/plugins/ HTTP/1.1" 200 1236 "-" "Mozilla/5.0 AppleWebKit/537.36 (KHTML, like Gecko; compatible; GPTBot/1.2; +https://openai.com/gptbot)"
20.171.207.138 - - [09/Jun/2025:12:25:24 -0400] "GET /wp-includes/widgets/class-wp-widget-media-gallery.php HTTP/1.1" 403 1242 "-" "Mozilla/5.0 AppleWebKit/537.36 (KHTML, like Gecko; compatible; GPTBot/1.2; +https://openai.com/gptbot)"
217.113.194.70 - - [09/Jun/2025:12:25:25 -0400] "GET /category/yours-to-claim-manga/page/2/ HTTP/1.1" 404 1251 "-" "Mozilla/5.0 (compatible; Barkrowler/0.9; +https://babbar.tech/crawler)"
20.171.207.138 - - [09/Jun/2025:12:25:25 -0400] "GET /wp-includes/images/media/text.svg HTTP/1.1" 200 281 "-" "Mozilla/5.0 AppleWebKit/537.36 (KHTML, like Gecko; compatible; GPTBot/1.2; +https://openai.com/gptbot)"
20.171.207.138 - - [09/Jun/2025:12:25:27 -0400] "GET /wp-includes/js/',i.get( HTTP/1.1" 404 1251 "-" "Mozilla/5.0 AppleWebKit/537.36 (KHTML, like Gecko; compatible; GPTBot/1.2; +https://openai.com/gptbot)"
20.171.207.138 - - [09/Jun/2025:12:25:28 -0400] "GET /wp-includes/js/crop/marqueeVert.gif HTTP/1.1" 200 293 "-" "Mozilla/5.0 AppleWebKit/537.36 (KHTML, like Gecko; compatible; GPTBot/1.2; +https://openai.com/gptbot)"
20.171.207.138 - - [09/Jun/2025:12:25:29 -0400] "GET /wp-includes/js/wp-lists.js HTTP/1.1" 200 5138 "-" "Mozilla/5.0 AppleWebKit/537.36 (KHTML, like Gecko; compatible; GPTBot/1.2; +https://openai.com/gptbot)"
20.171.207.138 - - [09/Jun/2025:12:25:30 -0400] "GET /wp-includes/js/jquery/ui/effect-clip.js HTTP/1.1" 200 627 "-" "Mozilla/5.0 AppleWebKit/537.36 (KHTML, like Gecko; compatible; GPTBot/1.2; +https://openai.com/gptbot)"
20.171.207.138 - - [09/Jun/2025:12:25:31 -0400] "GET /wp-includes/js/jquery/ui/effect-drop.js HTTP/1.1" 200 673 "-" "Mozilla/5.0 AppleWebKit/537.36 (KHTML, like Gecko; compatible; GPTBot/1.2; +https://openai.com/gptbot)"
20.171.207.138 - - [09/Jun/2025:12:25:32 -0400] "GET /wp-includes/js/jquery/ui/effect-size.js HTTP/1.1" 200 1568 "-" "Mozilla/5.0 AppleWebKit/537.36 (KHTML, like Gecko; compatible; GPTBot/1.2; +https://openai.com/gptbot)"
20.171.207.138 - - [09/Jun/2025:12:25:34 -0400] "GET /wp-includes/js/jquery/ui/effect-fade.js HTTP/1.1" 200 465 "-" "Mozilla/5.0 AppleWebKit/537.36 (KHTML, like Gecko; compatible; GPTBot/1.2; +https://openai.com/gptbot)"
20.171.207.138 - - [09/Jun/2025:12:25:35 -0400] "GET /wp-includes/js/tinymce/plugins/wptextpattern/ HTTP/1.1" 200 681 "-" "Mozilla/5.0 AppleWebKit/537.36 (KHTML, like Gecko; compatible; GPTBot/1.2; +https://openai.com/gptbot)"
20.171.207.138 - - [09/Jun/2025:12:25:36 -0400] "GET /wp-includes/js/tinymce/plugins/directionality/ HTTP/1.1" 200 661 "-" "Mozilla/5.0 AppleWebKit/537.36 (KHTML, like Gecko; compatible; GPTBot/1.2; +https://openai.com/gptbot)"
20.171.207.138 - - [09/Jun/2025:12:25:37 -0400] "GET /wp-includes/js/tinymce/plugins/compat3x/ HTTP/1.1" 200 716 "-" "Mozilla/5.0 AppleWebKit/537.36 (KHTML, like Gecko; compatible; GPTBot/1.2; +https://openai.com/gptbot)"
20.171.207.138 - - [09/Jun/2025:12:25:38 -0400] "GET /wp-includes/js/jquery/ui/tooltip.min.js HTTP/1.1" 200 2019 "-" "Mozilla/5.0 AppleWebKit/537.36 (KHTML, like Gecko; compatible; GPTBot/1.2; +https://openai.com/gptbot)"
47.79.3.239 - - [09/Jun/2025:12:25:39 -0400] "GET /tag/webcomic/page/7/ HTTP/1.1" 404 1251 "https://w5.yours-toclaim.com/tag/webcomic/page/7/" "Mozilla/5.0 (Windows NT 10.0; Win64; x64) AppleWebKit/537.36 (KHTML, like Gecko) Chrome/114.0.0.0 Safari/537.36 Edg/114.0.1823.43"
20.171.207.138 - - [09/Jun/2025:12:25:39 -0400] "GET /wp-includes/js/jquery/ui/effect-fold.js HTTP/1.1" 200 834 "-" "Mozilla/5.0 AppleWebKit/537.36 (KHTML, like Gecko; compatible; GPTBot/1.2; +https://openai.com/gptbot)"
20.171.207.138 - - [09/Jun/2025:12:25:40 -0400] "GET /wp-includes/js/jquery/ui/effect-bounce.min.js HTTP/1.1" 200 548 "-" "Mozilla/5.0 AppleWebKit/537.36 (KHTML, like Gecko; compatible; GPTBot/1.2; +https://openai.com/gptbot)"
217.113.194.66 - - [09/Jun/2025:12:25:41 -0400] "GET /category/yours-to-claim-manga/feed/ HTTP/1.1" 404 1251 "-" "Mozilla/5.0 (compatible; Barkrowler/0.9; +https://babbar.tech/crawler)"
20.171.207.138 - - [09/Jun/2025:12:25:41 -0400] "GET /wp-includes/sodium_compat/namespaced/Core/Poly1305/ HTTP/1.1" 200 654 "-" "Mozilla/5.0 AppleWebKit/537.36 (KHTML, like Gecko; compatible; GPTBot/1.2; +https://openai.com/gptbot)"
20.171.207.138 - - [09/Jun/2025:12:25:43 -0400] "GET /wp-includes/js/jquery/ui/effect-drop.min.js HTTP/1.1" 200 425 "-" "Mozilla/5.0 AppleWebKit/537.36 (KHTML, like Gecko; compatible; GPTBot/1.2; +https://openai.com/gptbot)"
20.171.207.138 - - [09/Jun/2025:12:25:44 -0400] "GET /wp-includes/js/jquery/ui/effect-size.min.js HTTP/1.1" 200 898 "-" "Mozilla/5.0 AppleWebKit/537.36 (KHTML, like Gecko; compatible; GPTBot/1.2; +https://openai.com/gptbot)"
47.82.0.12 - - [09/Jun/2025:12:25:44 -0400] "GET /tag/yahwi/page/6/ HTTP/1.1" 404 1251 "https://w5.yours-toclaim.com/tag/yahwi/page/6/" "Mozilla/5.0 (Windows NT 10.0; Win64; x64) AppleWebKit/537.36 (KHTML, like Gecko) Chrome/114.0.0.0 Safari/537.36 Edg/114.0.1823.43"
20.171.207.138 - - [09/Jun/2025:12:25:45 -0400] "GET /wp-includes/js/jquery/ui/effect-fade.min.js HTTP/1.1" 200 303 "-" "Mozilla/5.0 AppleWebKit/537.36 (KHTML, like Gecko; compatible; GPTBot/1.2; +https://openai.com/gptbot)"
20.171.207.138 - - [09/Jun/2025:12:25:46 -0400] "GET /wp-includes/js/tinymce/plugins/wptextpattern/plugin.min.js HTTP/1.1" 200 1291 "-" "Mozilla/5.0 AppleWebKit/537.36 (KHTML, like Gecko; compatible; GPTBot/1.2; +https://openai.com/gptbot)"
20.171.207.138 - - [09/Jun/2025:12:25:47 -0400] "GET /wp-includes/js/tinymce/plugins/wptextpattern/plugin.js HTTP/1.1" 200 2618 "-" "Mozilla/5.0 AppleWebKit/537.36 (KHTML, like Gecko; compatible; GPTBot/1.2; +https://openai.com/gptbot)"
20.171.207.138 - - [09/Jun/2025:12:25:49 -0400] "GET /wp-includes/js/tinymce/plugins/directionality/plugin.min.js HTTP/1.1" 200 417 "-" "Mozilla/5.0 AppleWebKit/537.36 (KHTML, like Gecko; compatible; GPTBot/1.2; +https://openai.com/gptbot)"
20.171.207.138 - - [09/Jun/2025:12:25:50 -0400] "GET /wp-includes/js/tinymce/plugins/directionality/plugin.js HTTP/1.1" 200 607 "-" "Mozilla/5.0 AppleWebKit/537.36 (KHTML, like Gecko; compatible; GPTBot/1.2; +https://openai.com/gptbot)"
20.171.207.138 - - [09/Jun/2025:12:25:51 -0400] "GET /wp-includes/js/jquery/ui/effect-clip.min.js HTTP/1.1" 200 410 "-" "Mozilla/5.0 AppleWebKit/537.36 (KHTML, like Gecko; compatible; GPTBot/1.2; +https://openai.com/gptbot)"
20.171.207.138 - - [09/Jun/2025:12:25:52 -0400] "GET /wp-includes/js/jquery/ui/effect-fold.min.js HTTP/1.1" 200 522 "-" "Mozilla/5.0 AppleWebKit/537.36 (KHTML, like Gecko; compatible; GPTBot/1.2; +https://openai.com/gptbot)"
20.171.207.138 - - [09/Jun/2025:12:25:53 -0400] "GET /wp-includes/sodium_compat/namespaced/Core/Poly1305/State.php HTTP/1.1" 403 1242 "-" "Mozilla/5.0 AppleWebKit/537.36 (KHTML, like Gecko; compatible; GPTBot/1.2; +https://openai.com/gptbot)"
20.171.207.138 - - [09/Jun/2025:12:25:54 -0400] "GET /wp-includes/js/jquery/ui/effect-puff.min.js HTTP/1.1" 200 290 "-" "Mozilla/5.0 AppleWebKit/537.36 (KHTML, like Gecko; compatible; GPTBot/1.2; +https://openai.com/gptbot)"
20.171.207.138 - - [09/Jun/2025:12:25:55 -0400] "GET /wp-includes/js/tinymce/'+(m=n).source1+' HTTP/1.1" 404 1251 "-" "Mozilla/5.0 AppleWebKit/537.36 (KHTML, like Gecko; compatible; GPTBot/1.2; +https://openai.com/gptbot)"
20.171.207.138 - - [09/Jun/2025:12:25:56 -0400] "GET /wp-includes/js/jquery/ui/sortable.min.js HTTP/1.1" 200 6358 "-" "Mozilla/5.0 AppleWebKit/537.36 (KHTML, like Gecko; compatible; GPTBot/1.2; +https://openai.com/gptbot)"
217.113.194.63 - - [09/Jun/2025:12:25:56 -0400] "GET /category/yours-to-claim-read/page/2/ HTTP/1.1" 404 1251 "-" "Mozilla/5.0 (compatible; Barkrowler/0.9; +https://babbar.tech/crawler)"
20.171.207.138 - - [09/Jun/2025:12:25:58 -0400] "GET /wp-includes/js/jquery/ui/effect-scale.js HTTP/1.1" 200 615 "-" "Mozilla/5.0 AppleWebKit/537.36 (KHTML, like Gecko; compatible; GPTBot/1.2; +https://openai.com/gptbot)"
20.171.207.138 - - [09/Jun/2025:12:25:59 -0400] "GET /wp-includes/js/jquery/ui/effect-blind.js HTTP/1.1" 200 670 "-" "Mozilla/5.0 AppleWebKit/537.36 (KHTML, like Gecko; compatible; GPTBot/1.2; +https://openai.com/gptbot)"
20.171.207.138 - - [09/Jun/2025:12:26:00 -0400] "GET /wp-includes/js/jquery/ui/effect-shake.js HTTP/1.1" 200 717 "-" "Mozilla/5.0 AppleWebKit/537.36 (KHTML, like Gecko; compatible; GPTBot/1.2; +https://openai.com/gptbot)"
20.171.207.138 - - [09/Jun/2025:12:26:01 -0400] "GET /wp-includes/theme-compat/comments.php HTTP/1.1" 403 1242 "-" "Mozilla/5.0 AppleWebKit/537.36 (KHTML, like Gecko; compatible; GPTBot/1.2; +https://openai.com/gptbot)"
20.171.207.138 - - [09/Jun/2025:12:26:02 -0400] "GET /wp-includes/js/jquery/ui/effect-puff.js HTTP/1.1" 200 482 "-" "Mozilla/5.0 AppleWebKit/537.36 (KHTML, like Gecko; compatible; GPTBot/1.2; +https://openai.com/gptbot)"
20.171.207.138 - - [09/Jun/2025:12:26:03 -0400] "GET /wp-includes/js/jquery/ui/spinner.min.js HTTP/1.1" 200 2304 "-" "Mozilla/5.0 AppleWebKit/537.36 (KHTML, like Gecko; compatible; GPTBot/1.2; +https://openai.com/gptbot)"
20.171.207.138 - - [09/Jun/2025:12:26:04 -0400] "GET /wp-includes/js/tinymce/plugins/tabfocus/ HTTP/1.1" 200 662 "-" "Mozilla/5.0 AppleWebKit/537.36 (KHTML, like Gecko; compatible; GPTBot/1.2; +https://openai.com/gptbot)"
20.171.207.138 - - [09/Jun/2025:12:26:06 -0400] "GET /wp-includes/js/jquery/ui/checkboxradio.js HTTP/1.1" 200 2176 "-" "Mozilla/5.0 AppleWebKit/537.36 (KHTML, like Gecko; compatible; GPTBot/1.2; +https://openai.com/gptbot)"
20.171.207.138 - - [09/Jun/2025:12:26:07 -0400] "GET /wp-includes/js/jquery/ui/effect-slide.js HTTP/1.1" 200 804 "-" "Mozilla/5.0 AppleWebKit/537.36 (KHTML, like Gecko; compatible; GPTBot/1.2; +https://openai.com/gptbot)"
20.171.207.138 - - [09/Jun/2025:12:26:08 -0400] "GET /wp-includes/js/zxcvbn.min.js HTTP/1.1" 200 389493 "-" "Mozilla/5.0 AppleWebKit/537.36 (KHTML, like Gecko; compatible; GPTBot/1.2; +https://openai.com/gptbot)"
20.171.207.138 - - [09/Jun/2025:12:26:09 -0400] "GET /wp-includes/widgets/class-wp-widget-tag-cloud.php HTTP/1.1" 403 1242 "-" "Mozilla/5.0 AppleWebKit/537.36 (KHTML, like Gecko; compatible; GPTBot/1.2; +https://openai.com/gptbot)"
20.171.207.138 - - [09/Jun/2025:12:26:10 -0400] "GET /wp-includes/sodium_compat/src/PHP52/ HTTP/1.1" 200 661 "-" "Mozilla/5.0 AppleWebKit/537.36 (KHTML, like Gecko; compatible; GPTBot/1.2; +https://openai.com/gptbot)"
20.171.207.138 - - [09/Jun/2025:12:26:11 -0400] "GET /wp-includes/sodium_compat/namespaced/Core/Curve25519/H.php HTTP/1.1" 403 1242 "-" "Mozilla/5.0 AppleWebKit/537.36 (KHTML, like Gecko; compatible; GPTBot/1.2; +https://openai.com/gptbot)"
217.113.194.62 - - [09/Jun/2025:12:26:12 -0400] "GET /tag/yours-to-claim-lezhin/ HTTP/1.1" 404 1251 "-" "Mozilla/5.0 (compatible; Barkrowler/0.9; +https://babbar.tech/crawler)"
47.82.60.165 - - [09/Jun/2025:12:26:12 -0400] "GET /yours-to-claim/yours-to-claim-chapter-54/ HTTP/1.1" 404 1251 "https://w5.yours-toclaim.com/yours-to-claim/yours-to-claim-chapter-54/" "Mozilla/5.0 (Windows NT 10.0; Win64; x64) AppleWebKit/537.36 (KHTML, like Gecko) Chrome/114.0.0.0 Safari/537.36 Edg/114.0.1823.43"
20.171.207.138 - - [09/Jun/2025:12:26:13 -0400] "GET /wp-includes/js/wp-api.js HTTP/1.1" 200 10451 "-" "Mozilla/5.0 AppleWebKit/537.36 (KHTML, like Gecko; compatible; GPTBot/1.2; +https://openai.com/gptbot)"
20.171.207.138 - - [09/Jun/2025:12:26:14 -0400] "GET /wp-includes/js/wp-custom-header.js HTTP/1.1" 200 2767 "-" "Mozilla/5.0 AppleWebKit/537.36 (KHTML, like Gecko; compatible; GPTBot/1.2; +https://openai.com/gptbot)"
20.171.207.138 - - [09/Jun/2025:12:26:15 -0400] "GET /wp-includes/js/'%20+%20attrs.href%20+%20' HTTP/1.1" 404 1251 "-" "Mozilla/5.0 AppleWebKit/537.36 (KHTML, like Gecko; compatible; GPTBot/1.2; +https://openai.com/gptbot)"
20.171.207.138 - - [09/Jun/2025:12:26:16 -0400] "GET /wp-includes/html-api/?ND HTTP/1.1" 200 1250 "-" "Mozilla/5.0 AppleWebKit/537.36 (KHTML, like Gecko; compatible; GPTBot/1.2; +https://openai.com/gptbot)"
20.171.207.138 - - [09/Jun/2025:12:26:17 -0400] "GET /wp-includes/html-api/?SA HTTP/1.1" 200 1260 "-" "Mozilla/5.0 AppleWebKit/537.36 (KHTML, like Gecko; compatible; GPTBot/1.2; +https://openai.com/gptbot)"
20.171.207.138 - - [09/Jun/2025:12:26:18 -0400] "GET /wp-includes/html-api/?MA HTTP/1.1" 200 1271 "-" "Mozilla/5.0 AppleWebKit/537.36 (KHTML, like Gecko; compatible; GPTBot/1.2; +https://openai.com/gptbot)"
20.171.207.138 - - [09/Jun/2025:12:26:20 -0400] "GET /wp-includes/sodium_compat/src/Core/ HTTP/1.1" 200 1539 "-" "Mozilla/5.0 AppleWebKit/537.36 (KHTML, like Gecko; compatible; GPTBot/1.2; +https://openai.com/gptbot)"
47.82.61.23 - - [09/Jun/2025:12:26:21 -0400] "GET /tag/yours-to-claim/page/6/ HTTP/1.1" 404 1251 "https://w5.yours-toclaim.com/tag/yours-to-claim/page/6/" "Mozilla/5.0 (Windows NT 10.0; Win64; x64) AppleWebKit/537.36 (KHTML, like Gecko) Chrome/114.0.0.0 Safari/537.36 Edg/114.0.1823.43"
20.171.207.138 - - [09/Jun/2025:12:26:21 -0400] "GET /wp-includes/js/thickbox/ HTTP/1.1" 200 777 "-" "Mozilla/5.0 AppleWebKit/537.36 (KHTML, like Gecko; compatible; GPTBot/1.2; +https://openai.com/gptbot)"
20.171.207.138 - - [09/Jun/2025:12:26:22 -0400] "GET /wp-includes/theme-i18n.json HTTP/1.1" 200 1526 "-" "Mozilla/5.0 AppleWebKit/537.36 (KHTML, like Gecko; compatible; GPTBot/1.2; +https://openai.com/gptbot)"
20.171.207.138 - - [09/Jun/2025:12:26:23 -0400] "GET /wp-includes/block-i18n.json HTTP/1.1" 200 316 "-" "Mozilla/5.0 AppleWebKit/537.36 (KHTML, like Gecko; compatible; GPTBot/1.2; +https://openai.com/gptbot)"
20.171.207.138 - - [09/Jun/2025:12:26:24 -0400] "GET /wp-includes/sodium_compat/src/Core32/ HTTP/1.1" 200 1441 "-" "Mozilla/5.0 AppleWebKit/537.36 (KHTML, like Gecko; compatible; GPTBot/1.2; +https://openai.com/gptbot)"
47.82.60.194 - - [09/Jun/2025:12:26:25 -0400] "GET /category/manga/page/6/ HTTP/1.1" 404 1251 "https://w5.yours-toclaim.com/category/manga/page/6/" "Mozilla/5.0 (Windows NT 10.0; Win64; x64) AppleWebKit/537.36 (KHTML, like Gecko) Chrome/114.0.0.0 Safari/537.36 Edg/114.0.1823.43"
20.171.207.138 - - [09/Jun/2025:12:26:25 -0400] "GET /wp-includes/js/plupload/ HTTP/1.1" 200 1163 "-" "Mozilla/5.0 AppleWebKit/537.36 (KHTML, like Gecko; compatible; GPTBot/1.2; +https://openai.com/gptbot)"
20.171.207.138 - - [09/Jun/2025:12:26:26 -0400] "GET /wp-includes/pomo/plural-forms.php HTTP/1.1" 403 1242 "-" "Mozilla/5.0 AppleWebKit/537.36 (KHTML, like Gecko; compatible; GPTBot/1.2; +https://openai.com/gptbot)"
217.113.194.71 - - [09/Jun/2025:12:26:28 -0400] "GET /tag/yours-to-claim-lezhin/feed/ HTTP/1.1" 404 1251 "-" "Mozilla/5.0 (compatible; Barkrowler/0.9; +https://babbar.tech/crawler)"
20.171.207.138 - - [09/Jun/2025:12:26:28 -0400] "GET /wp-includes/html-api/html5-named-character-references.php HTTP/1.1" 403 1242 "-" "Mozilla/5.0 AppleWebKit/537.36 (KHTML, like Gecko; compatible; GPTBot/1.2; +https://openai.com/gptbot)"
20.171.207.138 - - [09/Jun/2025:12:26:29 -0400] "GET /wp-includes/html-api/class-wp-html-span.php HTTP/1.1" 403 1242 "-" "Mozilla/5.0 AppleWebKit/537.36 (KHTML, like Gecko; compatible; GPTBot/1.2; +https://openai.com/gptbot)"
20.171.207.138 - - [09/Jun/2025:12:26:30 -0400] "GET /wp-includes/html-api/class-wp-html-token.php HTTP/1.1" 403 1242 "-" "Mozilla/5.0 AppleWebKit/537.36 (KHTML, like Gecko; compatible; GPTBot/1.2; +https://openai.com/gptbot)"
20.171.207.138 - - [09/Jun/2025:12:26:31 -0400] "GET /wp-includes/html-api/class-wp-html-stack-event.php HTTP/1.1" 403 1242 "-" "Mozilla/5.0 AppleWebKit/537.36 (KHTML, like Gecko; compatible; GPTBot/1.2; +https://openai.com/gptbot)"
20.171.207.138 - - [09/Jun/2025:12:26:32 -0400] "GET /wp-includes/html-api/class-wp-html-open-elements.php HTTP/1.1" 403 1242 "-" "Mozilla/5.0 AppleWebKit/537.36 (KHTML, like Gecko; compatible; GPTBot/1.2; +https://openai.com/gptbot)"
20.171.207.138 - - [09/Jun/2025:12:26:33 -0400] "GET /wp-includes/js/thickbox/thickbox.js HTTP/1.1" 200 4013 "-" "Mozilla/5.0 AppleWebKit/537.36 (KHTML, like Gecko; compatible; GPTBot/1.2; +https://openai.com/gptbot)"
20.171.207.138 - - [09/Jun/2025:12:26:34 -0400] "GET /wp-includes/html-api/class-wp-html-decoder.php HTTP/1.1" 403 1242 "-" "Mozilla/5.0 AppleWebKit/537.36 (KHTML, like Gecko; compatible; GPTBot/1.2; +https://openai.com/gptbot)"
20.171.207.138 - - [09/Jun/2025:12:26:36 -0400] "GET /wp-includes/html-api/class-wp-html-unsupported-exception.php HTTP/1.1" 403 1242 "-" "Mozilla/5.0 AppleWebKit/537.36 (KHTML, like Gecko; compatible; GPTBot/1.2; +https://openai.com/gptbot)"
20.171.207.138 - - [09/Jun/2025:12:26:37 -0400] "GET /wp-includes/js/plupload/wp-plupload.js HTTP/1.1" 200 4919 "-" "Mozilla/5.0 AppleWebKit/537.36 (KHTML, like Gecko; compatible; GPTBot/1.2; +https://openai.com/gptbot)"
20.171.207.138 - - [09/Jun/2025:12:26:38 -0400] "GET /wp-includes/js/plupload/plupload.min.js HTTP/1.1" 200 5376 "-" "Mozilla/5.0 AppleWebKit/537.36 (KHTML, like Gecko; compatible; GPTBot/1.2; +https://openai.com/gptbot)"
47.82.61.33 - - [09/Jun/2025:12:26:39 -0400] "GET /tag/yours-to-claim-author-twitter/page/8/ HTTP/1.1" 404 1251 "https://w5.yours-toclaim.com/tag/yours-to-claim-author-twitter/page/8/" "Mozilla/5.0 (Windows NT 10.0; Win64; x64) AppleWebKit/537.36 (KHTML, like Gecko) Chrome/114.0.0.0 Safari/537.36 Edg/114.0.1823.43"
20.171.207.138 - - [09/Jun/2025:12:26:39 -0400] "GET /wp-includes/js/plupload/plupload.js HTTP/1.1" 200 16101 "-" "Mozilla/5.0 AppleWebKit/537.36 (KHTML, like Gecko; compatible; GPTBot/1.2; +https://openai.com/gptbot)"
20.171.207.138 - - [09/Jun/2025:12:26:40 -0400] "GET /wp-includes/html-api/class-wp-html-processor-state.php HTTP/1.1" 403 1242 "-" "Mozilla/5.0 AppleWebKit/537.36 (KHTML, like Gecko; compatible; GPTBot/1.2; +https://openai.com/gptbot)"
20.171.207.138 - - [09/Jun/2025:12:26:41 -0400] "GET /wp-includes/html-api/class-wp-html-attribute-token.php HTTP/1.1" 403 1242 "-" "Mozilla/5.0 AppleWebKit/537.36 (KHTML, like Gecko; compatible; GPTBot/1.2; +https://openai.com/gptbot)"
20.171.207.138 - - [09/Jun/2025:12:26:43 -0400] "GET /wp-includes/js/plupload/wp-plupload.min.js HTTP/1.1" 200 2184 "-" "Mozilla/5.0 AppleWebKit/537.36 (KHTML, like Gecko; compatible; GPTBot/1.2; +https://openai.com/gptbot)"
217.113.194.62 - - [09/Jun/2025:12:26:43 -0400] "GET /tag/yours-to-claim-manga/page/7/ HTTP/1.1" 404 1251 "-" "Mozilla/5.0 (compatible; Barkrowler/0.9; +https://babbar.tech/crawler)"
20.171.207.138 - - [09/Jun/2025:12:26:44 -0400] "GET /wp-includes/html-api/class-wp-html-active-formatting-elements.php HTTP/1.1" 403 1242 "-" "Mozilla/5.0 AppleWebKit/537.36 (KHTML, like Gecko; compatible; GPTBot/1.2; +https://openai.com/gptbot)"
20.171.207.138 - - [09/Jun/2025:12:26:45 -0400] "GET /wp-includes/js/thickbox/%22+url+%22 HTTP/1.1" 404 1251 "-" "Mozilla/5.0 AppleWebKit/537.36 (KHTML, like Gecko; compatible; GPTBot/1.2; +https://openai.com/gptbot)"
20.171.207.138 - - [09/Jun/2025:12:26:46 -0400] "GET /wp-includes/js/thickbox/%22+imgLoader.src+%22 HTTP/1.1" 404 1251 "-" "Mozilla/5.0 AppleWebKit/537.36 (KHTML, like Gecko; compatible; GPTBot/1.2; +https://openai.com/gptbot)"
20.171.207.138 - - [09/Jun/2025:12:26:47 -0400] "GET /wp-includes/js/plupload/handlers.min.js HTTP/1.1" 200 3573 "-" "Mozilla/5.0 AppleWebKit/537.36 (KHTML, like Gecko; compatible; GPTBot/1.2; +https://openai.com/gptbot)"
20.171.207.138 - - [09/Jun/2025:12:26:48 -0400] "GET /wp-includes/html-api/class-wp-html-text-replacement.php HTTP/1.1" 403 1242 "-" "Mozilla/5.0 AppleWebKit/537.36 (KHTML, like Gecko; compatible; GPTBot/1.2; +https://openai.com/gptbot)"
20.171.207.138 - - [09/Jun/2025:12:26:49 -0400] "GET /wp-includes/js/thickbox/%22+urlNoQuery[0]+%22 HTTP/1.1" 404 1251 "-" "Mozilla/5.0 AppleWebKit/537.36 (KHTML, like Gecko; compatible; GPTBot/1.2; +https://openai.com/gptbot)"
20.171.207.138 - - [09/Jun/2025:12:26:51 -0400] "GET /wp-includes/sodium_compat/src/Core32/Ed25519.php HTTP/1.1" 403 1242 "-" "Mozilla/5.0 AppleWebKit/537.36 (KHTML, like Gecko; compatible; GPTBot/1.2; +https://openai.com/gptbot)"
20.171.207.138 - - [09/Jun/2025:12:26:52 -0400] "GET /wp-includes/sodium_compat/src/Core32/X25519.php HTTP/1.1" 403 1242 "-" "Mozilla/5.0 AppleWebKit/537.36 (KHTML, like Gecko; compatible; GPTBot/1.2; +https://openai.com/gptbot)"
20.171.207.138 - - [09/Jun/2025:12:26:53 -0400] "GET /wp-includes/js/plupload/moxie.min.js HTTP/1.1" 200 26466 "-" "Mozilla/5.0 AppleWebKit/537.36 (KHTML, like Gecko; compatible; GPTBot/1.2; +https://openai.com/gptbot)"
20.171.207.138 - - [09/Jun/2025:12:26:54 -0400] "GET /wp-includes/sodium_compat/src/Core32/Salsa20.php HTTP/1.1" 403 1242 "-" "Mozilla/5.0 AppleWebKit/537.36 (KHTML, like Gecko; compatible; GPTBot/1.2; +https://openai.com/gptbot)"
20.171.207.138 - - [09/Jun/2025:12:26:55 -0400] "GET /wp-includes/sodium_compat/src/Core32/Curve25519/ HTTP/1.1" 200 747 "-" "Mozilla/5.0 AppleWebKit/537.36 (KHTML, like Gecko; compatible; GPTBot/1.2; +https://openai.com/gptbot)"
20.171.207.138 - - [09/Jun/2025:12:26:56 -0400] "GET /wp-includes/sodium_compat/src/Core32/Curve25519.php HTTP/1.1" 403 1242 "-" "Mozilla/5.0 AppleWebKit/537.36 (KHTML, like Gecko; compatible; GPTBot/1.2; +https://openai.com/gptbot)"
20.171.207.138 - - [09/Jun/2025:12:26:58 -0400] "GET /wp-includes/js/plupload/license.txt HTTP/1.1" 200 6451 "-" "Mozilla/5.0 AppleWebKit/537.36 (KHTML, like Gecko; compatible; GPTBot/1.2; +https://openai.com/gptbot)"
217.113.194.66 - - [09/Jun/2025:12:26:59 -0400] "GET /tag/yours-to-claim-manga/page/9/ HTTP/1.1" 404 1251 "-" "Mozilla/5.0 (compatible; Barkrowler/0.9; +https://babbar.tech/crawler)"
20.171.207.138 - - [09/Jun/2025:12:26:59 -0400] "GET /wp-includes/js/plupload/handlers.js HTTP/1.1" 200 5705 "-" "Mozilla/5.0 AppleWebKit/537.36 (KHTML, like Gecko; compatible; GPTBot/1.2; +https://openai.com/gptbot)"
20.171.207.138 - - [09/Jun/2025:12:27:00 -0400] "GET /wp-includes/sodium_compat/src/Core/BLAKE2b.php HTTP/1.1" 403 1242 "-" "Mozilla/5.0 AppleWebKit/537.36 (KHTML, like Gecko; compatible; GPTBot/1.2; +https://openai.com/gptbot)"
20.171.207.138 - - [09/Jun/2025:12:27:01 -0400] "GET /wp-includes/sodium_compat/src/Core/Poly1305.php HTTP/1.1" 403 1242 "-" "Mozilla/5.0 AppleWebKit/537.36 (KHTML, like Gecko; compatible; GPTBot/1.2; +https://openai.com/gptbot)"
20.171.207.138 - - [09/Jun/2025:12:27:02 -0400] "GET /wp-includes/sodium_compat/src/Core32/XSalsa20.php HTTP/1.1" 403 1242 "-" "Mozilla/5.0 AppleWebKit/537.36 (KHTML, like Gecko; compatible; GPTBot/1.2; +https://openai.com/gptbot)"
20.171.207.138 - - [09/Jun/2025:12:27:03 -0400] "GET /wp-includes/sodium_compat/src/Core32/HSalsa20.php HTTP/1.1" 403 1242 "-" "Mozilla/5.0 AppleWebKit/537.36 (KHTML, like Gecko; compatible; GPTBot/1.2; +https://openai.com/gptbot)"
20.171.207.138 - - [09/Jun/2025:12:27:05 -0400] "GET /wp-includes/js/thickbox/loadingAnimation.gif HTTP/1.1" 200 15238 "-" "Mozilla/5.0 AppleWebKit/537.36 (KHTML, like Gecko; compatible; GPTBot/1.2; +https://openai.com/gptbot)"
20.171.207.138 - - [09/Jun/2025:12:27:06 -0400] "GET /wp-includes/sodium_compat/src/Core32/ChaCha20.php HTTP/1.1" 403 1242 "-" "Mozilla/5.0 AppleWebKit/537.36 (KHTML, like Gecko; compatible; GPTBot/1.2; +https://openai.com/gptbot)"
20.171.207.138 - - [09/Jun/2025:12:27:07 -0400] "GET /wp-includes/sodium_compat/src/Core32/Poly1305.php HTTP/1.1" 403 1242 "-" "Mozilla/5.0 AppleWebKit/537.36 (KHTML, like Gecko; compatible; GPTBot/1.2; +https://openai.com/gptbot)"
20.171.207.138 - - [09/Jun/2025:12:27:08 -0400] "GET /wp-includes/sodium_compat/src/Core32/Curve25519/H.php HTTP/1.1" 403 1242 "-" "Mozilla/5.0 AppleWebKit/537.36 (KHTML, like Gecko; compatible; GPTBot/1.2; +https://openai.com/gptbot)"
20.171.207.138 - - [09/Jun/2025:12:27:09 -0400] "GET /wp-includes/sodium_compat/src/Core32/Curve25519/Fe.php HTTP/1.1" 403 1242 "-" "Mozilla/5.0 AppleWebKit/537.36 (KHTML, like Gecko; compatible; GPTBot/1.2; +https://openai.com/gptbot)"
20.171.207.138 - - [09/Jun/2025:12:27:10 -0400] "GET /wp-includes/sodium_compat/src/Core32/Curve25519/Ge/ HTTP/1.1" 200 729 "-" "Mozilla/5.0 AppleWebKit/537.36 (KHTML, like Gecko; compatible; GPTBot/1.2; +https://openai.com/gptbot)"
20.171.207.138 - - [09/Jun/2025:12:27:11 -0400] "GET /wp-includes/sodium_compat/src/Core32/XChaCha20.php HTTP/1.1" 403 1242 "-" "Mozilla/5.0 AppleWebKit/537.36 (KHTML, like Gecko; compatible; GPTBot/1.2; +https://openai.com/gptbot)"
47.82.61.35 - - [09/Jun/2025:12:27:12 -0400] "GET /category/yours-to-claim-manga/page/8/ HTTP/1.1" 404 1251 "https://w5.yours-toclaim.com/category/yours-to-claim-manga/page/8/" "Mozilla/5.0 (Windows NT 10.0; Win64; x64) AppleWebKit/537.36 (KHTML, like Gecko) Chrome/114.0.0.0 Safari/537.36 Edg/114.0.1823.43"
20.171.207.138 - - [09/Jun/2025:12:27:13 -0400] "GET /wp-includes/sodium_compat/src/Core32/HChaCha20.php HTTP/1.1" 403 1242 "-" "Mozilla/5.0 AppleWebKit/537.36 (KHTML, like Gecko; compatible; GPTBot/1.2; +https://openai.com/gptbot)"
20.171.207.138 - - [09/Jun/2025:12:27:14 -0400] "GET /wp-includes/js/thickbox/macFFBgHack.png HTTP/1.1" 200 94 "-" "Mozilla/5.0 AppleWebKit/537.36 (KHTML, like Gecko; compatible; GPTBot/1.2; +https://openai.com/gptbot)"
217.113.194.62 - - [09/Jun/2025:12:27:14 -0400] "GET /tag/yours-to-claim-manga/page/12/ HTTP/1.1" 404 1251 "-" "Mozilla/5.0 (compatible; Barkrowler/0.9; +https://babbar.tech/crawler)"
20.171.207.138 - - [09/Jun/2025:12:27:15 -0400] "GET /wp-includes/sodium_compat/src/Core/Poly1305/ HTTP/1.1" 200 651 "-" "Mozilla/5.0 AppleWebKit/537.36 (KHTML, like Gecko; compatible; GPTBot/1.2; +https://openai.com/gptbot)"
20.171.207.138 - - [09/Jun/2025:12:27:16 -0400] "GET /wp-includes/sodium_compat/src/Core32/Int64.php HTTP/1.1" 403 1242 "-" "Mozilla/5.0 AppleWebKit/537.36 (KHTML, like Gecko; compatible; GPTBot/1.2; +https://openai.com/gptbot)"
20.171.207.138 - - [09/Jun/2025:12:27:17 -0400] "GET /wp-includes/sodium_compat/src/Core32/Int32.php HTTP/1.1" 403 1242 "-" "Mozilla/5.0 AppleWebKit/537.36 (KHTML, like Gecko; compatible; GPTBot/1.2; +https://openai.com/gptbot)"
20.171.207.138 - - [09/Jun/2025:12:27:18 -0400] "GET /wp-includes/sodium_compat/src/Core32/ChaCha20/ HTTP/1.1" 200 696 "-" "Mozilla/5.0 AppleWebKit/537.36 (KHTML, like Gecko; compatible; GPTBot/1.2; +https://openai.com/gptbot)"
20.171.207.138 - - [09/Jun/2025:12:27:20 -0400] "GET /wp-includes/sodium_compat/src/Core/X25519.php HTTP/1.1" 403 1242 "-" "Mozilla/5.0 AppleWebKit/537.36 (KHTML, like Gecko; compatible; GPTBot/1.2; +https://openai.com/gptbot)"
47.79.4.223 - - [09/Jun/2025:12:27:20 -0400] "GET /tag/yours-to-claim/page/8/ HTTP/1.1" 404 1251 "https://w5.yours-toclaim.com/tag/yours-to-claim/page/8/" "Mozilla/5.0 (Windows NT 10.0; Win64; x64) AppleWebKit/537.36 (KHTML, like Gecko) Chrome/114.0.0.0 Safari/537.36 Edg/114.0.1823.43"
20.171.207.138 - - [09/Jun/2025:12:27:21 -0400] "GET /wp-includes/sodium_compat/src/Core/Curve25519/ HTTP/1.1" 200 724 "-" "Mozilla/5.0 AppleWebKit/537.36 (KHTML, like Gecko; compatible; GPTBot/1.2; +https://openai.com/gptbot)"
20.171.207.138 - - [09/Jun/2025:12:27:22 -0400] "GET /wp-includes/sodium_compat/src/Core/Curve25519.php HTTP/1.1" 403 1242 "-" "Mozilla/5.0 AppleWebKit/537.36 (KHTML, like Gecko; compatible; GPTBot/1.2; +https://openai.com/gptbot)"
20.171.207.138 - - [09/Jun/2025:12:27:23 -0400] "GET /wp-includes/html-api/?NA HTTP/1.1" 200 1264 "-" "Mozilla/5.0 AppleWebKit/537.36 (KHTML, like Gecko; compatible; GPTBot/1.2; +https://openai.com/gptbot)"
