162.0.232.193 - - [08/Jun/2025:14:33:45 -0400] "POST /wp-cron.php?doing_wp_cron=1749407625.7178819179534912109375 HTTP/1.1" 200 0 "-" "WordPress/6.8.1; https://w5.yours-toclaim.com"
52.164.229.57 - - [08/Jun/2025:14:33:45 -0400] "GET /wp-includes/Requests/Exception/ HTTP/1.1" 301 0 "-" "-"
52.164.229.57 - - [08/Jun/2025:14:33:46 -0400] "GET / HTTP/1.1" 200 37315 "-" "-"
52.164.229.57 - - [08/Jun/2025:14:33:46 -0400] "GET /wp-includes/Requests/Auth/ HTTP/1.1" 301 0 "-" "-"
52.164.229.57 - - [08/Jun/2025:14:33:46 -0400] "GET / HTTP/1.1" 200 37315 "-" "-"
52.164.229.57 - - [08/Jun/2025:14:33:46 -0400] "GET /wp-includes/sodium_compat/src/ HTTP/1.1" 200 1136 "-" "-"
52.164.229.57 - - [08/Jun/2025:14:33:47 -0400] "GET /wp-includes/sitemaps/providers/ HTTP/1.1" 200 780 "-" "-"
52.164.229.57 - - [08/Jun/2025:14:33:47 -0400] "GET /wp-includes/Text/Diff/Engine/Engine/ HTTP/1.1" 301 0 "-" "-"
52.164.229.57 - - [08/Jun/2025:14:33:47 -0400] "GET / HTTP/1.1" 200 37315 "-" "-"
52.164.229.57 - - [08/Jun/2025:14:33:48 -0400] "GET /wp-includes/customize/ HTTP/1.1" 200 1983 "-" "-"
52.164.229.57 - - [08/Jun/2025:14:33:48 -0400] "GET /wp-includes/fonts/ HTTP/1.1" 200 1237 "-" "-"
52.164.229.57 - - [08/Jun/2025:14:33:49 -0400] "GET /wp-includes/html-api/ HTTP/1.1" 200 1311 "-" "-"
52.164.229.57 - - [08/Jun/2025:14:33:49 -0400] "GET /wp-includes/ID3/ HTTP/1.1" 200 1344 "-" "-"
52.164.229.57 - - [08/Jun/2025:14:33:49 -0400] "GET /wp-includes/images/ HTTP/1.1" 200 1501 "-" "-"
52.164.229.57 - - [08/Jun/2025:14:33:49 -0400] "GET /wp-includes/IXR/ HTTP/1.1" 200 1226 "-" "-"
52.164.229.57 - - [08/Jun/2025:14:33:50 -0400] "GET /wp-includes/js/ HTTP/1.1" 200 3499 "-" "-"
52.164.229.57 - - [08/Jun/2025:14:33:50 -0400] "GET /wp-includes/php-compat/ HTTP/1.1" 200 630 "-" "-"
52.164.229.57 - - [08/Jun/2025:14:33:50 -0400] "GET /wp-includes/PHPMailer/ HTTP/1.1" 200 693 "-" "-"
52.164.229.57 - - [08/Jun/2025:14:33:50 -0400] "GET /wp-includes/pomo/ HTTP/1.1" 200 1076 "-" "-"
52.164.229.57 - - [08/Jun/2025:14:33:51 -0400] "GET /wp-includes/random_compat/ HTTP/1.1" 301 0 "-" "-"
52.164.229.57 - - [08/Jun/2025:14:33:51 -0400] "GET / HTTP/1.1" 200 37315 "-" "-"
52.164.229.57 - - [08/Jun/2025:14:33:51 -0400] "GET /wp-includes/Requests/ HTTP/1.1" 200 637 "-" "-"
52.164.229.57 - - [08/Jun/2025:14:33:51 -0400] "GET /wp-includes/rest-api/ HTTP/1.1" 200 1175 "-" "-"
52.164.229.57 - - [08/Jun/2025:14:33:52 -0400] "GET /wp-includes/SimplePie/ HTTP/1.1" 200 745 "-" "-"
52.164.229.57 - - [08/Jun/2025:14:33:52 -0400] "GET /wp-includes/sitemaps/ HTTP/1.1" 200 1143 "-" "-"
52.164.229.57 - - [08/Jun/2025:14:33:52 -0400] "GET /wp-includes/sodium_compat/ HTTP/1.1" 200 1142 "-" "-"
52.164.229.57 - - [08/Jun/2025:14:33:52 -0400] "GET /wp-includes/style-engine/ HTTP/1.1" 200 778 "-" "-"
52.164.229.57 - - [08/Jun/2025:14:33:52 -0400] "GET /wp-includes/Text/ HTTP/1.1" 200 714 "-" "-"
52.164.229.57 - - [08/Jun/2025:14:33:53 -0400] "GET /wp-includes/theme-compat/ HTTP/1.1" 200 1224 "-" "-"
52.164.229.57 - - [08/Jun/2025:14:33:53 -0400] "GET /wp-includes/widgets/ HTTP/1.1" 200 1513 "-" "-"
52.164.229.57 - - [08/Jun/2025:14:33:53 -0400] "GET /wp-admin/css/colors/ectoplasm/ HTTP/1.1" 200 715 "-" "-"
52.164.229.57 - - [08/Jun/2025:14:33:53 -0400] "GET /wp-admin/css/colors/ HTTP/1.1" 200 1134 "-" "-"
52.164.229.57 - - [08/Jun/2025:14:33:53 -0400] "GET /admin/images/slider/ HTTP/1.1" 301 0 "-" "-"
52.164.229.57 - - [08/Jun/2025:14:33:54 -0400] "GET / HTTP/1.1" 200 37315 "-" "-"
52.164.229.57 - - [08/Jun/2025:14:33:54 -0400] "GET /admin/fckeditor/editor/filemanager/ HTTP/1.1" 301 0 "-" "-"
52.164.229.57 - - [08/Jun/2025:14:33:54 -0400] "GET / HTTP/1.1" 200 37315 "-" "-"
52.164.229.57 - - [08/Jun/2025:14:33:54 -0400] "GET /sites/default/files/ HTTP/1.1" 301 0 "-" "-"
52.164.229.57 - - [08/Jun/2025:14:33:55 -0400] "GET / HTTP/1.1" 200 37305 "-" "-"
52.164.229.57 - - [08/Jun/2025:14:33:55 -0400] "GET /admin/controller/extension/extension/ HTTP/1.1" 301 0 "-" "-"
52.164.229.57 - - [08/Jun/2025:14:33:55 -0400] "GET / HTTP/1.1" 200 37315 "-" "-"
52.164.229.57 - - [08/Jun/2025:14:33:56 -0400] "GET /modules/mod_simplefileuploadv1.3/elements/ HTTP/1.1" 301 0 "-" "-"
52.164.229.57 - - [08/Jun/2025:14:33:56 -0400] "GET / HTTP/1.1" 200 37315 "-" "-"
52.164.229.57 - - [08/Jun/2025:14:33:56 -0400] "GET /components/ HTTP/1.1" 301 0 "-" "-"
52.164.229.57 - - [08/Jun/2025:14:33:57 -0400] "GET / HTTP/1.1" 200 37315 "-" "-"
52.164.229.57 - - [08/Jun/2025:14:33:57 -0400] "GET /admin/uploads/images/ HTTP/1.1" 301 0 "-" "-"
52.164.229.57 - - [08/Jun/2025:14:33:58 -0400] "GET / HTTP/1.1" 200 37315 "-" "-"
52.164.229.57 - - [08/Jun/2025:14:33:58 -0400] "GET /wp-includes/js/ HTTP/1.1" 200 3499 "-" "-"
52.164.229.57 - - [08/Jun/2025:14:33:58 -0400] "GET /wp-includes/pomo/ HTTP/1.1" 200 1076 "-" "-"
52.164.229.57 - - [08/Jun/2025:14:33:58 -0400] "GET /wp-includes/rest-api/ HTTP/1.1" 200 1175 "-" "-"
52.164.229.57 - - [08/Jun/2025:14:33:59 -0400] "GET /wp-includes/widgets/ HTTP/1.1" 200 1513 "-" "-"
52.164.229.57 - - [08/Jun/2025:14:33:59 -0400] "GET /wp-admin/css/ HTTP/1.1" 200 2768 "-" "-"
52.164.229.57 - - [08/Jun/2025:14:33:59 -0400] "GET /wp-admin/images/ HTTP/1.1" 200 2458 "-" "-"
52.164.229.57 - - [08/Jun/2025:14:33:59 -0400] "GET /wp-admin/maint/ HTTP/1.1" 200 628 "-" "-"
52.164.229.57 - - [08/Jun/2025:14:34:00 -0400] "GET /wp-admin/meta/ HTTP/1.1" 301 0 "-" "-"
52.164.229.57 - - [08/Jun/2025:14:34:00 -0400] "GET / HTTP/1.1" 200 37315 "-" "-"
52.164.229.57 - - [08/Jun/2025:14:34:00 -0400] "GET /wp-admin/network/ HTTP/1.1" 302 0 "-" "-"
52.164.229.57 - - [08/Jun/2025:14:34:02 -0400] "GET /wp-login.php?redirect_to=https%3A%2F%2Fw5.yours-toclaim.com%2Fwp-admin%2Fnetwork%2F&reauth=1 HTTP/1.1" 200 1990 "-" "-"
162.0.232.193 - - [08/Jun/2025:14:34:03 -0400] "POST /wp-cron.php?doing_wp_cron=1749407643.2201969623565673828125 HTTP/1.1" 200 0 "-" "WordPress/6.8.1; https://w5.yours-toclaim.com"
52.164.229.57 - - [08/Jun/2025:14:34:02 -0400] "GET /wp-admin/user/ HTTP/1.1" 302 0 "-" "-"
52.164.229.57 - - [08/Jun/2025:14:34:03 -0400] "GET /wp-login.php?redirect_to=https%3A%2F%2Fw5.yours-toclaim.com%2Fwp-admin%2Fuser%2F&reauth=1 HTTP/1.1" 200 1990 "-" "-"
52.164.229.57 - - [08/Jun/2025:14:34:04 -0400] "GET /wp-content/ HTTP/1.1" 200 0 "-" "-"
52.164.229.57 - - [08/Jun/2025:14:34:04 -0400] "GET /wp-content/plugins/ HTTP/1.1" 200 0 "-" "-"
52.164.229.57 - - [08/Jun/2025:14:34:04 -0400] "GET /wp-content/themes/ HTTP/1.1" 200 0 "-" "-"
52.164.229.57 - - [08/Jun/2025:14:34:04 -0400] "GET /wp-admin/includes/ HTTP/1.1" 200 3605 "-" "-"
52.164.229.57 - - [08/Jun/2025:14:34:04 -0400] "GET /wp-admin/ HTTP/1.1" 302 0 "-" "-"
52.164.229.57 - - [08/Jun/2025:14:34:05 -0400] "GET /wp-login.php?redirect_to=https%3A%2F%2Fw5.yours-toclaim.com%2Fwp-admin%2F&reauth=1 HTTP/1.1" 200 1988 "-" "-"
52.164.229.57 - - [08/Jun/2025:14:34:05 -0400] "GET /wp-content/upgrade/ HTTP/1.1" 200 550 "-" "-"
162.0.232.193 - - [08/Jun/2025:14:39:50 -0400] "POST /wp-cron.php?doing_wp_cron=1749407990.4965529441833496093750 HTTP/1.1" 200 0 "-" "WordPress/6.8.1; https://w5.yours-toclaim.com"
44.195.50.71 - - [08/Jun/2025:14:39:48 -0400] "GET /category/yours-to-claim-lezhin/ HTTP/1.1" 301 0 "-" "Mozilla/5.0 AppleWebKit/537.36 (KHTML, like Gecko; compatible; Amazonbot/0.1; +https://developer.amazon.com/support/amazonbot) Chrome/119.0.6045.214 Safari/537.36"
162.0.232.193 - - [08/Jun/2025:14:42:33 -0400] "POST /wp-cron.php?doing_wp_cron=1749408153.0288729667663574218750 HTTP/1.1" 200 0 "-" "WordPress/6.8.1; https://w5.yours-toclaim.com"
114.119.129.179 - - [08/Jun/2025:14:42:31 -0400] "GET /tag/original/page/9/ HTTP/1.1" 200 85875 "https://w4.yours-toclaim.com/tag/original/page/8/" "Mozilla/5.0 (Linux; Android 7.0;) AppleWebKit/537.36 (KHTML, like Gecko) Mobile Safari/537.36 (compatible; PetalBot;+https://webmaster.petalsearch.com/site/petalbot)"
162.0.232.193 - - [08/Jun/2025:14:51:40 -0400] "POST /wp-cron.php?doing_wp_cron=1749408699.8997929096221923828125 HTTP/1.1" 200 0 "-" "WordPress/6.8.1; https://w5.yours-toclaim.com"
209.141.49.26 - - [08/Jun/2025:14:51:38 -0400] "GET /wp-json/sure-triggers/v1/automation/action HTTP/1.1" 404 114 "-" "Mozilla/5.0 (Macintosh; Intel Mac OS X 10_15_7) AppleWebKit/537.36 (KHTML, like Gecko) Chrome/113.0.0.0 Safari/537.36"
47.82.60.24 - - [08/Jun/2025:14:51:52 -0400] "GET /tag/yours-to-claim-manga/page/5/ HTTP/1.1" 200 53488 "https://w5.yours-toclaim.com/tag/yours-to-claim-manga/page/5/" "Mozilla/5.0 (Windows NT 10.0; Win64; x64) AppleWebKit/537.36 (KHTML, like Gecko) Chrome/114.0.0.0 Safari/537.36 Edg/114.0.1823.43"
209.141.49.26 - - [08/Jun/2025:14:53:38 -0400] "GET / HTTP/1.1" 200 37315 "http://www.google.com.hk" "Mozilla/5.0 (Windows NT 6.1; WOW64) AppleWebKit/537.36 (KHTML, like Gecko) Chrome/42.0.2311.90 Safari/537.36"
162.0.232.193 - - [08/Jun/2025:14:59:28 -0400] "POST /wp-cron.php?doing_wp_cron=1749409167.9878890514373779296875 HTTP/1.1" 200 0 "-" "WordPress/6.8.1; https://w5.yours-toclaim.com"
209.141.49.26 - - [08/Jun/2025:14:59:26 -0400] "GET /wp-login.php?wp_lang=e HTTP/1.1" 200 1982 "-" "Mozilla/5.0 (Windows NT 6.1; WOW64) AppleWebKit/537.36 (KHTML, like Gecko) Chrome/36.0.1985.125 Safari/537.36"
124.89.89.156 - - [08/Jun/2025:14:59:53 -0400] "GET / HTTP/1.1" 200 37315 "-" "Mozilla/5.0 (Windows NT 10.0; Win64; x64) Chrome/120.0.0.0"
162.0.232.193 - - [08/Jun/2025:14:59:53 -0400] "POST /wp-cron.php?doing_wp_cron=1749409193.4430570602416992187500 HTTP/1.1" 200 0 "-" "WordPress/6.8.1; https://w5.yours-toclaim.com"
124.89.89.156 - - [08/Jun/2025:14:59:53 -0400] "GET /favicon.ico HTTP/1.1" 302 0 "-" "Mozilla/5.0 (Windows NT 10.0; Win64; x64) Chrome/120.0.0.0"
209.141.49.26 - - [08/Jun/2025:14:59:54 -0400] "GET /wp-login.php?wp_lang=e HTTP/1.1" 200 1982 "-" "Mozilla/5.0 (Windows NT 6.1; WOW64) AppleWebKit/537.36 (KHTML, like Gecko) Chrome/36.0.1985.125 Safari/537.36"
124.89.89.156 - - [08/Jun/2025:14:59:55 -0400] "GET /wp-content/uploads/2022/03/cropped-tumblr_064b2d4fd6fb747c66937f0692a9c3d3_1356d0a2_500-32x32.png HTTP/1.1" 200 2873 "-" "Mozilla/5.0 (Windows NT 10.0; Win64; x64) Chrome/120.0.0.0"
124.89.89.156 - - [08/Jun/2025:14:59:58 -0400] "GET / HTTP/1.1" 200 37315 "-" "Mozilla/5.0 (Windows NT 10.0; Win64; x64) Chrome/120.0.0.0"
124.89.89.156 - - [08/Jun/2025:14:59:59 -0400] "GET / HTTP/1.1" 200 37315 "-" "Mozilla/5.0 (Windows NT 10.0; Win64; x64) Chrome/120.0.0.0"
124.89.89.156 - - [08/Jun/2025:15:00:01 -0400] "GET /aaabbbccc HTTP/1.1" 301 0 "-" "Mozilla/5.0 (Windows NT 10.0; Win64; x64) Chrome/120.0.0.0"
124.89.89.156 - - [08/Jun/2025:15:00:02 -0400] "GET /1 HTTP/1.1" 301 0 "-" "Mozilla/5.0 (Windows NT 10.0; Win64; x64) Chrome/120.0.0.0"
124.89.89.156 - - [08/Jun/2025:15:00:04 -0400] "GET / HTTP/1.1" 200 37315 "-" "Mozilla/5.0 (Windows NT 10.0; Win64; x64) Chrome/120.0.0.0"
124.89.89.156 - - [08/Jun/2025:15:00:04 -0400] "GET / HTTP/1.1" 200 37315 "-" "Mozilla/5.0 (Windows NT 10.0; Win64; x64) Chrome/120.0.0.0"
162.0.232.193 - - [08/Jun/2025:15:00:06 -0400] "POST /wp-cron.php?doing_wp_cron=1749409206.2678239345550537109375 HTTP/1.1" 200 0 "-" "WordPress/6.8.1; https://w5.yours-toclaim.com"
124.89.89.156 - - [08/Jun/2025:15:00:06 -0400] "GET /fb HTTP/1.1" 301 0 "-" "Mozilla/5.0 (Windows NT 10.0; Win64; x64) Chrome/120.0.0.0"
124.89.89.156 - - [08/Jun/2025:15:00:06 -0400] "GET /fwc HTTP/1.1" 301 0 "-" "Mozilla/5.0 (Windows NT 10.0; Win64; x64) Chrome/120.0.0.0"
124.89.89.156 - - [08/Jun/2025:15:00:08 -0400] "GET / HTTP/1.1" 200 37315 "-" "Mozilla/5.0 (Windows NT 10.0; Win64; x64) Chrome/120.0.0.0"
124.89.89.156 - - [08/Jun/2025:15:00:09 -0400] "GET / HTTP/1.1" 200 37383 "-" "Mozilla/5.0 (Windows NT 10.0; Win64; x64) Chrome/120.0.0.0"
124.89.89.156 - - [08/Jun/2025:15:00:11 -0400] "GET /fzh HTTP/1.1" 301 0 "-" "Mozilla/5.0 (Windows NT 10.0; Win64; x64) Chrome/120.0.0.0"
124.89.89.156 - - [08/Jun/2025:15:00:12 -0400] "GET / HTTP/1.1" 200 37383 "-" "Mozilla/5.0 (Windows NT 10.0; Win64; x64) Chrome/120.0.0.0"
209.141.49.26 - - [08/Jun/2025:15:00:25 -0400] "GET /?author=1 HTTP/1.1" 301 0 "http://www.google.com.hk" "Mozilla/5.0 (Windows NT 6.1; WOW64) AppleWebKit/537.36 (KHTML, like Gecko) Chrome/42.0.2311.90 Safari/537.36"
124.89.89.156 - - [08/Jun/2025:15:00:26 -0400] "GET /res/favicon.ico HTTP/1.1" 301 0 "-" "Mozilla/5.0 (Windows NT 10.0; Win64; x64) Chrome/120.0.0.0"
124.89.89.156 - - [08/Jun/2025:15:00:28 -0400] "GET / HTTP/1.1" 200 37315 "-" "Mozilla/5.0 (Windows NT 10.0; Win64; x64) Chrome/120.0.0.0"
209.141.49.26 - - [08/Jun/2025:15:00:36 -0400] "GET /author/admin/ HTTP/1.1" 200 67119 "http://www.google.com.hk" "Mozilla/5.0 (Windows NT 6.1; WOW64) AppleWebKit/537.36 (KHTML, like Gecko) Chrome/42.0.2311.90 Safari/537.36"
162.0.232.193 - - [08/Jun/2025:15:00:42 -0400] "POST /wp-cron.php?doing_wp_cron=1749409242.7932360172271728515625 HTTP/1.1" 200 0 "-" "WordPress/6.8.1; https://w5.yours-toclaim.com"
124.89.89.156 - - [08/Jun/2025:15:00:42 -0400] "GET /assets/favicon-aOK6_042.ico HTTP/1.1" 301 0 "-" "Mozilla/5.0 (Windows NT 10.0; Win64; x64) Chrome/120.0.0.0"
162.0.232.193 - - [08/Jun/2025:15:00:50 -0400] "POST /wp-cron.php?doing_wp_cron=1749409250.5721209049224853515625 HTTP/1.1" 200 0 "-" "WordPress/6.8.1; https://w5.yours-toclaim.com"
42.92.121.68 - - [08/Jun/2025:15:00:50 -0400] "GET /assets/favicon-aOK6_042.ico HTTP/1.1" 301 0 "-" "Mozilla/5.0 (Windows NT 10.0; Win64; x64) Chrome/120.0.0.0"
42.92.121.68 - - [08/Jun/2025:15:00:51 -0400] "GET / HTTP/1.1" 200 37383 "-" "Mozilla/5.0 (Windows NT 10.0; Win64; x64) Chrome/120.0.0.0"
42.92.121.68 - - [08/Jun/2025:15:01:02 -0400] "GET /wp-content/uploads/2020/10/official-logo-512x512.png HTTP/1.1" 301 0 "-" "Mozilla/5.0 (Windows NT 10.0; Win64; x64) Chrome/120.0.0.0"
42.92.121.68 - - [08/Jun/2025:15:01:02 -0400] "GET / HTTP/1.1" 200 37315 "-" "Mozilla/5.0 (Windows NT 10.0; Win64; x64) Chrome/120.0.0.0"
162.0.232.193 - - [08/Jun/2025:15:01:05 -0400] "POST /wp-cron.php?doing_wp_cron=1749409265.2851591110229492187500 HTTP/1.1" 200 0 "-" "WordPress/6.8.1; https://w5.yours-toclaim.com"
42.92.121.68 - - [08/Jun/2025:15:01:05 -0400] "GET /wp-content/uploads/2023/02/1677572030-814390417fe413b.png HTTP/1.1" 301 0 "-" "Mozilla/5.0 (Windows NT 10.0; Win64; x64) Chrome/120.0.0.0"
175.30.48.228 - - [08/Jun/2025:15:01:06 -0400] "GET /images/01.jpg HTTP/1.1" 301 0 "-" "Mozilla/5.0 (Windows NT 10.0; Win64; x64) Chrome/120.0.0.0"
42.92.121.68 - - [08/Jun/2025:15:01:06 -0400] "GET / HTTP/1.1" 200 37315 "-" "Mozilla/5.0 (Windows NT 10.0; Win64; x64) Chrome/120.0.0.0"
175.30.48.228 - - [08/Jun/2025:15:01:08 -0400] "GET / HTTP/1.1" 200 37315 "-" "Mozilla/5.0 (Windows NT 10.0; Win64; x64) Chrome/120.0.0.0"
42.92.121.68 - - [08/Jun/2025:15:01:07 -0400] "GET /favicon.ico HTTP/1.1" 302 0 "-" "Mozilla/5.0 (Windows NT 10.0; Win64; x64) Chrome/120.0.0.0"
42.92.121.68 - - [08/Jun/2025:15:01:09 -0400] "GET /icons/favicon.ico HTTP/1.1" 301 0 "-" "Mozilla/5.0 (Windows NT 10.0; Win64; x64) Chrome/120.0.0.0"
42.92.121.68 - - [08/Jun/2025:15:01:10 -0400] "GET / HTTP/1.1" 200 37315 "-" "Mozilla/5.0 (Windows NT 10.0; Win64; x64) Chrome/120.0.0.0"
175.30.48.228 - - [08/Jun/2025:15:01:11 -0400] "GET /wp-content/uploads/2023/08/logo-gold.png HTTP/1.1" 301 0 "-" "Mozilla/5.0 (Windows NT 10.0; Win64; x64) Chrome/120.0.0.0"
175.30.48.228 - - [08/Jun/2025:15:01:12 -0400] "GET / HTTP/1.1" 200 37383 "-" "Mozilla/5.0 (Windows NT 10.0; Win64; x64) Chrome/120.0.0.0"
175.30.48.228 - - [08/Jun/2025:15:01:17 -0400] "GET /favicon-32x32.png?v=e0e3ed8f59d769b053c145391db63c0d HTTP/1.1" 301 0 "-" "Mozilla/5.0 (Windows NT 10.0; Win64; x64) Chrome/120.0.0.0"
175.30.48.228 - - [08/Jun/2025:15:01:18 -0400] "GET / HTTP/1.1" 200 37315 "-" "Mozilla/5.0 (Windows NT 10.0; Win64; x64) Chrome/120.0.0.0"
175.30.48.228 - - [08/Jun/2025:15:01:20 -0400] "GET / HTTP/1.1" 200 37383 "-" "Mozilla/5.0 (Windows NT 10.0; Win64; x64) Chrome/120.0.0.0"
162.0.232.193 - - [08/Jun/2025:15:02:59 -0400] "POST /wp-cron.php?doing_wp_cron=1749409379.6290619373321533203125 HTTP/1.1" 200 0 "-" "WordPress/6.8.1; https://w5.yours-toclaim.com"
114.119.129.179 - - [08/Jun/2025:15:02:57 -0400] "GET /category/yours-to-claim-manga/page/2/ HTTP/1.1" 200 50572 "https://yours-toclaim.com/category/yours-to-claim-manga/page/3/" "Mozilla/5.0 (Linux; Android 7.0;) AppleWebKit/537.36 (KHTML, like Gecko) Mobile Safari/537.36 (compatible; PetalBot;+https://webmaster.petalsearch.com/site/petalbot)"
114.119.156.33 - - [08/Jun/2025:15:04:24 -0400] "GET /yours-to-claim/yours-to-claim-chapter-45/ HTTP/1.1" 200 49221 "https://yours-toclaim.com/yours-to-claim-chapter-20/" "Mozilla/5.0 (Linux; Android 7.0;) AppleWebKit/537.36 (KHTML, like Gecko) Mobile Safari/537.36 (compatible; PetalBot;+https://webmaster.petalsearch.com/site/petalbot)"
162.0.232.193 - - [08/Jun/2025:15:07:39 -0400] "POST /wp-cron.php?doing_wp_cron=1749409659.5341439247131347656250 HTTP/1.1" 200 0 "-" "WordPress/6.8.1; https://w5.yours-toclaim.com"
112.193.6.98 - - [08/Jun/2025:15:07:37 -0400] "GET /favicon.ico HTTP/1.1" 302 0 "-" "Mozilla/5.0 (Windows NT 10.0; Win64; x64) Chrome/120.0.0.0"
112.193.6.98 - - [08/Jun/2025:15:07:40 -0400] "GET / HTTP/1.1" 200 37315 "-" "Mozilla/5.0 (Windows NT 10.0; Win64; x64) Chrome/120.0.0.0"
112.193.6.98 - - [08/Jun/2025:15:07:41 -0400] "GET / HTTP/1.1" 200 37315 "-" "Mozilla/5.0 (Windows NT 10.0; Win64; x64) Chrome/120.0.0.0"
112.193.6.98 - - [08/Jun/2025:15:07:41 -0400] "GET / HTTP/1.1" 200 37383 "-" "Mozilla/5.0 (Windows NT 10.0; Win64; x64) Chrome/120.0.0.0"
122.96.29.89 - - [08/Jun/2025:15:07:42 -0400] "GET /aaabbbccc HTTP/1.1" 301 0 "-" "Mozilla/5.0 (Windows NT 10.0; Win64; x64) Chrome/120.0.0.0"
122.96.29.89 - - [08/Jun/2025:15:07:43 -0400] "GET /1 HTTP/1.1" 301 0 "-" "Mozilla/5.0 (Windows NT 10.0; Win64; x64) Chrome/120.0.0.0"
122.96.29.89 - - [08/Jun/2025:15:07:43 -0400] "GET / HTTP/1.1" 200 37315 "-" "Mozilla/5.0 (Windows NT 10.0; Win64; x64) Chrome/120.0.0.0"
122.96.29.89 - - [08/Jun/2025:15:07:44 -0400] "GET /fb HTTP/1.1" 301 0 "-" "Mozilla/5.0 (Windows NT 10.0; Win64; x64) Chrome/120.0.0.0"
122.96.29.89 - - [08/Jun/2025:15:07:44 -0400] "GET / HTTP/1.1" 200 37315 "-" "Mozilla/5.0 (Windows NT 10.0; Win64; x64) Chrome/120.0.0.0"
112.193.6.98 - - [08/Jun/2025:15:07:45 -0400] "GET / HTTP/1.1" 200 37315 "-" "Mozilla/5.0 (Windows NT 10.0; Win64; x64) Chrome/120.0.0.0"
162.0.232.193 - - [08/Jun/2025:15:07:45 -0400] "POST /wp-cron.php?doing_wp_cron=1749409665.6937980651855468750000 HTTP/1.1" 200 0 "-" "WordPress/6.8.1; https://w5.yours-toclaim.com"
122.96.29.89 - - [08/Jun/2025:15:07:45 -0400] "GET /fwc HTTP/1.1" 301 0 "-" "Mozilla/5.0 (Windows NT 10.0; Win64; x64) Chrome/120.0.0.0"
162.0.232.193 - - [08/Jun/2025:15:08:17 -0400] "POST /wp-cron.php?doing_wp_cron=1749409697.7756280899047851562500 HTTP/1.1" 200 0 "-" "WordPress/6.8.1; https://w5.yours-toclaim.com"
125.82.243.247 - - [08/Jun/2025:15:08:17 -0400] "GET /fzh HTTP/1.1" 301 0 "-" "Mozilla/5.0 (Windows NT 10.0; Win64; x64) Chrome/120.0.0.0"
125.82.243.247 - - [08/Jun/2025:15:08:21 -0400] "GET / HTTP/1.1" 200 37315 "-" "Mozilla/5.0 (Windows NT 10.0; Win64; x64) Chrome/120.0.0.0"
125.82.243.247 - - [08/Jun/2025:15:08:25 -0400] "GET / HTTP/1.1" 200 37315 "-" "Mozilla/5.0 (Windows NT 10.0; Win64; x64) Chrome/120.0.0.0"
162.0.232.193 - - [08/Jun/2025:15:08:29 -0400] "POST /wp-cron.php?doing_wp_cron=1749409709.0119431018829345703125 HTTP/1.1" 200 0 "-" "WordPress/6.8.1; https://w5.yours-toclaim.com"
125.82.243.247 - - [08/Jun/2025:15:08:28 -0400] "GET /assets/favicon-aOK6_042.ico HTTP/1.1" 301 0 "-" "Mozilla/5.0 (Windows NT 10.0; Win64; x64) Chrome/120.0.0.0"
125.82.243.247 - - [08/Jun/2025:15:08:30 -0400] "GET / HTTP/1.1" 200 37383 "-" "Mozilla/5.0 (Windows NT 10.0; Win64; x64) Chrome/120.0.0.0"
125.82.243.247 - - [08/Jun/2025:15:08:32 -0400] "GET /images/01.jpg HTTP/1.1" 301 0 "-" "Mozilla/5.0 (Windows NT 10.0; Win64; x64) Chrome/120.0.0.0"
125.82.243.247 - - [08/Jun/2025:15:08:33 -0400] "GET / HTTP/1.1" 200 37315 "-" "Mozilla/5.0 (Windows NT 10.0; Win64; x64) Chrome/120.0.0.0"
47.238.13.4 - - [08/Jun/2025:15:08:35 -0400] "GET /tag/original/page/2/ HTTP/1.1" 200 50371 "https://w4.yours-toclaim.com/tag/original/page/2/#content" "Mozilla/5.0 (Macintosh; Intel Mac OS X 10_15_7) AppleWebKit/537.36 (KHTML, like Gecko) Chrome/109.0.0.0 Safari/537.36"
125.82.243.247 - - [08/Jun/2025:15:08:35 -0400] "GET /wp-content/uploads/2020/10/official-logo-512x512.png HTTP/1.1" 301 0 "-" "Mozilla/5.0 (Windows NT 10.0; Win64; x64) Chrome/120.0.0.0"
125.82.243.247 - - [08/Jun/2025:15:08:36 -0400] "GET / HTTP/1.1" 200 37383 "-" "Mozilla/5.0 (Windows NT 10.0; Win64; x64) Chrome/120.0.0.0"
60.13.6.141 - - [08/Jun/2025:15:08:38 -0400] "GET /res/favicon.ico HTTP/1.1" 301 0 "-" "Mozilla/5.0 (Windows NT 10.0; Win64; x64) Chrome/120.0.0.0"
125.82.243.247 - - [08/Jun/2025:15:08:39 -0400] "GET /wp-content/uploads/2023/02/1677572030-814390417fe413b.png HTTP/1.1" 301 0 "-" "Mozilla/5.0 (Windows NT 10.0; Win64; x64) Chrome/120.0.0.0"
60.13.6.141 - - [08/Jun/2025:15:08:39 -0400] "GET / HTTP/1.1" 200 37305 "-" "Mozilla/5.0 (Windows NT 10.0; Win64; x64) Chrome/120.0.0.0"
125.82.243.247 - - [08/Jun/2025:15:08:40 -0400] "GET / HTTP/1.1" 200 37383 "-" "Mozilla/5.0 (Windows NT 10.0; Win64; x64) Chrome/120.0.0.0"
60.13.6.141 - - [08/Jun/2025:15:08:41 -0400] "GET /favicon.ico HTTP/1.1" 302 0 "-" "Mozilla/5.0 (Windows NT 10.0; Win64; x64) Chrome/120.0.0.0"
60.13.6.141 - - [08/Jun/2025:15:08:43 -0400] "GET /wp-content/uploads/2023/08/logo-gold.png HTTP/1.1" 301 0 "-" "Mozilla/5.0 (Windows NT 10.0; Win64; x64) Chrome/120.0.0.0"
60.13.6.141 - - [08/Jun/2025:15:08:44 -0400] "GET / HTTP/1.1" 200 37315 "-" "Mozilla/5.0 (Windows NT 10.0; Win64; x64) Chrome/120.0.0.0"
162.0.232.193 - - [08/Jun/2025:15:08:46 -0400] "POST /wp-cron.php?doing_wp_cron=1749409726.2489869594573974609375 HTTP/1.1" 200 0 "-" "WordPress/6.8.1; https://w5.yours-toclaim.com"
60.13.6.141 - - [08/Jun/2025:15:08:46 -0400] "GET /favicon-32x32.png?v=e0e3ed8f59d769b053c145391db63c0d HTTP/1.1" 301 0 "-" "Mozilla/5.0 (Windows NT 10.0; Win64; x64) Chrome/120.0.0.0"
60.13.6.141 - - [08/Jun/2025:15:08:47 -0400] "GET / HTTP/1.1" 200 37315 "-" "Mozilla/5.0 (Windows NT 10.0; Win64; x64) Chrome/120.0.0.0"
60.13.6.141 - - [08/Jun/2025:15:08:50 -0400] "GET /icons/favicon.ico HTTP/1.1" 301 0 "-" "Mozilla/5.0 (Windows NT 10.0; Win64; x64) Chrome/120.0.0.0"
60.13.6.141 - - [08/Jun/2025:15:08:50 -0400] "GET / HTTP/1.1" 200 37315 "-" "Mozilla/5.0 (Windows NT 10.0; Win64; x64) Chrome/120.0.0.0"
60.13.6.141 - - [08/Jun/2025:15:08:52 -0400] "GET / HTTP/1.1" 200 37383 "-" "Mozilla/5.0 (Windows NT 10.0; Win64; x64) Chrome/120.0.0.0"
66.249.68.129 - - [08/Jun/2025:15:10:13 -0400] "GET /yours-to-claim/yours-to-claim-chapter-95/ HTTP/1.1" 200 41467 "-" "Mozilla/5.0 (Linux; Android 6.0.1; Nexus 5X Build/MMB29P) AppleWebKit/537.36 (KHTML, like Gecko) Chrome/136.0.7103.113 Mobile Safari/537.36 (compatible; Googlebot/2.1; +http://www.google.com/bot.html)"
162.0.232.193 - - [08/Jun/2025:15:13:00 -0400] "POST /wp-cron.php?doing_wp_cron=1749409980.2637510299682617187500 HTTP/1.1" 200 0 "-" "WordPress/6.8.1; https://w5.yours-toclaim.com"
209.141.49.26 - - [08/Jun/2025:15:12:58 -0400] "GET /wp-login.php?wp_lang=e HTTP/1.1" 200 1982 "-" "Mozilla/5.0 (Windows NT 6.1; WOW64) AppleWebKit/537.36 (KHTML, like Gecko) Chrome/36.0.1985.125 Safari/537.36"
162.0.232.193 - - [08/Jun/2025:15:13:12 -0400] "POST /wp-cron.php?doing_wp_cron=1749409992.5550210475921630859375 HTTP/1.1" 200 0 "-" "WordPress/6.8.1; https://w5.yours-toclaim.com"
209.141.49.26 - - [08/Jun/2025:15:13:12 -0400] "GET /wp-login.php?wp_lang=e HTTP/1.1" 200 1982 "-" "Mozilla/5.0 (Windows NT 6.1; WOW64) AppleWebKit/537.36 (KHTML, like Gecko) Chrome/36.0.1985.125 Safari/537.36"
162.0.232.193 - - [08/Jun/2025:15:13:32 -0400] "POST /wp-cron.php?doing_wp_cron=1749410012.6342439651489257812500 HTTP/1.1" 200 0 "-" "WordPress/6.8.1; https://w5.yours-toclaim.com"
209.141.49.26 - - [08/Jun/2025:15:13:32 -0400] "GET /?author=2 HTTP/1.1" 301 0 "http://www.google.com.hk" "Mozilla/5.0 (Windows NT 6.1; WOW64) AppleWebKit/537.36 (KHTML, like Gecko) Chrome/42.0.2311.90 Safari/537.36"
209.141.49.26 - - [08/Jun/2025:15:13:44 -0400] "GET / HTTP/1.1" 200 37383 "http://www.google.com.hk" "Mozilla/5.0 (Windows NT 6.1; WOW64) AppleWebKit/537.36 (KHTML, like Gecko) Chrome/42.0.2311.90 Safari/537.36"
35.194.65.121 - - [08/Jun/2025:15:16:36 -0400] "GET / HTTP/1.1" 200 37383 "-" "Mozilla/5.0 (compatible; Orbbot/1.1;)"
35.245.35.135 - - [08/Jun/2025:15:16:39 -0400] "GET /yours-to-claim/yours-to-claim-chapter-62/ HTTP/1.1" 200 57301 "-" "Mozilla/5.0 (compatible; Orbbot/1.1;)"
35.221.4.163 - - [08/Jun/2025:15:16:40 -0400] "GET /yours-to-claim/yours-to-claim-chapter-5/ HTTP/1.1" 200 51903 "-" "Mozilla/5.0 (compatible; Orbbot/1.1;)"
34.21.27.253 - - [08/Jun/2025:15:16:40 -0400] "GET /dmca/ HTTP/1.1" 200 37602 "-" "Mozilla/5.0 (compatible; Orbbot/1.1;)"
35.245.35.135 - - [08/Jun/2025:15:16:40 -0400] "GET /yours-to-claim/yours-to-claim-chapter-6/ HTTP/1.1" 200 51635 "-" "Mozilla/5.0 (compatible; Orbbot/1.1;)"
35.194.65.121 - - [08/Jun/2025:15:16:40 -0400] "GET /yours-to-claim/yours-to-claim-chapter-30/ HTTP/1.1" 200 47766 "-" "Mozilla/5.0 (compatible; Orbbot/1.1;)"
35.221.4.163 - - [08/Jun/2025:15:16:40 -0400] "GET /yours-to-claim/yours-to-claim-chapter-8/ HTTP/1.1" 200 50892 "-" "Mozilla/5.0 (compatible; Orbbot/1.1;)"
35.221.4.163 - - [08/Jun/2025:15:16:41 -0400] "GET /yours-to-claim/yours-to-claim-chapter-82/ HTTP/1.1" 200 42566 "-" "Mozilla/5.0 (compatible; Orbbot/1.1;)"
35.221.4.163 - - [08/Jun/2025:15:16:41 -0400] "GET /privacy-policy/ HTTP/1.1" 200 40533 "-" "Mozilla/5.0 (compatible; Orbbot/1.1;)"
35.245.206.178 - - [08/Jun/2025:15:16:41 -0400] "GET /yours-to-claim/yours-to-claim-chapter-7/ HTTP/1.1" 200 46764 "-" "Mozilla/5.0 (compatible; Orbbot/1.1;)"
35.245.221.205 - - [08/Jun/2025:15:16:41 -0400] "GET /yours-to-claim/yours-to-claim-chapter-59/ HTTP/1.1" 200 51321 "-" "Mozilla/5.0 (compatible; Orbbot/1.1;)"
35.245.131.164 - - [08/Jun/2025:15:16:41 -0400] "GET /yours-to-claim/yours-to-claim-chapter-66/ HTTP/1.1" 200 44698 "-" "Mozilla/5.0 (compatible; Orbbot/1.1;)"
35.245.35.135 - - [08/Jun/2025:15:16:42 -0400] "GET /yours-to-claim/yours-to-claim-chapter-2/ HTTP/1.1" 200 48677 "-" "Mozilla/5.0 (compatible; Orbbot/1.1;)"
35.194.65.121 - - [08/Jun/2025:15:16:42 -0400] "GET /yours-to-claim/yours-to-claim-chapter-9/ HTTP/1.1" 200 51214 "-" "Mozilla/5.0 (compatible; Orbbot/1.1;)"
35.245.221.205 - - [08/Jun/2025:15:16:45 -0400] "GET /yours-to-claim/yours-to-claim-chapter-1/ HTTP/1.1" 200 51531 "-" "Mozilla/5.0 (compatible; Orbbot/1.1;)"
35.245.35.135 - - [08/Jun/2025:15:16:46 -0400] "GET /yours-to-claim/yours-to-claim-chapter-3/ HTTP/1.1" 200 48208 "-" "Mozilla/5.0 (compatible; Orbbot/1.1;)"
35.245.206.178 - - [08/Jun/2025:15:16:48 -0400] "GET /yours-to-claim/yours-to-claim-chapter-4/ HTTP/1.1" 200 52288 "-" "Mozilla/5.0 (compatible; Orbbot/1.1;)"
34.86.129.222 - - [08/Jun/2025:15:16:48 -0400] "GET /yours-to-claim/yours-to-claim-chapter-40/ HTTP/1.1" 200 48978 "-" "Mozilla/5.0 (compatible; Orbbot/1.1;)"
35.221.4.163 - - [08/Jun/2025:15:16:54 -0400] "GET /yours-to-claim/yours-to-claim-chapter-60/ HTTP/1.1" 200 52152 "-" "Mozilla/5.0 (compatible; Orbbot/1.1;)"
162.0.232.193 - - [08/Jun/2025:15:18:38 -0400] "POST /wp-cron.php?doing_wp_cron=1749410318.8425629138946533203125 HTTP/1.1" 200 0 "-" "WordPress/6.8.1; https://w5.yours-toclaim.com"
43.166.136.24 - - [08/Jun/2025:15:18:39 -0400] "GET / HTTP/1.1" 200 37482 "https://w2.yours-toclaim.com/" "Mozilla/5.0 (iPhone; CPU iPhone OS 13_2_3 like Mac OS X) AppleWebKit/605.1.15 (KHTML, like Gecko) Version/13.0.3 Mobile/15E148 Safari/604.1"
114.119.132.58 - - [08/Jun/2025:15:19:49 -0400] "GET /yours-to-claim/yours-to-claim-chapter-74/ HTTP/1.1" 200 44570 "https://yours-toclaim.com/yours-to-claim-chapter-44/" "Mozilla/5.0 (Linux; Android 7.0;) AppleWebKit/537.36 (KHTML, like Gecko) Mobile Safari/537.36 (compatible; PetalBot;+https://webmaster.petalsearch.com/site/petalbot)"
162.0.232.193 - - [08/Jun/2025:15:22:08 -0400] "POST /wp-cron.php?doing_wp_cron=1749410528.5109999179840087890625 HTTP/1.1" 200 0 "-" "WordPress/6.8.1; https://w5.yours-toclaim.com"
114.119.132.58 - - [08/Jun/2025:15:22:07 -0400] "GET /tag/yours-to-claim-manga/page/10/ HTTP/1.1" 200 81092 "https://w4.yours-toclaim.com/tag/yours-to-claim-manga/page/9/" "Mozilla/5.0 (Linux; Android 7.0;) AppleWebKit/537.36 (KHTML, like Gecko) Mobile Safari/537.36 (compatible; PetalBot;+https://webmaster.petalsearch.com/site/petalbot)"
162.0.232.193 - - [08/Jun/2025:15:22:36 -0400] "POST /wp-cron.php?doing_wp_cron=1749410556.2357330322265625000000 HTTP/1.1" 200 0 "-" "WordPress/6.8.1; https://w5.yours-toclaim.com"
209.141.49.26 - - [08/Jun/2025:15:22:36 -0400] "GET /wp-login.php?wp_lang=e HTTP/1.1" 200 1982 "-" "Mozilla/5.0 (Macintosh; Intel Mac OS X 10_9_4 AppleWebKit/537.36 (KHTML, like Gecko) Chrome/36.0.1985.125 Safari/537.36"
162.0.232.193 - - [08/Jun/2025:15:22:53 -0400] "POST /wp-cron.php?doing_wp_cron=1749410573.4404311180114746093750 HTTP/1.1" 200 0 "-" "WordPress/6.8.1; https://w5.yours-toclaim.com"
34.21.113.223 - - [08/Jun/2025:15:22:53 -0400] "GET /media/system/js/core.js HTTP/1.1" 301 0 "https://yours-toclaim.com/media/system/js/core.js" "Mozilla/5.0 (Macintosh; Intel Mac OS X 10_10_1) AppleWebKit/537.36 (KHTML, like Gecko) Chrome/39.0.2171.95 Safari/537.36"
34.21.113.223 - - [08/Jun/2025:15:22:53 -0400] "GET / HTTP/1.1" 200 37315 "https://yours-toclaim.com" "Mozilla/5.0 (Macintosh; Intel Mac OS X 10_10_1) AppleWebKit/537.36 (KHTML, like Gecko) Chrome/39.0.2171.95 Safari/537.36"
209.141.49.26 - - [08/Jun/2025:15:23:01 -0400] "GET /wp-login.php?wp_lang=e HTTP/1.1" 200 1982 "-" "Mozilla/5.0 (Macintosh; Intel Mac OS X 10_9_4 AppleWebKit/537.36 (KHTML, like Gecko) Chrome/36.0.1985.125 Safari/537.36"
162.0.232.193 - - [08/Jun/2025:15:23:15 -0400] "POST /wp-cron.php?doing_wp_cron=1749410595.8323409557342529296875 HTTP/1.1" 200 0 "-" "WordPress/6.8.1; https://w5.yours-toclaim.com"
114.119.156.33 - - [08/Jun/2025:15:23:15 -0400] "GET /category/yours-to-claim-manhwa/page/10/ HTTP/1.1" 200 77422 "https://w4.yours-toclaim.com/category/yours-to-claim-manhwa/page/10/" "Mozilla/5.0 (Linux; Android 7.0;) AppleWebKit/537.36 (KHTML, like Gecko) Mobile Safari/537.36 (compatible; PetalBot;+https://webmaster.petalsearch.com/site/petalbot)"
114.119.156.33 - - [08/Jun/2025:15:24:05 -0400] "GET /yours-to-claim/yours-to-claim-chapter-4/ HTTP/1.1" 200 52544 "https://yours-toclaim.com/yours-to-claim-chapter-20/" "Mozilla/5.0 (Linux; Android 7.0;) AppleWebKit/537.36 (KHTML, like Gecko) Mobile Safari/537.36 (compatible; PetalBot;+https://webmaster.petalsearch.com/site/petalbot)"
162.0.232.193 - - [08/Jun/2025:15:25:16 -0400] "POST /wp-cron.php?doing_wp_cron=1749410716.8887329101562500000000 HTTP/1.1" 200 0 "-" "WordPress/6.8.1; https://w5.yours-toclaim.com"
2a03:2880:f800:12:: - - [08/Jun/2025:15:25:16 -0400] "GET /?p=1851 HTTP/1.1" 301 0 "-" "meta-externalagent/1.1 (+https://developers.facebook.com/docs/sharing/webmasters/crawler)"
2a03:2880:f800:2:: - - [08/Jun/2025:15:25:19 -0400] "GET /yours-to-claim/yours-to-claim-chapter-93/ HTTP/1.1" 200 41863 "-" "meta-externalagent/1.1 (+https://developers.facebook.com/docs/sharing/webmasters/crawler)"
40.77.167.25 - - [08/Jun/2025:15:29:18 -0400] "GET /category/yours-to-claim/ HTTP/1.1" 200 66874 "-" "Mozilla/5.0 AppleWebKit/537.36 (KHTML, like Gecko; compatible; bingbot/2.0; +http://www.bing.com/bingbot.htm) Chrome/116.0.1938.76 Safari/537.36"
2a03:2880:f800:13:: - - [08/Jun/2025:15:34:41 -0400] "GET /tag/yours-to-claim-read/page/10/ HTTP/1.1" 200 80992 "-" "meta-externalagent/1.1 (+https://developers.facebook.com/docs/sharing/webmasters/crawler)"
162.0.232.193 - - [08/Jun/2025:15:37:07 -0400] "POST /wp-cron.php?doing_wp_cron=1749411427.1443059444427490234375 HTTP/1.1" 200 0 "-" "WordPress/6.8.1; https://w5.yours-toclaim.com"
114.119.133.208 - - [08/Jun/2025:15:37:05 -0400] "GET /yours-to-claim-chapter-43/ HTTP/1.1" 301 0 "https://w5.yours-toclaim.com/tag/yours-to-claim-lezhin-season-2/page/8/" "Mozilla/5.0 (Linux; Android 7.0;) AppleWebKit/537.36 (KHTML, like Gecko) Mobile Safari/537.36 (compatible; PetalBot;+https://webmaster.petalsearch.com/site/petalbot)"
114.119.133.208 - - [08/Jun/2025:15:37:08 -0400] "GET / HTTP/1.1" 200 37389 "https://w5.yours-toclaim.com/tag/yours-to-claim-lezhin-season-2/page/8/" "Mozilla/5.0 (Linux; Android 7.0;) AppleWebKit/537.36 (KHTML, like Gecko) Mobile Safari/537.36 (compatible; PetalBot;+https://webmaster.petalsearch.com/site/petalbot)"
114.119.132.58 - - [08/Jun/2025:15:38:27 -0400] "GET /yours-to-claim/yours-to-claim-chapter-28/ HTTP/1.1" 200 49356 "https://yours-toclaim.com/yours-to-claim-chapter-54/" "Mozilla/5.0 (Linux; Android 7.0;) AppleWebKit/537.36 (KHTML, like Gecko) Mobile Safari/537.36 (compatible; PetalBot;+https://webmaster.petalsearch.com/site/petalbot)"
47.128.116.115 - - [08/Jun/2025:15:39:45 -0400] "GET /tag/yours-to-claim-lezhin/page/3/ HTTP/1.1" 200 56993 "-" "Mozilla/5.0 (compatible; Bytespider; [email protected]) AppleWebKit/537.36 (KHTML, like Gecko) Chrome/70.0.0.0 Safari/537.36"
114.119.132.108 - - [08/Jun/2025:15:39:51 -0400] "GET /yours-to-claim/yours-to-claim-chapter-95/ HTTP/1.1" 200 41467 "https://yours-toclaim.com/yours-to-claim-chapter-20/" "Mozilla/5.0 (Linux; Android 7.0;) AppleWebKit/537.36 (KHTML, like Gecko) Mobile Safari/537.36 (compatible; PetalBot;+https://webmaster.petalsearch.com/site/petalbot)"
47.128.42.91 - - [08/Jun/2025:15:43:45 -0400] "GET /yours-to-claim/yours-to-claim-chapter-31/ HTTP/1.1" 200 48716 "-" "Mozilla/5.0 (compatible; Bytespider; [email protected]) AppleWebKit/537.36 (KHTML, like Gecko) Chrome/70.0.0.0 Safari/537.36"
162.0.232.193 - - [08/Jun/2025:15:44:40 -0400] "POST /wp-cron.php?doing_wp_cron=1749411880.5672340393066406250000 HTTP/1.1" 200 0 "-" "WordPress/6.8.1; https://w5.yours-toclaim.com"
47.242.230.146 - - [08/Jun/2025:15:44:39 -0400] "GET /yours-to-claim/yours-to-claim-chapter-96 HTTP/1.1" 301 0 "-" "Mozilla/5.0 (Macintosh; Intel Mac OS X 10_15_7) AppleWebKit/537.36 (KHTML, like Gecko) Chrome/109.0.0.0 Safari/537.36"
47.242.230.146 - - [08/Jun/2025:15:44:41 -0400] "GET /yours-to-claim/yours-to-claim-chapter-96/ HTTP/1.1" 200 41177 "https://w5.yours-toclaim.com/yours-to-claim/yours-to-claim-chapter-96" "Mozilla/5.0 (Macintosh; Intel Mac OS X 10_15_7) AppleWebKit/537.36 (KHTML, like Gecko) Chrome/109.0.0.0 Safari/537.36"
162.0.232.193 - - [08/Jun/2025:15:45:05 -0400] "POST /wp-cron.php?doing_wp_cron=1749411905.3607230186462402343750 HTTP/1.1" 200 0 "-" "WordPress/6.8.1; https://w5.yours-toclaim.com"
216.73.216.15 - - [08/Jun/2025:15:45:04 -0400] "GET /sitemap_index.xml HTTP/1.1" 200 293 "-" "Mozilla/5.0 AppleWebKit/537.36 (KHTML, like Gecko; compatible; ClaudeBot/1.0; [email protected])"
162.0.232.193 - - [08/Jun/2025:15:47:47 -0400] "POST /wp-cron.php?doing_wp_cron=1749412067.8325328826904296875000 HTTP/1.1" 200 0 "-" "WordPress/6.8.1; https://w5.yours-toclaim.com"
47.128.111.26 - - [08/Jun/2025:15:47:45 -0400] "GET /tag/webcomic/page/6/ HTTP/1.1" 200 88802 "-" "Mozilla/5.0 (compatible; Bytespider; [email protected]) AppleWebKit/537.36 (KHTML, like Gecko) Chrome/70.0.0.0 Safari/537.36"
162.0.232.193 - - [08/Jun/2025:15:50:59 -0400] "POST /wp-cron.php?doing_wp_cron=1749412258.9357330799102783203125 HTTP/1.1" 200 0 "-" "WordPress/6.8.1; https://w5.yours-toclaim.com"
2a03:2880:f800:a:: - - [08/Jun/2025:16:09:25 -0400] "GET /tag/original/page/9/ HTTP/1.1" 200 86081 "-" "meta-externalagent/1.1 (+https://developers.facebook.com/docs/sharing/webmasters/crawler)"
66.249.68.128 - - [08/Jun/2025:16:19:27 -0400] "GET /yours-to-claim/yours-to-claim-chapter-98/ HTTP/1.1" 200 41244 "-" "Mozilla/5.0 (Linux; Android 6.0.1; Nexus 5X Build/MMB29P) AppleWebKit/537.36 (KHTML, like Gecko) Chrome/136.0.7103.113 Mobile Safari/537.36 (compatible; Googlebot/2.1; +http://www.google.com/bot.html)"
162.0.232.193 - - [08/Jun/2025:16:25:07 -0400] "POST /wp-cron.php?doing_wp_cron=1749414307.0297629833221435546875 HTTP/1.1" 200 0 "-" "WordPress/6.8.1; https://w5.yours-toclaim.com"
47.128.37.97 - - [08/Jun/2025:16:25:00 -0400] "GET /category/yours-to-claim-read/page/4/ HTTP/1.1" 200 57430 "-" "Mozilla/5.0 (compatible; Bytespider; [email protected]) AppleWebKit/537.36 (KHTML, like Gecko) Chrome/70.0.0.0 Safari/537.36"
162.0.232.193 - - [08/Jun/2025:16:26:15 -0400] "POST /wp-cron.php?doing_wp_cron=1749414375.2952129840850830078125 HTTP/1.1" 200 0 "-" "WordPress/6.8.1; https://w5.yours-toclaim.com"
74.125.150.137 - - [08/Jun/2025:16:26:16 -0400] "GET / HTTP/1.1" 200 37389 "-" "Mozilla/5.0 (Linux; Android 6.0.1; Nexus 5X Build/MMB29P) AppleWebKit/537.36 (KHTML, like Gecko) Chrome/135.0.7049.114 Mobile Safari/537.36"
74.125.150.137 - - [08/Jun/2025:16:26:21 -0400] "GET /wp-content/uploads/2022/03/cropped-wide.jpeg HTTP/1.1" 200 119679 "https://w5.yours-toclaim.com/" "Mozilla/5.0 (Linux; Android 6.0.1; Nexus 5X Build/MMB29P) AppleWebKit/537.36 (KHTML, like Gecko) Chrome/135.0.7049.114 Mobile Safari/537.36"
74.125.150.136 - - [08/Jun/2025:16:26:23 -0400] "GET /wp-content/plugins/simple-social-buttons/assets/js/frontend-blocks.js?ver=6.1.0 HTTP/1.1" 200 0 "https://w5.yours-toclaim.com/" "Mozilla/5.0 (Linux; Android 6.0.1; Nexus 5X Build/MMB29P) AppleWebKit/537.36 (KHTML, like Gecko) Chrome/135.0.7049.114 Mobile Safari/537.36"
74.125.150.136 - - [08/Jun/2025:16:26:26 -0400] "GET /wp-content/themes/toivo-lite/js/responsive-nav.min.js?ver=1.2.0 HTTP/1.1" 200 2102 "https://w5.yours-toclaim.com/" "Mozilla/5.0 (Linux; Android 6.0.1; Nexus 5X Build/MMB29P) AppleWebKit/537.36 (KHTML, like Gecko) Chrome/135.0.7049.114 Mobile Safari/537.36"
74.125.150.136 - - [08/Jun/2025:16:26:28 -0400] "GET /wp-includes/js/jquery/jquery.min.js?ver=3.7.1 HTTP/1.1" 200 29744 "https://w5.yours-toclaim.com/" "Mozilla/5.0 (Linux; Android 6.0.1; Nexus 5X Build/MMB29P) AppleWebKit/537.36 (KHTML, like Gecko) Chrome/135.0.7049.114 Mobile Safari/537.36"
74.125.150.136 - - [08/Jun/2025:16:26:31 -0400] "GET /wp-content/cache/min/1/wp-content/plugins/comic-easel/js/keynav.js?ver=1731251952 HTTP/1.1" 200 221 "https://w5.yours-toclaim.com/" "Mozilla/5.0 (Linux; Android 6.0.1; Nexus 5X Build/MMB29P) AppleWebKit/537.36 (KHTML, like Gecko) Chrome/135.0.7049.114 Mobile Safari/537.36"
162.0.232.193 - - [08/Jun/2025:16:26:41 -0400] "POST /wp-cron.php?doing_wp_cron=1749414401.2282989025115966796875 HTTP/1.1" 200 0 "-" "WordPress/6.8.1; https://w5.yours-toclaim.com"
114.119.132.58 - - [08/Jun/2025:16:26:40 -0400] "GET /tag/yours-to-claim/page/11/ HTTP/1.1" 200 105799 "https://w4.yours-toclaim.com/tag/yours-to-claim/page/12/" "Mozilla/5.0 (Linux; Android 7.0;) AppleWebKit/537.36 (KHTML, like Gecko) Mobile Safari/537.36 (compatible; PetalBot;+https://webmaster.petalsearch.com/site/petalbot)"
162.0.232.193 - - [08/Jun/2025:16:28:06 -0400] "POST /wp-cron.php?doing_wp_cron=1749414485.3550150394439697265625 HTTP/1.1" 200 0 "-" "WordPress/6.8.1; https://w5.yours-toclaim.com"
114.119.134.12 - - [08/Jun/2025:16:28:03 -0400] "GET /category/yours-to-claim-manhwa/page/8/ HTTP/1.1" 200 93017 "https://w4.yours-toclaim.com/category/yours-to-claim-manhwa/page/7/" "Mozilla/5.0 (Linux; Android 7.0;) AppleWebKit/537.36 (KHTML, like Gecko) Mobile Safari/537.36 (compatible; PetalBot;+https://webmaster.petalsearch.com/site/petalbot)"
196.251.85.177 - - [08/Jun/2025:16:28:23 -0400] "GET //wp-includes/wlwmanifest.xml HTTP/1.1" 301 0 "-" "Mozilla/5.0 (Windows NT 10.0; Win64; x64) AppleWebKit/537.36 (KHTML, like Gecko) Chrome/89.0.4389.114 Safari/537.36"
196.251.85.177 - - [08/Jun/2025:16:28:25 -0400] "GET //xmlrpc.php?rsd HTTP/1.1" 200 298 "-" "Mozilla/5.0 (Windows NT 10.0; Win64; x64) AppleWebKit/537.36 (KHTML, like Gecko) Chrome/89.0.4389.114 Safari/537.36"
196.251.85.177 - - [08/Jun/2025:16:28:26 -0400] "GET //?author=1 HTTP/1.1" 301 0 "-" "Mozilla/5.0 (Windows NT 10.0; Win64; x64) AppleWebKit/537.36 (KHTML, like Gecko) Chrome/89.0.4389.114 Safari/537.36"
162.0.232.193 - - [08/Jun/2025:16:28:30 -0400] "POST /wp-cron.php?doing_wp_cron=1749414509.0024960041046142578125 HTTP/1.1" 200 0 "-" "WordPress/6.8.1; https://w5.yours-toclaim.com"
196.251.85.177 - - [08/Jun/2025:16:28:28 -0400] "GET //?author=2 HTTP/1.1" 301 0 "-" "Mozilla/5.0 (Windows NT 10.0; Win64; x64) AppleWebKit/537.36 (KHTML, like Gecko) Chrome/89.0.4389.114 Safari/537.36"
196.251.85.177 - - [08/Jun/2025:16:28:32 -0400] "GET //?author=3 HTTP/1.1" 301 0 "-" "Mozilla/5.0 (Windows NT 10.0; Win64; x64) AppleWebKit/537.36 (KHTML, like Gecko) Chrome/89.0.4389.114 Safari/537.36"
196.251.85.177 - - [08/Jun/2025:16:28:34 -0400] "GET //wp-json/wp/v2/users/ HTTP/1.1" 200 747 "-" "Mozilla/5.0 (Windows NT 10.0; Win64; x64) AppleWebKit/537.36 (KHTML, like Gecko) Chrome/89.0.4389.114 Safari/537.36"
196.251.85.177 - - [08/Jun/2025:16:28:36 -0400] "POST //xmlrpc.php HTTP/1.1" 200 205 "-" "Mozilla/5.0 (Windows NT 10.0; Win64; x64) AppleWebKit/537.36 (KHTML, like Gecko) Chrome/89.0.4389.114 Safari/537.36"
196.251.85.177 - - [08/Jun/2025:16:28:37 -0400] "POST //xmlrpc.php HTTP/1.1" 200 205 "-" "Mozilla/5.0 (Windows NT 10.0; Win64; x64) AppleWebKit/537.36 (KHTML, like Gecko) Chrome/89.0.4389.114 Safari/537.36"
196.251.85.177 - - [08/Jun/2025:16:28:38 -0400] "POST //xmlrpc.php HTTP/1.1" 200 205 "-" "Mozilla/5.0 (Windows NT 10.0; Win64; x64) AppleWebKit/537.36 (KHTML, like Gecko) Chrome/89.0.4389.114 Safari/537.36"
196.251.85.177 - - [08/Jun/2025:16:28:39 -0400] "POST //xmlrpc.php HTTP/1.1" 200 205 "-" "Mozilla/5.0 (Windows NT 10.0; Win64; x64) AppleWebKit/537.36 (KHTML, like Gecko) Chrome/89.0.4389.114 Safari/537.36"
196.251.85.177 - - [08/Jun/2025:16:28:40 -0400] "POST //xmlrpc.php HTTP/1.1" 200 205 "-" "Mozilla/5.0 (Windows NT 10.0; Win64; x64) AppleWebKit/537.36 (KHTML, like Gecko) Chrome/89.0.4389.114 Safari/537.36"
196.251.85.177 - - [08/Jun/2025:16:28:41 -0400] "POST //xmlrpc.php HTTP/1.1" 200 205 "-" "Mozilla/5.0 (Windows NT 10.0; Win64; x64) AppleWebKit/537.36 (KHTML, like Gecko) Chrome/89.0.4389.114 Safari/537.36"
196.251.85.177 - - [08/Jun/2025:16:28:43 -0400] "POST //xmlrpc.php HTTP/1.1" 200 205 "-" "Mozilla/5.0 (Windows NT 10.0; Win64; x64) AppleWebKit/537.36 (KHTML, like Gecko) Chrome/89.0.4389.114 Safari/537.36"
196.251.85.177 - - [08/Jun/2025:16:28:45 -0400] "POST //xmlrpc.php HTTP/1.1" 200 205 "-" "Mozilla/5.0 (Windows NT 10.0; Win64; x64) AppleWebKit/537.36 (KHTML, like Gecko) Chrome/89.0.4389.114 Safari/537.36"
196.251.85.177 - - [08/Jun/2025:16:28:48 -0400] "POST //xmlrpc.php HTTP/1.1" 200 205 "-" "Mozilla/5.0 (Windows NT 10.0; Win64; x64) AppleWebKit/537.36 (KHTML, like Gecko) Chrome/89.0.4389.114 Safari/537.36"
196.251.85.177 - - [08/Jun/2025:16:28:52 -0400] "POST //xmlrpc.php HTTP/1.1" 200 205 "-" "Mozilla/5.0 (Windows NT 10.0; Win64; x64) AppleWebKit/537.36 (KHTML, like Gecko) Chrome/89.0.4389.114 Safari/537.36"
196.251.85.177 - - [08/Jun/2025:16:28:56 -0400] "POST //xmlrpc.php HTTP/1.1" 200 205 "-" "Mozilla/5.0 (Windows NT 10.0; Win64; x64) AppleWebKit/537.36 (KHTML, like Gecko) Chrome/89.0.4389.114 Safari/537.36"
47.128.98.197 - - [08/Jun/2025:16:29:00 -0400] "GET /tag/yours-to-claim-manga/page/8/ HTTP/1.1" 200 96975 "-" "Mozilla/5.0 (compatible; Bytespider; [email protected]) AppleWebKit/537.36 (KHTML, like Gecko) Chrome/70.0.0.0 Safari/537.36"
47.79.117.252 - - [08/Jun/2025:16:29:11 -0400] "GET /category/yours-to-claim-read/page/11/ HTTP/1.1" 200 101845 "https://w5.yours-toclaim.com/category/yours-to-claim-read/page/11/" "Mozilla/5.0 (Windows NT 10.0; Win64; x64) AppleWebKit/537.36 (KHTML, like Gecko) Chrome/114.0.0.0 Safari/537.36 Edg/114.0.1823.43"
196.251.85.177 - - [08/Jun/2025:16:29:02 -0400] "POST //xmlrpc.php HTTP/1.1" 200 205 "-" "Mozilla/5.0 (Windows NT 10.0; Win64; x64) AppleWebKit/537.36 (KHTML, like Gecko) Chrome/89.0.4389.114 Safari/537.36"
162.0.232.193 - - [08/Jun/2025:16:29:31 -0400] "POST /wp-cron.php?doing_wp_cron=1749414571.2185640335083007812500 HTTP/1.1" 200 0 "-" "WordPress/6.8.1; https://w5.yours-toclaim.com"
196.251.85.177 - - [08/Jun/2025:16:29:15 -0400] "POST //xmlrpc.php HTTP/1.1" 200 205 "-" "Mozilla/5.0 (Windows NT 10.0; Win64; x64) AppleWebKit/537.36 (KHTML, like Gecko) Chrome/89.0.4389.114 Safari/537.36"
162.0.232.193 - - [08/Jun/2025:16:29:46 -0400] "POST /wp-cron.php?doing_wp_cron=1749414585.9697129726409912109375 HTTP/1.1" 200 0 "-" "WordPress/6.8.1; https://w5.yours-toclaim.com"
196.251.85.177 - - [08/Jun/2025:16:29:31 -0400] "POST //xmlrpc.php HTTP/1.1" 200 205 "-" "Mozilla/5.0 (Windows NT 10.0; Win64; x64) AppleWebKit/537.36 (KHTML, like Gecko) Chrome/89.0.4389.114 Safari/537.36"
196.251.85.177 - - [08/Jun/2025:16:29:46 -0400] "POST //xmlrpc.php HTTP/1.1" 200 205 "-" "Mozilla/5.0 (Windows NT 10.0; Win64; x64) AppleWebKit/537.36 (KHTML, like Gecko) Chrome/89.0.4389.114 Safari/537.36"
162.0.232.193 - - [08/Jun/2025:16:30:15 -0400] "POST /wp-cron.php?doing_wp_cron=1749414615.8180799484252929687500 HTTP/1.1" 200 0 "-" "WordPress/6.8.1; https://w5.yours-toclaim.com"
196.251.85.177 - - [08/Jun/2025:16:30:01 -0400] "POST //xmlrpc.php HTTP/1.1" 200 205 "-" "Mozilla/5.0 (Windows NT 10.0; Win64; x64) AppleWebKit/537.36 (KHTML, like Gecko) Chrome/89.0.4389.114 Safari/537.36"
162.0.232.193 - - [08/Jun/2025:16:30:31 -0400] "POST /wp-cron.php?doing_wp_cron=1749414631.1105279922485351562500 HTTP/1.1" 200 0 "-" "WordPress/6.8.1; https://w5.yours-toclaim.com"
196.251.85.177 - - [08/Jun/2025:16:30:16 -0400] "POST //xmlrpc.php HTTP/1.1" 200 205 "-" "Mozilla/5.0 (Windows NT 10.0; Win64; x64) AppleWebKit/537.36 (KHTML, like Gecko) Chrome/89.0.4389.114 Safari/537.36"
162.0.232.193 - - [08/Jun/2025:16:30:46 -0400] "POST /wp-cron.php?doing_wp_cron=1749414646.1071319580078125000000 HTTP/1.1" 200 0 "-" "WordPress/6.8.1; https://w5.yours-toclaim.com"
196.251.85.177 - - [08/Jun/2025:16:30:31 -0400] "POST //xmlrpc.php HTTP/1.1" 200 205 "-" "Mozilla/5.0 (Windows NT 10.0; Win64; x64) AppleWebKit/537.36 (KHTML, like Gecko) Chrome/89.0.4389.114 Safari/537.36"
196.251.85.177 - - [08/Jun/2025:16:30:46 -0400] "POST //xmlrpc.php HTTP/1.1" 200 205 "-" "Mozilla/5.0 (Windows NT 10.0; Win64; x64) AppleWebKit/537.36 (KHTML, like Gecko) Chrome/89.0.4389.114 Safari/537.36"
162.0.232.193 - - [08/Jun/2025:16:31:16 -0400] "POST /wp-cron.php?doing_wp_cron=1749414675.9254989624023437500000 HTTP/1.1" 200 0 "-" "WordPress/6.8.1; https://w5.yours-toclaim.com"
196.251.85.177 - - [08/Jun/2025:16:31:01 -0400] "POST //xmlrpc.php HTTP/1.1" 200 205 "-" "Mozilla/5.0 (Windows NT 10.0; Win64; x64) AppleWebKit/537.36 (KHTML, like Gecko) Chrome/89.0.4389.114 Safari/537.36"
162.0.232.193 - - [08/Jun/2025:16:31:31 -0400] "POST /wp-cron.php?doing_wp_cron=1749414690.9522590637207031250000 HTTP/1.1" 200 0 "-" "WordPress/6.8.1; https://w5.yours-toclaim.com"
196.251.85.177 - - [08/Jun/2025:16:31:16 -0400] "POST //xmlrpc.php HTTP/1.1" 200 205 "-" "Mozilla/5.0 (Windows NT 10.0; Win64; x64) AppleWebKit/537.36 (KHTML, like Gecko) Chrome/89.0.4389.114 Safari/537.36"
162.0.232.193 - - [08/Jun/2025:16:31:46 -0400] "POST /wp-cron.php?doing_wp_cron=1749414705.9653499126434326171875 HTTP/1.1" 200 0 "-" "WordPress/6.8.1; https://w5.yours-toclaim.com"
196.251.85.177 - - [08/Jun/2025:16:31:31 -0400] "POST //xmlrpc.php HTTP/1.1" 200 205 "-" "Mozilla/5.0 (Windows NT 10.0; Win64; x64) AppleWebKit/537.36 (KHTML, like Gecko) Chrome/89.0.4389.114 Safari/537.36"
196.251.85.177 - - [08/Jun/2025:16:31:46 -0400] "POST //xmlrpc.php HTTP/1.1" 200 205 "-" "Mozilla/5.0 (Windows NT 10.0; Win64; x64) AppleWebKit/537.36 (KHTML, like Gecko) Chrome/89.0.4389.114 Safari/537.36"
162.0.232.193 - - [08/Jun/2025:16:32:15 -0400] "POST /wp-cron.php?doing_wp_cron=1749414735.6932489871978759765625 HTTP/1.1" 200 0 "-" "WordPress/6.8.1; https://w5.yours-toclaim.com"
196.251.85.177 - - [08/Jun/2025:16:32:01 -0400] "POST //xmlrpc.php HTTP/1.1" 200 205 "-" "Mozilla/5.0 (Windows NT 10.0; Win64; x64) AppleWebKit/537.36 (KHTML, like Gecko) Chrome/89.0.4389.114 Safari/537.36"
162.0.232.193 - - [08/Jun/2025:16:32:30 -0400] "POST /wp-cron.php?doing_wp_cron=1749414750.7437310218811035156250 HTTP/1.1" 200 0 "-" "WordPress/6.8.1; https://w5.yours-toclaim.com"
196.251.85.177 - - [08/Jun/2025:16:32:16 -0400] "POST //xmlrpc.php HTTP/1.1" 200 205 "-" "Mozilla/5.0 (Windows NT 10.0; Win64; x64) AppleWebKit/537.36 (KHTML, like Gecko) Chrome/89.0.4389.114 Safari/537.36"
162.0.232.193 - - [08/Jun/2025:16:32:45 -0400] "POST /wp-cron.php?doing_wp_cron=1749414765.7994799613952636718750 HTTP/1.1" 200 0 "-" "WordPress/6.8.1; https://w5.yours-toclaim.com"
196.251.85.177 - - [08/Jun/2025:16:32:31 -0400] "POST //xmlrpc.php HTTP/1.1" 200 205 "-" "Mozilla/5.0 (Windows NT 10.0; Win64; x64) AppleWebKit/537.36 (KHTML, like Gecko) Chrome/89.0.4389.114 Safari/537.36"
47.128.123.16 - - [08/Jun/2025:16:33:00 -0400] "GET /category/manga/page/7/ HTTP/1.1" 200 144360 "-" "Mozilla/5.0 (compatible; Bytespider; [email protected]) AppleWebKit/537.36 (KHTML, like Gecko) Chrome/70.0.0.0 Safari/537.36"
196.251.85.177 - - [08/Jun/2025:16:32:46 -0400] "POST //xmlrpc.php HTTP/1.1" 200 205 "-" "Mozilla/5.0 (Windows NT 10.0; Win64; x64) AppleWebKit/537.36 (KHTML, like Gecko) Chrome/89.0.4389.114 Safari/537.36"
162.0.232.193 - - [08/Jun/2025:16:33:15 -0400] "POST /wp-cron.php?doing_wp_cron=1749414795.3562839031219482421875 HTTP/1.1" 200 0 "-" "WordPress/6.8.1; https://w5.yours-toclaim.com"
196.251.85.177 - - [08/Jun/2025:16:33:01 -0400] "POST //xmlrpc.php HTTP/1.1" 200 205 "-" "Mozilla/5.0 (Windows NT 10.0; Win64; x64) AppleWebKit/537.36 (KHTML, like Gecko) Chrome/89.0.4389.114 Safari/537.36"
162.0.232.193 - - [08/Jun/2025:16:33:31 -0400] "POST /wp-cron.php?doing_wp_cron=1749414811.0591208934783935546875 HTTP/1.1" 200 0 "-" "WordPress/6.8.1; https://w5.yours-toclaim.com"
196.251.85.177 - - [08/Jun/2025:16:33:16 -0400] "POST //xmlrpc.php HTTP/1.1" 200 205 "-" "Mozilla/5.0 (Windows NT 10.0; Win64; x64) AppleWebKit/537.36 (KHTML, like Gecko) Chrome/89.0.4389.114 Safari/537.36"
