209.38.120.12 - - [09/Jun/2025:06:11:06 -0400] "GET /wp-admin/js/widgets/ HTTP/1.1" 200 1291 "binance.com" "Mozilla/5.0 (Windows NT 10.0; Win64; x64) AppleWebKit/537.36 (KHTML, like Gecko) Chrome/90.0.4430.85 Safari/537.36"
209.38.120.12 - - [09/Jun/2025:06:11:15 -0400] "GET /wp-includes/ HTTP/1.1" 200 7426 "binance.com" "Mozilla/5.0 (Windows NT 10.0; Win64; x64) AppleWebKit/537.36 (KHTML, like Gecko) Chrome/90.0.4430.85 Safari/537.36"
47.82.60.225 - - [09/Jun/2025:06:11:27 -0400] "GET /yours-to-claim/yours-to-claim-chapter-54/ HTTP/1.1" 404 1251 "https://w5.yours-toclaim.com/yours-to-claim/yours-to-claim-chapter-54/" "Mozilla/5.0 (Windows NT 10.0; Win64; x64) AppleWebKit/537.36 (KHTML, like Gecko) Chrome/114.0.0.0 Safari/537.36 Edg/114.0.1823.43"
209.38.120.12 - - [09/Jun/2025:06:11:30 -0400] "GET /wp-includes/ HTTP/1.1" 200 7426 "binance.com" "Mozilla/5.0 (Windows NT 10.0; Win64; x64) AppleWebKit/537.36 (KHTML, like Gecko) Chrome/90.0.4430.85 Safari/537.36"
209.38.120.12 - - [09/Jun/2025:06:11:43 -0400] "GET /wp-includes/block-bindings.php HTTP/1.1" 403 1242 "binance.com" "Mozilla/5.0 (Windows NT 10.0; Win64; x64) AppleWebKit/537.36 (KHTML, like Gecko) Chrome/90.0.4430.85 Safari/537.36"
209.38.120.12 - - [09/Jun/2025:06:11:57 -0400] "GET /wp-includes/block-editor.php HTTP/1.1" 403 1242 "binance.com" "Mozilla/5.0 (Windows NT 10.0; Win64; x64) AppleWebKit/537.36 (KHTML, like Gecko) Chrome/90.0.4430.85 Safari/537.36"
209.38.120.12 - - [09/Jun/2025:06:12:16 -0400] "GET /wp-includes/block-template-utils.php HTTP/1.1" 403 1242 "binance.com" "Mozilla/5.0 (Windows NT 10.0; Win64; x64) AppleWebKit/537.36 (KHTML, like Gecko) Chrome/90.0.4430.85 Safari/537.36"
114.119.132.58 - - [09/Jun/2025:06:12:20 -0400] "GET /tag/chapter/page/2/ HTTP/1.1" 404 1251 "https://w4.yours-toclaim.com/tag/chapter/" "Mozilla/5.0 (Linux; Android 7.0;) AppleWebKit/537.36 (KHTML, like Gecko) Mobile Safari/537.36 (compatible; PetalBot;+https://webmaster.petalsearch.com/site/petalbot)"
209.38.120.12 - - [09/Jun/2025:06:12:32 -0400] "GET /wp-includes/block-template.php HTTP/1.1" 403 1242 "binance.com" "Mozilla/5.0 (Windows NT 10.0; Win64; x64) AppleWebKit/537.36 (KHTML, like Gecko) Chrome/90.0.4430.85 Safari/537.36"
209.38.120.12 - - [09/Jun/2025:06:12:41 -0400] "GET /wp-includes/class-avif-info.php HTTP/1.1" 403 1242 "binance.com" "Mozilla/5.0 (Windows NT 10.0; Win64; x64) AppleWebKit/537.36 (KHTML, like Gecko) Chrome/90.0.4430.85 Safari/537.36"
209.38.120.12 - - [09/Jun/2025:06:12:49 -0400] "GET /wp-includes/class-wp-block-bindings-registry.php HTTP/1.1" 403 1242 "binance.com" "Mozilla/5.0 (Windows NT 10.0; Win64; x64) AppleWebKit/537.36 (KHTML, like Gecko) Chrome/90.0.4430.85 Safari/537.36"
209.38.120.12 - - [09/Jun/2025:06:13:00 -0400] "GET /wp-includes/class-wp-block-bindings-source.php HTTP/1.1" 403 1242 "binance.com" "Mozilla/5.0 (Windows NT 10.0; Win64; x64) AppleWebKit/537.36 (KHTML, like Gecko) Chrome/90.0.4430.85 Safari/537.36"
47.82.60.98 - - [09/Jun/2025:06:13:03 -0400] "GET /yours-to-claim/yours-to-claim-chapter-63/ HTTP/1.1" 404 1251 "https://w5.yours-toclaim.com/yours-to-claim/yours-to-claim-chapter-63/" "Mozilla/5.0 (Windows NT 10.0; Win64; x64) AppleWebKit/537.36 (KHTML, like Gecko) Chrome/114.0.0.0 Safari/537.36 Edg/114.0.1823.43"
47.82.61.120 - - [09/Jun/2025:06:13:06 -0400] "GET /yours-to-claim/yours-to-claim-chapter-52/ HTTP/1.1" 404 1251 "https://w5.yours-toclaim.com/yours-to-claim/yours-to-claim-chapter-52/" "Mozilla/5.0 (Windows NT 10.0; Win64; x64) AppleWebKit/537.36 (KHTML, like Gecko) Chrome/114.0.0.0 Safari/537.36 Edg/114.0.1823.43"
209.38.120.12 - - [09/Jun/2025:06:13:09 -0400] "GET /wp-includes/class-wp-block-editor-context.php HTTP/1.1" 403 1242 "binance.com" "Mozilla/5.0 (Windows NT 10.0; Win64; x64) AppleWebKit/537.36 (KHTML, like Gecko) Chrome/90.0.4430.85 Safari/537.36"
209.38.120.12 - - [09/Jun/2025:06:13:20 -0400] "GET /wp-includes/class-wp-block-metadata-registry.php HTTP/1.1" 403 1242 "binance.com" "Mozilla/5.0 (Windows NT 10.0; Win64; x64) AppleWebKit/537.36 (KHTML, like Gecko) Chrome/90.0.4430.85 Safari/537.36"
209.38.120.12 - - [09/Jun/2025:06:13:36 -0400] "GET /wp-includes/class-wp-block-parser-block.php HTTP/1.1" 403 1242 "binance.com" "Mozilla/5.0 (Windows NT 10.0; Win64; x64) AppleWebKit/537.36 (KHTML, like Gecko) Chrome/90.0.4430.85 Safari/537.36"
66.249.68.129 - - [09/Jun/2025:06:13:38 -0400] "GET /yours-to-claim/yours-to-claim-chapter-25/ HTTP/1.1" 404 1251 "-" "Mozilla/5.0 (Linux; Android 6.0.1; Nexus 5X Build/MMB29P) AppleWebKit/537.36 (KHTML, like Gecko) Chrome/136.0.7103.113 Mobile Safari/537.36 (compatible; Googlebot/2.1; +http://www.google.com/bot.html)"
209.38.120.12 - - [09/Jun/2025:06:13:46 -0400] "GET /wp-includes/class-wp-block-parser-frame.php HTTP/1.1" 403 1242 "binance.com" "Mozilla/5.0 (Windows NT 10.0; Win64; x64) AppleWebKit/537.36 (KHTML, like Gecko) Chrome/90.0.4430.85 Safari/537.36"
114.119.156.33 - - [09/Jun/2025:06:13:59 -0400] "GET /tag/manga/page/5/ HTTP/1.1" 404 1251 "https://w5.yours-toclaim.com/tag/manga/page/6/" "Mozilla/5.0 (Linux; Android 7.0;) AppleWebKit/537.36 (KHTML, like Gecko) Mobile Safari/537.36 (compatible; PetalBot;+https://webmaster.petalsearch.com/site/petalbot)"
209.38.120.12 - - [09/Jun/2025:06:13:59 -0400] "GET /wp-includes/class-wp-block-template.php HTTP/1.1" 403 1242 "binance.com" "Mozilla/5.0 (Windows NT 10.0; Win64; x64) AppleWebKit/537.36 (KHTML, like Gecko) Chrome/90.0.4430.85 Safari/537.36"
209.38.120.12 - - [09/Jun/2025:06:14:12 -0400] "GET /wp-includes/class-wp-block-templates-registry.php HTTP/1.1" 403 1242 "binance.com" "Mozilla/5.0 (Windows NT 10.0; Win64; x64) AppleWebKit/537.36 (KHTML, like Gecko) Chrome/90.0.4430.85 Safari/537.36"
2a05:d01c:df1:f400:ff1f:7d4e:19f:8bdd - - [09/Jun/2025:06:14:25 -0400] "POST /xmlrpc.php HTTP/1.1" 200 0 "-" "Mozilla/5.0 (X11; Ubuntu; Linux x86_64; rv:85.0) Gecko/20100101 Firefox/91.0"
209.38.120.12 - - [09/Jun/2025:06:16:04 -0400] "GET /wp-includes/class-wp-scripts.php HTTP/1.1" 403 1242 "binance.com" "Mozilla/5.0 (Windows NT 10.0; Win64; x64) AppleWebKit/537.36 (KHTML, like Gecko) Chrome/90.0.4430.85 Safari/537.36"
209.38.120.12 - - [09/Jun/2025:06:16:20 -0400] "GET /wp-includes/class-wp-speculation-rules.php HTTP/1.1" 403 1242 "binance.com" "Mozilla/5.0 (Windows NT 10.0; Win64; x64) AppleWebKit/537.36 (KHTML, like Gecko) Chrome/90.0.4430.85 Safari/537.36"
209.38.120.12 - - [09/Jun/2025:06:16:34 -0400] "GET /wp-includes/class-wp-styles.php HTTP/1.1" 403 1242 "binance.com" "Mozilla/5.0 (Windows NT 10.0; Win64; x64) AppleWebKit/537.36 (KHTML, like Gecko) Chrome/90.0.4430.85 Safari/537.36"
209.38.120.12 - - [09/Jun/2025:06:16:46 -0400] "GET /wp-includes/class-wp-textdomain-registry.php HTTP/1.1" 403 1242 "binance.com" "Mozilla/5.0 (Windows NT 10.0; Win64; x64) AppleWebKit/537.36 (KHTML, like Gecko) Chrome/90.0.4430.85 Safari/537.36"
114.119.133.208 - - [09/Jun/2025:06:16:49 -0400] "GET / HTTP/1.1" 200 1725 "-" "Mozilla/5.0 (Linux; Android 7.0;) AppleWebKit/537.36 (KHTML, like Gecko) Mobile Safari/537.36 (compatible; PetalBot;+https://webmaster.petalsearch.com/site/petalbot)"
209.38.120.12 - - [09/Jun/2025:06:16:57 -0400] "GET /wp-includes/class-wp-theme-json-data.php HTTP/1.1" 403 1242 "binance.com" "Mozilla/5.0 (Windows NT 10.0; Win64; x64) AppleWebKit/537.36 (KHTML, like Gecko) Chrome/90.0.4430.85 Safari/537.36"
209.38.120.12 - - [09/Jun/2025:06:17:22 -0400] "GET /wp-includes/class-wp-theme-json-resolver.php HTTP/1.1" 403 1242 "binance.com" "Mozilla/5.0 (Windows NT 10.0; Win64; x64) AppleWebKit/537.36 (KHTML, like Gecko) Chrome/90.0.4430.85 Safari/537.36"
47.82.0.153 - - [09/Jun/2025:06:17:23 -0400] "GET /tag/volumes/page/3/ HTTP/1.1" 404 1251 "https://w5.yours-toclaim.com/tag/volumes/page/3/" "Mozilla/5.0 (Windows NT 10.0; Win64; x64) AppleWebKit/537.36 (KHTML, like Gecko) Chrome/114.0.0.0 Safari/537.36 Edg/114.0.1823.43"
209.38.120.12 - - [09/Jun/2025:06:17:34 -0400] "GET /wp-includes/class-wp-theme-json-schema.php HTTP/1.1" 403 1242 "binance.com" "Mozilla/5.0 (Windows NT 10.0; Win64; x64) AppleWebKit/537.36 (KHTML, like Gecko) Chrome/90.0.4430.85 Safari/537.36"
209.38.120.12 - - [09/Jun/2025:06:17:47 -0400] "GET /wp-includes/class-wp-theme-json.php HTTP/1.1" 403 1242 "binance.com" "Mozilla/5.0 (Windows NT 10.0; Win64; x64) AppleWebKit/537.36 (KHTML, like Gecko) Chrome/90.0.4430.85 Safari/537.36"
209.38.120.12 - - [09/Jun/2025:06:18:01 -0400] "GET /wp-includes/class-wp-token-map.php HTTP/1.1" 403 1242 "binance.com" "Mozilla/5.0 (Windows NT 10.0; Win64; x64) AppleWebKit/537.36 (KHTML, like Gecko) Chrome/90.0.4430.85 Safari/537.36"
209.38.120.12 - - [09/Jun/2025:06:18:14 -0400] "GET /wp-includes/class-wp-url-pattern-prefixer.php HTTP/1.1" 403 1242 "binance.com" "Mozilla/5.0 (Windows NT 10.0; Win64; x64) AppleWebKit/537.36 (KHTML, like Gecko) Chrome/90.0.4430.85 Safari/537.36"
209.38.120.12 - - [09/Jun/2025:06:18:24 -0400] "GET /wp-includes/class-wpdb.php HTTP/1.1" 403 1242 "binance.com" "Mozilla/5.0 (Windows NT 10.0; Win64; x64) AppleWebKit/537.36 (KHTML, like Gecko) Chrome/90.0.4430.85 Safari/537.36"
209.38.120.12 - - [09/Jun/2025:06:18:34 -0400] "GET /wp-includes/fonts.php HTTP/1.1" 403 1242 "binance.com" "Mozilla/5.0 (Windows NT 10.0; Win64; x64) AppleWebKit/537.36 (KHTML, like Gecko) Chrome/90.0.4430.85 Safari/537.36"
209.38.120.12 - - [09/Jun/2025:06:18:50 -0400] "GET /wp-includes/global-styles-and-settings.php HTTP/1.1" 403 1242 "binance.com" "Mozilla/5.0 (Windows NT 10.0; Win64; x64) AppleWebKit/537.36 (KHTML, like Gecko) Chrome/90.0.4430.85 Safari/537.36"
209.38.120.12 - - [09/Jun/2025:06:19:00 -0400] "GET /wp-includes/https-detection.php HTTP/1.1" 403 1242 "binance.com" "Mozilla/5.0 (Windows NT 10.0; Win64; x64) AppleWebKit/537.36 (KHTML, like Gecko) Chrome/90.0.4430.85 Safari/537.36"
209.38.120.12 - - [09/Jun/2025:06:14:26 -0400] "GET /wp-includes/class-wp-classic-to-block-menu-converter.php HTTP/1.1" 403 1242 "binance.com" "Mozilla/5.0 (Windows NT 10.0; Win64; x64) AppleWebKit/537.36 (KHTML, like Gecko) Chrome/90.0.4430.85 Safari/537.36"
209.38.120.12 - - [09/Jun/2025:06:14:41 -0400] "GET /wp-includes/class-wp-dependencies.php HTTP/1.1" 403 1242 "binance.com" "Mozilla/5.0 (Windows NT 10.0; Win64; x64) AppleWebKit/537.36 (KHTML, like Gecko) Chrome/90.0.4430.85 Safari/537.36"
209.38.120.12 - - [09/Jun/2025:06:14:52 -0400] "GET /wp-includes/class-wp-duotone.php HTTP/1.1" 403 1242 "binance.com" "Mozilla/5.0 (Windows NT 10.0; Win64; x64) AppleWebKit/537.36 (KHTML, like Gecko) Chrome/90.0.4430.85 Safari/537.36"
209.38.120.12 - - [09/Jun/2025:06:15:04 -0400] "GET /wp-includes/class-wp-exception.php HTTP/1.1" 403 1242 "binance.com" "Mozilla/5.0 (Windows NT 10.0; Win64; x64) AppleWebKit/537.36 (KHTML, like Gecko) Chrome/90.0.4430.85 Safari/537.36"
209.38.120.12 - - [09/Jun/2025:06:15:17 -0400] "GET /wp-includes/class-wp-http.php HTTP/1.1" 403 1242 "binance.com" "Mozilla/5.0 (Windows NT 10.0; Win64; x64) AppleWebKit/537.36 (KHTML, like Gecko) Chrome/90.0.4430.85 Safari/537.36"
114.119.133.208 - - [09/Jun/2025:06:15:28 -0400] "GET /tag/yours-to-claim/page/8/ HTTP/1.1" 404 1251 "https://yours-toclaim.com/tag/yours-to-claim/page/4/" "Mozilla/5.0 (Linux; Android 7.0;) AppleWebKit/537.36 (KHTML, like Gecko) Mobile Safari/537.36 (compatible; PetalBot;+https://webmaster.petalsearch.com/site/petalbot)"
209.38.120.12 - - [09/Jun/2025:06:15:30 -0400] "GET /wp-includes/class-wp-navigation-fallback.php HTTP/1.1" 403 1242 "binance.com" "Mozilla/5.0 (Windows NT 10.0; Win64; x64) AppleWebKit/537.36 (KHTML, like Gecko) Chrome/90.0.4430.85 Safari/537.36"
209.38.120.12 - - [09/Jun/2025:06:15:37 -0400] "GET /wp-includes/class-wp-phpmailer.php HTTP/1.1" 403 1242 "binance.com" "Mozilla/5.0 (Windows NT 10.0; Win64; x64) AppleWebKit/537.36 (KHTML, like Gecko) Chrome/90.0.4430.85 Safari/537.36"
209.38.120.12 - - [09/Jun/2025:06:15:44 -0400] "GET /wp-includes/class-wp-plugin-dependencies.php HTTP/1.1" 403 1242 "binance.com" "Mozilla/5.0 (Windows NT 10.0; Win64; x64) AppleWebKit/537.36 (KHTML, like Gecko) Chrome/90.0.4430.85 Safari/537.36"
209.38.120.12 - - [09/Jun/2025:06:15:52 -0400] "GET /wp-includes/class-wp-script-modules.php HTTP/1.1" 403 1242 "binance.com" "Mozilla/5.0 (Windows NT 10.0; Win64; x64) AppleWebKit/537.36 (KHTML, like Gecko) Chrome/90.0.4430.85 Safari/537.36"
209.38.120.12 - - [09/Jun/2025:06:19:11 -0400] "GET /wp-includes/https-migration.php HTTP/1.1" 403 1242 "binance.com" "Mozilla/5.0 (Windows NT 10.0; Win64; x64) AppleWebKit/537.36 (KHTML, like Gecko) Chrome/90.0.4430.85 Safari/537.36"
209.38.120.12 - - [09/Jun/2025:06:19:25 -0400] "GET /wp-includes/robots-template.php HTTP/1.1" 403 1242 "binance.com" "Mozilla/5.0 (Windows NT 10.0; Win64; x64) AppleWebKit/537.36 (KHTML, like Gecko) Chrome/90.0.4430.85 Safari/537.36"
209.38.120.12 - - [09/Jun/2025:06:19:37 -0400] "GET /wp-includes/script-modules.php HTTP/1.1" 403 1242 "binance.com" "Mozilla/5.0 (Windows NT 10.0; Win64; x64) AppleWebKit/537.36 (KHTML, like Gecko) Chrome/90.0.4430.85 Safari/537.36"
209.38.120.12 - - [09/Jun/2025:06:19:47 -0400] "GET /wp-includes/speculative-loading.php HTTP/1.1" 403 1242 "binance.com" "Mozilla/5.0 (Windows NT 10.0; Win64; x64) AppleWebKit/537.36 (KHTML, like Gecko) Chrome/90.0.4430.85 Safari/537.36"
66.249.68.129 - - [09/Jun/2025:06:19:51 -0400] "GET /?y=29473113216001&channel=b610dc&from=info.php%3Fid%3D1132160-15043%26name%3D%E3%83%AA%E3%82%A2%E3%83%AB%E3%82%AB%E3%83%BC%E3%83%9C%E3%83%B3%E3%83%95%E3%82%A1%E3%82%A4%E3%83%90%E3%83%BC%E3%83%9F%E3%83%A9%E3%83%BC%E3%82%AB%E3%83%90%E3%83%BC%E3%83%90%E3%83%83%E3%82%AF%E3%83%9F%E3%83%A9%E3%83%BC%E3%82%B5%E3%82%A4%E3%83%89%E3%83%9F%E3%83%A9%E3%83%BC%E3%82%AD%E3%83%A3%E3%83%83%E3%83%97%E3%83%88%E3%83%AA%E3%83%A0%E4%BA%92%E6%8F%9B%E6%80%A7%E3%83%9D%E3%83%AB%E3%82%B7%E3%82%A7+970+2010-2016 HTTP/1.1" 200 1725 "-" "Mozilla/5.0 (Linux; Android 6.0.1; Nexus 5X Build/MMB29P) AppleWebKit/537.36 (KHTML, like Gecko) Chrome/136.0.7103.113 Mobile Safari/537.36 (compatible; Googlebot/2.1; +http://www.google.com/bot.html)"
209.38.120.12 - - [09/Jun/2025:06:19:59 -0400] "GET /wp-includes/style-engine.php HTTP/1.1" 403 1242 "binance.com" "Mozilla/5.0 (Windows NT 10.0; Win64; x64) AppleWebKit/537.36 (KHTML, like Gecko) Chrome/90.0.4430.85 Safari/537.36"
209.38.120.12 - - [09/Jun/2025:06:20:19 -0400] "GET /wp-includes/template-canvas.php HTTP/1.1" 403 1242 "binance.com" "Mozilla/5.0 (Windows NT 10.0; Win64; x64) AppleWebKit/537.36 (KHTML, like Gecko) Chrome/90.0.4430.85 Safari/537.36"
209.38.120.12 - - [09/Jun/2025:06:20:32 -0400] "GET /wp-includes/theme-previews.php HTTP/1.1" 403 1242 "binance.com" "Mozilla/5.0 (Windows NT 10.0; Win64; x64) AppleWebKit/537.36 (KHTML, like Gecko) Chrome/90.0.4430.85 Safari/537.36"
209.38.120.12 - - [09/Jun/2025:06:20:40 -0400] "GET /wp-includes/theme-templates.php HTTP/1.1" 403 1242 "binance.com" "Mozilla/5.0 (Windows NT 10.0; Win64; x64) AppleWebKit/537.36 (KHTML, like Gecko) Chrome/90.0.4430.85 Safari/537.36"
209.38.120.12 - - [09/Jun/2025:06:20:52 -0400] "GET /wp-includes/ID3/ HTTP/1.1" 200 1344 "binance.com" "Mozilla/5.0 (Windows NT 10.0; Win64; x64) AppleWebKit/537.36 (KHTML, like Gecko) Chrome/90.0.4430.85 Safari/537.36"
209.38.120.12 - - [09/Jun/2025:06:21:15 -0400] "GET /wp-includes/ID3/ HTTP/1.1" 200 1344 "binance.com" "Mozilla/5.0 (Windows NT 10.0; Win64; x64) AppleWebKit/537.36 (KHTML, like Gecko) Chrome/90.0.4430.85 Safari/537.36"
209.38.120.12 - - [09/Jun/2025:06:21:24 -0400] "GET /wp-includes/IXR/ HTTP/1.1" 200 1226 "binance.com" "Mozilla/5.0 (Windows NT 10.0; Win64; x64) AppleWebKit/537.36 (KHTML, like Gecko) Chrome/90.0.4430.85 Safari/537.36"
209.38.120.12 - - [09/Jun/2025:06:21:35 -0400] "GET /wp-includes/IXR/ HTTP/1.1" 200 1226 "binance.com" "Mozilla/5.0 (Windows NT 10.0; Win64; x64) AppleWebKit/537.36 (KHTML, like Gecko) Chrome/90.0.4430.85 Safari/537.36"
209.38.120.12 - - [09/Jun/2025:06:21:46 -0400] "GET /wp-includes/PHPMailer/ HTTP/1.1" 200 693 "binance.com" "Mozilla/5.0 (Windows NT 10.0; Win64; x64) AppleWebKit/537.36 (KHTML, like Gecko) Chrome/90.0.4430.85 Safari/537.36"
209.38.120.12 - - [09/Jun/2025:06:21:57 -0400] "GET /wp-includes/PHPMailer/ HTTP/1.1" 200 693 "binance.com" "Mozilla/5.0 (Windows NT 10.0; Win64; x64) AppleWebKit/537.36 (KHTML, like Gecko) Chrome/90.0.4430.85 Safari/537.36"
209.38.120.12 - - [09/Jun/2025:06:22:12 -0400] "GET /wp-includes/Text/ HTTP/1.1" 200 712 "binance.com" "Mozilla/5.0 (Windows NT 10.0; Win64; x64) AppleWebKit/537.36 (KHTML, like Gecko) Chrome/90.0.4430.85 Safari/537.36"
209.38.120.12 - - [09/Jun/2025:06:22:23 -0400] "GET /wp-includes/Text/ HTTP/1.1" 200 712 "binance.com" "Mozilla/5.0 (Windows NT 10.0; Win64; x64) AppleWebKit/537.36 (KHTML, like Gecko) Chrome/90.0.4430.85 Safari/537.36"
209.38.120.12 - - [09/Jun/2025:06:22:33 -0400] "GET /wp-includes/Text/Diff/ HTTP/1.1" 200 706 "binance.com" "Mozilla/5.0 (Windows NT 10.0; Win64; x64) AppleWebKit/537.36 (KHTML, like Gecko) Chrome/90.0.4430.85 Safari/537.36"
209.38.120.12 - - [09/Jun/2025:06:22:46 -0400] "GET /wp-includes/Text/Diff/ HTTP/1.1" 200 706 "binance.com" "Mozilla/5.0 (Windows NT 10.0; Win64; x64) AppleWebKit/537.36 (KHTML, like Gecko) Chrome/90.0.4430.85 Safari/537.36"
209.38.120.12 - - [09/Jun/2025:06:22:57 -0400] "GET /wp-includes/Text/Diff/Engine/ HTTP/1.1" 200 702 "binance.com" "Mozilla/5.0 (Windows NT 10.0; Win64; x64) AppleWebKit/537.36 (KHTML, like Gecko) Chrome/90.0.4430.85 Safari/537.36"
209.38.120.12 - - [09/Jun/2025:06:23:07 -0400] "GET /wp-includes/Text/Diff/Engine/ HTTP/1.1" 200 702 "binance.com" "Mozilla/5.0 (Windows NT 10.0; Win64; x64) AppleWebKit/537.36 (KHTML, like Gecko) Chrome/90.0.4430.85 Safari/537.36"
209.38.120.12 - - [09/Jun/2025:06:23:16 -0400] "GET /wp-includes/Text/Diff/Renderer/ HTTP/1.1" 200 636 "binance.com" "Mozilla/5.0 (Windows NT 10.0; Win64; x64) AppleWebKit/537.36 (KHTML, like Gecko) Chrome/90.0.4430.85 Safari/537.36"
209.38.120.12 - - [09/Jun/2025:06:23:28 -0400] "GET /wp-includes/Text/Diff/Renderer/ HTTP/1.1" 200 636 "binance.com" "Mozilla/5.0 (Windows NT 10.0; Win64; x64) AppleWebKit/537.36 (KHTML, like Gecko) Chrome/90.0.4430.85 Safari/537.36"
47.82.60.210 - - [09/Jun/2025:06:23:29 -0400] "GET /yours-to-claim/yours-to-claim-chapter-26/ HTTP/1.1" 404 1251 "https://w5.yours-toclaim.com/yours-to-claim/yours-to-claim-chapter-26/" "Mozilla/5.0 (Windows NT 10.0; Win64; x64) AppleWebKit/537.36 (KHTML, like Gecko) Chrome/114.0.0.0 Safari/537.36 Edg/114.0.1823.43"
209.38.120.12 - - [09/Jun/2025:06:23:40 -0400] "GET /wp-includes/blocks/ HTTP/1.1" 200 6 "binance.com" "Mozilla/5.0 (Windows NT 10.0; Win64; x64) AppleWebKit/537.36 (KHTML, like Gecko) Chrome/90.0.4430.85 Safari/537.36"
209.38.120.12 - - [09/Jun/2025:06:23:48 -0400] "GET /wp-includes/pomo/ HTTP/1.1" 200 1076 "binance.com" "Mozilla/5.0 (Windows NT 10.0; Win64; x64) AppleWebKit/537.36 (KHTML, like Gecko) Chrome/90.0.4430.85 Safari/537.36"
209.38.120.12 - - [09/Jun/2025:06:23:57 -0400] "GET /wp-includes/pomo/ HTTP/1.1" 200 1076 "binance.com" "Mozilla/5.0 (Windows NT 10.0; Win64; x64) AppleWebKit/537.36 (KHTML, like Gecko) Chrome/90.0.4430.85 Safari/537.36"
209.38.120.12 - - [09/Jun/2025:06:24:04 -0400] "GET /wp-includes/sitemaps/ HTTP/1.1" 200 1145 "binance.com" "Mozilla/5.0 (Windows NT 10.0; Win64; x64) AppleWebKit/537.36 (KHTML, like Gecko) Chrome/90.0.4430.85 Safari/537.36"
209.38.120.12 - - [09/Jun/2025:06:24:16 -0400] "GET /wp-includes/sitemaps/ HTTP/1.1" 200 1145 "binance.com" "Mozilla/5.0 (Windows NT 10.0; Win64; x64) AppleWebKit/537.36 (KHTML, like Gecko) Chrome/90.0.4430.85 Safari/537.36"
47.79.1.112 - - [09/Jun/2025:06:24:25 -0400] "GET /tag/manga/page/10/ HTTP/1.1" 404 1251 "https://w5.yours-toclaim.com/tag/manga/page/10/" "Mozilla/5.0 (Windows NT 10.0; Win64; x64) AppleWebKit/537.36 (KHTML, like Gecko) Chrome/114.0.0.0 Safari/537.36 Edg/114.0.1823.43"
209.38.120.12 - - [09/Jun/2025:06:24:26 -0400] "GET /wp-includes/sitemaps/providers/ HTTP/1.1" 200 780 "binance.com" "Mozilla/5.0 (Windows NT 10.0; Win64; x64) AppleWebKit/537.36 (KHTML, like Gecko) Chrome/90.0.4430.85 Safari/537.36"
209.38.120.12 - - [09/Jun/2025:06:24:35 -0400] "GET /wp-includes/sitemaps/providers/ HTTP/1.1" 200 780 "binance.com" "Mozilla/5.0 (Windows NT 10.0; Win64; x64) AppleWebKit/537.36 (KHTML, like Gecko) Chrome/90.0.4430.85 Safari/537.36"
209.38.120.12 - - [09/Jun/2025:06:25:40 -0400] "GET /wp-includes/css/dist/ HTTP/1.1" 200 1149 "binance.com" "Mozilla/5.0 (Windows NT 10.0; Win64; x64) AppleWebKit/537.36 (KHTML, like Gecko) Chrome/90.0.4430.85 Safari/537.36"
47.82.61.99 - - [09/Jun/2025:06:25:49 -0400] "GET /yours-to-claim/yours-to-claim-chapter-17/ HTTP/1.1" 404 1251 "https://w5.yours-toclaim.com/yours-to-claim/yours-to-claim-chapter-17/" "Mozilla/5.0 (Windows NT 10.0; Win64; x64) AppleWebKit/537.36 (KHTML, like Gecko) Chrome/114.0.0.0 Safari/537.36 Edg/114.0.1823.43"
209.38.120.12 - - [09/Jun/2025:06:25:52 -0400] "GET /wp-includes/fonts/ HTTP/1.1" 200 1237 "binance.com" "Mozilla/5.0 (Windows NT 10.0; Win64; x64) AppleWebKit/537.36 (KHTML, like Gecko) Chrome/90.0.4430.85 Safari/537.36"
66.249.68.136 - - [09/Jun/2025:06:26:03 -0400] "GET /?y=7872810150400&channel=6fa33b&from=blog.php%3Fid%3D101504-3971%26name%3DS.T.+Dupont+%E3%82%A8%E3%82%B9%E3%83%BB%E3%83%86%E3%83%BC%E3%83%BB%E3%83%87%E3%83%A5%E3%83%9D%E3%83%B3+%E3%82%B9%E3%83%AA%E3%83%9F%E3%83%BC+%E3%83%A9%E3%82%A4%E3%82%BF%E3%83%BC+%E3%83%96%E3%83%AB%E3%83%BC%E3%83%A9%E3%83%83%E3%82%AB%E3%83%BC%EF%BC%86%E3%82%B4%E3%83%BC%E3%83%AB%E3%83%87%E3%83%B3+028225%3Cbr%3E%3Cbr%3E HTTP/1.1" 200 1725 "-" "Mozilla/5.0 (Linux; Android 6.0.1; Nexus 5X Build/MMB29P) AppleWebKit/537.36 (KHTML, like Gecko) Chrome/136.0.7103.113 Mobile Safari/537.36 (compatible; Googlebot/2.1; +http://www.google.com/bot.html)"
209.38.120.12 - - [09/Jun/2025:06:26:04 -0400] "GET /wp-includes/fonts/ HTTP/1.1" 200 1237 "binance.com" "Mozilla/5.0 (Windows NT 10.0; Win64; x64) AppleWebKit/537.36 (KHTML, like Gecko) Chrome/90.0.4430.85 Safari/537.36"
209.38.120.12 - - [09/Jun/2025:06:26:11 -0400] "GET /wp-includes/fonts/class-wp-font-collection.php HTTP/1.1" 403 1242 "binance.com" "Mozilla/5.0 (Windows NT 10.0; Win64; x64) AppleWebKit/537.36 (KHTML, like Gecko) Chrome/90.0.4430.85 Safari/537.36"
209.38.120.12 - - [09/Jun/2025:06:26:21 -0400] "GET /wp-includes/fonts/class-wp-font-face-resolver.php HTTP/1.1" 403 1242 "binance.com" "Mozilla/5.0 (Windows NT 10.0; Win64; x64) AppleWebKit/537.36 (KHTML, like Gecko) Chrome/90.0.4430.85 Safari/537.36"
209.38.120.12 - - [09/Jun/2025:06:26:31 -0400] "GET /wp-includes/fonts/class-wp-font-face.php HTTP/1.1" 403 1242 "binance.com" "Mozilla/5.0 (Windows NT 10.0; Win64; x64) AppleWebKit/537.36 (KHTML, like Gecko) Chrome/90.0.4430.85 Safari/537.36"
47.82.61.101 - - [09/Jun/2025:06:26:38 -0400] "GET /tag/webcomic/ HTTP/1.1" 404 1251 "https://w5.yours-toclaim.com/tag/webcomic/" "Mozilla/5.0 (Windows NT 10.0; Win64; x64) AppleWebKit/537.36 (KHTML, like Gecko) Chrome/114.0.0.0 Safari/537.36 Edg/114.0.1823.43"
209.38.120.12 - - [09/Jun/2025:06:26:40 -0400] "GET /wp-includes/fonts/class-wp-font-library.php HTTP/1.1" 403 1242 "binance.com" "Mozilla/5.0 (Windows NT 10.0; Win64; x64) AppleWebKit/537.36 (KHTML, like Gecko) Chrome/90.0.4430.85 Safari/537.36"
209.38.120.12 - - [09/Jun/2025:06:26:47 -0400] "GET /wp-includes/fonts/class-wp-font-utils.php HTTP/1.1" 403 1242 "binance.com" "Mozilla/5.0 (Windows NT 10.0; Win64; x64) AppleWebKit/537.36 (KHTML, like Gecko) Chrome/90.0.4430.85 Safari/537.36"
209.38.120.12 - - [09/Jun/2025:06:26:55 -0400] "GET /wp-includes/images/ HTTP/1.1" 200 1529 "binance.com" "Mozilla/5.0 (Windows NT 10.0; Win64; x64) AppleWebKit/537.36 (KHTML, like Gecko) Chrome/90.0.4430.85 Safari/537.36"
209.38.120.12 - - [09/Jun/2025:06:27:18 -0400] "GET /wp-includes/images/crystal/ HTTP/1.1" 200 1129 "binance.com" "Mozilla/5.0 (Windows NT 10.0; Win64; x64) AppleWebKit/537.36 (KHTML, like Gecko) Chrome/90.0.4430.85 Safari/537.36"
47.82.60.76 - - [09/Jun/2025:06:27:20 -0400] "GET /tag/yours-to-claim-author-twitter/page/3/ HTTP/1.1" 404 1251 "https://w5.yours-toclaim.com/tag/yours-to-claim-author-twitter/page/3/" "Mozilla/5.0 (Windows NT 10.0; Win64; x64) AppleWebKit/537.36 (KHTML, like Gecko) Chrome/114.0.0.0 Safari/537.36 Edg/114.0.1823.43"
209.38.120.12 - - [09/Jun/2025:06:24:47 -0400] "GET /wp-includes/widgets/ HTTP/1.1" 200 1513 "binance.com" "Mozilla/5.0 (Windows NT 10.0; Win64; x64) AppleWebKit/537.36 (KHTML, like Gecko) Chrome/90.0.4430.85 Safari/537.36"
47.82.60.62 - - [09/Jun/2025:06:24:47 -0400] "GET /tag/yours-to-claim/page/10/ HTTP/1.1" 404 1251 "https://w5.yours-toclaim.com/tag/yours-to-claim/page/10/" "Mozilla/5.0 (Windows NT 10.0; Win64; x64) AppleWebKit/537.36 (KHTML, like Gecko) Chrome/114.0.0.0 Safari/537.36 Edg/114.0.1823.43"
209.38.120.12 - - [09/Jun/2025:06:24:58 -0400] "GET /wp-includes/widgets/ HTTP/1.1" 200 1513 "binance.com" "Mozilla/5.0 (Windows NT 10.0; Win64; x64) AppleWebKit/537.36 (KHTML, like Gecko) Chrome/90.0.4430.85 Safari/537.36"
209.38.120.12 - - [09/Jun/2025:06:25:17 -0400] "GET /wp-includes/widgets/class-wp-widget-block.php HTTP/1.1" 403 1242 "binance.com" "Mozilla/5.0 (Windows NT 10.0; Win64; x64) AppleWebKit/537.36 (KHTML, like Gecko) Chrome/90.0.4430.85 Safari/537.36"
209.38.120.12 - - [09/Jun/2025:06:25:30 -0400] "GET /wp-includes/css/ HTTP/1.1" 200 1818 "binance.com" "Mozilla/5.0 (Windows NT 10.0; Win64; x64) AppleWebKit/537.36 (KHTML, like Gecko) Chrome/90.0.4430.85 Safari/537.36"
209.38.120.12 - - [09/Jun/2025:06:27:27 -0400] "GET /wp-includes/images/media/ HTTP/1.1" 200 1235 "binance.com" "Mozilla/5.0 (Windows NT 10.0; Win64; x64) AppleWebKit/537.36 (KHTML, like Gecko) Chrome/90.0.4430.85 Safari/537.36"
209.38.120.12 - - [09/Jun/2025:06:27:35 -0400] "GET /wp-includes/images/smilies/ HTTP/1.1" 200 1418 "binance.com" "Mozilla/5.0 (Windows NT 10.0; Win64; x64) AppleWebKit/537.36 (KHTML, like Gecko) Chrome/90.0.4430.85 Safari/537.36"
209.38.120.12 - - [09/Jun/2025:06:27:42 -0400] "GET /wp-includes/images/wlw/ HTTP/1.1" 404 1251 "binance.com" "Mozilla/5.0 (Windows NT 10.0; Win64; x64) AppleWebKit/537.36 (KHTML, like Gecko) Chrome/90.0.4430.85 Safari/537.36"
209.38.120.12 - - [09/Jun/2025:06:27:47 -0400] "GET /wp-includes/js/%20 HTTP/1.1" 404 1251 "binance.com" "Mozilla/5.0 (Windows NT 10.0; Win64; x64) AppleWebKit/537.36 (KHTML, like Gecko) Chrome/90.0.4430.85 Safari/537.36"
47.82.60.195 - - [09/Jun/2025:06:27:48 -0400] "GET /category/yours-to-claim-read-2/page/3/ HTTP/1.1" 404 1251 "https://w5.yours-toclaim.com/category/yours-to-claim-read-2/page/3/" "Mozilla/5.0 (Windows NT 10.0; Win64; x64) AppleWebKit/537.36 (KHTML, like Gecko) Chrome/114.0.0.0 Safari/537.36 Edg/114.0.1823.43"
209.38.120.12 - - [09/Jun/2025:06:27:56 -0400] "GET /wp-includes/js/codemirror/ HTTP/1.1" 200 1114 "binance.com" "Mozilla/5.0 (Windows NT 10.0; Win64; x64) AppleWebKit/537.36 (KHTML, like Gecko) Chrome/90.0.4430.85 Safari/537.36"
2a03:2880:ff:6:: - - [09/Jun/2025:06:27:59 -0400] "GET /category/yours-to-claim-manhwa/ HTTP/1.1" 404 1251 "-" "meta-externalagent/1.1 (+https://developers.facebook.com/docs/sharing/webmasters/crawler)"
47.82.60.128 - - [09/Jun/2025:06:28:05 -0400] "GET /yours-to-claim/yours-to-claim-chapter-23/ HTTP/1.1" 404 1251 "https://w5.yours-toclaim.com/yours-to-claim/yours-to-claim-chapter-23/" "Mozilla/5.0 (Windows NT 10.0; Win64; x64) AppleWebKit/537.36 (KHTML, like Gecko) Chrome/114.0.0.0 Safari/537.36 Edg/114.0.1823.43"
209.38.120.12 - - [09/Jun/2025:06:28:08 -0400] "GET /wp-includes/js/plupload/ HTTP/1.1" 200 1163 "binance.com" "Mozilla/5.0 (Windows NT 10.0; Win64; x64) AppleWebKit/537.36 (KHTML, like Gecko) Chrome/90.0.4430.85 Safari/537.36"
209.38.120.12 - - [09/Jun/2025:06:28:20 -0400] "GET /.well-known/ HTTP/1.1" 200 621 "binance.com" "Mozilla/5.0 (Windows NT 10.0; Win64; x64) AppleWebKit/537.36 (KHTML, like Gecko) Chrome/90.0.4430.85 Safari/537.36"
2a03:2880:2ff:: - - [09/Jun/2025:06:28:46 -0400] "GET /robots.txt HTTP/1.1" 404 1251 "-" "facebookexternalhit/1.1 (+http://www.facebook.com/externalhit_uatext.php)"
47.82.60.80 - - [09/Jun/2025:06:28:49 -0400] "GET /tag/webcomic/page/3/ HTTP/1.1" 404 1251 "https://w5.yours-toclaim.com/tag/webcomic/page/3/" "Mozilla/5.0 (Windows NT 10.0; Win64; x64) AppleWebKit/537.36 (KHTML, like Gecko) Chrome/114.0.0.0 Safari/537.36 Edg/114.0.1823.43"
47.82.60.52 - - [09/Jun/2025:06:29:38 -0400] "GET /category/yours-to-claim-read/page/4/ HTTP/1.1" 404 1251 "https://w5.yours-toclaim.com/category/yours-to-claim-read/page/4/" "Mozilla/5.0 (Windows NT 10.0; Win64; x64) AppleWebKit/537.36 (KHTML, like Gecko) Chrome/114.0.0.0 Safari/537.36 Edg/114.0.1823.43"
47.82.60.220 - - [09/Jun/2025:06:30:20 -0400] "GET /tag/original/page/10/ HTTP/1.1" 404 1251 "https://w5.yours-toclaim.com/tag/original/page/10/" "Mozilla/5.0 (Windows NT 10.0; Win64; x64) AppleWebKit/537.36 (KHTML, like Gecko) Chrome/114.0.0.0 Safari/537.36 Edg/114.0.1823.43"
47.128.22.224 - - [09/Jun/2025:06:30:30 -0400] "GET /tag/yours-to-claim-read/ HTTP/1.1" 404 1251 "-" "Mozilla/5.0 (compatible; Bytespider; [email protected]) AppleWebKit/537.36 (KHTML, like Gecko) Chrome/70.0.0.0 Safari/537.36"
47.82.60.226 - - [09/Jun/2025:06:32:10 -0400] "GET /yours-to-claim/yours-to-claim-chapter-53/ HTTP/1.1" 404 1251 "https://w5.yours-toclaim.com/yours-to-claim/yours-to-claim-chapter-53/" "Mozilla/5.0 (Windows NT 10.0; Win64; x64) AppleWebKit/537.36 (KHTML, like Gecko) Chrome/114.0.0.0 Safari/537.36 Edg/114.0.1823.43"
66.249.68.128 - - [09/Jun/2025:06:32:15 -0400] "GET /?y=1908134355200&channel=11569a&from=article.php%3Fid%3D343552-3046%26name%3D10%E5%80%8B%E3%82%BB%E3%83%83%E3%83%88+%E3%82%A8%E3%83%AC%E3%82%B3%E3%83%A0+%E6%90%BA%E5%B8%AF%E9%9B%BB%E8%A9%B1%E7%94%A8USB%E3%83%87%E3%83%BC%E3%82%BF%E8%BB%A2%E9%80%81%E3%83%BB%E5%85%85%E9%9B%BB%E3%82%B1%E3%83%BC%E3%83%96%E3%83%AB+MPA-BTCFUSB+BKX10+%2Fl HTTP/1.1" 200 1725 "-" "Mozilla/5.0 (Linux; Android 6.0.1; Nexus 5X Build/MMB29P) AppleWebKit/537.36 (KHTML, like Gecko) Chrome/136.0.7103.113 Mobile Safari/537.36 (compatible; Googlebot/2.1; +http://www.google.com/bot.html)"
47.79.5.126 - - [09/Jun/2025:06:32:17 -0400] "GET /category/manga/page/5/ HTTP/1.1" 404 1251 "https://w5.yours-toclaim.com/category/manga/page/5/" "Mozilla/5.0 (Windows NT 10.0; Win64; x64) AppleWebKit/537.36 (KHTML, like Gecko) Chrome/114.0.0.0 Safari/537.36 Edg/114.0.1823.43"
199.250.206.198 - - [09/Jun/2025:06:32:38 -0400] "POST /xmlrpc.php HTTP/1.1" 200 0 "-" "Mozilla/5.0 (X11; Ubuntu; Linux x86_64; rv:85.0) Gecko/20100101 Firefox/91.0"
47.79.5.88 - - [09/Jun/2025:06:32:45 -0400] "GET /category/yours-to-claim-manga/page/10/ HTTP/1.1" 404 1251 "https://w5.yours-toclaim.com/category/yours-to-claim-manga/page/10/" "Mozilla/5.0 (Windows NT 10.0; Win64; x64) AppleWebKit/537.36 (KHTML, like Gecko) Chrome/114.0.0.0 Safari/537.36 Edg/114.0.1823.43"
207.46.13.31 - - [09/Jun/2025:06:33:42 -0400] "GET /?s=2024 HTTP/1.1" 200 1725 "-" "Mozilla/5.0 AppleWebKit/537.36 (KHTML, like Gecko; compatible; bingbot/2.0; +http://www.bing.com/bingbot.htm) Chrome/116.0.1938.76 Safari/537.36"
47.79.121.52 - - [09/Jun/2025:06:34:07 -0400] "GET /yours-to-claim/yours-to-claim-chapter-45/ HTTP/1.1" 404 1251 "https://w5.yours-toclaim.com/yours-to-claim/yours-to-claim-chapter-45/" "Mozilla/5.0 (Windows NT 10.0; Win64; x64) AppleWebKit/537.36 (KHTML, like Gecko) Chrome/114.0.0.0 Safari/537.36 Edg/114.0.1823.43"
47.128.31.30 - - [09/Jun/2025:06:34:29 -0400] "GET /tag/yours-to-claim/page/2/ HTTP/1.1" 404 1251 "-" "Mozilla/5.0 (compatible; Bytespider; [email protected]) AppleWebKit/537.36 (KHTML, like Gecko) Chrome/70.0.0.0 Safari/537.36"
47.82.60.62 - - [09/Jun/2025:06:35:40 -0400] "GET /category/yours-to-claim-read-2/page/7/ HTTP/1.1" 404 1251 "https://w5.yours-toclaim.com/category/yours-to-claim-read-2/page/7/" "Mozilla/5.0 (Windows NT 10.0; Win64; x64) AppleWebKit/537.36 (KHTML, like Gecko) Chrome/114.0.0.0 Safari/537.36 Edg/114.0.1823.43"
47.82.60.222 - - [09/Jun/2025:06:36:05 -0400] "GET /tag/yours-to-claim-manga/page/5/ HTTP/1.1" 404 1251 "https://w5.yours-toclaim.com/tag/yours-to-claim-manga/page/5/" "Mozilla/5.0 (Windows NT 10.0; Win64; x64) AppleWebKit/537.36 (KHTML, like Gecko) Chrome/114.0.0.0 Safari/537.36 Edg/114.0.1823.43"
207.46.13.31 - - [09/Jun/2025:06:36:13 -0400] "GET /wp-content/ HTTP/1.1" 200 0 "-" "Mozilla/5.0 AppleWebKit/537.36 (KHTML, like Gecko; compatible; bingbot/2.0; +http://www.bing.com/bingbot.htm) Chrome/116.0.1938.76 Safari/537.36"
207.46.13.31 - - [09/Jun/2025:06:36:14 -0400] "GET /wp-mail.php HTTP/1.1" 200 0 "-" "Mozilla/5.0 AppleWebKit/537.36 (KHTML, like Gecko; compatible; bingbot/2.0; +http://www.bing.com/bingbot.htm) Chrome/116.0.1938.76 Safari/537.36"
207.46.13.31 - - [09/Jun/2025:06:36:14 -0400] "GET /wp-login.php HTTP/1.1" 200 0 "-" "Mozilla/5.0 AppleWebKit/537.36 (KHTML, like Gecko; compatible; bingbot/2.0; +http://www.bing.com/bingbot.htm) Chrome/116.0.1938.76 Safari/537.36"
52.167.144.139 - - [09/Jun/2025:06:36:18 -0400] "GET /admin.php HTTP/1.1" 404 16 "-" "Mozilla/5.0 AppleWebKit/537.36 (KHTML, like Gecko; compatible; bingbot/2.0; +http://www.bing.com/bingbot.htm) Chrome/116.0.1938.76 Safari/537.36"
52.167.144.139 - - [09/Jun/2025:06:36:18 -0400] "GET /license.txt HTTP/1.1" 200 6865 "-" "Mozilla/5.0 AppleWebKit/537.36 (KHTML, like Gecko; compatible; bingbot/2.0; +http://www.bing.com/bingbot.htm) Chrome/116.0.1938.76 Safari/537.36"
52.167.144.139 - - [09/Jun/2025:06:36:19 -0400] "GET /?MA HTTP/1.1" 200 1710 "-" "Mozilla/5.0 AppleWebKit/537.36 (KHTML, like Gecko; compatible; bingbot/2.0; +http://www.bing.com/bingbot.htm) Chrome/116.0.1938.76 Safari/537.36"
52.167.144.139 - - [09/Jun/2025:06:36:19 -0400] "GET /images/ HTTP/1.1" 200 535 "-" "Mozilla/5.0 AppleWebKit/537.36 (KHTML, like Gecko; compatible; bingbot/2.0; +http://www.bing.com/bingbot.htm) Chrome/116.0.1938.76 Safari/537.36"
52.167.144.139 - - [09/Jun/2025:06:36:19 -0400] "GET /readme.html HTTP/1.1" 200 2662 "-" "Mozilla/5.0 AppleWebKit/537.36 (KHTML, like Gecko; compatible; bingbot/2.0; +http://www.bing.com/bingbot.htm) Chrome/116.0.1938.76 Safari/537.36"
52.167.144.139 - - [09/Jun/2025:06:36:20 -0400] "GET /522314/ HTTP/1.1" 200 646 "-" "Mozilla/5.0 AppleWebKit/537.36 (KHTML, like Gecko; compatible; bingbot/2.0; +http://www.bing.com/bingbot.htm) Chrome/116.0.1938.76 Safari/537.36"
52.167.144.21 - - [09/Jun/2025:06:36:23 -0400] "GET /?SA HTTP/1.1" 200 1716 "-" "Mozilla/5.0 AppleWebKit/537.36 (KHTML, like Gecko; compatible; bingbot/2.0; +http://www.bing.com/bingbot.htm) Chrome/116.0.1938.76 Safari/537.36"
52.167.144.21 - - [09/Jun/2025:06:36:24 -0400] "GET /wp-activate.php HTTP/1.1" 200 0 "-" "Mozilla/5.0 AppleWebKit/537.36 (KHTML, like Gecko; compatible; bingbot/2.0; +http://www.bing.com/bingbot.htm) Chrome/116.0.1938.76 Safari/537.36"
52.167.144.21 - - [09/Jun/2025:06:36:24 -0400] "GET /wp-load.php HTTP/1.1" 200 0 "-" "Mozilla/5.0 AppleWebKit/537.36 (KHTML, like Gecko; compatible; bingbot/2.0; +http://www.bing.com/bingbot.htm) Chrome/116.0.1938.76 Safari/537.36"
207.46.13.31 - - [09/Jun/2025:06:36:32 -0400] "GET /wp-settings.php HTTP/1.1" 500 0 "-" "Mozilla/5.0 AppleWebKit/537.36 (KHTML, like Gecko; compatible; bingbot/2.0; +http://www.bing.com/bingbot.htm) Chrome/116.0.1938.76 Safari/537.36"
52.167.144.139 - - [09/Jun/2025:06:36:36 -0400] "GET /wp-signup.php HTTP/1.1" 200 0 "-" "Mozilla/5.0 AppleWebKit/537.36 (KHTML, like Gecko; compatible; bingbot/2.0; +http://www.bing.com/bingbot.htm) Chrome/116.0.1938.76 Safari/537.36"
52.167.144.21 - - [09/Jun/2025:06:36:52 -0400] "GET /wp-links-opml.php HTTP/1.1" 200 0 "-" "Mozilla/5.0 AppleWebKit/537.36 (KHTML, like Gecko; compatible; bingbot/2.0; +http://www.bing.com/bingbot.htm) Chrome/116.0.1938.76 Safari/537.36"
207.46.13.31 - - [09/Jun/2025:06:36:57 -0400] "GET /userfuns.php HTTP/1.1" 200 12 "-" "Mozilla/5.0 AppleWebKit/537.36 (KHTML, like Gecko; compatible; bingbot/2.0; +http://www.bing.com/bingbot.htm) Chrome/116.0.1938.76 Safari/537.36"
87.250.224.215 - - [09/Jun/2025:06:36:59 -0400] "GET /wp-content/uploads/2022/03/cropped-tumblr_064b2d4fd6fb747c66937f0692a9c3d3_1356d0a2_500-192x192.png HTTP/1.1" 200 68717 "-" "Mozilla/5.0 (compatible; YandexFavicons/1.0; +http://yandex.com/bots)"
52.167.144.139 - - [09/Jun/2025:06:37:06 -0400] "GET /admin.php HTTP/1.1" 404 16 "-" "Mozilla/5.0 AppleWebKit/537.36 (KHTML, like Gecko; compatible; bingbot/2.0; +http://www.bing.com/bingbot.htm) Chrome/116.0.1938.76 Safari/537.36"
207.46.13.31 - - [09/Jun/2025:06:37:13 -0400] "GET /2.php HTTP/1.1" 403 1242 "-" "Mozilla/5.0 AppleWebKit/537.36 (KHTML, like Gecko; compatible; bingbot/2.0; +http://www.bing.com/bingbot.htm) Chrome/116.0.1938.76 Safari/537.36"
207.46.13.31 - - [09/Jun/2025:06:37:13 -0400] "GET /wp-settings.php HTTP/1.1" 500 0 "-" "Mozilla/5.0 AppleWebKit/537.36 (KHTML, like Gecko; compatible; bingbot/2.0; +http://www.bing.com/bingbot.htm) Chrome/116.0.1938.76 Safari/537.36"
52.167.144.139 - - [09/Jun/2025:06:37:26 -0400] "GET /error_log HTTP/1.1" 403 1242 "-" "Mozilla/5.0 AppleWebKit/537.36 (KHTML, like Gecko; compatible; bingbot/2.0; +http://www.bing.com/bingbot.htm) Chrome/116.0.1938.76 Safari/537.36"
207.46.13.31 - - [09/Jun/2025:06:37:44 -0400] "GET /2.php HTTP/1.1" 403 1242 "-" "Mozilla/5.0 AppleWebKit/537.36 (KHTML, like Gecko; compatible; bingbot/2.0; +http://www.bing.com/bingbot.htm) Chrome/116.0.1938.76 Safari/537.36"
52.167.144.139 - - [09/Jun/2025:06:37:48 -0400] "GET /error_log HTTP/1.1" 403 1242 "-" "Mozilla/5.0 AppleWebKit/537.36 (KHTML, like Gecko; compatible; bingbot/2.0; +http://www.bing.com/bingbot.htm) Chrome/116.0.1938.76 Safari/537.36"
52.167.144.139 - - [09/Jun/2025:06:37:49 -0400] "GET /yours-to-claim/yours-to-claim-chapter-18/ HTTP/1.1" 404 1251 "-" "Mozilla/5.0 AppleWebKit/537.36 (KHTML, like Gecko; compatible; bingbot/2.0; +http://www.bing.com/bingbot.htm) Chrome/116.0.1938.76 Safari/537.36"
207.46.13.31 - - [09/Jun/2025:06:38:03 -0400] "GET /cgi-bin/ HTTP/1.1" 403 1242 "-" "Mozilla/5.0 AppleWebKit/537.36 (KHTML, like Gecko; compatible; bingbot/2.0; +http://www.bing.com/bingbot.htm) Chrome/116.0.1938.76 Safari/537.36"
207.46.13.31 - - [09/Jun/2025:06:38:03 -0400] "GET /wp-cron.php HTTP/1.1" 200 0 "-" "Mozilla/5.0 AppleWebKit/537.36 (KHTML, like Gecko; compatible; bingbot/2.0; +http://www.bing.com/bingbot.htm) Chrome/116.0.1938.76 Safari/537.36"
66.249.68.137 - - [09/Jun/2025:06:38:22 -0400] "GET /yours-to-claim/yours-to-claim-chapter-67/ HTTP/1.1" 404 1251 "-" "Mozilla/5.0 (Linux; Android 6.0.1; Nexus 5X Build/MMB29P) AppleWebKit/537.36 (KHTML, like Gecko) Chrome/136.0.7103.113 Mobile Safari/537.36 (compatible; Googlebot/2.1; +http://www.google.com/bot.html)"
207.46.13.31 - - [09/Jun/2025:06:38:23 -0400] "GET /cgi-bin/ HTTP/1.1" 403 1242 "-" "Mozilla/5.0 AppleWebKit/537.36 (KHTML, like Gecko; compatible; bingbot/2.0; +http://www.bing.com/bingbot.htm) Chrome/116.0.1938.76 Safari/537.36"
47.128.46.148 - - [09/Jun/2025:06:38:30 -0400] "GET /tag/yours-to-claim-author-twitter/page/6/ HTTP/1.1" 404 1251 "-" "Mozilla/5.0 (compatible; Bytespider; [email protected]) AppleWebKit/537.36 (KHTML, like Gecko) Chrome/70.0.0.0 Safari/537.36"
40.88.21.235 - - [09/Jun/2025:06:38:33 -0400] "GET / HTTP/1.1" 200 1730 "https://w5.yours-toclaim.com/" "DuckDuckBot/1.1; (+http://duckduckgo.com/duckduckbot.html)"
40.88.21.235 - - [09/Jun/2025:06:38:34 -0400] "GET /favicon.ico HTTP/1.1" 404 1251 "https://w5.yours-toclaim.com/favicon.ico" "DuckDuckBot/1.1; (+http://duckduckgo.com/duckduckbot.html)"
40.88.21.235 - - [09/Jun/2025:06:38:34 -0400] "GET /favicon.ico HTTP/1.1" 404 1251 "https://w5.yours-toclaim.com/favicon.ico" "DuckDuckBot/1.1; (+http://duckduckgo.com/duckduckbot.html)"
66.249.68.128 - - [09/Jun/2025:06:39:22 -0400] "GET /?y=1960764025601&channel=65700b&from=jp.php%3Fid%3D640256-286%26name%3DTAIYO+%E9%AB%98%E6%80%A7%E8%83%BD%E6%B2%B9%E5%9C%A7%E3%82%B7%E3%83%AA%E3%83%B3%E3%83%80+%3Cbr%3E70H-82FD63BB150-AB-SL+1%E5%80%8B%3Cbr%3E%3Cbr%3E+%E2%96%A0%E2%96%BC834-5044+%3Cbr%3E%3Cbr%3E%3Cbr%3E HTTP/1.1" 200 1730 "-" "Mozilla/5.0 (Linux; Android 6.0.1; Nexus 5X Build/MMB29P) AppleWebKit/537.36 (KHTML, like Gecko) Chrome/136.0.7103.113 Mobile Safari/537.36 (compatible; Googlebot/2.1; +http://www.google.com/bot.html)"
162.248.77.175 - - [09/Jun/2025:06:39:57 -0400] "GET /about.php?ac=change_about_path&api=&path=&t=72fc6aa1a5dc96c5640d88f379c080fa&s=1 HTTP/1.1" 404 1251 "-" "Mozilla/5.0 (Windows NT 10.0; Win64; x64) AppleWebKit/537.36 (KHTML, like Gecko) Chrome/113.0.0.0 Safari/537.36"
66.249.68.137 - - [09/Jun/2025:06:42:23 -0400] "GET /?y=24073145228802&channel=a52429&from=shared.php%3Fid%3D1452288-4873%26name%3D%E3%80%90%E6%A5%BD%E5%A4%A9%E3%82%B9%E3%83%BC%E3%83%91%E3%83%BC%E3%82%BB%E3%83%BC%E3%83%AB+%E9%96%8B%E5%82%AC%E4%B8%AD%EF%BC%81%E3%80%91%E9%80%81%E6%96%99%E7%84%A1%E6%96%99+%E3%82%A8%E3%83%A0%E3%82%BA%E3%82%B9%E3%83%94%E3%83%BC%E3%83%89+%E3%82%B8%E3%83%A5%E3%83%AA%E3%82%A2+%E3%83%95%E3%83%AB%E3%82%B9%E3%83%AD%E3%83%83%E3%83%88%E3%83%AB+9J-22+%2B45+5H-114.3+M%27z+SPEED+Julia+Full+Throttle+%2822%E3%82%A4%E3%83%B3%E3%83%81%29+5H114.3+9J%2B45+%281%E6%9C%AC%2F2%E6%9C%AC%2F4%E6%9C%AC%29 HTTP/1.1" 200 1730 "-" "Mozilla/5.0 (Linux; Android 6.0.1; Nexus 5X Build/MMB29P) AppleWebKit/537.36 (KHTML, like Gecko) Chrome/136.0.7103.113 Mobile Safari/537.36 (compatible; Googlebot/2.1; +http://www.google.com/bot.html)"
114.119.129.179 - - [09/Jun/2025:06:43:10 -0400] "GET /yours-to-claim-chapter-8/ HTTP/1.1" 404 1251 "https://w4.yours-toclaim.com/tag/yahwi/page/11/" "Mozilla/5.0 (Linux; Android 7.0;) AppleWebKit/537.36 (KHTML, like Gecko) Mobile Safari/537.36 (compatible; PetalBot;+https://webmaster.petalsearch.com/site/petalbot)"
66.249.68.137 - - [09/Jun/2025:06:44:40 -0400] "GET /?y=99911146009600&channel=45d2f3&from=article.php%3Fid%3D1460096-9125%26name%3D%E3%83%90%E3%82%A4%E3%82%AF%E7%99%BB%E9%8C%B2%E3%83%97%E3%83%AC%E3%83%BC%E3%83%88%E3%83%9B%E3%83%AB%E3%83%80%E3%83%BC+%E3%83%95%E3%82%A7%E3%83%B3%E3%83%80%E3%83%BC%E3%82%A8%E3%83%AA%E3%83%9F%E3%83%8D%E3%83%BC%E3%82%BF%E3%83%BC%E7%99%BB%E9%8C%B2%E3%83%8A%E3%83%B3%E3%83%90%E3%83%BC%E3%83%97%E3%83%AC%E3%83%BC%E3%83%88%E3%83%9B%E3%83%AB%E3%83%80%E3%83%BC+%E3%83%86%E3%83%BC%E3%83%AB%E3%83%A9%E3%82%A4%E3%83%88%E3%82%BF%E3%83%BC%E3%83%B3%E3%82%B7%E3%82%B0%E3%83%8A%E3%83%AB%E3%82%A6%E3%82%A4%E3%83%B3%E3%82%AB%E3%83%BC%E3%83%A9%E3%83%B3%E3%83%97+890 HTTP/1.1" 200 1730 "-" "Mozilla/5.0 (Linux; Android 6.0.1; Nexus 5X Build/MMB29P) AppleWebKit/537.36 (KHTML, like Gecko) Chrome/136.0.7103.113 Mobile Safari/537.36 (compatible; Googlebot/2.1; +http://www.google.com/bot.html)"
176.97.123.28 - - [09/Jun/2025:06:45:40 -0400] "GET /about.php?ac=change_about_path&api=&path=&t=72fc6aa1a5dc96c5640d88f379c080fa&s=1 HTTP/1.1" 404 1251 "-" "Mozilla/5.0 (Windows NT 10.0; Win64; x64) AppleWebKit/537.36 (KHTML, like Gecko) Chrome/113.0.0.0 Safari/537.36"
47.128.121.187 - - [09/Jun/2025:06:45:42 -0400] "GET /yours-to-claim/yours-to-claim-chapter-1/ HTTP/1.1" 404 1251 "-" "Mozilla/5.0 (Linux; Android 5.0) AppleWebKit/537.36 (KHTML, like Gecko) Mobile Safari/537.36 (compatible; TikTokSpider; [email protected])"
103.138.251.82 - - [09/Jun/2025:06:47:11 -0400] "GET /about.php?ac=change_about_path&api=&path=&t=72fc6aa1a5dc96c5640d88f379c080fa&s=1 HTTP/1.1" 404 1251 "-" "Mozilla/5.0 (Windows NT 10.0; Win64; x64) AppleWebKit/537.36 (KHTML, like Gecko) Chrome/113.0.0.0 Safari/537.36"
114.119.130.116 - - [09/Jun/2025:06:47:28 -0400] "GET /tag/volumes/page/6/ HTTP/1.1" 404 1251 "https://w5.yours-toclaim.com/tag/volumes/page/7/" "Mozilla/5.0 (Linux; Android 7.0;) AppleWebKit/537.36 (KHTML, like Gecko) Mobile Safari/537.36 (compatible; PetalBot;+https://webmaster.petalsearch.com/site/petalbot)"
66.249.68.130 - - [09/Jun/2025:06:50:53 -0400] "GET /yours-to-claim/yours-to-claim-chapter-78/ HTTP/1.1" 404 1251 "-" "Mozilla/5.0 (Linux; Android 6.0.1; Nexus 5X Build/MMB29P) AppleWebKit/537.36 (KHTML, like Gecko) Chrome/136.0.7103.113 Mobile Safari/537.36 (compatible; Googlebot/2.1; +http://www.google.com/bot.html)"
2001:41d0:2:3ea5:: - - [09/Jun/2025:06:52:19 -0400] "POST /xmlrpc.php HTTP/1.1" 200 0 "-" "Mozilla/5.0 (X11; Ubuntu; Linux x86_64; rv:85.0) Gecko/20100101 Firefox/91.0"
47.128.39.229 - - [09/Jun/2025:06:56:40 -0400] "GET /tag/yours-to-claim/page/3/ HTTP/1.1" 404 1251 "-" "Mozilla/5.0 (compatible; Bytespider; [email protected]) AppleWebKit/537.36 (KHTML, like Gecko) Chrome/70.0.0.0 Safari/537.36"
66.249.68.130 - - [09/Jun/2025:06:57:05 -0400] "GET /?y=41129143667204&channel=8b7436&from=jp.php%3Fid%3D1436672-21281%26name%3D%E3%83%90%E3%82%A4%E3%82%AF%E7%94%A8%E3%83%81%E3%82%A7%E3%83%BC%E3%83%B3%E3%82%AC%E3%82%A4%E3%83%89%E3%82%AC%E3%83%BC%E3%83%89+%E7%82%BA%E3%81%AB%E3%82%B9%E3%82%BA%E3%82%AD%E9%9A%BC+GSXR1300+GSX1300R+1999-2020+%E3%81%AE%E5%A0%B4%E5%90%88%E3%82%AA%E3%83%BC%E3%83%88%E3%83%90%E3%82%A4%E3%83%90%E3%83%83%E3%82%AF%E3%83%89%E3%83%A9%E3%82%A4%E3%83%96%E3%83%81 HTTP/1.1" 200 1730 "-" "Mozilla/5.0 (Linux; Android 6.0.1; Nexus 5X Build/MMB29P) AppleWebKit/537.36 (KHTML, like Gecko) Chrome/136.0.7103.113 Mobile Safari/537.36 (compatible; Googlebot/2.1; +http://www.google.com/bot.html)"
162.248.77.175 - - [09/Jun/2025:06:58:55 -0400] "GET /about.php?ac=u_h_s_1&api=&path=/home/honehdyv/yours-toclaim.com/&t=72fc6aa1a5dc96c5640d88f379c080fa&s=1 HTTP/1.1" 404 1251 "-" "Mozilla/5.0 (Windows NT 10.0; Win64; x64) AppleWebKit/537.36 (KHTML, like Gecko) Chrome/113.0.0.0 Safari/537.36"
47.128.59.64 - - [09/Jun/2025:07:00:40 -0400] "GET /tag/volumes/page/7/ HTTP/1.1" 404 1251 "-" "Mozilla/5.0 (compatible; Bytespider; [email protected]) AppleWebKit/537.36 (KHTML, like Gecko) Chrome/70.0.0.0 Safari/537.36"
85.208.96.212 - - [09/Jun/2025:07:01:28 -0400] "GET /yours-to-claim/yours-to-claim-chapter-17/ HTTP/1.1" 404 1251 "-" "Mozilla/5.0 (compatible; SemrushBot/7~bl; +http://www.semrush.com/bot.html)"
137.184.195.124 - - [09/Jun/2025:07:01:46 -0400] "GET /wp-admin/css/ HTTP/1.1" 200 2771 "binance.com" "Mozilla/5.0 (Windows NT 10.0; Win64; x64) AppleWebKit/537.36 (KHTML, like Gecko) Chrome/90.0.4430.85 Safari/537.36"
137.184.195.124 - - [09/Jun/2025:07:01:48 -0400] "GET /wp-content/uploads/2025/06/ HTTP/1.1" 200 555 "binance.com" "Mozilla/5.0 (Windows NT 10.0; Win64; x64) AppleWebKit/537.36 (KHTML, like Gecko) Chrome/90.0.4430.85 Safari/537.36"
137.184.195.124 - - [09/Jun/2025:07:01:50 -0400] "GET /wp-content/uploads/2025/05/ HTTP/1.1" 200 555 "binance.com" "Mozilla/5.0 (Windows NT 10.0; Win64; x64) AppleWebKit/537.36 (KHTML, like Gecko) Chrome/90.0.4430.85 Safari/537.36"
137.184.195.124 - - [09/Jun/2025:07:01:52 -0400] "GET /wp-content/uploads/ HTTP/1.1" 200 1093 "binance.com" "Mozilla/5.0 (Windows NT 10.0; Win64; x64) AppleWebKit/537.36 (KHTML, like Gecko) Chrome/90.0.4430.85 Safari/537.36"
137.184.195.124 - - [09/Jun/2025:07:01:53 -0400] "GET /wp-content/upgrade/ HTTP/1.1" 200 550 "binance.com" "Mozilla/5.0 (Windows NT 10.0; Win64; x64) AppleWebKit/537.36 (KHTML, like Gecko) Chrome/90.0.4430.85 Safari/537.36"
137.184.195.124 - - [09/Jun/2025:07:01:55 -0400] "GET /wp-content/languages/ HTTP/1.1" 200 0 "binance.com" "Mozilla/5.0 (Windows NT 10.0; Win64; x64) AppleWebKit/537.36 (KHTML, like Gecko) Chrome/90.0.4430.85 Safari/537.36"
137.184.195.124 - - [09/Jun/2025:07:01:57 -0400] "GET /wp-admin/includes/ HTTP/1.1" 200 3605 "binance.com" "Mozilla/5.0 (Windows NT 10.0; Win64; x64) AppleWebKit/537.36 (KHTML, like Gecko) Chrome/90.0.4430.85 Safari/537.36"
137.184.195.124 - - [09/Jun/2025:07:01:59 -0400] "GET /wp-admin/includes/ HTTP/1.1" 200 3605 "binance.com" "Mozilla/5.0 (Windows NT 10.0; Win64; x64) AppleWebKit/537.36 (KHTML, like Gecko) Chrome/90.0.4430.85 Safari/537.36"
137.184.195.124 - - [09/Jun/2025:07:02:02 -0400] "GET /wp-admin/maint/ HTTP/1.1" 200 628 "binance.com" "Mozilla/5.0 (Windows NT 10.0; Win64; x64) AppleWebKit/537.36 (KHTML, like Gecko) Chrome/90.0.4430.85 Safari/537.36"
137.184.195.124 - - [09/Jun/2025:07:02:04 -0400] "GET /wp-admin/maint/ HTTP/1.1" 200 628 "binance.com" "Mozilla/5.0 (Windows NT 10.0; Win64; x64) AppleWebKit/537.36 (KHTML, like Gecko) Chrome/90.0.4430.85 Safari/537.36"
137.184.195.124 - - [09/Jun/2025:07:02:06 -0400] "GET /wp-admin/network/ HTTP/1.1" 200 0 "binance.com" "Mozilla/5.0 (Windows NT 10.0; Win64; x64) AppleWebKit/537.36 (KHTML, like Gecko) Chrome/90.0.4430.85 Safari/537.36"
137.184.195.124 - - [09/Jun/2025:07:02:08 -0400] "GET /wp-admin/user/ HTTP/1.1" 200 0 "binance.com" "Mozilla/5.0 (Windows NT 10.0; Win64; x64) AppleWebKit/537.36 (KHTML, like Gecko) Chrome/90.0.4430.85 Safari/537.36"
137.184.195.124 - - [09/Jun/2025:07:02:09 -0400] "GET /wp-admin/css/ HTTP/1.1" 200 2816 "binance.com" "Mozilla/5.0 (Windows NT 10.0; Win64; x64) AppleWebKit/537.36 (KHTML, like Gecko) Chrome/90.0.4430.85 Safari/537.36"
137.184.195.124 - - [09/Jun/2025:07:02:11 -0400] "GET /wp-admin/css/colors/ HTTP/1.1" 200 1119 "binance.com" "Mozilla/5.0 (Windows NT 10.0; Win64; x64) AppleWebKit/537.36 (KHTML, like Gecko) Chrome/90.0.4430.85 Safari/537.36"
137.184.195.124 - - [09/Jun/2025:07:02:12 -0400] "GET /wp-admin/css/colors/blue/ HTTP/1.1" 200 1064 "binance.com" "Mozilla/5.0 (Windows NT 10.0; Win64; x64) AppleWebKit/537.36 (KHTML, like Gecko) Chrome/90.0.4430.85 Safari/537.36"
137.184.195.124 - - [09/Jun/2025:07:02:14 -0400] "GET /wp-admin/css/colors/coffee/ HTTP/1.1" 200 729 "binance.com" "Mozilla/5.0 (Windows NT 10.0; Win64; x64) AppleWebKit/537.36 (KHTML, like Gecko) Chrome/90.0.4430.85 Safari/537.36"
137.184.195.124 - - [09/Jun/2025:07:02:15 -0400] "GET /wp-admin/css/colors/ectoplasm/ HTTP/1.1" 200 715 "binance.com" "Mozilla/5.0 (Windows NT 10.0; Win64; x64) AppleWebKit/537.36 (KHTML, like Gecko) Chrome/90.0.4430.85 Safari/537.36"
137.184.195.124 - - [09/Jun/2025:07:02:16 -0400] "GET /wp-admin/css/colors/light/ HTTP/1.1" 200 725 "binance.com" "Mozilla/5.0 (Windows NT 10.0; Win64; x64) AppleWebKit/537.36 (KHTML, like Gecko) Chrome/90.0.4430.85 Safari/537.36"
137.184.195.124 - - [09/Jun/2025:07:02:18 -0400] "GET /wp-admin/css/colors/midnight/ HTTP/1.1" 200 722 "binance.com" "Mozilla/5.0 (Windows NT 10.0; Win64; x64) AppleWebKit/537.36 (KHTML, like Gecko) Chrome/90.0.4430.85 Safari/537.36"
