162.0.232.193 - - [08/Jun/2025:18:00:31 -0400] "POST /wp-cron.php?doing_wp_cron=1749420031.1085300445556640625000 HTTP/1.1" 200 0 "-" "WordPress/6.8.1; https://w5.yours-toclaim.com"
196.251.85.177 - - [08/Jun/2025:18:00:16 -0400] "POST //xmlrpc.php HTTP/1.1" 200 205 "-" "Mozilla/5.0 (Windows NT 10.0; Win64; x64) AppleWebKit/537.36 (KHTML, like Gecko) Chrome/89.0.4389.114 Safari/537.36"
144.76.32.246 - - [08/Jun/2025:18:00:41 -0400] "GET /yours-to-claim/yours-to-claim-chapter-13/ HTTP/1.1" 200 55298 "-" "Mozilla/5.0 (compatible; BLEXBot/1.0; +https://help.seranking.com/en/blex-crawler)"
162.0.232.193 - - [08/Jun/2025:18:00:46 -0400] "POST /wp-cron.php?doing_wp_cron=1749420046.1082749366760253906250 HTTP/1.1" 200 0 "-" "WordPress/6.8.1; https://w5.yours-toclaim.com"
196.251.85.177 - - [08/Jun/2025:18:00:31 -0400] "POST //xmlrpc.php HTTP/1.1" 200 205 "-" "Mozilla/5.0 (Windows NT 10.0; Win64; x64) AppleWebKit/537.36 (KHTML, like Gecko) Chrome/89.0.4389.114 Safari/537.36"
144.76.32.246 - - [08/Jun/2025:18:00:48 -0400] "GET /yours-to-claim/yours-to-claim-chapter-14/ HTTP/1.1" 200 48907 "-" "Mozilla/5.0 (compatible; BLEXBot/1.0; +https://help.seranking.com/en/blex-crawler)"
196.251.85.177 - - [08/Jun/2025:18:00:46 -0400] "POST //xmlrpc.php HTTP/1.1" 200 205 "-" "Mozilla/5.0 (Windows NT 10.0; Win64; x64) AppleWebKit/537.36 (KHTML, like Gecko) Chrome/89.0.4389.114 Safari/537.36"
144.76.32.246 - - [08/Jun/2025:18:01:12 -0400] "GET /yours-to-claim/yours-to-claim-chapter-19/ HTTP/1.1" 200 44527 "-" "Mozilla/5.0 (compatible; BLEXBot/1.0; +https://help.seranking.com/en/blex-crawler)"
162.0.232.193 - - [08/Jun/2025:18:01:16 -0400] "POST /wp-cron.php?doing_wp_cron=1749420076.1283690929412841796875 HTTP/1.1" 200 0 "-" "WordPress/6.8.1; https://w5.yours-toclaim.com"
196.251.85.177 - - [08/Jun/2025:18:01:01 -0400] "POST //xmlrpc.php HTTP/1.1" 200 205 "-" "Mozilla/5.0 (Windows NT 10.0; Win64; x64) AppleWebKit/537.36 (KHTML, like Gecko) Chrome/89.0.4389.114 Safari/537.36"
162.0.232.193 - - [08/Jun/2025:18:01:30 -0400] "POST /wp-cron.php?doing_wp_cron=1749420090.6961851119995117187500 HTTP/1.1" 200 0 "-" "WordPress/6.8.1; https://w5.yours-toclaim.com"
196.251.85.177 - - [08/Jun/2025:18:01:17 -0400] "POST //xmlrpc.php HTTP/1.1" 200 205 "-" "Mozilla/5.0 (Windows NT 10.0; Win64; x64) AppleWebKit/537.36 (KHTML, like Gecko) Chrome/89.0.4389.114 Safari/537.36"
162.0.232.193 - - [08/Jun/2025:18:01:46 -0400] "POST /wp-cron.php?doing_wp_cron=1749420106.1865329742431640625000 HTTP/1.1" 200 0 "-" "WordPress/6.8.1; https://w5.yours-toclaim.com"
196.251.85.177 - - [08/Jun/2025:18:01:32 -0400] "POST //xmlrpc.php HTTP/1.1" 200 205 "-" "Mozilla/5.0 (Windows NT 10.0; Win64; x64) AppleWebKit/537.36 (KHTML, like Gecko) Chrome/89.0.4389.114 Safari/537.36"
196.251.85.177 - - [08/Jun/2025:18:01:47 -0400] "POST //xmlrpc.php HTTP/1.1" 200 205 "-" "Mozilla/5.0 (Windows NT 10.0; Win64; x64) AppleWebKit/537.36 (KHTML, like Gecko) Chrome/89.0.4389.114 Safari/537.36"
162.0.232.193 - - [08/Jun/2025:18:02:16 -0400] "POST /wp-cron.php?doing_wp_cron=1749420135.9925429821014404296875 HTTP/1.1" 200 0 "-" "WordPress/6.8.1; https://w5.yours-toclaim.com"
196.251.85.177 - - [08/Jun/2025:18:02:00 -0400] "POST //xmlrpc.php HTTP/1.1" 200 205 "-" "Mozilla/5.0 (Windows NT 10.0; Win64; x64) AppleWebKit/537.36 (KHTML, like Gecko) Chrome/89.0.4389.114 Safari/537.36"
162.0.232.193 - - [08/Jun/2025:18:02:31 -0400] "POST /wp-cron.php?doing_wp_cron=1749420151.1401948928833007812500 HTTP/1.1" 200 0 "-" "WordPress/6.8.1; https://w5.yours-toclaim.com"
196.251.85.177 - - [08/Jun/2025:18:02:16 -0400] "POST //xmlrpc.php HTTP/1.1" 200 205 "-" "Mozilla/5.0 (Windows NT 10.0; Win64; x64) AppleWebKit/537.36 (KHTML, like Gecko) Chrome/89.0.4389.114 Safari/537.36"
144.76.32.246 - - [08/Jun/2025:18:02:36 -0400] "GET /yours-to-claim/yours-to-claim-chapter-31/ HTTP/1.1" 200 48716 "-" "Mozilla/5.0 (compatible; BLEXBot/1.0; +https://help.seranking.com/en/blex-crawler)"
144.76.32.246 - - [08/Jun/2025:18:02:41 -0400] "GET /yours-to-claim/yours-to-claim-chapter-32/ HTTP/1.1" 200 48137 "-" "Mozilla/5.0 (compatible; BLEXBot/1.0; +https://help.seranking.com/en/blex-crawler)"
144.76.32.246 - - [08/Jun/2025:18:02:45 -0400] "GET /yours-to-claim/yours-to-claim-chapter-40/ HTTP/1.1" 200 48978 "-" "Mozilla/5.0 (compatible; BLEXBot/1.0; +https://help.seranking.com/en/blex-crawler)"
162.0.232.193 - - [08/Jun/2025:18:02:46 -0400] "POST /wp-cron.php?doing_wp_cron=1749420166.0703749656677246093750 HTTP/1.1" 200 0 "-" "WordPress/6.8.1; https://w5.yours-toclaim.com"
196.251.85.177 - - [08/Jun/2025:18:02:31 -0400] "POST //xmlrpc.php HTTP/1.1" 200 205 "-" "Mozilla/5.0 (Windows NT 10.0; Win64; x64) AppleWebKit/537.36 (KHTML, like Gecko) Chrome/89.0.4389.114 Safari/537.36"
196.251.85.177 - - [08/Jun/2025:18:02:46 -0400] "POST //xmlrpc.php HTTP/1.1" 200 205 "-" "Mozilla/5.0 (Windows NT 10.0; Win64; x64) AppleWebKit/537.36 (KHTML, like Gecko) Chrome/89.0.4389.114 Safari/537.36"
162.0.232.193 - - [08/Jun/2025:18:03:15 -0400] "POST /wp-cron.php?doing_wp_cron=1749420195.6283869743347167968750 HTTP/1.1" 200 0 "-" "WordPress/6.8.1; https://w5.yours-toclaim.com"
196.251.85.177 - - [08/Jun/2025:18:03:01 -0400] "POST //xmlrpc.php HTTP/1.1" 200 205 "-" "Mozilla/5.0 (Windows NT 10.0; Win64; x64) AppleWebKit/537.36 (KHTML, like Gecko) Chrome/89.0.4389.114 Safari/537.36"
162.0.232.193 - - [08/Jun/2025:18:03:30 -0400] "POST /wp-cron.php?doing_wp_cron=1749420210.5591011047363281250000 HTTP/1.1" 200 0 "-" "WordPress/6.8.1; https://w5.yours-toclaim.com"
196.251.85.177 - - [08/Jun/2025:18:03:16 -0400] "POST //xmlrpc.php HTTP/1.1" 200 205 "-" "Mozilla/5.0 (Windows NT 10.0; Win64; x64) AppleWebKit/537.36 (KHTML, like Gecko) Chrome/89.0.4389.114 Safari/537.36"
144.76.32.246 - - [08/Jun/2025:18:03:44 -0400] "GET /yours-to-claim/yours-to-claim-chapter-43/ HTTP/1.1" 200 51814 "-" "Mozilla/5.0 (compatible; BLEXBot/1.0; +https://help.seranking.com/en/blex-crawler)"
162.0.232.193 - - [08/Jun/2025:18:03:45 -0400] "POST /wp-cron.php?doing_wp_cron=1749420225.4794828891754150390625 HTTP/1.1" 200 0 "-" "WordPress/6.8.1; https://w5.yours-toclaim.com"
196.251.85.177 - - [08/Jun/2025:18:03:31 -0400] "POST //xmlrpc.php HTTP/1.1" 200 205 "-" "Mozilla/5.0 (Windows NT 10.0; Win64; x64) AppleWebKit/537.36 (KHTML, like Gecko) Chrome/89.0.4389.114 Safari/537.36"
144.76.32.246 - - [08/Jun/2025:18:03:51 -0400] "GET /yours-to-claim/yours-to-claim-chapter-54/ HTTP/1.1" 200 64266 "-" "Mozilla/5.0 (compatible; BLEXBot/1.0; +https://help.seranking.com/en/blex-crawler)"
144.76.32.246 - - [08/Jun/2025:18:03:55 -0400] "GET /yours-to-claim/yours-to-claim-chapter-56/ HTTP/1.1" 200 57797 "-" "Mozilla/5.0 (compatible; BLEXBot/1.0; +https://help.seranking.com/en/blex-crawler)"
196.251.85.177 - - [08/Jun/2025:18:03:46 -0400] "POST //xmlrpc.php HTTP/1.1" 200 205 "-" "Mozilla/5.0 (Windows NT 10.0; Win64; x64) AppleWebKit/537.36 (KHTML, like Gecko) Chrome/89.0.4389.114 Safari/537.36"
162.0.232.193 - - [08/Jun/2025:18:04:16 -0400] "POST /wp-cron.php?doing_wp_cron=1749420256.0986020565032958984375 HTTP/1.1" 200 0 "-" "WordPress/6.8.1; https://w5.yours-toclaim.com"
196.251.85.177 - - [08/Jun/2025:18:04:00 -0400] "POST //xmlrpc.php HTTP/1.1" 200 205 "-" "Mozilla/5.0 (Windows NT 10.0; Win64; x64) AppleWebKit/537.36 (KHTML, like Gecko) Chrome/89.0.4389.114 Safari/537.36"
162.0.232.193 - - [08/Jun/2025:18:04:30 -0400] "POST /wp-cron.php?doing_wp_cron=1749420270.8566970825195312500000 HTTP/1.1" 200 0 "-" "WordPress/6.8.1; https://w5.yours-toclaim.com"
196.251.85.177 - - [08/Jun/2025:18:04:16 -0400] "POST //xmlrpc.php HTTP/1.1" 200 205 "-" "Mozilla/5.0 (Windows NT 10.0; Win64; x64) AppleWebKit/537.36 (KHTML, like Gecko) Chrome/89.0.4389.114 Safari/537.36"
162.0.232.193 - - [08/Jun/2025:18:04:45 -0400] "POST /wp-cron.php?doing_wp_cron=1749420285.8070049285888671875000 HTTP/1.1" 200 0 "-" "WordPress/6.8.1; https://w5.yours-toclaim.com"
196.251.85.177 - - [08/Jun/2025:18:04:31 -0400] "POST //xmlrpc.php HTTP/1.1" 200 205 "-" "Mozilla/5.0 (Windows NT 10.0; Win64; x64) AppleWebKit/537.36 (KHTML, like Gecko) Chrome/89.0.4389.114 Safari/537.36"
196.251.85.177 - - [08/Jun/2025:18:04:46 -0400] "POST //xmlrpc.php HTTP/1.1" 200 205 "-" "Mozilla/5.0 (Windows NT 10.0; Win64; x64) AppleWebKit/537.36 (KHTML, like Gecko) Chrome/89.0.4389.114 Safari/537.36"
144.76.32.246 - - [08/Jun/2025:18:05:04 -0400] "GET /yours-to-claim/yours-to-claim-chapter-57/ HTTP/1.1" 200 57039 "-" "Mozilla/5.0 (compatible; BLEXBot/1.0; +https://help.seranking.com/en/blex-crawler)"
144.76.32.246 - - [08/Jun/2025:18:05:11 -0400] "GET /yours-to-claim/yours-to-claim-chapter-59/ HTTP/1.1" 200 51295 "-" "Mozilla/5.0 (compatible; BLEXBot/1.0; +https://help.seranking.com/en/blex-crawler)"
144.76.32.246 - - [08/Jun/2025:18:05:14 -0400] "GET /yours-to-claim/yours-to-claim-chapter-63/ HTTP/1.1" 200 44843 "-" "Mozilla/5.0 (compatible; BLEXBot/1.0; +https://help.seranking.com/en/blex-crawler)"
162.0.232.193 - - [08/Jun/2025:18:05:15 -0400] "POST /wp-cron.php?doing_wp_cron=1749420315.5694520473480224609375 HTTP/1.1" 200 0 "-" "WordPress/6.8.1; https://w5.yours-toclaim.com"
196.251.85.177 - - [08/Jun/2025:18:05:01 -0400] "POST //xmlrpc.php HTTP/1.1" 200 205 "-" "Mozilla/5.0 (Windows NT 10.0; Win64; x64) AppleWebKit/537.36 (KHTML, like Gecko) Chrome/89.0.4389.114 Safari/537.36"
144.76.32.246 - - [08/Jun/2025:18:05:18 -0400] "GET /yours-to-claim/yours-to-claim-chapter-70/ HTTP/1.1" 200 45233 "-" "Mozilla/5.0 (compatible; BLEXBot/1.0; +https://help.seranking.com/en/blex-crawler)"
162.0.232.193 - - [08/Jun/2025:18:05:30 -0400] "POST /wp-cron.php?doing_wp_cron=1749420330.5453970432281494140625 HTTP/1.1" 200 0 "-" "WordPress/6.8.1; https://w5.yours-toclaim.com"
196.251.85.177 - - [08/Jun/2025:18:05:16 -0400] "POST //xmlrpc.php HTTP/1.1" 200 205 "-" "Mozilla/5.0 (Windows NT 10.0; Win64; x64) AppleWebKit/537.36 (KHTML, like Gecko) Chrome/89.0.4389.114 Safari/537.36"
162.0.232.193 - - [08/Jun/2025:18:05:45 -0400] "POST /wp-cron.php?doing_wp_cron=1749420345.6783080101013183593750 HTTP/1.1" 200 0 "-" "WordPress/6.8.1; https://w5.yours-toclaim.com"
196.251.85.177 - - [08/Jun/2025:18:05:31 -0400] "POST //xmlrpc.php HTTP/1.1" 200 205 "-" "Mozilla/5.0 (Windows NT 10.0; Win64; x64) AppleWebKit/537.36 (KHTML, like Gecko) Chrome/89.0.4389.114 Safari/537.36"
196.251.85.177 - - [08/Jun/2025:18:05:46 -0400] "POST //xmlrpc.php HTTP/1.1" 200 205 "-" "Mozilla/5.0 (Windows NT 10.0; Win64; x64) AppleWebKit/537.36 (KHTML, like Gecko) Chrome/89.0.4389.114 Safari/537.36"
162.0.232.193 - - [08/Jun/2025:18:06:09 -0400] "POST /wp-cron.php?doing_wp_cron=1749420369.2733399868011474609375 HTTP/1.1" 200 0 "-" "WordPress/6.8.1; https://w5.yours-toclaim.com"
114.119.130.116 - - [08/Jun/2025:18:06:09 -0400] "GET /tag/yours-to-claim/page/4/ HTTP/1.1" 200 57488 "https://yours-toclaim.com/tag/yours-to-claim/page/3/" "Mozilla/5.0 (Linux; Android 7.0;) AppleWebKit/537.36 (KHTML, like Gecko) Mobile Safari/537.36 (compatible; PetalBot;+https://webmaster.petalsearch.com/site/petalbot)"
196.251.85.177 - - [08/Jun/2025:18:06:01 -0400] "POST //xmlrpc.php HTTP/1.1" 200 205 "-" "Mozilla/5.0 (Windows NT 10.0; Win64; x64) AppleWebKit/537.36 (KHTML, like Gecko) Chrome/89.0.4389.114 Safari/537.36"
144.76.32.246 - - [08/Jun/2025:18:06:20 -0400] "GET /yours-to-claim/yours-to-claim-chapter-63-1/ HTTP/1.1" 200 45076 "-" "Mozilla/5.0 (compatible; BLEXBot/1.0; +https://help.seranking.com/en/blex-crawler)"
162.0.232.193 - - [08/Jun/2025:18:06:30 -0400] "POST /wp-cron.php?doing_wp_cron=1749420390.6448318958282470703125 HTTP/1.1" 200 0 "-" "WordPress/6.8.1; https://w5.yours-toclaim.com"
196.251.85.177 - - [08/Jun/2025:18:06:16 -0400] "POST //xmlrpc.php HTTP/1.1" 200 205 "-" "Mozilla/5.0 (Windows NT 10.0; Win64; x64) AppleWebKit/537.36 (KHTML, like Gecko) Chrome/89.0.4389.114 Safari/537.36"
162.0.232.193 - - [08/Jun/2025:18:06:46 -0400] "POST /wp-cron.php?doing_wp_cron=1749420405.8937420845031738281250 HTTP/1.1" 200 0 "-" "WordPress/6.8.1; https://w5.yours-toclaim.com"
196.251.85.177 - - [08/Jun/2025:18:06:31 -0400] "POST //xmlrpc.php HTTP/1.1" 200 205 "-" "Mozilla/5.0 (Windows NT 10.0; Win64; x64) AppleWebKit/537.36 (KHTML, like Gecko) Chrome/89.0.4389.114 Safari/537.36"
157.55.39.55 - - [08/Jun/2025:18:06:48 -0400] "GET /tag/webcomic/page/2/ HTTP/1.1" 200 50940 "-" "Mozilla/5.0 AppleWebKit/537.36 (KHTML, like Gecko; compatible; bingbot/2.0; +http://www.bing.com/bingbot.htm) Chrome/116.0.1938.76 Safari/537.36"
196.251.85.177 - - [08/Jun/2025:18:06:46 -0400] "POST //xmlrpc.php HTTP/1.1" 200 205 "-" "Mozilla/5.0 (Windows NT 10.0; Win64; x64) AppleWebKit/537.36 (KHTML, like Gecko) Chrome/89.0.4389.114 Safari/537.36"
162.0.232.193 - - [08/Jun/2025:18:07:16 -0400] "POST /wp-cron.php?doing_wp_cron=1749420435.9312970638275146484375 HTTP/1.1" 200 0 "-" "WordPress/6.8.1; https://w5.yours-toclaim.com"
196.251.85.177 - - [08/Jun/2025:18:07:01 -0400] "POST //xmlrpc.php HTTP/1.1" 200 205 "-" "Mozilla/5.0 (Windows NT 10.0; Win64; x64) AppleWebKit/537.36 (KHTML, like Gecko) Chrome/89.0.4389.114 Safari/537.36"
114.119.156.33 - - [08/Jun/2025:18:07:29 -0400] "GET /tag/yours-to-claim-manga/ HTTP/1.1" 200 67049 "https://w4.yours-toclaim.com/tag/yours-to-claim-lezhin-season-2/page/7/" "Mozilla/5.0 (Linux; Android 7.0;) AppleWebKit/537.36 (KHTML, like Gecko) Mobile Safari/537.36 (compatible; PetalBot;+https://webmaster.petalsearch.com/site/petalbot)"
162.0.232.193 - - [08/Jun/2025:18:07:31 -0400] "POST /wp-cron.php?doing_wp_cron=1749420451.1039040088653564453125 HTTP/1.1" 200 0 "-" "WordPress/6.8.1; https://w5.yours-toclaim.com"
196.251.85.177 - - [08/Jun/2025:18:07:16 -0400] "POST //xmlrpc.php HTTP/1.1" 200 205 "-" "Mozilla/5.0 (Windows NT 10.0; Win64; x64) AppleWebKit/537.36 (KHTML, like Gecko) Chrome/89.0.4389.114 Safari/537.36"
162.0.232.193 - - [08/Jun/2025:18:07:45 -0400] "POST /wp-cron.php?doing_wp_cron=1749420465.9371581077575683593750 HTTP/1.1" 200 0 "-" "WordPress/6.8.1; https://w5.yours-toclaim.com"
196.251.85.177 - - [08/Jun/2025:18:07:31 -0400] "POST //xmlrpc.php HTTP/1.1" 200 205 "-" "Mozilla/5.0 (Windows NT 10.0; Win64; x64) AppleWebKit/537.36 (KHTML, like Gecko) Chrome/89.0.4389.114 Safari/537.36"
144.76.32.246 - - [08/Jun/2025:18:07:52 -0400] "GET /tag/manga/ HTTP/1.1" 200 67094 "-" "Mozilla/5.0 (compatible; BLEXBot/1.0; +https://help.seranking.com/en/blex-crawler)"
196.251.85.177 - - [08/Jun/2025:18:07:46 -0400] "POST //xmlrpc.php HTTP/1.1" 200 205 "-" "Mozilla/5.0 (Windows NT 10.0; Win64; x64) AppleWebKit/537.36 (KHTML, like Gecko) Chrome/89.0.4389.114 Safari/537.36"
144.76.32.246 - - [08/Jun/2025:18:08:06 -0400] "GET /tag/chapter/ HTTP/1.1" 200 66875 "-" "Mozilla/5.0 (compatible; BLEXBot/1.0; +https://help.seranking.com/en/blex-crawler)"
162.0.232.193 - - [08/Jun/2025:18:08:15 -0400] "POST /wp-cron.php?doing_wp_cron=1749420495.1743199825286865234375 HTTP/1.1" 200 0 "-" "WordPress/6.8.1; https://w5.yours-toclaim.com"
196.251.85.177 - - [08/Jun/2025:18:08:01 -0400] "POST //xmlrpc.php HTTP/1.1" 200 205 "-" "Mozilla/5.0 (Windows NT 10.0; Win64; x64) AppleWebKit/537.36 (KHTML, like Gecko) Chrome/89.0.4389.114 Safari/537.36"
162.0.232.193 - - [08/Jun/2025:18:08:30 -0400] "POST /wp-cron.php?doing_wp_cron=1749420510.8893580436706542968750 HTTP/1.1" 200 0 "-" "WordPress/6.8.1; https://w5.yours-toclaim.com"
196.251.85.177 - - [08/Jun/2025:18:08:15 -0400] "POST //xmlrpc.php HTTP/1.1" 200 205 "-" "Mozilla/5.0 (Windows NT 10.0; Win64; x64) AppleWebKit/537.36 (KHTML, like Gecko) Chrome/89.0.4389.114 Safari/537.36"
162.0.232.193 - - [08/Jun/2025:18:08:45 -0400] "POST /wp-cron.php?doing_wp_cron=1749420525.6908159255981445312500 HTTP/1.1" 200 0 "-" "WordPress/6.8.1; https://w5.yours-toclaim.com"
196.251.85.177 - - [08/Jun/2025:18:08:31 -0400] "POST //xmlrpc.php HTTP/1.1" 200 205 "-" "Mozilla/5.0 (Windows NT 10.0; Win64; x64) AppleWebKit/537.36 (KHTML, like Gecko) Chrome/89.0.4389.114 Safari/537.36"
196.251.85.177 - - [08/Jun/2025:18:08:46 -0400] "POST //xmlrpc.php HTTP/1.1" 200 205 "-" "Mozilla/5.0 (Windows NT 10.0; Win64; x64) AppleWebKit/537.36 (KHTML, like Gecko) Chrome/89.0.4389.114 Safari/537.36"
144.76.32.246 - - [08/Jun/2025:18:09:12 -0400] "GET /privacy-policy/ HTTP/1.1" 200 40533 "-" "Mozilla/5.0 (compatible; BLEXBot/1.0; +https://help.seranking.com/en/blex-crawler)"
144.76.32.246 - - [08/Jun/2025:18:09:15 -0400] "GET /category/yours-to-claim-read/ HTTP/1.1" 200 66983 "-" "Mozilla/5.0 (compatible; BLEXBot/1.0; +https://help.seranking.com/en/blex-crawler)"
162.0.232.193 - - [08/Jun/2025:18:09:16 -0400] "POST /wp-cron.php?doing_wp_cron=1749420556.1140859127044677734375 HTTP/1.1" 200 0 "-" "WordPress/6.8.1; https://w5.yours-toclaim.com"
196.251.85.177 - - [08/Jun/2025:18:09:00 -0400] "POST //xmlrpc.php HTTP/1.1" 200 205 "-" "Mozilla/5.0 (Windows NT 10.0; Win64; x64) AppleWebKit/537.36 (KHTML, like Gecko) Chrome/89.0.4389.114 Safari/537.36"
157.55.39.55 - - [08/Jun/2025:18:09:18 -0400] "GET /yours-to-claim/yours-to-claim-chapter-6/ HTTP/1.1" 200 51508 "-" "Mozilla/5.0 AppleWebKit/537.36 (KHTML, like Gecko; compatible; bingbot/2.0; +http://www.bing.com/bingbot.htm) Chrome/116.0.1938.76 Safari/537.36"
144.76.32.246 - - [08/Jun/2025:18:09:19 -0400] "GET /category/yours-to-claim-manga/ HTTP/1.1" 200 67039 "-" "Mozilla/5.0 (compatible; BLEXBot/1.0; +https://help.seranking.com/en/blex-crawler)"
144.76.32.246 - - [08/Jun/2025:18:09:24 -0400] "GET /tag/yours-to-claim-lezhin-season-2/ HTTP/1.1" 200 66967 "-" "Mozilla/5.0 (compatible; BLEXBot/1.0; +https://help.seranking.com/en/blex-crawler)"
162.0.232.193 - - [08/Jun/2025:18:09:31 -0400] "POST /wp-cron.php?doing_wp_cron=1749420571.1536839008331298828125 HTTP/1.1" 200 0 "-" "WordPress/6.8.1; https://w5.yours-toclaim.com"
196.251.85.177 - - [08/Jun/2025:18:09:16 -0400] "POST //xmlrpc.php HTTP/1.1" 200 205 "-" "Mozilla/5.0 (Windows NT 10.0; Win64; x64) AppleWebKit/537.36 (KHTML, like Gecko) Chrome/89.0.4389.114 Safari/537.36"
162.0.232.193 - - [08/Jun/2025:18:09:46 -0400] "POST /wp-cron.php?doing_wp_cron=1749420586.0424959659576416015625 HTTP/1.1" 200 0 "-" "WordPress/6.8.1; https://w5.yours-toclaim.com"
196.251.85.177 - - [08/Jun/2025:18:09:31 -0400] "POST //xmlrpc.php HTTP/1.1" 200 205 "-" "Mozilla/5.0 (Windows NT 10.0; Win64; x64) AppleWebKit/537.36 (KHTML, like Gecko) Chrome/89.0.4389.114 Safari/537.36"
196.251.85.177 - - [08/Jun/2025:18:09:46 -0400] "POST //xmlrpc.php HTTP/1.1" 200 205 "-" "Mozilla/5.0 (Windows NT 10.0; Win64; x64) AppleWebKit/537.36 (KHTML, like Gecko) Chrome/89.0.4389.114 Safari/537.36"
162.0.232.193 - - [08/Jun/2025:18:10:15 -0400] "POST /wp-cron.php?doing_wp_cron=1749420615.3615250587463378906250 HTTP/1.1" 200 0 "-" "WordPress/6.8.1; https://w5.yours-toclaim.com"
196.251.85.177 - - [08/Jun/2025:18:10:01 -0400] "POST //xmlrpc.php HTTP/1.1" 200 205 "-" "Mozilla/5.0 (Windows NT 10.0; Win64; x64) AppleWebKit/537.36 (KHTML, like Gecko) Chrome/89.0.4389.114 Safari/537.36"
162.0.232.193 - - [08/Jun/2025:18:10:30 -0400] "POST /wp-cron.php?doing_wp_cron=1749420630.4097559452056884765625 HTTP/1.1" 200 0 "-" "WordPress/6.8.1; https://w5.yours-toclaim.com"
196.251.85.177 - - [08/Jun/2025:18:10:16 -0400] "POST //xmlrpc.php HTTP/1.1" 200 205 "-" "Mozilla/5.0 (Windows NT 10.0; Win64; x64) AppleWebKit/537.36 (KHTML, like Gecko) Chrome/89.0.4389.114 Safari/537.36"
144.76.32.246 - - [08/Jun/2025:18:10:34 -0400] "GET /category/yours-to-claim-manhwa/page/2/ HTTP/1.1" 200 50866 "-" "Mozilla/5.0 (compatible; BLEXBot/1.0; +https://help.seranking.com/en/blex-crawler)"
144.76.32.246 - - [08/Jun/2025:18:10:41 -0400] "GET /yours-to-claim/yours-to-claim-chapter-6/ HTTP/1.1" 200 51508 "-" "Mozilla/5.0 (compatible; BLEXBot/1.0; +https://help.seranking.com/en/blex-crawler)"
162.0.232.193 - - [08/Jun/2025:18:10:45 -0400] "POST /wp-cron.php?doing_wp_cron=1749420645.6261589527130126953125 HTTP/1.1" 200 0 "-" "WordPress/6.8.1; https://w5.yours-toclaim.com"
196.251.85.177 - - [08/Jun/2025:18:10:31 -0400] "POST //xmlrpc.php HTTP/1.1" 200 205 "-" "Mozilla/5.0 (Windows NT 10.0; Win64; x64) AppleWebKit/537.36 (KHTML, like Gecko) Chrome/89.0.4389.114 Safari/537.36"
144.76.32.246 - - [08/Jun/2025:18:10:46 -0400] "GET /yours-to-claim/yours-to-claim-chapter-8/ HTTP/1.1" 200 50892 "-" "Mozilla/5.0 (compatible; BLEXBot/1.0; +https://help.seranking.com/en/blex-crawler)"
196.251.85.177 - - [08/Jun/2025:18:10:46 -0400] "POST //xmlrpc.php HTTP/1.1" 200 205 "-" "Mozilla/5.0 (Windows NT 10.0; Win64; x64) AppleWebKit/537.36 (KHTML, like Gecko) Chrome/89.0.4389.114 Safari/537.36"
162.0.232.193 - - [08/Jun/2025:18:11:15 -0400] "POST /wp-cron.php?doing_wp_cron=1749420675.4843831062316894531250 HTTP/1.1" 200 0 "-" "WordPress/6.8.1; https://w5.yours-toclaim.com"
196.251.85.177 - - [08/Jun/2025:18:11:01 -0400] "POST //xmlrpc.php HTTP/1.1" 200 205 "-" "Mozilla/5.0 (Windows NT 10.0; Win64; x64) AppleWebKit/537.36 (KHTML, like Gecko) Chrome/89.0.4389.114 Safari/537.36"
162.0.232.193 - - [08/Jun/2025:18:11:30 -0400] "POST /wp-cron.php?doing_wp_cron=1749420690.5791130065917968750000 HTTP/1.1" 200 0 "-" "WordPress/6.8.1; https://w5.yours-toclaim.com"
196.251.85.177 - - [08/Jun/2025:18:11:16 -0400] "POST //xmlrpc.php HTTP/1.1" 200 205 "-" "Mozilla/5.0 (Windows NT 10.0; Win64; x64) AppleWebKit/537.36 (KHTML, like Gecko) Chrome/89.0.4389.114 Safari/537.36"
162.0.232.193 - - [08/Jun/2025:18:11:45 -0400] "POST /wp-cron.php?doing_wp_cron=1749420705.4675030708312988281250 HTTP/1.1" 200 0 "-" "WordPress/6.8.1; https://w5.yours-toclaim.com"
196.251.85.177 - - [08/Jun/2025:18:11:31 -0400] "POST //xmlrpc.php HTTP/1.1" 200 205 "-" "Mozilla/5.0 (Windows NT 10.0; Win64; x64) AppleWebKit/537.36 (KHTML, like Gecko) Chrome/89.0.4389.114 Safari/537.36"
196.251.85.177 - - [08/Jun/2025:18:11:46 -0400] "POST //xmlrpc.php HTTP/1.1" 200 205 "-" "Mozilla/5.0 (Windows NT 10.0; Win64; x64) AppleWebKit/537.36 (KHTML, like Gecko) Chrome/89.0.4389.114 Safari/537.36"
162.0.232.193 - - [08/Jun/2025:18:12:16 -0400] "POST /wp-cron.php?doing_wp_cron=1749420736.1301620006561279296875 HTTP/1.1" 200 0 "-" "WordPress/6.8.1; https://w5.yours-toclaim.com"
196.251.85.177 - - [08/Jun/2025:18:12:00 -0400] "POST //xmlrpc.php HTTP/1.1" 200 205 "-" "Mozilla/5.0 (Windows NT 10.0; Win64; x64) AppleWebKit/537.36 (KHTML, like Gecko) Chrome/89.0.4389.114 Safari/537.36"
162.0.232.193 - - [08/Jun/2025:18:12:31 -0400] "POST /wp-cron.php?doing_wp_cron=1749420751.0079059600830078125000 HTTP/1.1" 200 0 "-" "WordPress/6.8.1; https://w5.yours-toclaim.com"
196.251.85.177 - - [08/Jun/2025:18:12:16 -0400] "POST //xmlrpc.php HTTP/1.1" 200 205 "-" "Mozilla/5.0 (Windows NT 10.0; Win64; x64) AppleWebKit/537.36 (KHTML, like Gecko) Chrome/89.0.4389.114 Safari/537.36"
162.0.232.193 - - [08/Jun/2025:18:13:01 -0400] "POST /wp-cron.php?doing_wp_cron=1749420781.1381719112396240234375 HTTP/1.1" 200 0 "-" "WordPress/6.8.1; https://w5.yours-toclaim.com"
196.251.85.177 - - [08/Jun/2025:18:12:31 -0400] "POST //xmlrpc.php HTTP/1.1" 200 205 "-" "Mozilla/5.0 (Windows NT 10.0; Win64; x64) AppleWebKit/537.36 (KHTML, like Gecko) Chrome/89.0.4389.114 Safari/537.36"
144.76.32.246 - - [08/Jun/2025:18:13:21 -0400] "GET /yours-to-claim/yours-to-claim-chapter-21/ HTTP/1.1" 200 50053 "-" "Mozilla/5.0 (compatible; BLEXBot/1.0; +https://help.seranking.com/en/blex-crawler)"
162.0.232.193 - - [08/Jun/2025:18:13:31 -0400] "POST /wp-cron.php?doing_wp_cron=1749420811.0680100917816162109375 HTTP/1.1" 200 0 "-" "WordPress/6.8.1; https://w5.yours-toclaim.com"
196.251.85.177 - - [08/Jun/2025:18:13:01 -0400] "POST //xmlrpc.php HTTP/1.1" 200 205 "-" "Mozilla/5.0 (Windows NT 10.0; Win64; x64) AppleWebKit/537.36 (KHTML, like Gecko) Chrome/89.0.4389.114 Safari/537.36"
162.0.232.193 - - [08/Jun/2025:18:14:01 -0400] "POST /wp-cron.php?doing_wp_cron=1749420840.8803720474243164062500 HTTP/1.1" 200 0 "-" "WordPress/6.8.1; https://w5.yours-toclaim.com"
196.251.85.177 - - [08/Jun/2025:18:13:31 -0400] "POST //xmlrpc.php HTTP/1.1" 200 205 "-" "Mozilla/5.0 (Windows NT 10.0; Win64; x64) AppleWebKit/537.36 (KHTML, like Gecko) Chrome/89.0.4389.114 Safari/537.36"
162.0.232.193 - - [08/Jun/2025:18:14:30 -0400] "POST /wp-cron.php?doing_wp_cron=1749420870.7824969291687011718750 HTTP/1.1" 200 0 "-" "WordPress/6.8.1; https://w5.yours-toclaim.com"
196.251.85.177 - - [08/Jun/2025:18:14:01 -0400] "POST //xmlrpc.php HTTP/1.1" 200 205 "-" "Mozilla/5.0 (Windows NT 10.0; Win64; x64) AppleWebKit/537.36 (KHTML, like Gecko) Chrome/89.0.4389.114 Safari/537.36"
144.76.32.246 - - [08/Jun/2025:18:14:40 -0400] "GET /yours-to-claim/yours-to-claim-chapter-25/ HTTP/1.1" 200 48671 "-" "Mozilla/5.0 (compatible; BLEXBot/1.0; +https://help.seranking.com/en/blex-crawler)"
162.0.232.193 - - [08/Jun/2025:18:15:01 -0400] "POST /wp-cron.php?doing_wp_cron=1749420900.9926459789276123046875 HTTP/1.1" 200 0 "-" "WordPress/6.8.1; https://w5.yours-toclaim.com"
196.251.85.177 - - [08/Jun/2025:18:14:31 -0400] "POST //xmlrpc.php HTTP/1.1" 200 205 "-" "Mozilla/5.0 (Windows NT 10.0; Win64; x64) AppleWebKit/537.36 (KHTML, like Gecko) Chrome/89.0.4389.114 Safari/537.36"
162.0.232.193 - - [08/Jun/2025:18:15:25 -0400] "POST /wp-cron.php?doing_wp_cron=1749420925.6164040565490722656250 HTTP/1.1" 200 0 "-" "WordPress/6.8.1; https://w5.yours-toclaim.com"
194.87.252.147 - - [08/Jun/2025:18:15:26 -0400] "GET / HTTP/1.1" 200 37305 "-" "Mozilla/5.0 (Macintosh; Intel Mac OS X 10_8_6) AppleWebKit/537.36 (KHTML, like Gecko) Chrome/55.0.2886.90 Safari/537.36"
162.0.232.193 - - [08/Jun/2025:18:15:30 -0400] "POST /wp-cron.php?doing_wp_cron=1749420930.7967929840087890625000 HTTP/1.1" 200 0 "-" "WordPress/6.8.1; https://w5.yours-toclaim.com"
196.251.85.177 - - [08/Jun/2025:18:15:01 -0400] "POST //xmlrpc.php HTTP/1.1" 200 205 "-" "Mozilla/5.0 (Windows NT 10.0; Win64; x64) AppleWebKit/537.36 (KHTML, like Gecko) Chrome/89.0.4389.114 Safari/537.36"
144.76.32.246 - - [08/Jun/2025:18:15:41 -0400] "GET /yours-to-claim/yours-to-claim-chapter-37/ HTTP/1.1" 200 50977 "-" "Mozilla/5.0 (compatible; BLEXBot/1.0; +https://help.seranking.com/en/blex-crawler)"
144.76.32.246 - - [08/Jun/2025:18:15:45 -0400] "GET /yours-to-claim/yours-to-claim-chapter-50/ HTTP/1.1" 200 56786 "-" "Mozilla/5.0 (compatible; BLEXBot/1.0; +https://help.seranking.com/en/blex-crawler)"
194.87.252.147 - - [08/Jun/2025:18:15:51 -0400] "POST /wp-content/plugins/wp-automatic/inc/csv.php HTTP/1.1" 403 1242 "https://w5.yours-toclaim.com/" "Mozilla/5.0 (Macintosh; Intel Mac OS X 10_8_6) AppleWebKit/537.36 (KHTML, like Gecko) Chrome/55.0.2886.90 Safari/537.36"
194.87.252.147 - - [08/Jun/2025:18:15:51 -0400] "POST /wp-content/plugins/wp-automatic/inc/csv.phpe9902f0f9d6d.php HTTP/1.1" 403 1242 "https://w5.yours-toclaim.com/wp-content/plugins/wp-automatic/inc/csv.php" "Mozilla/5.0 (Macintosh; Intel Mac OS X 10_8_6) AppleWebKit/537.36 (KHTML, like Gecko) Chrome/55.0.2886.90 Safari/537.36"
194.87.252.147 - - [08/Jun/2025:18:15:51 -0400] "POST /wp-content/plugins/wp-automatic/inc/csv.phpe9902f0f9d6d.php HTTP/1.1" 403 1242 "https://w5.yours-toclaim.com/wp-content/plugins/wp-automatic/inc/csv.phpe9902f0f9d6d.php" "Mozilla/5.0 (Macintosh; Intel Mac OS X 10_8_6) AppleWebKit/537.36 (KHTML, like Gecko) Chrome/55.0.2886.90 Safari/537.36"
162.0.232.193 - - [08/Jun/2025:18:15:52 -0400] "POST /wp-cron.php?doing_wp_cron=1749420952.8298420906066894531250 HTTP/1.1" 200 0 "-" "WordPress/6.8.1; https://w5.yours-toclaim.com"
194.87.252.147 - xtw18387ddb4 [08/Jun/2025:18:15:52 -0400] "GET /wp-json/wp/v2/settings HTTP/1.1" 401 98 "https://w5.yours-toclaim.com/wp-content/plugins/wp-automatic/inc/csv.phpe9902f0f9d6d.php" "Mozilla/5.0 (Macintosh; Intel Mac OS X 10_8_6) AppleWebKit/537.36 (KHTML, like Gecko) Chrome/55.0.2886.90 Safari/537.36"
196.251.85.177 - - [08/Jun/2025:18:15:31 -0400] "POST //xmlrpc.php HTTP/1.1" 200 205 "-" "Mozilla/5.0 (Windows NT 10.0; Win64; x64) AppleWebKit/537.36 (KHTML, like Gecko) Chrome/89.0.4389.114 Safari/537.36"
144.76.32.246 - - [08/Jun/2025:18:16:17 -0400] "GET /yours-to-claim/yours-to-claim-chapter-68/ HTTP/1.1" 200 44193 "-" "Mozilla/5.0 (compatible; BLEXBot/1.0; +https://help.seranking.com/en/blex-crawler)"
144.76.32.246 - - [08/Jun/2025:18:16:20 -0400] "GET /yours-to-claim/yours-to-claim-chapter-76/ HTTP/1.1" 200 42660 "-" "Mozilla/5.0 (compatible; BLEXBot/1.0; +https://help.seranking.com/en/blex-crawler)"
162.0.232.193 - - [08/Jun/2025:18:16:30 -0400] "POST /wp-cron.php?doing_wp_cron=1749420990.2391319274902343750000 HTTP/1.1" 200 0 "-" "WordPress/6.8.1; https://w5.yours-toclaim.com"
196.251.85.177 - - [08/Jun/2025:18:16:01 -0400] "POST //xmlrpc.php HTTP/1.1" 200 205 "-" "Mozilla/5.0 (Windows NT 10.0; Win64; x64) AppleWebKit/537.36 (KHTML, like Gecko) Chrome/89.0.4389.114 Safari/537.36"
144.76.32.246 - - [08/Jun/2025:18:16:50 -0400] "GET /yours-to-claim/yours-to-claim-chapter-77/ HTTP/1.1" 200 42451 "-" "Mozilla/5.0 (compatible; BLEXBot/1.0; +https://help.seranking.com/en/blex-crawler)"
47.238.13.0 - - [08/Jun/2025:18:16:50 -0400] "GET /tag/yours-to-claim-lezhin-season-2/page/8/ HTTP/1.1" 200 97058 "https://w4.yours-toclaim.com/tag/yours-to-claim-lezhin-season-2/page/8/#content" "Mozilla/5.0 (Macintosh; Intel Mac OS X 10_15_7) AppleWebKit/537.36 (KHTML, like Gecko) Chrome/109.0.0.0 Safari/537.36"
162.0.232.193 - - [08/Jun/2025:18:17:01 -0400] "POST /wp-cron.php?doing_wp_cron=1749421021.1762089729309082031250 HTTP/1.1" 200 0 "-" "WordPress/6.8.1; https://w5.yours-toclaim.com"
196.251.85.177 - - [08/Jun/2025:18:16:30 -0400] "POST //xmlrpc.php HTTP/1.1" 200 205 "-" "Mozilla/5.0 (Windows NT 10.0; Win64; x64) AppleWebKit/537.36 (KHTML, like Gecko) Chrome/89.0.4389.114 Safari/537.36"
162.0.232.193 - - [08/Jun/2025:18:17:30 -0400] "POST /wp-cron.php?doing_wp_cron=1749421050.3157560825347900390625 HTTP/1.1" 200 0 "-" "WordPress/6.8.1; https://w5.yours-toclaim.com"
196.251.85.177 - - [08/Jun/2025:18:17:02 -0400] "POST //xmlrpc.php HTTP/1.1" 200 205 "-" "Mozilla/5.0 (Windows NT 10.0; Win64; x64) AppleWebKit/537.36 (KHTML, like Gecko) Chrome/89.0.4389.114 Safari/537.36"
162.0.232.193 - - [08/Jun/2025:18:18:00 -0400] "POST /wp-cron.php?doing_wp_cron=1749421080.2269449234008789062500 HTTP/1.1" 200 0 "-" "WordPress/6.8.1; https://w5.yours-toclaim.com"
196.251.85.177 - - [08/Jun/2025:18:17:31 -0400] "POST //xmlrpc.php HTTP/1.1" 200 205 "-" "Mozilla/5.0 (Windows NT 10.0; Win64; x64) AppleWebKit/537.36 (KHTML, like Gecko) Chrome/89.0.4389.114 Safari/537.36"
144.76.32.246 - - [08/Jun/2025:18:18:14 -0400] "GET /yours-to-claim/yours-to-claim-chapter-87/ HTTP/1.1" 200 43029 "-" "Mozilla/5.0 (compatible; BLEXBot/1.0; +https://help.seranking.com/en/blex-crawler)"
144.76.32.246 - - [08/Jun/2025:18:18:26 -0400] "GET /yours-to-claim/yours-to-claim-chapter-88/ HTTP/1.1" 200 42654 "-" "Mozilla/5.0 (compatible; BLEXBot/1.0; +https://help.seranking.com/en/blex-crawler)"
162.0.232.193 - - [08/Jun/2025:18:18:31 -0400] "POST /wp-cron.php?doing_wp_cron=1749421111.1760880947113037109375 HTTP/1.1" 200 0 "-" "WordPress/6.8.1; https://w5.yours-toclaim.com"
196.251.85.177 - - [08/Jun/2025:18:18:00 -0400] "POST //xmlrpc.php HTTP/1.1" 200 205 "-" "Mozilla/5.0 (Windows NT 10.0; Win64; x64) AppleWebKit/537.36 (KHTML, like Gecko) Chrome/89.0.4389.114 Safari/537.36"
162.0.232.193 - - [08/Jun/2025:18:19:00 -0400] "POST /wp-cron.php?doing_wp_cron=1749421140.4127209186553955078125 HTTP/1.1" 200 0 "-" "WordPress/6.8.1; https://w5.yours-toclaim.com"
196.251.85.177 - - [08/Jun/2025:18:18:32 -0400] "POST //xmlrpc.php HTTP/1.1" 200 205 "-" "Mozilla/5.0 (Windows NT 10.0; Win64; x64) AppleWebKit/537.36 (KHTML, like Gecko) Chrome/89.0.4389.114 Safari/537.36"
194.87.252.147 - - [08/Jun/2025:18:19:27 -0400] "GET / HTTP/1.1" 200 37315 "-" "Mozilla/5.0 (Macintosh; Intel Mac OS X 10.10; rv:51.0) Gecko/20100101 Firefox/51.0"
162.0.232.193 - - [08/Jun/2025:18:19:30 -0400] "POST /wp-cron.php?doing_wp_cron=1749421170.6210019588470458984375 HTTP/1.1" 200 0 "-" "WordPress/6.8.1; https://w5.yours-toclaim.com"
196.251.85.177 - - [08/Jun/2025:18:19:01 -0400] "POST //xmlrpc.php HTTP/1.1" 200 205 "-" "Mozilla/5.0 (Windows NT 10.0; Win64; x64) AppleWebKit/537.36 (KHTML, like Gecko) Chrome/89.0.4389.114 Safari/537.36"
144.76.32.246 - - [08/Jun/2025:18:19:44 -0400] "GET /yours-to-claim/yours-to-claim-chapter-97/ HTTP/1.1" 200 40655 "-" "Mozilla/5.0 (compatible; BLEXBot/1.0; +https://help.seranking.com/en/blex-crawler)"
194.87.252.147 - - [08/Jun/2025:18:19:48 -0400] "POST /wp-content/plugins/wp-automatic/inc/csv.php HTTP/1.1" 403 1242 "https://w5.yours-toclaim.com/" "Mozilla/5.0 (Macintosh; Intel Mac OS X 10.10; rv:51.0) Gecko/20100101 Firefox/51.0"
194.87.252.147 - - [08/Jun/2025:18:19:49 -0400] "POST /wp-content/plugins/wp-automatic/inc/csv.phpe9902f0f9d6d.php HTTP/1.1" 403 1242 "https://w5.yours-toclaim.com/wp-content/plugins/wp-automatic/inc/csv.php" "Mozilla/5.0 (Macintosh; Intel Mac OS X 10.10; rv:51.0) Gecko/20100101 Firefox/51.0"
194.87.252.147 - - [08/Jun/2025:18:19:49 -0400] "POST /wp-content/plugins/wp-automatic/inc/csv.phpe9902f0f9d6d.php HTTP/1.1" 403 1242 "https://w5.yours-toclaim.com/wp-content/plugins/wp-automatic/inc/csv.phpe9902f0f9d6d.php" "Mozilla/5.0 (Macintosh; Intel Mac OS X 10.10; rv:51.0) Gecko/20100101 Firefox/51.0"
162.0.232.193 - - [08/Jun/2025:18:19:50 -0400] "POST /wp-cron.php?doing_wp_cron=1749421190.2070820331573486328125 HTTP/1.1" 200 0 "-" "WordPress/6.8.1; https://w5.yours-toclaim.com"
194.87.252.147 - xtw183879545 [08/Jun/2025:18:19:49 -0400] "GET /wp-json/wp/v2/settings HTTP/1.1" 401 98 "https://w5.yours-toclaim.com/wp-content/plugins/wp-automatic/inc/csv.phpe9902f0f9d6d.php" "Mozilla/5.0 (Macintosh; Intel Mac OS X 10.10; rv:51.0) Gecko/20100101 Firefox/51.0"
196.251.85.177 - - [08/Jun/2025:18:19:31 -0400] "POST //xmlrpc.php HTTP/1.1" 200 205 "-" "Mozilla/5.0 (Windows NT 10.0; Win64; x64) AppleWebKit/537.36 (KHTML, like Gecko) Chrome/89.0.4389.114 Safari/537.36"
162.0.232.193 - - [08/Jun/2025:18:20:30 -0400] "POST /wp-cron.php?doing_wp_cron=1749421230.6649239063262939453125 HTTP/1.1" 200 0 "-" "WordPress/6.8.1; https://w5.yours-toclaim.com"
196.251.85.177 - - [08/Jun/2025:18:20:01 -0400] "POST //xmlrpc.php HTTP/1.1" 200 205 "-" "Mozilla/5.0 (Windows NT 10.0; Win64; x64) AppleWebKit/537.36 (KHTML, like Gecko) Chrome/89.0.4389.114 Safari/537.36"
144.76.32.246 - - [08/Jun/2025:18:20:50 -0400] "GET /yours-to-claim/yours-to-claim-chapter-101/ HTTP/1.1" 200 41363 "-" "Mozilla/5.0 (compatible; BLEXBot/1.0; +https://help.seranking.com/en/blex-crawler)"
162.0.232.193 - - [08/Jun/2025:18:21:01 -0400] "POST /wp-cron.php?doing_wp_cron=1749421260.7986090183258056640625 HTTP/1.1" 200 0 "-" "WordPress/6.8.1; https://w5.yours-toclaim.com"
196.251.85.177 - - [08/Jun/2025:18:20:31 -0400] "POST //xmlrpc.php HTTP/1.1" 200 205 "-" "Mozilla/5.0 (Windows NT 10.0; Win64; x64) AppleWebKit/537.36 (KHTML, like Gecko) Chrome/89.0.4389.114 Safari/537.36"
162.0.232.193 - - [08/Jun/2025:18:21:31 -0400] "POST /wp-cron.php?doing_wp_cron=1749421291.1758029460906982421875 HTTP/1.1" 200 0 "-" "WordPress/6.8.1; https://w5.yours-toclaim.com"
196.251.85.177 - - [08/Jun/2025:18:21:01 -0400] "POST //xmlrpc.php HTTP/1.1" 200 205 "-" "Mozilla/5.0 (Windows NT 10.0; Win64; x64) AppleWebKit/537.36 (KHTML, like Gecko) Chrome/89.0.4389.114 Safari/537.36"
162.0.232.193 - - [08/Jun/2025:18:21:49 -0400] "POST /wp-cron.php?doing_wp_cron=1749421308.8414800167083740234375 HTTP/1.1" 200 0 "-" "WordPress/6.8.1; https://w5.yours-toclaim.com"
47.242.230.146 - - [08/Jun/2025:18:21:48 -0400] "GET /tag/yours-to-claim-author-twitter/page/3 HTTP/1.1" 301 0 "https://w4.yours-toclaim.com/tag/yours-to-claim-author-twitter/page/3" "Mozilla/5.0 (Macintosh; Intel Mac OS X 10_15_7) AppleWebKit/537.36 (KHTML, like Gecko) Chrome/109.0.0.0 Safari/537.36"
47.242.230.146 - - [08/Jun/2025:18:21:49 -0400] "GET /tag/yours-to-claim-author-twitter/page/3/ HTTP/1.1" 200 56888 "https://w5.yours-toclaim.com/tag/yours-to-claim-author-twitter/page/3" "Mozilla/5.0 (Macintosh; Intel Mac OS X 10_15_7) AppleWebKit/537.36 (KHTML, like Gecko) Chrome/109.0.0.0 Safari/537.36"
144.76.32.246 - - [08/Jun/2025:18:21:54 -0400] "GET /yours-to-claim/yours-to-claim-chapter-105/ HTTP/1.1" 200 40885 "-" "Mozilla/5.0 (compatible; BLEXBot/1.0; +https://help.seranking.com/en/blex-crawler)"
196.251.85.177 - - [08/Jun/2025:18:21:32 -0400] "POST //xmlrpc.php HTTP/1.1" 200 205 "-" "Mozilla/5.0 (Windows NT 10.0; Win64; x64) AppleWebKit/537.36 (KHTML, like Gecko) Chrome/89.0.4389.114 Safari/537.36"
144.76.32.246 - - [08/Jun/2025:18:22:02 -0400] "GET /yours-to-claim/yours-to-claim-chapter-63-1/ HTTP/1.1" 200 45076 "-" "Mozilla/5.0 (compatible; BLEXBot/1.0; +https://help.seranking.com/en/blex-crawler)"
162.0.232.193 - - [08/Jun/2025:18:22:31 -0400] "POST /wp-cron.php?doing_wp_cron=1749421351.2262918949127197265625 HTTP/1.1" 200 0 "-" "WordPress/6.8.1; https://w5.yours-toclaim.com"
196.251.85.177 - - [08/Jun/2025:18:22:00 -0400] "POST //xmlrpc.php HTTP/1.1" 200 205 "-" "Mozilla/5.0 (Windows NT 10.0; Win64; x64) AppleWebKit/537.36 (KHTML, like Gecko) Chrome/89.0.4389.114 Safari/537.36"
162.0.232.193 - - [08/Jun/2025:18:23:00 -0400] "POST /wp-cron.php?doing_wp_cron=1749421380.2955141067504882812500 HTTP/1.1" 200 0 "-" "WordPress/6.8.1; https://w5.yours-toclaim.com"
196.251.85.177 - - [08/Jun/2025:18:22:32 -0400] "POST //xmlrpc.php HTTP/1.1" 200 205 "-" "Mozilla/5.0 (Windows NT 10.0; Win64; x64) AppleWebKit/537.36 (KHTML, like Gecko) Chrome/89.0.4389.114 Safari/537.36"
162.0.232.193 - - [08/Jun/2025:18:23:13 -0400] "POST /wp-cron.php?doing_wp_cron=1749421393.2545149326324462890625 HTTP/1.1" 200 0 "-" "WordPress/6.8.1; https://w5.yours-toclaim.com"
144.76.32.246 - - [08/Jun/2025:18:23:12 -0400] "GET /yours-to-claim-chapter-6/ HTTP/1.1" 301 0 "-" "Mozilla/5.0 (compatible; BLEXBot/1.0; +https://help.seranking.com/en/blex-crawler)"
144.76.32.246 - - [08/Jun/2025:18:23:13 -0400] "GET / HTTP/1.1" 200 37315 "-" "Mozilla/5.0 (compatible; BLEXBot/1.0; +https://help.seranking.com/en/blex-crawler)"
144.76.32.246 - - [08/Jun/2025:18:23:24 -0400] "GET /yours-to-claim-chapter-7/ HTTP/1.1" 301 0 "-" "Mozilla/5.0 (compatible; BLEXBot/1.0; +https://help.seranking.com/en/blex-crawler)"
144.76.32.246 - - [08/Jun/2025:18:23:24 -0400] "GET / HTTP/1.1" 200 37315 "-" "Mozilla/5.0 (compatible; BLEXBot/1.0; +https://help.seranking.com/en/blex-crawler)"
162.0.232.193 - - [08/Jun/2025:18:23:30 -0400] "POST /wp-cron.php?doing_wp_cron=1749421410.2900509834289550781250 HTTP/1.1" 200 0 "-" "WordPress/6.8.1; https://w5.yours-toclaim.com"
196.251.85.177 - - [08/Jun/2025:18:23:01 -0400] "POST //xmlrpc.php HTTP/1.1" 200 205 "-" "Mozilla/5.0 (Windows NT 10.0; Win64; x64) AppleWebKit/537.36 (KHTML, like Gecko) Chrome/89.0.4389.114 Safari/537.36"
162.0.232.193 - - [08/Jun/2025:18:24:01 -0400] "POST /wp-cron.php?doing_wp_cron=1749421440.8884429931640625000000 HTTP/1.1" 200 0 "-" "WordPress/6.8.1; https://w5.yours-toclaim.com"
196.251.85.177 - - [08/Jun/2025:18:23:31 -0400] "POST //xmlrpc.php HTTP/1.1" 200 205 "-" "Mozilla/5.0 (Windows NT 10.0; Win64; x64) AppleWebKit/537.36 (KHTML, like Gecko) Chrome/89.0.4389.114 Safari/537.36"
162.0.232.193 - - [08/Jun/2025:18:24:17 -0400] "POST /wp-cron.php?doing_wp_cron=1749421457.7864320278167724609375 HTTP/1.1" 200 0 "-" "WordPress/6.8.1; https://w5.yours-toclaim.com"
144.76.32.246 - - [08/Jun/2025:18:24:17 -0400] "GET /yours-to-claim-chapter-15/ HTTP/1.1" 301 0 "-" "Mozilla/5.0 (compatible; BLEXBot/1.0; +https://help.seranking.com/en/blex-crawler)"
144.76.32.246 - - [08/Jun/2025:18:24:18 -0400] "GET / HTTP/1.1" 200 37292 "-" "Mozilla/5.0 (compatible; BLEXBot/1.0; +https://help.seranking.com/en/blex-crawler)"
144.76.32.246 - - [08/Jun/2025:18:24:25 -0400] "GET /yours-to-claim-chapter-23/ HTTP/1.1" 301 0 "-" "Mozilla/5.0 (compatible; BLEXBot/1.0; +https://help.seranking.com/en/blex-crawler)"
144.76.32.246 - - [08/Jun/2025:18:24:26 -0400] "GET / HTTP/1.1" 200 37316 "-" "Mozilla/5.0 (compatible; BLEXBot/1.0; +https://help.seranking.com/en/blex-crawler)"
162.0.232.193 - - [08/Jun/2025:18:24:31 -0400] "POST /wp-cron.php?doing_wp_cron=1749421471.0963110923767089843750 HTTP/1.1" 200 0 "-" "WordPress/6.8.1; https://w5.yours-toclaim.com"
196.251.85.177 - - [08/Jun/2025:18:24:01 -0400] "POST //xmlrpc.php HTTP/1.1" 200 205 "-" "Mozilla/5.0 (Windows NT 10.0; Win64; x64) AppleWebKit/537.36 (KHTML, like Gecko) Chrome/89.0.4389.114 Safari/537.36"
162.0.232.193 - - [08/Jun/2025:18:24:31 -0400] "GET /category/manga/ HTTP/1.1" 200 66812 "-" "WP Rocket/Preload"
162.0.232.193 - - [08/Jun/2025:18:24:33 -0400] "GET /category/manga/ HTTP/1.1" 200 66791 "-" "WP Rocket/Preload Mozilla/5.0 (iPhone; CPU iPhone OS 9_1 like Mac OS X) AppleWebKit/601.1.46 (KHTML, like Gecko) Version/9.0 Mobile/13B143 Safari/601.1"
162.0.232.193 - - [08/Jun/2025:18:24:34 -0400] "GET /category/yours-to-claim-manhwa/ HTTP/1.1" 200 66793 "-" "WP Rocket/Preload"
162.0.232.193 - - [08/Jun/2025:18:24:35 -0400] "GET /category/yours-to-claim-manhwa/ HTTP/1.1" 200 66794 "-" "WP Rocket/Preload Mozilla/5.0 (iPhone; CPU iPhone OS 9_1 like Mac OS X) AppleWebKit/601.1.46 (KHTML, like Gecko) Version/9.0 Mobile/13B143 Safari/601.1"
162.0.232.193 - - [08/Jun/2025:18:24:36 -0400] "GET /category/yours-to-claim-read/ HTTP/1.1" 200 67105 "-" "WP Rocket/Preload"
144.76.32.246 - - [08/Jun/2025:18:24:37 -0400] "GET /yours-to-claim-chapter-28/ HTTP/1.1" 301 0 "-" "Mozilla/5.0 (compatible; BLEXBot/1.0; +https://help.seranking.com/en/blex-crawler)"
144.76.32.246 - - [08/Jun/2025:18:24:37 -0400] "GET / HTTP/1.1" 200 37316 "-" "Mozilla/5.0 (compatible; BLEXBot/1.0; +https://help.seranking.com/en/blex-crawler)"
162.0.232.193 - - [08/Jun/2025:18:24:37 -0400] "GET /category/yours-to-claim-read/ HTTP/1.1" 200 66816 "-" "WP Rocket/Preload Mozilla/5.0 (iPhone; CPU iPhone OS 9_1 like Mac OS X) AppleWebKit/601.1.46 (KHTML, like Gecko) Version/9.0 Mobile/13B143 Safari/601.1"
162.0.232.193 - - [08/Jun/2025:18:24:39 -0400] "GET /category/yours-to-claim-manga/ HTTP/1.1" 200 67171 "-" "WP Rocket/Preload"
162.0.232.193 - - [08/Jun/2025:18:24:40 -0400] "GET /category/yours-to-claim-manga/ HTTP/1.1" 200 66798 "-" "WP Rocket/Preload Mozilla/5.0 (iPhone; CPU iPhone OS 9_1 like Mac OS X) AppleWebKit/601.1.46 (KHTML, like Gecko) Version/9.0 Mobile/13B143 Safari/601.1"
162.0.232.193 - - [08/Jun/2025:18:24:41 -0400] "GET /category/yours-to-claim-read-2/ HTTP/1.1" 200 67122 "-" "WP Rocket/Preload"
162.0.232.193 - - [08/Jun/2025:18:24:42 -0400] "GET /category/yours-to-claim-read-2/ HTTP/1.1" 200 67137 "-" "WP Rocket/Preload Mozilla/5.0 (iPhone; CPU iPhone OS 9_1 like Mac OS X) AppleWebKit/601.1.46 (KHTML, like Gecko) Version/9.0 Mobile/13B143 Safari/601.1"
162.0.232.193 - - [08/Jun/2025:18:25:01 -0400] "POST /wp-cron.php?doing_wp_cron=1749421501.0272550582885742187500 HTTP/1.1" 200 0 "-" "WordPress/6.8.1; https://w5.yours-toclaim.com"
196.251.85.177 - - [08/Jun/2025:18:24:31 -0400] "POST //xmlrpc.php HTTP/1.1" 200 205 "-" "Mozilla/5.0 (Windows NT 10.0; Win64; x64) AppleWebKit/537.36 (KHTML, like Gecko) Chrome/89.0.4389.114 Safari/537.36"
162.0.232.193 - - [08/Jun/2025:18:25:31 -0400] "POST /wp-cron.php?doing_wp_cron=1749421531.0815570354461669921875 HTTP/1.1" 200 0 "-" "WordPress/6.8.1; https://w5.yours-toclaim.com"
196.251.85.177 - - [08/Jun/2025:18:25:01 -0400] "POST //xmlrpc.php HTTP/1.1" 200 205 "-" "Mozilla/5.0 (Windows NT 10.0; Win64; x64) AppleWebKit/537.36 (KHTML, like Gecko) Chrome/89.0.4389.114 Safari/537.36"
162.0.232.193 - - [08/Jun/2025:18:25:32 -0400] "GET / HTTP/1.1" 200 37316 "-" "WP Rocket/Preload"
162.0.232.193 - - [08/Jun/2025:18:25:32 -0400] "GET / HTTP/1.1" 200 37368 "-" "WP Rocket/Preload Mozilla/5.0 (iPhone; CPU iPhone OS 9_1 like Mac OS X) AppleWebKit/601.1.46 (KHTML, like Gecko) Version/9.0 Mobile/13B143 Safari/601.1"
162.0.232.193 - - [08/Jun/2025:18:25:34 -0400] "GET /manga/yours-to-claim-chapter-19/ HTTP/1.1" 200 44483 "-" "WP Rocket/Preload"
162.0.232.193 - - [08/Jun/2025:18:25:35 -0400] "GET /manga/yours-to-claim-chapter-19/ HTTP/1.1" 200 44492 "-" "WP Rocket/Preload Mozilla/5.0 (iPhone; CPU iPhone OS 9_1 like Mac OS X) AppleWebKit/601.1.46 (KHTML, like Gecko) Version/9.0 Mobile/13B143 Safari/601.1"
162.0.232.193 - - [08/Jun/2025:18:25:36 -0400] "GET /privacy-policy/ HTTP/1.1" 200 40471 "-" "WP Rocket/Preload"
162.0.232.193 - - [08/Jun/2025:18:25:37 -0400] "GET /privacy-policy/ HTTP/1.1" 200 40249 "-" "WP Rocket/Preload Mozilla/5.0 (iPhone; CPU iPhone OS 9_1 like Mac OS X) AppleWebKit/601.1.46 (KHTML, like Gecko) Version/9.0 Mobile/13B143 Safari/601.1"
144.76.32.246 - - [08/Jun/2025:18:25:38 -0400] "GET /yours-to-claim-chapter-42/ HTTP/1.1" 301 0 "-" "Mozilla/5.0 (compatible; BLEXBot/1.0; +https://help.seranking.com/en/blex-crawler)"
162.0.232.193 - - [08/Jun/2025:18:25:38 -0400] "GET /manga/yours-to-claim-chapter-55/ HTTP/1.1" 200 57396 "-" "WP Rocket/Preload"
144.76.32.246 - - [08/Jun/2025:18:25:38 -0400] "GET / HTTP/1.1" 200 37383 "-" "Mozilla/5.0 (compatible; BLEXBot/1.0; +https://help.seranking.com/en/blex-crawler)"
162.0.232.193 - - [08/Jun/2025:18:25:39 -0400] "GET /manga/yours-to-claim-chapter-55/ HTTP/1.1" 200 57372 "-" "WP Rocket/Preload Mozilla/5.0 (iPhone; CPU iPhone OS 9_1 like Mac OS X) AppleWebKit/601.1.46 (KHTML, like Gecko) Version/9.0 Mobile/13B143 Safari/601.1"
162.0.232.193 - - [08/Jun/2025:18:25:40 -0400] "GET /manga/yours-to-claim-chapter-30/ HTTP/1.1" 200 48089 "-" "WP Rocket/Preload"
162.0.232.193 - - [08/Jun/2025:18:25:41 -0400] "GET /manga/yours-to-claim-chapter-30/ HTTP/1.1" 200 48109 "-" "WP Rocket/Preload Mozilla/5.0 (iPhone; CPU iPhone OS 9_1 like Mac OS X) AppleWebKit/601.1.46 (KHTML, like Gecko) Version/9.0 Mobile/13B143 Safari/601.1"
162.0.232.193 - - [08/Jun/2025:18:25:42 -0400] "GET /dmca/ HTTP/1.1" 200 37578 "-" "WP Rocket/Preload"
162.0.232.193 - - [08/Jun/2025:18:25:43 -0400] "GET /dmca/ HTTP/1.1" 200 37944 "-" "WP Rocket/Preload Mozilla/5.0 (iPhone; CPU iPhone OS 9_1 like Mac OS X) AppleWebKit/601.1.46 (KHTML, like Gecko) Version/9.0 Mobile/13B143 Safari/601.1"
162.0.232.193 - - [08/Jun/2025:18:25:44 -0400] "GET /manga/yours-to-claim-chapter-34/ HTTP/1.1" 200 48781 "-" "WP Rocket/Preload"
144.76.32.246 - - [08/Jun/2025:18:25:45 -0400] "GET /yours-to-claim-chapter-53/ HTTP/1.1" 301 0 "-" "Mozilla/5.0 (compatible; BLEXBot/1.0; +https://help.seranking.com/en/blex-crawler)"
144.76.32.246 - - [08/Jun/2025:18:25:45 -0400] "GET / HTTP/1.1" 200 37316 "-" "Mozilla/5.0 (compatible; BLEXBot/1.0; +https://help.seranking.com/en/blex-crawler)"
162.0.232.193 - - [08/Jun/2025:18:25:45 -0400] "GET /manga/yours-to-claim-chapter-34/ HTTP/1.1" 200 48778 "-" "WP Rocket/Preload Mozilla/5.0 (iPhone; CPU iPhone OS 9_1 like Mac OS X) AppleWebKit/601.1.46 (KHTML, like Gecko) Version/9.0 Mobile/13B143 Safari/601.1"
162.0.232.193 - - [08/Jun/2025:18:25:46 -0400] "GET /manga/yours-to-claim-chapter-69/ HTTP/1.1" 200 47328 "-" "WP Rocket/Preload"
162.0.232.193 - - [08/Jun/2025:18:25:47 -0400] "GET /manga/yours-to-claim-chapter-69/ HTTP/1.1" 200 47310 "-" "WP Rocket/Preload Mozilla/5.0 (iPhone; CPU iPhone OS 9_1 like Mac OS X) AppleWebKit/601.1.46 (KHTML, like Gecko) Version/9.0 Mobile/13B143 Safari/601.1"
162.0.232.193 - - [08/Jun/2025:18:25:48 -0400] "GET /manga/yours-to-claim-chapter-41/ HTTP/1.1" 200 50443 "-" "WP Rocket/Preload"
162.0.232.193 - - [08/Jun/2025:18:25:50 -0400] "GET /manga/yours-to-claim-chapter-41/ HTTP/1.1" 200 50453 "-" "WP Rocket/Preload Mozilla/5.0 (iPhone; CPU iPhone OS 9_1 like Mac OS X) AppleWebKit/601.1.46 (KHTML, like Gecko) Version/9.0 Mobile/13B143 Safari/601.1"
162.0.232.193 - - [08/Jun/2025:18:25:51 -0400] "GET /manga/yours-to-claim-chapter-67/ HTTP/1.1" 200 44168 "-" "WP Rocket/Preload"
162.0.232.193 - - [08/Jun/2025:18:25:52 -0400] "GET /manga/yours-to-claim-chapter-67/ HTTP/1.1" 200 44166 "-" "WP Rocket/Preload Mozilla/5.0 (iPhone; CPU iPhone OS 9_1 like Mac OS X) AppleWebKit/601.1.46 (KHTML, like Gecko) Version/9.0 Mobile/13B143 Safari/601.1"
162.0.232.193 - - [08/Jun/2025:18:25:53 -0400] "GET /manga/yours-to-claim-chapter-63/ HTTP/1.1" 200 44513 "-" "WP Rocket/Preload"
162.0.232.193 - - [08/Jun/2025:18:25:54 -0400] "GET /manga/yours-to-claim-chapter-63/ HTTP/1.1" 200 44481 "-" "WP Rocket/Preload Mozilla/5.0 (iPhone; CPU iPhone OS 9_1 like Mac OS X) AppleWebKit/601.1.46 (KHTML, like Gecko) Version/9.0 Mobile/13B143 Safari/601.1"
162.0.232.193 - - [08/Jun/2025:18:26:01 -0400] "POST /wp-cron.php?doing_wp_cron=1749421561.1291890144348144531250 HTTP/1.1" 200 0 "-" "WordPress/6.8.1; https://w5.yours-toclaim.com"
196.251.85.177 - - [08/Jun/2025:18:25:31 -0400] "POST //xmlrpc.php HTTP/1.1" 200 205 "-" "Mozilla/5.0 (Windows NT 10.0; Win64; x64) AppleWebKit/537.36 (KHTML, like Gecko) Chrome/89.0.4389.114 Safari/537.36"
162.0.232.193 - - [08/Jun/2025:18:26:31 -0400] "POST /wp-cron.php?doing_wp_cron=1749421591.1663839817047119140625 HTTP/1.1" 200 0 "-" "WordPress/6.8.1; https://w5.yours-toclaim.com"
196.251.85.177 - - [08/Jun/2025:18:26:01 -0400] "POST //xmlrpc.php HTTP/1.1" 200 205 "-" "Mozilla/5.0 (Windows NT 10.0; Win64; x64) AppleWebKit/537.36 (KHTML, like Gecko) Chrome/89.0.4389.114 Safari/537.36"
162.0.232.193 - - [08/Jun/2025:18:26:31 -0400] "GET /manga/yours-to-claim-chapter-21/ HTTP/1.1" 200 50130 "-" "WP Rocket/Preload"
162.0.232.193 - - [08/Jun/2025:18:26:32 -0400] "GET /manga/yours-to-claim-chapter-21/ HTTP/1.1" 200 50137 "-" "WP Rocket/Preload Mozilla/5.0 (iPhone; CPU iPhone OS 9_1 like Mac OS X) AppleWebKit/601.1.46 (KHTML, like Gecko) Version/9.0 Mobile/13B143 Safari/601.1"
162.0.232.193 - - [08/Jun/2025:18:26:34 -0400] "GET /manga/yours-to-claim-chapter-50/ HTTP/1.1" 200 56823 "-" "WP Rocket/Preload"
162.0.232.193 - - [08/Jun/2025:18:26:35 -0400] "GET /manga/yours-to-claim-chapter-50/ HTTP/1.1" 200 56854 "-" "WP Rocket/Preload Mozilla/5.0 (iPhone; CPU iPhone OS 9_1 like Mac OS X) AppleWebKit/601.1.46 (KHTML, like Gecko) Version/9.0 Mobile/13B143 Safari/601.1"
162.0.232.193 - - [08/Jun/2025:18:26:36 -0400] "GET /manga/yours-to-claim-chapter-14/ HTTP/1.1" 200 48852 "-" "WP Rocket/Preload"
