47.82.60.123 - - [08/Jun/2025:05:57:35 -0400] "GET /yours-to-claim/yours-to-claim-chapter-73/ HTTP/1.1" 200 44287 "https://w5.yours-toclaim.com/yours-to-claim/yours-to-claim-chapter-73/" "Mozilla/5.0 (Windows NT 10.0; Win64; x64) AppleWebKit/537.36 (KHTML, like Gecko) Chrome/114.0.0.0 Safari/537.36 Edg/114.0.1823.43"
47.79.123.101 - - [08/Jun/2025:05:57:37 -0400] "GET /yours-to-claim/yours-to-claim-chapter-84/ HTTP/1.1" 200 42120 "https://w5.yours-toclaim.com/yours-to-claim/yours-to-claim-chapter-84/" "Mozilla/5.0 (Windows NT 10.0; Win64; x64) AppleWebKit/537.36 (KHTML, like Gecko) Chrome/114.0.0.0 Safari/537.36 Edg/114.0.1823.43"
162.0.232.193 - - [08/Jun/2025:05:58:42 -0400] "POST /wp-cron.php?doing_wp_cron=1749376721.9137580394744873046875 HTTP/1.1" 200 0 "-" "WordPress/6.8.1; https://w5.yours-toclaim.com"
47.128.29.172 - - [08/Jun/2025:05:58:41 -0400] "GET /tag/manga/page/4/ HTTP/1.1" 200 57361 "-" "Mozilla/5.0 (compatible; Bytespider; [email protected]) AppleWebKit/537.36 (KHTML, like Gecko) Chrome/70.0.0.0 Safari/537.36"
47.82.61.16 - - [08/Jun/2025:05:58:44 -0400] "GET /tag/chapters/page/7/ HTTP/1.1" 200 148171 "https://w5.yours-toclaim.com/tag/chapters/page/7/" "Mozilla/5.0 (Windows NT 10.0; Win64; x64) AppleWebKit/537.36 (KHTML, like Gecko) Chrome/114.0.0.0 Safari/537.36 Edg/114.0.1823.43"
47.82.61.39 - - [08/Jun/2025:05:59:10 -0400] "GET /yours-to-claim/yours-to-claim-chapter-80/ HTTP/1.1" 200 43472 "https://w5.yours-toclaim.com/yours-to-claim/yours-to-claim-chapter-80/" "Mozilla/5.0 (Windows NT 10.0; Win64; x64) AppleWebKit/537.36 (KHTML, like Gecko) Chrome/114.0.0.0 Safari/537.36 Edg/114.0.1823.43"
47.82.60.93 - - [08/Jun/2025:06:00:59 -0400] "GET /tag/chapter/ HTTP/1.1" 200 66874 "https://w5.yours-toclaim.com/tag/chapter/" "Mozilla/5.0 (Windows NT 10.0; Win64; x64) AppleWebKit/537.36 (KHTML, like Gecko) Chrome/114.0.0.0 Safari/537.36 Edg/114.0.1823.43"
162.0.232.193 - - [08/Jun/2025:06:01:00 -0400] "POST /wp-cron.php?doing_wp_cron=1749376860.4261190891265869140625 HTTP/1.1" 200 0 "-" "WordPress/6.8.1; https://w5.yours-toclaim.com"
47.82.60.115 - - [08/Jun/2025:06:00:58 -0400] "GET /tag/chapters/page/9/ HTTP/1.1" 200 85905 "https://w5.yours-toclaim.com/tag/chapters/page/9/" "Mozilla/5.0 (Windows NT 10.0; Win64; x64) AppleWebKit/537.36 (KHTML, like Gecko) Chrome/114.0.0.0 Safari/537.36 Edg/114.0.1823.43"
162.0.232.193 - - [08/Jun/2025:06:01:13 -0400] "POST /wp-cron.php?doing_wp_cron=1749376873.5110099315643310546875 HTTP/1.1" 200 0 "-" "WordPress/6.8.1; https://w5.yours-toclaim.com"
47.82.61.29 - - [08/Jun/2025:06:01:13 -0400] "GET /category/yours-to-claim-read-2/page/5/ HTTP/1.1" 200 49598 "https://w5.yours-toclaim.com/category/yours-to-claim-read-2/page/5/" "Mozilla/5.0 (Windows NT 10.0; Win64; x64) AppleWebKit/537.36 (KHTML, like Gecko) Chrome/114.0.0.0 Safari/537.36 Edg/114.0.1823.43"
162.0.232.193 - - [08/Jun/2025:06:02:43 -0400] "POST /wp-cron.php?doing_wp_cron=1749376963.5605518817901611328125 HTTP/1.1" 200 0 "-" "WordPress/6.8.1; https://w5.yours-toclaim.com"
47.128.99.107 - - [08/Jun/2025:06:02:41 -0400] "GET /tag/original/page/13/ HTTP/1.1" 301 0 "-" "Mozilla/5.0 (Linux; Android 5.0) AppleWebKit/537.36 (KHTML, like Gecko) Mobile Safari/537.36 (compatible; Bytespider; [email protected])"
47.128.99.107 - - [08/Jun/2025:06:02:44 -0400] "GET / HTTP/1.1" 200 37399 "-" "Mozilla/5.0 (Linux; Android 5.0) AppleWebKit/537.36 (KHTML, like Gecko) Mobile Safari/537.36 (compatible; Bytespider; [email protected])"
47.82.61.4 - - [08/Jun/2025:06:02:44 -0400] "GET /category/yours-to-claim-read-2/page/6/ HTTP/1.1" 200 85325 "https://w5.yours-toclaim.com/category/yours-to-claim-read-2/page/6/" "Mozilla/5.0 (Windows NT 10.0; Win64; x64) AppleWebKit/537.36 (KHTML, like Gecko) Chrome/114.0.0.0 Safari/537.36 Edg/114.0.1823.43"
114.119.129.179 - - [08/Jun/2025:06:03:13 -0400] "GET /tag/volume/ HTTP/1.1" 200 67331 "https://w5.yours-toclaim.com/tag/yahwi/page/9/" "Mozilla/5.0 (Linux; Android 7.0;) AppleWebKit/537.36 (KHTML, like Gecko) Mobile Safari/537.36 (compatible; PetalBot;+https://webmaster.petalsearch.com/site/petalbot)"
162.0.232.193 - - [08/Jun/2025:06:03:46 -0400] "POST /wp-cron.php?doing_wp_cron=1749377025.9588088989257812500000 HTTP/1.1" 200 0 "-" "WordPress/6.8.1; https://w5.yours-toclaim.com"
115.79.32.136 - - [08/Jun/2025:06:03:45 -0400] "POST /xmlrpc.php HTTP/1.1" 200 205 "-" "Mozilla/5.0 (X11; Ubuntu; Linux x86_64; rv:85.0) Gecko/20100101 Firefox/91.0"
47.79.2.24 - - [08/Jun/2025:06:04:08 -0400] "GET /yours-to-claim/yours-to-claim-chapter-74-6/ HTTP/1.1" 200 40571 "https://w5.yours-toclaim.com/yours-to-claim/yours-to-claim-chapter-74-6/" "Mozilla/5.0 (Windows NT 10.0; Win64; x64) AppleWebKit/537.36 (KHTML, like Gecko) Chrome/114.0.0.0 Safari/537.36 Edg/114.0.1823.43"
47.82.61.100 - - [08/Jun/2025:06:04:09 -0400] "GET /yours-to-claim/yours-to-claim-chapter-18/ HTTP/1.1" 200 45104 "https://w5.yours-toclaim.com/yours-to-claim/yours-to-claim-chapter-18/" "Mozilla/5.0 (Windows NT 10.0; Win64; x64) AppleWebKit/537.36 (KHTML, like Gecko) Chrome/114.0.0.0 Safari/537.36 Edg/114.0.1823.43"
47.82.61.82 - - [08/Jun/2025:06:06:25 -0400] "GET /yours-to-claim/yours-to-claim-chapter-20/ HTTP/1.1" 200 50062 "https://w5.yours-toclaim.com/yours-to-claim/yours-to-claim-chapter-20/" "Mozilla/5.0 (Windows NT 10.0; Win64; x64) AppleWebKit/537.36 (KHTML, like Gecko) Chrome/114.0.0.0 Safari/537.36 Edg/114.0.1823.43"
47.128.29.79 - - [08/Jun/2025:06:06:41 -0400] "GET /tag/yours-to-claim/page/7/ HTTP/1.1" 200 148050 "-" "Mozilla/5.0 (compatible; Bytespider; [email protected]) AppleWebKit/537.36 (KHTML, like Gecko) Chrome/70.0.0.0 Safari/537.36"
162.0.232.193 - - [08/Jun/2025:06:07:08 -0400] "POST /wp-cron.php?doing_wp_cron=1749377228.4274680614471435546875 HTTP/1.1" 200 0 "-" "WordPress/6.8.1; https://w5.yours-toclaim.com"
216.73.216.15 - - [08/Jun/2025:06:07:07 -0400] "GET /category/manga/page/3 HTTP/1.1" 301 0 "-" "Mozilla/5.0 AppleWebKit/537.36 (KHTML, like Gecko; compatible; ClaudeBot/1.0; [email protected])"
216.73.216.15 - - [08/Jun/2025:06:07:08 -0400] "GET /category/manga/page/3/ HTTP/1.1" 200 56993 "https://w5.yours-toclaim.com/category/manga/page/3" "Mozilla/5.0 AppleWebKit/537.36 (KHTML, like Gecko; compatible; ClaudeBot/1.0; [email protected])"
194.87.252.147 - - [08/Jun/2025:06:07:23 -0400] "GET / HTTP/1.1" 200 37315 "-" "Mozilla/5.0 (X11; Ubuntu; Linux i686 on x86_64; rv:50.0) Gecko/20100101 Firefox/50.0"
194.87.252.147 - - [08/Jun/2025:06:07:26 -0400] "POST /wp-content/plugins/wp-automatic/inc/csv.php HTTP/1.1" 403 1242 "https://w5.yours-toclaim.com/" "Mozilla/5.0 (X11; Ubuntu; Linux i686 on x86_64; rv:50.0) Gecko/20100101 Firefox/50.0"
194.87.252.147 - - [08/Jun/2025:06:07:26 -0400] "POST /wp-content/plugins/wp-automatic/inc/csv.php HTTP/1.1" 200 26 "https://w5.yours-toclaim.com/wp-content/plugins/wp-automatic/inc/csv.php" "Mozilla/5.0 (X11; Ubuntu; Linux i686 on x86_64; rv:50.0) Gecko/20100101 Firefox/50.0"
194.87.252.147 - - [08/Jun/2025:06:07:27 -0400] "POST /wp-content/plugins/wp-automatic/inc/csv.php HTTP/1.1" 200 26 "https://w5.yours-toclaim.com/wp-content/plugins/wp-automatic/inc/csv.php" "Mozilla/5.0 (X11; Ubuntu; Linux i686 on x86_64; rv:50.0) Gecko/20100101 Firefox/50.0"
194.87.252.147 - - [08/Jun/2025:06:07:28 -0400] "POST /wp-content/plugins/wp-automatic/inc/csv.php HTTP/1.1" 200 26 "https://w5.yours-toclaim.com/wp-content/plugins/wp-automatic/inc/csv.php" "Mozilla/5.0 (X11; Ubuntu; Linux i686 on x86_64; rv:50.0) Gecko/20100101 Firefox/50.0"
194.87.252.147 - - [08/Jun/2025:06:07:28 -0400] "POST /wp-content/plugins/wp-automatic/inc/csv.php HTTP/1.1" 200 26 "https://w5.yours-toclaim.com/wp-content/plugins/wp-automatic/inc/csv.php" "Mozilla/5.0 (X11; Ubuntu; Linux i686 on x86_64; rv:50.0) Gecko/20100101 Firefox/50.0"
194.87.252.147 - - [08/Jun/2025:06:07:29 -0400] "POST /wp-content/plugins/wp-automatic/inc/csv.phpe9902f0f9d6d.php HTTP/1.1" 403 1242 "https://w5.yours-toclaim.com/wp-content/plugins/wp-automatic/inc/csv.php" "Mozilla/5.0 (X11; Ubuntu; Linux i686 on x86_64; rv:50.0) Gecko/20100101 Firefox/50.0"
162.0.232.193 - - [08/Jun/2025:06:07:29 -0400] "POST /wp-cron.php?doing_wp_cron=1749377249.6836020946502685546875 HTTP/1.1" 200 0 "-" "WordPress/6.8.1; https://w5.yours-toclaim.com"
194.87.252.147 - - [08/Jun/2025:06:07:29 -0400] "POST /wp-content/plugins/wp-automatic/inc/csv.phpe9902f0f9d6d.php HTTP/1.1" 301 0 "https://w5.yours-toclaim.com/wp-content/plugins/wp-automatic/inc/csv.phpe9902f0f9d6d.php" "Mozilla/5.0 (X11; Ubuntu; Linux i686 on x86_64; rv:50.0) Gecko/20100101 Firefox/50.0"
194.87.252.147 - - [08/Jun/2025:06:07:30 -0400] "GET / HTTP/1.1" 200 37315 "https://w5.yours-toclaim.com/wp-content/plugins/wp-automatic/inc/csv.phpe9902f0f9d6d.php" "Mozilla/5.0 (X11; Ubuntu; Linux i686 on x86_64; rv:50.0) Gecko/20100101 Firefox/50.0"
194.87.252.147 - - [08/Jun/2025:06:07:30 -0400] "POST /wp-content/plugins/wp-automatic/inc/csv.phpe9902f0f9d6d.php HTTP/1.1" 301 0 "https://w5.yours-toclaim.com/" "Mozilla/5.0 (X11; Ubuntu; Linux i686 on x86_64; rv:50.0) Gecko/20100101 Firefox/50.0"
194.87.252.147 - - [08/Jun/2025:06:07:31 -0400] "GET / HTTP/1.1" 200 37315 "https://w5.yours-toclaim.com/" "Mozilla/5.0 (X11; Ubuntu; Linux i686 on x86_64; rv:50.0) Gecko/20100101 Firefox/50.0"
194.87.252.147 - - [08/Jun/2025:06:07:31 -0400] "POST /wp-content/plugins/wp-automatic/inc/csv.phpe9902f0f9d6d.php HTTP/1.1" 301 0 "https://w5.yours-toclaim.com/" "Mozilla/5.0 (X11; Ubuntu; Linux i686 on x86_64; rv:50.0) Gecko/20100101 Firefox/50.0"
194.87.252.147 - - [08/Jun/2025:06:07:32 -0400] "GET / HTTP/1.1" 200 37315 "https://w5.yours-toclaim.com/" "Mozilla/5.0 (X11; Ubuntu; Linux i686 on x86_64; rv:50.0) Gecko/20100101 Firefox/50.0"
194.87.252.147 - - [08/Jun/2025:06:07:33 -0400] "POST /wp-content/plugins/wp-automatic/inc/csv.phpe9902f0f9d6d.php HTTP/1.1" 301 0 "https://w5.yours-toclaim.com/" "Mozilla/5.0 (X11; Ubuntu; Linux i686 on x86_64; rv:50.0) Gecko/20100101 Firefox/50.0"
194.87.252.147 - - [08/Jun/2025:06:07:33 -0400] "GET / HTTP/1.1" 200 37315 "https://w5.yours-toclaim.com/" "Mozilla/5.0 (X11; Ubuntu; Linux i686 on x86_64; rv:50.0) Gecko/20100101 Firefox/50.0"
194.87.252.147 - - [08/Jun/2025:06:07:34 -0400] "GET /wp-login.php HTTP/1.1" 200 1991 "https://w5.yours-toclaim.com/" "Mozilla/5.0 (X11; Ubuntu; Linux i686 on x86_64; rv:50.0) Gecko/20100101 Firefox/50.0"
194.87.252.147 - - [08/Jun/2025:06:07:35 -0400] "POST /wp-login.php HTTP/1.1" 200 2146 "https://w5.yours-toclaim.com/wp-login.php" "Mozilla/5.0 (X11; Ubuntu; Linux i686 on x86_64; rv:50.0) Gecko/20100101 Firefox/50.0"
194.87.252.147 - - [08/Jun/2025:06:07:37 -0400] "GET /wp-admin/plugins.php HTTP/1.1" 302 0 "https://w5.yours-toclaim.com/wp-login.php" "Mozilla/5.0 (X11; Ubuntu; Linux i686 on x86_64; rv:50.0) Gecko/20100101 Firefox/50.0"
194.87.252.147 - - [08/Jun/2025:06:07:38 -0400] "GET /wp-login.php?redirect_to=https%3A%2F%2Fw5.yours-toclaim.com%2Fwp-admin%2Fplugins.php&reauth=1 HTTP/1.1" 200 1994 "https://w5.yours-toclaim.com/wp-login.php" "Mozilla/5.0 (X11; Ubuntu; Linux i686 on x86_64; rv:50.0) Gecko/20100101 Firefox/50.0"
195.82.146.212 - - [08/Jun/2025:06:08:01 -0400] "GET / HTTP/1.1" 200 37305 "https://w5.yours-toclaim.com/" "Mozilla/5.0 (Windows NT 10.0; Win64; x64) AppleWebKit/537.36 (KHTML, like Gecko) Chrome/129.0.0.0 Safari/537.36"
162.0.232.193 - - [08/Jun/2025:06:08:31 -0400] "POST /wp-cron.php?doing_wp_cron=1749377311.7455029487609863281250 HTTP/1.1" 200 0 "-" "WordPress/6.8.1; https://w5.yours-toclaim.com"
47.79.118.225 - - [08/Jun/2025:06:08:31 -0400] "GET /category/yours-to-claim-manhwa/page/4/ HTTP/1.1" 200 57382 "https://w5.yours-toclaim.com/category/yours-to-claim-manhwa/page/4/" "Mozilla/5.0 (Windows NT 10.0; Win64; x64) AppleWebKit/537.36 (KHTML, like Gecko) Chrome/114.0.0.0 Safari/537.36 Edg/114.0.1823.43"
162.0.232.193 - - [08/Jun/2025:06:09:24 -0400] "POST /wp-cron.php?doing_wp_cron=1749377364.3620851039886474609375 HTTP/1.1" 200 0 "-" "WordPress/6.8.1; https://w5.yours-toclaim.com"
47.79.3.180 - - [08/Jun/2025:06:09:24 -0400] "GET /tag/yours-to-claim-lezhin-season-2/page/3/ HTTP/1.1" 200 57120 "https://w5.yours-toclaim.com/tag/yours-to-claim-lezhin-season-2/page/3/" "Mozilla/5.0 (Windows NT 10.0; Win64; x64) AppleWebKit/537.36 (KHTML, like Gecko) Chrome/114.0.0.0 Safari/537.36 Edg/114.0.1823.43"
162.0.232.193 - - [08/Jun/2025:06:10:27 -0400] "POST /wp-cron.php?doing_wp_cron=1749377427.8926129341125488281250 HTTP/1.1" 200 0 "-" "WordPress/6.8.1; https://w5.yours-toclaim.com"
47.82.61.75 - - [08/Jun/2025:06:10:27 -0400] "GET /category/yours-to-claim/page/8/ HTTP/1.1" 200 92912 "https://w5.yours-toclaim.com/category/yours-to-claim/page/8/" "Mozilla/5.0 (Windows NT 10.0; Win64; x64) AppleWebKit/537.36 (KHTML, like Gecko) Chrome/114.0.0.0 Safari/537.36 Edg/114.0.1823.43"
54.210.200.246 - - [08/Jun/2025:06:10:28 -0400] "GET /ads.txt HTTP/1.1" 200 363 "-" "Mozilla/5.0 (Windows NT 10.0; Win64; x64) AppleWebKit/537.36 (KHTML, like Gecko) Chrome/58.0.3029.110 Safari/537.3"
162.0.232.193 - - [08/Jun/2025:06:10:42 -0400] "POST /wp-cron.php?doing_wp_cron=1749377442.0764589309692382812500 HTTP/1.1" 200 0 "-" "WordPress/6.8.1; https://w5.yours-toclaim.com"
47.128.112.5 - - [08/Jun/2025:06:10:41 -0400] "GET /tag/yours-to-claim-lezhin/page/13/ HTTP/1.1" 301 0 "-" "Mozilla/5.0 (Linux; Android 5.0) AppleWebKit/537.36 (KHTML, like Gecko) Mobile Safari/537.36 (compatible; Bytespider; [email protected])"
47.128.112.5 - - [08/Jun/2025:06:10:42 -0400] "GET / HTTP/1.1" 200 37399 "-" "Mozilla/5.0 (Linux; Android 5.0) AppleWebKit/537.36 (KHTML, like Gecko) Mobile Safari/537.36 (compatible; Bytespider; [email protected])"
162.0.232.193 - - [08/Jun/2025:06:12:38 -0400] "POST /wp-cron.php?doing_wp_cron=1749377558.7375729084014892578125 HTTP/1.1" 200 0 "-" "WordPress/6.8.1; https://w5.yours-toclaim.com"
114.119.156.33 - - [08/Jun/2025:06:12:37 -0400] "GET /tag/yahwi/page/3/ HTTP/1.1" 200 56909 "https://w5.yours-toclaim.com/tag/yahwi/page/2/" "Mozilla/5.0 (Linux; Android 7.0;) AppleWebKit/537.36 (KHTML, like Gecko) Mobile Safari/537.36 (compatible; PetalBot;+https://webmaster.petalsearch.com/site/petalbot)"
162.0.232.193 - - [08/Jun/2025:06:12:59 -0400] "POST /wp-cron.php?doing_wp_cron=1749377579.7516679763793945312500 HTTP/1.1" 200 0 "-" "WordPress/6.8.1; https://w5.yours-toclaim.com"
18.217.149.209 - - [08/Jun/2025:06:12:59 -0400] "GET /wp-json/wp/v2/users/1 HTTP/1.1" 200 745 "-" "Mozilla/5.0 (X11; Ubuntu; Linux i686; rv:28.0) Gecko/20100101 Firefox/28.0"
162.0.232.193 - - [08/Jun/2025:06:13:12 -0400] "POST /wp-cron.php?doing_wp_cron=1749377592.1418418884277343750000 HTTP/1.1" 200 0 "-" "WordPress/6.8.1; https://w5.yours-toclaim.com"
47.79.5.247 - - [08/Jun/2025:06:13:12 -0400] "GET /tag/yours-to-claim-manga/page/10/ HTTP/1.1" 200 81064 "https://w5.yours-toclaim.com/tag/yours-to-claim-manga/page/10/" "Mozilla/5.0 (Windows NT 10.0; Win64; x64) AppleWebKit/537.36 (KHTML, like Gecko) Chrome/114.0.0.0 Safari/537.36 Edg/114.0.1823.43"
18.217.149.209 - - [08/Jun/2025:06:13:13 -0400] "GET / HTTP/1.1" 200 37315 "-" "Mozilla/5.0 (X11; Ubuntu; Linux i686; rv:28.0) Gecko/20100101 Firefox/28.0"
47.79.7.220 - - [08/Jun/2025:06:13:45 -0400] "GET /tag/yours-to-claim-author-twitter/page/2/ HTTP/1.1" 200 50689 "https://w5.yours-toclaim.com/tag/yours-to-claim-author-twitter/page/2/" "Mozilla/5.0 (Windows NT 10.0; Win64; x64) AppleWebKit/537.36 (KHTML, like Gecko) Chrome/114.0.0.0 Safari/537.36 Edg/114.0.1823.43"
162.0.232.193 - - [08/Jun/2025:06:14:04 -0400] "POST /wp-cron.php?doing_wp_cron=1749377644.8589389324188232421875 HTTP/1.1" 200 0 "-" "WordPress/6.8.1; https://w5.yours-toclaim.com"
114.119.130.116 - - [08/Jun/2025:06:14:04 -0400] "GET /category/yours-to-claim-manhwa/page/5/ HTTP/1.1" 200 49620 "https://w4.yours-toclaim.com/category/yours-to-claim-manhwa/page/4/" "Mozilla/5.0 (Linux; Android 7.0;) AppleWebKit/537.36 (KHTML, like Gecko) Mobile Safari/537.36 (compatible; PetalBot;+https://webmaster.petalsearch.com/site/petalbot)"
47.82.60.131 - - [08/Jun/2025:06:14:35 -0400] "GET /category/manga/page/4/ HTTP/1.1" 200 57578 "https://w5.yours-toclaim.com/category/manga/page/4/" "Mozilla/5.0 (Windows NT 10.0; Win64; x64) AppleWebKit/537.36 (KHTML, like Gecko) Chrome/114.0.0.0 Safari/537.36 Edg/114.0.1823.43"
47.128.22.23 - - [08/Jun/2025:06:14:41 -0400] "GET /tag/yahwi/page/7/ HTTP/1.1" 200 148150 "-" "Mozilla/5.0 (compatible; Bytespider; [email protected]) AppleWebKit/537.36 (KHTML, like Gecko) Chrome/70.0.0.0 Safari/537.36"
162.0.232.193 - - [08/Jun/2025:06:14:55 -0400] "POST /wp-cron.php?doing_wp_cron=1749377694.9381508827209472656250 HTTP/1.1" 200 0 "-" "WordPress/6.8.1; https://w5.yours-toclaim.com"
103.154.184.168 - - [08/Jun/2025:06:14:54 -0400] "POST /xmlrpc.php HTTP/1.1" 200 186 "https://w5.yours-toclaim.com" "Mozilla/5.0 (Windows NT 10.0; Win64; x64; rv:127.0) Gecko/20100101 Firefox/127.0"
103.154.184.168 - - [08/Jun/2025:06:14:56 -0400] "POST /wp-login.php HTTP/1.1" 200 2117 "https://w5.yours-toclaim.com" "Mozilla/5.0 (Macintosh; Intel Mac OS X 10_15_7; rv:127.0) Gecko/20100101 Firefox/127.0"
162.0.232.193 - - [08/Jun/2025:06:15:23 -0400] "POST /wp-cron.php?doing_wp_cron=1749377723.4734780788421630859375 HTTP/1.1" 200 0 "-" "WordPress/6.8.1; https://w5.yours-toclaim.com"
114.119.130.116 - - [08/Jun/2025:06:15:23 -0400] "GET /yours-to-claim-chapter-61/ HTTP/1.1" 301 0 "https://w5.yours-toclaim.com/tag/yours-to-claim-lezhin-season-2/page/6/" "Mozilla/5.0 (Linux; Android 7.0;) AppleWebKit/537.36 (KHTML, like Gecko) Mobile Safari/537.36 (compatible; PetalBot;+https://webmaster.petalsearch.com/site/petalbot)"
114.119.130.116 - - [08/Jun/2025:06:15:27 -0400] "GET / HTTP/1.1" 200 37399 "https://w5.yours-toclaim.com/tag/yours-to-claim-lezhin-season-2/page/6/" "Mozilla/5.0 (Linux; Android 7.0;) AppleWebKit/537.36 (KHTML, like Gecko) Mobile Safari/537.36 (compatible; PetalBot;+https://webmaster.petalsearch.com/site/petalbot)"
162.0.232.193 - - [08/Jun/2025:06:16:10 -0400] "POST /wp-cron.php?doing_wp_cron=1749377770.3900010585784912109375 HTTP/1.1" 200 0 "-" "WordPress/6.8.1; https://w5.yours-toclaim.com"
47.82.61.67 - - [08/Jun/2025:06:16:10 -0400] "GET /tag/yours-to-claim-lezhin/page/3/ HTTP/1.1" 200 56894 "https://w5.yours-toclaim.com/tag/yours-to-claim-lezhin/page/3/" "Mozilla/5.0 (Windows NT 10.0; Win64; x64) AppleWebKit/537.36 (KHTML, like Gecko) Chrome/114.0.0.0 Safari/537.36 Edg/114.0.1823.43"
162.0.232.193 - - [08/Jun/2025:06:16:31 -0400] "POST /wp-cron.php?doing_wp_cron=1749377791.1185948848724365234375 HTTP/1.1" 200 0 "-" "WordPress/6.8.1; https://w5.yours-toclaim.com"
47.82.60.202 - - [08/Jun/2025:06:16:30 -0400] "GET /category/yours-to-claim/page/6/ HTTP/1.1" 200 85266 "https://w5.yours-toclaim.com/category/yours-to-claim/page/6/" "Mozilla/5.0 (Windows NT 10.0; Win64; x64) AppleWebKit/537.36 (KHTML, like Gecko) Chrome/114.0.0.0 Safari/537.36 Edg/114.0.1823.43"
47.82.60.58 - - [08/Jun/2025:06:16:39 -0400] "GET /yours-to-claim/yours-to-claim-chapter-11/ HTTP/1.1" 200 50780 "https://w5.yours-toclaim.com/yours-to-claim/yours-to-claim-chapter-11/" "Mozilla/5.0 (Windows NT 10.0; Win64; x64) AppleWebKit/537.36 (KHTML, like Gecko) Chrome/114.0.0.0 Safari/537.36 Edg/114.0.1823.43"
114.119.132.108 - - [08/Jun/2025:06:16:44 -0400] "GET /yours-to-claim/yours-to-claim-chapter-107-5/ HTTP/1.1" 200 40515 "https://w5.yours-toclaim.com/tag/yahwi/page/9/" "Mozilla/5.0 (Linux; Android 7.0;) AppleWebKit/537.36 (KHTML, like Gecko) Mobile Safari/537.36 (compatible; PetalBot;+https://webmaster.petalsearch.com/site/petalbot)"
43.153.54.14 - - [08/Jun/2025:06:17:45 -0400] "GET / HTTP/1.1" 200 37374 "http://w5.yours-toclaim.com" "Mozilla/5.0 (iPhone; CPU iPhone OS 13_2_3 like Mac OS X) AppleWebKit/605.1.15 (KHTML, like Gecko) Version/13.0.3 Mobile/15E148 Safari/604.1"
47.128.56.66 - - [08/Jun/2025:06:18:41 -0400] "GET /category/yours-to-claim-read/page/4/ HTTP/1.1" 200 57546 "-" "Mozilla/5.0 (compatible; Bytespider; [email protected]) AppleWebKit/537.36 (KHTML, like Gecko) Chrome/70.0.0.0 Safari/537.36"
162.0.232.193 - - [08/Jun/2025:06:18:42 -0400] "POST /wp-cron.php?doing_wp_cron=1749377922.5675470829010009765625 HTTP/1.1" 200 0 "-" "WordPress/6.8.1; https://w5.yours-toclaim.com"
114.119.156.33 - - [08/Jun/2025:06:18:42 -0400] "GET /tag/yours-to-claim-author-twitter/page/9/ HTTP/1.1" 200 85923 "https://w4.yours-toclaim.com/tag/yours-to-claim-author-twitter/page/10/" "Mozilla/5.0 (Linux; Android 7.0;) AppleWebKit/537.36 (KHTML, like Gecko) Mobile Safari/537.36 (compatible; PetalBot;+https://webmaster.petalsearch.com/site/petalbot)"
47.79.5.247 - - [08/Jun/2025:06:18:52 -0400] "GET /yours-to-claim/yours-to-claim-chapter-28/ HTTP/1.1" 200 49355 "https://w5.yours-toclaim.com/yours-to-claim/yours-to-claim-chapter-28/" "Mozilla/5.0 (Windows NT 10.0; Win64; x64) AppleWebKit/537.36 (KHTML, like Gecko) Chrome/114.0.0.0 Safari/537.36 Edg/114.0.1823.43"
114.119.133.208 - - [08/Jun/2025:06:19:57 -0400] "GET /yours-to-claim/yours-to-claim-chapter-79/ HTTP/1.1" 200 44210 "https://yours-toclaim.com/yours-to-claim-chapter-20/" "Mozilla/5.0 (Linux; Android 7.0;) AppleWebKit/537.36 (KHTML, like Gecko) Mobile Safari/537.36 (compatible; PetalBot;+https://webmaster.petalsearch.com/site/petalbot)"
114.119.132.108 - - [08/Jun/2025:06:21:07 -0400] "GET /yours-to-claim/yours-to-claim-chapter-71/ HTTP/1.1" 200 44319 "https://yours-toclaim.com/yours-to-claim-chapter-20/" "Mozilla/5.0 (Linux; Android 7.0;) AppleWebKit/537.36 (KHTML, like Gecko) Mobile Safari/537.36 (compatible; PetalBot;+https://webmaster.petalsearch.com/site/petalbot)"
47.79.121.170 - - [08/Jun/2025:06:22:16 -0400] "GET /tag/volumes/ HTTP/1.1" 200 67062 "https://w5.yours-toclaim.com/tag/volumes/" "Mozilla/5.0 (Windows NT 10.0; Win64; x64) AppleWebKit/537.36 (KHTML, like Gecko) Chrome/114.0.0.0 Safari/537.36 Edg/114.0.1823.43"
194.87.252.147 - - [08/Jun/2025:06:22:22 -0400] "GET / HTTP/1.1" 200 37315 "-" "Mozilla/5.0 (X11; Linux i686) AppleWebKit/537.36 (KHTML, like Gecko) Chrome/50.0.2668.17 Safari/537.36"
194.87.252.147 - - [08/Jun/2025:06:22:24 -0400] "POST /wp-content/plugins/wp-automatic/inc/csv.php HTTP/1.1" 403 1242 "https://w5.yours-toclaim.com/" "Mozilla/5.0 (X11; Linux i686) AppleWebKit/537.36 (KHTML, like Gecko) Chrome/50.0.2668.17 Safari/537.36"
114.119.134.12 - - [08/Jun/2025:06:22:26 -0400] "GET /yours-to-claim/yours-to-claim-chapter-47/ HTTP/1.1" 200 49363 "https://yours-toclaim.com/yours-to-claim-chapter-20/" "Mozilla/5.0 (Linux; Android 7.0;) AppleWebKit/537.36 (KHTML, like Gecko) Mobile Safari/537.36 (compatible; PetalBot;+https://webmaster.petalsearch.com/site/petalbot)"
162.0.232.193 - - [08/Jun/2025:06:22:26 -0400] "POST /wp-cron.php?doing_wp_cron=1749378146.1488530635833740234375 HTTP/1.1" 200 0 "-" "WordPress/6.8.1; https://w5.yours-toclaim.com"
194.87.252.147 - - [08/Jun/2025:06:22:25 -0400] "POST /wp-content/plugins/wp-automatic/inc/csv.php HTTP/1.1" 200 26 "https://w5.yours-toclaim.com/wp-content/plugins/wp-automatic/inc/csv.php" "Mozilla/5.0 (X11; Linux i686) AppleWebKit/537.36 (KHTML, like Gecko) Chrome/50.0.2668.17 Safari/537.36"
194.87.252.147 - - [08/Jun/2025:06:22:26 -0400] "POST /wp-content/plugins/wp-automatic/inc/csv.php HTTP/1.1" 200 26 "https://w5.yours-toclaim.com/wp-content/plugins/wp-automatic/inc/csv.php" "Mozilla/5.0 (X11; Linux i686) AppleWebKit/537.36 (KHTML, like Gecko) Chrome/50.0.2668.17 Safari/537.36"
194.87.252.147 - - [08/Jun/2025:06:22:27 -0400] "POST /wp-content/plugins/wp-automatic/inc/csv.php HTTP/1.1" 200 26 "https://w5.yours-toclaim.com/wp-content/plugins/wp-automatic/inc/csv.php" "Mozilla/5.0 (X11; Linux i686) AppleWebKit/537.36 (KHTML, like Gecko) Chrome/50.0.2668.17 Safari/537.36"
194.87.252.147 - - [08/Jun/2025:06:22:28 -0400] "POST /wp-content/plugins/wp-automatic/inc/csv.php HTTP/1.1" 200 26 "https://w5.yours-toclaim.com/wp-content/plugins/wp-automatic/inc/csv.php" "Mozilla/5.0 (X11; Linux i686) AppleWebKit/537.36 (KHTML, like Gecko) Chrome/50.0.2668.17 Safari/537.36"
194.87.252.147 - - [08/Jun/2025:06:22:28 -0400] "POST /wp-content/plugins/wp-automatic/inc/csv.phpe9902f0f9d6d.php HTTP/1.1" 403 1242 "https://w5.yours-toclaim.com/wp-content/plugins/wp-automatic/inc/csv.php" "Mozilla/5.0 (X11; Linux i686) AppleWebKit/537.36 (KHTML, like Gecko) Chrome/50.0.2668.17 Safari/537.36"
162.0.232.193 - - [08/Jun/2025:06:22:29 -0400] "POST /wp-cron.php?doing_wp_cron=1749378149.4879920482635498046875 HTTP/1.1" 200 0 "-" "WordPress/6.8.1; https://w5.yours-toclaim.com"
194.87.252.147 - - [08/Jun/2025:06:22:29 -0400] "POST /wp-content/plugins/wp-automatic/inc/csv.phpe9902f0f9d6d.php HTTP/1.1" 301 0 "https://w5.yours-toclaim.com/wp-content/plugins/wp-automatic/inc/csv.phpe9902f0f9d6d.php" "Mozilla/5.0 (X11; Linux i686) AppleWebKit/537.36 (KHTML, like Gecko) Chrome/50.0.2668.17 Safari/537.36"
194.87.252.147 - - [08/Jun/2025:06:22:30 -0400] "GET / HTTP/1.1" 200 37315 "https://w5.yours-toclaim.com/wp-content/plugins/wp-automatic/inc/csv.phpe9902f0f9d6d.php" "Mozilla/5.0 (X11; Linux i686) AppleWebKit/537.36 (KHTML, like Gecko) Chrome/50.0.2668.17 Safari/537.36"
194.87.252.147 - - [08/Jun/2025:06:22:31 -0400] "POST /wp-content/plugins/wp-automatic/inc/csv.phpe9902f0f9d6d.php HTTP/1.1" 301 0 "https://w5.yours-toclaim.com/" "Mozilla/5.0 (X11; Linux i686) AppleWebKit/537.36 (KHTML, like Gecko) Chrome/50.0.2668.17 Safari/537.36"
194.87.252.147 - - [08/Jun/2025:06:22:31 -0400] "GET / HTTP/1.1" 200 37315 "https://w5.yours-toclaim.com/" "Mozilla/5.0 (X11; Linux i686) AppleWebKit/537.36 (KHTML, like Gecko) Chrome/50.0.2668.17 Safari/537.36"
194.87.252.147 - - [08/Jun/2025:06:22:32 -0400] "POST /wp-content/plugins/wp-automatic/inc/csv.phpe9902f0f9d6d.php HTTP/1.1" 301 0 "https://w5.yours-toclaim.com/" "Mozilla/5.0 (X11; Linux i686) AppleWebKit/537.36 (KHTML, like Gecko) Chrome/50.0.2668.17 Safari/537.36"
194.87.252.147 - - [08/Jun/2025:06:22:33 -0400] "GET / HTTP/1.1" 200 37315 "https://w5.yours-toclaim.com/" "Mozilla/5.0 (X11; Linux i686) AppleWebKit/537.36 (KHTML, like Gecko) Chrome/50.0.2668.17 Safari/537.36"
194.87.252.147 - - [08/Jun/2025:06:22:33 -0400] "POST /wp-content/plugins/wp-automatic/inc/csv.phpe9902f0f9d6d.php HTTP/1.1" 301 0 "https://w5.yours-toclaim.com/" "Mozilla/5.0 (X11; Linux i686) AppleWebKit/537.36 (KHTML, like Gecko) Chrome/50.0.2668.17 Safari/537.36"
194.87.252.147 - - [08/Jun/2025:06:22:34 -0400] "GET / HTTP/1.1" 200 37315 "https://w5.yours-toclaim.com/" "Mozilla/5.0 (X11; Linux i686) AppleWebKit/537.36 (KHTML, like Gecko) Chrome/50.0.2668.17 Safari/537.36"
194.87.252.147 - - [08/Jun/2025:06:22:34 -0400] "GET /wp-login.php HTTP/1.1" 200 1991 "https://w5.yours-toclaim.com/" "Mozilla/5.0 (X11; Linux i686) AppleWebKit/537.36 (KHTML, like Gecko) Chrome/50.0.2668.17 Safari/537.36"
194.87.252.147 - - [08/Jun/2025:06:22:35 -0400] "POST /wp-login.php HTTP/1.1" 200 2148 "https://w5.yours-toclaim.com/wp-login.php" "Mozilla/5.0 (X11; Linux i686) AppleWebKit/537.36 (KHTML, like Gecko) Chrome/50.0.2668.17 Safari/537.36"
194.87.252.147 - - [08/Jun/2025:06:22:35 -0400] "GET /wp-admin/plugins.php HTTP/1.1" 302 0 "https://w5.yours-toclaim.com/wp-login.php" "Mozilla/5.0 (X11; Linux i686) AppleWebKit/537.36 (KHTML, like Gecko) Chrome/50.0.2668.17 Safari/537.36"
194.87.252.147 - - [08/Jun/2025:06:22:36 -0400] "GET /wp-login.php?redirect_to=https%3A%2F%2Fw5.yours-toclaim.com%2Fwp-admin%2Fplugins.php&reauth=1 HTTP/1.1" 200 1994 "https://w5.yours-toclaim.com/wp-login.php" "Mozilla/5.0 (X11; Linux i686) AppleWebKit/537.36 (KHTML, like Gecko) Chrome/50.0.2668.17 Safari/537.36"
47.128.35.97 - - [08/Jun/2025:06:22:42 -0400] "GET /tag/manga/page/8/ HTTP/1.1" 200 96952 "-" "Mozilla/5.0 (compatible; Bytespider; [email protected]) AppleWebKit/537.36 (KHTML, like Gecko) Chrome/70.0.0.0 Safari/537.36"
162.0.232.193 - - [08/Jun/2025:06:23:03 -0400] "POST /wp-cron.php?doing_wp_cron=1749378183.1978330612182617187500 HTTP/1.1" 200 0 "-" "WordPress/6.8.1; https://w5.yours-toclaim.com"
47.82.60.23 - - [08/Jun/2025:06:23:02 -0400] "GET /tag/yours-to-claim-manga/page/8/ HTTP/1.1" 200 97005 "https://w5.yours-toclaim.com/tag/yours-to-claim-manga/page/8/" "Mozilla/5.0 (Windows NT 10.0; Win64; x64) AppleWebKit/537.36 (KHTML, like Gecko) Chrome/114.0.0.0 Safari/537.36 Edg/114.0.1823.43"
162.0.232.193 - - [08/Jun/2025:06:23:49 -0400] "POST /wp-cron.php?doing_wp_cron=1749378229.5759260654449462890625 HTTP/1.1" 200 0 "-" "WordPress/6.8.1; https://w5.yours-toclaim.com"
47.82.60.225 - - [08/Jun/2025:06:23:49 -0400] "GET /tag/original/page/9/ HTTP/1.1" 200 85906 "https://w5.yours-toclaim.com/tag/original/page/9/" "Mozilla/5.0 (Windows NT 10.0; Win64; x64) AppleWebKit/537.36 (KHTML, like Gecko) Chrome/114.0.0.0 Safari/537.36 Edg/114.0.1823.43"
47.82.60.174 - - [08/Jun/2025:06:24:36 -0400] "GET /yours-to-claim/yours-to-claim-chapter-74-5-2/ HTTP/1.1" 200 46411 "https://w5.yours-toclaim.com/yours-to-claim/yours-to-claim-chapter-74-5-2/" "Mozilla/5.0 (Windows NT 10.0; Win64; x64) AppleWebKit/537.36 (KHTML, like Gecko) Chrome/114.0.0.0 Safari/537.36 Edg/114.0.1823.43"
47.79.1.112 - - [08/Jun/2025:06:25:16 -0400] "GET /tag/manga/page/6/ HTTP/1.1" 200 88896 "https://w5.yours-toclaim.com/tag/manga/page/6/" "Mozilla/5.0 (Windows NT 10.0; Win64; x64) AppleWebKit/537.36 (KHTML, like Gecko) Chrome/114.0.0.0 Safari/537.36 Edg/114.0.1823.43"
162.0.232.193 - - [08/Jun/2025:06:26:37 -0400] "POST /wp-cron.php?doing_wp_cron=1749378397.1401810646057128906250 HTTP/1.1" 200 0 "-" "WordPress/6.8.1; https://w5.yours-toclaim.com"
47.79.123.29 - - [08/Jun/2025:06:26:36 -0400] "GET /category/yours-to-claim-read/page/2/ HTTP/1.1" 200 50832 "https://w5.yours-toclaim.com/category/yours-to-claim-read/page/2/" "Mozilla/5.0 (Windows NT 10.0; Win64; x64) AppleWebKit/537.36 (KHTML, like Gecko) Chrome/114.0.0.0 Safari/537.36 Edg/114.0.1823.43"
47.128.110.227 - - [08/Jun/2025:06:26:41 -0400] "GET /tag/volume/page/4/ HTTP/1.1" 200 57526 "-" "Mozilla/5.0 (compatible; Bytespider; [email protected]) AppleWebKit/537.36 (KHTML, like Gecko) Chrome/70.0.0.0 Safari/537.36"
114.119.129.179 - - [08/Jun/2025:06:27:35 -0400] "GET /tag/chapter/page/9/ HTTP/1.1" 200 85946 "https://w5.yours-toclaim.com/tag/chapter/page/10/" "Mozilla/5.0 (Linux; Android 7.0;) AppleWebKit/537.36 (KHTML, like Gecko) Mobile Safari/537.36 (compatible; PetalBot;+https://webmaster.petalsearch.com/site/petalbot)"
47.82.60.135 - - [08/Jun/2025:06:28:10 -0400] "GET /yours-to-claim/yours-to-claim-chapter-98/ HTTP/1.1" 200 41293 "https://w5.yours-toclaim.com/yours-to-claim/yours-to-claim-chapter-98/" "Mozilla/5.0 (Windows NT 10.0; Win64; x64) AppleWebKit/537.36 (KHTML, like Gecko) Chrome/114.0.0.0 Safari/537.36 Edg/114.0.1823.43"
114.119.130.116 - - [08/Jun/2025:06:28:50 -0400] "GET /yours-to-claim/yours-to-claim-chapter-106/ HTTP/1.1" 200 42105 "https://w5.yours-toclaim.com/tag/yahwi/page/9/" "Mozilla/5.0 (Linux; Android 7.0;) AppleWebKit/537.36 (KHTML, like Gecko) Mobile Safari/537.36 (compatible; PetalBot;+https://webmaster.petalsearch.com/site/petalbot)"
114.119.156.33 - - [08/Jun/2025:06:30:08 -0400] "GET /yours-to-claim/yours-to-claim-chapter-107-5/ HTTP/1.1" 200 40515 "https://w4.yours-toclaim.com/tag/yours-to-claim-lezhin-season-2/page/7/" "Mozilla/5.0 (Linux; Android 7.0;) AppleWebKit/537.36 (KHTML, like Gecko) Mobile Safari/537.36 (compatible; PetalBot;+https://webmaster.petalsearch.com/site/petalbot)"
162.0.232.193 - - [08/Jun/2025:06:31:25 -0400] "POST /wp-cron.php?doing_wp_cron=1749378685.3279778957366943359375 HTTP/1.1" 200 0 "-" "WordPress/6.8.1; https://w5.yours-toclaim.com"
2001:41d0:20a:800::ff - - [08/Jun/2025:06:31:24 -0400] "POST /xmlrpc.php HTTP/1.1" 200 205 "-" "Mozilla/5.0 (X11; Ubuntu; Linux x86_64; rv:85.0) Gecko/20100101 Firefox/91.0"
162.0.232.193 - - [08/Jun/2025:06:31:30 -0400] "POST /wp-cron.php?doing_wp_cron=1749378690.1227900981903076171875 HTTP/1.1" 200 0 "-" "WordPress/6.8.1; https://w5.yours-toclaim.com"
114.119.131.68 - - [08/Jun/2025:06:31:29 -0400] "GET /tag/yours-to-claim-manga/page/8/ HTTP/1.1" 200 96993 "https://w4.yours-toclaim.com/tag/yours-to-claim-manga/page/9/" "Mozilla/5.0 (Linux; Android 7.0;) AppleWebKit/537.36 (KHTML, like Gecko) Mobile Safari/537.36 (compatible; PetalBot;+https://webmaster.petalsearch.com/site/petalbot)"
47.79.3.52 - - [08/Jun/2025:06:31:58 -0400] "GET / HTTP/1.1" 200 37315 "https://w5.yours-toclaim.com/" "Mozilla/5.0 (Windows NT 10.0; Win64; x64) AppleWebKit/537.36 (KHTML, like Gecko) Chrome/114.0.0.0 Safari/537.36 Edg/114.0.1823.43"
162.0.232.193 - - [08/Jun/2025:06:32:53 -0400] "POST /wp-cron.php?doing_wp_cron=1749378773.2378311157226562500000 HTTP/1.1" 200 0 "-" "WordPress/6.8.1; https://w5.yours-toclaim.com"
114.119.131.68 - - [08/Jun/2025:06:32:53 -0400] "GET /tag/original/page/10/ HTTP/1.1" 200 81091 "https://w5.yours-toclaim.com/tag/original/page/9/" "Mozilla/5.0 (Linux; Android 7.0;) AppleWebKit/537.36 (KHTML, like Gecko) Mobile Safari/537.36 (compatible; PetalBot;+https://webmaster.petalsearch.com/site/petalbot)"
47.79.3.239 - - [08/Jun/2025:06:33:41 -0400] "GET /category/yours-to-claim-read/page/3/ HTTP/1.1" 200 56975 "https://w5.yours-toclaim.com/category/yours-to-claim-read/page/3/" "Mozilla/5.0 (Windows NT 10.0; Win64; x64) AppleWebKit/537.36 (KHTML, like Gecko) Chrome/114.0.0.0 Safari/537.36 Edg/114.0.1823.43"
47.79.0.46 - - [08/Jun/2025:06:33:49 -0400] "GET /yours-to-claim/yours-to-claim-chapter-85/ HTTP/1.1" 200 42365 "https://w5.yours-toclaim.com/yours-to-claim/yours-to-claim-chapter-85/" "Mozilla/5.0 (Windows NT 10.0; Win64; x64) AppleWebKit/537.36 (KHTML, like Gecko) Chrome/114.0.0.0 Safari/537.36 Edg/114.0.1823.43"
47.82.60.108 - - [08/Jun/2025:06:36:13 -0400] "GET /yours-to-claim/yours-to-claim-chapter-13/ HTTP/1.1" 200 55296 "https://w5.yours-toclaim.com/yours-to-claim/yours-to-claim-chapter-13/" "Mozilla/5.0 (Windows NT 10.0; Win64; x64) AppleWebKit/537.36 (KHTML, like Gecko) Chrome/114.0.0.0 Safari/537.36 Edg/114.0.1823.43"
162.0.232.193 - - [08/Jun/2025:06:36:17 -0400] "POST /wp-cron.php?doing_wp_cron=1749378977.0232911109924316406250 HTTP/1.1" 200 0 "-" "WordPress/6.8.1; https://w5.yours-toclaim.com"
216.73.216.15 - - [08/Jun/2025:06:36:14 -0400] "GET /robots.txt HTTP/1.1" 200 106 "-" "Mozilla/5.0 AppleWebKit/537.36 (KHTML, like Gecko; compatible; ClaudeBot/1.0; [email protected])"
216.73.216.15 - - [08/Jun/2025:06:36:17 -0400] "GET /sitemap_index.xml HTTP/1.1" 200 293 "-" "Mozilla/5.0 AppleWebKit/537.36 (KHTML, like Gecko; compatible; ClaudeBot/1.0; [email protected])"
47.79.123.148 - - [08/Jun/2025:06:36:20 -0400] "GET /tag/yours-to-claim-manga/page/9/ HTTP/1.1" 200 85893 "https://w5.yours-toclaim.com/tag/yours-to-claim-manga/page/9/" "Mozilla/5.0 (Windows NT 10.0; Win64; x64) AppleWebKit/537.36 (KHTML, like Gecko) Chrome/114.0.0.0 Safari/537.36 Edg/114.0.1823.43"
2605:6f00:1234:701:1::14d - - [08/Jun/2025:06:36:25 -0400] "POST /xmlrpc.php HTTP/1.1" 200 186 "https://w5.yours-toclaim.com" "Mozilla/5.0 (Windows NT 10.0; Win64; x64) AppleWebKit/537.36 (KHTML, like Gecko) Chrome/114.0.5735.134 Safari/537.36"
2605:6f00:1234:701:1::14d - - [08/Jun/2025:06:36:26 -0400] "POST /wp-login.php HTTP/1.1" 200 2117 "https://w5.yours-toclaim.com" "Mozilla/5.0 (Macintosh; Intel Mac OS X 10_15_7) AppleWebKit/537.36 (KHTML, like Gecko) Chrome/115.0.5790.102 Safari/537.36"
47.82.60.38 - - [08/Jun/2025:06:36:33 -0400] "GET /author/admin/page/9/ HTTP/1.1" 200 86039 "https://w5.yours-toclaim.com/author/admin/page/9/" "Mozilla/5.0 (Windows NT 10.0; Win64; x64) AppleWebKit/537.36 (KHTML, like Gecko) Chrome/114.0.0.0 Safari/537.36 Edg/114.0.1823.43"
47.82.60.111 - - [08/Jun/2025:06:36:47 -0400] "GET /yours-to-claim/yours-to-claim-chapter-95/ HTTP/1.1" 200 41504 "https://w5.yours-toclaim.com/yours-to-claim/yours-to-claim-chapter-95/" "Mozilla/5.0 (Windows NT 10.0; Win64; x64) AppleWebKit/537.36 (KHTML, like Gecko) Chrome/114.0.0.0 Safari/537.36 Edg/114.0.1823.43"
162.0.232.193 - - [08/Jun/2025:06:36:57 -0400] "POST /wp-cron.php?doing_wp_cron=1749379017.8122699260711669921875 HTTP/1.1" 200 0 "-" "WordPress/6.8.1; https://w5.yours-toclaim.com"
47.79.7.116 - - [08/Jun/2025:06:36:57 -0400] "GET /category/yours-to-claim-read-2/page/8/ HTTP/1.1" 200 92956 "https://w5.yours-toclaim.com/category/yours-to-claim-read-2/page/8/" "Mozilla/5.0 (Windows NT 10.0; Win64; x64) AppleWebKit/537.36 (KHTML, like Gecko) Chrome/114.0.0.0 Safari/537.36 Edg/114.0.1823.43"
47.82.61.83 - - [08/Jun/2025:06:38:31 -0400] "GET /author/admin/page/10/ HTTP/1.1" 200 81029 "https://w5.yours-toclaim.com/author/admin/page/10/" "Mozilla/5.0 (Windows NT 10.0; Win64; x64) AppleWebKit/537.36 (KHTML, like Gecko) Chrome/114.0.0.0 Safari/537.36 Edg/114.0.1823.43"
162.0.232.193 - - [08/Jun/2025:06:38:54 -0400] "POST /wp-cron.php?doing_wp_cron=1749379133.9209940433502197265625 HTTP/1.1" 200 0 "-" "WordPress/6.8.1; https://w5.yours-toclaim.com"
47.82.60.213 - - [08/Jun/2025:06:38:51 -0400] "GET /category/yours-to-claim-read-2/page/10/ HTTP/1.1" 200 77410 "https://w5.yours-toclaim.com/category/yours-to-claim-read-2/page/10/" "Mozilla/5.0 (Windows NT 10.0; Win64; x64) AppleWebKit/537.36 (KHTML, like Gecko) Chrome/114.0.0.0 Safari/537.36 Edg/114.0.1823.43"
47.82.60.8 - - [08/Jun/2025:06:39:28 -0400] "GET /yours-to-claim/yours-to-claim-chapter-94/ HTTP/1.1" 200 40983 "https://w5.yours-toclaim.com/yours-to-claim/yours-to-claim-chapter-94/" "Mozilla/5.0 (Windows NT 10.0; Win64; x64) AppleWebKit/537.36 (KHTML, like Gecko) Chrome/114.0.0.0 Safari/537.36 Edg/114.0.1823.43"
162.0.232.193 - - [08/Jun/2025:06:39:38 -0400] "POST /wp-cron.php?doing_wp_cron=1749379178.6165339946746826171875 HTTP/1.1" 200 0 "-" "WordPress/6.8.1; https://w5.yours-toclaim.com"
110.166.71.39 - - [08/Jun/2025:06:39:43 -0400] "GET / HTTP/1.1" 200 37399 "https://www.yours-toclaim.com/" "Mozilla/5.0 (iPhone; CPU iPhone OS 13_2_3 like Mac OS X) AppleWebKit/605.1.15 (KHTML, like Gecko) Version/13.0.3 Mobile/15E148 Safari/604.1"
42.92.121.16 - - [08/Jun/2025:06:40:56 -0400] "GET / HTTP/1.1" 200 37382 "-" "Mozilla/5.0 (Windows NT 10.0; Win64; x64) Chrome/120.0.0.0"
162.0.232.193 - - [08/Jun/2025:06:40:56 -0400] "POST /wp-cron.php?doing_wp_cron=1749379256.4415810108184814453125 HTTP/1.1" 200 0 "-" "WordPress/6.8.1; https://w5.yours-toclaim.com"
42.92.121.16 - - [08/Jun/2025:06:40:56 -0400] "GET /favicon.ico HTTP/1.1" 302 0 "-" "Mozilla/5.0 (Windows NT 10.0; Win64; x64) Chrome/120.0.0.0"
42.92.121.16 - - [08/Jun/2025:06:40:57 -0400] "GET /wp-content/uploads/2022/03/cropped-tumblr_064b2d4fd6fb747c66937f0692a9c3d3_1356d0a2_500-32x32.png HTTP/1.1" 200 2873 "-" "Mozilla/5.0 (Windows NT 10.0; Win64; x64) Chrome/120.0.0.0"
42.92.121.16 - - [08/Jun/2025:06:40:57 -0400] "GET / HTTP/1.1" 200 37382 "-" "Mozilla/5.0 (Windows NT 10.0; Win64; x64) Chrome/120.0.0.0"
42.92.121.16 - - [08/Jun/2025:06:40:58 -0400] "GET / HTTP/1.1" 200 37315 "-" "Mozilla/5.0 (Windows NT 10.0; Win64; x64) Chrome/120.0.0.0"
42.92.121.16 - - [08/Jun/2025:06:40:58 -0400] "GET /aaabbbccc HTTP/1.1" 301 0 "-" "Mozilla/5.0 (Windows NT 10.0; Win64; x64) Chrome/120.0.0.0"
42.92.121.16 - - [08/Jun/2025:06:40:59 -0400] "GET /1 HTTP/1.1" 301 0 "-" "Mozilla/5.0 (Windows NT 10.0; Win64; x64) Chrome/120.0.0.0"
42.92.121.16 - - [08/Jun/2025:06:41:01 -0400] "GET / HTTP/1.1" 200 37315 "-" "Mozilla/5.0 (Windows NT 10.0; Win64; x64) Chrome/120.0.0.0"
42.92.121.16 - - [08/Jun/2025:06:41:02 -0400] "GET /fb HTTP/1.1" 301 0 "-" "Mozilla/5.0 (Windows NT 10.0; Win64; x64) Chrome/120.0.0.0"
42.92.121.16 - - [08/Jun/2025:06:41:03 -0400] "GET / HTTP/1.1" 200 37315 "-" "Mozilla/5.0 (Windows NT 10.0; Win64; x64) Chrome/120.0.0.0"
162.0.232.193 - - [08/Jun/2025:06:41:04 -0400] "POST /wp-cron.php?doing_wp_cron=1749379264.1942040920257568359375 HTTP/1.1" 200 0 "-" "WordPress/6.8.1; https://w5.yours-toclaim.com"
42.92.121.16 - - [08/Jun/2025:06:41:04 -0400] "GET /fwc HTTP/1.1" 301 0 "-" "Mozilla/5.0 (Windows NT 10.0; Win64; x64) Chrome/120.0.0.0"
42.92.121.16 - - [08/Jun/2025:06:41:05 -0400] "GET / HTTP/1.1" 200 37315 "-" "Mozilla/5.0 (Windows NT 10.0; Win64; x64) Chrome/120.0.0.0"
42.92.121.16 - - [08/Jun/2025:06:41:06 -0400] "GET /fzh HTTP/1.1" 301 0 "-" "Mozilla/5.0 (Windows NT 10.0; Win64; x64) Chrome/120.0.0.0"
42.92.121.16 - - [08/Jun/2025:06:41:07 -0400] "GET / HTTP/1.1" 200 37315 "-" "Mozilla/5.0 (Windows NT 10.0; Win64; x64) Chrome/120.0.0.0"
42.92.121.16 - - [08/Jun/2025:06:41:08 -0400] "GET /res/favicon.ico HTTP/1.1" 301 0 "-" "Mozilla/5.0 (Windows NT 10.0; Win64; x64) Chrome/120.0.0.0"
42.92.121.16 - - [08/Jun/2025:06:41:09 -0400] "GET / HTTP/1.1" 200 37315 "-" "Mozilla/5.0 (Windows NT 10.0; Win64; x64) Chrome/120.0.0.0"
42.92.121.16 - - [08/Jun/2025:06:41:09 -0400] "GET /assets/favicon-aOK6_042.ico HTTP/1.1" 301 0 "-" "Mozilla/5.0 (Windows NT 10.0; Win64; x64) Chrome/120.0.0.0"
42.92.121.16 - - [08/Jun/2025:06:41:10 -0400] "GET / HTTP/1.1" 200 37382 "-" "Mozilla/5.0 (Windows NT 10.0; Win64; x64) Chrome/120.0.0.0"
42.92.121.16 - - [08/Jun/2025:06:41:10 -0400] "GET /images/01.jpg HTTP/1.1" 301 0 "-" "Mozilla/5.0 (Windows NT 10.0; Win64; x64) Chrome/120.0.0.0"
42.92.121.16 - - [08/Jun/2025:06:41:11 -0400] "GET / HTTP/1.1" 200 37315 "-" "Mozilla/5.0 (Windows NT 10.0; Win64; x64) Chrome/120.0.0.0"
42.92.121.16 - - [08/Jun/2025:06:41:11 -0400] "GET /wp-content/uploads/2020/10/official-logo-512x512.png HTTP/1.1" 301 0 "-" "Mozilla/5.0 (Windows NT 10.0; Win64; x64) Chrome/120.0.0.0"
42.92.121.16 - - [08/Jun/2025:06:41:12 -0400] "GET / HTTP/1.1" 200 37315 "-" "Mozilla/5.0 (Windows NT 10.0; Win64; x64) Chrome/120.0.0.0"
47.82.61.90 - - [08/Jun/2025:06:41:12 -0400] "GET /tag/yours-to-claim-read/page/12/ HTTP/1.1" 200 73474 "https://w5.yours-toclaim.com/tag/yours-to-claim-read/page/12/" "Mozilla/5.0 (Windows NT 10.0; Win64; x64) AppleWebKit/537.36 (KHTML, like Gecko) Chrome/114.0.0.0 Safari/537.36 Edg/114.0.1823.43"
42.92.121.16 - - [08/Jun/2025:06:41:12 -0400] "GET /wp-content/uploads/2023/02/1677572030-814390417fe413b.png HTTP/1.1" 301 0 "-" "Mozilla/5.0 (Windows NT 10.0; Win64; x64) Chrome/120.0.0.0"
42.92.121.16 - - [08/Jun/2025:06:41:13 -0400] "GET /favicon.ico HTTP/1.1" 302 0 "-" "Mozilla/5.0 (Windows NT 10.0; Win64; x64) Chrome/120.0.0.0"
42.92.121.16 - - [08/Jun/2025:06:41:13 -0400] "GET / HTTP/1.1" 200 37382 "-" "Mozilla/5.0 (Windows NT 10.0; Win64; x64) Chrome/120.0.0.0"
42.92.121.16 - - [08/Jun/2025:06:41:14 -0400] "GET /icons/favicon.ico HTTP/1.1" 301 0 "-" "Mozilla/5.0 (Windows NT 10.0; Win64; x64) Chrome/120.0.0.0"
47.82.60.48 - - [08/Jun/2025:06:41:14 -0400] "GET /yours-to-claim/yours-to-claim-chapter-87/ HTTP/1.1" 200 43029 "https://w5.yours-toclaim.com/yours-to-claim/yours-to-claim-chapter-87/" "Mozilla/5.0 (Windows NT 10.0; Win64; x64) AppleWebKit/537.36 (KHTML, like Gecko) Chrome/114.0.0.0 Safari/537.36 Edg/114.0.1823.43"
42.92.121.16 - - [08/Jun/2025:06:41:14 -0400] "GET /wp-content/uploads/2023/08/logo-gold.png HTTP/1.1" 301 0 "-" "Mozilla/5.0 (Windows NT 10.0; Win64; x64) Chrome/120.0.0.0"
42.92.121.16 - - [08/Jun/2025:06:41:15 -0400] "GET / HTTP/1.1" 200 37305 "-" "Mozilla/5.0 (Windows NT 10.0; Win64; x64) Chrome/120.0.0.0"
42.92.121.16 - - [08/Jun/2025:06:41:15 -0400] "GET / HTTP/1.1" 200 37315 "-" "Mozilla/5.0 (Windows NT 10.0; Win64; x64) Chrome/120.0.0.0"
42.92.121.16 - - [08/Jun/2025:06:41:16 -0400] "GET /favicon-32x32.png?v=e0e3ed8f59d769b053c145391db63c0d HTTP/1.1" 301 0 "-" "Mozilla/5.0 (Windows NT 10.0; Win64; x64) Chrome/120.0.0.0"
42.92.121.16 - - [08/Jun/2025:06:41:17 -0400] "GET / HTTP/1.1" 200 37325 "-" "Mozilla/5.0 (Windows NT 10.0; Win64; x64) Chrome/120.0.0.0"
42.92.121.16 - - [08/Jun/2025:06:41:17 -0400] "GET / HTTP/1.1" 200 37315 "-" "Mozilla/5.0 (Windows NT 10.0; Win64; x64) Chrome/120.0.0.0"
111.113.88.140 - - [08/Jun/2025:06:41:20 -0400] "GET /favicon.ico HTTP/1.1" 302 0 "-" "Mozilla/5.0 (Windows NT 10.0; Win64; x64) Chrome/120.0.0.0"
111.113.88.140 - - [08/Jun/2025:06:41:20 -0400] "GET / HTTP/1.1" 200 37315 "-" "Mozilla/5.0 (Windows NT 10.0; Win64; x64) Chrome/120.0.0.0"
111.113.88.140 - - [08/Jun/2025:06:41:21 -0400] "GET / HTTP/1.1" 200 37315 "-" "Mozilla/5.0 (Windows NT 10.0; Win64; x64) Chrome/120.0.0.0"
111.113.88.140 - - [08/Jun/2025:06:41:21 -0400] "GET / HTTP/1.1" 200 37305 "-" "Mozilla/5.0 (Windows NT 10.0; Win64; x64) Chrome/120.0.0.0"
111.113.88.140 - - [08/Jun/2025:06:41:22 -0400] "GET /aaabbbccc HTTP/1.1" 301 0 "-" "Mozilla/5.0 (Windows NT 10.0; Win64; x64) Chrome/120.0.0.0"
111.113.88.140 - - [08/Jun/2025:06:41:23 -0400] "GET /1 HTTP/1.1" 301 0 "-" "Mozilla/5.0 (Windows NT 10.0; Win64; x64) Chrome/120.0.0.0"
111.113.88.140 - - [08/Jun/2025:06:41:24 -0400] "GET / HTTP/1.1" 200 37315 "-" "Mozilla/5.0 (Windows NT 10.0; Win64; x64) Chrome/120.0.0.0"
111.113.88.140 - - [08/Jun/2025:06:41:24 -0400] "GET / HTTP/1.1" 200 37315 "-" "Mozilla/5.0 (Windows NT 10.0; Win64; x64) Chrome/120.0.0.0"
111.113.88.140 - - [08/Jun/2025:06:41:25 -0400] "GET /fb HTTP/1.1" 301 0 "-" "Mozilla/5.0 (Windows NT 10.0; Win64; x64) Chrome/120.0.0.0"
111.113.88.140 - - [08/Jun/2025:06:41:26 -0400] "GET /fwc HTTP/1.1" 301 0 "-" "Mozilla/5.0 (Windows NT 10.0; Win64; x64) Chrome/120.0.0.0"
111.113.88.140 - - [08/Jun/2025:06:41:26 -0400] "GET / HTTP/1.1" 200 37315 "-" "Mozilla/5.0 (Windows NT 10.0; Win64; x64) Chrome/120.0.0.0"
111.113.88.140 - - [08/Jun/2025:06:41:26 -0400] "GET / HTTP/1.1" 200 37382 "-" "Mozilla/5.0 (Windows NT 10.0; Win64; x64) Chrome/120.0.0.0"
111.113.88.140 - - [08/Jun/2025:06:41:27 -0400] "GET /fzh HTTP/1.1" 301 0 "-" "Mozilla/5.0 (Windows NT 10.0; Win64; x64) Chrome/120.0.0.0"
111.113.88.140 - - [08/Jun/2025:06:41:28 -0400] "GET / HTTP/1.1" 200 37382 "-" "Mozilla/5.0 (Windows NT 10.0; Win64; x64) Chrome/120.0.0.0"
111.113.88.140 - - [08/Jun/2025:06:41:28 -0400] "GET /res/favicon.ico HTTP/1.1" 301 0 "-" "Mozilla/5.0 (Windows NT 10.0; Win64; x64) Chrome/120.0.0.0"
111.113.88.140 - - [08/Jun/2025:06:41:29 -0400] "GET / HTTP/1.1" 200 37315 "-" "Mozilla/5.0 (Windows NT 10.0; Win64; x64) Chrome/120.0.0.0"
162.0.232.193 - - [08/Jun/2025:06:41:29 -0400] "POST /wp-cron.php?doing_wp_cron=1749379289.8116209506988525390625 HTTP/1.1" 200 0 "-" "WordPress/6.8.1; https://w5.yours-toclaim.com"
111.113.88.140 - - [08/Jun/2025:06:41:29 -0400] "GET /assets/favicon-aOK6_042.ico HTTP/1.1" 301 0 "-" "Mozilla/5.0 (Windows NT 10.0; Win64; x64) Chrome/120.0.0.0"
111.113.88.140 - - [08/Jun/2025:06:41:30 -0400] "GET /images/01.jpg HTTP/1.1" 301 0 "-" "Mozilla/5.0 (Windows NT 10.0; Win64; x64) Chrome/120.0.0.0"
111.113.88.140 - - [08/Jun/2025:06:41:30 -0400] "GET / HTTP/1.1" 200 37315 "-" "Mozilla/5.0 (Windows NT 10.0; Win64; x64) Chrome/120.0.0.0"
111.113.88.140 - - [08/Jun/2025:06:41:31 -0400] "GET / HTTP/1.1" 200 37315 "-" "Mozilla/5.0 (Windows NT 10.0; Win64; x64) Chrome/120.0.0.0"
111.113.88.140 - - [08/Jun/2025:06:41:32 -0400] "GET /wp-content/uploads/2020/10/official-logo-512x512.png HTTP/1.1" 301 0 "-" "Mozilla/5.0 (Windows NT 10.0; Win64; x64) Chrome/120.0.0.0"
111.113.88.140 - - [08/Jun/2025:06:41:32 -0400] "GET /wp-content/uploads/2023/02/1677572030-814390417fe413b.png HTTP/1.1" 301 0 "-" "Mozilla/5.0 (Windows NT 10.0; Win64; x64) Chrome/120.0.0.0"
111.113.88.140 - - [08/Jun/2025:06:41:32 -0400] "GET / HTTP/1.1" 200 37382 "-" "Mozilla/5.0 (Windows NT 10.0; Win64; x64) Chrome/120.0.0.0"
111.113.88.140 - - [08/Jun/2025:06:41:33 -0400] "GET / HTTP/1.1" 200 37315 "-" "Mozilla/5.0 (Windows NT 10.0; Win64; x64) Chrome/120.0.0.0"
111.113.88.140 - - [08/Jun/2025:06:41:34 -0400] "GET /favicon.ico HTTP/1.1" 302 0 "-" "Mozilla/5.0 (Windows NT 10.0; Win64; x64) Chrome/120.0.0.0"
111.113.88.140 - - [08/Jun/2025:06:41:34 -0400] "GET /icons/favicon.ico HTTP/1.1" 301 0 "-" "Mozilla/5.0 (Windows NT 10.0; Win64; x64) Chrome/120.0.0.0"
111.113.88.140 - - [08/Jun/2025:06:41:35 -0400] "GET /wp-content/uploads/2023/08/logo-gold.png HTTP/1.1" 301 0 "-" "Mozilla/5.0 (Windows NT 10.0; Win64; x64) Chrome/120.0.0.0"
111.113.88.140 - - [08/Jun/2025:06:41:36 -0400] "GET / HTTP/1.1" 200 37315 "-" "Mozilla/5.0 (Windows NT 10.0; Win64; x64) Chrome/120.0.0.0"
111.113.88.140 - - [08/Jun/2025:06:41:36 -0400] "GET / HTTP/1.1" 200 37305 "-" "Mozilla/5.0 (Windows NT 10.0; Win64; x64) Chrome/120.0.0.0"
111.113.88.140 - - [08/Jun/2025:06:41:38 -0400] "GET /favicon-32x32.png?v=e0e3ed8f59d769b053c145391db63c0d HTTP/1.1" 301 0 "-" "Mozilla/5.0 (Windows NT 10.0; Win64; x64) Chrome/120.0.0.0"
111.113.88.140 - - [08/Jun/2025:06:41:39 -0400] "GET / HTTP/1.1" 200 37315 "-" "Mozilla/5.0 (Windows NT 10.0; Win64; x64) Chrome/120.0.0.0"
47.82.60.111 - - [08/Jun/2025:06:41:39 -0400] "GET /tag/yours-to-claim-lezhin-season-2/page/7/ HTTP/1.1" 200 148236 "https://w5.yours-toclaim.com/tag/yours-to-claim-lezhin-season-2/page/7/" "Mozilla/5.0 (Windows NT 10.0; Win64; x64) AppleWebKit/537.36 (KHTML, like Gecko) Chrome/114.0.0.0 Safari/537.36 Edg/114.0.1823.43"
111.113.88.140 - - [08/Jun/2025:06:41:40 -0400] "GET / HTTP/1.1" 200 37315 "-" "Mozilla/5.0 (Windows NT 10.0; Win64; x64) Chrome/120.0.0.0"
47.79.122.209 - - [08/Jun/2025:06:42:25 -0400] "GET /tag/yahwi/page/6/ HTTP/1.1" 200 88841 "https://w5.yours-toclaim.com/tag/yahwi/page/6/" "Mozilla/5.0 (Windows NT 10.0; Win64; x64) AppleWebKit/537.36 (KHTML, like Gecko) Chrome/114.0.0.0 Safari/537.36 Edg/114.0.1823.43"
47.82.61.3 - - [08/Jun/2025:06:42:43 -0400] "GET /yours-to-claim/yours-to-claim-chapter-53/ HTTP/1.1" 200 55263 "https://w5.yours-toclaim.com/yours-to-claim/yours-to-claim-chapter-53/" "Mozilla/5.0 (Windows NT 10.0; Win64; x64) AppleWebKit/537.36 (KHTML, like Gecko) Chrome/114.0.0.0 Safari/537.36 Edg/114.0.1823.43"
47.128.35.80 - - [08/Jun/2025:06:43:17 -0400] "GET /tag/yours-to-claim/ HTTP/1.1" 200 66991 "-" "Mozilla/5.0 (compatible; Bytespider; [email protected]) AppleWebKit/537.36 (KHTML, like Gecko) Chrome/70.0.0.0 Safari/537.36"
162.0.232.193 - - [08/Jun/2025:06:44:28 -0400] "POST /wp-cron.php?doing_wp_cron=1749379468.4282848834991455078125 HTTP/1.1" 200 0 "-" "WordPress/6.8.1; https://w5.yours-toclaim.com"
213.180.203.131 - - [08/Jun/2025:06:44:28 -0400] "GET /yours-to-claim-chapter-63/ HTTP/1.1" 301 0 "-" "Mozilla/5.0 (compatible; YandexBot/3.0; +http://yandex.com/bots)"
