114.119.130.116 - - [08/Jun/2025:06:44:28 -0400] "GET /tag/yours-to-claim-author-twitter/page/8/ HTTP/1.1" 200 97086 "https://w4.yours-toclaim.com/tag/yours-to-claim-author-twitter/page/9/" "Mozilla/5.0 (Linux; Android 7.0;) AppleWebKit/537.36 (KHTML, like Gecko) Mobile Safari/537.36 (compatible; PetalBot;+https://webmaster.petalsearch.com/site/petalbot)"
95.108.213.83 - - [08/Jun/2025:06:44:30 -0400] "GET / HTTP/1.1" 200 37305 "-" "Mozilla/5.0 (compatible; YandexBot/3.0; +http://yandex.com/bots)"
162.0.232.193 - - [08/Jun/2025:06:44:38 -0400] "POST /wp-cron.php?doing_wp_cron=1749379478.1388440132141113281250 HTTP/1.1" 200 0 "-" "WordPress/6.8.1; https://w5.yours-toclaim.com"
47.79.5.247 - - [08/Jun/2025:06:44:37 -0400] "GET /tag/yahwi/page/9/ HTTP/1.1" 200 85858 "https://w5.yours-toclaim.com/tag/yahwi/page/9/" "Mozilla/5.0 (Windows NT 10.0; Win64; x64) AppleWebKit/537.36 (KHTML, like Gecko) Chrome/114.0.0.0 Safari/537.36 Edg/114.0.1823.43"
47.82.60.171 - - [08/Jun/2025:06:45:45 -0400] "GET /yours-to-claim/yours-to-claim-chapter-1/ HTTP/1.1" 200 51623 "https://w5.yours-toclaim.com/yours-to-claim/yours-to-claim-chapter-1/" "Mozilla/5.0 (Windows NT 10.0; Win64; x64) AppleWebKit/537.36 (KHTML, like Gecko) Chrome/114.0.0.0 Safari/537.36 Edg/114.0.1823.43"
162.0.232.193 - - [08/Jun/2025:06:45:51 -0400] "POST /wp-cron.php?doing_wp_cron=1749379550.9917500019073486328125 HTTP/1.1" 200 0 "-" "WordPress/6.8.1; https://w5.yours-toclaim.com"
114.119.133.208 - - [08/Jun/2025:06:45:50 -0400] "GET /tag/yours-to-claim-author-twitter/page/6/ HTTP/1.1" 200 89019 "https://w4.yours-toclaim.com/tag/yours-to-claim-author-twitter/page/5/" "Mozilla/5.0 (Linux; Android 7.0;) AppleWebKit/537.36 (KHTML, like Gecko) Mobile Safari/537.36 (compatible; PetalBot;+https://webmaster.petalsearch.com/site/petalbot)"
162.0.232.193 - - [08/Jun/2025:06:47:10 -0400] "POST /wp-cron.php?doing_wp_cron=1749379630.3375139236450195312500 HTTP/1.1" 200 0 "-" "WordPress/6.8.1; https://w5.yours-toclaim.com"
47.82.60.6 - - [08/Jun/2025:06:47:10 -0400] "GET /tag/yours-to-claim-lezhin/page/9/ HTTP/1.1" 200 85904 "https://w5.yours-toclaim.com/tag/yours-to-claim-lezhin/page/9/" "Mozilla/5.0 (Windows NT 10.0; Win64; x64) AppleWebKit/537.36 (KHTML, like Gecko) Chrome/114.0.0.0 Safari/537.36 Edg/114.0.1823.43"
114.119.130.116 - - [08/Jun/2025:06:47:14 -0400] "GET /tag/volume/page/3/ HTTP/1.1" 200 56946 "https://w5.yours-toclaim.com/tag/volume/page/2/" "Mozilla/5.0 (Linux; Android 7.0;) AppleWebKit/537.36 (KHTML, like Gecko) Mobile Safari/537.36 (compatible; PetalBot;+https://webmaster.petalsearch.com/site/petalbot)"
47.128.41.127 - - [08/Jun/2025:06:47:17 -0400] "GET /tag/volumes/page/7/ HTTP/1.1" 200 148361 "-" "Mozilla/5.0 (compatible; Bytespider; [email protected]) AppleWebKit/537.36 (KHTML, like Gecko) Chrome/70.0.0.0 Safari/537.36"
114.119.133.208 - - [08/Jun/2025:06:48:33 -0400] "GET /yours-to-claim/yours-to-claim-chapter-46/ HTTP/1.1" 200 49709 "https://yours-toclaim.com/yours-to-claim-chapter-20/" "Mozilla/5.0 (Linux; Android 7.0;) AppleWebKit/537.36 (KHTML, like Gecko) Mobile Safari/537.36 (compatible; PetalBot;+https://webmaster.petalsearch.com/site/petalbot)"
47.79.120.246 - - [08/Jun/2025:06:48:37 -0400] "GET /yours-to-claim/yours-to-claim-chapter-92/ HTTP/1.1" 200 41629 "https://w5.yours-toclaim.com/yours-to-claim/yours-to-claim-chapter-92/" "Mozilla/5.0 (Windows NT 10.0; Win64; x64) AppleWebKit/537.36 (KHTML, like Gecko) Chrome/114.0.0.0 Safari/537.36 Edg/114.0.1823.43"
47.82.60.131 - - [08/Jun/2025:06:49:19 -0400] "GET /tag/original/page/6/ HTTP/1.1" 200 88884 "https://w5.yours-toclaim.com/tag/original/page/6/" "Mozilla/5.0 (Windows NT 10.0; Win64; x64) AppleWebKit/537.36 (KHTML, like Gecko) Chrome/114.0.0.0 Safari/537.36 Edg/114.0.1823.43"
47.82.61.102 - - [08/Jun/2025:06:49:42 -0400] "GET /yours-to-claim/yours-to-claim-chapter-10/ HTTP/1.1" 200 48885 "https://w5.yours-toclaim.com/yours-to-claim/yours-to-claim-chapter-10/" "Mozilla/5.0 (Windows NT 10.0; Win64; x64) AppleWebKit/537.36 (KHTML, like Gecko) Chrome/114.0.0.0 Safari/537.36 Edg/114.0.1823.43"
162.0.232.193 - - [08/Jun/2025:06:50:09 -0400] "POST /wp-cron.php?doing_wp_cron=1749379809.5759398937225341796875 HTTP/1.1" 200 0 "-" "WordPress/6.8.1; https://w5.yours-toclaim.com"
114.119.132.108 - - [08/Jun/2025:06:50:07 -0400] "GET /tag/original/page/6/ HTTP/1.1" 200 88959 "https://w4.yours-toclaim.com/tag/original/page/5/" "Mozilla/5.0 (Linux; Android 7.0;) AppleWebKit/537.36 (KHTML, like Gecko) Mobile Safari/537.36 (compatible; PetalBot;+https://webmaster.petalsearch.com/site/petalbot)"
213.180.203.252 - - [08/Jun/2025:06:51:11 -0400] "GET /yours-to-claim/yours-to-claim-chapter-79/ HTTP/1.1" 200 43981 "-" "Mozilla/5.0 (compatible; YandexBot/3.0; +http://yandex.com/bots)"
162.0.232.193 - - [08/Jun/2025:06:51:13 -0400] "POST /wp-cron.php?doing_wp_cron=1749379873.1497960090637207031250 HTTP/1.1" 200 0 "-" "WordPress/6.8.1; https://w5.yours-toclaim.com"
47.82.60.227 - - [08/Jun/2025:06:51:12 -0400] "GET /tag/chapter/page/10/ HTTP/1.1" 200 81084 "https://w5.yours-toclaim.com/tag/chapter/page/10/" "Mozilla/5.0 (Windows NT 10.0; Win64; x64) AppleWebKit/537.36 (KHTML, like Gecko) Chrome/114.0.0.0 Safari/537.36 Edg/114.0.1823.43"
47.128.62.81 - - [08/Jun/2025:06:51:17 -0400] "GET /manga/yours-to-claim-chapter-7/ HTTP/1.1" 200 47061 "-" "Mozilla/5.0 (compatible; Bytespider; [email protected]) AppleWebKit/537.36 (KHTML, like Gecko) Chrome/70.0.0.0 Safari/537.36"
47.82.60.55 - - [08/Jun/2025:06:51:30 -0400] "GET /yours-to-claim/yours-to-claim-chapter-77/ HTTP/1.1" 200 42450 "https://w5.yours-toclaim.com/yours-to-claim/yours-to-claim-chapter-77/" "Mozilla/5.0 (Windows NT 10.0; Win64; x64) AppleWebKit/537.36 (KHTML, like Gecko) Chrome/114.0.0.0 Safari/537.36 Edg/114.0.1823.43"
162.0.232.193 - - [08/Jun/2025:06:52:25 -0400] "POST /wp-cron.php?doing_wp_cron=1749379945.4849369525909423828125 HTTP/1.1" 200 0 "-" "WordPress/6.8.1; https://w5.yours-toclaim.com"
47.82.60.186 - - [08/Jun/2025:06:52:25 -0400] "GET /tag/yours-to-claim/page/8/ HTTP/1.1" 200 96955 "https://w5.yours-toclaim.com/tag/yours-to-claim/page/8/" "Mozilla/5.0 (Windows NT 10.0; Win64; x64) AppleWebKit/537.36 (KHTML, like Gecko) Chrome/114.0.0.0 Safari/537.36 Edg/114.0.1823.43"
47.82.60.74 - - [08/Jun/2025:06:52:36 -0400] "GET /yours-to-claim/yours-to-claim-chapter-57/ HTTP/1.1" 200 57039 "https://w5.yours-toclaim.com/yours-to-claim/yours-to-claim-chapter-57/" "Mozilla/5.0 (Windows NT 10.0; Win64; x64) AppleWebKit/537.36 (KHTML, like Gecko) Chrome/114.0.0.0 Safari/537.36 Edg/114.0.1823.43"
66.249.68.128 - - [08/Jun/2025:06:54:08 -0400] "GET / HTTP/1.1" 200 37489 "-" "Mozilla/5.0 (Linux; Android 6.0.1; Nexus 5X Build/MMB29P) AppleWebKit/537.36 (KHTML, like Gecko) Chrome/136.0.7103.113 Mobile Safari/537.36 (compatible; Googlebot/2.1; +http://www.google.com/bot.html)"
47.128.33.149 - - [08/Jun/2025:06:55:17 -0400] "GET /tag/yours-to-claim-author-twitter/page/8/ HTTP/1.1" 200 97079 "-" "Mozilla/5.0 (compatible; Bytespider; [email protected]) AppleWebKit/537.36 (KHTML, like Gecko) Chrome/70.0.0.0 Safari/537.36"
47.82.60.194 - - [08/Jun/2025:06:56:35 -0400] "GET /category/yours-to-claim-manga/page/8/ HTTP/1.1" 200 93366 "https://w5.yours-toclaim.com/category/yours-to-claim-manga/page/8/" "Mozilla/5.0 (Windows NT 10.0; Win64; x64) AppleWebKit/537.36 (KHTML, like Gecko) Chrome/114.0.0.0 Safari/537.36 Edg/114.0.1823.43"
162.0.232.193 - - [08/Jun/2025:06:57:27 -0400] "POST /wp-cron.php?doing_wp_cron=1749380247.0613799095153808593750 HTTP/1.1" 200 0 "-" "WordPress/6.8.1; https://w5.yours-toclaim.com"
2602:fb54:605:: - - [08/Jun/2025:06:57:25 -0400] "GET /gdftps.php HTTP/1.1" 301 0 "-" "Mozlila/5.0 (Linux; Android 7.0; SM-G892A Bulid/NRD90M; wv) AppleWebKit/537.36 (KHTML, like Gecko) Version/4.0 Chrome/60.0.3112.107 Moblie Safari/537.36"
2602:fb54:605:: - - [08/Jun/2025:06:57:27 -0400] "GET / HTTP/1.1" 200 37399 "-" "Mozlila/5.0 (Linux; Android 7.0; SM-G892A Bulid/NRD90M; wv) AppleWebKit/537.36 (KHTML, like Gecko) Version/4.0 Chrome/60.0.3112.107 Moblie Safari/537.36"
162.0.232.193 - - [08/Jun/2025:06:58:03 -0400] "POST /wp-cron.php?doing_wp_cron=1749380283.5008759498596191406250 HTTP/1.1" 200 0 "-" "WordPress/6.8.1; https://w5.yours-toclaim.com"
78.135.87.2 - - [08/Jun/2025:06:58:03 -0400] "POST /xmlrpc.php HTTP/1.1" 200 186 "https://w5.yours-toclaim.com" "Mozilla/5.0 (Windows NT 10.0; Win64; x64; rv:129.0) Gecko/20100101 Firefox/129.0"
78.135.87.2 - - [08/Jun/2025:06:58:04 -0400] "POST /wp-login.php HTTP/1.1" 200 2117 "https://w5.yours-toclaim.com" "Mozilla/5.0 (Windows NT 10.0; Win64; x64) AppleWebKit/537.36 (KHTML, like Gecko) Chrome/112.0.5615.138 Safari/537.36"
2602:fb54:605:: - - [08/Jun/2025:06:58:08 -0400] "GET /siteheads.php HTTP/1.1" 301 0 "-" "Mozlila/5.0 (Linux; Android 7.0; SM-G892A Bulid/NRD90M; wv) AppleWebKit/537.36 (KHTML, like Gecko) Version/4.0 Chrome/60.0.3112.107 Moblie Safari/537.36"
2602:fb54:605:: - - [08/Jun/2025:06:58:08 -0400] "GET / HTTP/1.1" 200 37399 "-" "Mozlila/5.0 (Linux; Android 7.0; SM-G892A Bulid/NRD90M; wv) AppleWebKit/537.36 (KHTML, like Gecko) Version/4.0 Chrome/60.0.3112.107 Moblie Safari/537.36"
47.128.36.148 - - [08/Jun/2025:06:59:17 -0400] "GET /tag/yours-to-claim-lezhin/page/8/ HTTP/1.1" 200 97083 "-" "Mozilla/5.0 (compatible; Bytespider; [email protected]) AppleWebKit/537.36 (KHTML, like Gecko) Chrome/70.0.0.0 Safari/537.36"
162.0.232.193 - - [08/Jun/2025:06:59:32 -0400] "POST /wp-cron.php?doing_wp_cron=1749380372.1891710758209228515625 HTTP/1.1" 200 0 "-" "WordPress/6.8.1; https://w5.yours-toclaim.com"
47.82.60.121 - - [08/Jun/2025:06:59:32 -0400] "GET /tag/yours-to-claim-manga/page/11/ HTTP/1.1" 200 105659 "https://w5.yours-toclaim.com/tag/yours-to-claim-manga/page/11/" "Mozilla/5.0 (Windows NT 10.0; Win64; x64) AppleWebKit/537.36 (KHTML, like Gecko) Chrome/114.0.0.0 Safari/537.36 Edg/114.0.1823.43"
103.97.126.116 - - [08/Jun/2025:06:59:35 -0400] "POST /xmlrpc.php HTTP/1.1" 200 205 "-" "Mozilla/5.0 (X11; Ubuntu; Linux x86_64; rv:85.0) Gecko/20100101 Firefox/91.0"
47.79.98.245 - - [08/Jun/2025:06:59:40 -0400] "GET /tag/yours-to-claim-author-twitter/page/12/ HTTP/1.1" 200 73544 "https://w5.yours-toclaim.com/tag/yours-to-claim-author-twitter/page/12/" "Mozilla/5.0 (Windows NT 10.0; Win64; x64) AppleWebKit/537.36 (KHTML, like Gecko) Chrome/114.0.0.0 Safari/537.36 Edg/114.0.1823.43"
47.79.1.97 - - [08/Jun/2025:07:03:12 -0400] "GET /yours-to-claim/yours-to-claim-chapter-56/ HTTP/1.1" 200 57693 "https://w5.yours-toclaim.com/yours-to-claim/yours-to-claim-chapter-56/" "Mozilla/5.0 (Windows NT 10.0; Win64; x64) AppleWebKit/537.36 (KHTML, like Gecko) Chrome/114.0.0.0 Safari/537.36 Edg/114.0.1823.43"
47.128.48.243 - - [08/Jun/2025:07:03:17 -0400] "GET /tag/yours-to-claim/page/6/ HTTP/1.1" 200 88878 "-" "Mozilla/5.0 (compatible; Bytespider; [email protected]) AppleWebKit/537.36 (KHTML, like Gecko) Chrome/70.0.0.0 Safari/537.36"
47.82.60.8 - - [08/Jun/2025:07:03:23 -0400] "GET /tag/volume/page/8/ HTTP/1.1" 200 97011 "https://w5.yours-toclaim.com/tag/volume/page/8/" "Mozilla/5.0 (Windows NT 10.0; Win64; x64) AppleWebKit/537.36 (KHTML, like Gecko) Chrome/114.0.0.0 Safari/537.36 Edg/114.0.1823.43"
162.0.232.193 - - [08/Jun/2025:07:03:59 -0400] "POST /wp-cron.php?doing_wp_cron=1749380639.2541239261627197265625 HTTP/1.1" 200 0 "-" "WordPress/6.8.1; https://w5.yours-toclaim.com"
47.79.122.126 - - [08/Jun/2025:07:03:57 -0400] "GET /tag/yahwi/page/10/ HTTP/1.1" 200 81055 "https://w5.yours-toclaim.com/tag/yahwi/page/10/" "Mozilla/5.0 (Windows NT 10.0; Win64; x64) AppleWebKit/537.36 (KHTML, like Gecko) Chrome/114.0.0.0 Safari/537.36 Edg/114.0.1823.43"
162.0.232.193 - - [08/Jun/2025:07:05:16 -0400] "POST /wp-cron.php?doing_wp_cron=1749380716.5885860919952392578125 HTTP/1.1" 200 0 "-" "WordPress/6.8.1; https://w5.yours-toclaim.com"
47.82.60.182 - - [08/Jun/2025:07:05:16 -0400] "GET /tag/yours-to-claim-lezhin/page/5/ HTTP/1.1" 200 53476 "https://w5.yours-toclaim.com/tag/yours-to-claim-lezhin/page/5/" "Mozilla/5.0 (Windows NT 10.0; Win64; x64) AppleWebKit/537.36 (KHTML, like Gecko) Chrome/114.0.0.0 Safari/537.36 Edg/114.0.1823.43"
162.0.232.193 - - [08/Jun/2025:07:07:20 -0400] "POST /wp-cron.php?doing_wp_cron=1749380839.6572380065917968750000 HTTP/1.1" 200 0 "-" "WordPress/6.8.1; https://w5.yours-toclaim.com"
47.128.38.233 - - [08/Jun/2025:07:07:17 -0400] "GET /tag/chapters/page/8/ HTTP/1.1" 200 96754 "-" "Mozilla/5.0 (compatible; Bytespider; [email protected]) AppleWebKit/537.36 (KHTML, like Gecko) Chrome/70.0.0.0 Safari/537.36"
162.0.232.193 - - [08/Jun/2025:07:07:39 -0400] "POST /wp-cron.php?doing_wp_cron=1749380859.5691859722137451171875 HTTP/1.1" 200 0 "-" "WordPress/6.8.1; https://w5.yours-toclaim.com"
143.244.57.88 - - [08/Jun/2025:07:07:39 -0400] "GET //wp-includes/wlwmanifest.xml HTTP/1.1" 301 0 "-" "Mozilla/5.0 (Windows NT 10.0; Win64; x64) AppleWebKit/537.36 (KHTML, like Gecko) Chrome/78.0.3904.108 Safari/537.36"
143.244.57.88 - - [08/Jun/2025:07:07:40 -0400] "GET //xmlrpc.php?rsd HTTP/1.1" 200 298 "-" "Mozilla/5.0 (Windows NT 10.0; Win64; x64) AppleWebKit/537.36 (KHTML, like Gecko) Chrome/78.0.3904.108 Safari/537.36"
47.79.122.126 - - [08/Jun/2025:07:07:39 -0400] "GET /tag/yahwi/page/8/ HTTP/1.1" 200 96996 "https://w5.yours-toclaim.com/tag/yahwi/page/8/" "Mozilla/5.0 (Windows NT 10.0; Win64; x64) AppleWebKit/537.36 (KHTML, like Gecko) Chrome/114.0.0.0 Safari/537.36 Edg/114.0.1823.43"
143.244.57.88 - - [08/Jun/2025:07:07:41 -0400] "GET //?author=1 HTTP/1.1" 301 0 "-" "Mozilla/5.0 (Windows NT 10.0; Win64; x64) AppleWebKit/537.36 (KHTML, like Gecko) Chrome/78.0.3904.108 Safari/537.36"
143.244.57.88 - - [08/Jun/2025:07:07:41 -0400] "GET //?author=2 HTTP/1.1" 301 0 "-" "Mozilla/5.0 (Windows NT 10.0; Win64; x64) AppleWebKit/537.36 (KHTML, like Gecko) Chrome/78.0.3904.108 Safari/537.36"
143.244.57.88 - - [08/Jun/2025:07:07:42 -0400] "GET //wp-json/wp/v2/users/ HTTP/1.1" 200 747 "-" "Mozilla/5.0 (Windows NT 10.0; Win64; x64) AppleWebKit/537.36 (KHTML, like Gecko) Chrome/78.0.3904.108 Safari/537.36"
143.244.57.88 - - [08/Jun/2025:07:07:42 -0400] "POST //xmlrpc.php HTTP/1.1" 200 205 "-" "Mozilla/5.0 (Windows NT 10.0; Win64; x64) AppleWebKit/537.36 (KHTML, like Gecko) Chrome/78.0.3904.108 Safari/537.36"
143.244.57.88 - - [08/Jun/2025:07:07:43 -0400] "POST //xmlrpc.php HTTP/1.1" 200 205 "-" "Mozilla/5.0 (Windows NT 10.0; Win64; x64) AppleWebKit/537.36 (KHTML, like Gecko) Chrome/78.0.3904.108 Safari/537.36"
143.244.57.88 - - [08/Jun/2025:07:07:44 -0400] "POST //xmlrpc.php HTTP/1.1" 200 205 "-" "Mozilla/5.0 (Windows NT 10.0; Win64; x64) AppleWebKit/537.36 (KHTML, like Gecko) Chrome/78.0.3904.108 Safari/537.36"
162.0.232.193 - - [08/Jun/2025:07:07:45 -0400] "POST /wp-cron.php?doing_wp_cron=1749380865.2657430171966552734375 HTTP/1.1" 200 0 "-" "WordPress/6.8.1; https://w5.yours-toclaim.com"
143.244.57.88 - - [08/Jun/2025:07:07:45 -0400] "POST //xmlrpc.php HTTP/1.1" 200 205 "-" "Mozilla/5.0 (Windows NT 10.0; Win64; x64) AppleWebKit/537.36 (KHTML, like Gecko) Chrome/78.0.3904.108 Safari/537.36"
143.244.57.88 - - [08/Jun/2025:07:07:45 -0400] "POST //xmlrpc.php HTTP/1.1" 200 205 "-" "Mozilla/5.0 (Windows NT 10.0; Win64; x64) AppleWebKit/537.36 (KHTML, like Gecko) Chrome/78.0.3904.108 Safari/537.36"
143.244.57.88 - - [08/Jun/2025:07:07:46 -0400] "POST //xmlrpc.php HTTP/1.1" 200 205 "-" "Mozilla/5.0 (Windows NT 10.0; Win64; x64) AppleWebKit/537.36 (KHTML, like Gecko) Chrome/78.0.3904.108 Safari/537.36"
143.244.57.88 - - [08/Jun/2025:07:07:47 -0400] "POST //xmlrpc.php HTTP/1.1" 200 205 "-" "Mozilla/5.0 (Windows NT 10.0; Win64; x64) AppleWebKit/537.36 (KHTML, like Gecko) Chrome/78.0.3904.108 Safari/537.36"
143.244.57.88 - - [08/Jun/2025:07:07:48 -0400] "POST //xmlrpc.php HTTP/1.1" 200 205 "-" "Mozilla/5.0 (Windows NT 10.0; Win64; x64) AppleWebKit/537.36 (KHTML, like Gecko) Chrome/78.0.3904.108 Safari/537.36"
143.244.57.88 - - [08/Jun/2025:07:07:51 -0400] "POST //xmlrpc.php HTTP/1.1" 200 205 "-" "Mozilla/5.0 (Windows NT 10.0; Win64; x64) AppleWebKit/537.36 (KHTML, like Gecko) Chrome/78.0.3904.108 Safari/537.36"
143.244.57.88 - - [08/Jun/2025:07:07:55 -0400] "POST //xmlrpc.php HTTP/1.1" 200 205 "-" "Mozilla/5.0 (Windows NT 10.0; Win64; x64) AppleWebKit/537.36 (KHTML, like Gecko) Chrome/78.0.3904.108 Safari/537.36"
162.0.232.193 - - [08/Jun/2025:07:08:03 -0400] "POST /wp-cron.php?doing_wp_cron=1749380883.7475249767303466796875 HTTP/1.1" 200 0 "-" "WordPress/6.8.1; https://w5.yours-toclaim.com"
143.244.57.88 - - [08/Jun/2025:07:07:59 -0400] "POST //xmlrpc.php HTTP/1.1" 200 205 "-" "Mozilla/5.0 (Windows NT 10.0; Win64; x64) AppleWebKit/537.36 (KHTML, like Gecko) Chrome/78.0.3904.108 Safari/537.36"
143.244.57.88 - - [08/Jun/2025:07:08:04 -0400] "POST //xmlrpc.php HTTP/1.1" 200 205 "-" "Mozilla/5.0 (Windows NT 10.0; Win64; x64) AppleWebKit/537.36 (KHTML, like Gecko) Chrome/78.0.3904.108 Safari/537.36"
162.0.232.193 - - [08/Jun/2025:07:08:31 -0400] "POST /wp-cron.php?doing_wp_cron=1749380910.9494709968566894531250 HTTP/1.1" 200 0 "-" "WordPress/6.8.1; https://w5.yours-toclaim.com"
143.244.57.88 - - [08/Jun/2025:07:08:15 -0400] "POST //xmlrpc.php HTTP/1.1" 200 205 "-" "Mozilla/5.0 (Windows NT 10.0; Win64; x64) AppleWebKit/537.36 (KHTML, like Gecko) Chrome/78.0.3904.108 Safari/537.36"
162.0.232.193 - - [08/Jun/2025:07:08:46 -0400] "POST /wp-cron.php?doing_wp_cron=1749380925.9762940406799316406250 HTTP/1.1" 200 0 "-" "WordPress/6.8.1; https://w5.yours-toclaim.com"
143.244.57.88 - - [08/Jun/2025:07:08:31 -0400] "POST //xmlrpc.php HTTP/1.1" 200 205 "-" "Mozilla/5.0 (Windows NT 10.0; Win64; x64) AppleWebKit/537.36 (KHTML, like Gecko) Chrome/78.0.3904.108 Safari/537.36"
143.244.57.88 - - [08/Jun/2025:07:08:46 -0400] "POST //xmlrpc.php HTTP/1.1" 200 205 "-" "Mozilla/5.0 (Windows NT 10.0; Win64; x64) AppleWebKit/537.36 (KHTML, like Gecko) Chrome/78.0.3904.108 Safari/537.36"
162.0.232.193 - - [08/Jun/2025:07:09:15 -0400] "POST /wp-cron.php?doing_wp_cron=1749380955.7753269672393798828125 HTTP/1.1" 200 0 "-" "WordPress/6.8.1; https://w5.yours-toclaim.com"
143.244.57.88 - - [08/Jun/2025:07:09:01 -0400] "POST //xmlrpc.php HTTP/1.1" 200 205 "-" "Mozilla/5.0 (Windows NT 10.0; Win64; x64) AppleWebKit/537.36 (KHTML, like Gecko) Chrome/78.0.3904.108 Safari/537.36"
162.0.232.193 - - [08/Jun/2025:07:09:30 -0400] "POST /wp-cron.php?doing_wp_cron=1749380970.8206069469451904296875 HTTP/1.1" 200 0 "-" "WordPress/6.8.1; https://w5.yours-toclaim.com"
143.244.57.88 - - [08/Jun/2025:07:09:16 -0400] "POST //xmlrpc.php HTTP/1.1" 200 205 "-" "Mozilla/5.0 (Windows NT 10.0; Win64; x64) AppleWebKit/537.36 (KHTML, like Gecko) Chrome/78.0.3904.108 Safari/537.36"
162.0.232.193 - - [08/Jun/2025:07:09:45 -0400] "POST /wp-cron.php?doing_wp_cron=1749380985.6616508960723876953125 HTTP/1.1" 200 0 "-" "WordPress/6.8.1; https://w5.yours-toclaim.com"
143.244.57.88 - - [08/Jun/2025:07:09:31 -0400] "POST //xmlrpc.php HTTP/1.1" 200 205 "-" "Mozilla/5.0 (Windows NT 10.0; Win64; x64) AppleWebKit/537.36 (KHTML, like Gecko) Chrome/78.0.3904.108 Safari/537.36"
143.244.57.88 - - [08/Jun/2025:07:09:46 -0400] "POST //xmlrpc.php HTTP/1.1" 200 205 "-" "Mozilla/5.0 (Windows NT 10.0; Win64; x64) AppleWebKit/537.36 (KHTML, like Gecko) Chrome/78.0.3904.108 Safari/537.36"
162.0.232.193 - - [08/Jun/2025:07:10:16 -0400] "POST /wp-cron.php?doing_wp_cron=1749381015.9646730422973632812500 HTTP/1.1" 200 0 "-" "WordPress/6.8.1; https://w5.yours-toclaim.com"
143.244.57.88 - - [08/Jun/2025:07:10:00 -0400] "POST //xmlrpc.php HTTP/1.1" 200 205 "-" "Mozilla/5.0 (Windows NT 10.0; Win64; x64) AppleWebKit/537.36 (KHTML, like Gecko) Chrome/78.0.3904.108 Safari/537.36"
162.0.232.193 - - [08/Jun/2025:07:10:30 -0400] "POST /wp-cron.php?doing_wp_cron=1749381030.6578619480133056640625 HTTP/1.1" 200 0 "-" "WordPress/6.8.1; https://w5.yours-toclaim.com"
143.244.57.88 - - [08/Jun/2025:07:10:16 -0400] "POST //xmlrpc.php HTTP/1.1" 200 205 "-" "Mozilla/5.0 (Windows NT 10.0; Win64; x64) AppleWebKit/537.36 (KHTML, like Gecko) Chrome/78.0.3904.108 Safari/537.36"
162.0.232.193 - - [08/Jun/2025:07:10:45 -0400] "POST /wp-cron.php?doing_wp_cron=1749381045.4150159358978271484375 HTTP/1.1" 200 0 "-" "WordPress/6.8.1; https://w5.yours-toclaim.com"
143.244.57.88 - - [08/Jun/2025:07:10:31 -0400] "POST //xmlrpc.php HTTP/1.1" 200 205 "-" "Mozilla/5.0 (Windows NT 10.0; Win64; x64) AppleWebKit/537.36 (KHTML, like Gecko) Chrome/78.0.3904.108 Safari/537.36"
143.244.57.88 - - [08/Jun/2025:07:10:46 -0400] "POST //xmlrpc.php HTTP/1.1" 200 205 "-" "Mozilla/5.0 (Windows NT 10.0; Win64; x64) AppleWebKit/537.36 (KHTML, like Gecko) Chrome/78.0.3904.108 Safari/537.36"
43.167.245.18 - - [08/Jun/2025:07:11:08 -0400] "GET / HTTP/1.1" 200 37399 "https://yours-toclaim.com/" "Mozilla/5.0 (iPhone; CPU iPhone OS 13_2_3 like Mac OS X) AppleWebKit/605.1.15 (KHTML, like Gecko) Version/13.0.3 Mobile/15E148 Safari/604.1"
162.0.232.193 - - [08/Jun/2025:07:11:15 -0400] "POST /wp-cron.php?doing_wp_cron=1749381075.7609500885009765625000 HTTP/1.1" 200 0 "-" "WordPress/6.8.1; https://w5.yours-toclaim.com"
143.244.57.88 - - [08/Jun/2025:07:11:00 -0400] "POST //xmlrpc.php HTTP/1.1" 200 205 "-" "Mozilla/5.0 (Windows NT 10.0; Win64; x64) AppleWebKit/537.36 (KHTML, like Gecko) Chrome/78.0.3904.108 Safari/537.36"
47.128.38.164 - - [08/Jun/2025:07:11:17 -0400] "GET /yours-to-claim/yours-to-claim-chapter-11/ HTTP/1.1" 200 50780 "-" "Mozilla/5.0 (compatible; Bytespider; [email protected]) AppleWebKit/537.36 (KHTML, like Gecko) Chrome/70.0.0.0 Safari/537.36"
162.0.232.193 - - [08/Jun/2025:07:11:30 -0400] "POST /wp-cron.php?doing_wp_cron=1749381090.6608839035034179687500 HTTP/1.1" 200 0 "-" "WordPress/6.8.1; https://w5.yours-toclaim.com"
143.244.57.88 - - [08/Jun/2025:07:11:16 -0400] "POST //xmlrpc.php HTTP/1.1" 200 205 "-" "Mozilla/5.0 (Windows NT 10.0; Win64; x64) AppleWebKit/537.36 (KHTML, like Gecko) Chrome/78.0.3904.108 Safari/537.36"
162.0.232.193 - - [08/Jun/2025:07:11:45 -0400] "POST /wp-cron.php?doing_wp_cron=1749381105.3459188938140869140625 HTTP/1.1" 200 0 "-" "WordPress/6.8.1; https://w5.yours-toclaim.com"
143.244.57.88 - - [08/Jun/2025:07:11:31 -0400] "POST //xmlrpc.php HTTP/1.1" 200 205 "-" "Mozilla/5.0 (Windows NT 10.0; Win64; x64) AppleWebKit/537.36 (KHTML, like Gecko) Chrome/78.0.3904.108 Safari/537.36"
143.244.57.88 - - [08/Jun/2025:07:11:46 -0400] "POST //xmlrpc.php HTTP/1.1" 200 205 "-" "Mozilla/5.0 (Windows NT 10.0; Win64; x64) AppleWebKit/537.36 (KHTML, like Gecko) Chrome/78.0.3904.108 Safari/537.36"
162.0.232.193 - - [08/Jun/2025:07:12:15 -0400] "POST /wp-cron.php?doing_wp_cron=1749381135.7805259227752685546875 HTTP/1.1" 200 0 "-" "WordPress/6.8.1; https://w5.yours-toclaim.com"
143.244.57.88 - - [08/Jun/2025:07:12:00 -0400] "POST //xmlrpc.php HTTP/1.1" 200 205 "-" "Mozilla/5.0 (Windows NT 10.0; Win64; x64) AppleWebKit/537.36 (KHTML, like Gecko) Chrome/78.0.3904.108 Safari/537.36"
162.0.232.193 - - [08/Jun/2025:07:12:30 -0400] "POST /wp-cron.php?doing_wp_cron=1749381150.6964499950408935546875 HTTP/1.1" 200 0 "-" "WordPress/6.8.1; https://w5.yours-toclaim.com"
143.244.57.88 - - [08/Jun/2025:07:12:16 -0400] "POST //xmlrpc.php HTTP/1.1" 200 205 "-" "Mozilla/5.0 (Windows NT 10.0; Win64; x64) AppleWebKit/537.36 (KHTML, like Gecko) Chrome/78.0.3904.108 Safari/537.36"
162.0.232.193 - - [08/Jun/2025:07:12:45 -0400] "POST /wp-cron.php?doing_wp_cron=1749381165.3107318878173828125000 HTTP/1.1" 200 0 "-" "WordPress/6.8.1; https://w5.yours-toclaim.com"
143.244.57.88 - - [08/Jun/2025:07:12:31 -0400] "POST //xmlrpc.php HTTP/1.1" 200 205 "-" "Mozilla/5.0 (Windows NT 10.0; Win64; x64) AppleWebKit/537.36 (KHTML, like Gecko) Chrome/78.0.3904.108 Safari/537.36"
143.244.57.88 - - [08/Jun/2025:07:12:45 -0400] "POST //xmlrpc.php HTTP/1.1" 200 205 "-" "Mozilla/5.0 (Windows NT 10.0; Win64; x64) AppleWebKit/537.36 (KHTML, like Gecko) Chrome/78.0.3904.108 Safari/537.36"
162.0.232.193 - - [08/Jun/2025:07:13:16 -0400] "POST /wp-cron.php?doing_wp_cron=1749381195.9041440486907958984375 HTTP/1.1" 200 0 "-" "WordPress/6.8.1; https://w5.yours-toclaim.com"
143.244.57.88 - - [08/Jun/2025:07:13:01 -0400] "POST //xmlrpc.php HTTP/1.1" 200 205 "-" "Mozilla/5.0 (Windows NT 10.0; Win64; x64) AppleWebKit/537.36 (KHTML, like Gecko) Chrome/78.0.3904.108 Safari/537.36"
162.0.232.193 - - [08/Jun/2025:07:13:30 -0400] "POST /wp-cron.php?doing_wp_cron=1749381210.6784000396728515625000 HTTP/1.1" 200 0 "-" "WordPress/6.8.1; https://w5.yours-toclaim.com"
143.244.57.88 - - [08/Jun/2025:07:13:16 -0400] "POST //xmlrpc.php HTTP/1.1" 200 205 "-" "Mozilla/5.0 (Windows NT 10.0; Win64; x64) AppleWebKit/537.36 (KHTML, like Gecko) Chrome/78.0.3904.108 Safari/537.36"
162.0.232.193 - - [08/Jun/2025:07:13:45 -0400] "POST /wp-cron.php?doing_wp_cron=1749381225.4785299301147460937500 HTTP/1.1" 200 0 "-" "WordPress/6.8.1; https://w5.yours-toclaim.com"
143.244.57.88 - - [08/Jun/2025:07:13:31 -0400] "POST //xmlrpc.php HTTP/1.1" 200 205 "-" "Mozilla/5.0 (Windows NT 10.0; Win64; x64) AppleWebKit/537.36 (KHTML, like Gecko) Chrome/78.0.3904.108 Safari/537.36"
143.244.57.88 - - [08/Jun/2025:07:13:46 -0400] "POST //xmlrpc.php HTTP/1.1" 200 205 "-" "Mozilla/5.0 (Windows NT 10.0; Win64; x64) AppleWebKit/537.36 (KHTML, like Gecko) Chrome/78.0.3904.108 Safari/537.36"
162.0.232.193 - - [08/Jun/2025:07:14:15 -0400] "POST /wp-cron.php?doing_wp_cron=1749381255.7536480426788330078125 HTTP/1.1" 200 0 "-" "WordPress/6.8.1; https://w5.yours-toclaim.com"
143.244.57.88 - - [08/Jun/2025:07:14:00 -0400] "POST //xmlrpc.php HTTP/1.1" 200 205 "-" "Mozilla/5.0 (Windows NT 10.0; Win64; x64) AppleWebKit/537.36 (KHTML, like Gecko) Chrome/78.0.3904.108 Safari/537.36"
162.0.232.193 - - [08/Jun/2025:07:14:30 -0400] "POST /wp-cron.php?doing_wp_cron=1749381270.5179910659790039062500 HTTP/1.1" 200 0 "-" "WordPress/6.8.1; https://w5.yours-toclaim.com"
143.244.57.88 - - [08/Jun/2025:07:14:16 -0400] "POST //xmlrpc.php HTTP/1.1" 200 205 "-" "Mozilla/5.0 (Windows NT 10.0; Win64; x64) AppleWebKit/537.36 (KHTML, like Gecko) Chrome/78.0.3904.108 Safari/537.36"
162.0.232.193 - - [08/Jun/2025:07:14:45 -0400] "POST /wp-cron.php?doing_wp_cron=1749381285.3693130016326904296875 HTTP/1.1" 200 0 "-" "WordPress/6.8.1; https://w5.yours-toclaim.com"
143.244.57.88 - - [08/Jun/2025:07:14:31 -0400] "POST //xmlrpc.php HTTP/1.1" 200 205 "-" "Mozilla/5.0 (Windows NT 10.0; Win64; x64) AppleWebKit/537.36 (KHTML, like Gecko) Chrome/78.0.3904.108 Safari/537.36"
143.244.57.88 - - [08/Jun/2025:07:14:45 -0400] "POST //xmlrpc.php HTTP/1.1" 200 205 "-" "Mozilla/5.0 (Windows NT 10.0; Win64; x64) AppleWebKit/537.36 (KHTML, like Gecko) Chrome/78.0.3904.108 Safari/537.36"
162.0.232.193 - - [08/Jun/2025:07:15:15 -0400] "POST /wp-cron.php?doing_wp_cron=1749381315.5347630977630615234375 HTTP/1.1" 200 0 "-" "WordPress/6.8.1; https://w5.yours-toclaim.com"
143.244.57.88 - - [08/Jun/2025:07:15:01 -0400] "POST //xmlrpc.php HTTP/1.1" 200 205 "-" "Mozilla/5.0 (Windows NT 10.0; Win64; x64) AppleWebKit/537.36 (KHTML, like Gecko) Chrome/78.0.3904.108 Safari/537.36"
47.128.44.38 - - [08/Jun/2025:07:15:17 -0400] "GET /category/manga/ HTTP/1.1" 200 66967 "-" "Mozilla/5.0 (compatible; Bytespider; [email protected]) AppleWebKit/537.36 (KHTML, like Gecko) Chrome/70.0.0.0 Safari/537.36"
162.0.232.193 - - [08/Jun/2025:07:15:30 -0400] "POST /wp-cron.php?doing_wp_cron=1749381330.1961550712585449218750 HTTP/1.1" 200 0 "-" "WordPress/6.8.1; https://w5.yours-toclaim.com"
143.244.57.88 - - [08/Jun/2025:07:15:16 -0400] "POST //xmlrpc.php HTTP/1.1" 200 205 "-" "Mozilla/5.0 (Windows NT 10.0; Win64; x64) AppleWebKit/537.36 (KHTML, like Gecko) Chrome/78.0.3904.108 Safari/537.36"
162.0.232.193 - - [08/Jun/2025:07:15:46 -0400] "POST /wp-cron.php?doing_wp_cron=1749381346.0969929695129394531250 HTTP/1.1" 200 0 "-" "WordPress/6.8.1; https://w5.yours-toclaim.com"
143.244.57.88 - - [08/Jun/2025:07:15:30 -0400] "POST //xmlrpc.php HTTP/1.1" 200 205 "-" "Mozilla/5.0 (Windows NT 10.0; Win64; x64) AppleWebKit/537.36 (KHTML, like Gecko) Chrome/78.0.3904.108 Safari/537.36"
143.244.57.88 - - [08/Jun/2025:07:15:46 -0400] "POST //xmlrpc.php HTTP/1.1" 200 205 "-" "Mozilla/5.0 (Windows NT 10.0; Win64; x64) AppleWebKit/537.36 (KHTML, like Gecko) Chrome/78.0.3904.108 Safari/537.36"
162.0.232.193 - - [08/Jun/2025:07:16:13 -0400] "POST /wp-cron.php?doing_wp_cron=1749381372.9450509548187255859375 HTTP/1.1" 200 0 "-" "WordPress/6.8.1; https://w5.yours-toclaim.com"
43.156.202.34 - - [08/Jun/2025:07:16:13 -0400] "GET / HTTP/1.1" 200 37399 "https://www.yours-toclaim.com/" "Mozilla/5.0 (iPhone; CPU iPhone OS 13_2_3 like Mac OS X) AppleWebKit/605.1.15 (KHTML, like Gecko) Version/13.0.3 Mobile/15E148 Safari/604.1"
143.244.57.88 - - [08/Jun/2025:07:16:01 -0400] "POST //xmlrpc.php HTTP/1.1" 200 205 "-" "Mozilla/5.0 (Windows NT 10.0; Win64; x64) AppleWebKit/537.36 (KHTML, like Gecko) Chrome/78.0.3904.108 Safari/537.36"
162.0.232.193 - - [08/Jun/2025:07:16:30 -0400] "POST /wp-cron.php?doing_wp_cron=1749381390.8554880619049072265625 HTTP/1.1" 200 0 "-" "WordPress/6.8.1; https://w5.yours-toclaim.com"
143.244.57.88 - - [08/Jun/2025:07:16:15 -0400] "POST //xmlrpc.php HTTP/1.1" 200 205 "-" "Mozilla/5.0 (Windows NT 10.0; Win64; x64) AppleWebKit/537.36 (KHTML, like Gecko) Chrome/78.0.3904.108 Safari/537.36"
162.0.232.193 - - [08/Jun/2025:07:16:45 -0400] "POST /wp-cron.php?doing_wp_cron=1749381405.5616409778594970703125 HTTP/1.1" 200 0 "-" "WordPress/6.8.1; https://w5.yours-toclaim.com"
143.244.57.88 - - [08/Jun/2025:07:16:31 -0400] "POST //xmlrpc.php HTTP/1.1" 200 205 "-" "Mozilla/5.0 (Windows NT 10.0; Win64; x64) AppleWebKit/537.36 (KHTML, like Gecko) Chrome/78.0.3904.108 Safari/537.36"
143.244.57.88 - - [08/Jun/2025:07:16:46 -0400] "POST //xmlrpc.php HTTP/1.1" 200 205 "-" "Mozilla/5.0 (Windows NT 10.0; Win64; x64) AppleWebKit/537.36 (KHTML, like Gecko) Chrome/78.0.3904.108 Safari/537.36"
162.0.232.193 - - [08/Jun/2025:07:17:16 -0400] "POST /wp-cron.php?doing_wp_cron=1749381435.8967900276184082031250 HTTP/1.1" 200 0 "-" "WordPress/6.8.1; https://w5.yours-toclaim.com"
143.244.57.88 - - [08/Jun/2025:07:17:00 -0400] "POST //xmlrpc.php HTTP/1.1" 200 205 "-" "Mozilla/5.0 (Windows NT 10.0; Win64; x64) AppleWebKit/537.36 (KHTML, like Gecko) Chrome/78.0.3904.108 Safari/537.36"
162.0.232.193 - - [08/Jun/2025:07:17:30 -0400] "POST /wp-cron.php?doing_wp_cron=1749381450.7784531116485595703125 HTTP/1.1" 200 0 "-" "WordPress/6.8.1; https://w5.yours-toclaim.com"
143.244.57.88 - - [08/Jun/2025:07:17:16 -0400] "POST //xmlrpc.php HTTP/1.1" 200 205 "-" "Mozilla/5.0 (Windows NT 10.0; Win64; x64) AppleWebKit/537.36 (KHTML, like Gecko) Chrome/78.0.3904.108 Safari/537.36"
162.0.232.193 - - [08/Jun/2025:07:17:45 -0400] "POST /wp-cron.php?doing_wp_cron=1749381465.6064260005950927734375 HTTP/1.1" 200 0 "-" "WordPress/6.8.1; https://w5.yours-toclaim.com"
143.244.57.88 - - [08/Jun/2025:07:17:31 -0400] "POST //xmlrpc.php HTTP/1.1" 200 205 "-" "Mozilla/5.0 (Windows NT 10.0; Win64; x64) AppleWebKit/537.36 (KHTML, like Gecko) Chrome/78.0.3904.108 Safari/537.36"
143.244.57.88 - - [08/Jun/2025:07:17:46 -0400] "POST //xmlrpc.php HTTP/1.1" 200 205 "-" "Mozilla/5.0 (Windows NT 10.0; Win64; x64) AppleWebKit/537.36 (KHTML, like Gecko) Chrome/78.0.3904.108 Safari/537.36"
162.0.232.193 - - [08/Jun/2025:07:18:16 -0400] "POST /wp-cron.php?doing_wp_cron=1749381495.9578139781951904296875 HTTP/1.1" 200 0 "-" "WordPress/6.8.1; https://w5.yours-toclaim.com"
143.244.57.88 - - [08/Jun/2025:07:18:00 -0400] "POST //xmlrpc.php HTTP/1.1" 200 205 "-" "Mozilla/5.0 (Windows NT 10.0; Win64; x64) AppleWebKit/537.36 (KHTML, like Gecko) Chrome/78.0.3904.108 Safari/537.36"
162.0.232.193 - - [08/Jun/2025:07:18:30 -0400] "POST /wp-cron.php?doing_wp_cron=1749381510.6975688934326171875000 HTTP/1.1" 200 0 "-" "WordPress/6.8.1; https://w5.yours-toclaim.com"
143.244.57.88 - - [08/Jun/2025:07:18:16 -0400] "POST //xmlrpc.php HTTP/1.1" 200 205 "-" "Mozilla/5.0 (Windows NT 10.0; Win64; x64) AppleWebKit/537.36 (KHTML, like Gecko) Chrome/78.0.3904.108 Safari/537.36"
162.0.232.193 - - [08/Jun/2025:07:18:45 -0400] "POST /wp-cron.php?doing_wp_cron=1749381525.3579690456390380859375 HTTP/1.1" 200 0 "-" "WordPress/6.8.1; https://w5.yours-toclaim.com"
143.244.57.88 - - [08/Jun/2025:07:18:31 -0400] "POST //xmlrpc.php HTTP/1.1" 200 205 "-" "Mozilla/5.0 (Windows NT 10.0; Win64; x64) AppleWebKit/537.36 (KHTML, like Gecko) Chrome/78.0.3904.108 Safari/537.36"
20.191.45.212 - - [08/Jun/2025:07:18:54 -0400] "GET / HTTP/1.1" 200 37315 "https://w5.yours-toclaim.com/" "DuckDuckBot/1.1; (+http://duckduckgo.com/duckduckbot.html)"
143.244.57.88 - - [08/Jun/2025:07:18:46 -0400] "POST //xmlrpc.php HTTP/1.1" 200 205 "-" "Mozilla/5.0 (Windows NT 10.0; Win64; x64) AppleWebKit/537.36 (KHTML, like Gecko) Chrome/78.0.3904.108 Safari/537.36"
162.0.232.193 - - [08/Jun/2025:07:19:15 -0400] "POST /wp-cron.php?doing_wp_cron=1749381555.9095149040222167968750 HTTP/1.1" 200 0 "-" "WordPress/6.8.1; https://w5.yours-toclaim.com"
143.244.57.88 - - [08/Jun/2025:07:19:00 -0400] "POST //xmlrpc.php HTTP/1.1" 200 205 "-" "Mozilla/5.0 (Windows NT 10.0; Win64; x64) AppleWebKit/537.36 (KHTML, like Gecko) Chrome/78.0.3904.108 Safari/537.36"
47.128.33.77 - - [08/Jun/2025:07:19:19 -0400] "GET /tag/webcomic/page/6/ HTTP/1.1" 200 88897 "-" "Mozilla/5.0 (compatible; Bytespider; [email protected]) AppleWebKit/537.36 (KHTML, like Gecko) Chrome/70.0.0.0 Safari/537.36"
162.0.232.193 - - [08/Jun/2025:07:19:30 -0400] "POST /wp-cron.php?doing_wp_cron=1749381570.6126770973205566406250 HTTP/1.1" 200 0 "-" "WordPress/6.8.1; https://w5.yours-toclaim.com"
143.244.57.88 - - [08/Jun/2025:07:19:16 -0400] "POST //xmlrpc.php HTTP/1.1" 200 205 "-" "Mozilla/5.0 (Windows NT 10.0; Win64; x64) AppleWebKit/537.36 (KHTML, like Gecko) Chrome/78.0.3904.108 Safari/537.36"
162.0.232.193 - - [08/Jun/2025:07:19:45 -0400] "POST /wp-cron.php?doing_wp_cron=1749381585.2516250610351562500000 HTTP/1.1" 200 0 "-" "WordPress/6.8.1; https://w5.yours-toclaim.com"
143.244.57.88 - - [08/Jun/2025:07:19:31 -0400] "POST //xmlrpc.php HTTP/1.1" 200 205 "-" "Mozilla/5.0 (Windows NT 10.0; Win64; x64) AppleWebKit/537.36 (KHTML, like Gecko) Chrome/78.0.3904.108 Safari/537.36"
40.77.167.23 - - [08/Jun/2025:07:19:50 -0400] "GET /tag/manga/feed/ HTTP/1.1" 200 29131 "-" "Mozilla/5.0 AppleWebKit/537.36 (KHTML, like Gecko; compatible; bingbot/2.0; +http://www.bing.com/bingbot.htm) Chrome/116.0.1938.76 Safari/537.36"
2a01:4f9:3081:3fc7::2 - - [08/Jun/2025:07:19:55 -0400] "POST /xmlrpc.php HTTP/1.1" 200 186 "https://w5.yours-toclaim.com" "Mozilla/5.0 (Windows NT 10.0; Win64; x64; rv:126.0) Gecko/20100101 Firefox/126.0"
2a01:4f9:3081:3fc7::2 - - [08/Jun/2025:07:19:56 -0400] "POST /wp-login.php HTTP/1.1" 200 2117 "https://w5.yours-toclaim.com" "Mozilla/5.0 (Windows NT 10.0; Win64; x64) AppleWebKit/537.36 (KHTML, like Gecko) Chrome/112.0.5615.138 Safari/537.36"
143.244.57.88 - - [08/Jun/2025:07:19:45 -0400] "POST //xmlrpc.php HTTP/1.1" 200 205 "-" "Mozilla/5.0 (Windows NT 10.0; Win64; x64) AppleWebKit/537.36 (KHTML, like Gecko) Chrome/78.0.3904.108 Safari/537.36"
162.0.232.193 - - [08/Jun/2025:07:20:15 -0400] "POST /wp-cron.php?doing_wp_cron=1749381615.4601550102233886718750 HTTP/1.1" 200 0 "-" "WordPress/6.8.1; https://w5.yours-toclaim.com"
143.244.57.88 - - [08/Jun/2025:07:20:01 -0400] "POST //xmlrpc.php HTTP/1.1" 200 205 "-" "Mozilla/5.0 (Windows NT 10.0; Win64; x64) AppleWebKit/537.36 (KHTML, like Gecko) Chrome/78.0.3904.108 Safari/537.36"
47.128.113.66 - - [08/Jun/2025:07:23:17 -0400] "GET /category/manga/page/6/ HTTP/1.1" 200 85355 "-" "Mozilla/5.0 (compatible; Bytespider; [email protected]) AppleWebKit/537.36 (KHTML, like Gecko) Chrome/70.0.0.0 Safari/537.36"
47.128.120.79 - - [08/Jun/2025:07:27:17 -0400] "GET /tag/volumes/page/2/ HTTP/1.1" 200 50683 "-" "Mozilla/5.0 (compatible; Bytespider; [email protected]) AppleWebKit/537.36 (KHTML, like Gecko) Chrome/70.0.0.0 Safari/537.36"
162.0.232.193 - - [08/Jun/2025:07:27:36 -0400] "POST /wp-cron.php?doing_wp_cron=1749382056.3040111064910888671875 HTTP/1.1" 200 0 "-" "WordPress/6.8.1; https://w5.yours-toclaim.com"
107.151.248.207 - - [08/Jun/2025:07:27:34 -0400] "GET /wp-includes/ID3/index.php HTTP/1.1" 301 0 "-" "Mozlila/5.0 (Linux; Android 7.0; SM-G892A Bulid/NRD90M; wv) AppleWebKit/537.36 (KHTML, like Gecko) Version/4.0 Chrome/60.0.3112.107 Moblie Safari/537.36"
107.151.248.207 - - [08/Jun/2025:07:27:36 -0400] "GET / HTTP/1.1" 200 37399 "-" "Mozlila/5.0 (Linux; Android 7.0; SM-G892A Bulid/NRD90M; wv) AppleWebKit/537.36 (KHTML, like Gecko) Version/4.0 Chrome/60.0.3112.107 Moblie Safari/537.36"
107.151.248.207 - - [08/Jun/2025:07:27:40 -0400] "GET /wp-content/plugins/index.php HTTP/1.1" 200 0 "-" "Mozlila/5.0 (Linux; Android 7.0; SM-G892A Bulid/NRD90M; wv) AppleWebKit/537.36 (KHTML, like Gecko) Version/4.0 Chrome/60.0.3112.107 Moblie Safari/537.36"
107.151.248.207 - - [08/Jun/2025:07:27:43 -0400] "GET /wp-admin/network/index.php HTTP/1.1" 302 0 "-" "Mozlila/5.0 (Linux; Android 7.0; SM-G892A Bulid/NRD90M; wv) AppleWebKit/537.36 (KHTML, like Gecko) Version/4.0 Chrome/60.0.3112.107 Moblie Safari/537.36"
107.151.248.207 - - [08/Jun/2025:07:27:43 -0400] "GET /wp-login.php?redirect_to=https%3A%2F%2Fw5.yours-toclaim.com%2Fwp-admin%2Fnetwork%2Findex.php&reauth=1 HTTP/1.1" 200 1993 "-" "Mozlila/5.0 (Linux; Android 7.0; SM-G892A Bulid/NRD90M; wv) AppleWebKit/537.36 (KHTML, like Gecko) Version/4.0 Chrome/60.0.3112.107 Moblie Safari/537.36"
162.0.232.193 - - [08/Jun/2025:07:27:48 -0400] "POST /wp-cron.php?doing_wp_cron=1749382068.0783779621124267578125 HTTP/1.1" 200 0 "-" "WordPress/6.8.1; https://w5.yours-toclaim.com"
107.151.248.207 - - [08/Jun/2025:07:27:47 -0400] "GET /wp-includes/IXR/index.php HTTP/1.1" 301 0 "-" "Mozlila/5.0 (Linux; Android 7.0; SM-G892A Bulid/NRD90M; wv) AppleWebKit/537.36 (KHTML, like Gecko) Version/4.0 Chrome/60.0.3112.107 Moblie Safari/537.36"
107.151.248.207 - - [08/Jun/2025:07:27:48 -0400] "GET / HTTP/1.1" 200 37366 "-" "Mozlila/5.0 (Linux; Android 7.0; SM-G892A Bulid/NRD90M; wv) AppleWebKit/537.36 (KHTML, like Gecko) Version/4.0 Chrome/60.0.3112.107 Moblie Safari/537.36"
107.151.248.207 - - [08/Jun/2025:07:27:52 -0400] "GET /wp-admin/images/index.php HTTP/1.1" 301 0 "-" "Mozlila/5.0 (Linux; Android 7.0; SM-G892A Bulid/NRD90M; wv) AppleWebKit/537.36 (KHTML, like Gecko) Version/4.0 Chrome/60.0.3112.107 Moblie Safari/537.36"
107.151.248.207 - - [08/Jun/2025:07:27:53 -0400] "GET / HTTP/1.1" 200 37389 "-" "Mozlila/5.0 (Linux; Android 7.0; SM-G892A Bulid/NRD90M; wv) AppleWebKit/537.36 (KHTML, like Gecko) Version/4.0 Chrome/60.0.3112.107 Moblie Safari/537.36"
107.151.248.207 - - [08/Jun/2025:07:27:57 -0400] "GET /wp-login.php HTTP/1.1" 200 1991 "-" "Mozlila/5.0 (Linux; Android 7.0; SM-G892A Bulid/NRD90M; wv) AppleWebKit/537.36 (KHTML, like Gecko) Version/4.0 Chrome/60.0.3112.107 Moblie Safari/537.36"
107.151.248.207 - - [08/Jun/2025:07:28:01 -0400] "GET /wp-content/plugins/admin.php HTTP/1.1" 301 0 "-" "Mozlila/5.0 (Linux; Android 7.0; SM-G892A Bulid/NRD90M; wv) AppleWebKit/537.36 (KHTML, like Gecko) Version/4.0 Chrome/60.0.3112.107 Moblie Safari/537.36"
107.151.248.207 - - [08/Jun/2025:07:28:01 -0400] "GET / HTTP/1.1" 200 37389 "-" "Mozlila/5.0 (Linux; Android 7.0; SM-G892A Bulid/NRD90M; wv) AppleWebKit/537.36 (KHTML, like Gecko) Version/4.0 Chrome/60.0.3112.107 Moblie Safari/537.36"
162.0.232.193 - - [08/Jun/2025:07:28:04 -0400] "POST /wp-cron.php?doing_wp_cron=1749382084.2423849105834960937500 HTTP/1.1" 200 0 "-" "WordPress/6.8.1; https://w5.yours-toclaim.com"
107.151.248.207 - - [08/Jun/2025:07:28:04 -0400] "GET /xmlrpc.php HTTP/1.1" 405 46 "-" "Mozlila/5.0 (Linux; Android 7.0; SM-G892A Bulid/NRD90M; wv) AppleWebKit/537.36 (KHTML, like Gecko) Version/4.0 Chrome/60.0.3112.107 Moblie Safari/537.36"
107.151.248.207 - - [08/Jun/2025:07:28:07 -0400] "GET /wp-admin.php HTTP/1.1" 301 0 "-" "Mozlila/5.0 (Linux; Android 7.0; SM-G892A Bulid/NRD90M; wv) AppleWebKit/537.36 (KHTML, like Gecko) Version/4.0 Chrome/60.0.3112.107 Moblie Safari/537.36"
107.151.248.207 - - [08/Jun/2025:07:28:08 -0400] "GET / HTTP/1.1" 200 37389 "-" "Mozlila/5.0 (Linux; Android 7.0; SM-G892A Bulid/NRD90M; wv) AppleWebKit/537.36 (KHTML, like Gecko) Version/4.0 Chrome/60.0.3112.107 Moblie Safari/537.36"
107.151.248.207 - - [08/Jun/2025:07:28:10 -0400] "GET /wp-content/plugins/Core-Econ/upH.php HTTP/1.1" 301 0 "-" "Mozlila/5.0 (Linux; Android 7.0; SM-G892A Bulid/NRD90M; wv) AppleWebKit/537.36 (KHTML, like Gecko) Version/4.0 Chrome/60.0.3112.107 Moblie Safari/537.36"
107.151.248.207 - - [08/Jun/2025:07:28:10 -0400] "GET / HTTP/1.1" 200 37389 "-" "Mozlila/5.0 (Linux; Android 7.0; SM-G892A Bulid/NRD90M; wv) AppleWebKit/537.36 (KHTML, like Gecko) Version/4.0 Chrome/60.0.3112.107 Moblie Safari/537.36"
107.151.248.207 - - [08/Jun/2025:07:28:13 -0400] "GET /wp-content/plugins/fix/up.php HTTP/1.1" 301 0 "-" "Mozlila/5.0 (Linux; Android 7.0; SM-G892A Bulid/NRD90M; wv) AppleWebKit/537.36 (KHTML, like Gecko) Version/4.0 Chrome/60.0.3112.107 Moblie Safari/537.36"
107.151.248.207 - - [08/Jun/2025:07:28:13 -0400] "GET / HTTP/1.1" 200 37382 "-" "Mozlila/5.0 (Linux; Android 7.0; SM-G892A Bulid/NRD90M; wv) AppleWebKit/537.36 (KHTML, like Gecko) Version/4.0 Chrome/60.0.3112.107 Moblie Safari/537.36"
107.151.248.207 - - [08/Jun/2025:07:28:14 -0400] "GET /wp-content/plugins/pwnd/pwnd.php HTTP/1.1" 301 0 "-" "Mozlila/5.0 (Linux; Android 7.0; SM-G892A Bulid/NRD90M; wv) AppleWebKit/537.36 (KHTML, like Gecko) Version/4.0 Chrome/60.0.3112.107 Moblie Safari/537.36"
107.151.248.207 - - [08/Jun/2025:07:28:15 -0400] "GET / HTTP/1.1" 200 37389 "-" "Mozlila/5.0 (Linux; Android 7.0; SM-G892A Bulid/NRD90M; wv) AppleWebKit/537.36 (KHTML, like Gecko) Version/4.0 Chrome/60.0.3112.107 Moblie Safari/537.36"
107.151.248.207 - - [08/Jun/2025:07:28:21 -0400] "GET /wp-content/plugins/shell/noimg.php HTTP/1.1" 301 0 "-" "Mozlila/5.0 (Linux; Android 7.0; SM-G892A Bulid/NRD90M; wv) AppleWebKit/537.36 (KHTML, like Gecko) Version/4.0 Chrome/60.0.3112.107 Moblie Safari/537.36"
107.151.248.207 - - [08/Jun/2025:07:28:21 -0400] "GET / HTTP/1.1" 200 37482 "-" "Mozlila/5.0 (Linux; Android 7.0; SM-G892A Bulid/NRD90M; wv) AppleWebKit/537.36 (KHTML, like Gecko) Version/4.0 Chrome/60.0.3112.107 Moblie Safari/537.36"
107.151.248.207 - - [08/Jun/2025:07:28:24 -0400] "GET /WSOEnigma.php HTTP/1.1" 301 0 "-" "Mozlila/5.0 (Linux; Android 7.0; SM-G892A Bulid/NRD90M; wv) AppleWebKit/537.36 (KHTML, like Gecko) Version/4.0 Chrome/60.0.3112.107 Moblie Safari/537.36"
107.151.248.207 - - [08/Jun/2025:07:28:25 -0400] "GET / HTTP/1.1" 200 37389 "-" "Mozlila/5.0 (Linux; Android 7.0; SM-G892A Bulid/NRD90M; wv) AppleWebKit/537.36 (KHTML, like Gecko) Version/4.0 Chrome/60.0.3112.107 Moblie Safari/537.36"
162.0.232.193 - - [08/Jun/2025:07:28:31 -0400] "POST /wp-cron.php?doing_wp_cron=1749382111.6605939865112304687500 HTTP/1.1" 200 0 "-" "WordPress/6.8.1; https://w5.yours-toclaim.com"
107.151.248.207 - - [08/Jun/2025:07:28:31 -0400] "GET /wp-content/plugins/pwnd-1/pwnd.php HTTP/1.1" 301 0 "-" "Mozlila/5.0 (Linux; Android 7.0; SM-G892A Bulid/NRD90M; wv) AppleWebKit/537.36 (KHTML, like Gecko) Version/4.0 Chrome/60.0.3112.107 Moblie Safari/537.36"
107.151.248.207 - - [08/Jun/2025:07:28:31 -0400] "GET / HTTP/1.1" 200 37389 "-" "Mozlila/5.0 (Linux; Android 7.0; SM-G892A Bulid/NRD90M; wv) AppleWebKit/537.36 (KHTML, like Gecko) Version/4.0 Chrome/60.0.3112.107 Moblie Safari/537.36"
162.0.232.193 - - [08/Jun/2025:07:28:32 -0400] "GET /manga/yours-to-claim-chapter-19/ HTTP/1.1" 200 44482 "-" "WP Rocket/Preload"
162.0.232.193 - - [08/Jun/2025:07:28:33 -0400] "GET /manga/yours-to-claim-chapter-19/ HTTP/1.1" 200 44490 "-" "WP Rocket/Preload Mozilla/5.0 (iPhone; CPU iPhone OS 9_1 like Mac OS X) AppleWebKit/601.1.46 (KHTML, like Gecko) Version/9.0 Mobile/13B143 Safari/601.1"
162.0.232.193 - - [08/Jun/2025:07:28:34 -0400] "GET /privacy-policy/ HTTP/1.1" 200 40468 "-" "WP Rocket/Preload"
107.151.248.207 - - [08/Jun/2025:07:28:35 -0400] "GET /wp-content/plugins/dummyyummy/wp-signup.php HTTP/1.1" 301 0 "-" "Mozlila/5.0 (Linux; Android 7.0; SM-G892A Bulid/NRD90M; wv) AppleWebKit/537.36 (KHTML, like Gecko) Version/4.0 Chrome/60.0.3112.107 Moblie Safari/537.36"
107.151.248.207 - - [08/Jun/2025:07:28:35 -0400] "GET / HTTP/1.1" 200 37389 "-" "Mozlila/5.0 (Linux; Android 7.0; SM-G892A Bulid/NRD90M; wv) AppleWebKit/537.36 (KHTML, like Gecko) Version/4.0 Chrome/60.0.3112.107 Moblie Safari/537.36"
162.0.232.193 - - [08/Jun/2025:07:28:35 -0400] "GET /privacy-policy/ HTTP/1.1" 200 40248 "-" "WP Rocket/Preload Mozilla/5.0 (iPhone; CPU iPhone OS 9_1 like Mac OS X) AppleWebKit/601.1.46 (KHTML, like Gecko) Version/9.0 Mobile/13B143 Safari/601.1"
162.0.232.193 - - [08/Jun/2025:07:28:36 -0400] "GET /manga/yours-to-claim-chapter-55/ HTTP/1.1" 200 57392 "-" "WP Rocket/Preload"
162.0.232.193 - - [08/Jun/2025:07:28:37 -0400] "GET /manga/yours-to-claim-chapter-55/ HTTP/1.1" 200 57370 "-" "WP Rocket/Preload Mozilla/5.0 (iPhone; CPU iPhone OS 9_1 like Mac OS X) AppleWebKit/601.1.46 (KHTML, like Gecko) Version/9.0 Mobile/13B143 Safari/601.1"
162.0.232.193 - - [08/Jun/2025:07:28:38 -0400] "GET /dmca/ HTTP/1.1" 200 37577 "-" "WP Rocket/Preload"
107.151.248.207 - - [08/Jun/2025:07:28:39 -0400] "GET /wp-content/plugins/clara/clara.php HTTP/1.1" 301 0 "-" "Mozlila/5.0 (Linux; Android 7.0; SM-G892A Bulid/NRD90M; wv) AppleWebKit/537.36 (KHTML, like Gecko) Version/4.0 Chrome/60.0.3112.107 Moblie Safari/537.36"
107.151.248.207 - - [08/Jun/2025:07:28:39 -0400] "GET / HTTP/1.1" 200 37389 "-" "Mozlila/5.0 (Linux; Android 7.0; SM-G892A Bulid/NRD90M; wv) AppleWebKit/537.36 (KHTML, like Gecko) Version/4.0 Chrome/60.0.3112.107 Moblie Safari/537.36"
162.0.232.193 - - [08/Jun/2025:07:28:39 -0400] "GET /dmca/ HTTP/1.1" 200 37942 "-" "WP Rocket/Preload Mozilla/5.0 (iPhone; CPU iPhone OS 9_1 like Mac OS X) AppleWebKit/601.1.46 (KHTML, like Gecko) Version/9.0 Mobile/13B143 Safari/601.1"
162.0.232.193 - - [08/Jun/2025:07:28:40 -0400] "GET /manga/yours-to-claim-chapter-34/ HTTP/1.1" 200 48781 "-" "WP Rocket/Preload"
162.0.232.193 - - [08/Jun/2025:07:28:41 -0400] "GET /manga/yours-to-claim-chapter-34/ HTTP/1.1" 200 48778 "-" "WP Rocket/Preload Mozilla/5.0 (iPhone; CPU iPhone OS 9_1 like Mac OS X) AppleWebKit/601.1.46 (KHTML, like Gecko) Version/9.0 Mobile/13B143 Safari/601.1"
162.0.232.193 - - [08/Jun/2025:07:29:09 -0400] "POST /wp-cron.php?doing_wp_cron=1749382149.3959259986877441406250 HTTP/1.1" 200 0 "-" "WordPress/6.8.1; https://w5.yours-toclaim.com"
20.198.224.111 - - [08/Jun/2025:07:29:09 -0400] "POST /xmlrpc.php HTTP/1.1" 200 205 "-" "Mozilla/5.0 (X11; Ubuntu; Linux x86_64; rv:85.0) Gecko/20100101 Firefox/91.0"
162.0.232.193 - - [08/Jun/2025:07:31:19 -0400] "POST /wp-cron.php?doing_wp_cron=1749382279.0418190956115722656250 HTTP/1.1" 200 0 "-" "WordPress/6.8.1; https://w5.yours-toclaim.com"
47.128.116.64 - - [08/Jun/2025:07:31:17 -0400] "GET /tag/webcomic/page/5/ HTTP/1.1" 200 53489 "-" "Mozilla/5.0 (compatible; Bytespider; [email protected]) AppleWebKit/537.36 (KHTML, like Gecko) Chrome/70.0.0.0 Safari/537.36"
162.0.232.193 - - [08/Jun/2025:07:31:19 -0400] "GET /manga/yours-to-claim-chapter-69/ HTTP/1.1" 200 47327 "-" "WP Rocket/Preload"
162.0.232.193 - - [08/Jun/2025:07:31:21 -0400] "GET /manga/yours-to-claim-chapter-69/ HTTP/1.1" 200 47308 "-" "WP Rocket/Preload Mozilla/5.0 (iPhone; CPU iPhone OS 9_1 like Mac OS X) AppleWebKit/601.1.46 (KHTML, like Gecko) Version/9.0 Mobile/13B143 Safari/601.1"
162.0.232.193 - - [08/Jun/2025:07:31:22 -0400] "GET /manga/yours-to-claim-chapter-41/ HTTP/1.1" 200 50441 "-" "WP Rocket/Preload"
162.0.232.193 - - [08/Jun/2025:07:31:23 -0400] "GET /manga/yours-to-claim-chapter-41/ HTTP/1.1" 200 50452 "-" "WP Rocket/Preload Mozilla/5.0 (iPhone; CPU iPhone OS 9_1 like Mac OS X) AppleWebKit/601.1.46 (KHTML, like Gecko) Version/9.0 Mobile/13B143 Safari/601.1"
162.0.232.193 - - [08/Jun/2025:07:31:24 -0400] "GET /manga/yours-to-claim-chapter-67/ HTTP/1.1" 200 44167 "-" "WP Rocket/Preload"
162.0.232.193 - - [08/Jun/2025:07:31:25 -0400] "GET /manga/yours-to-claim-chapter-67/ HTTP/1.1" 200 44165 "-" "WP Rocket/Preload Mozilla/5.0 (iPhone; CPU iPhone OS 9_1 like Mac OS X) AppleWebKit/601.1.46 (KHTML, like Gecko) Version/9.0 Mobile/13B143 Safari/601.1"
162.0.232.193 - - [08/Jun/2025:07:31:26 -0400] "GET /manga/yours-to-claim-chapter-63/ HTTP/1.1" 200 44512 "-" "WP Rocket/Preload"
162.0.232.193 - - [08/Jun/2025:07:31:27 -0400] "GET /manga/yours-to-claim-chapter-63/ HTTP/1.1" 200 44481 "-" "WP Rocket/Preload Mozilla/5.0 (iPhone; CPU iPhone OS 9_1 like Mac OS X) AppleWebKit/601.1.46 (KHTML, like Gecko) Version/9.0 Mobile/13B143 Safari/601.1"
162.0.232.193 - - [08/Jun/2025:07:31:28 -0400] "GET /manga/yours-to-claim-chapter-14/ HTTP/1.1" 200 49254 "-" "WP Rocket/Preload"
162.0.232.193 - - [08/Jun/2025:07:31:29 -0400] "GET /manga/yours-to-claim-chapter-14/ HTTP/1.1" 200 49312 "-" "WP Rocket/Preload Mozilla/5.0 (iPhone; CPU iPhone OS 9_1 like Mac OS X) AppleWebKit/601.1.46 (KHTML, like Gecko) Version/9.0 Mobile/13B143 Safari/601.1"
162.0.232.193 - - [08/Jun/2025:07:31:30 -0400] "GET /manga/yours-to-claim-chapter-53/ HTTP/1.1" 200 55460 "-" "WP Rocket/Preload"
162.0.232.193 - - [08/Jun/2025:07:31:31 -0400] "GET /manga/yours-to-claim-chapter-53/ HTTP/1.1" 200 55487 "-" "WP Rocket/Preload Mozilla/5.0 (iPhone; CPU iPhone OS 9_1 like Mac OS X) AppleWebKit/601.1.46 (KHTML, like Gecko) Version/9.0 Mobile/13B143 Safari/601.1"
162.0.232.193 - - [08/Jun/2025:07:31:32 -0400] "GET /manga/yours-to-claim-chapter-51/ HTTP/1.1" 200 52113 "-" "WP Rocket/Preload"
162.0.232.193 - - [08/Jun/2025:07:31:33 -0400] "GET /manga/yours-to-claim-chapter-51/ HTTP/1.1" 200 52156 "-" "WP Rocket/Preload Mozilla/5.0 (iPhone; CPU iPhone OS 9_1 like Mac OS X) AppleWebKit/601.1.46 (KHTML, like Gecko) Version/9.0 Mobile/13B143 Safari/601.1"
162.0.232.193 - - [08/Jun/2025:07:31:34 -0400] "GET /manga/yours-to-claim-chapter-72/ HTTP/1.1" 200 44517 "-" "WP Rocket/Preload"
