77.111.47.164 - - [08/Jun/2025:19:18:31 -0400] "GET /wp-content/themes/toivo-lite/js/functions.min.js?ver=1.2.0 HTTP/1.1" 200 593 "https://w5.yours-toclaim.com/" "Mozilla/5.0 (Windows NT 10.0; Win64; x64) AppleWebKit/537.36 (KHTML, like Gecko) Chrome/137.0.0.0 Safari/537.36"
77.111.47.164 - - [08/Jun/2025:19:18:31 -0400] "GET /wp-content/cache/min/1/wp-content/plugins/simple-social-buttons/assets/js/front.js?ver=1731251952 HTTP/1.1" 200 1488 "https://w5.yours-toclaim.com/" "Mozilla/5.0 (Windows NT 10.0; Win64; x64) AppleWebKit/537.36 (KHTML, like Gecko) Chrome/137.0.0.0 Safari/537.36"
77.111.47.164 - - [08/Jun/2025:19:18:31 -0400] "GET /wp-content/themes/toivo-lite/js/responsive-nav.min.js?ver=1.2.0 HTTP/1.1" 200 2102 "https://w5.yours-toclaim.com/" "Mozilla/5.0 (Windows NT 10.0; Win64; x64) AppleWebKit/537.36 (KHTML, like Gecko) Chrome/137.0.0.0 Safari/537.36"
77.111.47.164 - - [08/Jun/2025:19:18:31 -0400] "GET /wp-content/themes/toivo-lite/js/settings.min.js?ver=1.2.0 HTTP/1.1" 200 307 "https://w5.yours-toclaim.com/" "Mozilla/5.0 (Windows NT 10.0; Win64; x64) AppleWebKit/537.36 (KHTML, like Gecko) Chrome/137.0.0.0 Safari/537.36"
77.111.47.164 - - [08/Jun/2025:19:18:31 -0400] "GET /wp-content/cache/min/1/wp-content/plugins/comic-easel/js/keynav.js?ver=1731251952 HTTP/1.1" 200 221 "https://w5.yours-toclaim.com/" "Mozilla/5.0 (Windows NT 10.0; Win64; x64) AppleWebKit/537.36 (KHTML, like Gecko) Chrome/137.0.0.0 Safari/537.36"
77.111.47.164 - - [08/Jun/2025:19:18:31 -0400] "GET /wp-includes/js/jquery/jquery.min.js?ver=3.7.1 HTTP/1.1" 200 29744 "https://w5.yours-toclaim.com/" "Mozilla/5.0 (Windows NT 10.0; Win64; x64) AppleWebKit/537.36 (KHTML, like Gecko) Chrome/137.0.0.0 Safari/537.36"
162.0.232.193 - - [08/Jun/2025:19:19:01 -0400] "POST /wp-cron.php?doing_wp_cron=1749424740.8806929588317871093750 HTTP/1.1" 200 0 "-" "WordPress/6.8.1; https://w5.yours-toclaim.com"
196.251.85.177 - - [08/Jun/2025:19:18:31 -0400] "POST //xmlrpc.php HTTP/1.1" 200 205 "-" "Mozilla/5.0 (Windows NT 10.0; Win64; x64) AppleWebKit/537.36 (KHTML, like Gecko) Chrome/89.0.4389.114 Safari/537.36"
162.0.232.193 - - [08/Jun/2025:19:19:31 -0400] "POST /wp-cron.php?doing_wp_cron=1749424770.9795498847961425781250 HTTP/1.1" 200 0 "-" "WordPress/6.8.1; https://w5.yours-toclaim.com"
196.251.85.177 - - [08/Jun/2025:19:19:01 -0400] "POST //xmlrpc.php HTTP/1.1" 200 205 "-" "Mozilla/5.0 (Windows NT 10.0; Win64; x64) AppleWebKit/537.36 (KHTML, like Gecko) Chrome/89.0.4389.114 Safari/537.36"
162.0.232.193 - - [08/Jun/2025:19:20:00 -0400] "POST /wp-cron.php?doing_wp_cron=1749424800.7330560684204101562500 HTTP/1.1" 200 0 "-" "WordPress/6.8.1; https://w5.yours-toclaim.com"
196.251.85.177 - - [08/Jun/2025:19:19:31 -0400] "POST //xmlrpc.php HTTP/1.1" 200 205 "-" "Mozilla/5.0 (Windows NT 10.0; Win64; x64) AppleWebKit/537.36 (KHTML, like Gecko) Chrome/89.0.4389.114 Safari/537.36"
162.0.232.193 - - [08/Jun/2025:19:20:30 -0400] "POST /wp-cron.php?doing_wp_cron=1749424830.4851989746093750000000 HTTP/1.1" 200 0 "-" "WordPress/6.8.1; https://w5.yours-toclaim.com"
196.251.85.177 - - [08/Jun/2025:19:20:01 -0400] "POST //xmlrpc.php HTTP/1.1" 200 205 "-" "Mozilla/5.0 (Windows NT 10.0; Win64; x64) AppleWebKit/537.36 (KHTML, like Gecko) Chrome/89.0.4389.114 Safari/537.36"
114.119.133.208 - - [08/Jun/2025:19:20:34 -0400] "GET /yours-to-claim/yours-to-claim-chapter-73/ HTTP/1.1" 200 44034 "https://yours-toclaim.com/yours-to-claim-chapter-44/" "Mozilla/5.0 (Linux; Android 7.0;) AppleWebKit/537.36 (KHTML, like Gecko) Mobile Safari/537.36 (compatible; PetalBot;+https://webmaster.petalsearch.com/site/petalbot)"
162.0.232.193 - - [08/Jun/2025:19:21:00 -0400] "POST /wp-cron.php?doing_wp_cron=1749424860.5719909667968750000000 HTTP/1.1" 200 0 "-" "WordPress/6.8.1; https://w5.yours-toclaim.com"
196.251.85.177 - - [08/Jun/2025:19:20:31 -0400] "POST //xmlrpc.php HTTP/1.1" 200 205 "-" "Mozilla/5.0 (Windows NT 10.0; Win64; x64) AppleWebKit/537.36 (KHTML, like Gecko) Chrome/89.0.4389.114 Safari/537.36"
162.0.232.193 - - [08/Jun/2025:19:21:28 -0400] "POST /wp-cron.php?doing_wp_cron=1749424888.6014790534973144531250 HTTP/1.1" 200 0 "-" "WordPress/6.8.1; https://w5.yours-toclaim.com"
162.0.232.193 - - [08/Jun/2025:19:21:30 -0400] "POST /wp-cron.php?doing_wp_cron=1749424890.5593240261077880859375 HTTP/1.1" 200 0 "-" "WordPress/6.8.1; https://w5.yours-toclaim.com"
196.251.85.177 - - [08/Jun/2025:19:21:01 -0400] "POST //xmlrpc.php HTTP/1.1" 200 205 "-" "Mozilla/5.0 (Windows NT 10.0; Win64; x64) AppleWebKit/537.36 (KHTML, like Gecko) Chrome/89.0.4389.114 Safari/537.36"
194.87.252.147 - - [08/Jun/2025:19:21:31 -0400] "GET / HTTP/1.1" 200 37316 "-" "Mozilla/5.0 (Windows NT 10.0; WOW64) AppleWebKit/537.36 (KHTML, like Gecko) Chrome/50.0.2674.43 Safari/537.36"
194.87.252.147 - - [08/Jun/2025:19:21:34 -0400] "POST /wp-content/plugins/wp-automatic/inc/csv.php HTTP/1.1" 200 26 "https://w5.yours-toclaim.com/" "Mozilla/5.0 (Windows NT 10.0; WOW64) AppleWebKit/537.36 (KHTML, like Gecko) Chrome/50.0.2674.43 Safari/537.36"
194.87.252.147 - - [08/Jun/2025:19:21:34 -0400] "POST /wp-content/plugins/wp-automatic/inc/csv.php HTTP/1.1" 200 26 "https://w5.yours-toclaim.com/wp-content/plugins/wp-automatic/inc/csv.php" "Mozilla/5.0 (Windows NT 10.0; WOW64) AppleWebKit/537.36 (KHTML, like Gecko) Chrome/50.0.2674.43 Safari/537.36"
194.87.252.147 - - [08/Jun/2025:19:21:35 -0400] "POST /wp-content/plugins/wp-automatic/inc/csv.php HTTP/1.1" 200 26 "https://w5.yours-toclaim.com/wp-content/plugins/wp-automatic/inc/csv.php" "Mozilla/5.0 (Windows NT 10.0; WOW64) AppleWebKit/537.36 (KHTML, like Gecko) Chrome/50.0.2674.43 Safari/537.36"
194.87.252.147 - - [08/Jun/2025:19:21:36 -0400] "POST /wp-content/plugins/wp-automatic/inc/csv.php HTTP/1.1" 200 26 "https://w5.yours-toclaim.com/wp-content/plugins/wp-automatic/inc/csv.php" "Mozilla/5.0 (Windows NT 10.0; WOW64) AppleWebKit/537.36 (KHTML, like Gecko) Chrome/50.0.2674.43 Safari/537.36"
194.87.252.147 - - [08/Jun/2025:19:21:37 -0400] "POST /wp-content/plugins/wp-automatic/inc/csv.phpe9902f0f9d6d.php HTTP/1.1" 301 0 "https://w5.yours-toclaim.com/wp-content/plugins/wp-automatic/inc/csv.php" "Mozilla/5.0 (Windows NT 10.0; WOW64) AppleWebKit/537.36 (KHTML, like Gecko) Chrome/50.0.2674.43 Safari/537.36"
194.87.252.147 - - [08/Jun/2025:19:21:37 -0400] "GET / HTTP/1.1" 200 37316 "https://w5.yours-toclaim.com/wp-content/plugins/wp-automatic/inc/csv.php" "Mozilla/5.0 (Windows NT 10.0; WOW64) AppleWebKit/537.36 (KHTML, like Gecko) Chrome/50.0.2674.43 Safari/537.36"
194.87.252.147 - - [08/Jun/2025:19:21:38 -0400] "POST /wp-content/plugins/wp-automatic/inc/csv.phpe9902f0f9d6d.php HTTP/1.1" 301 0 "https://w5.yours-toclaim.com/" "Mozilla/5.0 (Windows NT 10.0; WOW64) AppleWebKit/537.36 (KHTML, like Gecko) Chrome/50.0.2674.43 Safari/537.36"
194.87.252.147 - - [08/Jun/2025:19:21:39 -0400] "GET / HTTP/1.1" 200 37316 "https://w5.yours-toclaim.com/" "Mozilla/5.0 (Windows NT 10.0; WOW64) AppleWebKit/537.36 (KHTML, like Gecko) Chrome/50.0.2674.43 Safari/537.36"
114.119.156.33 - - [08/Jun/2025:19:21:58 -0400] "GET /category/yours-to-claim-read/ HTTP/1.1" 200 66972 "https://w4.yours-toclaim.com/category/yours-to-claim-manga/page/8/" "Mozilla/5.0 (Linux; Android 7.0;) AppleWebKit/537.36 (KHTML, like Gecko) Mobile Safari/537.36 (compatible; PetalBot;+https://webmaster.petalsearch.com/site/petalbot)"
162.0.232.193 - - [08/Jun/2025:19:22:00 -0400] "POST /wp-cron.php?doing_wp_cron=1749424920.3658289909362792968750 HTTP/1.1" 200 0 "-" "WordPress/6.8.1; https://w5.yours-toclaim.com"
196.251.85.177 - - [08/Jun/2025:19:21:31 -0400] "POST //xmlrpc.php HTTP/1.1" 200 205 "-" "Mozilla/5.0 (Windows NT 10.0; Win64; x64) AppleWebKit/537.36 (KHTML, like Gecko) Chrome/89.0.4389.114 Safari/537.36"
162.0.232.193 - - [08/Jun/2025:19:22:04 -0400] "POST /wp-cron.php?doing_wp_cron=1749424924.4907319545745849609375 HTTP/1.1" 200 0 "-" "WordPress/6.8.1; https://w5.yours-toclaim.com"
194.87.252.147 - - [08/Jun/2025:19:22:04 -0400] "POST /wp-content/plugins/wp-automatic/inc/csv.phpe9902f0f9d6d.php HTTP/1.1" 301 0 "https://w5.yours-toclaim.com/" "Mozilla/5.0 (Windows NT 10.0; WOW64) AppleWebKit/537.36 (KHTML, like Gecko) Chrome/50.0.2674.43 Safari/537.36"
194.87.252.147 - - [08/Jun/2025:19:22:05 -0400] "GET / HTTP/1.1" 200 37316 "https://w5.yours-toclaim.com/" "Mozilla/5.0 (Windows NT 10.0; WOW64) AppleWebKit/537.36 (KHTML, like Gecko) Chrome/50.0.2674.43 Safari/537.36"
194.87.252.147 - - [08/Jun/2025:19:22:06 -0400] "POST /wp-content/plugins/wp-automatic/inc/csv.phpe9902f0f9d6d.php HTTP/1.1" 301 0 "https://w5.yours-toclaim.com/" "Mozilla/5.0 (Windows NT 10.0; WOW64) AppleWebKit/537.36 (KHTML, like Gecko) Chrome/50.0.2674.43 Safari/537.36"
194.87.252.147 - - [08/Jun/2025:19:22:06 -0400] "GET / HTTP/1.1" 200 37316 "https://w5.yours-toclaim.com/" "Mozilla/5.0 (Windows NT 10.0; WOW64) AppleWebKit/537.36 (KHTML, like Gecko) Chrome/50.0.2674.43 Safari/537.36"
194.87.252.147 - - [08/Jun/2025:19:22:07 -0400] "GET /wp-login.php HTTP/1.1" 200 1988 "https://w5.yours-toclaim.com/" "Mozilla/5.0 (Windows NT 10.0; WOW64) AppleWebKit/537.36 (KHTML, like Gecko) Chrome/50.0.2674.43 Safari/537.36"
194.87.252.147 - - [08/Jun/2025:19:22:07 -0400] "POST /wp-login.php HTTP/1.1" 200 2148 "https://w5.yours-toclaim.com/wp-login.php" "Mozilla/5.0 (Windows NT 10.0; WOW64) AppleWebKit/537.36 (KHTML, like Gecko) Chrome/50.0.2674.43 Safari/537.36"
194.87.252.147 - - [08/Jun/2025:19:22:08 -0400] "GET /wp-admin/plugins.php HTTP/1.1" 302 0 "https://w5.yours-toclaim.com/wp-login.php" "Mozilla/5.0 (Windows NT 10.0; WOW64) AppleWebKit/537.36 (KHTML, like Gecko) Chrome/50.0.2674.43 Safari/537.36"
194.87.252.147 - - [08/Jun/2025:19:22:09 -0400] "GET /wp-login.php?redirect_to=https%3A%2F%2Fw5.yours-toclaim.com%2Fwp-admin%2Fplugins.php&reauth=1 HTTP/1.1" 200 1991 "https://w5.yours-toclaim.com/wp-login.php" "Mozilla/5.0 (Windows NT 10.0; WOW64) AppleWebKit/537.36 (KHTML, like Gecko) Chrome/50.0.2674.43 Safari/537.36"
162.0.232.193 - - [08/Jun/2025:19:22:30 -0400] "POST /wp-cron.php?doing_wp_cron=1749424950.5899119377136230468750 HTTP/1.1" 200 0 "-" "WordPress/6.8.1; https://w5.yours-toclaim.com"
196.251.85.177 - - [08/Jun/2025:19:22:01 -0400] "POST //xmlrpc.php HTTP/1.1" 200 205 "-" "Mozilla/5.0 (Windows NT 10.0; Win64; x64) AppleWebKit/537.36 (KHTML, like Gecko) Chrome/89.0.4389.114 Safari/537.36"
162.0.232.193 - - [08/Jun/2025:19:23:00 -0400] "POST /wp-cron.php?doing_wp_cron=1749424980.7110528945922851562500 HTTP/1.1" 200 0 "-" "WordPress/6.8.1; https://w5.yours-toclaim.com"
196.251.85.177 - - [08/Jun/2025:19:22:31 -0400] "POST //xmlrpc.php HTTP/1.1" 200 205 "-" "Mozilla/5.0 (Windows NT 10.0; Win64; x64) AppleWebKit/537.36 (KHTML, like Gecko) Chrome/89.0.4389.114 Safari/537.36"
162.0.232.193 - - [08/Jun/2025:19:23:30 -0400] "POST /wp-cron.php?doing_wp_cron=1749425010.8131020069122314453125 HTTP/1.1" 200 0 "-" "WordPress/6.8.1; https://w5.yours-toclaim.com"
196.251.85.177 - - [08/Jun/2025:19:23:01 -0400] "POST //xmlrpc.php HTTP/1.1" 200 205 "-" "Mozilla/5.0 (Windows NT 10.0; Win64; x64) AppleWebKit/537.36 (KHTML, like Gecko) Chrome/89.0.4389.114 Safari/537.36"
162.0.232.193 - - [08/Jun/2025:19:24:00 -0400] "POST /wp-cron.php?doing_wp_cron=1749425040.7329299449920654296875 HTTP/1.1" 200 0 "-" "WordPress/6.8.1; https://w5.yours-toclaim.com"
196.251.85.177 - - [08/Jun/2025:19:23:31 -0400] "POST //xmlrpc.php HTTP/1.1" 200 205 "-" "Mozilla/5.0 (Windows NT 10.0; Win64; x64) AppleWebKit/537.36 (KHTML, like Gecko) Chrome/89.0.4389.114 Safari/537.36"
162.0.232.193 - - [08/Jun/2025:19:24:31 -0400] "POST /wp-cron.php?doing_wp_cron=1749425070.8533999919891357421875 HTTP/1.1" 200 0 "-" "WordPress/6.8.1; https://w5.yours-toclaim.com"
196.251.85.177 - - [08/Jun/2025:19:24:01 -0400] "POST //xmlrpc.php HTTP/1.1" 200 205 "-" "Mozilla/5.0 (Windows NT 10.0; Win64; x64) AppleWebKit/537.36 (KHTML, like Gecko) Chrome/89.0.4389.114 Safari/537.36"
162.0.232.193 - - [08/Jun/2025:19:24:31 -0400] "GET /manga/yours-to-claim-chapter-64/ HTTP/1.1" 200 44672 "-" "WP Rocket/Preload"
162.0.232.193 - - [08/Jun/2025:19:24:33 -0400] "GET /manga/yours-to-claim-chapter-64/ HTTP/1.1" 200 44660 "-" "WP Rocket/Preload Mozilla/5.0 (iPhone; CPU iPhone OS 9_1 like Mac OS X) AppleWebKit/601.1.46 (KHTML, like Gecko) Version/9.0 Mobile/13B143 Safari/601.1"
162.0.232.193 - - [08/Jun/2025:19:24:34 -0400] "GET /manga/yours-to-claim-chapter-39/ HTTP/1.1" 200 49050 "-" "WP Rocket/Preload"
162.0.232.193 - - [08/Jun/2025:19:24:36 -0400] "GET /manga/yours-to-claim-chapter-39/ HTTP/1.1" 200 49075 "-" "WP Rocket/Preload Mozilla/5.0 (iPhone; CPU iPhone OS 9_1 like Mac OS X) AppleWebKit/601.1.46 (KHTML, like Gecko) Version/9.0 Mobile/13B143 Safari/601.1"
162.0.232.193 - - [08/Jun/2025:19:24:37 -0400] "GET /manga/yours-to-claim-chapter-47/ HTTP/1.1" 200 49447 "-" "WP Rocket/Preload"
162.0.232.193 - - [08/Jun/2025:19:24:39 -0400] "GET /manga/yours-to-claim-chapter-47/ HTTP/1.1" 200 49453 "-" "WP Rocket/Preload Mozilla/5.0 (iPhone; CPU iPhone OS 9_1 like Mac OS X) AppleWebKit/601.1.46 (KHTML, like Gecko) Version/9.0 Mobile/13B143 Safari/601.1"
162.0.232.193 - - [08/Jun/2025:19:24:40 -0400] "GET /manga/yours-to-claim-chapter-52/ HTTP/1.1" 200 52631 "-" "WP Rocket/Preload"
162.0.232.193 - - [08/Jun/2025:19:24:41 -0400] "GET /manga/yours-to-claim-chapter-52/ HTTP/1.1" 200 0 "-" "WP Rocket/Preload Mozilla/5.0 (iPhone; CPU iPhone OS 9_1 like Mac OS X) AppleWebKit/601.1.46 (KHTML, like Gecko) Version/9.0 Mobile/13B143 Safari/601.1"
162.0.232.193 - - [08/Jun/2025:19:24:43 -0400] "GET /manga/yours-to-claim-chapter-16/ HTTP/1.1" 200 46482 "-" "WP Rocket/Preload"
162.0.232.193 - - [08/Jun/2025:19:24:44 -0400] "GET /manga/yours-to-claim-chapter-16/ HTTP/1.1" 200 46195 "-" "WP Rocket/Preload Mozilla/5.0 (iPhone; CPU iPhone OS 9_1 like Mac OS X) AppleWebKit/601.1.46 (KHTML, like Gecko) Version/9.0 Mobile/13B143 Safari/601.1"
162.0.232.193 - - [08/Jun/2025:19:25:16 -0400] "POST /wp-cron.php?doing_wp_cron=1749425116.2760400772094726562500 HTTP/1.1" 200 0 "-" "WordPress/6.8.1; https://w5.yours-toclaim.com"
196.251.85.177 - - [08/Jun/2025:19:24:31 -0400] "POST //xmlrpc.php HTTP/1.1" 200 205 "-" "Mozilla/5.0 (Windows NT 10.0; Win64; x64) AppleWebKit/537.36 (KHTML, like Gecko) Chrome/89.0.4389.114 Safari/537.36"
162.0.232.193 - - [08/Jun/2025:19:25:45 -0400] "POST /wp-cron.php?doing_wp_cron=1749425145.1500029563903808593750 HTTP/1.1" 200 0 "-" "WordPress/6.8.1; https://w5.yours-toclaim.com"
196.251.85.177 - - [08/Jun/2025:19:25:17 -0400] "POST //xmlrpc.php HTTP/1.1" 200 205 "-" "Mozilla/5.0 (Windows NT 10.0; Win64; x64) AppleWebKit/537.36 (KHTML, like Gecko) Chrome/89.0.4389.114 Safari/537.36"
162.0.232.193 - - [08/Jun/2025:19:25:47 -0400] "GET /manga/yours-to-claim-chapter-26/ HTTP/1.1" 200 44852 "-" "WP Rocket/Preload"
162.0.232.193 - - [08/Jun/2025:19:25:47 -0400] "GET /manga/yours-to-claim-chapter-26/ HTTP/1.1" 200 44860 "-" "WP Rocket/Preload Mozilla/5.0 (iPhone; CPU iPhone OS 9_1 like Mac OS X) AppleWebKit/601.1.46 (KHTML, like Gecko) Version/9.0 Mobile/13B143 Safari/601.1"
162.0.232.193 - - [08/Jun/2025:19:25:49 -0400] "GET /manga/yours-to-claim-chapter-2/ HTTP/1.1" 200 48726 "-" "WP Rocket/Preload"
162.0.232.193 - - [08/Jun/2025:19:25:50 -0400] "GET /manga/yours-to-claim-chapter-2/ HTTP/1.1" 200 48714 "-" "WP Rocket/Preload Mozilla/5.0 (iPhone; CPU iPhone OS 9_1 like Mac OS X) AppleWebKit/601.1.46 (KHTML, like Gecko) Version/9.0 Mobile/13B143 Safari/601.1"
162.0.232.193 - - [08/Jun/2025:19:25:51 -0400] "GET /manga/yours-to-claim-chapter-70/ HTTP/1.1" 200 45286 "-" "WP Rocket/Preload"
162.0.232.193 - - [08/Jun/2025:19:25:52 -0400] "GET /manga/yours-to-claim-chapter-70/ HTTP/1.1" 200 45229 "-" "WP Rocket/Preload Mozilla/5.0 (iPhone; CPU iPhone OS 9_1 like Mac OS X) AppleWebKit/601.1.46 (KHTML, like Gecko) Version/9.0 Mobile/13B143 Safari/601.1"
162.0.232.193 - - [08/Jun/2025:19:25:53 -0400] "GET /comic/ HTTP/1.1" 200 35502 "-" "WP Rocket/Preload"
162.0.232.193 - - [08/Jun/2025:19:25:53 -0400] "GET /comic/ HTTP/1.1" 200 35500 "-" "WP Rocket/Preload Mozilla/5.0 (iPhone; CPU iPhone OS 9_1 like Mac OS X) AppleWebKit/601.1.46 (KHTML, like Gecko) Version/9.0 Mobile/13B143 Safari/601.1"
162.0.232.193 - - [08/Jun/2025:19:25:54 -0400] "GET /manga/yours-to-claim-chapter-4/ HTTP/1.1" 200 52265 "-" "WP Rocket/Preload"
162.0.232.193 - - [08/Jun/2025:19:25:55 -0400] "GET /manga/yours-to-claim-chapter-4/ HTTP/1.1" 200 52207 "-" "WP Rocket/Preload Mozilla/5.0 (iPhone; CPU iPhone OS 9_1 like Mac OS X) AppleWebKit/601.1.46 (KHTML, like Gecko) Version/9.0 Mobile/13B143 Safari/601.1"
162.0.232.193 - - [08/Jun/2025:19:25:56 -0400] "GET /manga/yours-to-claim-chapter-49/ HTTP/1.1" 200 55751 "-" "WP Rocket/Preload"
162.0.232.193 - - [08/Jun/2025:19:25:57 -0400] "GET /manga/yours-to-claim-chapter-49/ HTTP/1.1" 200 55759 "-" "WP Rocket/Preload Mozilla/5.0 (iPhone; CPU iPhone OS 9_1 like Mac OS X) AppleWebKit/601.1.46 (KHTML, like Gecko) Version/9.0 Mobile/13B143 Safari/601.1"
162.0.232.193 - - [08/Jun/2025:19:25:58 -0400] "GET /manga/yours-to-claim-chapter-65/ HTTP/1.1" 200 44944 "-" "WP Rocket/Preload"
162.0.232.193 - - [08/Jun/2025:19:25:59 -0400] "GET /manga/yours-to-claim-chapter-65/ HTTP/1.1" 200 44969 "-" "WP Rocket/Preload Mozilla/5.0 (iPhone; CPU iPhone OS 9_1 like Mac OS X) AppleWebKit/601.1.46 (KHTML, like Gecko) Version/9.0 Mobile/13B143 Safari/601.1"
162.0.232.193 - - [08/Jun/2025:19:26:00 -0400] "GET /manga/yours-to-claim-chapter-66/ HTTP/1.1" 200 44937 "-" "WP Rocket/Preload"
162.0.232.193 - - [08/Jun/2025:19:26:01 -0400] "GET /manga/yours-to-claim-chapter-66/ HTTP/1.1" 200 44981 "-" "WP Rocket/Preload Mozilla/5.0 (iPhone; CPU iPhone OS 9_1 like Mac OS X) AppleWebKit/601.1.46 (KHTML, like Gecko) Version/9.0 Mobile/13B143 Safari/601.1"
162.0.232.193 - - [08/Jun/2025:19:26:02 -0400] "GET /manga/yours-to-claim-chapter-74/ HTTP/1.1" 200 44840 "-" "WP Rocket/Preload"
162.0.232.193 - - [08/Jun/2025:19:26:03 -0400] "GET /manga/yours-to-claim-chapter-74/ HTTP/1.1" 200 44814 "-" "WP Rocket/Preload Mozilla/5.0 (iPhone; CPU iPhone OS 9_1 like Mac OS X) AppleWebKit/601.1.46 (KHTML, like Gecko) Version/9.0 Mobile/13B143 Safari/601.1"
162.0.232.193 - - [08/Jun/2025:19:26:04 -0400] "GET /manga/yours-to-claim-chapter-15/ HTTP/1.1" 200 47808 "-" "WP Rocket/Preload"
162.0.232.193 - - [08/Jun/2025:19:26:05 -0400] "GET /manga/yours-to-claim-chapter-15/ HTTP/1.1" 200 47815 "-" "WP Rocket/Preload Mozilla/5.0 (iPhone; CPU iPhone OS 9_1 like Mac OS X) AppleWebKit/601.1.46 (KHTML, like Gecko) Version/9.0 Mobile/13B143 Safari/601.1"
162.0.232.193 - - [08/Jun/2025:19:26:06 -0400] "GET /manga/yours-to-claim-chapter-54/ HTTP/1.1" 200 64805 "-" "WP Rocket/Preload"
162.0.232.193 - - [08/Jun/2025:19:26:08 -0400] "GET /manga/yours-to-claim-chapter-54/ HTTP/1.1" 200 64325 "-" "WP Rocket/Preload Mozilla/5.0 (iPhone; CPU iPhone OS 9_1 like Mac OS X) AppleWebKit/601.1.46 (KHTML, like Gecko) Version/9.0 Mobile/13B143 Safari/601.1"
162.0.232.193 - - [08/Jun/2025:19:26:15 -0400] "POST /wp-cron.php?doing_wp_cron=1749425175.2191309928894042968750 HTTP/1.1" 200 0 "-" "WordPress/6.8.1; https://w5.yours-toclaim.com"
196.251.85.177 - - [08/Jun/2025:19:25:46 -0400] "POST //xmlrpc.php HTTP/1.1" 200 205 "-" "Mozilla/5.0 (Windows NT 10.0; Win64; x64) AppleWebKit/537.36 (KHTML, like Gecko) Chrome/89.0.4389.114 Safari/537.36"
194.87.252.147 - - [08/Jun/2025:19:26:22 -0400] "GET / HTTP/1.1" 200 37316 "-" "Mozilla/5.0 (X11; Linux x86_64) AppleWebKit/537.36 (KHTML, like Gecko) Chrome/51.0.2733.78 Safari/537.36"
194.87.252.147 - - [08/Jun/2025:19:26:24 -0400] "POST /wp-content/plugins/wp-automatic/inc/csv.php HTTP/1.1" 200 26 "https://w5.yours-toclaim.com/" "Mozilla/5.0 (X11; Linux x86_64) AppleWebKit/537.36 (KHTML, like Gecko) Chrome/51.0.2733.78 Safari/537.36"
194.87.252.147 - - [08/Jun/2025:19:26:24 -0400] "POST /wp-content/plugins/wp-automatic/inc/csv.php HTTP/1.1" 200 26 "https://w5.yours-toclaim.com/wp-content/plugins/wp-automatic/inc/csv.php" "Mozilla/5.0 (X11; Linux x86_64) AppleWebKit/537.36 (KHTML, like Gecko) Chrome/51.0.2733.78 Safari/537.36"
194.87.252.147 - - [08/Jun/2025:19:26:25 -0400] "POST /wp-content/plugins/wp-automatic/inc/csv.php HTTP/1.1" 200 26 "https://w5.yours-toclaim.com/wp-content/plugins/wp-automatic/inc/csv.php" "Mozilla/5.0 (X11; Linux x86_64) AppleWebKit/537.36 (KHTML, like Gecko) Chrome/51.0.2733.78 Safari/537.36"
194.87.252.147 - - [08/Jun/2025:19:26:26 -0400] "POST /wp-content/plugins/wp-automatic/inc/csv.php HTTP/1.1" 200 26 "https://w5.yours-toclaim.com/wp-content/plugins/wp-automatic/inc/csv.php" "Mozilla/5.0 (X11; Linux x86_64) AppleWebKit/537.36 (KHTML, like Gecko) Chrome/51.0.2733.78 Safari/537.36"
194.87.252.147 - - [08/Jun/2025:19:26:26 -0400] "POST /wp-content/plugins/wp-automatic/inc/csv.phpe9902f0f9d6d.php HTTP/1.1" 301 0 "https://w5.yours-toclaim.com/wp-content/plugins/wp-automatic/inc/csv.php" "Mozilla/5.0 (X11; Linux x86_64) AppleWebKit/537.36 (KHTML, like Gecko) Chrome/51.0.2733.78 Safari/537.36"
194.87.252.147 - - [08/Jun/2025:19:26:27 -0400] "GET / HTTP/1.1" 200 37316 "https://w5.yours-toclaim.com/wp-content/plugins/wp-automatic/inc/csv.php" "Mozilla/5.0 (X11; Linux x86_64) AppleWebKit/537.36 (KHTML, like Gecko) Chrome/51.0.2733.78 Safari/537.36"
162.0.232.193 - - [08/Jun/2025:19:26:32 -0400] "POST /wp-cron.php?doing_wp_cron=1749425192.4872190952301025390625 HTTP/1.1" 200 0 "-" "WordPress/6.8.1; https://w5.yours-toclaim.com"
194.87.252.147 - - [08/Jun/2025:19:26:32 -0400] "POST /wp-content/plugins/wp-automatic/inc/csv.phpe9902f0f9d6d.php HTTP/1.1" 301 0 "https://w5.yours-toclaim.com/" "Mozilla/5.0 (X11; Linux x86_64) AppleWebKit/537.36 (KHTML, like Gecko) Chrome/51.0.2733.78 Safari/537.36"
194.87.252.147 - - [08/Jun/2025:19:26:33 -0400] "GET / HTTP/1.1" 200 37316 "https://w5.yours-toclaim.com/" "Mozilla/5.0 (X11; Linux x86_64) AppleWebKit/537.36 (KHTML, like Gecko) Chrome/51.0.2733.78 Safari/537.36"
162.0.232.193 - - [08/Jun/2025:19:26:33 -0400] "GET /manga/yours-to-claim-chapter-5/ HTTP/1.1" 200 51551 "-" "WP Rocket/Preload"
194.87.252.147 - - [08/Jun/2025:19:26:34 -0400] "POST /wp-content/plugins/wp-automatic/inc/csv.phpe9902f0f9d6d.php HTTP/1.1" 301 0 "https://w5.yours-toclaim.com/" "Mozilla/5.0 (X11; Linux x86_64) AppleWebKit/537.36 (KHTML, like Gecko) Chrome/51.0.2733.78 Safari/537.36"
194.87.252.147 - - [08/Jun/2025:19:26:34 -0400] "GET / HTTP/1.1" 200 37316 "https://w5.yours-toclaim.com/" "Mozilla/5.0 (X11; Linux x86_64) AppleWebKit/537.36 (KHTML, like Gecko) Chrome/51.0.2733.78 Safari/537.36"
162.0.232.193 - - [08/Jun/2025:19:26:34 -0400] "GET /manga/yours-to-claim-chapter-5/ HTTP/1.1" 200 51557 "-" "WP Rocket/Preload Mozilla/5.0 (iPhone; CPU iPhone OS 9_1 like Mac OS X) AppleWebKit/601.1.46 (KHTML, like Gecko) Version/9.0 Mobile/13B143 Safari/601.1"
194.87.252.147 - - [08/Jun/2025:19:26:36 -0400] "POST /wp-content/plugins/wp-automatic/inc/csv.phpe9902f0f9d6d.php HTTP/1.1" 301 0 "https://w5.yours-toclaim.com/" "Mozilla/5.0 (X11; Linux x86_64) AppleWebKit/537.36 (KHTML, like Gecko) Chrome/51.0.2733.78 Safari/537.36"
162.0.232.193 - - [08/Jun/2025:19:26:35 -0400] "GET /manga/yours-to-claim-chapter-1/ HTTP/1.1" 200 51531 "-" "WP Rocket/Preload"
194.87.252.147 - - [08/Jun/2025:19:26:36 -0400] "GET / HTTP/1.1" 200 37316 "https://w5.yours-toclaim.com/" "Mozilla/5.0 (X11; Linux x86_64) AppleWebKit/537.36 (KHTML, like Gecko) Chrome/51.0.2733.78 Safari/537.36"
162.0.232.193 - - [08/Jun/2025:19:26:36 -0400] "GET /manga/yours-to-claim-chapter-1/ HTTP/1.1" 200 51516 "-" "WP Rocket/Preload Mozilla/5.0 (iPhone; CPU iPhone OS 9_1 like Mac OS X) AppleWebKit/601.1.46 (KHTML, like Gecko) Version/9.0 Mobile/13B143 Safari/601.1"
194.87.252.147 - - [08/Jun/2025:19:26:37 -0400] "GET /wp-login.php HTTP/1.1" 200 1988 "https://w5.yours-toclaim.com/" "Mozilla/5.0 (X11; Linux x86_64) AppleWebKit/537.36 (KHTML, like Gecko) Chrome/51.0.2733.78 Safari/537.36"
162.0.232.193 - - [08/Jun/2025:19:26:37 -0400] "GET /manga/yours-to-claim-chapter-63-1/ HTTP/1.1" 200 44764 "-" "WP Rocket/Preload"
194.87.252.147 - - [08/Jun/2025:19:26:38 -0400] "POST /wp-login.php HTTP/1.1" 200 2148 "https://w5.yours-toclaim.com/wp-login.php" "Mozilla/5.0 (X11; Linux x86_64) AppleWebKit/537.36 (KHTML, like Gecko) Chrome/51.0.2733.78 Safari/537.36"
194.87.252.147 - - [08/Jun/2025:19:26:38 -0400] "GET /wp-admin/plugins.php HTTP/1.1" 302 0 "https://w5.yours-toclaim.com/wp-login.php" "Mozilla/5.0 (X11; Linux x86_64) AppleWebKit/537.36 (KHTML, like Gecko) Chrome/51.0.2733.78 Safari/537.36"
194.87.252.147 - - [08/Jun/2025:19:26:39 -0400] "GET /wp-login.php?redirect_to=https%3A%2F%2Fw5.yours-toclaim.com%2Fwp-admin%2Fplugins.php&reauth=1 HTTP/1.1" 200 1991 "https://w5.yours-toclaim.com/wp-login.php" "Mozilla/5.0 (X11; Linux x86_64) AppleWebKit/537.36 (KHTML, like Gecko) Chrome/51.0.2733.78 Safari/537.36"
162.0.232.193 - - [08/Jun/2025:19:26:38 -0400] "GET /manga/yours-to-claim-chapter-63-1/ HTTP/1.1" 200 44684 "-" "WP Rocket/Preload Mozilla/5.0 (iPhone; CPU iPhone OS 9_1 like Mac OS X) AppleWebKit/601.1.46 (KHTML, like Gecko) Version/9.0 Mobile/13B143 Safari/601.1"
162.0.232.193 - - [08/Jun/2025:19:26:40 -0400] "GET /manga/yours-to-claim-chapter-35/ HTTP/1.1" 200 51804 "-" "WP Rocket/Preload"
162.0.232.193 - - [08/Jun/2025:19:26:41 -0400] "GET /manga/yours-to-claim-chapter-35/ HTTP/1.1" 200 51850 "-" "WP Rocket/Preload Mozilla/5.0 (iPhone; CPU iPhone OS 9_1 like Mac OS X) AppleWebKit/601.1.46 (KHTML, like Gecko) Version/9.0 Mobile/13B143 Safari/601.1"
162.0.232.193 - - [08/Jun/2025:19:26:42 -0400] "GET /manga/yours-to-claim-chapter-40/ HTTP/1.1" 200 49357 "-" "WP Rocket/Preload"
162.0.232.193 - - [08/Jun/2025:19:26:43 -0400] "GET /manga/yours-to-claim-chapter-40/ HTTP/1.1" 200 49405 "-" "WP Rocket/Preload Mozilla/5.0 (iPhone; CPU iPhone OS 9_1 like Mac OS X) AppleWebKit/601.1.46 (KHTML, like Gecko) Version/9.0 Mobile/13B143 Safari/601.1"
162.0.232.193 - - [08/Jun/2025:19:26:44 -0400] "GET /manga/yours-to-claim-chapter-6/ HTTP/1.1" 200 51491 "-" "WP Rocket/Preload"
196.251.85.177 - - [08/Jun/2025:19:26:15 -0400] "POST //xmlrpc.php HTTP/1.1" 200 205 "-" "Mozilla/5.0 (Windows NT 10.0; Win64; x64) AppleWebKit/537.36 (KHTML, like Gecko) Chrome/89.0.4389.114 Safari/537.36"
162.0.232.193 - - [08/Jun/2025:19:26:46 -0400] "GET /manga/yours-to-claim-chapter-6/ HTTP/1.1" 200 0 "-" "WP Rocket/Preload Mozilla/5.0 (iPhone; CPU iPhone OS 9_1 like Mac OS X) AppleWebKit/601.1.46 (KHTML, like Gecko) Version/9.0 Mobile/13B143 Safari/601.1"
162.0.232.193 - - [08/Jun/2025:19:26:47 -0400] "GET /manga/yours-to-claim-chapter-23/ HTTP/1.1" 200 52268 "-" "WP Rocket/Preload"
162.0.232.193 - - [08/Jun/2025:19:26:49 -0400] "GET /manga/yours-to-claim-chapter-23/ HTTP/1.1" 200 52325 "-" "WP Rocket/Preload Mozilla/5.0 (iPhone; CPU iPhone OS 9_1 like Mac OS X) AppleWebKit/601.1.46 (KHTML, like Gecko) Version/9.0 Mobile/13B143 Safari/601.1"
162.0.232.193 - - [08/Jun/2025:19:26:50 -0400] "GET /manga/yours-to-claim-chapter-17/ HTTP/1.1" 200 47613 "-" "WP Rocket/Preload"
162.0.232.193 - - [08/Jun/2025:19:26:51 -0400] "GET /manga/yours-to-claim-chapter-17/ HTTP/1.1" 200 47650 "-" "WP Rocket/Preload Mozilla/5.0 (iPhone; CPU iPhone OS 9_1 like Mac OS X) AppleWebKit/601.1.46 (KHTML, like Gecko) Version/9.0 Mobile/13B143 Safari/601.1"
162.0.232.193 - - [08/Jun/2025:19:26:52 -0400] "GET /manga/yours-to-claim-chapter-74-5-2/ HTTP/1.1" 200 46084 "-" "WP Rocket/Preload"
162.0.232.193 - - [08/Jun/2025:19:26:53 -0400] "GET /manga/yours-to-claim-chapter-74-5-2/ HTTP/1.1" 200 46170 "-" "WP Rocket/Preload Mozilla/5.0 (iPhone; CPU iPhone OS 9_1 like Mac OS X) AppleWebKit/601.1.46 (KHTML, like Gecko) Version/9.0 Mobile/13B143 Safari/601.1"
162.0.232.193 - - [08/Jun/2025:19:26:54 -0400] "GET /manga/yours-to-claim-chapter-38/ HTTP/1.1" 200 49654 "-" "WP Rocket/Preload"
162.0.232.193 - - [08/Jun/2025:19:26:55 -0400] "GET /manga/yours-to-claim-chapter-38/ HTTP/1.1" 200 49630 "-" "WP Rocket/Preload Mozilla/5.0 (iPhone; CPU iPhone OS 9_1 like Mac OS X) AppleWebKit/601.1.46 (KHTML, like Gecko) Version/9.0 Mobile/13B143 Safari/601.1"
162.0.232.193 - - [08/Jun/2025:19:27:15 -0400] "POST /wp-cron.php?doing_wp_cron=1749425235.5872409343719482421875 HTTP/1.1" 200 0 "-" "WordPress/6.8.1; https://w5.yours-toclaim.com"
196.251.85.177 - - [08/Jun/2025:19:26:46 -0400] "POST //xmlrpc.php HTTP/1.1" 200 205 "-" "Mozilla/5.0 (Windows NT 10.0; Win64; x64) AppleWebKit/537.36 (KHTML, like Gecko) Chrome/89.0.4389.114 Safari/537.36"
162.0.232.193 - - [08/Jun/2025:19:27:46 -0400] "POST /wp-cron.php?doing_wp_cron=1749425266.0153141021728515625000 HTTP/1.1" 200 0 "-" "WordPress/6.8.1; https://w5.yours-toclaim.com"
196.251.85.177 - - [08/Jun/2025:19:27:16 -0400] "POST //xmlrpc.php HTTP/1.1" 200 205 "-" "Mozilla/5.0 (Windows NT 10.0; Win64; x64) AppleWebKit/537.36 (KHTML, like Gecko) Chrome/89.0.4389.114 Safari/537.36"
162.0.232.193 - - [08/Jun/2025:19:27:46 -0400] "GET /manga/yours-to-claim-chapter-28/ HTTP/1.1" 200 0 "-" "WP Rocket/Preload"
162.0.232.193 - - [08/Jun/2025:19:27:48 -0400] "GET /manga/yours-to-claim-chapter-28/ HTTP/1.1" 200 49446 "-" "WP Rocket/Preload Mozilla/5.0 (iPhone; CPU iPhone OS 9_1 like Mac OS X) AppleWebKit/601.1.46 (KHTML, like Gecko) Version/9.0 Mobile/13B143 Safari/601.1"
162.0.232.193 - - [08/Jun/2025:19:27:49 -0400] "GET /manga/yours-to-claim-chapter-25/ HTTP/1.1" 200 48724 "-" "WP Rocket/Preload"
162.0.232.193 - - [08/Jun/2025:19:27:50 -0400] "GET /manga/yours-to-claim-chapter-25/ HTTP/1.1" 200 48784 "-" "WP Rocket/Preload Mozilla/5.0 (iPhone; CPU iPhone OS 9_1 like Mac OS X) AppleWebKit/601.1.46 (KHTML, like Gecko) Version/9.0 Mobile/13B143 Safari/601.1"
162.0.232.193 - - [08/Jun/2025:19:27:51 -0400] "GET /manga/yours-to-claim-chapter-60/ HTTP/1.1" 200 52195 "-" "WP Rocket/Preload"
162.0.232.193 - - [08/Jun/2025:19:27:52 -0400] "GET /manga/yours-to-claim-chapter-60/ HTTP/1.1" 200 52167 "-" "WP Rocket/Preload Mozilla/5.0 (iPhone; CPU iPhone OS 9_1 like Mac OS X) AppleWebKit/601.1.46 (KHTML, like Gecko) Version/9.0 Mobile/13B143 Safari/601.1"
162.0.232.193 - - [08/Jun/2025:19:27:53 -0400] "GET /manga/yours-to-claim-chapter-43/ HTTP/1.1" 200 52084 "-" "WP Rocket/Preload"
162.0.232.193 - - [08/Jun/2025:19:27:55 -0400] "GET /manga/yours-to-claim-chapter-43/ HTTP/1.1" 200 52127 "-" "WP Rocket/Preload Mozilla/5.0 (iPhone; CPU iPhone OS 9_1 like Mac OS X) AppleWebKit/601.1.46 (KHTML, like Gecko) Version/9.0 Mobile/13B143 Safari/601.1"
162.0.232.193 - - [08/Jun/2025:19:27:56 -0400] "GET /manga/yours-to-claim-chapter-11/ HTTP/1.1" 200 50841 "-" "WP Rocket/Preload"
162.0.232.193 - - [08/Jun/2025:19:27:57 -0400] "GET /manga/yours-to-claim-chapter-11/ HTTP/1.1" 200 50881 "-" "WP Rocket/Preload Mozilla/5.0 (iPhone; CPU iPhone OS 9_1 like Mac OS X) AppleWebKit/601.1.46 (KHTML, like Gecko) Version/9.0 Mobile/13B143 Safari/601.1"
162.0.232.193 - - [08/Jun/2025:19:27:58 -0400] "GET /manga/yours-to-claim-chapter-32/ HTTP/1.1" 200 48036 "-" "WP Rocket/Preload"
162.0.232.193 - - [08/Jun/2025:19:27:59 -0400] "GET /manga/yours-to-claim-chapter-32/ HTTP/1.1" 200 48068 "-" "WP Rocket/Preload Mozilla/5.0 (iPhone; CPU iPhone OS 9_1 like Mac OS X) AppleWebKit/601.1.46 (KHTML, like Gecko) Version/9.0 Mobile/13B143 Safari/601.1"
162.0.232.193 - - [08/Jun/2025:19:28:00 -0400] "GET /manga/yours-to-claim-chapter-27/ HTTP/1.1" 200 45885 "-" "WP Rocket/Preload"
162.0.232.193 - - [08/Jun/2025:19:28:01 -0400] "GET /manga/yours-to-claim-chapter-27/ HTTP/1.1" 200 45884 "-" "WP Rocket/Preload Mozilla/5.0 (iPhone; CPU iPhone OS 9_1 like Mac OS X) AppleWebKit/601.1.46 (KHTML, like Gecko) Version/9.0 Mobile/13B143 Safari/601.1"
162.0.232.193 - - [08/Jun/2025:19:28:02 -0400] "GET /manga/yours-to-claim-chapter-20/ HTTP/1.1" 200 50126 "-" "WP Rocket/Preload"
162.0.232.193 - - [08/Jun/2025:19:28:03 -0400] "GET /manga/yours-to-claim-chapter-20/ HTTP/1.1" 200 50141 "-" "WP Rocket/Preload Mozilla/5.0 (iPhone; CPU iPhone OS 9_1 like Mac OS X) AppleWebKit/601.1.46 (KHTML, like Gecko) Version/9.0 Mobile/13B143 Safari/601.1"
162.0.232.193 - - [08/Jun/2025:19:28:04 -0400] "GET /manga/yours-to-claim-chapter-12/ HTTP/1.1" 200 54776 "-" "WP Rocket/Preload"
162.0.232.193 - - [08/Jun/2025:19:28:05 -0400] "GET /manga/yours-to-claim-chapter-12/ HTTP/1.1" 200 54771 "-" "WP Rocket/Preload Mozilla/5.0 (iPhone; CPU iPhone OS 9_1 like Mac OS X) AppleWebKit/601.1.46 (KHTML, like Gecko) Version/9.0 Mobile/13B143 Safari/601.1"
162.0.232.193 - - [08/Jun/2025:19:28:06 -0400] "GET /manga/yours-to-claim-chapter-71/ HTTP/1.1" 200 44459 "-" "WP Rocket/Preload"
162.0.232.193 - - [08/Jun/2025:19:28:07 -0400] "GET /manga/yours-to-claim-chapter-71/ HTTP/1.1" 200 44495 "-" "WP Rocket/Preload Mozilla/5.0 (iPhone; CPU iPhone OS 9_1 like Mac OS X) AppleWebKit/601.1.46 (KHTML, like Gecko) Version/9.0 Mobile/13B143 Safari/601.1"
162.0.232.193 - - [08/Jun/2025:19:28:08 -0400] "GET /manga/yours-to-claim-chapter-45/ HTTP/1.1" 200 49558 "-" "WP Rocket/Preload"
162.0.232.193 - - [08/Jun/2025:19:28:09 -0400] "GET /manga/yours-to-claim-chapter-45/ HTTP/1.1" 200 49575 "-" "WP Rocket/Preload Mozilla/5.0 (iPhone; CPU iPhone OS 9_1 like Mac OS X) AppleWebKit/601.1.46 (KHTML, like Gecko) Version/9.0 Mobile/13B143 Safari/601.1"
162.0.232.193 - - [08/Jun/2025:19:28:16 -0400] "POST /wp-cron.php?doing_wp_cron=1749425296.0862789154052734375000 HTTP/1.1" 200 0 "-" "WordPress/6.8.1; https://w5.yours-toclaim.com"
196.251.85.177 - - [08/Jun/2025:19:27:46 -0400] "POST //xmlrpc.php HTTP/1.1" 200 205 "-" "Mozilla/5.0 (Windows NT 10.0; Win64; x64) AppleWebKit/537.36 (KHTML, like Gecko) Chrome/89.0.4389.114 Safari/537.36"
162.0.232.193 - - [08/Jun/2025:19:29:01 -0400] "POST /wp-cron.php?doing_wp_cron=1749425340.9816100597381591796875 HTTP/1.1" 200 0 "-" "WordPress/6.8.1; https://w5.yours-toclaim.com"
196.251.85.177 - - [08/Jun/2025:19:28:16 -0400] "POST //xmlrpc.php HTTP/1.1" 200 205 "-" "Mozilla/5.0 (Windows NT 10.0; Win64; x64) AppleWebKit/537.36 (KHTML, like Gecko) Chrome/89.0.4389.114 Safari/537.36"
162.0.232.193 - - [08/Jun/2025:19:29:01 -0400] "GET /manga/yours-to-claim-chapter-42/ HTTP/1.1" 200 50291 "-" "WP Rocket/Preload"
162.0.232.193 - - [08/Jun/2025:19:29:03 -0400] "GET /manga/yours-to-claim-chapter-42/ HTTP/1.1" 200 50286 "-" "WP Rocket/Preload Mozilla/5.0 (iPhone; CPU iPhone OS 9_1 like Mac OS X) AppleWebKit/601.1.46 (KHTML, like Gecko) Version/9.0 Mobile/13B143 Safari/601.1"
162.0.232.193 - - [08/Jun/2025:19:29:03 -0400] "GET /manga/yours-to-claim-chapter-56/ HTTP/1.1" 200 57516 "-" "WP Rocket/Preload"
162.0.232.193 - - [08/Jun/2025:19:29:05 -0400] "GET /manga/yours-to-claim-chapter-56/ HTTP/1.1" 200 57467 "-" "WP Rocket/Preload Mozilla/5.0 (iPhone; CPU iPhone OS 9_1 like Mac OS X) AppleWebKit/601.1.46 (KHTML, like Gecko) Version/9.0 Mobile/13B143 Safari/601.1"
162.0.232.193 - - [08/Jun/2025:19:29:06 -0400] "GET /manga/yours-to-claim-chapter-18/ HTTP/1.1" 200 44692 "-" "WP Rocket/Preload"
162.0.232.193 - - [08/Jun/2025:19:29:07 -0400] "GET /manga/yours-to-claim-chapter-18/ HTTP/1.1" 200 44721 "-" "WP Rocket/Preload Mozilla/5.0 (iPhone; CPU iPhone OS 9_1 like Mac OS X) AppleWebKit/601.1.46 (KHTML, like Gecko) Version/9.0 Mobile/13B143 Safari/601.1"
162.0.232.193 - - [08/Jun/2025:19:29:08 -0400] "GET /manga/yours-to-claim-chapter-36/ HTTP/1.1" 200 51805 "-" "WP Rocket/Preload"
162.0.232.193 - - [08/Jun/2025:19:29:09 -0400] "GET /manga/yours-to-claim-chapter-36/ HTTP/1.1" 200 51851 "-" "WP Rocket/Preload Mozilla/5.0 (iPhone; CPU iPhone OS 9_1 like Mac OS X) AppleWebKit/601.1.46 (KHTML, like Gecko) Version/9.0 Mobile/13B143 Safari/601.1"
162.0.232.193 - - [08/Jun/2025:19:29:10 -0400] "GET /yours-to-claim/yours-to-claim-chapter-45/ HTTP/1.1" 200 49554 "-" "WP Rocket/Preload"
162.0.232.193 - - [08/Jun/2025:19:29:11 -0400] "GET /yours-to-claim/yours-to-claim-chapter-45/ HTTP/1.1" 200 49333 "-" "WP Rocket/Preload Mozilla/5.0 (iPhone; CPU iPhone OS 9_1 like Mac OS X) AppleWebKit/601.1.46 (KHTML, like Gecko) Version/9.0 Mobile/13B143 Safari/601.1"
162.0.232.193 - - [08/Jun/2025:19:29:12 -0400] "GET /yours-to-claim/yours-to-claim-chapter-44/ HTTP/1.1" 200 50424 "-" "WP Rocket/Preload"
162.0.232.193 - - [08/Jun/2025:19:29:13 -0400] "GET /yours-to-claim/yours-to-claim-chapter-44/ HTTP/1.1" 200 50161 "-" "WP Rocket/Preload Mozilla/5.0 (iPhone; CPU iPhone OS 9_1 like Mac OS X) AppleWebKit/601.1.46 (KHTML, like Gecko) Version/9.0 Mobile/13B143 Safari/601.1"
162.0.232.193 - - [08/Jun/2025:19:29:14 -0400] "GET /yours-to-claim/yours-to-claim-chapter-41/ HTTP/1.1" 200 50725 "-" "WP Rocket/Preload"
162.0.232.193 - - [08/Jun/2025:19:29:15 -0400] "GET /yours-to-claim/yours-to-claim-chapter-41/ HTTP/1.1" 200 50748 "-" "WP Rocket/Preload Mozilla/5.0 (iPhone; CPU iPhone OS 9_1 like Mac OS X) AppleWebKit/601.1.46 (KHTML, like Gecko) Version/9.0 Mobile/13B143 Safari/601.1"
162.0.232.193 - - [08/Jun/2025:19:29:16 -0400] "GET /yours-to-claim/yours-to-claim-chapter-38/ HTTP/1.1" 200 49654 "-" "WP Rocket/Preload"
162.0.232.193 - - [08/Jun/2025:19:29:17 -0400] "GET /yours-to-claim/yours-to-claim-chapter-38/ HTTP/1.1" 200 49663 "-" "WP Rocket/Preload Mozilla/5.0 (iPhone; CPU iPhone OS 9_1 like Mac OS X) AppleWebKit/601.1.46 (KHTML, like Gecko) Version/9.0 Mobile/13B143 Safari/601.1"
162.0.232.193 - - [08/Jun/2025:19:29:18 -0400] "GET /yours-to-claim/yours-to-claim-chapter-37/ HTTP/1.1" 200 51016 "-" "WP Rocket/Preload"
162.0.232.193 - - [08/Jun/2025:19:29:19 -0400] "GET /yours-to-claim/yours-to-claim-chapter-37/ HTTP/1.1" 200 51293 "-" "WP Rocket/Preload Mozilla/5.0 (iPhone; CPU iPhone OS 9_1 like Mac OS X) AppleWebKit/601.1.46 (KHTML, like Gecko) Version/9.0 Mobile/13B143 Safari/601.1"
162.0.232.193 - - [08/Jun/2025:19:29:20 -0400] "GET /yours-to-claim/yours-to-claim-chapter-36/ HTTP/1.1" 200 51805 "-" "WP Rocket/Preload"
162.0.232.193 - - [08/Jun/2025:19:29:21 -0400] "GET /yours-to-claim/yours-to-claim-chapter-36/ HTTP/1.1" 200 51941 "-" "WP Rocket/Preload Mozilla/5.0 (iPhone; CPU iPhone OS 9_1 like Mac OS X) AppleWebKit/601.1.46 (KHTML, like Gecko) Version/9.0 Mobile/13B143 Safari/601.1"
162.0.232.193 - - [08/Jun/2025:19:29:22 -0400] "GET /yours-to-claim/yours-to-claim-chapter-35/ HTTP/1.1" 200 51804 "-" "WP Rocket/Preload"
162.0.232.193 - - [08/Jun/2025:19:29:23 -0400] "GET /yours-to-claim/yours-to-claim-chapter-35/ HTTP/1.1" 200 51850 "-" "WP Rocket/Preload Mozilla/5.0 (iPhone; CPU iPhone OS 9_1 like Mac OS X) AppleWebKit/601.1.46 (KHTML, like Gecko) Version/9.0 Mobile/13B143 Safari/601.1"
162.0.232.193 - - [08/Jun/2025:19:29:24 -0400] "GET /yours-to-claim/yours-to-claim-chapter-34/ HTTP/1.1" 200 48781 "-" "WP Rocket/Preload"
162.0.232.193 - - [08/Jun/2025:19:29:25 -0400] "GET /yours-to-claim/yours-to-claim-chapter-34/ HTTP/1.1" 200 48833 "-" "WP Rocket/Preload Mozilla/5.0 (iPhone; CPU iPhone OS 9_1 like Mac OS X) AppleWebKit/601.1.46 (KHTML, like Gecko) Version/9.0 Mobile/13B143 Safari/601.1"
162.0.232.193 - - [08/Jun/2025:19:29:31 -0400] "POST /wp-cron.php?doing_wp_cron=1749425371.0315649509429931640625 HTTP/1.1" 200 0 "-" "WordPress/6.8.1; https://w5.yours-toclaim.com"
196.251.85.177 - - [08/Jun/2025:19:29:01 -0400] "POST //xmlrpc.php HTTP/1.1" 200 205 "-" "Mozilla/5.0 (Windows NT 10.0; Win64; x64) AppleWebKit/537.36 (KHTML, like Gecko) Chrome/89.0.4389.114 Safari/537.36"
162.0.232.193 - - [08/Jun/2025:19:29:31 -0400] "GET /yours-to-claim/yours-to-claim-chapter-32/ HTTP/1.1" 200 48036 "-" "WP Rocket/Preload"
162.0.232.193 - - [08/Jun/2025:19:29:32 -0400] "GET /yours-to-claim/yours-to-claim-chapter-32/ HTTP/1.1" 200 48353 "-" "WP Rocket/Preload Mozilla/5.0 (iPhone; CPU iPhone OS 9_1 like Mac OS X) AppleWebKit/601.1.46 (KHTML, like Gecko) Version/9.0 Mobile/13B143 Safari/601.1"
40.77.167.26 - - [08/Jun/2025:19:29:32 -0400] "GET /tag/yours-to-claim-lezhin/ HTTP/1.1" 200 67090 "-" "Mozilla/5.0 AppleWebKit/537.36 (KHTML, like Gecko; compatible; bingbot/2.0; +http://www.bing.com/bingbot.htm) Chrome/116.0.1938.76 Safari/537.36"
162.0.232.193 - - [08/Jun/2025:19:29:33 -0400] "GET /yours-to-claim/yours-to-claim-chapter-31/ HTTP/1.1" 200 48791 "-" "WP Rocket/Preload"
162.0.232.193 - - [08/Jun/2025:19:29:34 -0400] "GET /yours-to-claim/yours-to-claim-chapter-31/ HTTP/1.1" 200 49124 "-" "WP Rocket/Preload Mozilla/5.0 (iPhone; CPU iPhone OS 9_1 like Mac OS X) AppleWebKit/601.1.46 (KHTML, like Gecko) Version/9.0 Mobile/13B143 Safari/601.1"
162.0.232.193 - - [08/Jun/2025:19:29:35 -0400] "GET /yours-to-claim/yours-to-claim-chapter-30/ HTTP/1.1" 200 48089 "-" "WP Rocket/Preload"
162.0.232.193 - - [08/Jun/2025:19:29:36 -0400] "GET /yours-to-claim/yours-to-claim-chapter-30/ HTTP/1.1" 200 48136 "-" "WP Rocket/Preload Mozilla/5.0 (iPhone; CPU iPhone OS 9_1 like Mac OS X) AppleWebKit/601.1.46 (KHTML, like Gecko) Version/9.0 Mobile/13B143 Safari/601.1"
162.0.232.193 - - [08/Jun/2025:19:29:37 -0400] "GET /yours-to-claim/yours-to-claim-chapter-29/ HTTP/1.1" 200 50865 "-" "WP Rocket/Preload"
162.0.232.193 - - [08/Jun/2025:19:29:38 -0400] "GET /yours-to-claim/yours-to-claim-chapter-29/ HTTP/1.1" 200 51178 "-" "WP Rocket/Preload Mozilla/5.0 (iPhone; CPU iPhone OS 9_1 like Mac OS X) AppleWebKit/601.1.46 (KHTML, like Gecko) Version/9.0 Mobile/13B143 Safari/601.1"
162.0.232.193 - - [08/Jun/2025:19:29:39 -0400] "GET /yours-to-claim/yours-to-claim-chapter-21/ HTTP/1.1" 200 50130 "-" "WP Rocket/Preload"
162.0.232.193 - - [08/Jun/2025:19:29:40 -0400] "GET /yours-to-claim/yours-to-claim-chapter-21/ HTTP/1.1" 200 50152 "-" "WP Rocket/Preload Mozilla/5.0 (iPhone; CPU iPhone OS 9_1 like Mac OS X) AppleWebKit/601.1.46 (KHTML, like Gecko) Version/9.0 Mobile/13B143 Safari/601.1"
162.0.232.193 - - [08/Jun/2025:19:29:41 -0400] "GET /yours-to-claim/yours-to-claim-chapter-20/ HTTP/1.1" 200 50126 "-" "WP Rocket/Preload"
162.0.232.193 - - [08/Jun/2025:19:29:42 -0400] "GET /yours-to-claim/yours-to-claim-chapter-20/ HTTP/1.1" 200 50168 "-" "WP Rocket/Preload Mozilla/5.0 (iPhone; CPU iPhone OS 9_1 like Mac OS X) AppleWebKit/601.1.46 (KHTML, like Gecko) Version/9.0 Mobile/13B143 Safari/601.1"
162.0.232.193 - - [08/Jun/2025:19:29:43 -0400] "GET /yours-to-claim/yours-to-claim-chapter-18/ HTTP/1.1" 200 44971 "-" "WP Rocket/Preload"
162.0.232.193 - - [08/Jun/2025:19:29:44 -0400] "GET /yours-to-claim/yours-to-claim-chapter-18/ HTTP/1.1" 200 44713 "-" "WP Rocket/Preload Mozilla/5.0 (iPhone; CPU iPhone OS 9_1 like Mac OS X) AppleWebKit/601.1.46 (KHTML, like Gecko) Version/9.0 Mobile/13B143 Safari/601.1"
162.0.232.193 - - [08/Jun/2025:19:29:45 -0400] "GET /yours-to-claim/yours-to-claim-chapter-13/ HTTP/1.1" 200 0 "-" "WP Rocket/Preload"
162.0.232.193 - - [08/Jun/2025:19:29:46 -0400] "GET /yours-to-claim/yours-to-claim-chapter-13/ HTTP/1.1" 200 55297 "-" "WP Rocket/Preload Mozilla/5.0 (iPhone; CPU iPhone OS 9_1 like Mac OS X) AppleWebKit/601.1.46 (KHTML, like Gecko) Version/9.0 Mobile/13B143 Safari/601.1"
162.0.232.193 - - [08/Jun/2025:19:29:47 -0400] "GET /yours-to-claim/yours-to-claim-chapter-12/ HTTP/1.1" 200 54771 "-" "WP Rocket/Preload"
162.0.232.193 - - [08/Jun/2025:19:29:48 -0400] "GET /yours-to-claim/yours-to-claim-chapter-12/ HTTP/1.1" 200 54497 "-" "WP Rocket/Preload Mozilla/5.0 (iPhone; CPU iPhone OS 9_1 like Mac OS X) AppleWebKit/601.1.46 (KHTML, like Gecko) Version/9.0 Mobile/13B143 Safari/601.1"
162.0.232.193 - - [08/Jun/2025:19:29:49 -0400] "GET /yours-to-claim/yours-to-claim-chapter-10/ HTTP/1.1" 200 48950 "-" "WP Rocket/Preload"
162.0.232.193 - - [08/Jun/2025:19:29:50 -0400] "GET /yours-to-claim/yours-to-claim-chapter-10/ HTTP/1.1" 200 48974 "-" "WP Rocket/Preload Mozilla/5.0 (iPhone; CPU iPhone OS 9_1 like Mac OS X) AppleWebKit/601.1.46 (KHTML, like Gecko) Version/9.0 Mobile/13B143 Safari/601.1"
162.0.232.193 - - [08/Jun/2025:19:29:51 -0400] "GET /yours-to-claim/yours-to-claim-chapter-9/ HTTP/1.1" 200 50862 "-" "WP Rocket/Preload"
162.0.232.193 - - [08/Jun/2025:19:29:52 -0400] "GET /yours-to-claim/yours-to-claim-chapter-9/ HTTP/1.1" 200 50902 "-" "WP Rocket/Preload Mozilla/5.0 (iPhone; CPU iPhone OS 9_1 like Mac OS X) AppleWebKit/601.1.46 (KHTML, like Gecko) Version/9.0 Mobile/13B143 Safari/601.1"
162.0.232.193 - - [08/Jun/2025:19:29:53 -0400] "GET /yours-to-claim/yours-to-claim-chapter-8/ HTTP/1.1" 200 50514 "-" "WP Rocket/Preload"
162.0.232.193 - - [08/Jun/2025:19:29:54 -0400] "GET /yours-to-claim/yours-to-claim-chapter-8/ HTTP/1.1" 200 50553 "-" "WP Rocket/Preload Mozilla/5.0 (iPhone; CPU iPhone OS 9_1 like Mac OS X) AppleWebKit/601.1.46 (KHTML, like Gecko) Version/9.0 Mobile/13B143 Safari/601.1"
162.0.232.193 - - [08/Jun/2025:19:30:01 -0400] "POST /wp-cron.php?doing_wp_cron=1749425401.1108961105346679687500 HTTP/1.1" 200 0 "-" "WordPress/6.8.1; https://w5.yours-toclaim.com"
196.251.85.177 - - [08/Jun/2025:19:29:31 -0400] "POST //xmlrpc.php HTTP/1.1" 200 205 "-" "Mozilla/5.0 (Windows NT 10.0; Win64; x64) AppleWebKit/537.36 (KHTML, like Gecko) Chrome/89.0.4389.114 Safari/537.36"
162.0.232.193 - - [08/Jun/2025:19:30:31 -0400] "POST /wp-cron.php?doing_wp_cron=1749425431.0999770164489746093750 HTTP/1.1" 200 0 "-" "WordPress/6.8.1; https://w5.yours-toclaim.com"
196.251.85.177 - - [08/Jun/2025:19:30:01 -0400] "POST //xmlrpc.php HTTP/1.1" 200 205 "-" "Mozilla/5.0 (Windows NT 10.0; Win64; x64) AppleWebKit/537.36 (KHTML, like Gecko) Chrome/89.0.4389.114 Safari/537.36"
162.0.232.193 - - [08/Jun/2025:19:30:31 -0400] "GET /yours-to-claim/yours-to-claim-chapter-7/ HTTP/1.1" 200 46656 "-" "WP Rocket/Preload"
162.0.232.193 - - [08/Jun/2025:19:30:33 -0400] "GET /yours-to-claim/yours-to-claim-chapter-7/ HTTP/1.1" 200 46423 "-" "WP Rocket/Preload Mozilla/5.0 (iPhone; CPU iPhone OS 9_1 like Mac OS X) AppleWebKit/601.1.46 (KHTML, like Gecko) Version/9.0 Mobile/13B143 Safari/601.1"
162.0.232.193 - - [08/Jun/2025:19:30:34 -0400] "GET /yours-to-claim/yours-to-claim-chapter-5/ HTTP/1.1" 200 51549 "-" "WP Rocket/Preload"
162.0.232.193 - - [08/Jun/2025:19:30:35 -0400] "GET /yours-to-claim/yours-to-claim-chapter-5/ HTTP/1.1" 200 51870 "-" "WP Rocket/Preload Mozilla/5.0 (iPhone; CPU iPhone OS 9_1 like Mac OS X) AppleWebKit/601.1.46 (KHTML, like Gecko) Version/9.0 Mobile/13B143 Safari/601.1"
162.0.232.193 - - [08/Jun/2025:19:30:36 -0400] "GET /yours-to-claim/yours-to-claim-chapter-3/ HTTP/1.1" 200 47765 "-" "WP Rocket/Preload"
162.0.232.193 - - [08/Jun/2025:19:30:37 -0400] "GET /yours-to-claim/yours-to-claim-chapter-3/ HTTP/1.1" 200 47843 "-" "WP Rocket/Preload Mozilla/5.0 (iPhone; CPU iPhone OS 9_1 like Mac OS X) AppleWebKit/601.1.46 (KHTML, like Gecko) Version/9.0 Mobile/13B143 Safari/601.1"
162.0.232.193 - - [08/Jun/2025:19:30:38 -0400] "GET /tag/manga/ HTTP/1.1" 200 67047 "-" "WP Rocket/Preload"
162.0.232.193 - - [08/Jun/2025:19:30:39 -0400] "GET /tag/manga/ HTTP/1.1" 200 67169 "-" "WP Rocket/Preload Mozilla/5.0 (iPhone; CPU iPhone OS 9_1 like Mac OS X) AppleWebKit/601.1.46 (KHTML, like Gecko) Version/9.0 Mobile/13B143 Safari/601.1"
162.0.232.193 - - [08/Jun/2025:19:30:40 -0400] "GET /tag/original/ HTTP/1.1" 200 67164 "-" "WP Rocket/Preload"
162.0.232.193 - - [08/Jun/2025:19:30:42 -0400] "GET /tag/original/ HTTP/1.1" 200 67123 "-" "WP Rocket/Preload Mozilla/5.0 (iPhone; CPU iPhone OS 9_1 like Mac OS X) AppleWebKit/601.1.46 (KHTML, like Gecko) Version/9.0 Mobile/13B143 Safari/601.1"
162.0.232.193 - - [08/Jun/2025:19:30:43 -0400] "GET /tag/yahwi/ HTTP/1.1" 200 67103 "-" "WP Rocket/Preload"
162.0.232.193 - - [08/Jun/2025:19:30:44 -0400] "GET /tag/yahwi/ HTTP/1.1" 200 67226 "-" "WP Rocket/Preload Mozilla/5.0 (iPhone; CPU iPhone OS 9_1 like Mac OS X) AppleWebKit/601.1.46 (KHTML, like Gecko) Version/9.0 Mobile/13B143 Safari/601.1"
162.0.232.193 - - [08/Jun/2025:19:30:46 -0400] "GET /tag/yours-to-claim-author-twitter/ HTTP/1.1" 200 67123 "-" "WP Rocket/Preload"
162.0.232.193 - - [08/Jun/2025:19:30:47 -0400] "GET /tag/yours-to-claim-author-twitter/ HTTP/1.1" 200 67213 "-" "WP Rocket/Preload Mozilla/5.0 (iPhone; CPU iPhone OS 9_1 like Mac OS X) AppleWebKit/601.1.46 (KHTML, like Gecko) Version/9.0 Mobile/13B143 Safari/601.1"
162.0.232.193 - - [08/Jun/2025:19:30:49 -0400] "GET /tag/yours-to-claim-lezhin/ HTTP/1.1" 200 67249 "-" "WP Rocket/Preload"
162.0.232.193 - - [08/Jun/2025:19:30:49 -0400] "GET /tag/yours-to-claim-lezhin/ HTTP/1.1" 200 67259 "-" "WP Rocket/Preload Mozilla/5.0 (iPhone; CPU iPhone OS 9_1 like Mac OS X) AppleWebKit/601.1.46 (KHTML, like Gecko) Version/9.0 Mobile/13B143 Safari/601.1"
162.0.232.193 - - [08/Jun/2025:19:30:51 -0400] "GET /tag/yours-to-claim-manga/ HTTP/1.1" 200 67079 "-" "WP Rocket/Preload"
162.0.232.193 - - [08/Jun/2025:19:30:52 -0400] "GET /tag/yours-to-claim-manga/ HTTP/1.1" 200 67114 "-" "WP Rocket/Preload Mozilla/5.0 (iPhone; CPU iPhone OS 9_1 like Mac OS X) AppleWebKit/601.1.46 (KHTML, like Gecko) Version/9.0 Mobile/13B143 Safari/601.1"
162.0.232.193 - - [08/Jun/2025:19:30:53 -0400] "GET /manga/yours-to-claim-chapter-37/ HTTP/1.1" 200 51016 "-" "WP Rocket/Preload"
162.0.232.193 - - [08/Jun/2025:19:30:54 -0400] "GET /manga/yours-to-claim-chapter-37/ HTTP/1.1" 200 50966 "-" "WP Rocket/Preload Mozilla/5.0 (iPhone; CPU iPhone OS 9_1 like Mac OS X) AppleWebKit/601.1.46 (KHTML, like Gecko) Version/9.0 Mobile/13B143 Safari/601.1"
162.0.232.193 - - [08/Jun/2025:19:31:01 -0400] "POST /wp-cron.php?doing_wp_cron=1749425461.1435298919677734375000 HTTP/1.1" 200 0 "-" "WordPress/6.8.1; https://w5.yours-toclaim.com"
196.251.85.177 - - [08/Jun/2025:19:30:31 -0400] "POST //xmlrpc.php HTTP/1.1" 200 205 "-" "Mozilla/5.0 (Windows NT 10.0; Win64; x64) AppleWebKit/537.36 (KHTML, like Gecko) Chrome/89.0.4389.114 Safari/537.36"
162.0.232.193 - - [08/Jun/2025:19:31:31 -0400] "POST /wp-cron.php?doing_wp_cron=1749425490.9625270366668701171875 HTTP/1.1" 200 0 "-" "WordPress/6.8.1; https://w5.yours-toclaim.com"
196.251.85.177 - - [08/Jun/2025:19:31:01 -0400] "POST //xmlrpc.php HTTP/1.1" 200 205 "-" "Mozilla/5.0 (Windows NT 10.0; Win64; x64) AppleWebKit/537.36 (KHTML, like Gecko) Chrome/89.0.4389.114 Safari/537.36"
162.0.232.193 - - [08/Jun/2025:19:31:31 -0400] "GET /manga/yours-to-claim-chapter-73/ HTTP/1.1" 200 44348 "-" "WP Rocket/Preload"
