64.227.160.201 - - [08/Jun/2025:09:39:18 -0400] "GET /wp-content/upgrade/ HTTP/1.1" 200 550 "binance.com" "Mozilla/5.0 (Windows NT 10.0; Win64; x64) AppleWebKit/537.36 (KHTML, like Gecko) Chrome/90.0.4430.85 Safari/537.36"
162.0.232.193 - - [08/Jun/2025:09:39:28 -0400] "POST /wp-cron.php?doing_wp_cron=1749389968.2530159950256347656250 HTTP/1.1" 200 0 "-" "WordPress/6.8.1; https://w5.yours-toclaim.com"
64.227.160.201 - - [08/Jun/2025:09:39:25 -0400] "GET /wp-content/languages/ HTTP/1.1" 301 0 "binance.com" "Mozilla/5.0 (Windows NT 10.0; Win64; x64) AppleWebKit/537.36 (KHTML, like Gecko) Chrome/90.0.4430.85 Safari/537.36"
64.227.160.201 - - [08/Jun/2025:09:39:28 -0400] "GET / HTTP/1.1" 200 37315 "binance.com" "Mozilla/5.0 (Windows NT 10.0; Win64; x64) AppleWebKit/537.36 (KHTML, like Gecko) Chrome/90.0.4430.85 Safari/537.36"
64.227.160.201 - - [08/Jun/2025:09:39:36 -0400] "GET /wp-admin/includes/ HTTP/1.1" 200 3643 "binance.com" "Mozilla/5.0 (Windows NT 10.0; Win64; x64) AppleWebKit/537.36 (KHTML, like Gecko) Chrome/90.0.4430.85 Safari/537.36"
64.227.160.201 - - [08/Jun/2025:09:39:43 -0400] "GET /wp-admin/includes/ HTTP/1.1" 200 3605 "binance.com" "Mozilla/5.0 (Windows NT 10.0; Win64; x64) AppleWebKit/537.36 (KHTML, like Gecko) Chrome/90.0.4430.85 Safari/537.36"
64.227.160.201 - - [08/Jun/2025:09:39:48 -0400] "GET /wp-admin/maint/ HTTP/1.1" 200 628 "binance.com" "Mozilla/5.0 (Windows NT 10.0; Win64; x64) AppleWebKit/537.36 (KHTML, like Gecko) Chrome/90.0.4430.85 Safari/537.36"
64.227.160.201 - - [08/Jun/2025:09:39:56 -0400] "GET /wp-admin/maint/ HTTP/1.1" 200 628 "binance.com" "Mozilla/5.0 (Windows NT 10.0; Win64; x64) AppleWebKit/537.36 (KHTML, like Gecko) Chrome/90.0.4430.85 Safari/537.36"
162.0.232.193 - - [08/Jun/2025:09:40:08 -0400] "POST /wp-cron.php?doing_wp_cron=1749390008.5721700191497802734375 HTTP/1.1" 200 0 "-" "WordPress/6.8.1; https://w5.yours-toclaim.com"
64.227.160.201 - - [08/Jun/2025:09:40:07 -0400] "GET /wp-admin/network/ HTTP/1.1" 302 0 "binance.com" "Mozilla/5.0 (Windows NT 10.0; Win64; x64) AppleWebKit/537.36 (KHTML, like Gecko) Chrome/90.0.4430.85 Safari/537.36"
64.227.160.201 - - [08/Jun/2025:09:40:09 -0400] "GET /wp-login.php?redirect_to=https%3A%2F%2Fw5.yours-toclaim.com%2Fwp-admin%2Fnetwork%2F&reauth=1 HTTP/1.1" 200 1990 "binance.com" "Mozilla/5.0 (Windows NT 10.0; Win64; x64) AppleWebKit/537.36 (KHTML, like Gecko) Chrome/90.0.4430.85 Safari/537.36"
64.227.160.201 - - [08/Jun/2025:09:40:17 -0400] "GET /wp-admin/user/ HTTP/1.1" 302 0 "binance.com" "Mozilla/5.0 (Windows NT 10.0; Win64; x64) AppleWebKit/537.36 (KHTML, like Gecko) Chrome/90.0.4430.85 Safari/537.36"
64.227.160.201 - - [08/Jun/2025:09:40:18 -0400] "GET /wp-login.php?redirect_to=https%3A%2F%2Fw5.yours-toclaim.com%2Fwp-admin%2Fuser%2F&reauth=1 HTTP/1.1" 200 1990 "binance.com" "Mozilla/5.0 (Windows NT 10.0; Win64; x64) AppleWebKit/537.36 (KHTML, like Gecko) Chrome/90.0.4430.85 Safari/537.36"
64.227.160.201 - - [08/Jun/2025:09:40:24 -0400] "GET /wp-admin/css/ HTTP/1.1" 200 2768 "binance.com" "Mozilla/5.0 (Windows NT 10.0; Win64; x64) AppleWebKit/537.36 (KHTML, like Gecko) Chrome/90.0.4430.85 Safari/537.36"
64.227.160.201 - - [08/Jun/2025:09:40:28 -0400] "GET /wp-admin/css/colors/ HTTP/1.1" 200 1134 "binance.com" "Mozilla/5.0 (Windows NT 10.0; Win64; x64) AppleWebKit/537.36 (KHTML, like Gecko) Chrome/90.0.4430.85 Safari/537.36"
64.227.160.201 - - [08/Jun/2025:09:40:42 -0400] "GET /wp-admin/css/colors/blue/ HTTP/1.1" 200 715 "binance.com" "Mozilla/5.0 (Windows NT 10.0; Win64; x64) AppleWebKit/537.36 (KHTML, like Gecko) Chrome/90.0.4430.85 Safari/537.36"
162.0.232.193 - - [08/Jun/2025:09:40:49 -0400] "POST /wp-cron.php?doing_wp_cron=1749390049.0451059341430664062500 HTTP/1.1" 200 0 "-" "WordPress/6.8.1; https://w5.yours-toclaim.com"
13.41.189.160 - - [08/Jun/2025:09:40:48 -0400] "GET /wp-login.php HTTP/1.1" 200 1988 "-" "Mozilla/5.0 (X11; Ubuntu; Linux x86_64; rv:85.0) Gecko/20100101 Firefox/91.0"
13.41.189.160 - - [08/Jun/2025:09:40:49 -0400] "POST /wp-login.php HTTP/1.1" 200 2149 "-" "Mozilla/5.0 (X11; Ubuntu; Linux x86_64; rv:85.0) Gecko/20100101 Firefox/91.0"
64.227.160.201 - - [08/Jun/2025:09:40:51 -0400] "GET /wp-admin/css/colors/coffee/ HTTP/1.1" 200 729 "binance.com" "Mozilla/5.0 (Windows NT 10.0; Win64; x64) AppleWebKit/537.36 (KHTML, like Gecko) Chrome/90.0.4430.85 Safari/537.36"
64.227.160.201 - - [08/Jun/2025:09:40:58 -0400] "GET /wp-admin/css/colors/ectoplasm/ HTTP/1.1" 200 715 "binance.com" "Mozilla/5.0 (Windows NT 10.0; Win64; x64) AppleWebKit/537.36 (KHTML, like Gecko) Chrome/90.0.4430.85 Safari/537.36"
64.227.160.201 - - [08/Jun/2025:09:41:12 -0400] "GET /wp-admin/css/colors/light/ HTTP/1.1" 200 725 "binance.com" "Mozilla/5.0 (Windows NT 10.0; Win64; x64) AppleWebKit/537.36 (KHTML, like Gecko) Chrome/90.0.4430.85 Safari/537.36"
47.128.39.18 - - [08/Jun/2025:09:41:16 -0400] "GET /tag/yours-to-claim-lezhin-season-2/page/3/ HTTP/1.1" 200 57039 "-" "Mozilla/5.0 (compatible; Bytespider; [email protected]) AppleWebKit/537.36 (KHTML, like Gecko) Chrome/70.0.0.0 Safari/537.36"
64.227.160.201 - - [08/Jun/2025:09:41:19 -0400] "GET /wp-admin/css/colors/midnight/ HTTP/1.1" 200 722 "binance.com" "Mozilla/5.0 (Windows NT 10.0; Win64; x64) AppleWebKit/537.36 (KHTML, like Gecko) Chrome/90.0.4430.85 Safari/537.36"
64.227.160.201 - - [08/Jun/2025:09:41:29 -0400] "GET /wp-admin/css/colors/modern/ HTTP/1.1" 200 724 "binance.com" "Mozilla/5.0 (Windows NT 10.0; Win64; x64) AppleWebKit/537.36 (KHTML, like Gecko) Chrome/90.0.4430.85 Safari/537.36"
162.0.232.193 - - [08/Jun/2025:09:41:29 -0400] "POST /wp-cron.php?doing_wp_cron=1749390089.4989891052246093750000 HTTP/1.1" 200 0 "-" "WordPress/6.8.1; https://w5.yours-toclaim.com"
216.73.216.15 - - [08/Jun/2025:09:41:29 -0400] "GET /sitemap_index.xml HTTP/1.1" 200 293 "-" "Mozilla/5.0 AppleWebKit/537.36 (KHTML, like Gecko; compatible; ClaudeBot/1.0; [email protected])"
64.227.160.201 - - [08/Jun/2025:09:41:34 -0400] "GET /wp-admin/css/colors/ocean/ HTTP/1.1" 200 724 "binance.com" "Mozilla/5.0 (Windows NT 10.0; Win64; x64) AppleWebKit/537.36 (KHTML, like Gecko) Chrome/90.0.4430.85 Safari/537.36"
64.227.160.201 - - [08/Jun/2025:09:41:42 -0400] "GET /wp-admin/css/colors/sunrise/%20 HTTP/1.1" 301 0 "binance.com" "Mozilla/5.0 (Windows NT 10.0; Win64; x64) AppleWebKit/537.36 (KHTML, like Gecko) Chrome/90.0.4430.85 Safari/537.36"
64.227.160.201 - - [08/Jun/2025:09:41:42 -0400] "GET / HTTP/1.1" 200 37383 "binance.com" "Mozilla/5.0 (Windows NT 10.0; Win64; x64) AppleWebKit/537.36 (KHTML, like Gecko) Chrome/90.0.4430.85 Safari/537.36"
64.227.160.201 - - [08/Jun/2025:09:41:50 -0400] "GET /wp-admin/images/ HTTP/1.1" 200 2458 "binance.com" "Mozilla/5.0 (Windows NT 10.0; Win64; x64) AppleWebKit/537.36 (KHTML, like Gecko) Chrome/90.0.4430.85 Safari/537.36"
64.227.160.201 - - [08/Jun/2025:09:41:57 -0400] "GET /wp-admin/js/ HTTP/1.1" 200 3204 "binance.com" "Mozilla/5.0 (Windows NT 10.0; Win64; x64) AppleWebKit/537.36 (KHTML, like Gecko) Chrome/90.0.4430.85 Safari/537.36"
64.227.160.201 - - [08/Jun/2025:09:42:06 -0400] "GET /wp-admin/js/widgets/ HTTP/1.1" 200 1291 "binance.com" "Mozilla/5.0 (Windows NT 10.0; Win64; x64) AppleWebKit/537.36 (KHTML, like Gecko) Chrome/90.0.4430.85 Safari/537.36"
64.227.160.201 - - [08/Jun/2025:09:42:17 -0400] "GET /wp-includes/ HTTP/1.1" 200 7492 "binance.com" "Mozilla/5.0 (Windows NT 10.0; Win64; x64) AppleWebKit/537.36 (KHTML, like Gecko) Chrome/90.0.4430.85 Safari/537.36"
64.227.160.201 - - [08/Jun/2025:09:42:25 -0400] "GET /wp-includes/ HTTP/1.1" 200 7492 "binance.com" "Mozilla/5.0 (Windows NT 10.0; Win64; x64) AppleWebKit/537.36 (KHTML, like Gecko) Chrome/90.0.4430.85 Safari/537.36"
64.227.160.201 - - [08/Jun/2025:09:42:32 -0400] "GET /wp-includes/block-bindings.php HTTP/1.1" 200 0 "binance.com" "Mozilla/5.0 (Windows NT 10.0; Win64; x64) AppleWebKit/537.36 (KHTML, like Gecko) Chrome/90.0.4430.85 Safari/537.36"
64.227.160.201 - - [08/Jun/2025:09:42:39 -0400] "GET /wp-includes/block-editor.php HTTP/1.1" 200 0 "binance.com" "Mozilla/5.0 (Windows NT 10.0; Win64; x64) AppleWebKit/537.36 (KHTML, like Gecko) Chrome/90.0.4430.85 Safari/537.36"
64.227.160.201 - - [08/Jun/2025:09:42:49 -0400] "GET /wp-includes/block-template-utils.php HTTP/1.1" 200 0 "binance.com" "Mozilla/5.0 (Windows NT 10.0; Win64; x64) AppleWebKit/537.36 (KHTML, like Gecko) Chrome/90.0.4430.85 Safari/537.36"
64.227.160.201 - - [08/Jun/2025:09:43:01 -0400] "GET /wp-includes/block-template.php HTTP/1.1" 200 0 "binance.com" "Mozilla/5.0 (Windows NT 10.0; Win64; x64) AppleWebKit/537.36 (KHTML, like Gecko) Chrome/90.0.4430.85 Safari/537.36"
64.227.160.201 - - [08/Jun/2025:09:43:10 -0400] "GET /wp-includes/class-avif-info.php HTTP/1.1" 200 0 "binance.com" "Mozilla/5.0 (Windows NT 10.0; Win64; x64) AppleWebKit/537.36 (KHTML, like Gecko) Chrome/90.0.4430.85 Safari/537.36"
64.227.160.201 - - [08/Jun/2025:09:43:18 -0400] "GET /wp-includes/class-wp-block-bindings-registry.php HTTP/1.1" 200 0 "binance.com" "Mozilla/5.0 (Windows NT 10.0; Win64; x64) AppleWebKit/537.36 (KHTML, like Gecko) Chrome/90.0.4430.85 Safari/537.36"
64.227.160.201 - - [08/Jun/2025:09:43:26 -0400] "GET /wp-includes/class-wp-block-bindings-source.php HTTP/1.1" 200 0 "binance.com" "Mozilla/5.0 (Windows NT 10.0; Win64; x64) AppleWebKit/537.36 (KHTML, like Gecko) Chrome/90.0.4430.85 Safari/537.36"
64.227.160.201 - - [08/Jun/2025:09:43:34 -0400] "GET /wp-includes/class-wp-block-editor-context.php HTTP/1.1" 200 0 "binance.com" "Mozilla/5.0 (Windows NT 10.0; Win64; x64) AppleWebKit/537.36 (KHTML, like Gecko) Chrome/90.0.4430.85 Safari/537.36"
64.227.160.201 - - [08/Jun/2025:09:43:43 -0400] "GET /wp-includes/class-wp-block-metadata-registry.php HTTP/1.1" 200 0 "binance.com" "Mozilla/5.0 (Windows NT 10.0; Win64; x64) AppleWebKit/537.36 (KHTML, like Gecko) Chrome/90.0.4430.85 Safari/537.36"
64.227.160.201 - - [08/Jun/2025:09:43:49 -0400] "GET /wp-includes/class-wp-block-parser-block.php HTTP/1.1" 200 0 "binance.com" "Mozilla/5.0 (Windows NT 10.0; Win64; x64) AppleWebKit/537.36 (KHTML, like Gecko) Chrome/90.0.4430.85 Safari/537.36"
64.227.160.201 - - [08/Jun/2025:09:43:56 -0400] "GET /wp-includes/class-wp-block-parser-frame.php HTTP/1.1" 200 0 "binance.com" "Mozilla/5.0 (Windows NT 10.0; Win64; x64) AppleWebKit/537.36 (KHTML, like Gecko) Chrome/90.0.4430.85 Safari/537.36"
64.227.160.201 - - [08/Jun/2025:09:44:02 -0400] "GET /wp-includes/class-wp-block-template.php HTTP/1.1" 200 0 "binance.com" "Mozilla/5.0 (Windows NT 10.0; Win64; x64) AppleWebKit/537.36 (KHTML, like Gecko) Chrome/90.0.4430.85 Safari/537.36"
64.227.160.201 - - [08/Jun/2025:09:44:11 -0400] "GET /wp-includes/class-wp-block-templates-registry.php HTTP/1.1" 200 0 "binance.com" "Mozilla/5.0 (Windows NT 10.0; Win64; x64) AppleWebKit/537.36 (KHTML, like Gecko) Chrome/90.0.4430.85 Safari/537.36"
64.227.160.201 - - [08/Jun/2025:09:44:22 -0400] "GET /wp-includes/class-wp-classic-to-block-menu-converter.php HTTP/1.1" 200 0 "binance.com" "Mozilla/5.0 (Windows NT 10.0; Win64; x64) AppleWebKit/537.36 (KHTML, like Gecko) Chrome/90.0.4430.85 Safari/537.36"
64.227.160.201 - - [08/Jun/2025:09:44:28 -0400] "GET /wp-includes/class-wp-dependencies.php HTTP/1.1" 200 0 "binance.com" "Mozilla/5.0 (Windows NT 10.0; Win64; x64) AppleWebKit/537.36 (KHTML, like Gecko) Chrome/90.0.4430.85 Safari/537.36"
64.227.160.201 - - [08/Jun/2025:09:44:36 -0400] "GET /wp-includes/class-wp-duotone.php HTTP/1.1" 200 0 "binance.com" "Mozilla/5.0 (Windows NT 10.0; Win64; x64) AppleWebKit/537.36 (KHTML, like Gecko) Chrome/90.0.4430.85 Safari/537.36"
64.227.160.201 - - [08/Jun/2025:09:44:42 -0400] "GET /wp-includes/class-wp-exception.php HTTP/1.1" 200 0 "binance.com" "Mozilla/5.0 (Windows NT 10.0; Win64; x64) AppleWebKit/537.36 (KHTML, like Gecko) Chrome/90.0.4430.85 Safari/537.36"
64.227.160.201 - - [08/Jun/2025:09:44:49 -0400] "GET /wp-includes/class-wp-http.php HTTP/1.1" 200 6 "binance.com" "Mozilla/5.0 (Windows NT 10.0; Win64; x64) AppleWebKit/537.36 (KHTML, like Gecko) Chrome/90.0.4430.85 Safari/537.36"
64.227.160.201 - - [08/Jun/2025:09:44:58 -0400] "GET /wp-includes/class-wp-navigation-fallback.php HTTP/1.1" 200 0 "binance.com" "Mozilla/5.0 (Windows NT 10.0; Win64; x64) AppleWebKit/537.36 (KHTML, like Gecko) Chrome/90.0.4430.85 Safari/537.36"
64.227.160.201 - - [08/Jun/2025:09:45:14 -0400] "GET /wp-includes/class-wp-phpmailer.php HTTP/1.1" 500 0 "binance.com" "Mozilla/5.0 (Windows NT 10.0; Win64; x64) AppleWebKit/537.36 (KHTML, like Gecko) Chrome/90.0.4430.85 Safari/537.36"
47.128.55.6 - - [08/Jun/2025:09:45:17 -0400] "GET /yours-to-claim/yours-to-claim-chapter-5/ HTTP/1.1" 200 51903 "-" "Mozilla/5.0 (compatible; Bytespider; [email protected]) AppleWebKit/537.36 (KHTML, like Gecko) Chrome/70.0.0.0 Safari/537.36"
64.227.160.201 - - [08/Jun/2025:09:45:25 -0400] "GET /wp-includes/class-wp-plugin-dependencies.php HTTP/1.1" 200 0 "binance.com" "Mozilla/5.0 (Windows NT 10.0; Win64; x64) AppleWebKit/537.36 (KHTML, like Gecko) Chrome/90.0.4430.85 Safari/537.36"
64.227.160.201 - - [08/Jun/2025:09:45:35 -0400] "GET /wp-includes/class-wp-script-modules.php HTTP/1.1" 200 0 "binance.com" "Mozilla/5.0 (Windows NT 10.0; Win64; x64) AppleWebKit/537.36 (KHTML, like Gecko) Chrome/90.0.4430.85 Safari/537.36"
64.227.160.201 - - [08/Jun/2025:09:45:43 -0400] "GET /wp-includes/class-wp-scripts.php HTTP/1.1" 500 0 "binance.com" "Mozilla/5.0 (Windows NT 10.0; Win64; x64) AppleWebKit/537.36 (KHTML, like Gecko) Chrome/90.0.4430.85 Safari/537.36"
2a03:2880:2ff:4:: - - [08/Jun/2025:09:45:45 -0400] "GET /category/yours-to-claim-manhwa/ HTTP/1.1" 200 66964 "-" "meta-externalagent/1.1 (+https://developers.facebook.com/docs/sharing/webmasters/crawler)"
64.227.160.201 - - [08/Jun/2025:09:45:51 -0400] "GET /wp-includes/class-wp-speculation-rules.php HTTP/1.1" 200 0 "binance.com" "Mozilla/5.0 (Windows NT 10.0; Win64; x64) AppleWebKit/537.36 (KHTML, like Gecko) Chrome/90.0.4430.85 Safari/537.36"
64.227.160.201 - - [08/Jun/2025:09:45:57 -0400] "GET /wp-includes/class-wp-styles.php HTTP/1.1" 500 0 "binance.com" "Mozilla/5.0 (Windows NT 10.0; Win64; x64) AppleWebKit/537.36 (KHTML, like Gecko) Chrome/90.0.4430.85 Safari/537.36"
64.227.160.201 - - [08/Jun/2025:09:46:06 -0400] "GET /wp-includes/class-wp-textdomain-registry.php HTTP/1.1" 200 0 "binance.com" "Mozilla/5.0 (Windows NT 10.0; Win64; x64) AppleWebKit/537.36 (KHTML, like Gecko) Chrome/90.0.4430.85 Safari/537.36"
64.227.160.201 - - [08/Jun/2025:09:46:14 -0400] "GET /wp-includes/class-wp-theme-json-data.php HTTP/1.1" 200 0 "binance.com" "Mozilla/5.0 (Windows NT 10.0; Win64; x64) AppleWebKit/537.36 (KHTML, like Gecko) Chrome/90.0.4430.85 Safari/537.36"
64.227.160.201 - - [08/Jun/2025:09:46:20 -0400] "GET /wp-includes/class-wp-theme-json-resolver.php HTTP/1.1" 200 0 "binance.com" "Mozilla/5.0 (Windows NT 10.0; Win64; x64) AppleWebKit/537.36 (KHTML, like Gecko) Chrome/90.0.4430.85 Safari/537.36"
162.0.232.193 - - [08/Jun/2025:09:46:22 -0400] "POST /wp-cron.php?doing_wp_cron=1749390382.4996080398559570312500 HTTP/1.1" 200 0 "-" "WordPress/6.8.1; https://w5.yours-toclaim.com"
2a03:2880:f800:: - - [08/Jun/2025:09:46:22 -0400] "GET /?p=1867 HTTP/1.1" 301 0 "-" "meta-externalagent/1.1 (+https://developers.facebook.com/docs/sharing/webmasters/crawler)"
2a03:2880:f800:8:: - - [08/Jun/2025:09:46:24 -0400] "GET /yours-to-claim/yours-to-claim-chapter-80/ HTTP/1.1" 200 43472 "-" "meta-externalagent/1.1 (+https://developers.facebook.com/docs/sharing/webmasters/crawler)"
64.227.160.201 - - [08/Jun/2025:09:46:27 -0400] "GET /wp-includes/class-wp-theme-json-schema.php HTTP/1.1" 200 0 "binance.com" "Mozilla/5.0 (Windows NT 10.0; Win64; x64) AppleWebKit/537.36 (KHTML, like Gecko) Chrome/90.0.4430.85 Safari/537.36"
64.227.160.201 - - [08/Jun/2025:09:46:37 -0400] "GET /wp-includes/class-wp-theme-json.php HTTP/1.1" 200 0 "binance.com" "Mozilla/5.0 (Windows NT 10.0; Win64; x64) AppleWebKit/537.36 (KHTML, like Gecko) Chrome/90.0.4430.85 Safari/537.36"
64.227.160.201 - - [08/Jun/2025:09:46:46 -0400] "GET /wp-includes/class-wp-token-map.php HTTP/1.1" 200 0 "binance.com" "Mozilla/5.0 (Windows NT 10.0; Win64; x64) AppleWebKit/537.36 (KHTML, like Gecko) Chrome/90.0.4430.85 Safari/537.36"
64.227.160.201 - - [08/Jun/2025:09:47:09 -0400] "GET /wp-includes/class-wp-url-pattern-prefixer.php HTTP/1.1" 200 0 "binance.com" "Mozilla/5.0 (Windows NT 10.0; Win64; x64) AppleWebKit/537.36 (KHTML, like Gecko) Chrome/90.0.4430.85 Safari/537.36"
64.227.160.201 - - [08/Jun/2025:09:47:19 -0400] "GET /wp-includes/class-wpdb.php HTTP/1.1" 200 0 "binance.com" "Mozilla/5.0 (Windows NT 10.0; Win64; x64) AppleWebKit/537.36 (KHTML, like Gecko) Chrome/90.0.4430.85 Safari/537.36"
64.227.160.201 - - [08/Jun/2025:09:47:26 -0400] "GET /wp-includes/fonts.php HTTP/1.1" 200 0 "binance.com" "Mozilla/5.0 (Windows NT 10.0; Win64; x64) AppleWebKit/537.36 (KHTML, like Gecko) Chrome/90.0.4430.85 Safari/537.36"
64.227.160.201 - - [08/Jun/2025:09:47:34 -0400] "GET /wp-includes/global-styles-and-settings.php HTTP/1.1" 200 0 "binance.com" "Mozilla/5.0 (Windows NT 10.0; Win64; x64) AppleWebKit/537.36 (KHTML, like Gecko) Chrome/90.0.4430.85 Safari/537.36"
64.227.160.201 - - [08/Jun/2025:09:47:44 -0400] "GET /wp-includes/https-detection.php HTTP/1.1" 200 0 "binance.com" "Mozilla/5.0 (Windows NT 10.0; Win64; x64) AppleWebKit/537.36 (KHTML, like Gecko) Chrome/90.0.4430.85 Safari/537.36"
64.227.160.201 - - [08/Jun/2025:09:47:50 -0400] "GET /wp-includes/https-migration.php HTTP/1.1" 200 0 "binance.com" "Mozilla/5.0 (Windows NT 10.0; Win64; x64) AppleWebKit/537.36 (KHTML, like Gecko) Chrome/90.0.4430.85 Safari/537.36"
64.227.160.201 - - [08/Jun/2025:09:47:54 -0400] "GET /wp-includes/robots-template.php HTTP/1.1" 200 0 "binance.com" "Mozilla/5.0 (Windows NT 10.0; Win64; x64) AppleWebKit/537.36 (KHTML, like Gecko) Chrome/90.0.4430.85 Safari/537.36"
64.227.160.201 - - [08/Jun/2025:09:48:04 -0400] "GET /wp-includes/script-modules.php HTTP/1.1" 200 0 "binance.com" "Mozilla/5.0 (Windows NT 10.0; Win64; x64) AppleWebKit/537.36 (KHTML, like Gecko) Chrome/90.0.4430.85 Safari/537.36"
64.227.160.201 - - [08/Jun/2025:09:48:18 -0400] "GET /wp-includes/speculative-loading.php HTTP/1.1" 200 0 "binance.com" "Mozilla/5.0 (Windows NT 10.0; Win64; x64) AppleWebKit/537.36 (KHTML, like Gecko) Chrome/90.0.4430.85 Safari/537.36"
64.227.160.201 - - [08/Jun/2025:09:48:29 -0400] "GET /wp-includes/style-engine.php HTTP/1.1" 200 0 "binance.com" "Mozilla/5.0 (Windows NT 10.0; Win64; x64) AppleWebKit/537.36 (KHTML, like Gecko) Chrome/90.0.4430.85 Safari/537.36"
64.227.160.201 - - [08/Jun/2025:09:48:40 -0400] "GET /wp-includes/template-canvas.php HTTP/1.1" 500 0 "binance.com" "Mozilla/5.0 (Windows NT 10.0; Win64; x64) AppleWebKit/537.36 (KHTML, like Gecko) Chrome/90.0.4430.85 Safari/537.36"
64.227.160.201 - - [08/Jun/2025:09:48:51 -0400] "GET /wp-includes/theme-previews.php HTTP/1.1" 200 0 "binance.com" "Mozilla/5.0 (Windows NT 10.0; Win64; x64) AppleWebKit/537.36 (KHTML, like Gecko) Chrome/90.0.4430.85 Safari/537.36"
64.227.160.201 - - [08/Jun/2025:09:49:00 -0400] "GET /wp-includes/theme-templates.php HTTP/1.1" 200 0 "binance.com" "Mozilla/5.0 (Windows NT 10.0; Win64; x64) AppleWebKit/537.36 (KHTML, like Gecko) Chrome/90.0.4430.85 Safari/537.36"
64.227.160.201 - - [08/Jun/2025:09:49:10 -0400] "GET /wp-includes/ID3/ HTTP/1.1" 200 1344 "binance.com" "Mozilla/5.0 (Windows NT 10.0; Win64; x64) AppleWebKit/537.36 (KHTML, like Gecko) Chrome/90.0.4430.85 Safari/537.36"
47.128.57.191 - - [08/Jun/2025:09:49:17 -0400] "GET /tag/yahwi/ HTTP/1.1" 200 67047 "-" "Mozilla/5.0 (compatible; Bytespider; [email protected]) AppleWebKit/537.36 (KHTML, like Gecko) Chrome/70.0.0.0 Safari/537.36"
64.227.160.201 - - [08/Jun/2025:09:49:20 -0400] "GET /wp-includes/ID3/ HTTP/1.1" 200 1344 "binance.com" "Mozilla/5.0 (Windows NT 10.0; Win64; x64) AppleWebKit/537.36 (KHTML, like Gecko) Chrome/90.0.4430.85 Safari/537.36"
64.227.160.201 - - [08/Jun/2025:09:49:29 -0400] "GET /wp-includes/IXR/ HTTP/1.1" 200 1226 "binance.com" "Mozilla/5.0 (Windows NT 10.0; Win64; x64) AppleWebKit/537.36 (KHTML, like Gecko) Chrome/90.0.4430.85 Safari/537.36"
64.227.160.201 - - [08/Jun/2025:09:49:39 -0400] "GET /wp-includes/IXR/ HTTP/1.1" 200 1226 "binance.com" "Mozilla/5.0 (Windows NT 10.0; Win64; x64) AppleWebKit/537.36 (KHTML, like Gecko) Chrome/90.0.4430.85 Safari/537.36"
64.227.160.201 - - [08/Jun/2025:09:49:44 -0400] "GET /wp-includes/PHPMailer/ HTTP/1.1" 200 693 "binance.com" "Mozilla/5.0 (Windows NT 10.0; Win64; x64) AppleWebKit/537.36 (KHTML, like Gecko) Chrome/90.0.4430.85 Safari/537.36"
64.227.160.201 - - [08/Jun/2025:09:49:50 -0400] "GET /wp-includes/PHPMailer/ HTTP/1.1" 200 693 "binance.com" "Mozilla/5.0 (Windows NT 10.0; Win64; x64) AppleWebKit/537.36 (KHTML, like Gecko) Chrome/90.0.4430.85 Safari/537.36"
64.227.160.201 - - [08/Jun/2025:09:49:56 -0400] "GET /wp-includes/Text/ HTTP/1.1" 200 714 "binance.com" "Mozilla/5.0 (Windows NT 10.0; Win64; x64) AppleWebKit/537.36 (KHTML, like Gecko) Chrome/90.0.4430.85 Safari/537.36"
64.227.160.201 - - [08/Jun/2025:09:50:02 -0400] "GET /wp-includes/Text/ HTTP/1.1" 200 714 "binance.com" "Mozilla/5.0 (Windows NT 10.0; Win64; x64) AppleWebKit/537.36 (KHTML, like Gecko) Chrome/90.0.4430.85 Safari/537.36"
64.227.160.201 - - [08/Jun/2025:09:50:13 -0400] "GET /wp-includes/Text/Diff/ HTTP/1.1" 200 706 "binance.com" "Mozilla/5.0 (Windows NT 10.0; Win64; x64) AppleWebKit/537.36 (KHTML, like Gecko) Chrome/90.0.4430.85 Safari/537.36"
162.0.232.193 - - [08/Jun/2025:09:50:19 -0400] "POST /wp-cron.php?doing_wp_cron=1749390619.0756900310516357421875 HTTP/1.1" 200 0 "-" "WordPress/6.8.1; https://w5.yours-toclaim.com"
47.82.60.248 - - [08/Jun/2025:09:50:18 -0400] "GET /tag/yours-to-claim-manga/page/5/ HTTP/1.1" 200 53484 "https://w5.yours-toclaim.com/tag/yours-to-claim-manga/page/5/" "Mozilla/5.0 (Windows NT 10.0; Win64; x64) AppleWebKit/537.36 (KHTML, like Gecko) Chrome/114.0.0.0 Safari/537.36 Edg/114.0.1823.43"
64.227.160.201 - - [08/Jun/2025:09:50:23 -0400] "GET /wp-includes/Text/Diff/ HTTP/1.1" 200 706 "binance.com" "Mozilla/5.0 (Windows NT 10.0; Win64; x64) AppleWebKit/537.36 (KHTML, like Gecko) Chrome/90.0.4430.85 Safari/537.36"
64.227.160.201 - - [08/Jun/2025:09:50:27 -0400] "GET /wp-includes/Text/Diff/Engine/ HTTP/1.1" 200 702 "binance.com" "Mozilla/5.0 (Windows NT 10.0; Win64; x64) AppleWebKit/537.36 (KHTML, like Gecko) Chrome/90.0.4430.85 Safari/537.36"
64.227.160.201 - - [08/Jun/2025:09:50:33 -0400] "GET /wp-includes/Text/Diff/Engine/ HTTP/1.1" 200 702 "binance.com" "Mozilla/5.0 (Windows NT 10.0; Win64; x64) AppleWebKit/537.36 (KHTML, like Gecko) Chrome/90.0.4430.85 Safari/537.36"
64.227.160.201 - - [08/Jun/2025:09:50:42 -0400] "GET /wp-includes/Text/Diff/Renderer/ HTTP/1.1" 200 636 "binance.com" "Mozilla/5.0 (Windows NT 10.0; Win64; x64) AppleWebKit/537.36 (KHTML, like Gecko) Chrome/90.0.4430.85 Safari/537.36"
64.227.160.201 - - [08/Jun/2025:09:50:48 -0400] "GET /wp-includes/Text/Diff/Renderer/ HTTP/1.1" 200 636 "binance.com" "Mozilla/5.0 (Windows NT 10.0; Win64; x64) AppleWebKit/537.36 (KHTML, like Gecko) Chrome/90.0.4430.85 Safari/537.36"
64.227.160.201 - - [08/Jun/2025:09:50:55 -0400] "GET /wp-includes/blocks/ HTTP/1.1" 200 6 "binance.com" "Mozilla/5.0 (Windows NT 10.0; Win64; x64) AppleWebKit/537.36 (KHTML, like Gecko) Chrome/90.0.4430.85 Safari/537.36"
64.227.160.201 - - [08/Jun/2025:09:51:00 -0400] "GET /wp-includes/pomo/ HTTP/1.1" 200 1076 "binance.com" "Mozilla/5.0 (Windows NT 10.0; Win64; x64) AppleWebKit/537.36 (KHTML, like Gecko) Chrome/90.0.4430.85 Safari/537.36"
64.227.160.201 - - [08/Jun/2025:09:51:04 -0400] "GET /wp-includes/pomo/ HTTP/1.1" 200 1076 "binance.com" "Mozilla/5.0 (Windows NT 10.0; Win64; x64) AppleWebKit/537.36 (KHTML, like Gecko) Chrome/90.0.4430.85 Safari/537.36"
64.227.160.201 - - [08/Jun/2025:09:51:09 -0400] "GET /wp-includes/sitemaps/ HTTP/1.1" 200 1143 "binance.com" "Mozilla/5.0 (Windows NT 10.0; Win64; x64) AppleWebKit/537.36 (KHTML, like Gecko) Chrome/90.0.4430.85 Safari/537.36"
64.227.160.201 - - [08/Jun/2025:09:51:15 -0400] "GET /wp-includes/sitemaps/ HTTP/1.1" 200 1143 "binance.com" "Mozilla/5.0 (Windows NT 10.0; Win64; x64) AppleWebKit/537.36 (KHTML, like Gecko) Chrome/90.0.4430.85 Safari/537.36"
64.227.160.201 - - [08/Jun/2025:09:51:21 -0400] "GET /wp-includes/sitemaps/providers/ HTTP/1.1" 200 780 "binance.com" "Mozilla/5.0 (Windows NT 10.0; Win64; x64) AppleWebKit/537.36 (KHTML, like Gecko) Chrome/90.0.4430.85 Safari/537.36"
64.227.160.201 - - [08/Jun/2025:09:51:26 -0400] "GET /wp-includes/sitemaps/providers/ HTTP/1.1" 200 780 "binance.com" "Mozilla/5.0 (Windows NT 10.0; Win64; x64) AppleWebKit/537.36 (KHTML, like Gecko) Chrome/90.0.4430.85 Safari/537.36"
64.227.160.201 - - [08/Jun/2025:09:51:29 -0400] "GET /wp-includes/widgets/ HTTP/1.1" 200 1517 "binance.com" "Mozilla/5.0 (Windows NT 10.0; Win64; x64) AppleWebKit/537.36 (KHTML, like Gecko) Chrome/90.0.4430.85 Safari/537.36"
64.227.160.201 - - [08/Jun/2025:09:51:37 -0400] "GET /wp-includes/widgets/ HTTP/1.1" 200 1517 "binance.com" "Mozilla/5.0 (Windows NT 10.0; Win64; x64) AppleWebKit/537.36 (KHTML, like Gecko) Chrome/90.0.4430.85 Safari/537.36"
64.227.160.201 - - [08/Jun/2025:09:51:42 -0400] "GET /wp-includes/widgets/class-wp-widget-block.php HTTP/1.1" 500 0 "binance.com" "Mozilla/5.0 (Windows NT 10.0; Win64; x64) AppleWebKit/537.36 (KHTML, like Gecko) Chrome/90.0.4430.85 Safari/537.36"
64.227.160.201 - - [08/Jun/2025:09:51:48 -0400] "GET /wp-includes/css/ HTTP/1.1" 200 1808 "binance.com" "Mozilla/5.0 (Windows NT 10.0; Win64; x64) AppleWebKit/537.36 (KHTML, like Gecko) Chrome/90.0.4430.85 Safari/537.36"
64.227.160.201 - - [08/Jun/2025:09:51:56 -0400] "GET /wp-includes/css/dist/ HTTP/1.1" 200 1306 "binance.com" "Mozilla/5.0 (Windows NT 10.0; Win64; x64) AppleWebKit/537.36 (KHTML, like Gecko) Chrome/90.0.4430.85 Safari/537.36"
64.227.160.201 - - [08/Jun/2025:09:52:11 -0400] "GET /wp-includes/fonts/ HTTP/1.1" 200 1237 "binance.com" "Mozilla/5.0 (Windows NT 10.0; Win64; x64) AppleWebKit/537.36 (KHTML, like Gecko) Chrome/90.0.4430.85 Safari/537.36"
64.227.160.201 - - [08/Jun/2025:09:52:21 -0400] "GET /wp-includes/fonts/ HTTP/1.1" 200 1237 "binance.com" "Mozilla/5.0 (Windows NT 10.0; Win64; x64) AppleWebKit/537.36 (KHTML, like Gecko) Chrome/90.0.4430.85 Safari/537.36"
64.227.160.201 - - [08/Jun/2025:09:52:30 -0400] "GET /wp-includes/fonts/class-wp-font-collection.php HTTP/1.1" 200 0 "binance.com" "Mozilla/5.0 (Windows NT 10.0; Win64; x64) AppleWebKit/537.36 (KHTML, like Gecko) Chrome/90.0.4430.85 Safari/537.36"
64.227.160.201 - - [08/Jun/2025:09:52:40 -0400] "GET /wp-includes/fonts/class-wp-font-face-resolver.php HTTP/1.1" 200 0 "binance.com" "Mozilla/5.0 (Windows NT 10.0; Win64; x64) AppleWebKit/537.36 (KHTML, like Gecko) Chrome/90.0.4430.85 Safari/537.36"
114.119.129.179 - - [08/Jun/2025:09:52:42 -0400] "GET /yours-to-claim/yours-to-claim-chapter-104/ HTTP/1.1" 200 44708 "https://w4.yours-toclaim.com/tag/volume/" "Mozilla/5.0 (Linux; Android 7.0;) AppleWebKit/537.36 (KHTML, like Gecko) Mobile Safari/537.36 (compatible; PetalBot;+https://webmaster.petalsearch.com/site/petalbot)"
64.227.160.201 - - [08/Jun/2025:09:52:53 -0400] "GET /wp-includes/fonts/class-wp-font-face.php HTTP/1.1" 200 0 "binance.com" "Mozilla/5.0 (Windows NT 10.0; Win64; x64) AppleWebKit/537.36 (KHTML, like Gecko) Chrome/90.0.4430.85 Safari/537.36"
119.96.24.54 - - [08/Jun/2025:09:52:58 -0400] "GET / HTTP/1.1" 200 37382 "https://yours-toclaim.com/" "Mozilla/5.0 (iPhone; CPU iPhone OS 13_2_3 like Mac OS X) AppleWebKit/605.1.15 (KHTML, like Gecko) Version/13.0.3 Mobile/15E148 Safari/604.1"
64.227.160.201 - - [08/Jun/2025:09:52:59 -0400] "GET /wp-includes/fonts/class-wp-font-library.php HTTP/1.1" 200 0 "binance.com" "Mozilla/5.0 (Windows NT 10.0; Win64; x64) AppleWebKit/537.36 (KHTML, like Gecko) Chrome/90.0.4430.85 Safari/537.36"
64.227.160.201 - - [08/Jun/2025:09:53:06 -0400] "GET /wp-includes/fonts/class-wp-font-utils.php HTTP/1.1" 200 0 "binance.com" "Mozilla/5.0 (Windows NT 10.0; Win64; x64) AppleWebKit/537.36 (KHTML, like Gecko) Chrome/90.0.4430.85 Safari/537.36"
64.227.160.201 - - [08/Jun/2025:09:53:12 -0400] "GET /wp-includes/images/ HTTP/1.1" 200 1526 "binance.com" "Mozilla/5.0 (Windows NT 10.0; Win64; x64) AppleWebKit/537.36 (KHTML, like Gecko) Chrome/90.0.4430.85 Safari/537.36"
162.0.232.193 - - [08/Jun/2025:09:53:17 -0400] "POST /wp-cron.php?doing_wp_cron=1749390797.1532390117645263671875 HTTP/1.1" 200 0 "-" "WordPress/6.8.1; https://w5.yours-toclaim.com"
47.128.41.1 - - [08/Jun/2025:09:53:17 -0400] "GET /tag/yours-to-claim-lezhin-season-2/page/7/ HTTP/1.1" 200 148161 "-" "Mozilla/5.0 (compatible; Bytespider; [email protected]) AppleWebKit/537.36 (KHTML, like Gecko) Chrome/70.0.0.0 Safari/537.36"
64.227.160.201 - - [08/Jun/2025:09:53:21 -0400] "GET /wp-includes/images/crystal/ HTTP/1.1" 200 1129 "binance.com" "Mozilla/5.0 (Windows NT 10.0; Win64; x64) AppleWebKit/537.36 (KHTML, like Gecko) Chrome/90.0.4430.85 Safari/537.36"
64.227.160.201 - - [08/Jun/2025:09:53:28 -0400] "GET /wp-includes/images/media/ HTTP/1.1" 200 1235 "binance.com" "Mozilla/5.0 (Windows NT 10.0; Win64; x64) AppleWebKit/537.36 (KHTML, like Gecko) Chrome/90.0.4430.85 Safari/537.36"
64.227.160.201 - - [08/Jun/2025:09:53:36 -0400] "GET /wp-includes/images/smilies/ HTTP/1.1" 200 1418 "binance.com" "Mozilla/5.0 (Windows NT 10.0; Win64; x64) AppleWebKit/537.36 (KHTML, like Gecko) Chrome/90.0.4430.85 Safari/537.36"
162.0.232.193 - - [08/Jun/2025:09:53:46 -0400] "POST /wp-cron.php?doing_wp_cron=1749390826.6537809371948242187500 HTTP/1.1" 200 0 "-" "WordPress/6.8.1; https://w5.yours-toclaim.com"
64.227.160.201 - - [08/Jun/2025:09:53:46 -0400] "GET /wp-includes/images/wlw/ HTTP/1.1" 301 0 "binance.com" "Mozilla/5.0 (Windows NT 10.0; Win64; x64) AppleWebKit/537.36 (KHTML, like Gecko) Chrome/90.0.4430.85 Safari/537.36"
64.227.160.201 - - [08/Jun/2025:09:53:47 -0400] "GET / HTTP/1.1" 200 37383 "binance.com" "Mozilla/5.0 (Windows NT 10.0; Win64; x64) AppleWebKit/537.36 (KHTML, like Gecko) Chrome/90.0.4430.85 Safari/537.36"
64.227.160.201 - - [08/Jun/2025:09:53:52 -0400] "GET /wp-includes/js/%20 HTTP/1.1" 301 0 "binance.com" "Mozilla/5.0 (Windows NT 10.0; Win64; x64) AppleWebKit/537.36 (KHTML, like Gecko) Chrome/90.0.4430.85 Safari/537.36"
64.227.160.201 - - [08/Jun/2025:09:53:52 -0400] "GET / HTTP/1.1" 200 37315 "binance.com" "Mozilla/5.0 (Windows NT 10.0; Win64; x64) AppleWebKit/537.36 (KHTML, like Gecko) Chrome/90.0.4430.85 Safari/537.36"
64.227.160.201 - - [08/Jun/2025:09:53:58 -0400] "GET /wp-includes/js/codemirror/ HTTP/1.1" 200 1114 "binance.com" "Mozilla/5.0 (Windows NT 10.0; Win64; x64) AppleWebKit/537.36 (KHTML, like Gecko) Chrome/90.0.4430.85 Safari/537.36"
64.227.160.201 - - [08/Jun/2025:09:54:05 -0400] "GET /wp-includes/js/plupload/ HTTP/1.1" 200 1163 "binance.com" "Mozilla/5.0 (Windows NT 10.0; Win64; x64) AppleWebKit/537.36 (KHTML, like Gecko) Chrome/90.0.4430.85 Safari/537.36"
64.227.160.201 - - [08/Jun/2025:09:54:11 -0400] "GET /.well-known/ HTTP/1.1" 200 621 "binance.com" "Mozilla/5.0 (Windows NT 10.0; Win64; x64) AppleWebKit/537.36 (KHTML, like Gecko) Chrome/90.0.4430.85 Safari/537.36"
162.0.232.193 - - [08/Jun/2025:09:57:19 -0400] "POST /wp-cron.php?doing_wp_cron=1749391039.0137069225311279296875 HTTP/1.1" 200 0 "-" "WordPress/6.8.1; https://w5.yours-toclaim.com"
47.128.113.196 - - [08/Jun/2025:09:57:16 -0400] "GET /tag/yours-to-claim-author-twitter/page/2/ HTTP/1.1" 200 50913 "-" "Mozilla/5.0 (compatible; Bytespider; [email protected]) AppleWebKit/537.36 (KHTML, like Gecko) Chrome/70.0.0.0 Safari/537.36"
162.0.232.193 - - [08/Jun/2025:09:58:18 -0400] "POST /wp-cron.php?doing_wp_cron=1749391098.3044240474700927734375 HTTP/1.1" 200 0 "-" "WordPress/6.8.1; https://w5.yours-toclaim.com"
157.55.39.9 - - [08/Jun/2025:09:58:18 -0400] "GET /?s=2026 HTTP/1.1" 200 10571 "-" "Mozilla/5.0 AppleWebKit/537.36 (KHTML, like Gecko; compatible; bingbot/2.0; +http://www.bing.com/bingbot.htm) Chrome/116.0.1938.76 Safari/537.36"
47.128.117.208 - - [08/Jun/2025:10:01:17 -0400] "GET /tag/chapters/page/4/ HTTP/1.1" 200 57562 "-" "Mozilla/5.0 (compatible; Bytespider; [email protected]) AppleWebKit/537.36 (KHTML, like Gecko) Chrome/70.0.0.0 Safari/537.36"
2a02:598:96:8a00::1200:12f - - [08/Jun/2025:10:01:33 -0400] "GET /yours-to-claim/yours-to-claim-chapter-83/ HTTP/1.1" 200 42701 "-" "Mozilla/5.0 (compatible; SeznamBot/4.0; +https://o-seznam.cz/napoveda/vyhledavani/en/seznambot-crawler/)"
87.250.224.205 - - [08/Jun/2025:10:02:55 -0400] "GET /yours-to-claim/yours-to-claim-chapter-25/ HTTP/1.1" 200 48671 "-" "Mozilla/5.0 (compatible; YandexBot/3.0; +http://yandex.com/bots)"
162.0.232.193 - - [08/Jun/2025:10:05:19 -0400] "POST /wp-cron.php?doing_wp_cron=1749391519.0369520187377929687500 HTTP/1.1" 200 0 "-" "WordPress/6.8.1; https://w5.yours-toclaim.com"
47.128.127.122 - - [08/Jun/2025:10:05:16 -0400] "GET /tag/webcomic/page/7/ HTTP/1.1" 200 148137 "-" "Mozilla/5.0 (compatible; Bytespider; [email protected]) AppleWebKit/537.36 (KHTML, like Gecko) Chrome/70.0.0.0 Safari/537.36"
94.103.93.19 - - [08/Jun/2025:10:05:53 -0400] "GET / HTTP/1.1" 200 37315 "https://YOURS-TOCLAIM.COM" "Mozilla/5.0 (Macintosh; Intel Mac OS X 10_15_7) AppleWebKit/537.36 (KHTML, like Gecko) Chrome/133.0.0.0 Safari/537.36"
162.0.232.193 - - [08/Jun/2025:10:05:54 -0400] "POST /wp-cron.php?doing_wp_cron=1749391554.5853600502014160156250 HTTP/1.1" 200 0 "-" "WordPress/6.8.1; https://w5.yours-toclaim.com"
94.103.93.19 - - [08/Jun/2025:10:05:54 -0400] "GET /comments/feed/ HTTP/1.1" 200 1151 "-" "Mozilla/5.0 (Macintosh; Intel Mac OS X 10_15_7) AppleWebKit/537.36 (KHTML, like Gecko) Chrome/133.0.0.0 Safari/537.36"
47.128.110.111 - - [08/Jun/2025:10:09:17 -0400] "GET /tag/yours-to-claim/page/8/ HTTP/1.1" 200 97038 "-" "Mozilla/5.0 (compatible; Bytespider; [email protected]) AppleWebKit/537.36 (KHTML, like Gecko) Chrome/70.0.0.0 Safari/537.36"
159.65.232.209 - - [08/Jun/2025:10:12:26 -0400] "GET /wp-admin/css/ HTTP/1.1" 200 2768 "binance.com" "Mozilla/5.0 (Windows NT 10.0; Win64; x64) AppleWebKit/537.36 (KHTML, like Gecko) Chrome/90.0.4430.85 Safari/537.36"
159.65.232.209 - - [08/Jun/2025:10:12:52 -0400] "GET /wp-content/uploads/2025/06/ HTTP/1.1" 200 555 "binance.com" "Mozilla/5.0 (Windows NT 10.0; Win64; x64) AppleWebKit/537.36 (KHTML, like Gecko) Chrome/90.0.4430.85 Safari/537.36"
159.65.232.209 - - [08/Jun/2025:10:13:13 -0400] "GET /wp-content/uploads/2025/05/ HTTP/1.1" 200 555 "binance.com" "Mozilla/5.0 (Windows NT 10.0; Win64; x64) AppleWebKit/537.36 (KHTML, like Gecko) Chrome/90.0.4430.85 Safari/537.36"
159.65.232.209 - - [08/Jun/2025:10:13:17 -0400] "GET /wp-content/uploads/ HTTP/1.1" 200 1167 "binance.com" "Mozilla/5.0 (Windows NT 10.0; Win64; x64) AppleWebKit/537.36 (KHTML, like Gecko) Chrome/90.0.4430.85 Safari/537.36"
159.65.232.209 - - [08/Jun/2025:10:13:29 -0400] "GET /wp-content/upgrade/ HTTP/1.1" 200 550 "binance.com" "Mozilla/5.0 (Windows NT 10.0; Win64; x64) AppleWebKit/537.36 (KHTML, like Gecko) Chrome/90.0.4430.85 Safari/537.36"
162.0.232.193 - - [08/Jun/2025:10:13:41 -0400] "POST /wp-cron.php?doing_wp_cron=1749392020.8551809787750244140625 HTTP/1.1" 200 0 "-" "WordPress/6.8.1; https://w5.yours-toclaim.com"
159.65.232.209 - - [08/Jun/2025:10:13:39 -0400] "GET /wp-content/languages/ HTTP/1.1" 301 0 "binance.com" "Mozilla/5.0 (Windows NT 10.0; Win64; x64) AppleWebKit/537.36 (KHTML, like Gecko) Chrome/90.0.4430.85 Safari/537.36"
159.65.232.209 - - [08/Jun/2025:10:13:52 -0400] "GET / HTTP/1.1" 200 37315 "binance.com" "Mozilla/5.0 (Windows NT 10.0; Win64; x64) AppleWebKit/537.36 (KHTML, like Gecko) Chrome/90.0.4430.85 Safari/537.36"
2a03:2880:ff:41:: - - [08/Jun/2025:10:14:09 -0400] "GET /category/yours-to-claim-manhwa/ HTTP/1.1" 200 66964 "-" "meta-externalagent/1.1 (+https://developers.facebook.com/docs/sharing/webmasters/crawler)"
159.65.232.209 - - [08/Jun/2025:10:14:10 -0400] "GET /wp-admin/includes/ HTTP/1.1" 200 3683 "binance.com" "Mozilla/5.0 (Windows NT 10.0; Win64; x64) AppleWebKit/537.36 (KHTML, like Gecko) Chrome/90.0.4430.85 Safari/537.36"
159.65.232.209 - - [08/Jun/2025:10:14:52 -0400] "GET /wp-admin/includes/ HTTP/1.1" 200 3605 "binance.com" "Mozilla/5.0 (Windows NT 10.0; Win64; x64) AppleWebKit/537.36 (KHTML, like Gecko) Chrome/90.0.4430.85 Safari/537.36"
159.65.232.209 - - [08/Jun/2025:10:15:08 -0400] "GET /wp-admin/maint/ HTTP/1.1" 200 628 "binance.com" "Mozilla/5.0 (Windows NT 10.0; Win64; x64) AppleWebKit/537.36 (KHTML, like Gecko) Chrome/90.0.4430.85 Safari/537.36"
162.0.232.193 - - [08/Jun/2025:10:15:10 -0400] "POST /wp-cron.php?doing_wp_cron=1749392110.0492808818817138671875 HTTP/1.1" 200 0 "-" "WordPress/6.8.1; https://w5.yours-toclaim.com"
114.119.129.179 - - [08/Jun/2025:10:15:09 -0400] "GET /yours-to-claim-chapter-72/ HTTP/1.1" 301 0 "https://w5.yours-toclaim.com/category/yours-to-claim/page/5/" "Mozilla/5.0 (Linux; Android 7.0;) AppleWebKit/537.36 (KHTML, like Gecko) Mobile Safari/537.36 (compatible; PetalBot;+https://webmaster.petalsearch.com/site/petalbot)"
114.119.129.179 - - [08/Jun/2025:10:15:11 -0400] "GET / HTTP/1.1" 200 37389 "https://w5.yours-toclaim.com/category/yours-to-claim/page/5/" "Mozilla/5.0 (Linux; Android 7.0;) AppleWebKit/537.36 (KHTML, like Gecko) Mobile Safari/537.36 (compatible; PetalBot;+https://webmaster.petalsearch.com/site/petalbot)"
159.65.232.209 - - [08/Jun/2025:10:15:21 -0400] "GET /wp-admin/maint/ HTTP/1.1" 200 628 "binance.com" "Mozilla/5.0 (Windows NT 10.0; Win64; x64) AppleWebKit/537.36 (KHTML, like Gecko) Chrome/90.0.4430.85 Safari/537.36"
162.0.232.193 - - [08/Jun/2025:10:15:33 -0400] "POST /wp-cron.php?doing_wp_cron=1749392133.7727639675140380859375 HTTP/1.1" 200 0 "-" "WordPress/6.8.1; https://w5.yours-toclaim.com"
159.65.232.209 - - [08/Jun/2025:10:15:33 -0400] "GET /wp-admin/network/ HTTP/1.1" 302 0 "binance.com" "Mozilla/5.0 (Windows NT 10.0; Win64; x64) AppleWebKit/537.36 (KHTML, like Gecko) Chrome/90.0.4430.85 Safari/537.36"
159.65.232.209 - - [08/Jun/2025:10:15:34 -0400] "GET /wp-login.php?redirect_to=https%3A%2F%2Fw5.yours-toclaim.com%2Fwp-admin%2Fnetwork%2F&reauth=1 HTTP/1.1" 200 1990 "binance.com" "Mozilla/5.0 (Windows NT 10.0; Win64; x64) AppleWebKit/537.36 (KHTML, like Gecko) Chrome/90.0.4430.85 Safari/537.36"
114.119.132.108 - - [08/Jun/2025:10:15:43 -0400] "GET /yours-to-claim-chapter-42/ HTTP/1.1" 301 0 "https://w5.yours-toclaim.com/tag/yours-to-claim-lezhin-season-2/page/8/" "Mozilla/5.0 (Linux; Android 7.0;) AppleWebKit/537.36 (KHTML, like Gecko) Mobile Safari/537.36 (compatible; PetalBot;+https://webmaster.petalsearch.com/site/petalbot)"
114.119.132.108 - - [08/Jun/2025:10:15:44 -0400] "GET / HTTP/1.1" 200 37389 "https://w5.yours-toclaim.com/tag/yours-to-claim-lezhin-season-2/page/8/" "Mozilla/5.0 (Linux; Android 7.0;) AppleWebKit/537.36 (KHTML, like Gecko) Mobile Safari/537.36 (compatible; PetalBot;+https://webmaster.petalsearch.com/site/petalbot)"
162.0.232.193 - - [08/Jun/2025:10:15:55 -0400] "POST /wp-cron.php?doing_wp_cron=1749392155.6786339282989501953125 HTTP/1.1" 200 0 "-" "WordPress/6.8.1; https://w5.yours-toclaim.com"
159.65.232.209 - - [08/Jun/2025:10:15:55 -0400] "GET /wp-admin/user/ HTTP/1.1" 302 0 "binance.com" "Mozilla/5.0 (Windows NT 10.0; Win64; x64) AppleWebKit/537.36 (KHTML, like Gecko) Chrome/90.0.4430.85 Safari/537.36"
159.65.232.209 - - [08/Jun/2025:10:15:56 -0400] "GET /wp-login.php?redirect_to=https%3A%2F%2Fw5.yours-toclaim.com%2Fwp-admin%2Fuser%2F&reauth=1 HTTP/1.1" 200 1990 "binance.com" "Mozilla/5.0 (Windows NT 10.0; Win64; x64) AppleWebKit/537.36 (KHTML, like Gecko) Chrome/90.0.4430.85 Safari/537.36"
159.65.232.209 - - [08/Jun/2025:10:16:11 -0400] "GET /wp-admin/css/ HTTP/1.1" 200 2798 "binance.com" "Mozilla/5.0 (Windows NT 10.0; Win64; x64) AppleWebKit/537.36 (KHTML, like Gecko) Chrome/90.0.4430.85 Safari/537.36"
159.65.232.209 - - [08/Jun/2025:10:16:24 -0400] "GET /wp-admin/css/colors/ HTTP/1.1" 200 1134 "binance.com" "Mozilla/5.0 (Windows NT 10.0; Win64; x64) AppleWebKit/537.36 (KHTML, like Gecko) Chrome/90.0.4430.85 Safari/537.36"
159.65.232.209 - - [08/Jun/2025:10:16:43 -0400] "GET /wp-admin/css/colors/blue/ HTTP/1.1" 200 715 "binance.com" "Mozilla/5.0 (Windows NT 10.0; Win64; x64) AppleWebKit/537.36 (KHTML, like Gecko) Chrome/90.0.4430.85 Safari/537.36"
159.65.232.209 - - [08/Jun/2025:10:16:51 -0400] "GET /wp-admin/css/colors/coffee/ HTTP/1.1" 200 729 "binance.com" "Mozilla/5.0 (Windows NT 10.0; Win64; x64) AppleWebKit/537.36 (KHTML, like Gecko) Chrome/90.0.4430.85 Safari/537.36"
159.65.232.209 - - [08/Jun/2025:10:16:58 -0400] "GET /wp-admin/css/colors/ectoplasm/ HTTP/1.1" 200 715 "binance.com" "Mozilla/5.0 (Windows NT 10.0; Win64; x64) AppleWebKit/537.36 (KHTML, like Gecko) Chrome/90.0.4430.85 Safari/537.36"
162.0.232.193 - - [08/Jun/2025:10:16:58 -0400] "POST /wp-cron.php?doing_wp_cron=1749392218.1382648944854736328125 HTTP/1.1" 200 0 "-" "WordPress/6.8.1; https://w5.yours-toclaim.com"
114.119.129.179 - - [08/Jun/2025:10:16:57 -0400] "GET /tag/yours-to-claim-manga/page/4/ HTTP/1.1" 200 57411 "https://w5.yours-toclaim.com/tag/yours-to-claim-manga/page/5/" "Mozilla/5.0 (Linux; Android 7.0;) AppleWebKit/537.36 (KHTML, like Gecko) Mobile Safari/537.36 (compatible; PetalBot;+https://webmaster.petalsearch.com/site/petalbot)"
159.65.232.209 - - [08/Jun/2025:10:17:08 -0400] "GET /wp-admin/css/colors/light/ HTTP/1.1" 200 725 "binance.com" "Mozilla/5.0 (Windows NT 10.0; Win64; x64) AppleWebKit/537.36 (KHTML, like Gecko) Chrome/90.0.4430.85 Safari/537.36"
159.65.232.209 - - [08/Jun/2025:10:17:12 -0400] "GET /wp-admin/css/colors/midnight/ HTTP/1.1" 200 722 "binance.com" "Mozilla/5.0 (Windows NT 10.0; Win64; x64) AppleWebKit/537.36 (KHTML, like Gecko) Chrome/90.0.4430.85 Safari/537.36"
159.65.232.209 - - [08/Jun/2025:10:17:14 -0400] "GET /wp-admin/css/colors/modern/ HTTP/1.1" 200 724 "binance.com" "Mozilla/5.0 (Windows NT 10.0; Win64; x64) AppleWebKit/537.36 (KHTML, like Gecko) Chrome/90.0.4430.85 Safari/537.36"
159.65.232.209 - - [08/Jun/2025:10:17:23 -0400] "GET /wp-admin/css/colors/ocean/ HTTP/1.1" 200 724 "binance.com" "Mozilla/5.0 (Windows NT 10.0; Win64; x64) AppleWebKit/537.36 (KHTML, like Gecko) Chrome/90.0.4430.85 Safari/537.36"
162.0.232.193 - - [08/Jun/2025:10:17:40 -0400] "POST /wp-cron.php?doing_wp_cron=1749392260.6498179435729980468750 HTTP/1.1" 200 0 "-" "WordPress/6.8.1; https://w5.yours-toclaim.com"
159.65.232.209 - - [08/Jun/2025:10:17:40 -0400] "GET /wp-admin/css/colors/sunrise/%20 HTTP/1.1" 301 0 "binance.com" "Mozilla/5.0 (Windows NT 10.0; Win64; x64) AppleWebKit/537.36 (KHTML, like Gecko) Chrome/90.0.4430.85 Safari/537.36"
159.65.232.209 - - [08/Jun/2025:10:18:00 -0400] "GET / HTTP/1.1" 200 37315 "binance.com" "Mozilla/5.0 (Windows NT 10.0; Win64; x64) AppleWebKit/537.36 (KHTML, like Gecko) Chrome/90.0.4430.85 Safari/537.36"
66.249.68.128 - - [08/Jun/2025:10:18:11 -0400] "GET /yours-to-claim/yours-to-claim-chapter-1/ HTTP/1.1" 200 51827 "-" "Mozilla/5.0 (Linux; Android 6.0.1; Nexus 5X Build/MMB29P) AppleWebKit/537.36 (KHTML, like Gecko) Chrome/136.0.7103.113 Mobile Safari/537.36 (compatible; Googlebot/2.1; +http://www.google.com/bot.html)"
159.65.232.209 - - [08/Jun/2025:10:18:23 -0400] "GET /wp-admin/images/ HTTP/1.1" 200 2458 "binance.com" "Mozilla/5.0 (Windows NT 10.0; Win64; x64) AppleWebKit/537.36 (KHTML, like Gecko) Chrome/90.0.4430.85 Safari/537.36"
114.119.156.33 - - [08/Jun/2025:10:18:32 -0400] "GET /yours-to-claim/yours-to-claim-chapter-63/ HTTP/1.1" 200 44498 "https://yours-toclaim.com/yours-to-claim-chapter-54/" "Mozilla/5.0 (Linux; Android 7.0;) AppleWebKit/537.36 (KHTML, like Gecko) Mobile Safari/537.36 (compatible; PetalBot;+https://webmaster.petalsearch.com/site/petalbot)"
159.65.232.209 - - [08/Jun/2025:10:18:40 -0400] "GET /wp-admin/js/ HTTP/1.1" 200 3235 "binance.com" "Mozilla/5.0 (Windows NT 10.0; Win64; x64) AppleWebKit/537.36 (KHTML, like Gecko) Chrome/90.0.4430.85 Safari/537.36"
159.65.232.209 - - [08/Jun/2025:10:19:00 -0400] "GET /wp-admin/js/widgets/ HTTP/1.1" 200 1291 "binance.com" "Mozilla/5.0 (Windows NT 10.0; Win64; x64) AppleWebKit/537.36 (KHTML, like Gecko) Chrome/90.0.4430.85 Safari/537.36"
159.65.232.209 - - [08/Jun/2025:10:19:23 -0400] "GET /wp-includes/ HTTP/1.1" 200 7498 "binance.com" "Mozilla/5.0 (Windows NT 10.0; Win64; x64) AppleWebKit/537.36 (KHTML, like Gecko) Chrome/90.0.4430.85 Safari/537.36"
159.65.232.209 - - [08/Jun/2025:10:19:30 -0400] "GET /wp-includes/ HTTP/1.1" 200 7498 "binance.com" "Mozilla/5.0 (Windows NT 10.0; Win64; x64) AppleWebKit/537.36 (KHTML, like Gecko) Chrome/90.0.4430.85 Safari/537.36"
159.65.232.209 - - [08/Jun/2025:10:19:41 -0400] "GET /wp-includes/block-bindings.php HTTP/1.1" 200 0 "binance.com" "Mozilla/5.0 (Windows NT 10.0; Win64; x64) AppleWebKit/537.36 (KHTML, like Gecko) Chrome/90.0.4430.85 Safari/537.36"
159.65.232.209 - - [08/Jun/2025:10:19:51 -0400] "GET /wp-includes/block-editor.php HTTP/1.1" 200 0 "binance.com" "Mozilla/5.0 (Windows NT 10.0; Win64; x64) AppleWebKit/537.36 (KHTML, like Gecko) Chrome/90.0.4430.85 Safari/537.36"
159.65.232.209 - - [08/Jun/2025:10:19:58 -0400] "GET /wp-includes/block-template-utils.php HTTP/1.1" 200 0 "binance.com" "Mozilla/5.0 (Windows NT 10.0; Win64; x64) AppleWebKit/537.36 (KHTML, like Gecko) Chrome/90.0.4430.85 Safari/537.36"
114.119.134.12 - - [08/Jun/2025:10:20:00 -0400] "GET / HTTP/1.1" 200 37389 "https://w5.yours-toclaim.com/tag/yours-to-claim-lezhin-season-2/page/8/" "Mozilla/5.0 (Linux; Android 7.0;) AppleWebKit/537.36 (KHTML, like Gecko) Mobile Safari/537.36 (compatible; PetalBot;+https://webmaster.petalsearch.com/site/petalbot)"
159.65.232.209 - - [08/Jun/2025:10:20:05 -0400] "GET /wp-includes/block-template.php HTTP/1.1" 200 0 "binance.com" "Mozilla/5.0 (Windows NT 10.0; Win64; x64) AppleWebKit/537.36 (KHTML, like Gecko) Chrome/90.0.4430.85 Safari/537.36"
159.65.232.209 - - [08/Jun/2025:10:20:09 -0400] "GET /wp-includes/class-avif-info.php HTTP/1.1" 200 0 "binance.com" "Mozilla/5.0 (Windows NT 10.0; Win64; x64) AppleWebKit/537.36 (KHTML, like Gecko) Chrome/90.0.4430.85 Safari/537.36"
159.65.232.209 - - [08/Jun/2025:10:20:16 -0400] "GET /wp-includes/class-wp-block-bindings-registry.php HTTP/1.1" 200 0 "binance.com" "Mozilla/5.0 (Windows NT 10.0; Win64; x64) AppleWebKit/537.36 (KHTML, like Gecko) Chrome/90.0.4430.85 Safari/537.36"
159.65.232.209 - - [08/Jun/2025:10:20:40 -0400] "GET /wp-includes/class-wp-block-bindings-source.php HTTP/1.1" 200 0 "binance.com" "Mozilla/5.0 (Windows NT 10.0; Win64; x64) AppleWebKit/537.36 (KHTML, like Gecko) Chrome/90.0.4430.85 Safari/537.36"
159.65.232.209 - - [08/Jun/2025:10:20:48 -0400] "GET /wp-includes/class-wp-block-editor-context.php HTTP/1.1" 200 0 "binance.com" "Mozilla/5.0 (Windows NT 10.0; Win64; x64) AppleWebKit/537.36 (KHTML, like Gecko) Chrome/90.0.4430.85 Safari/537.36"
159.65.232.209 - - [08/Jun/2025:10:20:53 -0400] "GET /wp-includes/class-wp-block-metadata-registry.php HTTP/1.1" 200 0 "binance.com" "Mozilla/5.0 (Windows NT 10.0; Win64; x64) AppleWebKit/537.36 (KHTML, like Gecko) Chrome/90.0.4430.85 Safari/537.36"
159.65.232.209 - - [08/Jun/2025:10:20:56 -0400] "GET /wp-includes/class-wp-block-parser-block.php HTTP/1.1" 200 0 "binance.com" "Mozilla/5.0 (Windows NT 10.0; Win64; x64) AppleWebKit/537.36 (KHTML, like Gecko) Chrome/90.0.4430.85 Safari/537.36"
114.119.156.33 - - [08/Jun/2025:10:21:04 -0400] "GET /tag/yours-to-claim-read/ HTTP/1.1" 200 67034 "https://w4.yours-toclaim.com/tag/yours-to-claim-lezhin-season-2/page/7/" "Mozilla/5.0 (Linux; Android 7.0;) AppleWebKit/537.36 (KHTML, like Gecko) Mobile Safari/537.36 (compatible; PetalBot;+https://webmaster.petalsearch.com/site/petalbot)"
159.65.232.209 - - [08/Jun/2025:10:21:13 -0400] "GET /wp-includes/class-wp-block-parser-frame.php HTTP/1.1" 200 0 "binance.com" "Mozilla/5.0 (Windows NT 10.0; Win64; x64) AppleWebKit/537.36 (KHTML, like Gecko) Chrome/90.0.4430.85 Safari/537.36"
159.65.232.209 - - [08/Jun/2025:10:21:18 -0400] "GET /wp-includes/class-wp-block-template.php HTTP/1.1" 200 0 "binance.com" "Mozilla/5.0 (Windows NT 10.0; Win64; x64) AppleWebKit/537.36 (KHTML, like Gecko) Chrome/90.0.4430.85 Safari/537.36"
159.65.232.209 - - [08/Jun/2025:10:21:26 -0400] "GET /wp-includes/class-wp-block-templates-registry.php HTTP/1.1" 200 0 "binance.com" "Mozilla/5.0 (Windows NT 10.0; Win64; x64) AppleWebKit/537.36 (KHTML, like Gecko) Chrome/90.0.4430.85 Safari/537.36"
159.65.232.209 - - [08/Jun/2025:10:21:30 -0400] "GET /wp-includes/class-wp-classic-to-block-menu-converter.php HTTP/1.1" 200 0 "binance.com" "Mozilla/5.0 (Windows NT 10.0; Win64; x64) AppleWebKit/537.36 (KHTML, like Gecko) Chrome/90.0.4430.85 Safari/537.36"
159.65.232.209 - - [08/Jun/2025:10:21:37 -0400] "GET /wp-includes/class-wp-dependencies.php HTTP/1.1" 200 0 "binance.com" "Mozilla/5.0 (Windows NT 10.0; Win64; x64) AppleWebKit/537.36 (KHTML, like Gecko) Chrome/90.0.4430.85 Safari/537.36"
159.65.232.209 - - [08/Jun/2025:10:21:39 -0400] "GET /wp-includes/class-wp-duotone.php HTTP/1.1" 200 0 "binance.com" "Mozilla/5.0 (Windows NT 10.0; Win64; x64) AppleWebKit/537.36 (KHTML, like Gecko) Chrome/90.0.4430.85 Safari/537.36"
159.65.232.209 - - [08/Jun/2025:10:21:44 -0400] "GET /wp-includes/class-wp-exception.php HTTP/1.1" 200 0 "binance.com" "Mozilla/5.0 (Windows NT 10.0; Win64; x64) AppleWebKit/537.36 (KHTML, like Gecko) Chrome/90.0.4430.85 Safari/537.36"
159.65.232.209 - - [08/Jun/2025:10:21:47 -0400] "GET /wp-includes/class-wp-http.php HTTP/1.1" 200 6 "binance.com" "Mozilla/5.0 (Windows NT 10.0; Win64; x64) AppleWebKit/537.36 (KHTML, like Gecko) Chrome/90.0.4430.85 Safari/537.36"
159.65.232.209 - - [08/Jun/2025:10:21:53 -0400] "GET /wp-includes/class-wp-navigation-fallback.php HTTP/1.1" 200 0 "binance.com" "Mozilla/5.0 (Windows NT 10.0; Win64; x64) AppleWebKit/537.36 (KHTML, like Gecko) Chrome/90.0.4430.85 Safari/537.36"
159.65.232.209 - - [08/Jun/2025:10:21:57 -0400] "GET /wp-includes/class-wp-phpmailer.php HTTP/1.1" 500 0 "binance.com" "Mozilla/5.0 (Windows NT 10.0; Win64; x64) AppleWebKit/537.36 (KHTML, like Gecko) Chrome/90.0.4430.85 Safari/537.36"
