66.249.68.128 - - [08/Jun/2025:17:28:40 -0400] "GET /tag/original/ HTTP/1.1" 200 67096 "-" "Mozilla/5.0 (Linux; Android 6.0.1; Nexus 5X Build/MMB29P) AppleWebKit/537.36 (KHTML, like Gecko) Chrome/136.0.7103.113 Mobile Safari/537.36 (compatible; Googlebot/2.1; +http://www.google.com/bot.html)"
162.0.232.193 - - [08/Jun/2025:17:28:46 -0400] "POST /wp-cron.php?doing_wp_cron=1749418126.1362040042877197265625 HTTP/1.1" 200 0 "-" "WordPress/6.8.1; https://w5.yours-toclaim.com"
196.251.85.177 - - [08/Jun/2025:17:28:31 -0400] "POST //xmlrpc.php HTTP/1.1" 200 205 "-" "Mozilla/5.0 (Windows NT 10.0; Win64; x64) AppleWebKit/537.36 (KHTML, like Gecko) Chrome/89.0.4389.114 Safari/537.36"
196.251.85.177 - - [08/Jun/2025:17:28:47 -0400] "POST //xmlrpc.php HTTP/1.1" 200 205 "-" "Mozilla/5.0 (Windows NT 10.0; Win64; x64) AppleWebKit/537.36 (KHTML, like Gecko) Chrome/89.0.4389.114 Safari/537.36"
162.0.232.193 - - [08/Jun/2025:17:29:16 -0400] "POST /wp-cron.php?doing_wp_cron=1749418156.2532429695129394531250 HTTP/1.1" 200 0 "-" "WordPress/6.8.1; https://w5.yours-toclaim.com"
196.251.85.177 - - [08/Jun/2025:17:29:00 -0400] "POST //xmlrpc.php HTTP/1.1" 200 205 "-" "Mozilla/5.0 (Windows NT 10.0; Win64; x64) AppleWebKit/537.36 (KHTML, like Gecko) Chrome/89.0.4389.114 Safari/537.36"
162.0.232.193 - - [08/Jun/2025:17:29:30 -0400] "POST /wp-cron.php?doing_wp_cron=1749418170.1587629318237304687500 HTTP/1.1" 200 0 "-" "WordPress/6.8.1; https://w5.yours-toclaim.com"
196.251.85.177 - - [08/Jun/2025:17:29:17 -0400] "POST //xmlrpc.php HTTP/1.1" 200 205 "-" "Mozilla/5.0 (Windows NT 10.0; Win64; x64) AppleWebKit/537.36 (KHTML, like Gecko) Chrome/89.0.4389.114 Safari/537.36"
162.0.232.193 - - [08/Jun/2025:17:29:45 -0400] "POST /wp-cron.php?doing_wp_cron=1749418185.2805149555206298828125 HTTP/1.1" 200 0 "-" "WordPress/6.8.1; https://w5.yours-toclaim.com"
196.251.85.177 - - [08/Jun/2025:17:29:31 -0400] "POST //xmlrpc.php HTTP/1.1" 200 205 "-" "Mozilla/5.0 (Windows NT 10.0; Win64; x64) AppleWebKit/537.36 (KHTML, like Gecko) Chrome/89.0.4389.114 Safari/537.36"
196.251.85.177 - - [08/Jun/2025:17:29:46 -0400] "POST //xmlrpc.php HTTP/1.1" 200 205 "-" "Mozilla/5.0 (Windows NT 10.0; Win64; x64) AppleWebKit/537.36 (KHTML, like Gecko) Chrome/89.0.4389.114 Safari/537.36"
162.0.232.193 - - [08/Jun/2025:17:30:15 -0400] "POST /wp-cron.php?doing_wp_cron=1749418215.3946280479431152343750 HTTP/1.1" 200 0 "-" "WordPress/6.8.1; https://w5.yours-toclaim.com"
196.251.85.177 - - [08/Jun/2025:17:30:01 -0400] "POST //xmlrpc.php HTTP/1.1" 200 205 "-" "Mozilla/5.0 (Windows NT 10.0; Win64; x64) AppleWebKit/537.36 (KHTML, like Gecko) Chrome/89.0.4389.114 Safari/537.36"
162.0.232.193 - - [08/Jun/2025:17:30:30 -0400] "POST /wp-cron.php?doing_wp_cron=1749418230.7119600772857666015625 HTTP/1.1" 200 0 "-" "WordPress/6.8.1; https://w5.yours-toclaim.com"
196.251.85.177 - - [08/Jun/2025:17:30:16 -0400] "POST //xmlrpc.php HTTP/1.1" 200 205 "-" "Mozilla/5.0 (Windows NT 10.0; Win64; x64) AppleWebKit/537.36 (KHTML, like Gecko) Chrome/89.0.4389.114 Safari/537.36"
162.0.232.193 - - [08/Jun/2025:17:30:45 -0400] "POST /wp-cron.php?doing_wp_cron=1749418245.7313690185546875000000 HTTP/1.1" 200 0 "-" "WordPress/6.8.1; https://w5.yours-toclaim.com"
196.251.85.177 - - [08/Jun/2025:17:30:31 -0400] "POST //xmlrpc.php HTTP/1.1" 200 205 "-" "Mozilla/5.0 (Windows NT 10.0; Win64; x64) AppleWebKit/537.36 (KHTML, like Gecko) Chrome/89.0.4389.114 Safari/537.36"
196.251.85.177 - - [08/Jun/2025:17:30:46 -0400] "POST //xmlrpc.php HTTP/1.1" 200 205 "-" "Mozilla/5.0 (Windows NT 10.0; Win64; x64) AppleWebKit/537.36 (KHTML, like Gecko) Chrome/89.0.4389.114 Safari/537.36"
162.0.232.193 - - [08/Jun/2025:17:31:15 -0400] "POST /wp-cron.php?doing_wp_cron=1749418275.7801990509033203125000 HTTP/1.1" 200 0 "-" "WordPress/6.8.1; https://w5.yours-toclaim.com"
196.251.85.177 - - [08/Jun/2025:17:31:01 -0400] "POST //xmlrpc.php HTTP/1.1" 200 205 "-" "Mozilla/5.0 (Windows NT 10.0; Win64; x64) AppleWebKit/537.36 (KHTML, like Gecko) Chrome/89.0.4389.114 Safari/537.36"
162.0.232.193 - - [08/Jun/2025:17:31:31 -0400] "POST /wp-cron.php?doing_wp_cron=1749418290.9164869785308837890625 HTTP/1.1" 200 0 "-" "WordPress/6.8.1; https://w5.yours-toclaim.com"
196.251.85.177 - - [08/Jun/2025:17:31:16 -0400] "POST //xmlrpc.php HTTP/1.1" 200 205 "-" "Mozilla/5.0 (Windows NT 10.0; Win64; x64) AppleWebKit/537.36 (KHTML, like Gecko) Chrome/89.0.4389.114 Safari/537.36"
162.0.232.193 - - [08/Jun/2025:17:31:46 -0400] "POST /wp-cron.php?doing_wp_cron=1749418305.9785819053649902343750 HTTP/1.1" 200 0 "-" "WordPress/6.8.1; https://w5.yours-toclaim.com"
196.251.85.177 - - [08/Jun/2025:17:31:31 -0400] "POST //xmlrpc.php HTTP/1.1" 200 205 "-" "Mozilla/5.0 (Windows NT 10.0; Win64; x64) AppleWebKit/537.36 (KHTML, like Gecko) Chrome/89.0.4389.114 Safari/537.36"
196.251.85.177 - - [08/Jun/2025:17:31:46 -0400] "POST //xmlrpc.php HTTP/1.1" 200 205 "-" "Mozilla/5.0 (Windows NT 10.0; Win64; x64) AppleWebKit/537.36 (KHTML, like Gecko) Chrome/89.0.4389.114 Safari/537.36"
162.0.232.193 - - [08/Jun/2025:17:32:16 -0400] "POST /wp-cron.php?doing_wp_cron=1749418336.4611520767211914062500 HTTP/1.1" 200 0 "-" "WordPress/6.8.1; https://w5.yours-toclaim.com"
196.251.85.177 - - [08/Jun/2025:17:32:01 -0400] "POST //xmlrpc.php HTTP/1.1" 200 205 "-" "Mozilla/5.0 (Windows NT 10.0; Win64; x64) AppleWebKit/537.36 (KHTML, like Gecko) Chrome/89.0.4389.114 Safari/537.36"
162.0.232.193 - - [08/Jun/2025:17:32:30 -0400] "POST /wp-cron.php?doing_wp_cron=1749418350.7111330032348632812500 HTTP/1.1" 200 0 "-" "WordPress/6.8.1; https://w5.yours-toclaim.com"
196.251.85.177 - - [08/Jun/2025:17:32:17 -0400] "POST //xmlrpc.php HTTP/1.1" 200 205 "-" "Mozilla/5.0 (Windows NT 10.0; Win64; x64) AppleWebKit/537.36 (KHTML, like Gecko) Chrome/89.0.4389.114 Safari/537.36"
162.0.232.193 - - [08/Jun/2025:17:32:46 -0400] "POST /wp-cron.php?doing_wp_cron=1749418365.9602410793304443359375 HTTP/1.1" 200 0 "-" "WordPress/6.8.1; https://w5.yours-toclaim.com"
196.251.85.177 - - [08/Jun/2025:17:32:31 -0400] "POST //xmlrpc.php HTTP/1.1" 200 205 "-" "Mozilla/5.0 (Windows NT 10.0; Win64; x64) AppleWebKit/537.36 (KHTML, like Gecko) Chrome/89.0.4389.114 Safari/537.36"
196.251.85.177 - - [08/Jun/2025:17:32:47 -0400] "POST //xmlrpc.php HTTP/1.1" 200 205 "-" "Mozilla/5.0 (Windows NT 10.0; Win64; x64) AppleWebKit/537.36 (KHTML, like Gecko) Chrome/89.0.4389.114 Safari/537.36"
162.0.232.193 - - [08/Jun/2025:17:33:16 -0400] "POST /wp-cron.php?doing_wp_cron=1749418396.1152470111846923828125 HTTP/1.1" 200 0 "-" "WordPress/6.8.1; https://w5.yours-toclaim.com"
196.251.85.177 - - [08/Jun/2025:17:33:00 -0400] "POST //xmlrpc.php HTTP/1.1" 200 205 "-" "Mozilla/5.0 (Windows NT 10.0; Win64; x64) AppleWebKit/537.36 (KHTML, like Gecko) Chrome/89.0.4389.114 Safari/537.36"
162.0.232.193 - - [08/Jun/2025:17:33:31 -0400] "POST /wp-cron.php?doing_wp_cron=1749418411.1458530426025390625000 HTTP/1.1" 200 0 "-" "WordPress/6.8.1; https://w5.yours-toclaim.com"
196.251.85.177 - - [08/Jun/2025:17:33:16 -0400] "POST //xmlrpc.php HTTP/1.1" 200 205 "-" "Mozilla/5.0 (Windows NT 10.0; Win64; x64) AppleWebKit/537.36 (KHTML, like Gecko) Chrome/89.0.4389.114 Safari/537.36"
162.0.232.193 - - [08/Jun/2025:17:33:46 -0400] "POST /wp-cron.php?doing_wp_cron=1749418426.2173969745635986328125 HTTP/1.1" 200 0 "-" "WordPress/6.8.1; https://w5.yours-toclaim.com"
196.251.85.177 - - [08/Jun/2025:17:33:31 -0400] "POST //xmlrpc.php HTTP/1.1" 200 205 "-" "Mozilla/5.0 (Windows NT 10.0; Win64; x64) AppleWebKit/537.36 (KHTML, like Gecko) Chrome/89.0.4389.114 Safari/537.36"
196.251.85.177 - - [08/Jun/2025:17:33:46 -0400] "POST //xmlrpc.php HTTP/1.1" 200 205 "-" "Mozilla/5.0 (Windows NT 10.0; Win64; x64) AppleWebKit/537.36 (KHTML, like Gecko) Chrome/89.0.4389.114 Safari/537.36"
162.0.232.193 - - [08/Jun/2025:17:34:16 -0400] "POST /wp-cron.php?doing_wp_cron=1749418456.0492789745330810546875 HTTP/1.1" 200 0 "-" "WordPress/6.8.1; https://w5.yours-toclaim.com"
196.251.85.177 - - [08/Jun/2025:17:34:01 -0400] "POST //xmlrpc.php HTTP/1.1" 200 205 "-" "Mozilla/5.0 (Windows NT 10.0; Win64; x64) AppleWebKit/537.36 (KHTML, like Gecko) Chrome/89.0.4389.114 Safari/537.36"
162.0.232.193 - - [08/Jun/2025:17:34:30 -0400] "POST /wp-cron.php?doing_wp_cron=1749418470.3904819488525390625000 HTTP/1.1" 200 0 "-" "WordPress/6.8.1; https://w5.yours-toclaim.com"
196.251.85.177 - - [08/Jun/2025:17:34:17 -0400] "POST //xmlrpc.php HTTP/1.1" 200 205 "-" "Mozilla/5.0 (Windows NT 10.0; Win64; x64) AppleWebKit/537.36 (KHTML, like Gecko) Chrome/89.0.4389.114 Safari/537.36"
162.0.232.193 - - [08/Jun/2025:17:34:45 -0400] "POST /wp-cron.php?doing_wp_cron=1749418485.3210339546203613281250 HTTP/1.1" 200 0 "-" "WordPress/6.8.1; https://w5.yours-toclaim.com"
196.251.85.177 - - [08/Jun/2025:17:34:31 -0400] "POST //xmlrpc.php HTTP/1.1" 200 205 "-" "Mozilla/5.0 (Windows NT 10.0; Win64; x64) AppleWebKit/537.36 (KHTML, like Gecko) Chrome/89.0.4389.114 Safari/537.36"
196.251.85.177 - - [08/Jun/2025:17:34:46 -0400] "POST //xmlrpc.php HTTP/1.1" 200 205 "-" "Mozilla/5.0 (Windows NT 10.0; Win64; x64) AppleWebKit/537.36 (KHTML, like Gecko) Chrome/89.0.4389.114 Safari/537.36"
162.0.232.193 - - [08/Jun/2025:17:35:15 -0400] "POST /wp-cron.php?doing_wp_cron=1749418515.9073328971862792968750 HTTP/1.1" 200 0 "-" "WordPress/6.8.1; https://w5.yours-toclaim.com"
196.251.85.177 - - [08/Jun/2025:17:35:00 -0400] "POST //xmlrpc.php HTTP/1.1" 200 205 "-" "Mozilla/5.0 (Windows NT 10.0; Win64; x64) AppleWebKit/537.36 (KHTML, like Gecko) Chrome/89.0.4389.114 Safari/537.36"
47.82.60.237 - - [08/Jun/2025:17:35:30 -0400] "GET /yours-to-claim/yours-to-claim-chapter-50/ HTTP/1.1" 200 56786 "https://w5.yours-toclaim.com/yours-to-claim/yours-to-claim-chapter-50/" "Mozilla/5.0 (Windows NT 10.0; Win64; x64) AppleWebKit/537.36 (KHTML, like Gecko) Chrome/114.0.0.0 Safari/537.36 Edg/114.0.1823.43"
162.0.232.193 - - [08/Jun/2025:17:35:30 -0400] "POST /wp-cron.php?doing_wp_cron=1749418530.7560029029846191406250 HTTP/1.1" 200 0 "-" "WordPress/6.8.1; https://w5.yours-toclaim.com"
196.251.85.177 - - [08/Jun/2025:17:35:16 -0400] "POST //xmlrpc.php HTTP/1.1" 200 205 "-" "Mozilla/5.0 (Windows NT 10.0; Win64; x64) AppleWebKit/537.36 (KHTML, like Gecko) Chrome/89.0.4389.114 Safari/537.36"
47.82.60.139 - - [08/Jun/2025:17:35:35 -0400] "GET /tag/chapters/page/5/ HTTP/1.1" 200 53450 "https://w5.yours-toclaim.com/tag/chapters/page/5/" "Mozilla/5.0 (Windows NT 10.0; Win64; x64) AppleWebKit/537.36 (KHTML, like Gecko) Chrome/114.0.0.0 Safari/537.36 Edg/114.0.1823.43"
162.0.232.193 - - [08/Jun/2025:17:35:46 -0400] "POST /wp-cron.php?doing_wp_cron=1749418545.8843860626220703125000 HTTP/1.1" 200 0 "-" "WordPress/6.8.1; https://w5.yours-toclaim.com"
196.251.85.177 - - [08/Jun/2025:17:35:31 -0400] "POST //xmlrpc.php HTTP/1.1" 200 205 "-" "Mozilla/5.0 (Windows NT 10.0; Win64; x64) AppleWebKit/537.36 (KHTML, like Gecko) Chrome/89.0.4389.114 Safari/537.36"
196.251.85.177 - - [08/Jun/2025:17:35:46 -0400] "POST //xmlrpc.php HTTP/1.1" 200 205 "-" "Mozilla/5.0 (Windows NT 10.0; Win64; x64) AppleWebKit/537.36 (KHTML, like Gecko) Chrome/89.0.4389.114 Safari/537.36"
162.0.232.193 - - [08/Jun/2025:17:36:15 -0400] "POST /wp-cron.php?doing_wp_cron=1749418575.6102900505065917968750 HTTP/1.1" 200 0 "-" "WordPress/6.8.1; https://w5.yours-toclaim.com"
196.251.85.177 - - [08/Jun/2025:17:36:01 -0400] "POST //xmlrpc.php HTTP/1.1" 200 205 "-" "Mozilla/5.0 (Windows NT 10.0; Win64; x64) AppleWebKit/537.36 (KHTML, like Gecko) Chrome/89.0.4389.114 Safari/537.36"
162.0.232.193 - - [08/Jun/2025:17:36:30 -0400] "POST /wp-cron.php?doing_wp_cron=1749418590.8157060146331787109375 HTTP/1.1" 200 0 "-" "WordPress/6.8.1; https://w5.yours-toclaim.com"
196.251.85.177 - - [08/Jun/2025:17:36:16 -0400] "POST //xmlrpc.php HTTP/1.1" 200 205 "-" "Mozilla/5.0 (Windows NT 10.0; Win64; x64) AppleWebKit/537.36 (KHTML, like Gecko) Chrome/89.0.4389.114 Safari/537.36"
162.0.232.193 - - [08/Jun/2025:17:36:45 -0400] "POST /wp-cron.php?doing_wp_cron=1749418605.5222599506378173828125 HTTP/1.1" 200 0 "-" "WordPress/6.8.1; https://w5.yours-toclaim.com"
196.251.85.177 - - [08/Jun/2025:17:36:31 -0400] "POST //xmlrpc.php HTTP/1.1" 200 205 "-" "Mozilla/5.0 (Windows NT 10.0; Win64; x64) AppleWebKit/537.36 (KHTML, like Gecko) Chrome/89.0.4389.114 Safari/537.36"
196.251.85.177 - - [08/Jun/2025:17:36:46 -0400] "POST //xmlrpc.php HTTP/1.1" 200 205 "-" "Mozilla/5.0 (Windows NT 10.0; Win64; x64) AppleWebKit/537.36 (KHTML, like Gecko) Chrome/89.0.4389.114 Safari/537.36"
162.0.232.193 - - [08/Jun/2025:17:37:15 -0400] "POST /wp-cron.php?doing_wp_cron=1749418635.3475821018218994140625 HTTP/1.1" 200 0 "-" "WordPress/6.8.1; https://w5.yours-toclaim.com"
196.251.85.177 - - [08/Jun/2025:17:37:01 -0400] "POST //xmlrpc.php HTTP/1.1" 200 205 "-" "Mozilla/5.0 (Windows NT 10.0; Win64; x64) AppleWebKit/537.36 (KHTML, like Gecko) Chrome/89.0.4389.114 Safari/537.36"
162.0.232.193 - - [08/Jun/2025:17:37:31 -0400] "POST /wp-cron.php?doing_wp_cron=1749418651.2725279331207275390625 HTTP/1.1" 200 0 "-" "WordPress/6.8.1; https://w5.yours-toclaim.com"
196.251.85.177 - - [08/Jun/2025:17:37:15 -0400] "POST //xmlrpc.php HTTP/1.1" 200 205 "-" "Mozilla/5.0 (Windows NT 10.0; Win64; x64) AppleWebKit/537.36 (KHTML, like Gecko) Chrome/89.0.4389.114 Safari/537.36"
162.0.232.193 - - [08/Jun/2025:17:37:46 -0400] "POST /wp-cron.php?doing_wp_cron=1749418666.1160640716552734375000 HTTP/1.1" 200 0 "-" "WordPress/6.8.1; https://w5.yours-toclaim.com"
196.251.85.177 - - [08/Jun/2025:17:37:31 -0400] "POST //xmlrpc.php HTTP/1.1" 200 205 "-" "Mozilla/5.0 (Windows NT 10.0; Win64; x64) AppleWebKit/537.36 (KHTML, like Gecko) Chrome/89.0.4389.114 Safari/537.36"
196.251.85.177 - - [08/Jun/2025:17:37:46 -0400] "POST //xmlrpc.php HTTP/1.1" 200 205 "-" "Mozilla/5.0 (Windows NT 10.0; Win64; x64) AppleWebKit/537.36 (KHTML, like Gecko) Chrome/89.0.4389.114 Safari/537.36"
162.0.232.193 - - [08/Jun/2025:17:38:15 -0400] "POST /wp-cron.php?doing_wp_cron=1749418695.6595840454101562500000 HTTP/1.1" 200 0 "-" "WordPress/6.8.1; https://w5.yours-toclaim.com"
196.251.85.177 - - [08/Jun/2025:17:38:01 -0400] "POST //xmlrpc.php HTTP/1.1" 200 205 "-" "Mozilla/5.0 (Windows NT 10.0; Win64; x64) AppleWebKit/537.36 (KHTML, like Gecko) Chrome/89.0.4389.114 Safari/537.36"
162.0.232.193 - - [08/Jun/2025:17:38:31 -0400] "POST /wp-cron.php?doing_wp_cron=1749418710.8453071117401123046875 HTTP/1.1" 200 0 "-" "WordPress/6.8.1; https://w5.yours-toclaim.com"
196.251.85.177 - - [08/Jun/2025:17:38:16 -0400] "POST //xmlrpc.php HTTP/1.1" 200 205 "-" "Mozilla/5.0 (Windows NT 10.0; Win64; x64) AppleWebKit/537.36 (KHTML, like Gecko) Chrome/89.0.4389.114 Safari/537.36"
162.0.232.193 - - [08/Jun/2025:17:38:45 -0400] "POST /wp-cron.php?doing_wp_cron=1749418725.4927449226379394531250 HTTP/1.1" 200 0 "-" "WordPress/6.8.1; https://w5.yours-toclaim.com"
196.251.85.177 - - [08/Jun/2025:17:38:31 -0400] "POST //xmlrpc.php HTTP/1.1" 200 205 "-" "Mozilla/5.0 (Windows NT 10.0; Win64; x64) AppleWebKit/537.36 (KHTML, like Gecko) Chrome/89.0.4389.114 Safari/537.36"
8.210.11.248 - - [08/Jun/2025:17:38:45 -0400] "GET /tag/yours-to-claim-lezhin/page/8/ HTTP/1.1" 200 97119 "https://w4.yours-toclaim.com/tag/yours-to-claim-lezhin/page/8/#content" "Mozilla/5.0 (Macintosh; Intel Mac OS X 10_15_7) AppleWebKit/537.36 (KHTML, like Gecko) Chrome/109.0.0.0 Safari/537.36"
196.251.85.177 - - [08/Jun/2025:17:38:46 -0400] "POST //xmlrpc.php HTTP/1.1" 200 205 "-" "Mozilla/5.0 (Windows NT 10.0; Win64; x64) AppleWebKit/537.36 (KHTML, like Gecko) Chrome/89.0.4389.114 Safari/537.36"
162.0.232.193 - - [08/Jun/2025:17:39:15 -0400] "POST /wp-cron.php?doing_wp_cron=1749418755.7043800354003906250000 HTTP/1.1" 200 0 "-" "WordPress/6.8.1; https://w5.yours-toclaim.com"
196.251.85.177 - - [08/Jun/2025:17:39:01 -0400] "POST //xmlrpc.php HTTP/1.1" 200 205 "-" "Mozilla/5.0 (Windows NT 10.0; Win64; x64) AppleWebKit/537.36 (KHTML, like Gecko) Chrome/89.0.4389.114 Safari/537.36"
162.0.232.193 - - [08/Jun/2025:17:39:30 -0400] "POST /wp-cron.php?doing_wp_cron=1749418770.6850268840789794921875 HTTP/1.1" 200 0 "-" "WordPress/6.8.1; https://w5.yours-toclaim.com"
196.251.85.177 - - [08/Jun/2025:17:39:16 -0400] "POST //xmlrpc.php HTTP/1.1" 200 205 "-" "Mozilla/5.0 (Windows NT 10.0; Win64; x64) AppleWebKit/537.36 (KHTML, like Gecko) Chrome/89.0.4389.114 Safari/537.36"
162.0.232.193 - - [08/Jun/2025:17:39:46 -0400] "POST /wp-cron.php?doing_wp_cron=1749418786.0224859714508056640625 HTTP/1.1" 200 0 "-" "WordPress/6.8.1; https://w5.yours-toclaim.com"
196.251.85.177 - - [08/Jun/2025:17:39:31 -0400] "POST //xmlrpc.php HTTP/1.1" 200 205 "-" "Mozilla/5.0 (Windows NT 10.0; Win64; x64) AppleWebKit/537.36 (KHTML, like Gecko) Chrome/89.0.4389.114 Safari/537.36"
196.251.85.177 - - [08/Jun/2025:17:39:46 -0400] "POST //xmlrpc.php HTTP/1.1" 200 205 "-" "Mozilla/5.0 (Windows NT 10.0; Win64; x64) AppleWebKit/537.36 (KHTML, like Gecko) Chrome/89.0.4389.114 Safari/537.36"
162.0.232.193 - - [08/Jun/2025:17:40:15 -0400] "POST /wp-cron.php?doing_wp_cron=1749418815.8074049949645996093750 HTTP/1.1" 200 0 "-" "WordPress/6.8.1; https://w5.yours-toclaim.com"
196.251.85.177 - - [08/Jun/2025:17:40:01 -0400] "POST //xmlrpc.php HTTP/1.1" 200 205 "-" "Mozilla/5.0 (Windows NT 10.0; Win64; x64) AppleWebKit/537.36 (KHTML, like Gecko) Chrome/89.0.4389.114 Safari/537.36"
162.0.232.193 - - [08/Jun/2025:17:40:30 -0400] "POST /wp-cron.php?doing_wp_cron=1749418830.7927150726318359375000 HTTP/1.1" 200 0 "-" "WordPress/6.8.1; https://w5.yours-toclaim.com"
196.251.85.177 - - [08/Jun/2025:17:40:16 -0400] "POST //xmlrpc.php HTTP/1.1" 200 205 "-" "Mozilla/5.0 (Windows NT 10.0; Win64; x64) AppleWebKit/537.36 (KHTML, like Gecko) Chrome/89.0.4389.114 Safari/537.36"
162.0.232.193 - - [08/Jun/2025:17:40:45 -0400] "POST /wp-cron.php?doing_wp_cron=1749418845.8481459617614746093750 HTTP/1.1" 200 0 "-" "WordPress/6.8.1; https://w5.yours-toclaim.com"
196.251.85.177 - - [08/Jun/2025:17:40:31 -0400] "POST //xmlrpc.php HTTP/1.1" 200 205 "-" "Mozilla/5.0 (Windows NT 10.0; Win64; x64) AppleWebKit/537.36 (KHTML, like Gecko) Chrome/89.0.4389.114 Safari/537.36"
196.251.85.177 - - [08/Jun/2025:17:40:46 -0400] "POST //xmlrpc.php HTTP/1.1" 200 205 "-" "Mozilla/5.0 (Windows NT 10.0; Win64; x64) AppleWebKit/537.36 (KHTML, like Gecko) Chrome/89.0.4389.114 Safari/537.36"
162.0.232.193 - - [08/Jun/2025:17:41:15 -0400] "POST /wp-cron.php?doing_wp_cron=1749418875.4504458904266357421875 HTTP/1.1" 200 0 "-" "WordPress/6.8.1; https://w5.yours-toclaim.com"
196.251.85.177 - - [08/Jun/2025:17:41:01 -0400] "POST //xmlrpc.php HTTP/1.1" 200 205 "-" "Mozilla/5.0 (Windows NT 10.0; Win64; x64) AppleWebKit/537.36 (KHTML, like Gecko) Chrome/89.0.4389.114 Safari/537.36"
162.0.232.193 - - [08/Jun/2025:17:41:30 -0400] "POST /wp-cron.php?doing_wp_cron=1749418890.4600009918212890625000 HTTP/1.1" 200 0 "-" "WordPress/6.8.1; https://w5.yours-toclaim.com"
196.251.85.177 - - [08/Jun/2025:17:41:16 -0400] "POST //xmlrpc.php HTTP/1.1" 200 205 "-" "Mozilla/5.0 (Windows NT 10.0; Win64; x64) AppleWebKit/537.36 (KHTML, like Gecko) Chrome/89.0.4389.114 Safari/537.36"
162.0.232.193 - - [08/Jun/2025:17:41:45 -0400] "POST /wp-cron.php?doing_wp_cron=1749418905.4219350814819335937500 HTTP/1.1" 200 0 "-" "WordPress/6.8.1; https://w5.yours-toclaim.com"
196.251.85.177 - - [08/Jun/2025:17:41:31 -0400] "POST //xmlrpc.php HTTP/1.1" 200 205 "-" "Mozilla/5.0 (Windows NT 10.0; Win64; x64) AppleWebKit/537.36 (KHTML, like Gecko) Chrome/89.0.4389.114 Safari/537.36"
114.119.133.208 - - [08/Jun/2025:17:41:52 -0400] "GET /yours-to-claim/yours-to-claim-chapter-78/ HTTP/1.1" 200 42414 "https://yours-toclaim.com/yours-to-claim-chapter-22/" "Mozilla/5.0 (Linux; Android 7.0;) AppleWebKit/537.36 (KHTML, like Gecko) Mobile Safari/537.36 (compatible; PetalBot;+https://webmaster.petalsearch.com/site/petalbot)"
196.251.85.177 - - [08/Jun/2025:17:41:46 -0400] "POST //xmlrpc.php HTTP/1.1" 200 205 "-" "Mozilla/5.0 (Windows NT 10.0; Win64; x64) AppleWebKit/537.36 (KHTML, like Gecko) Chrome/89.0.4389.114 Safari/537.36"
162.0.232.193 - - [08/Jun/2025:17:42:15 -0400] "POST /wp-cron.php?doing_wp_cron=1749418935.7432711124420166015625 HTTP/1.1" 200 0 "-" "WordPress/6.8.1; https://w5.yours-toclaim.com"
196.251.85.177 - - [08/Jun/2025:17:42:00 -0400] "POST //xmlrpc.php HTTP/1.1" 200 205 "-" "Mozilla/5.0 (Windows NT 10.0; Win64; x64) AppleWebKit/537.36 (KHTML, like Gecko) Chrome/89.0.4389.114 Safari/537.36"
162.0.232.193 - - [08/Jun/2025:17:42:30 -0400] "POST /wp-cron.php?doing_wp_cron=1749418950.5302178859710693359375 HTTP/1.1" 200 0 "-" "WordPress/6.8.1; https://w5.yours-toclaim.com"
196.251.85.177 - - [08/Jun/2025:17:42:16 -0400] "POST //xmlrpc.php HTTP/1.1" 200 205 "-" "Mozilla/5.0 (Windows NT 10.0; Win64; x64) AppleWebKit/537.36 (KHTML, like Gecko) Chrome/89.0.4389.114 Safari/537.36"
216.73.216.15 - - [08/Jun/2025:17:42:39 -0400] "GET /sitemap_index.xml HTTP/1.1" 200 293 "-" "Mozilla/5.0 AppleWebKit/537.36 (KHTML, like Gecko; compatible; ClaudeBot/1.0; [email protected])"
162.0.232.193 - - [08/Jun/2025:17:42:45 -0400] "POST /wp-cron.php?doing_wp_cron=1749418965.3331949710845947265625 HTTP/1.1" 200 0 "-" "WordPress/6.8.1; https://w5.yours-toclaim.com"
196.251.85.177 - - [08/Jun/2025:17:42:31 -0400] "POST //xmlrpc.php HTTP/1.1" 200 205 "-" "Mozilla/5.0 (Windows NT 10.0; Win64; x64) AppleWebKit/537.36 (KHTML, like Gecko) Chrome/89.0.4389.114 Safari/537.36"
196.251.85.177 - - [08/Jun/2025:17:42:45 -0400] "POST //xmlrpc.php HTTP/1.1" 200 205 "-" "Mozilla/5.0 (Windows NT 10.0; Win64; x64) AppleWebKit/537.36 (KHTML, like Gecko) Chrome/89.0.4389.114 Safari/537.36"
162.0.232.193 - - [08/Jun/2025:17:43:15 -0400] "POST /wp-cron.php?doing_wp_cron=1749418995.7016038894653320312500 HTTP/1.1" 200 0 "-" "WordPress/6.8.1; https://w5.yours-toclaim.com"
196.251.85.177 - - [08/Jun/2025:17:43:01 -0400] "POST //xmlrpc.php HTTP/1.1" 200 205 "-" "Mozilla/5.0 (Windows NT 10.0; Win64; x64) AppleWebKit/537.36 (KHTML, like Gecko) Chrome/89.0.4389.114 Safari/537.36"
114.119.132.58 - - [08/Jun/2025:17:43:29 -0400] "GET /tag/yahwi/ HTTP/1.1" 200 67393 "https://w4.yours-toclaim.com/tag/yours-to-claim-lezhin-season-2/page/7/" "Mozilla/5.0 (Linux; Android 7.0;) AppleWebKit/537.36 (KHTML, like Gecko) Mobile Safari/537.36 (compatible; PetalBot;+https://webmaster.petalsearch.com/site/petalbot)"
162.0.232.193 - - [08/Jun/2025:17:43:30 -0400] "POST /wp-cron.php?doing_wp_cron=1749419010.6941449642181396484375 HTTP/1.1" 200 0 "-" "WordPress/6.8.1; https://w5.yours-toclaim.com"
196.251.85.177 - - [08/Jun/2025:17:43:16 -0400] "POST //xmlrpc.php HTTP/1.1" 200 205 "-" "Mozilla/5.0 (Windows NT 10.0; Win64; x64) AppleWebKit/537.36 (KHTML, like Gecko) Chrome/89.0.4389.114 Safari/537.36"
162.0.232.193 - - [08/Jun/2025:17:43:45 -0400] "POST /wp-cron.php?doing_wp_cron=1749419025.6941900253295898437500 HTTP/1.1" 200 0 "-" "WordPress/6.8.1; https://w5.yours-toclaim.com"
196.251.85.177 - - [08/Jun/2025:17:43:31 -0400] "POST //xmlrpc.php HTTP/1.1" 200 205 "-" "Mozilla/5.0 (Windows NT 10.0; Win64; x64) AppleWebKit/537.36 (KHTML, like Gecko) Chrome/89.0.4389.114 Safari/537.36"
196.251.85.177 - - [08/Jun/2025:17:43:46 -0400] "POST //xmlrpc.php HTTP/1.1" 200 205 "-" "Mozilla/5.0 (Windows NT 10.0; Win64; x64) AppleWebKit/537.36 (KHTML, like Gecko) Chrome/89.0.4389.114 Safari/537.36"
162.0.232.193 - - [08/Jun/2025:17:44:15 -0400] "POST /wp-cron.php?doing_wp_cron=1749419055.4476308822631835937500 HTTP/1.1" 200 0 "-" "WordPress/6.8.1; https://w5.yours-toclaim.com"
196.251.85.177 - - [08/Jun/2025:17:44:01 -0400] "POST //xmlrpc.php HTTP/1.1" 200 205 "-" "Mozilla/5.0 (Windows NT 10.0; Win64; x64) AppleWebKit/537.36 (KHTML, like Gecko) Chrome/89.0.4389.114 Safari/537.36"
162.0.232.193 - - [08/Jun/2025:17:44:30 -0400] "POST /wp-cron.php?doing_wp_cron=1749419070.4652409553527832031250 HTTP/1.1" 200 0 "-" "WordPress/6.8.1; https://w5.yours-toclaim.com"
196.251.85.177 - - [08/Jun/2025:17:44:16 -0400] "POST //xmlrpc.php HTTP/1.1" 200 205 "-" "Mozilla/5.0 (Windows NT 10.0; Win64; x64) AppleWebKit/537.36 (KHTML, like Gecko) Chrome/89.0.4389.114 Safari/537.36"
162.0.232.193 - - [08/Jun/2025:17:44:45 -0400] "POST /wp-cron.php?doing_wp_cron=1749419085.1922979354858398437500 HTTP/1.1" 200 0 "-" "WordPress/6.8.1; https://w5.yours-toclaim.com"
196.251.85.177 - - [08/Jun/2025:17:44:31 -0400] "POST //xmlrpc.php HTTP/1.1" 200 205 "-" "Mozilla/5.0 (Windows NT 10.0; Win64; x64) AppleWebKit/537.36 (KHTML, like Gecko) Chrome/89.0.4389.114 Safari/537.36"
196.251.85.177 - - [08/Jun/2025:17:44:45 -0400] "POST //xmlrpc.php HTTP/1.1" 200 205 "-" "Mozilla/5.0 (Windows NT 10.0; Win64; x64) AppleWebKit/537.36 (KHTML, like Gecko) Chrome/89.0.4389.114 Safari/537.36"
162.0.232.193 - - [08/Jun/2025:17:45:15 -0400] "POST /wp-cron.php?doing_wp_cron=1749419115.7370779514312744140625 HTTP/1.1" 200 0 "-" "WordPress/6.8.1; https://w5.yours-toclaim.com"
196.251.85.177 - - [08/Jun/2025:17:45:01 -0400] "POST //xmlrpc.php HTTP/1.1" 200 205 "-" "Mozilla/5.0 (Windows NT 10.0; Win64; x64) AppleWebKit/537.36 (KHTML, like Gecko) Chrome/89.0.4389.114 Safari/537.36"
162.0.232.193 - - [08/Jun/2025:17:45:30 -0400] "POST /wp-cron.php?doing_wp_cron=1749419130.6373450756072998046875 HTTP/1.1" 200 0 "-" "WordPress/6.8.1; https://w5.yours-toclaim.com"
196.251.85.177 - - [08/Jun/2025:17:45:16 -0400] "POST //xmlrpc.php HTTP/1.1" 200 205 "-" "Mozilla/5.0 (Windows NT 10.0; Win64; x64) AppleWebKit/537.36 (KHTML, like Gecko) Chrome/89.0.4389.114 Safari/537.36"
162.0.232.193 - - [08/Jun/2025:17:45:45 -0400] "POST /wp-cron.php?doing_wp_cron=1749419145.6504669189453125000000 HTTP/1.1" 200 0 "-" "WordPress/6.8.1; https://w5.yours-toclaim.com"
196.251.85.177 - - [08/Jun/2025:17:45:31 -0400] "POST //xmlrpc.php HTTP/1.1" 200 205 "-" "Mozilla/5.0 (Windows NT 10.0; Win64; x64) AppleWebKit/537.36 (KHTML, like Gecko) Chrome/89.0.4389.114 Safari/537.36"
196.251.85.177 - - [08/Jun/2025:17:45:46 -0400] "POST //xmlrpc.php HTTP/1.1" 200 205 "-" "Mozilla/5.0 (Windows NT 10.0; Win64; x64) AppleWebKit/537.36 (KHTML, like Gecko) Chrome/89.0.4389.114 Safari/537.36"
162.0.232.193 - - [08/Jun/2025:17:46:15 -0400] "POST /wp-cron.php?doing_wp_cron=1749419175.4339199066162109375000 HTTP/1.1" 200 0 "-" "WordPress/6.8.1; https://w5.yours-toclaim.com"
196.251.85.177 - - [08/Jun/2025:17:46:01 -0400] "POST //xmlrpc.php HTTP/1.1" 200 205 "-" "Mozilla/5.0 (Windows NT 10.0; Win64; x64) AppleWebKit/537.36 (KHTML, like Gecko) Chrome/89.0.4389.114 Safari/537.36"
162.0.232.193 - - [08/Jun/2025:17:46:30 -0400] "POST /wp-cron.php?doing_wp_cron=1749419190.5842909812927246093750 HTTP/1.1" 200 0 "-" "WordPress/6.8.1; https://w5.yours-toclaim.com"
196.251.85.177 - - [08/Jun/2025:17:46:16 -0400] "POST //xmlrpc.php HTTP/1.1" 200 205 "-" "Mozilla/5.0 (Windows NT 10.0; Win64; x64) AppleWebKit/537.36 (KHTML, like Gecko) Chrome/89.0.4389.114 Safari/537.36"
162.0.232.193 - - [08/Jun/2025:17:46:45 -0400] "POST /wp-cron.php?doing_wp_cron=1749419205.7451229095458984375000 HTTP/1.1" 200 0 "-" "WordPress/6.8.1; https://w5.yours-toclaim.com"
196.251.85.177 - - [08/Jun/2025:17:46:31 -0400] "POST //xmlrpc.php HTTP/1.1" 200 205 "-" "Mozilla/5.0 (Windows NT 10.0; Win64; x64) AppleWebKit/537.36 (KHTML, like Gecko) Chrome/89.0.4389.114 Safari/537.36"
196.251.85.177 - - [08/Jun/2025:17:46:46 -0400] "POST //xmlrpc.php HTTP/1.1" 200 205 "-" "Mozilla/5.0 (Windows NT 10.0; Win64; x64) AppleWebKit/537.36 (KHTML, like Gecko) Chrome/89.0.4389.114 Safari/537.36"
162.0.232.193 - - [08/Jun/2025:17:47:15 -0400] "POST /wp-cron.php?doing_wp_cron=1749419235.2188758850097656250000 HTTP/1.1" 200 0 "-" "WordPress/6.8.1; https://w5.yours-toclaim.com"
196.251.85.177 - - [08/Jun/2025:17:47:01 -0400] "POST //xmlrpc.php HTTP/1.1" 200 205 "-" "Mozilla/5.0 (Windows NT 10.0; Win64; x64) AppleWebKit/537.36 (KHTML, like Gecko) Chrome/89.0.4389.114 Safari/537.36"
162.0.232.193 - - [08/Jun/2025:17:47:30 -0400] "POST /wp-cron.php?doing_wp_cron=1749419250.1788170337677001953125 HTTP/1.1" 200 0 "-" "WordPress/6.8.1; https://w5.yours-toclaim.com"
196.251.85.177 - - [08/Jun/2025:17:47:16 -0400] "POST //xmlrpc.php HTTP/1.1" 200 205 "-" "Mozilla/5.0 (Windows NT 10.0; Win64; x64) AppleWebKit/537.36 (KHTML, like Gecko) Chrome/89.0.4389.114 Safari/537.36"
162.0.232.193 - - [08/Jun/2025:17:47:45 -0400] "POST /wp-cron.php?doing_wp_cron=1749419265.1519010066986083984375 HTTP/1.1" 200 0 "-" "WordPress/6.8.1; https://w5.yours-toclaim.com"
196.251.85.177 - - [08/Jun/2025:17:47:31 -0400] "POST //xmlrpc.php HTTP/1.1" 200 205 "-" "Mozilla/5.0 (Windows NT 10.0; Win64; x64) AppleWebKit/537.36 (KHTML, like Gecko) Chrome/89.0.4389.114 Safari/537.36"
196.251.85.177 - - [08/Jun/2025:17:47:45 -0400] "POST //xmlrpc.php HTTP/1.1" 200 205 "-" "Mozilla/5.0 (Windows NT 10.0; Win64; x64) AppleWebKit/537.36 (KHTML, like Gecko) Chrome/89.0.4389.114 Safari/537.36"
2a03:2880:f800:a:: - - [08/Jun/2025:17:48:06 -0400] "GET /tag/yours-to-claim/page/5/ HTTP/1.1" 200 53444 "-" "meta-externalagent/1.1 (+https://developers.facebook.com/docs/sharing/webmasters/crawler)"
162.0.232.193 - - [08/Jun/2025:17:48:15 -0400] "POST /wp-cron.php?doing_wp_cron=1749419295.7391738891601562500000 HTTP/1.1" 200 0 "-" "WordPress/6.8.1; https://w5.yours-toclaim.com"
196.251.85.177 - - [08/Jun/2025:17:48:01 -0400] "POST //xmlrpc.php HTTP/1.1" 200 205 "-" "Mozilla/5.0 (Windows NT 10.0; Win64; x64) AppleWebKit/537.36 (KHTML, like Gecko) Chrome/89.0.4389.114 Safari/537.36"
162.0.232.193 - - [08/Jun/2025:17:48:30 -0400] "POST /wp-cron.php?doing_wp_cron=1749419310.6781001091003417968750 HTTP/1.1" 200 0 "-" "WordPress/6.8.1; https://w5.yours-toclaim.com"
196.251.85.177 - - [08/Jun/2025:17:48:16 -0400] "POST //xmlrpc.php HTTP/1.1" 200 205 "-" "Mozilla/5.0 (Windows NT 10.0; Win64; x64) AppleWebKit/537.36 (KHTML, like Gecko) Chrome/89.0.4389.114 Safari/537.36"
162.0.232.193 - - [08/Jun/2025:17:48:45 -0400] "POST /wp-cron.php?doing_wp_cron=1749419325.7953560352325439453125 HTTP/1.1" 200 0 "-" "WordPress/6.8.1; https://w5.yours-toclaim.com"
196.251.85.177 - - [08/Jun/2025:17:48:31 -0400] "POST //xmlrpc.php HTTP/1.1" 200 205 "-" "Mozilla/5.0 (Windows NT 10.0; Win64; x64) AppleWebKit/537.36 (KHTML, like Gecko) Chrome/89.0.4389.114 Safari/537.36"
196.251.85.177 - - [08/Jun/2025:17:48:46 -0400] "POST //xmlrpc.php HTTP/1.1" 200 205 "-" "Mozilla/5.0 (Windows NT 10.0; Win64; x64) AppleWebKit/537.36 (KHTML, like Gecko) Chrome/89.0.4389.114 Safari/537.36"
162.0.232.193 - - [08/Jun/2025:17:49:15 -0400] "POST /wp-cron.php?doing_wp_cron=1749419355.7801020145416259765625 HTTP/1.1" 200 0 "-" "WordPress/6.8.1; https://w5.yours-toclaim.com"
196.251.85.177 - - [08/Jun/2025:17:49:01 -0400] "POST //xmlrpc.php HTTP/1.1" 200 205 "-" "Mozilla/5.0 (Windows NT 10.0; Win64; x64) AppleWebKit/537.36 (KHTML, like Gecko) Chrome/89.0.4389.114 Safari/537.36"
162.0.232.193 - - [08/Jun/2025:17:49:30 -0400] "POST /wp-cron.php?doing_wp_cron=1749419370.6920208930969238281250 HTTP/1.1" 200 0 "-" "WordPress/6.8.1; https://w5.yours-toclaim.com"
196.251.85.177 - - [08/Jun/2025:17:49:16 -0400] "POST //xmlrpc.php HTTP/1.1" 200 205 "-" "Mozilla/5.0 (Windows NT 10.0; Win64; x64) AppleWebKit/537.36 (KHTML, like Gecko) Chrome/89.0.4389.114 Safari/537.36"
162.0.232.193 - - [08/Jun/2025:17:49:45 -0400] "POST /wp-cron.php?doing_wp_cron=1749419385.5454099178314208984375 HTTP/1.1" 200 0 "-" "WordPress/6.8.1; https://w5.yours-toclaim.com"
196.251.85.177 - - [08/Jun/2025:17:49:31 -0400] "POST //xmlrpc.php HTTP/1.1" 200 205 "-" "Mozilla/5.0 (Windows NT 10.0; Win64; x64) AppleWebKit/537.36 (KHTML, like Gecko) Chrome/89.0.4389.114 Safari/537.36"
196.251.85.177 - - [08/Jun/2025:17:49:46 -0400] "POST //xmlrpc.php HTTP/1.1" 200 205 "-" "Mozilla/5.0 (Windows NT 10.0; Win64; x64) AppleWebKit/537.36 (KHTML, like Gecko) Chrome/89.0.4389.114 Safari/537.36"
162.0.232.193 - - [08/Jun/2025:17:50:16 -0400] "POST /wp-cron.php?doing_wp_cron=1749419416.0318861007690429687500 HTTP/1.1" 200 0 "-" "WordPress/6.8.1; https://w5.yours-toclaim.com"
196.251.85.177 - - [08/Jun/2025:17:50:00 -0400] "POST //xmlrpc.php HTTP/1.1" 200 205 "-" "Mozilla/5.0 (Windows NT 10.0; Win64; x64) AppleWebKit/537.36 (KHTML, like Gecko) Chrome/89.0.4389.114 Safari/537.36"
162.0.232.193 - - [08/Jun/2025:17:50:30 -0400] "POST /wp-cron.php?doing_wp_cron=1749419430.2949759960174560546875 HTTP/1.1" 200 0 "-" "WordPress/6.8.1; https://w5.yours-toclaim.com"
196.251.85.177 - - [08/Jun/2025:17:50:17 -0400] "POST //xmlrpc.php HTTP/1.1" 200 205 "-" "Mozilla/5.0 (Windows NT 10.0; Win64; x64) AppleWebKit/537.36 (KHTML, like Gecko) Chrome/89.0.4389.114 Safari/537.36"
134.17.14.12 - - [08/Jun/2025:17:50:41 -0400] "GET /style2.php HTTP/1.1" 301 0 "-" "Mozilla/4.0 (compatible; MSIE 6.0; Windows NT 5.1; SV1)"
134.17.14.12 - - [08/Jun/2025:17:50:42 -0400] "GET / HTTP/1.1" 200 37315 "-" "Mozilla/4.0 (compatible; MSIE 6.0; Windows NT 5.1; SV1)"
162.0.232.193 - - [08/Jun/2025:17:50:45 -0400] "POST /wp-cron.php?doing_wp_cron=1749419445.3301389217376708984375 HTTP/1.1" 200 0 "-" "WordPress/6.8.1; https://w5.yours-toclaim.com"
196.251.85.177 - - [08/Jun/2025:17:50:31 -0400] "POST //xmlrpc.php HTTP/1.1" 200 205 "-" "Mozilla/5.0 (Windows NT 10.0; Win64; x64) AppleWebKit/537.36 (KHTML, like Gecko) Chrome/89.0.4389.114 Safari/537.36"
196.251.85.177 - - [08/Jun/2025:17:50:46 -0400] "POST //xmlrpc.php HTTP/1.1" 200 205 "-" "Mozilla/5.0 (Windows NT 10.0; Win64; x64) AppleWebKit/537.36 (KHTML, like Gecko) Chrome/89.0.4389.114 Safari/537.36"
162.0.232.193 - - [08/Jun/2025:17:51:16 -0400] "POST /wp-cron.php?doing_wp_cron=1749419475.9652519226074218750000 HTTP/1.1" 200 0 "-" "WordPress/6.8.1; https://w5.yours-toclaim.com"
196.251.85.177 - - [08/Jun/2025:17:51:00 -0400] "POST //xmlrpc.php HTTP/1.1" 200 205 "-" "Mozilla/5.0 (Windows NT 10.0; Win64; x64) AppleWebKit/537.36 (KHTML, like Gecko) Chrome/89.0.4389.114 Safari/537.36"
162.0.232.193 - - [08/Jun/2025:17:51:31 -0400] "POST /wp-cron.php?doing_wp_cron=1749419490.8572719097137451171875 HTTP/1.1" 200 0 "-" "WordPress/6.8.1; https://w5.yours-toclaim.com"
196.251.85.177 - - [08/Jun/2025:17:51:16 -0400] "POST //xmlrpc.php HTTP/1.1" 200 205 "-" "Mozilla/5.0 (Windows NT 10.0; Win64; x64) AppleWebKit/537.36 (KHTML, like Gecko) Chrome/89.0.4389.114 Safari/537.36"
162.0.232.193 - - [08/Jun/2025:17:51:46 -0400] "POST /wp-cron.php?doing_wp_cron=1749419506.2897639274597167968750 HTTP/1.1" 200 0 "-" "WordPress/6.8.1; https://w5.yours-toclaim.com"
196.251.85.177 - - [08/Jun/2025:17:51:31 -0400] "POST //xmlrpc.php HTTP/1.1" 200 205 "-" "Mozilla/5.0 (Windows NT 10.0; Win64; x64) AppleWebKit/537.36 (KHTML, like Gecko) Chrome/89.0.4389.114 Safari/537.36"
196.251.85.177 - - [08/Jun/2025:17:51:47 -0400] "POST //xmlrpc.php HTTP/1.1" 200 205 "-" "Mozilla/5.0 (Windows NT 10.0; Win64; x64) AppleWebKit/537.36 (KHTML, like Gecko) Chrome/89.0.4389.114 Safari/537.36"
162.0.232.193 - - [08/Jun/2025:17:52:15 -0400] "POST /wp-cron.php?doing_wp_cron=1749419535.7301390171051025390625 HTTP/1.1" 200 0 "-" "WordPress/6.8.1; https://w5.yours-toclaim.com"
196.251.85.177 - - [08/Jun/2025:17:52:01 -0400] "POST //xmlrpc.php HTTP/1.1" 200 205 "-" "Mozilla/5.0 (Windows NT 10.0; Win64; x64) AppleWebKit/537.36 (KHTML, like Gecko) Chrome/89.0.4389.114 Safari/537.36"
162.0.232.193 - - [08/Jun/2025:17:52:31 -0400] "POST /wp-cron.php?doing_wp_cron=1749419550.9573199748992919921875 HTTP/1.1" 200 0 "-" "WordPress/6.8.1; https://w5.yours-toclaim.com"
196.251.85.177 - - [08/Jun/2025:17:52:16 -0400] "POST //xmlrpc.php HTTP/1.1" 200 205 "-" "Mozilla/5.0 (Windows NT 10.0; Win64; x64) AppleWebKit/537.36 (KHTML, like Gecko) Chrome/89.0.4389.114 Safari/537.36"
162.0.232.193 - - [08/Jun/2025:17:52:46 -0400] "POST /wp-cron.php?doing_wp_cron=1749419565.9215750694274902343750 HTTP/1.1" 200 0 "-" "WordPress/6.8.1; https://w5.yours-toclaim.com"
196.251.85.177 - - [08/Jun/2025:17:52:31 -0400] "POST //xmlrpc.php HTTP/1.1" 200 205 "-" "Mozilla/5.0 (Windows NT 10.0; Win64; x64) AppleWebKit/537.36 (KHTML, like Gecko) Chrome/89.0.4389.114 Safari/537.36"
196.251.85.177 - - [08/Jun/2025:17:52:46 -0400] "POST //xmlrpc.php HTTP/1.1" 200 205 "-" "Mozilla/5.0 (Windows NT 10.0; Win64; x64) AppleWebKit/537.36 (KHTML, like Gecko) Chrome/89.0.4389.114 Safari/537.36"
144.76.32.246 - - [08/Jun/2025:17:53:02 -0400] "GET / HTTP/1.1" 200 37383 "-" "Mozilla/5.0 (compatible; BLEXBot/1.0; +https://help.seranking.com/en/blex-crawler)"
162.0.232.193 - - [08/Jun/2025:17:53:15 -0400] "POST /wp-cron.php?doing_wp_cron=1749419595.6682200431823730468750 HTTP/1.1" 200 0 "-" "WordPress/6.8.1; https://w5.yours-toclaim.com"
196.251.85.177 - - [08/Jun/2025:17:53:01 -0400] "POST //xmlrpc.php HTTP/1.1" 200 205 "-" "Mozilla/5.0 (Windows NT 10.0; Win64; x64) AppleWebKit/537.36 (KHTML, like Gecko) Chrome/89.0.4389.114 Safari/537.36"
162.0.232.193 - - [08/Jun/2025:17:53:30 -0400] "POST /wp-cron.php?doing_wp_cron=1749419610.5444669723510742187500 HTTP/1.1" 200 0 "-" "WordPress/6.8.1; https://w5.yours-toclaim.com"
196.251.85.177 - - [08/Jun/2025:17:53:16 -0400] "POST //xmlrpc.php HTTP/1.1" 200 205 "-" "Mozilla/5.0 (Windows NT 10.0; Win64; x64) AppleWebKit/537.36 (KHTML, like Gecko) Chrome/89.0.4389.114 Safari/537.36"
162.0.232.193 - - [08/Jun/2025:17:53:45 -0400] "POST /wp-cron.php?doing_wp_cron=1749419625.4904780387878417968750 HTTP/1.1" 200 0 "-" "WordPress/6.8.1; https://w5.yours-toclaim.com"
196.251.85.177 - - [08/Jun/2025:17:53:31 -0400] "POST //xmlrpc.php HTTP/1.1" 200 205 "-" "Mozilla/5.0 (Windows NT 10.0; Win64; x64) AppleWebKit/537.36 (KHTML, like Gecko) Chrome/89.0.4389.114 Safari/537.36"
144.76.32.246 - - [08/Jun/2025:17:53:54 -0400] "GET / HTTP/1.1" 200 37315 "-" "Mozilla/5.0 (compatible; BLEXBot/1.0; +https://help.seranking.com/en/blex-crawler)"
196.251.85.177 - - [08/Jun/2025:17:53:46 -0400] "POST //xmlrpc.php HTTP/1.1" 200 205 "-" "Mozilla/5.0 (Windows NT 10.0; Win64; x64) AppleWebKit/537.36 (KHTML, like Gecko) Chrome/89.0.4389.114 Safari/537.36"
144.76.32.246 - - [08/Jun/2025:17:54:10 -0400] "GET /tag/volume/ HTTP/1.1" 200 66890 "-" "Mozilla/5.0 (compatible; BLEXBot/1.0; +https://help.seranking.com/en/blex-crawler)"
162.0.232.193 - - [08/Jun/2025:17:54:15 -0400] "POST /wp-cron.php?doing_wp_cron=1749419655.4589009284973144531250 HTTP/1.1" 200 0 "-" "WordPress/6.8.1; https://w5.yours-toclaim.com"
196.251.85.177 - - [08/Jun/2025:17:54:01 -0400] "POST //xmlrpc.php HTTP/1.1" 200 205 "-" "Mozilla/5.0 (Windows NT 10.0; Win64; x64) AppleWebKit/537.36 (KHTML, like Gecko) Chrome/89.0.4389.114 Safari/537.36"
162.0.232.193 - - [08/Jun/2025:17:54:30 -0400] "POST /wp-cron.php?doing_wp_cron=1749419670.3751909732818603515625 HTTP/1.1" 200 0 "-" "WordPress/6.8.1; https://w5.yours-toclaim.com"
196.251.85.177 - - [08/Jun/2025:17:54:16 -0400] "POST //xmlrpc.php HTTP/1.1" 200 205 "-" "Mozilla/5.0 (Windows NT 10.0; Win64; x64) AppleWebKit/537.36 (KHTML, like Gecko) Chrome/89.0.4389.114 Safari/537.36"
162.0.232.193 - - [08/Jun/2025:17:54:45 -0400] "POST /wp-cron.php?doing_wp_cron=1749419685.2363131046295166015625 HTTP/1.1" 200 0 "-" "WordPress/6.8.1; https://w5.yours-toclaim.com"
196.251.85.177 - - [08/Jun/2025:17:54:31 -0400] "POST //xmlrpc.php HTTP/1.1" 200 205 "-" "Mozilla/5.0 (Windows NT 10.0; Win64; x64) AppleWebKit/537.36 (KHTML, like Gecko) Chrome/89.0.4389.114 Safari/537.36"
196.251.85.177 - - [08/Jun/2025:17:54:46 -0400] "POST //xmlrpc.php HTTP/1.1" 200 205 "-" "Mozilla/5.0 (Windows NT 10.0; Win64; x64) AppleWebKit/537.36 (KHTML, like Gecko) Chrome/89.0.4389.114 Safari/537.36"
162.0.232.193 - - [08/Jun/2025:17:55:15 -0400] "POST /wp-cron.php?doing_wp_cron=1749419715.6362349987030029296875 HTTP/1.1" 200 0 "-" "WordPress/6.8.1; https://w5.yours-toclaim.com"
196.251.85.177 - - [08/Jun/2025:17:55:01 -0400] "POST //xmlrpc.php HTTP/1.1" 200 205 "-" "Mozilla/5.0 (Windows NT 10.0; Win64; x64) AppleWebKit/537.36 (KHTML, like Gecko) Chrome/89.0.4389.114 Safari/537.36"
144.76.32.246 - - [08/Jun/2025:17:55:19 -0400] "GET /tag/original/ HTTP/1.1" 200 66950 "-" "Mozilla/5.0 (compatible; BLEXBot/1.0; +https://help.seranking.com/en/blex-crawler)"
162.0.232.193 - - [08/Jun/2025:17:55:30 -0400] "POST /wp-cron.php?doing_wp_cron=1749419730.7520871162414550781250 HTTP/1.1" 200 0 "-" "WordPress/6.8.1; https://w5.yours-toclaim.com"
196.251.85.177 - - [08/Jun/2025:17:55:16 -0400] "POST //xmlrpc.php HTTP/1.1" 200 205 "-" "Mozilla/5.0 (Windows NT 10.0; Win64; x64) AppleWebKit/537.36 (KHTML, like Gecko) Chrome/89.0.4389.114 Safari/537.36"
162.0.232.193 - - [08/Jun/2025:17:55:45 -0400] "POST /wp-cron.php?doing_wp_cron=1749419745.6501300334930419921875 HTTP/1.1" 200 0 "-" "WordPress/6.8.1; https://w5.yours-toclaim.com"
196.251.85.177 - - [08/Jun/2025:17:55:31 -0400] "POST //xmlrpc.php HTTP/1.1" 200 205 "-" "Mozilla/5.0 (Windows NT 10.0; Win64; x64) AppleWebKit/537.36 (KHTML, like Gecko) Chrome/89.0.4389.114 Safari/537.36"
144.76.32.246 - - [08/Jun/2025:17:55:56 -0400] "GET /tag/original/page/8/ HTTP/1.1" 200 97078 "-" "Mozilla/5.0 (compatible; BLEXBot/1.0; +https://help.seranking.com/en/blex-crawler)"
196.251.85.177 - - [08/Jun/2025:17:55:46 -0400] "POST //xmlrpc.php HTTP/1.1" 200 205 "-" "Mozilla/5.0 (Windows NT 10.0; Win64; x64) AppleWebKit/537.36 (KHTML, like Gecko) Chrome/89.0.4389.114 Safari/537.36"
144.76.32.246 - - [08/Jun/2025:17:56:02 -0400] "GET /yours-to-claim-chapter-6/ HTTP/1.1" 301 0 "-" "Mozilla/5.0 (compatible; BLEXBot/1.0; +https://help.seranking.com/en/blex-crawler)"
144.76.32.246 - - [08/Jun/2025:17:56:03 -0400] "GET / HTTP/1.1" 200 37315 "-" "Mozilla/5.0 (compatible; BLEXBot/1.0; +https://help.seranking.com/en/blex-crawler)"
162.0.232.193 - - [08/Jun/2025:17:56:09 -0400] "POST /wp-cron.php?doing_wp_cron=1749419769.4951999187469482421875 HTTP/1.1" 200 0 "-" "WordPress/6.8.1; https://w5.yours-toclaim.com"
144.76.32.246 - - [08/Jun/2025:17:56:09 -0400] "GET /yours-to-claim-chapter-7/ HTTP/1.1" 301 0 "-" "Mozilla/5.0 (compatible; BLEXBot/1.0; +https://help.seranking.com/en/blex-crawler)"
144.76.32.246 - - [08/Jun/2025:17:56:09 -0400] "GET / HTTP/1.1" 200 37315 "-" "Mozilla/5.0 (compatible; BLEXBot/1.0; +https://help.seranking.com/en/blex-crawler)"
196.251.85.177 - - [08/Jun/2025:17:56:01 -0400] "POST //xmlrpc.php HTTP/1.1" 200 205 "-" "Mozilla/5.0 (Windows NT 10.0; Win64; x64) AppleWebKit/537.36 (KHTML, like Gecko) Chrome/89.0.4389.114 Safari/537.36"
162.0.232.193 - - [08/Jun/2025:17:56:31 -0400] "POST /wp-cron.php?doing_wp_cron=1749419791.2409520149230957031250 HTTP/1.1" 200 0 "-" "WordPress/6.8.1; https://w5.yours-toclaim.com"
196.251.85.177 - - [08/Jun/2025:17:56:15 -0400] "POST //xmlrpc.php HTTP/1.1" 200 205 "-" "Mozilla/5.0 (Windows NT 10.0; Win64; x64) AppleWebKit/537.36 (KHTML, like Gecko) Chrome/89.0.4389.114 Safari/537.36"
162.0.232.193 - - [08/Jun/2025:17:56:45 -0400] "POST /wp-cron.php?doing_wp_cron=1749419805.1418190002441406250000 HTTP/1.1" 200 0 "-" "WordPress/6.8.1; https://w5.yours-toclaim.com"
196.251.85.177 - - [08/Jun/2025:17:56:32 -0400] "POST //xmlrpc.php HTTP/1.1" 200 205 "-" "Mozilla/5.0 (Windows NT 10.0; Win64; x64) AppleWebKit/537.36 (KHTML, like Gecko) Chrome/89.0.4389.114 Safari/537.36"
196.251.85.177 - - [08/Jun/2025:17:56:45 -0400] "POST //xmlrpc.php HTTP/1.1" 200 205 "-" "Mozilla/5.0 (Windows NT 10.0; Win64; x64) AppleWebKit/537.36 (KHTML, like Gecko) Chrome/89.0.4389.114 Safari/537.36"
162.0.232.193 - - [08/Jun/2025:17:57:16 -0400] "POST /wp-cron.php?doing_wp_cron=1749419835.8651490211486816406250 HTTP/1.1" 200 0 "-" "WordPress/6.8.1; https://w5.yours-toclaim.com"
196.251.85.177 - - [08/Jun/2025:17:57:01 -0400] "POST //xmlrpc.php HTTP/1.1" 200 205 "-" "Mozilla/5.0 (Windows NT 10.0; Win64; x64) AppleWebKit/537.36 (KHTML, like Gecko) Chrome/89.0.4389.114 Safari/537.36"
34.195.60.66 - - [08/Jun/2025:17:57:27 -0400] "GET /category/yours-to-claim-read-2/page/8/ HTTP/1.1" 200 93017 "-" "Mozilla/5.0 AppleWebKit/537.36 (KHTML, like Gecko; compatible; Amazonbot/0.1; +https://developer.amazon.com/support/amazonbot) Chrome/119.0.6045.214 Safari/537.36"
162.0.232.193 - - [08/Jun/2025:17:57:30 -0400] "POST /wp-cron.php?doing_wp_cron=1749419850.7762360572814941406250 HTTP/1.1" 200 0 "-" "WordPress/6.8.1; https://w5.yours-toclaim.com"
196.251.85.177 - - [08/Jun/2025:17:57:16 -0400] "POST //xmlrpc.php HTTP/1.1" 200 205 "-" "Mozilla/5.0 (Windows NT 10.0; Win64; x64) AppleWebKit/537.36 (KHTML, like Gecko) Chrome/89.0.4389.114 Safari/537.36"
162.0.232.193 - - [08/Jun/2025:17:57:46 -0400] "POST /wp-cron.php?doing_wp_cron=1749419865.9978768825531005859375 HTTP/1.1" 200 0 "-" "WordPress/6.8.1; https://w5.yours-toclaim.com"
196.251.85.177 - - [08/Jun/2025:17:57:31 -0400] "POST //xmlrpc.php HTTP/1.1" 200 205 "-" "Mozilla/5.0 (Windows NT 10.0; Win64; x64) AppleWebKit/537.36 (KHTML, like Gecko) Chrome/89.0.4389.114 Safari/537.36"
144.76.32.246 - - [08/Jun/2025:17:57:48 -0400] "GET /yours-to-claim-chapter-15/ HTTP/1.1" 301 0 "-" "Mozilla/5.0 (compatible; BLEXBot/1.0; +https://help.seranking.com/en/blex-crawler)"
144.76.32.246 - - [08/Jun/2025:17:57:49 -0400] "GET / HTTP/1.1" 200 37315 "-" "Mozilla/5.0 (compatible; BLEXBot/1.0; +https://help.seranking.com/en/blex-crawler)"
196.251.85.177 - - [08/Jun/2025:17:57:46 -0400] "POST //xmlrpc.php HTTP/1.1" 200 205 "-" "Mozilla/5.0 (Windows NT 10.0; Win64; x64) AppleWebKit/537.36 (KHTML, like Gecko) Chrome/89.0.4389.114 Safari/537.36"
162.0.232.193 - - [08/Jun/2025:17:58:16 -0400] "POST /wp-cron.php?doing_wp_cron=1749419895.8775789737701416015625 HTTP/1.1" 200 0 "-" "WordPress/6.8.1; https://w5.yours-toclaim.com"
196.251.85.177 - - [08/Jun/2025:17:58:01 -0400] "POST //xmlrpc.php HTTP/1.1" 200 205 "-" "Mozilla/5.0 (Windows NT 10.0; Win64; x64) AppleWebKit/537.36 (KHTML, like Gecko) Chrome/89.0.4389.114 Safari/537.36"
162.0.232.193 - - [08/Jun/2025:17:58:31 -0400] "POST /wp-cron.php?doing_wp_cron=1749419911.1067800521850585937500 HTTP/1.1" 200 0 "-" "WordPress/6.8.1; https://w5.yours-toclaim.com"
196.251.85.177 - - [08/Jun/2025:17:58:16 -0400] "POST //xmlrpc.php HTTP/1.1" 200 205 "-" "Mozilla/5.0 (Windows NT 10.0; Win64; x64) AppleWebKit/537.36 (KHTML, like Gecko) Chrome/89.0.4389.114 Safari/537.36"
162.0.232.193 - - [08/Jun/2025:17:58:46 -0400] "POST /wp-cron.php?doing_wp_cron=1749419926.0223410129547119140625 HTTP/1.1" 200 0 "-" "WordPress/6.8.1; https://w5.yours-toclaim.com"
196.251.85.177 - - [08/Jun/2025:17:58:31 -0400] "POST //xmlrpc.php HTTP/1.1" 200 205 "-" "Mozilla/5.0 (Windows NT 10.0; Win64; x64) AppleWebKit/537.36 (KHTML, like Gecko) Chrome/89.0.4389.114 Safari/537.36"
144.76.32.246 - - [08/Jun/2025:17:58:55 -0400] "GET /yours-to-claim-chapter-23/ HTTP/1.1" 301 0 "-" "Mozilla/5.0 (compatible; BLEXBot/1.0; +https://help.seranking.com/en/blex-crawler)"
144.76.32.246 - - [08/Jun/2025:17:58:55 -0400] "GET / HTTP/1.1" 200 37315 "-" "Mozilla/5.0 (compatible; BLEXBot/1.0; +https://help.seranking.com/en/blex-crawler)"
196.251.85.177 - - [08/Jun/2025:17:58:46 -0400] "POST //xmlrpc.php HTTP/1.1" 200 205 "-" "Mozilla/5.0 (Windows NT 10.0; Win64; x64) AppleWebKit/537.36 (KHTML, like Gecko) Chrome/89.0.4389.114 Safari/537.36"
162.0.232.193 - - [08/Jun/2025:17:59:06 -0400] "POST /wp-cron.php?doing_wp_cron=1749419946.6838219165802001953125 HTTP/1.1" 200 0 "-" "WordPress/6.8.1; https://w5.yours-toclaim.com"
144.76.32.246 - - [08/Jun/2025:17:59:06 -0400] "GET /yours-to-claim-chapter-28/ HTTP/1.1" 301 0 "-" "Mozilla/5.0 (compatible; BLEXBot/1.0; +https://help.seranking.com/en/blex-crawler)"
144.76.32.246 - - [08/Jun/2025:17:59:07 -0400] "GET / HTTP/1.1" 200 37315 "-" "Mozilla/5.0 (compatible; BLEXBot/1.0; +https://help.seranking.com/en/blex-crawler)"
196.251.85.177 - - [08/Jun/2025:17:59:01 -0400] "POST //xmlrpc.php HTTP/1.1" 200 205 "-" "Mozilla/5.0 (Windows NT 10.0; Win64; x64) AppleWebKit/537.36 (KHTML, like Gecko) Chrome/89.0.4389.114 Safari/537.36"
144.76.32.246 - - [08/Jun/2025:17:59:26 -0400] "GET /yours-to-claim-chapter-42/ HTTP/1.1" 301 0 "-" "Mozilla/5.0 (compatible; BLEXBot/1.0; +https://help.seranking.com/en/blex-crawler)"
144.76.32.246 - - [08/Jun/2025:17:59:26 -0400] "GET / HTTP/1.1" 200 37315 "-" "Mozilla/5.0 (compatible; BLEXBot/1.0; +https://help.seranking.com/en/blex-crawler)"
162.0.232.193 - - [08/Jun/2025:17:59:30 -0400] "POST /wp-cron.php?doing_wp_cron=1749419970.3614308834075927734375 HTTP/1.1" 200 0 "-" "WordPress/6.8.1; https://w5.yours-toclaim.com"
196.251.85.177 - - [08/Jun/2025:17:59:16 -0400] "POST //xmlrpc.php HTTP/1.1" 200 205 "-" "Mozilla/5.0 (Windows NT 10.0; Win64; x64) AppleWebKit/537.36 (KHTML, like Gecko) Chrome/89.0.4389.114 Safari/537.36"
144.76.32.246 - - [08/Jun/2025:17:59:35 -0400] "GET /yours-to-claim-chapter-53/ HTTP/1.1" 301 0 "-" "Mozilla/5.0 (compatible; BLEXBot/1.0; +https://help.seranking.com/en/blex-crawler)"
144.76.32.246 - - [08/Jun/2025:17:59:36 -0400] "GET / HTTP/1.1" 200 37315 "-" "Mozilla/5.0 (compatible; BLEXBot/1.0; +https://help.seranking.com/en/blex-crawler)"
144.76.32.246 - - [08/Jun/2025:17:59:39 -0400] "GET /category/yours-to-claim-manhwa/ HTTP/1.1" 200 66964 "-" "Mozilla/5.0 (compatible; BLEXBot/1.0; +https://help.seranking.com/en/blex-crawler)"
162.0.232.193 - - [08/Jun/2025:17:59:45 -0400] "POST /wp-cron.php?doing_wp_cron=1749419985.4592719078063964843750 HTTP/1.1" 200 0 "-" "WordPress/6.8.1; https://w5.yours-toclaim.com"
196.251.85.177 - - [08/Jun/2025:17:59:31 -0400] "POST //xmlrpc.php HTTP/1.1" 200 205 "-" "Mozilla/5.0 (Windows NT 10.0; Win64; x64) AppleWebKit/537.36 (KHTML, like Gecko) Chrome/89.0.4389.114 Safari/537.36"
196.251.85.177 - - [08/Jun/2025:17:59:46 -0400] "POST //xmlrpc.php HTTP/1.1" 200 205 "-" "Mozilla/5.0 (Windows NT 10.0; Win64; x64) AppleWebKit/537.36 (KHTML, like Gecko) Chrome/89.0.4389.114 Safari/537.36"
162.0.232.193 - - [08/Jun/2025:18:00:16 -0400] "POST /wp-cron.php?doing_wp_cron=1749420015.9008319377899169921875 HTTP/1.1" 200 0 "-" "WordPress/6.8.1; https://w5.yours-toclaim.com"
196.251.85.177 - - [08/Jun/2025:18:00:00 -0400] "POST //xmlrpc.php HTTP/1.1" 200 205 "-" "Mozilla/5.0 (Windows NT 10.0; Win64; x64) AppleWebKit/537.36 (KHTML, like Gecko) Chrome/89.0.4389.114 Safari/537.36"
