196.251.85.177 - - [08/Jun/2025:16:59:46 -0400] "POST //xmlrpc.php HTTP/1.1" 200 205 "-" "Mozilla/5.0 (Windows NT 10.0; Win64; x64) AppleWebKit/537.36 (KHTML, like Gecko) Chrome/89.0.4389.114 Safari/537.36"
162.0.232.193 - - [08/Jun/2025:17:00:15 -0400] "POST /wp-cron.php?doing_wp_cron=1749416415.6944549083709716796875 HTTP/1.1" 200 0 "-" "WordPress/6.8.1; https://w5.yours-toclaim.com"
196.251.85.177 - - [08/Jun/2025:17:00:01 -0400] "POST //xmlrpc.php HTTP/1.1" 200 205 "-" "Mozilla/5.0 (Windows NT 10.0; Win64; x64) AppleWebKit/537.36 (KHTML, like Gecko) Chrome/89.0.4389.114 Safari/537.36"
162.0.232.193 - - [08/Jun/2025:17:00:31 -0400] "POST /wp-cron.php?doing_wp_cron=1749416430.9279649257659912109375 HTTP/1.1" 200 0 "-" "WordPress/6.8.1; https://w5.yours-toclaim.com"
196.251.85.177 - - [08/Jun/2025:17:00:16 -0400] "POST //xmlrpc.php HTTP/1.1" 200 205 "-" "Mozilla/5.0 (Windows NT 10.0; Win64; x64) AppleWebKit/537.36 (KHTML, like Gecko) Chrome/89.0.4389.114 Safari/537.36"
162.0.232.193 - - [08/Jun/2025:17:00:46 -0400] "POST /wp-cron.php?doing_wp_cron=1749416446.0295939445495605468750 HTTP/1.1" 200 0 "-" "WordPress/6.8.1; https://w5.yours-toclaim.com"
196.251.85.177 - - [08/Jun/2025:17:00:31 -0400] "POST //xmlrpc.php HTTP/1.1" 200 205 "-" "Mozilla/5.0 (Windows NT 10.0; Win64; x64) AppleWebKit/537.36 (KHTML, like Gecko) Chrome/89.0.4389.114 Safari/537.36"
47.82.60.184 - - [08/Jun/2025:17:00:46 -0400] "GET /tag/original/page/2/ HTTP/1.1" 200 50371 "https://w5.yours-toclaim.com/tag/original/page/2/" "Mozilla/5.0 (Windows NT 10.0; Win64; x64) AppleWebKit/537.36 (KHTML, like Gecko) Chrome/114.0.0.0 Safari/537.36 Edg/114.0.1823.43"
47.79.1.203 - - [08/Jun/2025:17:00:50 -0400] "GET /yours-to-claim/yours-to-claim-chapter-16/ HTTP/1.1" 200 46589 "https://w5.yours-toclaim.com/yours-to-claim/yours-to-claim-chapter-16/" "Mozilla/5.0 (Windows NT 10.0; Win64; x64) AppleWebKit/537.36 (KHTML, like Gecko) Chrome/114.0.0.0 Safari/537.36 Edg/114.0.1823.43"
196.251.85.177 - - [08/Jun/2025:17:00:46 -0400] "POST //xmlrpc.php HTTP/1.1" 200 205 "-" "Mozilla/5.0 (Windows NT 10.0; Win64; x64) AppleWebKit/537.36 (KHTML, like Gecko) Chrome/89.0.4389.114 Safari/537.36"
162.0.232.193 - - [08/Jun/2025:17:01:16 -0400] "POST /wp-cron.php?doing_wp_cron=1749416475.6653370857238769531250 HTTP/1.1" 200 0 "-" "WordPress/6.8.1; https://w5.yours-toclaim.com"
196.251.85.177 - - [08/Jun/2025:17:01:01 -0400] "POST //xmlrpc.php HTTP/1.1" 200 205 "-" "Mozilla/5.0 (Windows NT 10.0; Win64; x64) AppleWebKit/537.36 (KHTML, like Gecko) Chrome/89.0.4389.114 Safari/537.36"
162.0.232.193 - - [08/Jun/2025:17:01:31 -0400] "POST /wp-cron.php?doing_wp_cron=1749416490.7048230171203613281250 HTTP/1.1" 200 0 "-" "WordPress/6.8.1; https://w5.yours-toclaim.com"
196.251.85.177 - - [08/Jun/2025:17:01:16 -0400] "POST //xmlrpc.php HTTP/1.1" 200 205 "-" "Mozilla/5.0 (Windows NT 10.0; Win64; x64) AppleWebKit/537.36 (KHTML, like Gecko) Chrome/89.0.4389.114 Safari/537.36"
162.0.232.193 - - [08/Jun/2025:17:01:46 -0400] "POST /wp-cron.php?doing_wp_cron=1749416506.1157948970794677734375 HTTP/1.1" 200 0 "-" "WordPress/6.8.1; https://w5.yours-toclaim.com"
196.251.85.177 - - [08/Jun/2025:17:01:31 -0400] "POST //xmlrpc.php HTTP/1.1" 200 205 "-" "Mozilla/5.0 (Windows NT 10.0; Win64; x64) AppleWebKit/537.36 (KHTML, like Gecko) Chrome/89.0.4389.114 Safari/537.36"
196.251.85.177 - - [08/Jun/2025:17:01:47 -0400] "POST //xmlrpc.php HTTP/1.1" 200 205 "-" "Mozilla/5.0 (Windows NT 10.0; Win64; x64) AppleWebKit/537.36 (KHTML, like Gecko) Chrome/89.0.4389.114 Safari/537.36"
162.0.232.193 - - [08/Jun/2025:17:02:15 -0400] "POST /wp-cron.php?doing_wp_cron=1749416535.2953279018402099609375 HTTP/1.1" 200 0 "-" "WordPress/6.8.1; https://w5.yours-toclaim.com"
196.251.85.177 - - [08/Jun/2025:17:02:01 -0400] "POST //xmlrpc.php HTTP/1.1" 200 205 "-" "Mozilla/5.0 (Windows NT 10.0; Win64; x64) AppleWebKit/537.36 (KHTML, like Gecko) Chrome/89.0.4389.114 Safari/537.36"
162.0.232.193 - - [08/Jun/2025:17:02:31 -0400] "POST /wp-cron.php?doing_wp_cron=1749416551.5934600830078125000000 HTTP/1.1" 200 0 "-" "WordPress/6.8.1; https://w5.yours-toclaim.com"
196.251.85.177 - - [08/Jun/2025:17:02:16 -0400] "POST //xmlrpc.php HTTP/1.1" 200 205 "-" "Mozilla/5.0 (Windows NT 10.0; Win64; x64) AppleWebKit/537.36 (KHTML, like Gecko) Chrome/89.0.4389.114 Safari/537.36"
47.82.60.225 - - [08/Jun/2025:17:02:36 -0400] "GET /tag/chapters/page/12/ HTTP/1.1" 200 73527 "https://w5.yours-toclaim.com/tag/chapters/page/12/" "Mozilla/5.0 (Windows NT 10.0; Win64; x64) AppleWebKit/537.36 (KHTML, like Gecko) Chrome/114.0.0.0 Safari/537.36 Edg/114.0.1823.43"
162.0.232.193 - - [08/Jun/2025:17:02:46 -0400] "POST /wp-cron.php?doing_wp_cron=1749416566.2455420494079589843750 HTTP/1.1" 200 0 "-" "WordPress/6.8.1; https://w5.yours-toclaim.com"
196.251.85.177 - - [08/Jun/2025:17:02:32 -0400] "POST //xmlrpc.php HTTP/1.1" 200 205 "-" "Mozilla/5.0 (Windows NT 10.0; Win64; x64) AppleWebKit/537.36 (KHTML, like Gecko) Chrome/89.0.4389.114 Safari/537.36"
196.251.85.177 - - [08/Jun/2025:17:02:47 -0400] "POST //xmlrpc.php HTTP/1.1" 200 205 "-" "Mozilla/5.0 (Windows NT 10.0; Win64; x64) AppleWebKit/537.36 (KHTML, like Gecko) Chrome/89.0.4389.114 Safari/537.36"
162.0.232.193 - - [08/Jun/2025:17:03:15 -0400] "POST /wp-cron.php?doing_wp_cron=1749416595.3892509937286376953125 HTTP/1.1" 200 0 "-" "WordPress/6.8.1; https://w5.yours-toclaim.com"
196.251.85.177 - - [08/Jun/2025:17:03:01 -0400] "POST //xmlrpc.php HTTP/1.1" 200 205 "-" "Mozilla/5.0 (Windows NT 10.0; Win64; x64) AppleWebKit/537.36 (KHTML, like Gecko) Chrome/89.0.4389.114 Safari/537.36"
47.79.5.247 - - [08/Jun/2025:17:03:28 -0400] "GET /category/yours-to-claim/page/10/ HTTP/1.1" 200 77313 "https://w5.yours-toclaim.com/category/yours-to-claim/page/10/" "Mozilla/5.0 (Windows NT 10.0; Win64; x64) AppleWebKit/537.36 (KHTML, like Gecko) Chrome/114.0.0.0 Safari/537.36 Edg/114.0.1823.43"
162.0.232.193 - - [08/Jun/2025:17:03:30 -0400] "POST /wp-cron.php?doing_wp_cron=1749416610.2564311027526855468750 HTTP/1.1" 200 0 "-" "WordPress/6.8.1; https://w5.yours-toclaim.com"
196.251.85.177 - - [08/Jun/2025:17:03:16 -0400] "POST //xmlrpc.php HTTP/1.1" 200 205 "-" "Mozilla/5.0 (Windows NT 10.0; Win64; x64) AppleWebKit/537.36 (KHTML, like Gecko) Chrome/89.0.4389.114 Safari/537.36"
162.0.232.193 - - [08/Jun/2025:17:03:45 -0400] "POST /wp-cron.php?doing_wp_cron=1749416625.1962149143218994140625 HTTP/1.1" 200 0 "-" "WordPress/6.8.1; https://w5.yours-toclaim.com"
196.251.85.177 - - [08/Jun/2025:17:03:31 -0400] "POST //xmlrpc.php HTTP/1.1" 200 205 "-" "Mozilla/5.0 (Windows NT 10.0; Win64; x64) AppleWebKit/537.36 (KHTML, like Gecko) Chrome/89.0.4389.114 Safari/537.36"
196.251.85.177 - - [08/Jun/2025:17:03:45 -0400] "POST //xmlrpc.php HTTP/1.1" 200 205 "-" "Mozilla/5.0 (Windows NT 10.0; Win64; x64) AppleWebKit/537.36 (KHTML, like Gecko) Chrome/89.0.4389.114 Safari/537.36"
162.0.232.193 - - [08/Jun/2025:17:04:15 -0400] "POST /wp-cron.php?doing_wp_cron=1749416655.4630670547485351562500 HTTP/1.1" 200 0 "-" "WordPress/6.8.1; https://w5.yours-toclaim.com"
196.251.85.177 - - [08/Jun/2025:17:04:02 -0400] "POST //xmlrpc.php HTTP/1.1" 200 205 "-" "Mozilla/5.0 (Windows NT 10.0; Win64; x64) AppleWebKit/537.36 (KHTML, like Gecko) Chrome/89.0.4389.114 Safari/537.36"
162.0.232.193 - - [08/Jun/2025:17:04:30 -0400] "POST /wp-cron.php?doing_wp_cron=1749416670.4491560459136962890625 HTTP/1.1" 200 0 "-" "WordPress/6.8.1; https://w5.yours-toclaim.com"
196.251.85.177 - - [08/Jun/2025:17:04:16 -0400] "POST //xmlrpc.php HTTP/1.1" 200 205 "-" "Mozilla/5.0 (Windows NT 10.0; Win64; x64) AppleWebKit/537.36 (KHTML, like Gecko) Chrome/89.0.4389.114 Safari/537.36"
162.0.232.193 - - [08/Jun/2025:17:04:46 -0400] "POST /wp-cron.php?doing_wp_cron=1749416685.5741639137268066406250 HTTP/1.1" 200 0 "-" "WordPress/6.8.1; https://w5.yours-toclaim.com"
196.251.85.177 - - [08/Jun/2025:17:04:32 -0400] "POST //xmlrpc.php HTTP/1.1" 200 205 "-" "Mozilla/5.0 (Windows NT 10.0; Win64; x64) AppleWebKit/537.36 (KHTML, like Gecko) Chrome/89.0.4389.114 Safari/537.36"
196.251.85.177 - - [08/Jun/2025:17:04:47 -0400] "POST //xmlrpc.php HTTP/1.1" 200 205 "-" "Mozilla/5.0 (Windows NT 10.0; Win64; x64) AppleWebKit/537.36 (KHTML, like Gecko) Chrome/89.0.4389.114 Safari/537.36"
162.0.232.193 - - [08/Jun/2025:17:05:16 -0400] "POST /wp-cron.php?doing_wp_cron=1749416716.0680780410766601562500 HTTP/1.1" 200 0 "-" "WordPress/6.8.1; https://w5.yours-toclaim.com"
196.251.85.177 - - [08/Jun/2025:17:05:01 -0400] "POST //xmlrpc.php HTTP/1.1" 200 205 "-" "Mozilla/5.0 (Windows NT 10.0; Win64; x64) AppleWebKit/537.36 (KHTML, like Gecko) Chrome/89.0.4389.114 Safari/537.36"
162.0.232.193 - - [08/Jun/2025:17:05:31 -0400] "POST /wp-cron.php?doing_wp_cron=1749416731.2592239379882812500000 HTTP/1.1" 200 0 "-" "WordPress/6.8.1; https://w5.yours-toclaim.com"
196.251.85.177 - - [08/Jun/2025:17:05:16 -0400] "POST //xmlrpc.php HTTP/1.1" 200 205 "-" "Mozilla/5.0 (Windows NT 10.0; Win64; x64) AppleWebKit/537.36 (KHTML, like Gecko) Chrome/89.0.4389.114 Safari/537.36"
162.0.232.193 - - [08/Jun/2025:17:05:45 -0400] "POST /wp-cron.php?doing_wp_cron=1749416745.7770290374755859375000 HTTP/1.1" 200 0 "-" "WordPress/6.8.1; https://w5.yours-toclaim.com"
196.251.85.177 - - [08/Jun/2025:17:05:32 -0400] "POST //xmlrpc.php HTTP/1.1" 200 205 "-" "Mozilla/5.0 (Windows NT 10.0; Win64; x64) AppleWebKit/537.36 (KHTML, like Gecko) Chrome/89.0.4389.114 Safari/537.36"
47.79.5.178 - - [08/Jun/2025:17:05:52 -0400] "GET /yours-to-claim/yours-to-claim-chapter-100/ HTTP/1.1" 200 42646 "https://w5.yours-toclaim.com/yours-to-claim/yours-to-claim-chapter-100/" "Mozilla/5.0 (Windows NT 10.0; Win64; x64) AppleWebKit/537.36 (KHTML, like Gecko) Chrome/114.0.0.0 Safari/537.36 Edg/114.0.1823.43"
47.79.3.180 - - [08/Jun/2025:17:05:58 -0400] "GET /tag/manga/page/3/ HTTP/1.1" 200 56873 "https://w5.yours-toclaim.com/tag/manga/page/3/" "Mozilla/5.0 (Windows NT 10.0; Win64; x64) AppleWebKit/537.36 (KHTML, like Gecko) Chrome/114.0.0.0 Safari/537.36 Edg/114.0.1823.43"
196.251.85.177 - - [08/Jun/2025:17:05:46 -0400] "POST //xmlrpc.php HTTP/1.1" 200 205 "-" "Mozilla/5.0 (Windows NT 10.0; Win64; x64) AppleWebKit/537.36 (KHTML, like Gecko) Chrome/89.0.4389.114 Safari/537.36"
162.0.232.193 - - [08/Jun/2025:17:06:15 -0400] "POST /wp-cron.php?doing_wp_cron=1749416775.7121720314025878906250 HTTP/1.1" 200 0 "-" "WordPress/6.8.1; https://w5.yours-toclaim.com"
196.251.85.177 - - [08/Jun/2025:17:06:01 -0400] "POST //xmlrpc.php HTTP/1.1" 200 205 "-" "Mozilla/5.0 (Windows NT 10.0; Win64; x64) AppleWebKit/537.36 (KHTML, like Gecko) Chrome/89.0.4389.114 Safari/537.36"
162.0.232.193 - - [08/Jun/2025:17:06:31 -0400] "POST /wp-cron.php?doing_wp_cron=1749416790.9516971111297607421875 HTTP/1.1" 200 0 "-" "WordPress/6.8.1; https://w5.yours-toclaim.com"
196.251.85.177 - - [08/Jun/2025:17:06:16 -0400] "POST //xmlrpc.php HTTP/1.1" 200 205 "-" "Mozilla/5.0 (Windows NT 10.0; Win64; x64) AppleWebKit/537.36 (KHTML, like Gecko) Chrome/89.0.4389.114 Safari/537.36"
194.87.252.147 - - [08/Jun/2025:17:06:38 -0400] "GET / HTTP/1.1" 200 37315 "-" "Mozilla/5.0 (Windows NT 5.1; Win64; x64; rv:50.0) Gecko/20100101 Firefox/50.0"
194.87.252.147 - - [08/Jun/2025:17:06:40 -0400] "POST /wp-content/plugins/wp-automatic/inc/csv.php HTTP/1.1" 403 1242 "https://w5.yours-toclaim.com/" "Mozilla/5.0 (Windows NT 5.1; Win64; x64; rv:50.0) Gecko/20100101 Firefox/50.0"
194.87.252.147 - - [08/Jun/2025:17:06:43 -0400] "POST /wp-content/plugins/wp-automatic/inc/csv.php HTTP/1.1" 200 26 "https://w5.yours-toclaim.com/wp-content/plugins/wp-automatic/inc/csv.php" "Mozilla/5.0 (Windows NT 5.1; Win64; x64; rv:50.0) Gecko/20100101 Firefox/50.0"
194.87.252.147 - - [08/Jun/2025:17:06:44 -0400] "POST /wp-content/plugins/wp-automatic/inc/csv.php HTTP/1.1" 200 26 "https://w5.yours-toclaim.com/wp-content/plugins/wp-automatic/inc/csv.php" "Mozilla/5.0 (Windows NT 5.1; Win64; x64; rv:50.0) Gecko/20100101 Firefox/50.0"
162.0.232.193 - - [08/Jun/2025:17:06:45 -0400] "POST /wp-cron.php?doing_wp_cron=1749416805.2063460350036621093750 HTTP/1.1" 200 0 "-" "WordPress/6.8.1; https://w5.yours-toclaim.com"
194.87.252.147 - - [08/Jun/2025:17:06:45 -0400] "POST /wp-content/plugins/wp-automatic/inc/csv.php HTTP/1.1" 200 26 "https://w5.yours-toclaim.com/wp-content/plugins/wp-automatic/inc/csv.php" "Mozilla/5.0 (Windows NT 5.1; Win64; x64; rv:50.0) Gecko/20100101 Firefox/50.0"
196.251.85.177 - - [08/Jun/2025:17:06:32 -0400] "POST //xmlrpc.php HTTP/1.1" 200 205 "-" "Mozilla/5.0 (Windows NT 10.0; Win64; x64) AppleWebKit/537.36 (KHTML, like Gecko) Chrome/89.0.4389.114 Safari/537.36"
194.87.252.147 - - [08/Jun/2025:17:06:46 -0400] "POST /wp-content/plugins/wp-automatic/inc/csv.php HTTP/1.1" 200 26 "https://w5.yours-toclaim.com/wp-content/plugins/wp-automatic/inc/csv.php" "Mozilla/5.0 (Windows NT 5.1; Win64; x64; rv:50.0) Gecko/20100101 Firefox/50.0"
194.87.252.147 - - [08/Jun/2025:17:06:46 -0400] "POST /wp-content/plugins/wp-automatic/inc/csv.phpe9902f0f9d6d.php HTTP/1.1" 403 1242 "https://w5.yours-toclaim.com/wp-content/plugins/wp-automatic/inc/csv.php" "Mozilla/5.0 (Windows NT 5.1; Win64; x64; rv:50.0) Gecko/20100101 Firefox/50.0"
47.82.61.15 - - [08/Jun/2025:17:06:47 -0400] "GET /tag/chapter/page/10/ HTTP/1.1" 200 81147 "https://w5.yours-toclaim.com/tag/chapter/page/10/" "Mozilla/5.0 (Windows NT 10.0; Win64; x64) AppleWebKit/537.36 (KHTML, like Gecko) Chrome/114.0.0.0 Safari/537.36 Edg/114.0.1823.43"
194.87.252.147 - - [08/Jun/2025:17:06:47 -0400] "POST /wp-content/plugins/wp-automatic/inc/csv.phpe9902f0f9d6d.php HTTP/1.1" 301 0 "https://w5.yours-toclaim.com/wp-content/plugins/wp-automatic/inc/csv.phpe9902f0f9d6d.php" "Mozilla/5.0 (Windows NT 5.1; Win64; x64; rv:50.0) Gecko/20100101 Firefox/50.0"
194.87.252.147 - - [08/Jun/2025:17:06:48 -0400] "GET / HTTP/1.1" 200 37315 "https://w5.yours-toclaim.com/wp-content/plugins/wp-automatic/inc/csv.phpe9902f0f9d6d.php" "Mozilla/5.0 (Windows NT 5.1; Win64; x64; rv:50.0) Gecko/20100101 Firefox/50.0"
194.87.252.147 - - [08/Jun/2025:17:06:49 -0400] "POST /wp-content/plugins/wp-automatic/inc/csv.phpe9902f0f9d6d.php HTTP/1.1" 301 0 "https://w5.yours-toclaim.com/" "Mozilla/5.0 (Windows NT 5.1; Win64; x64; rv:50.0) Gecko/20100101 Firefox/50.0"
194.87.252.147 - - [08/Jun/2025:17:06:49 -0400] "GET / HTTP/1.1" 200 37383 "https://w5.yours-toclaim.com/" "Mozilla/5.0 (Windows NT 5.1; Win64; x64; rv:50.0) Gecko/20100101 Firefox/50.0"
194.87.252.147 - - [08/Jun/2025:17:06:50 -0400] "POST /wp-content/plugins/wp-automatic/inc/csv.phpe9902f0f9d6d.php HTTP/1.1" 301 0 "https://w5.yours-toclaim.com/" "Mozilla/5.0 (Windows NT 5.1; Win64; x64; rv:50.0) Gecko/20100101 Firefox/50.0"
194.87.252.147 - - [08/Jun/2025:17:06:50 -0400] "GET / HTTP/1.1" 200 37315 "https://w5.yours-toclaim.com/" "Mozilla/5.0 (Windows NT 5.1; Win64; x64; rv:50.0) Gecko/20100101 Firefox/50.0"
194.87.252.147 - - [08/Jun/2025:17:06:52 -0400] "POST /wp-content/plugins/wp-automatic/inc/csv.phpe9902f0f9d6d.php HTTP/1.1" 301 0 "https://w5.yours-toclaim.com/" "Mozilla/5.0 (Windows NT 5.1; Win64; x64; rv:50.0) Gecko/20100101 Firefox/50.0"
194.87.252.147 - - [08/Jun/2025:17:06:52 -0400] "GET / HTTP/1.1" 200 37315 "https://w5.yours-toclaim.com/" "Mozilla/5.0 (Windows NT 5.1; Win64; x64; rv:50.0) Gecko/20100101 Firefox/50.0"
194.87.252.147 - - [08/Jun/2025:17:06:53 -0400] "GET /wp-login.php HTTP/1.1" 200 1988 "https://w5.yours-toclaim.com/" "Mozilla/5.0 (Windows NT 5.1; Win64; x64; rv:50.0) Gecko/20100101 Firefox/50.0"
194.87.252.147 - - [08/Jun/2025:17:06:55 -0400] "POST /wp-login.php HTTP/1.1" 200 2147 "https://w5.yours-toclaim.com/wp-login.php" "Mozilla/5.0 (Windows NT 5.1; Win64; x64; rv:50.0) Gecko/20100101 Firefox/50.0"
194.87.252.147 - - [08/Jun/2025:17:06:56 -0400] "GET /wp-admin/plugins.php HTTP/1.1" 302 0 "https://w5.yours-toclaim.com/wp-login.php" "Mozilla/5.0 (Windows NT 5.1; Win64; x64; rv:50.0) Gecko/20100101 Firefox/50.0"
194.87.252.147 - - [08/Jun/2025:17:06:56 -0400] "GET /wp-login.php?redirect_to=https%3A%2F%2Fw5.yours-toclaim.com%2Fwp-admin%2Fplugins.php&reauth=1 HTTP/1.1" 200 1991 "https://w5.yours-toclaim.com/wp-login.php" "Mozilla/5.0 (Windows NT 5.1; Win64; x64; rv:50.0) Gecko/20100101 Firefox/50.0"
196.251.85.177 - - [08/Jun/2025:17:06:46 -0400] "POST //xmlrpc.php HTTP/1.1" 200 205 "-" "Mozilla/5.0 (Windows NT 10.0; Win64; x64) AppleWebKit/537.36 (KHTML, like Gecko) Chrome/89.0.4389.114 Safari/537.36"
162.0.232.193 - - [08/Jun/2025:17:07:16 -0400] "POST /wp-cron.php?doing_wp_cron=1749416836.3092958927154541015625 HTTP/1.1" 200 0 "-" "WordPress/6.8.1; https://w5.yours-toclaim.com"
196.251.85.177 - - [08/Jun/2025:17:07:00 -0400] "POST //xmlrpc.php HTTP/1.1" 200 205 "-" "Mozilla/5.0 (Windows NT 10.0; Win64; x64) AppleWebKit/537.36 (KHTML, like Gecko) Chrome/89.0.4389.114 Safari/537.36"
47.128.46.197 - - [08/Jun/2025:17:07:26 -0400] "GET /yours-to-claim/yours-to-claim-chapter-30/ HTTP/1.1" 200 47614 "-" "Mozilla/5.0 (compatible; Bytespider; [email protected]) AppleWebKit/537.36 (KHTML, like Gecko) Chrome/70.0.0.0 Safari/537.36"
162.0.232.193 - - [08/Jun/2025:17:07:30 -0400] "POST /wp-cron.php?doing_wp_cron=1749416850.4949789047241210937500 HTTP/1.1" 200 0 "-" "WordPress/6.8.1; https://w5.yours-toclaim.com"
196.251.85.177 - - [08/Jun/2025:17:07:17 -0400] "POST //xmlrpc.php HTTP/1.1" 200 205 "-" "Mozilla/5.0 (Windows NT 10.0; Win64; x64) AppleWebKit/537.36 (KHTML, like Gecko) Chrome/89.0.4389.114 Safari/537.36"
162.0.232.193 - - [08/Jun/2025:17:07:52 -0400] "POST /wp-cron.php?doing_wp_cron=1749416872.3145880699157714843750 HTTP/1.1" 200 0 "-" "WordPress/6.8.1; https://w5.yours-toclaim.com"
196.251.85.177 - - [08/Jun/2025:17:07:48 -0400] "POST //xmlrpc.php HTTP/1.1" 200 205 "-" "Mozilla/5.0 (Windows NT 10.0; Win64; x64) AppleWebKit/537.36 (KHTML, like Gecko) Chrome/89.0.4389.114 Safari/537.36"
196.251.85.177 - - [08/Jun/2025:17:07:53 -0400] "POST //xmlrpc.php HTTP/1.1" 200 205 "-" "Mozilla/5.0 (Windows NT 10.0; Win64; x64) AppleWebKit/537.36 (KHTML, like Gecko) Chrome/89.0.4389.114 Safari/537.36"
162.0.232.193 - - [08/Jun/2025:17:08:15 -0400] "POST /wp-cron.php?doing_wp_cron=1749416895.3167979717254638671875 HTTP/1.1" 200 0 "-" "WordPress/6.8.1; https://w5.yours-toclaim.com"
196.251.85.177 - - [08/Jun/2025:17:08:01 -0400] "POST //xmlrpc.php HTTP/1.1" 200 205 "-" "Mozilla/5.0 (Windows NT 10.0; Win64; x64) AppleWebKit/537.36 (KHTML, like Gecko) Chrome/89.0.4389.114 Safari/537.36"
162.0.232.193 - - [08/Jun/2025:17:08:30 -0400] "POST /wp-cron.php?doing_wp_cron=1749416910.5538439750671386718750 HTTP/1.1" 200 0 "-" "WordPress/6.8.1; https://w5.yours-toclaim.com"
196.251.85.177 - - [08/Jun/2025:17:08:16 -0400] "POST //xmlrpc.php HTTP/1.1" 200 205 "-" "Mozilla/5.0 (Windows NT 10.0; Win64; x64) AppleWebKit/537.36 (KHTML, like Gecko) Chrome/89.0.4389.114 Safari/537.36"
162.0.232.193 - - [08/Jun/2025:17:08:45 -0400] "POST /wp-cron.php?doing_wp_cron=1749416925.4247829914093017578125 HTTP/1.1" 200 0 "-" "WordPress/6.8.1; https://w5.yours-toclaim.com"
196.251.85.177 - - [08/Jun/2025:17:08:31 -0400] "POST //xmlrpc.php HTTP/1.1" 200 205 "-" "Mozilla/5.0 (Windows NT 10.0; Win64; x64) AppleWebKit/537.36 (KHTML, like Gecko) Chrome/89.0.4389.114 Safari/537.36"
196.251.85.177 - - [08/Jun/2025:17:08:46 -0400] "POST //xmlrpc.php HTTP/1.1" 200 205 "-" "Mozilla/5.0 (Windows NT 10.0; Win64; x64) AppleWebKit/537.36 (KHTML, like Gecko) Chrome/89.0.4389.114 Safari/537.36"
162.0.232.193 - - [08/Jun/2025:17:09:15 -0400] "POST /wp-cron.php?doing_wp_cron=1749416955.3741838932037353515625 HTTP/1.1" 200 0 "-" "WordPress/6.8.1; https://w5.yours-toclaim.com"
196.251.85.177 - - [08/Jun/2025:17:09:01 -0400] "POST //xmlrpc.php HTTP/1.1" 200 205 "-" "Mozilla/5.0 (Windows NT 10.0; Win64; x64) AppleWebKit/537.36 (KHTML, like Gecko) Chrome/89.0.4389.114 Safari/537.36"
162.0.232.193 - - [08/Jun/2025:17:09:31 -0400] "POST /wp-cron.php?doing_wp_cron=1749416970.8990509510040283203125 HTTP/1.1" 200 0 "-" "WordPress/6.8.1; https://w5.yours-toclaim.com"
196.251.85.177 - - [08/Jun/2025:17:09:16 -0400] "POST //xmlrpc.php HTTP/1.1" 200 205 "-" "Mozilla/5.0 (Windows NT 10.0; Win64; x64) AppleWebKit/537.36 (KHTML, like Gecko) Chrome/89.0.4389.114 Safari/537.36"
162.0.232.193 - - [08/Jun/2025:17:09:46 -0400] "POST /wp-cron.php?doing_wp_cron=1749416986.1286129951477050781250 HTTP/1.1" 200 0 "-" "WordPress/6.8.1; https://w5.yours-toclaim.com"
196.251.85.177 - - [08/Jun/2025:17:09:31 -0400] "POST //xmlrpc.php HTTP/1.1" 200 205 "-" "Mozilla/5.0 (Windows NT 10.0; Win64; x64) AppleWebKit/537.36 (KHTML, like Gecko) Chrome/89.0.4389.114 Safari/537.36"
196.251.85.177 - - [08/Jun/2025:17:09:46 -0400] "POST //xmlrpc.php HTTP/1.1" 200 205 "-" "Mozilla/5.0 (Windows NT 10.0; Win64; x64) AppleWebKit/537.36 (KHTML, like Gecko) Chrome/89.0.4389.114 Safari/537.36"
162.0.232.193 - - [08/Jun/2025:17:10:16 -0400] "POST /wp-cron.php?doing_wp_cron=1749417016.3348450660705566406250 HTTP/1.1" 200 0 "-" "WordPress/6.8.1; https://w5.yours-toclaim.com"
196.251.85.177 - - [08/Jun/2025:17:10:01 -0400] "POST //xmlrpc.php HTTP/1.1" 200 205 "-" "Mozilla/5.0 (Windows NT 10.0; Win64; x64) AppleWebKit/537.36 (KHTML, like Gecko) Chrome/89.0.4389.114 Safari/537.36"
162.0.232.193 - - [08/Jun/2025:17:10:31 -0400] "POST /wp-cron.php?doing_wp_cron=1749417030.8882410526275634765625 HTTP/1.1" 200 0 "-" "WordPress/6.8.1; https://w5.yours-toclaim.com"
196.251.85.177 - - [08/Jun/2025:17:10:17 -0400] "POST //xmlrpc.php HTTP/1.1" 200 205 "-" "Mozilla/5.0 (Windows NT 10.0; Win64; x64) AppleWebKit/537.36 (KHTML, like Gecko) Chrome/89.0.4389.114 Safari/537.36"
162.0.232.193 - - [08/Jun/2025:17:10:46 -0400] "POST /wp-cron.php?doing_wp_cron=1749417045.9713730812072753906250 HTTP/1.1" 200 0 "-" "WordPress/6.8.1; https://w5.yours-toclaim.com"
196.251.85.177 - - [08/Jun/2025:17:10:31 -0400] "POST //xmlrpc.php HTTP/1.1" 200 205 "-" "Mozilla/5.0 (Windows NT 10.0; Win64; x64) AppleWebKit/537.36 (KHTML, like Gecko) Chrome/89.0.4389.114 Safari/537.36"
47.82.61.80 - - [08/Jun/2025:17:10:52 -0400] "GET /yours-to-claim/yours-to-claim-chapter-9/ HTTP/1.1" 200 51214 "https://w5.yours-toclaim.com/yours-to-claim/yours-to-claim-chapter-9/" "Mozilla/5.0 (Windows NT 10.0; Win64; x64) AppleWebKit/537.36 (KHTML, like Gecko) Chrome/114.0.0.0 Safari/537.36 Edg/114.0.1823.43"
196.251.85.177 - - [08/Jun/2025:17:10:47 -0400] "POST //xmlrpc.php HTTP/1.1" 200 205 "-" "Mozilla/5.0 (Windows NT 10.0; Win64; x64) AppleWebKit/537.36 (KHTML, like Gecko) Chrome/89.0.4389.114 Safari/537.36"
162.0.232.193 - - [08/Jun/2025:17:11:16 -0400] "POST /wp-cron.php?doing_wp_cron=1749417076.2548580169677734375000 HTTP/1.1" 200 0 "-" "WordPress/6.8.1; https://w5.yours-toclaim.com"
196.251.85.177 - - [08/Jun/2025:17:11:00 -0400] "POST //xmlrpc.php HTTP/1.1" 200 205 "-" "Mozilla/5.0 (Windows NT 10.0; Win64; x64) AppleWebKit/537.36 (KHTML, like Gecko) Chrome/89.0.4389.114 Safari/537.36"
47.128.37.67 - - [08/Jun/2025:17:11:26 -0400] "GET /tag/yours-to-claim-lezhin-season-2/page/3/ HTTP/1.1" 200 56949 "-" "Mozilla/5.0 (compatible; Bytespider; [email protected]) AppleWebKit/537.36 (KHTML, like Gecko) Chrome/70.0.0.0 Safari/537.36"
162.0.232.193 - - [08/Jun/2025:17:11:31 -0400] "POST /wp-cron.php?doing_wp_cron=1749417091.0932190418243408203125 HTTP/1.1" 200 0 "-" "WordPress/6.8.1; https://w5.yours-toclaim.com"
196.251.85.177 - - [08/Jun/2025:17:11:16 -0400] "POST //xmlrpc.php HTTP/1.1" 200 205 "-" "Mozilla/5.0 (Windows NT 10.0; Win64; x64) AppleWebKit/537.36 (KHTML, like Gecko) Chrome/89.0.4389.114 Safari/537.36"
162.0.232.193 - - [08/Jun/2025:17:11:46 -0400] "POST /wp-cron.php?doing_wp_cron=1749417106.3678491115570068359375 HTTP/1.1" 200 0 "-" "WordPress/6.8.1; https://w5.yours-toclaim.com"
196.251.85.177 - - [08/Jun/2025:17:11:32 -0400] "POST //xmlrpc.php HTTP/1.1" 200 205 "-" "Mozilla/5.0 (Windows NT 10.0; Win64; x64) AppleWebKit/537.36 (KHTML, like Gecko) Chrome/89.0.4389.114 Safari/537.36"
196.251.85.177 - - [08/Jun/2025:17:11:47 -0400] "POST //xmlrpc.php HTTP/1.1" 200 205 "-" "Mozilla/5.0 (Windows NT 10.0; Win64; x64) AppleWebKit/537.36 (KHTML, like Gecko) Chrome/89.0.4389.114 Safari/537.36"
162.0.232.193 - - [08/Jun/2025:17:12:16 -0400] "POST /wp-cron.php?doing_wp_cron=1749417135.8715460300445556640625 HTTP/1.1" 200 0 "-" "WordPress/6.8.1; https://w5.yours-toclaim.com"
196.251.85.177 - - [08/Jun/2025:17:12:01 -0400] "POST //xmlrpc.php HTTP/1.1" 200 205 "-" "Mozilla/5.0 (Windows NT 10.0; Win64; x64) AppleWebKit/537.36 (KHTML, like Gecko) Chrome/89.0.4389.114 Safari/537.36"
162.0.232.193 - - [08/Jun/2025:17:12:30 -0400] "POST /wp-cron.php?doing_wp_cron=1749417150.3823060989379882812500 HTTP/1.1" 200 0 "-" "WordPress/6.8.1; https://w5.yours-toclaim.com"
196.251.85.177 - - [08/Jun/2025:17:12:17 -0400] "POST //xmlrpc.php HTTP/1.1" 200 205 "-" "Mozilla/5.0 (Windows NT 10.0; Win64; x64) AppleWebKit/537.36 (KHTML, like Gecko) Chrome/89.0.4389.114 Safari/537.36"
162.0.232.193 - - [08/Jun/2025:17:12:45 -0400] "POST /wp-cron.php?doing_wp_cron=1749417165.2449009418487548828125 HTTP/1.1" 200 0 "-" "WordPress/6.8.1; https://w5.yours-toclaim.com"
196.251.85.177 - - [08/Jun/2025:17:12:31 -0400] "POST //xmlrpc.php HTTP/1.1" 200 205 "-" "Mozilla/5.0 (Windows NT 10.0; Win64; x64) AppleWebKit/537.36 (KHTML, like Gecko) Chrome/89.0.4389.114 Safari/537.36"
196.251.85.177 - - [08/Jun/2025:17:12:46 -0400] "POST //xmlrpc.php HTTP/1.1" 200 205 "-" "Mozilla/5.0 (Windows NT 10.0; Win64; x64) AppleWebKit/537.36 (KHTML, like Gecko) Chrome/89.0.4389.114 Safari/537.36"
162.0.232.193 - - [08/Jun/2025:17:13:16 -0400] "POST /wp-cron.php?doing_wp_cron=1749417196.0322000980377197265625 HTTP/1.1" 200 0 "-" "WordPress/6.8.1; https://w5.yours-toclaim.com"
196.251.85.177 - - [08/Jun/2025:17:13:00 -0400] "POST //xmlrpc.php HTTP/1.1" 200 205 "-" "Mozilla/5.0 (Windows NT 10.0; Win64; x64) AppleWebKit/537.36 (KHTML, like Gecko) Chrome/89.0.4389.114 Safari/537.36"
162.0.232.193 - - [08/Jun/2025:17:13:31 -0400] "POST /wp-cron.php?doing_wp_cron=1749417211.1669700145721435546875 HTTP/1.1" 200 0 "-" "WordPress/6.8.1; https://w5.yours-toclaim.com"
196.251.85.177 - - [08/Jun/2025:17:13:16 -0400] "POST //xmlrpc.php HTTP/1.1" 200 205 "-" "Mozilla/5.0 (Windows NT 10.0; Win64; x64) AppleWebKit/537.36 (KHTML, like Gecko) Chrome/89.0.4389.114 Safari/537.36"
162.0.232.193 - - [08/Jun/2025:17:13:45 -0400] "POST /wp-cron.php?doing_wp_cron=1749417225.1500320434570312500000 HTTP/1.1" 200 0 "-" "WordPress/6.8.1; https://w5.yours-toclaim.com"
196.251.85.177 - - [08/Jun/2025:17:13:32 -0400] "POST //xmlrpc.php HTTP/1.1" 200 205 "-" "Mozilla/5.0 (Windows NT 10.0; Win64; x64) AppleWebKit/537.36 (KHTML, like Gecko) Chrome/89.0.4389.114 Safari/537.36"
196.251.85.177 - - [08/Jun/2025:17:13:45 -0400] "POST //xmlrpc.php HTTP/1.1" 200 205 "-" "Mozilla/5.0 (Windows NT 10.0; Win64; x64) AppleWebKit/537.36 (KHTML, like Gecko) Chrome/89.0.4389.114 Safari/537.36"
162.0.232.193 - - [08/Jun/2025:17:14:15 -0400] "POST /wp-cron.php?doing_wp_cron=1749417255.2964560985565185546875 HTTP/1.1" 200 0 "-" "WordPress/6.8.1; https://w5.yours-toclaim.com"
196.251.85.177 - - [08/Jun/2025:17:14:02 -0400] "POST //xmlrpc.php HTTP/1.1" 200 205 "-" "Mozilla/5.0 (Windows NT 10.0; Win64; x64) AppleWebKit/537.36 (KHTML, like Gecko) Chrome/89.0.4389.114 Safari/537.36"
162.0.232.193 - - [08/Jun/2025:17:14:31 -0400] "POST /wp-cron.php?doing_wp_cron=1749417271.1376140117645263671875 HTTP/1.1" 200 0 "-" "WordPress/6.8.1; https://w5.yours-toclaim.com"
196.251.85.177 - - [08/Jun/2025:17:14:15 -0400] "POST //xmlrpc.php HTTP/1.1" 200 205 "-" "Mozilla/5.0 (Windows NT 10.0; Win64; x64) AppleWebKit/537.36 (KHTML, like Gecko) Chrome/89.0.4389.114 Safari/537.36"
162.0.232.193 - - [08/Jun/2025:17:14:46 -0400] "POST /wp-cron.php?doing_wp_cron=1749417286.0963261127471923828125 HTTP/1.1" 200 0 "-" "WordPress/6.8.1; https://w5.yours-toclaim.com"
196.251.85.177 - - [08/Jun/2025:17:14:31 -0400] "POST //xmlrpc.php HTTP/1.1" 200 205 "-" "Mozilla/5.0 (Windows NT 10.0; Win64; x64) AppleWebKit/537.36 (KHTML, like Gecko) Chrome/89.0.4389.114 Safari/537.36"
196.251.85.177 - - [08/Jun/2025:17:14:46 -0400] "POST //xmlrpc.php HTTP/1.1" 200 205 "-" "Mozilla/5.0 (Windows NT 10.0; Win64; x64) AppleWebKit/537.36 (KHTML, like Gecko) Chrome/89.0.4389.114 Safari/537.36"
162.0.232.193 - - [08/Jun/2025:17:15:16 -0400] "POST /wp-cron.php?doing_wp_cron=1749417316.0097539424896240234375 HTTP/1.1" 200 0 "-" "WordPress/6.8.1; https://w5.yours-toclaim.com"
196.251.85.177 - - [08/Jun/2025:17:15:01 -0400] "POST //xmlrpc.php HTTP/1.1" 200 205 "-" "Mozilla/5.0 (Windows NT 10.0; Win64; x64) AppleWebKit/537.36 (KHTML, like Gecko) Chrome/89.0.4389.114 Safari/537.36"
47.128.119.143 - - [08/Jun/2025:17:15:26 -0400] "GET /tag/yahwi/page/4/ HTTP/1.1" 200 57375 "-" "Mozilla/5.0 (compatible; Bytespider; [email protected]) AppleWebKit/537.36 (KHTML, like Gecko) Chrome/70.0.0.0 Safari/537.36"
162.0.232.193 - - [08/Jun/2025:17:15:31 -0400] "POST /wp-cron.php?doing_wp_cron=1749417331.0759439468383789062500 HTTP/1.1" 200 0 "-" "WordPress/6.8.1; https://w5.yours-toclaim.com"
196.251.85.177 - - [08/Jun/2025:17:15:16 -0400] "POST //xmlrpc.php HTTP/1.1" 200 205 "-" "Mozilla/5.0 (Windows NT 10.0; Win64; x64) AppleWebKit/537.36 (KHTML, like Gecko) Chrome/89.0.4389.114 Safari/537.36"
162.0.232.193 - - [08/Jun/2025:17:15:46 -0400] "POST /wp-cron.php?doing_wp_cron=1749417346.3115699291229248046875 HTTP/1.1" 200 0 "-" "WordPress/6.8.1; https://w5.yours-toclaim.com"
196.251.85.177 - - [08/Jun/2025:17:15:31 -0400] "POST //xmlrpc.php HTTP/1.1" 200 205 "-" "Mozilla/5.0 (Windows NT 10.0; Win64; x64) AppleWebKit/537.36 (KHTML, like Gecko) Chrome/89.0.4389.114 Safari/537.36"
196.251.85.177 - - [08/Jun/2025:17:15:47 -0400] "POST //xmlrpc.php HTTP/1.1" 200 205 "-" "Mozilla/5.0 (Windows NT 10.0; Win64; x64) AppleWebKit/537.36 (KHTML, like Gecko) Chrome/89.0.4389.114 Safari/537.36"
162.0.232.193 - - [08/Jun/2025:17:16:15 -0400] "POST /wp-cron.php?doing_wp_cron=1749417375.2373681068420410156250 HTTP/1.1" 200 0 "-" "WordPress/6.8.1; https://w5.yours-toclaim.com"
196.251.85.177 - - [08/Jun/2025:17:16:01 -0400] "POST //xmlrpc.php HTTP/1.1" 200 205 "-" "Mozilla/5.0 (Windows NT 10.0; Win64; x64) AppleWebKit/537.36 (KHTML, like Gecko) Chrome/89.0.4389.114 Safari/537.36"
162.0.232.193 - - [08/Jun/2025:17:16:30 -0400] "POST /wp-cron.php?doing_wp_cron=1749417390.1679990291595458984375 HTTP/1.1" 200 0 "-" "WordPress/6.8.1; https://w5.yours-toclaim.com"
196.251.85.177 - - [08/Jun/2025:17:16:16 -0400] "POST //xmlrpc.php HTTP/1.1" 200 205 "-" "Mozilla/5.0 (Windows NT 10.0; Win64; x64) AppleWebKit/537.36 (KHTML, like Gecko) Chrome/89.0.4389.114 Safari/537.36"
162.0.232.193 - - [08/Jun/2025:17:16:46 -0400] "POST /wp-cron.php?doing_wp_cron=1749417406.0980739593505859375000 HTTP/1.1" 200 0 "-" "WordPress/6.8.1; https://w5.yours-toclaim.com"
196.251.85.177 - - [08/Jun/2025:17:16:30 -0400] "POST //xmlrpc.php HTTP/1.1" 200 205 "-" "Mozilla/5.0 (Windows NT 10.0; Win64; x64) AppleWebKit/537.36 (KHTML, like Gecko) Chrome/89.0.4389.114 Safari/537.36"
196.251.85.177 - - [08/Jun/2025:17:16:46 -0400] "POST //xmlrpc.php HTTP/1.1" 200 205 "-" "Mozilla/5.0 (Windows NT 10.0; Win64; x64) AppleWebKit/537.36 (KHTML, like Gecko) Chrome/89.0.4389.114 Safari/537.36"
162.0.232.193 - - [08/Jun/2025:17:17:12 -0400] "POST /wp-cron.php?doing_wp_cron=1749417432.1215178966522216796875 HTTP/1.1" 200 0 "-" "WordPress/6.8.1; https://w5.yours-toclaim.com"
47.79.98.33 - - [08/Jun/2025:17:17:11 -0400] "GET /tag/original/page/6/ HTTP/1.1" 200 88926 "https://w5.yours-toclaim.com/tag/original/page/6/" "Mozilla/5.0 (Windows NT 10.0; Win64; x64) AppleWebKit/537.36 (KHTML, like Gecko) Chrome/114.0.0.0 Safari/537.36 Edg/114.0.1823.43"
196.251.85.177 - - [08/Jun/2025:17:17:01 -0400] "POST //xmlrpc.php HTTP/1.1" 200 205 "-" "Mozilla/5.0 (Windows NT 10.0; Win64; x64) AppleWebKit/537.36 (KHTML, like Gecko) Chrome/89.0.4389.114 Safari/537.36"
162.0.232.193 - - [08/Jun/2025:17:17:30 -0400] "POST /wp-cron.php?doing_wp_cron=1749417450.1516339778900146484375 HTTP/1.1" 200 0 "-" "WordPress/6.8.1; https://w5.yours-toclaim.com"
196.251.85.177 - - [08/Jun/2025:17:17:16 -0400] "POST //xmlrpc.php HTTP/1.1" 200 205 "-" "Mozilla/5.0 (Windows NT 10.0; Win64; x64) AppleWebKit/537.36 (KHTML, like Gecko) Chrome/89.0.4389.114 Safari/537.36"
162.0.232.193 - - [08/Jun/2025:17:17:46 -0400] "POST /wp-cron.php?doing_wp_cron=1749417466.3049380779266357421875 HTTP/1.1" 200 0 "-" "WordPress/6.8.1; https://w5.yours-toclaim.com"
196.251.85.177 - - [08/Jun/2025:17:17:30 -0400] "POST //xmlrpc.php HTTP/1.1" 200 205 "-" "Mozilla/5.0 (Windows NT 10.0; Win64; x64) AppleWebKit/537.36 (KHTML, like Gecko) Chrome/89.0.4389.114 Safari/537.36"
196.251.85.177 - - [08/Jun/2025:17:17:47 -0400] "POST //xmlrpc.php HTTP/1.1" 200 205 "-" "Mozilla/5.0 (Windows NT 10.0; Win64; x64) AppleWebKit/537.36 (KHTML, like Gecko) Chrome/89.0.4389.114 Safari/537.36"
162.0.232.193 - - [08/Jun/2025:17:18:15 -0400] "POST /wp-cron.php?doing_wp_cron=1749417495.7349579334259033203125 HTTP/1.1" 200 0 "-" "WordPress/6.8.1; https://w5.yours-toclaim.com"
196.251.85.177 - - [08/Jun/2025:17:18:01 -0400] "POST //xmlrpc.php HTTP/1.1" 200 205 "-" "Mozilla/5.0 (Windows NT 10.0; Win64; x64) AppleWebKit/537.36 (KHTML, like Gecko) Chrome/89.0.4389.114 Safari/537.36"
47.79.7.122 - - [08/Jun/2025:17:18:21 -0400] "GET /tag/volume/page/6/ HTTP/1.1" 200 88938 "https://w5.yours-toclaim.com/tag/volume/page/6/" "Mozilla/5.0 (Windows NT 10.0; Win64; x64) AppleWebKit/537.36 (KHTML, like Gecko) Chrome/114.0.0.0 Safari/537.36 Edg/114.0.1823.43"
162.0.232.193 - - [08/Jun/2025:17:18:30 -0400] "POST /wp-cron.php?doing_wp_cron=1749417510.5352640151977539062500 HTTP/1.1" 200 0 "-" "WordPress/6.8.1; https://w5.yours-toclaim.com"
196.251.85.177 - - [08/Jun/2025:17:18:16 -0400] "POST //xmlrpc.php HTTP/1.1" 200 205 "-" "Mozilla/5.0 (Windows NT 10.0; Win64; x64) AppleWebKit/537.36 (KHTML, like Gecko) Chrome/89.0.4389.114 Safari/537.36"
162.0.232.193 - - [08/Jun/2025:17:18:45 -0400] "POST /wp-cron.php?doing_wp_cron=1749417525.6905300617218017578125 HTTP/1.1" 200 0 "-" "WordPress/6.8.1; https://w5.yours-toclaim.com"
196.251.85.177 - - [08/Jun/2025:17:18:31 -0400] "POST //xmlrpc.php HTTP/1.1" 200 205 "-" "Mozilla/5.0 (Windows NT 10.0; Win64; x64) AppleWebKit/537.36 (KHTML, like Gecko) Chrome/89.0.4389.114 Safari/537.36"
196.251.85.177 - - [08/Jun/2025:17:18:46 -0400] "POST //xmlrpc.php HTTP/1.1" 200 205 "-" "Mozilla/5.0 (Windows NT 10.0; Win64; x64) AppleWebKit/537.36 (KHTML, like Gecko) Chrome/89.0.4389.114 Safari/537.36"
162.0.232.193 - - [08/Jun/2025:17:19:15 -0400] "POST /wp-cron.php?doing_wp_cron=1749417555.1901481151580810546875 HTTP/1.1" 200 0 "-" "WordPress/6.8.1; https://w5.yours-toclaim.com"
196.251.85.177 - - [08/Jun/2025:17:19:01 -0400] "POST //xmlrpc.php HTTP/1.1" 200 205 "-" "Mozilla/5.0 (Windows NT 10.0; Win64; x64) AppleWebKit/537.36 (KHTML, like Gecko) Chrome/89.0.4389.114 Safari/537.36"
162.0.232.193 - - [08/Jun/2025:17:19:31 -0400] "POST /wp-cron.php?doing_wp_cron=1749417571.0054779052734375000000 HTTP/1.1" 200 0 "-" "WordPress/6.8.1; https://w5.yours-toclaim.com"
196.251.85.177 - - [08/Jun/2025:17:19:15 -0400] "POST //xmlrpc.php HTTP/1.1" 200 205 "-" "Mozilla/5.0 (Windows NT 10.0; Win64; x64) AppleWebKit/537.36 (KHTML, like Gecko) Chrome/89.0.4389.114 Safari/537.36"
162.0.232.193 - - [08/Jun/2025:17:19:45 -0400] "POST /wp-cron.php?doing_wp_cron=1749417585.8811769485473632812500 HTTP/1.1" 200 0 "-" "WordPress/6.8.1; https://w5.yours-toclaim.com"
196.251.85.177 - - [08/Jun/2025:17:19:31 -0400] "POST //xmlrpc.php HTTP/1.1" 200 205 "-" "Mozilla/5.0 (Windows NT 10.0; Win64; x64) AppleWebKit/537.36 (KHTML, like Gecko) Chrome/89.0.4389.114 Safari/537.36"
185.30.32.159 - - [08/Jun/2025:17:19:55 -0400] "GET / HTTP/1.1" 200 37315 "-" "Chrome"
196.251.85.177 - - [08/Jun/2025:17:19:46 -0400] "POST //xmlrpc.php HTTP/1.1" 200 205 "-" "Mozilla/5.0 (Windows NT 10.0; Win64; x64) AppleWebKit/537.36 (KHTML, like Gecko) Chrome/89.0.4389.114 Safari/537.36"
162.0.232.193 - - [08/Jun/2025:17:20:15 -0400] "POST /wp-cron.php?doing_wp_cron=1749417615.5249650478363037109375 HTTP/1.1" 200 0 "-" "WordPress/6.8.1; https://w5.yours-toclaim.com"
196.251.85.177 - - [08/Jun/2025:17:20:01 -0400] "POST //xmlrpc.php HTTP/1.1" 200 205 "-" "Mozilla/5.0 (Windows NT 10.0; Win64; x64) AppleWebKit/537.36 (KHTML, like Gecko) Chrome/89.0.4389.114 Safari/537.36"
47.82.60.246 - - [08/Jun/2025:17:20:28 -0400] "GET /yours-to-claim/yours-to-claim-chapter-107-5/ HTTP/1.1" 200 40667 "https://w5.yours-toclaim.com/yours-to-claim/yours-to-claim-chapter-107-5/" "Mozilla/5.0 (Windows NT 10.0; Win64; x64) AppleWebKit/537.36 (KHTML, like Gecko) Chrome/114.0.0.0 Safari/537.36 Edg/114.0.1823.43"
162.0.232.193 - - [08/Jun/2025:17:20:30 -0400] "POST /wp-cron.php?doing_wp_cron=1749417630.5342071056365966796875 HTTP/1.1" 200 0 "-" "WordPress/6.8.1; https://w5.yours-toclaim.com"
196.251.85.177 - - [08/Jun/2025:17:20:16 -0400] "POST //xmlrpc.php HTTP/1.1" 200 205 "-" "Mozilla/5.0 (Windows NT 10.0; Win64; x64) AppleWebKit/537.36 (KHTML, like Gecko) Chrome/89.0.4389.114 Safari/537.36"
162.0.232.193 - - [08/Jun/2025:17:20:45 -0400] "POST /wp-cron.php?doing_wp_cron=1749417645.2745850086212158203125 HTTP/1.1" 200 0 "-" "WordPress/6.8.1; https://w5.yours-toclaim.com"
196.251.85.177 - - [08/Jun/2025:17:20:31 -0400] "POST //xmlrpc.php HTTP/1.1" 200 205 "-" "Mozilla/5.0 (Windows NT 10.0; Win64; x64) AppleWebKit/537.36 (KHTML, like Gecko) Chrome/89.0.4389.114 Safari/537.36"
196.251.85.177 - - [08/Jun/2025:17:20:45 -0400] "POST //xmlrpc.php HTTP/1.1" 200 205 "-" "Mozilla/5.0 (Windows NT 10.0; Win64; x64) AppleWebKit/537.36 (KHTML, like Gecko) Chrome/89.0.4389.114 Safari/537.36"
162.0.232.193 - - [08/Jun/2025:17:21:04 -0400] "POST /wp-cron.php?doing_wp_cron=1749417664.3001010417938232421875 HTTP/1.1" 200 0 "-" "WordPress/6.8.1; https://w5.yours-toclaim.com"
114.119.134.12 - - [08/Jun/2025:17:21:04 -0400] "GET /tag/chapter/page/2/ HTTP/1.1" 200 50913 "https://w4.yours-toclaim.com/tag/chapter/page/3/" "Mozilla/5.0 (Linux; Android 7.0;) AppleWebKit/537.36 (KHTML, like Gecko) Mobile Safari/537.36 (compatible; PetalBot;+https://webmaster.petalsearch.com/site/petalbot)"
196.251.85.177 - - [08/Jun/2025:17:21:01 -0400] "POST //xmlrpc.php HTTP/1.1" 200 205 "-" "Mozilla/5.0 (Windows NT 10.0; Win64; x64) AppleWebKit/537.36 (KHTML, like Gecko) Chrome/89.0.4389.114 Safari/537.36"
162.0.232.193 - - [08/Jun/2025:17:21:30 -0400] "POST /wp-cron.php?doing_wp_cron=1749417690.6860160827636718750000 HTTP/1.1" 200 0 "-" "WordPress/6.8.1; https://w5.yours-toclaim.com"
196.251.85.177 - - [08/Jun/2025:17:21:16 -0400] "POST //xmlrpc.php HTTP/1.1" 200 205 "-" "Mozilla/5.0 (Windows NT 10.0; Win64; x64) AppleWebKit/537.36 (KHTML, like Gecko) Chrome/89.0.4389.114 Safari/537.36"
162.0.232.193 - - [08/Jun/2025:17:21:45 -0400] "POST /wp-cron.php?doing_wp_cron=1749417705.6433401107788085937500 HTTP/1.1" 200 0 "-" "WordPress/6.8.1; https://w5.yours-toclaim.com"
196.251.85.177 - - [08/Jun/2025:17:21:31 -0400] "POST //xmlrpc.php HTTP/1.1" 200 205 "-" "Mozilla/5.0 (Windows NT 10.0; Win64; x64) AppleWebKit/537.36 (KHTML, like Gecko) Chrome/89.0.4389.114 Safari/537.36"
47.82.60.178 - - [08/Jun/2025:17:21:57 -0400] "GET /category/yours-to-claim-read/ HTTP/1.1" 200 66939 "https://w5.yours-toclaim.com/category/yours-to-claim-read/" "Mozilla/5.0 (Windows NT 10.0; Win64; x64) AppleWebKit/537.36 (KHTML, like Gecko) Chrome/114.0.0.0 Safari/537.36 Edg/114.0.1823.43"
196.251.85.177 - - [08/Jun/2025:17:21:46 -0400] "POST //xmlrpc.php HTTP/1.1" 200 205 "-" "Mozilla/5.0 (Windows NT 10.0; Win64; x64) AppleWebKit/537.36 (KHTML, like Gecko) Chrome/89.0.4389.114 Safari/537.36"
162.0.232.193 - - [08/Jun/2025:17:22:15 -0400] "POST /wp-cron.php?doing_wp_cron=1749417735.3108429908752441406250 HTTP/1.1" 200 0 "-" "WordPress/6.8.1; https://w5.yours-toclaim.com"
196.251.85.177 - - [08/Jun/2025:17:22:01 -0400] "POST //xmlrpc.php HTTP/1.1" 200 205 "-" "Mozilla/5.0 (Windows NT 10.0; Win64; x64) AppleWebKit/537.36 (KHTML, like Gecko) Chrome/89.0.4389.114 Safari/537.36"
162.0.232.193 - - [08/Jun/2025:17:22:30 -0400] "POST /wp-cron.php?doing_wp_cron=1749417750.4782760143280029296875 HTTP/1.1" 200 0 "-" "WordPress/6.8.1; https://w5.yours-toclaim.com"
196.251.85.177 - - [08/Jun/2025:17:22:16 -0400] "POST //xmlrpc.php HTTP/1.1" 200 205 "-" "Mozilla/5.0 (Windows NT 10.0; Win64; x64) AppleWebKit/537.36 (KHTML, like Gecko) Chrome/89.0.4389.114 Safari/537.36"
162.0.232.193 - - [08/Jun/2025:17:22:45 -0400] "POST /wp-cron.php?doing_wp_cron=1749417765.8360199928283691406250 HTTP/1.1" 200 0 "-" "WordPress/6.8.1; https://w5.yours-toclaim.com"
196.251.85.177 - - [08/Jun/2025:17:22:31 -0400] "POST //xmlrpc.php HTTP/1.1" 200 205 "-" "Mozilla/5.0 (Windows NT 10.0; Win64; x64) AppleWebKit/537.36 (KHTML, like Gecko) Chrome/89.0.4389.114 Safari/537.36"
196.251.85.177 - - [08/Jun/2025:17:22:46 -0400] "POST //xmlrpc.php HTTP/1.1" 200 205 "-" "Mozilla/5.0 (Windows NT 10.0; Win64; x64) AppleWebKit/537.36 (KHTML, like Gecko) Chrome/89.0.4389.114 Safari/537.36"
162.0.232.193 - - [08/Jun/2025:17:23:15 -0400] "POST /wp-cron.php?doing_wp_cron=1749417795.8114109039306640625000 HTTP/1.1" 200 0 "-" "WordPress/6.8.1; https://w5.yours-toclaim.com"
196.251.85.177 - - [08/Jun/2025:17:23:01 -0400] "POST //xmlrpc.php HTTP/1.1" 200 205 "-" "Mozilla/5.0 (Windows NT 10.0; Win64; x64) AppleWebKit/537.36 (KHTML, like Gecko) Chrome/89.0.4389.114 Safari/537.36"
162.0.232.193 - - [08/Jun/2025:17:23:30 -0400] "POST /wp-cron.php?doing_wp_cron=1749417810.7220380306243896484375 HTTP/1.1" 200 0 "-" "WordPress/6.8.1; https://w5.yours-toclaim.com"
196.251.85.177 - - [08/Jun/2025:17:23:16 -0400] "POST //xmlrpc.php HTTP/1.1" 200 205 "-" "Mozilla/5.0 (Windows NT 10.0; Win64; x64) AppleWebKit/537.36 (KHTML, like Gecko) Chrome/89.0.4389.114 Safari/537.36"
162.0.232.193 - - [08/Jun/2025:17:23:45 -0400] "POST /wp-cron.php?doing_wp_cron=1749417825.7543289661407470703125 HTTP/1.1" 200 0 "-" "WordPress/6.8.1; https://w5.yours-toclaim.com"
196.251.85.177 - - [08/Jun/2025:17:23:31 -0400] "POST //xmlrpc.php HTTP/1.1" 200 205 "-" "Mozilla/5.0 (Windows NT 10.0; Win64; x64) AppleWebKit/537.36 (KHTML, like Gecko) Chrome/89.0.4389.114 Safari/537.36"
162.0.232.193 - - [08/Jun/2025:17:24:01 -0400] "POST /wp-cron.php?doing_wp_cron=1749417840.9606459140777587890625 HTTP/1.1" 200 0 "-" "WordPress/6.8.1; https://w5.yours-toclaim.com"
196.251.85.177 - - [08/Jun/2025:17:23:46 -0400] "POST //xmlrpc.php HTTP/1.1" 200 205 "-" "Mozilla/5.0 (Windows NT 10.0; Win64; x64) AppleWebKit/537.36 (KHTML, like Gecko) Chrome/89.0.4389.114 Safari/537.36"
162.0.232.193 - - [08/Jun/2025:17:24:12 -0400] "POST /wp-cron.php?doing_wp_cron=1749417852.7150681018829345703125 HTTP/1.1" 200 0 "-" "WordPress/6.8.1; https://w5.yours-toclaim.com"
47.79.7.230 - - [08/Jun/2025:17:24:12 -0400] "GET /tag/chapters/page/10/ HTTP/1.1" 200 81108 "https://w5.yours-toclaim.com/tag/chapters/page/10/" "Mozilla/5.0 (Windows NT 10.0; Win64; x64) AppleWebKit/537.36 (KHTML, like Gecko) Chrome/114.0.0.0 Safari/537.36 Edg/114.0.1823.43"
196.251.85.177 - - [08/Jun/2025:17:24:02 -0400] "POST //xmlrpc.php HTTP/1.1" 200 205 "-" "Mozilla/5.0 (Windows NT 10.0; Win64; x64) AppleWebKit/537.36 (KHTML, like Gecko) Chrome/89.0.4389.114 Safari/537.36"
162.0.232.193 - - [08/Jun/2025:17:24:30 -0400] "POST /wp-cron.php?doing_wp_cron=1749417870.7894699573516845703125 HTTP/1.1" 200 0 "-" "WordPress/6.8.1; https://w5.yours-toclaim.com"
196.251.85.177 - - [08/Jun/2025:17:24:15 -0400] "POST //xmlrpc.php HTTP/1.1" 200 205 "-" "Mozilla/5.0 (Windows NT 10.0; Win64; x64) AppleWebKit/537.36 (KHTML, like Gecko) Chrome/89.0.4389.114 Safari/537.36"
162.0.232.193 - - [08/Jun/2025:17:24:45 -0400] "POST /wp-cron.php?doing_wp_cron=1749417885.6434659957885742187500 HTTP/1.1" 200 0 "-" "WordPress/6.8.1; https://w5.yours-toclaim.com"
196.251.85.177 - - [08/Jun/2025:17:24:31 -0400] "POST //xmlrpc.php HTTP/1.1" 200 205 "-" "Mozilla/5.0 (Windows NT 10.0; Win64; x64) AppleWebKit/537.36 (KHTML, like Gecko) Chrome/89.0.4389.114 Safari/537.36"
196.251.85.177 - - [08/Jun/2025:17:24:46 -0400] "POST //xmlrpc.php HTTP/1.1" 200 205 "-" "Mozilla/5.0 (Windows NT 10.0; Win64; x64) AppleWebKit/537.36 (KHTML, like Gecko) Chrome/89.0.4389.114 Safari/537.36"
162.0.232.193 - - [08/Jun/2025:17:25:15 -0400] "POST /wp-cron.php?doing_wp_cron=1749417915.1836409568786621093750 HTTP/1.1" 200 0 "-" "WordPress/6.8.1; https://w5.yours-toclaim.com"
196.251.85.177 - - [08/Jun/2025:17:25:01 -0400] "POST //xmlrpc.php HTTP/1.1" 200 205 "-" "Mozilla/5.0 (Windows NT 10.0; Win64; x64) AppleWebKit/537.36 (KHTML, like Gecko) Chrome/89.0.4389.114 Safari/537.36"
162.0.232.193 - - [08/Jun/2025:17:25:30 -0400] "POST /wp-cron.php?doing_wp_cron=1749417930.2607600688934326171875 HTTP/1.1" 200 0 "-" "WordPress/6.8.1; https://w5.yours-toclaim.com"
196.251.85.177 - - [08/Jun/2025:17:25:16 -0400] "POST //xmlrpc.php HTTP/1.1" 200 205 "-" "Mozilla/5.0 (Windows NT 10.0; Win64; x64) AppleWebKit/537.36 (KHTML, like Gecko) Chrome/89.0.4389.114 Safari/537.36"
162.0.232.193 - - [08/Jun/2025:17:25:45 -0400] "POST /wp-cron.php?doing_wp_cron=1749417945.1267371177673339843750 HTTP/1.1" 200 0 "-" "WordPress/6.8.1; https://w5.yours-toclaim.com"
196.251.85.177 - - [08/Jun/2025:17:25:31 -0400] "POST //xmlrpc.php HTTP/1.1" 200 205 "-" "Mozilla/5.0 (Windows NT 10.0; Win64; x64) AppleWebKit/537.36 (KHTML, like Gecko) Chrome/89.0.4389.114 Safari/537.36"
196.251.85.177 - - [08/Jun/2025:17:25:45 -0400] "POST //xmlrpc.php HTTP/1.1" 200 205 "-" "Mozilla/5.0 (Windows NT 10.0; Win64; x64) AppleWebKit/537.36 (KHTML, like Gecko) Chrome/89.0.4389.114 Safari/537.36"
47.82.60.228 - - [08/Jun/2025:17:26:14 -0400] "GET /yours-to-claim/yours-to-claim-chapter-7/ HTTP/1.1" 200 46764 "https://w5.yours-toclaim.com/yours-to-claim/yours-to-claim-chapter-7/" "Mozilla/5.0 (Windows NT 10.0; Win64; x64) AppleWebKit/537.36 (KHTML, like Gecko) Chrome/114.0.0.0 Safari/537.36 Edg/114.0.1823.43"
162.0.232.193 - - [08/Jun/2025:17:26:15 -0400] "POST /wp-cron.php?doing_wp_cron=1749417975.7811210155487060546875 HTTP/1.1" 200 0 "-" "WordPress/6.8.1; https://w5.yours-toclaim.com"
196.251.85.177 - - [08/Jun/2025:17:26:01 -0400] "POST //xmlrpc.php HTTP/1.1" 200 205 "-" "Mozilla/5.0 (Windows NT 10.0; Win64; x64) AppleWebKit/537.36 (KHTML, like Gecko) Chrome/89.0.4389.114 Safari/537.36"
162.0.232.193 - - [08/Jun/2025:17:26:31 -0400] "POST /wp-cron.php?doing_wp_cron=1749417990.8708570003509521484375 HTTP/1.1" 200 0 "-" "WordPress/6.8.1; https://w5.yours-toclaim.com"
196.251.85.177 - - [08/Jun/2025:17:26:16 -0400] "POST //xmlrpc.php HTTP/1.1" 200 205 "-" "Mozilla/5.0 (Windows NT 10.0; Win64; x64) AppleWebKit/537.36 (KHTML, like Gecko) Chrome/89.0.4389.114 Safari/537.36"
162.0.232.193 - - [08/Jun/2025:17:26:46 -0400] "POST /wp-cron.php?doing_wp_cron=1749418006.1156170368194580078125 HTTP/1.1" 200 0 "-" "WordPress/6.8.1; https://w5.yours-toclaim.com"
196.251.85.177 - - [08/Jun/2025:17:26:31 -0400] "POST //xmlrpc.php HTTP/1.1" 200 205 "-" "Mozilla/5.0 (Windows NT 10.0; Win64; x64) AppleWebKit/537.36 (KHTML, like Gecko) Chrome/89.0.4389.114 Safari/537.36"
196.251.85.177 - - [08/Jun/2025:17:26:46 -0400] "POST //xmlrpc.php HTTP/1.1" 200 205 "-" "Mozilla/5.0 (Windows NT 10.0; Win64; x64) AppleWebKit/537.36 (KHTML, like Gecko) Chrome/89.0.4389.114 Safari/537.36"
162.0.232.193 - - [08/Jun/2025:17:27:15 -0400] "POST /wp-cron.php?doing_wp_cron=1749418035.8311820030212402343750 HTTP/1.1" 200 0 "-" "WordPress/6.8.1; https://w5.yours-toclaim.com"
196.251.85.177 - - [08/Jun/2025:17:27:01 -0400] "POST //xmlrpc.php HTTP/1.1" 200 205 "-" "Mozilla/5.0 (Windows NT 10.0; Win64; x64) AppleWebKit/537.36 (KHTML, like Gecko) Chrome/89.0.4389.114 Safari/537.36"
162.0.232.193 - - [08/Jun/2025:17:27:30 -0400] "POST /wp-cron.php?doing_wp_cron=1749418050.7877509593963623046875 HTTP/1.1" 200 0 "-" "WordPress/6.8.1; https://w5.yours-toclaim.com"
196.251.85.177 - - [08/Jun/2025:17:27:16 -0400] "POST //xmlrpc.php HTTP/1.1" 200 205 "-" "Mozilla/5.0 (Windows NT 10.0; Win64; x64) AppleWebKit/537.36 (KHTML, like Gecko) Chrome/89.0.4389.114 Safari/537.36"
162.0.232.193 - - [08/Jun/2025:17:27:45 -0400] "POST /wp-cron.php?doing_wp_cron=1749418065.7544910907745361328125 HTTP/1.1" 200 0 "-" "WordPress/6.8.1; https://w5.yours-toclaim.com"
196.251.85.177 - - [08/Jun/2025:17:27:31 -0400] "POST //xmlrpc.php HTTP/1.1" 200 205 "-" "Mozilla/5.0 (Windows NT 10.0; Win64; x64) AppleWebKit/537.36 (KHTML, like Gecko) Chrome/89.0.4389.114 Safari/537.36"
47.82.61.79 - - [08/Jun/2025:17:27:57 -0400] "GET /tag/yours-to-claim/page/3/ HTTP/1.1" 200 56985 "https://w5.yours-toclaim.com/tag/yours-to-claim/page/3/" "Mozilla/5.0 (Windows NT 10.0; Win64; x64) AppleWebKit/537.36 (KHTML, like Gecko) Chrome/114.0.0.0 Safari/537.36 Edg/114.0.1823.43"
196.251.85.177 - - [08/Jun/2025:17:27:46 -0400] "POST //xmlrpc.php HTTP/1.1" 200 205 "-" "Mozilla/5.0 (Windows NT 10.0; Win64; x64) AppleWebKit/537.36 (KHTML, like Gecko) Chrome/89.0.4389.114 Safari/537.36"
162.0.232.193 - - [08/Jun/2025:17:28:16 -0400] "POST /wp-cron.php?doing_wp_cron=1749418095.9337549209594726562500 HTTP/1.1" 200 0 "-" "WordPress/6.8.1; https://w5.yours-toclaim.com"
196.251.85.177 - - [08/Jun/2025:17:28:01 -0400] "POST //xmlrpc.php HTTP/1.1" 200 205 "-" "Mozilla/5.0 (Windows NT 10.0; Win64; x64) AppleWebKit/537.36 (KHTML, like Gecko) Chrome/89.0.4389.114 Safari/537.36"
162.0.232.193 - - [08/Jun/2025:17:28:31 -0400] "POST /wp-cron.php?doing_wp_cron=1749418111.0771539211273193359375 HTTP/1.1" 200 0 "-" "WordPress/6.8.1; https://w5.yours-toclaim.com"
196.251.85.177 - - [08/Jun/2025:17:28:16 -0400] "POST //xmlrpc.php HTTP/1.1" 200 205 "-" "Mozilla/5.0 (Windows NT 10.0; Win64; x64) AppleWebKit/537.36 (KHTML, like Gecko) Chrome/89.0.4389.114 Safari/537.36"
47.82.60.15 - - [08/Jun/2025:17:28:35 -0400] "GET /tag/yours-to-claim/page/7/ HTTP/1.1" 200 148140 "https://w5.yours-toclaim.com/tag/yours-to-claim/page/7/" "Mozilla/5.0 (Windows NT 10.0; Win64; x64) AppleWebKit/537.36 (KHTML, like Gecko) Chrome/114.0.0.0 Safari/537.36 Edg/114.0.1823.43"
