47.82.60.183 - - [09/Jun/2025:12:15:48 -0400] "GET /tag/yours-to-claim-lezhin-season-2/page/11/ HTTP/1.1" 404 1251 "https://w5.yours-toclaim.com/tag/yours-to-claim-lezhin-season-2/page/11/" "Mozilla/5.0 (Windows NT 10.0; Win64; x64) AppleWebKit/537.36 (KHTML, like Gecko) Chrome/114.0.0.0 Safari/537.36 Edg/114.0.1823.43"
20.171.207.138 - - [09/Jun/2025:12:15:49 -0400] "GET /wp-includes/widgets/class-wp-widget-media-image.php HTTP/1.1" 403 1242 "-" "Mozilla/5.0 AppleWebKit/537.36 (KHTML, like Gecko; compatible; GPTBot/1.2; +https://openai.com/gptbot)"
20.171.207.138 - - [09/Jun/2025:12:15:50 -0400] "GET /wp-includes/widgets/class-wp-widget-recent-posts.php HTTP/1.1" 403 1242 "-" "Mozilla/5.0 AppleWebKit/537.36 (KHTML, like Gecko; compatible; GPTBot/1.2; +https://openai.com/gptbot)"
20.171.207.138 - - [09/Jun/2025:12:15:51 -0400] "GET /wp-includes/widgets/class-wp-widget-media-audio.php HTTP/1.1" 403 1242 "-" "Mozilla/5.0 AppleWebKit/537.36 (KHTML, like Gecko; compatible; GPTBot/1.2; +https://openai.com/gptbot)"
20.171.207.138 - - [09/Jun/2025:12:15:52 -0400] "GET /wp-includes/widgets/class-wp-widget-calendar.php HTTP/1.1" 403 1242 "-" "Mozilla/5.0 AppleWebKit/537.36 (KHTML, like Gecko; compatible; GPTBot/1.2; +https://openai.com/gptbot)"
20.171.207.138 - - [09/Jun/2025:12:15:53 -0400] "GET /wp-includes/widgets/class-wp-widget-archives.php HTTP/1.1" 403 1242 "-" "Mozilla/5.0 AppleWebKit/537.36 (KHTML, like Gecko; compatible; GPTBot/1.2; +https://openai.com/gptbot)"
20.171.207.138 - - [09/Jun/2025:12:15:55 -0400] "GET /wp-includes/widgets/class-wp-widget-categories.php HTTP/1.1" 403 1242 "-" "Mozilla/5.0 AppleWebKit/537.36 (KHTML, like Gecko; compatible; GPTBot/1.2; +https://openai.com/gptbot)"
20.171.207.138 - - [09/Jun/2025:12:15:56 -0400] "GET /wp-includes/widgets/class-wp-widget-custom-html.php HTTP/1.1" 403 1242 "-" "Mozilla/5.0 AppleWebKit/537.36 (KHTML, like Gecko; compatible; GPTBot/1.2; +https://openai.com/gptbot)"
20.171.207.138 - - [09/Jun/2025:12:15:57 -0400] "GET /wp-includes/widgets/class-wp-nav-menu-widget.php HTTP/1.1" 403 1242 "-" "Mozilla/5.0 AppleWebKit/537.36 (KHTML, like Gecko; compatible; GPTBot/1.2; +https://openai.com/gptbot)"
20.171.207.138 - - [09/Jun/2025:12:15:58 -0400] "GET /wp-includes/sodium_compat/namespaced/Crypto.php HTTP/1.1" 403 1242 "-" "Mozilla/5.0 AppleWebKit/537.36 (KHTML, like Gecko; compatible; GPTBot/1.2; +https://openai.com/gptbot)"
20.171.207.138 - - [09/Jun/2025:12:15:59 -0400] "GET /wp-includes/locale.php HTTP/1.1" 403 1242 "-" "Mozilla/5.0 AppleWebKit/537.36 (KHTML, like Gecko; compatible; GPTBot/1.2; +https://openai.com/gptbot)"
20.171.207.138 - - [09/Jun/2025:12:16:00 -0400] "GET /wp-includes/rewrite.php HTTP/1.1" 403 1242 "-" "Mozilla/5.0 AppleWebKit/537.36 (KHTML, like Gecko; compatible; GPTBot/1.2; +https://openai.com/gptbot)"
20.171.207.138 - - [09/Jun/2025:12:16:01 -0400] "GET /wp-includes/option.php HTTP/1.1" 403 1242 "-" "Mozilla/5.0 AppleWebKit/537.36 (KHTML, like Gecko; compatible; GPTBot/1.2; +https://openai.com/gptbot)"
20.171.207.138 - - [09/Jun/2025:12:16:02 -0400] "GET /wp-includes/compat.php HTTP/1.1" 403 1242 "-" "Mozilla/5.0 AppleWebKit/537.36 (KHTML, like Gecko; compatible; GPTBot/1.2; +https://openai.com/gptbot)"
20.171.207.138 - - [09/Jun/2025:12:16:04 -0400] "GET /wp-includes/version.php HTTP/1.1" 403 1242 "-" "Mozilla/5.0 AppleWebKit/537.36 (KHTML, like Gecko; compatible; GPTBot/1.2; +https://openai.com/gptbot)"
20.171.207.138 - - [09/Jun/2025:12:16:05 -0400] "GET /wp-includes/plugin.php HTTP/1.1" 403 1242 "-" "Mozilla/5.0 AppleWebKit/537.36 (KHTML, like Gecko; compatible; GPTBot/1.2; +https://openai.com/gptbot)"
217.113.194.63 - - [09/Jun/2025:12:16:05 -0400] "GET /yours-to-claim-chapter-15/ HTTP/1.1" 404 1251 "-" "Mozilla/5.0 (compatible; Barkrowler/0.9; +https://babbar.tech/crawler)"
20.171.207.138 - - [09/Jun/2025:12:16:06 -0400] "GET /wp-includes/widgets.php HTTP/1.1" 403 1242 "-" "Mozilla/5.0 AppleWebKit/537.36 (KHTML, like Gecko; compatible; GPTBot/1.2; +https://openai.com/gptbot)"
20.171.207.138 - - [09/Jun/2025:12:16:07 -0400] "GET /wp-includes/blocks.php HTTP/1.1" 403 1242 "-" "Mozilla/5.0 AppleWebKit/537.36 (KHTML, like Gecko; compatible; GPTBot/1.2; +https://openai.com/gptbot)"
20.171.207.138 - - [09/Jun/2025:12:16:08 -0400] "GET /wp-includes/rest-api/endpoints/ HTTP/1.1" 200 2118 "-" "Mozilla/5.0 AppleWebKit/537.36 (KHTML, like Gecko; compatible; GPTBot/1.2; +https://openai.com/gptbot)"
20.171.207.138 - - [09/Jun/2025:12:16:09 -0400] "GET /wp-includes/rest-api/error_log HTTP/1.1" 403 1242 "-" "Mozilla/5.0 AppleWebKit/537.36 (KHTML, like Gecko; compatible; GPTBot/1.2; +https://openai.com/gptbot)"
20.171.207.138 - - [09/Jun/2025:12:16:10 -0400] "GET /wp-includes/sodium_compat/src/ HTTP/1.1" 200 1147 "-" "Mozilla/5.0 AppleWebKit/537.36 (KHTML, like Gecko; compatible; GPTBot/1.2; +https://openai.com/gptbot)"
20.171.207.138 - - [09/Jun/2025:12:16:12 -0400] "GET /wp-includes/l10n/ HTTP/1.1" 200 772 "-" "Mozilla/5.0 AppleWebKit/537.36 (KHTML, like Gecko; compatible; GPTBot/1.2; +https://openai.com/gptbot)"
20.171.207.138 - - [09/Jun/2025:12:16:13 -0400] "GET /wp-includes/session.php HTTP/1.1" 403 1242 "-" "Mozilla/5.0 AppleWebKit/537.36 (KHTML, like Gecko; compatible; GPTBot/1.2; +https://openai.com/gptbot)"
20.171.207.138 - - [09/Jun/2025:12:16:14 -0400] "GET /wp-includes/sitemaps/?ND HTTP/1.1" 200 1148 "-" "Mozilla/5.0 AppleWebKit/537.36 (KHTML, like Gecko; compatible; GPTBot/1.2; +https://openai.com/gptbot)"
20.171.207.138 - - [09/Jun/2025:12:16:15 -0400] "GET /wp-includes/sitemaps/?MA HTTP/1.1" 200 1147 "-" "Mozilla/5.0 AppleWebKit/537.36 (KHTML, like Gecko; compatible; GPTBot/1.2; +https://openai.com/gptbot)"
20.171.207.138 - - [09/Jun/2025:12:16:16 -0400] "GET /wp-includes/sitemaps/?SA HTTP/1.1" 200 1152 "-" "Mozilla/5.0 AppleWebKit/537.36 (KHTML, like Gecko; compatible; GPTBot/1.2; +https://openai.com/gptbot)"
20.171.207.138 - - [09/Jun/2025:12:16:18 -0400] "GET /wp-includes/Requests/ HTTP/1.1" 200 641 "-" "Mozilla/5.0 AppleWebKit/537.36 (KHTML, like Gecko; compatible; GPTBot/1.2; +https://openai.com/gptbot)"
20.171.207.138 - - [09/Jun/2025:12:16:19 -0400] "GET /wp-includes/customize/ HTTP/1.1" 200 1983 "-" "Mozilla/5.0 AppleWebKit/537.36 (KHTML, like Gecko; compatible; GPTBot/1.2; +https://openai.com/gptbot)"
20.171.207.138 - - [09/Jun/2025:12:16:20 -0400] "GET /wp-includes/rest-api/endpoints/class-wp-rest-url-details-controller.php HTTP/1.1" 403 1242 "-" "Mozilla/5.0 AppleWebKit/537.36 (KHTML, like Gecko; compatible; GPTBot/1.2; +https://openai.com/gptbot)"
217.113.194.71 - - [09/Jun/2025:12:16:21 -0400] "GET /yours-to-claim-chapter-4/ HTTP/1.1" 404 1251 "-" "Mozilla/5.0 (compatible; Barkrowler/0.9; +https://babbar.tech/crawler)"
20.171.207.138 - - [09/Jun/2025:12:16:21 -0400] "GET /wp-includes/rest-api/endpoints/class-wp-rest-font-families-controller.php HTTP/1.1" 403 1242 "-" "Mozilla/5.0 AppleWebKit/537.36 (KHTML, like Gecko; compatible; GPTBot/1.2; +https://openai.com/gptbot)"
20.171.207.138 - - [09/Jun/2025:12:16:22 -0400] "GET /wp-includes/rest-api/endpoints/class-wp-rest-post-statuses-controller.php HTTP/1.1" 403 1242 "-" "Mozilla/5.0 AppleWebKit/537.36 (KHTML, like Gecko; compatible; GPTBot/1.2; +https://openai.com/gptbot)"
20.171.207.138 - - [09/Jun/2025:12:16:23 -0400] "GET /wp-includes/rest-api/endpoints/class-wp-rest-post-types-controller.php HTTP/1.1" 403 1242 "-" "Mozilla/5.0 AppleWebKit/537.36 (KHTML, like Gecko; compatible; GPTBot/1.2; +https://openai.com/gptbot)"
20.171.207.138 - - [09/Jun/2025:12:16:24 -0400] "GET /wp-includes/l10n/?ND HTTP/1.1" 200 766 "-" "Mozilla/5.0 AppleWebKit/537.36 (KHTML, like Gecko; compatible; GPTBot/1.2; +https://openai.com/gptbot)"
20.171.207.138 - - [09/Jun/2025:12:16:26 -0400] "GET /wp-includes/sitemaps/class-wp-sitemaps.php HTTP/1.1" 403 1242 "-" "Mozilla/5.0 AppleWebKit/537.36 (KHTML, like Gecko; compatible; GPTBot/1.2; +https://openai.com/gptbot)"
20.171.207.138 - - [09/Jun/2025:12:16:27 -0400] "GET /wp-includes/sitemaps/class-wp-sitemaps-stylesheet.php HTTP/1.1" 403 1242 "-" "Mozilla/5.0 AppleWebKit/537.36 (KHTML, like Gecko; compatible; GPTBot/1.2; +https://openai.com/gptbot)"
20.171.207.138 - - [09/Jun/2025:12:16:28 -0400] "GET /wp-includes/sitemaps/class-wp-sitemaps-renderer.php HTTP/1.1" 403 1242 "-" "Mozilla/5.0 AppleWebKit/537.36 (KHTML, like Gecko; compatible; GPTBot/1.2; +https://openai.com/gptbot)"
20.171.207.138 - - [09/Jun/2025:12:16:29 -0400] "GET /wp-includes/l10n/?SA HTTP/1.1" 200 775 "-" "Mozilla/5.0 AppleWebKit/537.36 (KHTML, like Gecko; compatible; GPTBot/1.2; +https://openai.com/gptbot)"
20.171.207.138 - - [09/Jun/2025:12:16:30 -0400] "GET /wp-includes/l10n/?MA HTTP/1.1" 200 777 "-" "Mozilla/5.0 AppleWebKit/537.36 (KHTML, like Gecko; compatible; GPTBot/1.2; +https://openai.com/gptbot)"
20.171.207.138 - - [09/Jun/2025:12:16:31 -0400] "GET /wp-includes/customize/class-wp-customize-nav-menus-panel.php HTTP/1.1" 403 1242 "-" "Mozilla/5.0 AppleWebKit/537.36 (KHTML, like Gecko; compatible; GPTBot/1.2; +https://openai.com/gptbot)"
20.171.207.138 - - [09/Jun/2025:12:16:33 -0400] "GET /wp-includes/customize/class-wp-customize-nav-menu-auto-add-control.php HTTP/1.1" 403 1242 "-" "Mozilla/5.0 AppleWebKit/537.36 (KHTML, like Gecko; compatible; GPTBot/1.2; +https://openai.com/gptbot)"
20.171.207.138 - - [09/Jun/2025:12:16:34 -0400] "GET /wp-includes/customize/class-wp-customize-header-image-control.php HTTP/1.1" 403 1242 "-" "Mozilla/5.0 AppleWebKit/537.36 (KHTML, like Gecko; compatible; GPTBot/1.2; +https://openai.com/gptbot)"
20.171.207.138 - - [09/Jun/2025:12:16:35 -0400] "GET /wp-includes/customize/class-wp-customize-new-menu-section.php HTTP/1.1" 403 1242 "-" "Mozilla/5.0 AppleWebKit/537.36 (KHTML, like Gecko; compatible; GPTBot/1.2; +https://openai.com/gptbot)"
20.171.207.138 - - [09/Jun/2025:12:16:36 -0400] "GET /wp-includes/l10n/?NA HTTP/1.1" 200 772 "-" "Mozilla/5.0 AppleWebKit/537.36 (KHTML, like Gecko; compatible; GPTBot/1.2; +https://openai.com/gptbot)"
217.113.194.62 - - [09/Jun/2025:12:16:36 -0400] "GET /yours-to-claim-chapter-3/ HTTP/1.1" 404 1251 "-" "Mozilla/5.0 (compatible; Barkrowler/0.9; +https://babbar.tech/crawler)"
20.171.207.138 - - [09/Jun/2025:12:16:37 -0400] "GET /wp-includes/customize/class-wp-customize-nav-menu-control.php HTTP/1.1" 403 1242 "-" "Mozilla/5.0 AppleWebKit/537.36 (KHTML, like Gecko; compatible; GPTBot/1.2; +https://openai.com/gptbot)"
47.82.60.232 - - [09/Jun/2025:12:16:38 -0400] "GET /yours-to-claim/yours-to-claim-chapter-26/ HTTP/1.1" 404 1251 "https://w5.yours-toclaim.com/yours-to-claim/yours-to-claim-chapter-26/" "Mozilla/5.0 (Windows NT 10.0; Win64; x64) AppleWebKit/537.36 (KHTML, like Gecko) Chrome/114.0.0.0 Safari/537.36 Edg/114.0.1823.43"
20.171.207.138 - - [09/Jun/2025:12:16:38 -0400] "GET /wp-includes/customize/class-wp-customize-date-time-control.php HTTP/1.1" 403 1242 "-" "Mozilla/5.0 AppleWebKit/537.36 (KHTML, like Gecko; compatible; GPTBot/1.2; +https://openai.com/gptbot)"
20.171.207.138 - - [09/Jun/2025:12:16:39 -0400] "GET /wp-includes/customize/class-wp-customize-nav-menu-section.php HTTP/1.1" 403 1242 "-" "Mozilla/5.0 AppleWebKit/537.36 (KHTML, like Gecko; compatible; GPTBot/1.2; +https://openai.com/gptbot)"
20.171.207.138 - - [09/Jun/2025:12:16:41 -0400] "GET /wp-includes/customize/class-wp-customize-site-icon-control.php HTTP/1.1" 403 1242 "-" "Mozilla/5.0 AppleWebKit/537.36 (KHTML, like Gecko; compatible; GPTBot/1.2; +https://openai.com/gptbot)"
20.171.207.138 - - [09/Jun/2025:12:16:42 -0400] "GET /wp-includes/l10n/?SD HTTP/1.1" 200 774 "-" "Mozilla/5.0 AppleWebKit/537.36 (KHTML, like Gecko; compatible; GPTBot/1.2; +https://openai.com/gptbot)"
20.171.207.138 - - [09/Jun/2025:12:16:43 -0400] "GET /wp-includes/l10n/?MD HTTP/1.1" 200 775 "-" "Mozilla/5.0 AppleWebKit/537.36 (KHTML, like Gecko; compatible; GPTBot/1.2; +https://openai.com/gptbot)"
20.171.207.138 - - [09/Jun/2025:12:16:44 -0400] "GET /wp-includes/customize/class-wp-customize-nav-menu-setting.php HTTP/1.1" 403 1242 "-" "Mozilla/5.0 AppleWebKit/537.36 (KHTML, like Gecko; compatible; GPTBot/1.2; +https://openai.com/gptbot)"
20.171.207.138 - - [09/Jun/2025:12:16:45 -0400] "GET /wp-includes/customize/class-wp-customize-new-menu-control.php HTTP/1.1" 403 1242 "-" "Mozilla/5.0 AppleWebKit/537.36 (KHTML, like Gecko; compatible; GPTBot/1.2; +https://openai.com/gptbot)"
47.82.60.204 - - [09/Jun/2025:12:16:46 -0400] "GET /yours-to-claim/yours-to-claim-chapter-87/ HTTP/1.1" 404 1251 "https://w5.yours-toclaim.com/yours-to-claim/yours-to-claim-chapter-87/" "Mozilla/5.0 (Windows NT 10.0; Win64; x64) AppleWebKit/537.36 (KHTML, like Gecko) Chrome/114.0.0.0 Safari/537.36 Edg/114.0.1823.43"
20.171.207.138 - - [09/Jun/2025:12:16:46 -0400] "GET /wp-includes/customize/class-wp-customize-background-image-setting.php HTTP/1.1" 403 1242 "-" "Mozilla/5.0 AppleWebKit/537.36 (KHTML, like Gecko; compatible; GPTBot/1.2; +https://openai.com/gptbot)"
20.171.207.138 - - [09/Jun/2025:12:16:47 -0400] "GET /wp-includes/customize/class-wp-customize-nav-menu-name-control.php HTTP/1.1" 403 1242 "-" "Mozilla/5.0 AppleWebKit/537.36 (KHTML, like Gecko; compatible; GPTBot/1.2; +https://openai.com/gptbot)"
20.171.207.138 - - [09/Jun/2025:12:16:49 -0400] "GET /wp-includes/customize/class-wp-customize-media-control.php HTTP/1.1" 403 1242 "-" "Mozilla/5.0 AppleWebKit/537.36 (KHTML, like Gecko; compatible; GPTBot/1.2; +https://openai.com/gptbot)"
20.171.207.138 - - [09/Jun/2025:12:16:50 -0400] "GET /wp-includes/customize/class-wp-customize-sidebar-section.php HTTP/1.1" 403 1242 "-" "Mozilla/5.0 AppleWebKit/537.36 (KHTML, like Gecko; compatible; GPTBot/1.2; +https://openai.com/gptbot)"
20.171.207.138 - - [09/Jun/2025:12:16:51 -0400] "GET /wp-includes/customize/class-wp-customize-theme-control.php HTTP/1.1" 403 1242 "-" "Mozilla/5.0 AppleWebKit/537.36 (KHTML, like Gecko; compatible; GPTBot/1.2; +https://openai.com/gptbot)"
217.113.194.245 - - [09/Jun/2025:12:16:52 -0400] "GET /yours-to-claim-chapter-36/ HTTP/1.1" 404 1251 "-" "Mozilla/5.0 (compatible; Barkrowler/0.9; +https://babbar.tech/crawler)"
20.171.207.138 - - [09/Jun/2025:12:16:52 -0400] "GET /wp-includes/customize/class-wp-customize-upload-control.php HTTP/1.1" 403 1242 "-" "Mozilla/5.0 AppleWebKit/537.36 (KHTML, like Gecko; compatible; GPTBot/1.2; +https://openai.com/gptbot)"
20.171.207.138 - - [09/Jun/2025:12:16:53 -0400] "GET /wp-includes/customize/class-wp-customize-themes-section.php HTTP/1.1" 403 1242 "-" "Mozilla/5.0 AppleWebKit/537.36 (KHTML, like Gecko; compatible; GPTBot/1.2; +https://openai.com/gptbot)"
20.171.207.138 - - [09/Jun/2025:12:16:55 -0400] "GET /wp-includes/customize/class-wp-customize-color-control.php HTTP/1.1" 403 1242 "-" "Mozilla/5.0 AppleWebKit/537.36 (KHTML, like Gecko; compatible; GPTBot/1.2; +https://openai.com/gptbot)"
20.171.207.138 - - [09/Jun/2025:12:16:56 -0400] "GET /wp-includes/customize/class-wp-customize-image-control.php HTTP/1.1" 403 1242 "-" "Mozilla/5.0 AppleWebKit/537.36 (KHTML, like Gecko; compatible; GPTBot/1.2; +https://openai.com/gptbot)"
20.171.207.138 - - [09/Jun/2025:12:16:57 -0400] "GET /wp-includes/customize/class-wp-customize-nav-menu-item-control.php HTTP/1.1" 403 1242 "-" "Mozilla/5.0 AppleWebKit/537.36 (KHTML, like Gecko; compatible; GPTBot/1.2; +https://openai.com/gptbot)"
20.171.207.138 - - [09/Jun/2025:12:16:58 -0400] "GET /wp-includes/customize/class-wp-customize-nav-menu-item-setting.php HTTP/1.1" 403 1242 "-" "Mozilla/5.0 AppleWebKit/537.36 (KHTML, like Gecko; compatible; GPTBot/1.2; +https://openai.com/gptbot)"
20.171.207.138 - - [09/Jun/2025:12:16:59 -0400] "GET /wp-includes/customize/class-wp-customize-nav-menu-location-control.php HTTP/1.1" 403 1242 "-" "Mozilla/5.0 AppleWebKit/537.36 (KHTML, like Gecko; compatible; GPTBot/1.2; +https://openai.com/gptbot)"
20.171.207.138 - - [09/Jun/2025:12:17:00 -0400] "GET /wp-includes/customize/class-wp-customize-nav-menu-locations-control.php HTTP/1.1" 403 1242 "-" "Mozilla/5.0 AppleWebKit/537.36 (KHTML, like Gecko; compatible; GPTBot/1.2; +https://openai.com/gptbot)"
20.171.207.138 - - [09/Jun/2025:12:17:02 -0400] "GET /wp-includes/customize/class-wp-customize-background-image-control.php HTTP/1.1" 403 1242 "-" "Mozilla/5.0 AppleWebKit/537.36 (KHTML, like Gecko; compatible; GPTBot/1.2; +https://openai.com/gptbot)"
20.171.207.138 - - [09/Jun/2025:12:17:03 -0400] "GET /wp-includes/customize/class-wp-customize-themes-panel.php HTTP/1.1" 403 1242 "-" "Mozilla/5.0 AppleWebKit/537.36 (KHTML, like Gecko; compatible; GPTBot/1.2; +https://openai.com/gptbot)"
20.171.207.138 - - [09/Jun/2025:12:17:04 -0400] "GET /wp-includes/customize/class-wp-customize-background-position-control.php HTTP/1.1" 403 1242 "-" "Mozilla/5.0 AppleWebKit/537.36 (KHTML, like Gecko; compatible; GPTBot/1.2; +https://openai.com/gptbot)"
20.171.207.138 - - [09/Jun/2025:12:17:05 -0400] "GET /wp-includes/sitemaps/class-wp-sitemaps-registry.php HTTP/1.1" 403 1242 "-" "Mozilla/5.0 AppleWebKit/537.36 (KHTML, like Gecko; compatible; GPTBot/1.2; +https://openai.com/gptbot)"
20.171.207.138 - - [09/Jun/2025:12:17:06 -0400] "GET /wp-includes/rest-api/endpoints/class-wp-rest-comments-controller.php HTTP/1.1" 403 1242 "-" "Mozilla/5.0 AppleWebKit/537.36 (KHTML, like Gecko; compatible; GPTBot/1.2; +https://openai.com/gptbot)"
20.171.207.138 - - [09/Jun/2025:12:17:07 -0400] "GET /wp-includes/customize/class-wp-widget-form-customize-control.php HTTP/1.1" 403 1242 "-" "Mozilla/5.0 AppleWebKit/537.36 (KHTML, like Gecko; compatible; GPTBot/1.2; +https://openai.com/gptbot)"
217.113.194.64 - - [09/Jun/2025:12:17:07 -0400] "GET /yours-to-claim-chapter-64/ HTTP/1.1" 404 1251 "-" "Mozilla/5.0 (compatible; Barkrowler/0.9; +https://babbar.tech/crawler)"
20.171.207.138 - - [09/Jun/2025:12:17:08 -0400] "GET /wp-includes/sitemaps/class-wp-sitemaps-provider.php HTTP/1.1" 403 1242 "-" "Mozilla/5.0 AppleWebKit/537.36 (KHTML, like Gecko; compatible; GPTBot/1.2; +https://openai.com/gptbot)"
20.171.207.138 - - [09/Jun/2025:12:17:10 -0400] "GET /wp-includes/customize/class-wp-customize-partial.php HTTP/1.1" 403 1242 "-" "Mozilla/5.0 AppleWebKit/537.36 (KHTML, like Gecko; compatible; GPTBot/1.2; +https://openai.com/gptbot)"
20.171.207.138 - - [09/Jun/2025:12:17:11 -0400] "GET /wp-includes/customize/class-wp-customize-header-image-setting.php HTTP/1.1" 403 1242 "-" "Mozilla/5.0 AppleWebKit/537.36 (KHTML, like Gecko; compatible; GPTBot/1.2; +https://openai.com/gptbot)"
20.171.207.138 - - [09/Jun/2025:12:17:12 -0400] "GET /wp-includes/customize/class-wp-customize-cropped-image-control.php HTTP/1.1" 403 1242 "-" "Mozilla/5.0 AppleWebKit/537.36 (KHTML, like Gecko; compatible; GPTBot/1.2; +https://openai.com/gptbot)"
20.171.207.138 - - [09/Jun/2025:12:17:13 -0400] "GET /wp-includes/customize/class-wp-customize-selective-refresh.php HTTP/1.1" 403 1242 "-" "Mozilla/5.0 AppleWebKit/537.36 (KHTML, like Gecko; compatible; GPTBot/1.2; +https://openai.com/gptbot)"
20.171.207.138 - - [09/Jun/2025:12:17:14 -0400] "GET /wp-includes/customize/class-wp-widget-area-customize-control.php HTTP/1.1" 403 1242 "-" "Mozilla/5.0 AppleWebKit/537.36 (KHTML, like Gecko; compatible; GPTBot/1.2; +https://openai.com/gptbot)"
20.171.207.138 - - [09/Jun/2025:12:17:15 -0400] "GET /wp-includes/customize/class-wp-customize-code-editor-control.php HTTP/1.1" 403 1242 "-" "Mozilla/5.0 AppleWebKit/537.36 (KHTML, like Gecko; compatible; GPTBot/1.2; +https://openai.com/gptbot)"
20.171.207.138 - - [09/Jun/2025:12:17:17 -0400] "GET /wp-includes/customize/class-wp-sidebar-block-editor-control.php HTTP/1.1" 403 1242 "-" "Mozilla/5.0 AppleWebKit/537.36 (KHTML, like Gecko; compatible; GPTBot/1.2; +https://openai.com/gptbot)"
20.171.207.138 - - [09/Jun/2025:12:17:18 -0400] "GET /wp-includes/rest-api/endpoints/class-wp-rest-terms-controller.php HTTP/1.1" 403 1242 "-" "Mozilla/5.0 AppleWebKit/537.36 (KHTML, like Gecko; compatible; GPTBot/1.2; +https://openai.com/gptbot)"
20.171.207.138 - - [09/Jun/2025:12:17:19 -0400] "GET /wp-includes/sitemaps/class-wp-sitemaps-index.php HTTP/1.1" 403 1242 "-" "Mozilla/5.0 AppleWebKit/537.36 (KHTML, like Gecko; compatible; GPTBot/1.2; +https://openai.com/gptbot)"
20.171.207.138 - - [09/Jun/2025:12:17:20 -0400] "GET /wp-includes/l10n/class-wp-translation-controller.php HTTP/1.1" 403 1242 "-" "Mozilla/5.0 AppleWebKit/537.36 (KHTML, like Gecko; compatible; GPTBot/1.2; +https://openai.com/gptbot)"
20.171.207.138 - - [09/Jun/2025:12:17:21 -0400] "GET /wp-includes/rest-api/endpoints/class-wp-rest-application-passwords-controller.php HTTP/1.1" 403 1242 "-" "Mozilla/5.0 AppleWebKit/537.36 (KHTML, like Gecko; compatible; GPTBot/1.2; +https://openai.com/gptbot)"
20.171.207.138 - - [09/Jun/2025:12:17:22 -0400] "GET /wp-includes/sodium_compat/src/Compat.php HTTP/1.1" 403 1242 "-" "Mozilla/5.0 AppleWebKit/537.36 (KHTML, like Gecko; compatible; GPTBot/1.2; +https://openai.com/gptbot)"
217.113.194.62 - - [09/Jun/2025:12:17:23 -0400] "GET /yours-to-claim-chapter-41/ HTTP/1.1" 404 1251 "-" "Mozilla/5.0 (compatible; Barkrowler/0.9; +https://babbar.tech/crawler)"
20.171.207.138 - - [09/Jun/2025:12:17:23 -0400] "GET /wp-includes/customize/class-wp-customize-filter-setting.php HTTP/1.1" 403 1242 "-" "Mozilla/5.0 AppleWebKit/537.36 (KHTML, like Gecko; compatible; GPTBot/1.2; +https://openai.com/gptbot)"
20.171.207.138 - - [09/Jun/2025:12:17:25 -0400] "GET /wp-includes/rest-api/endpoints/class-wp-rest-search-controller.php HTTP/1.1" 403 1242 "-" "Mozilla/5.0 AppleWebKit/537.36 (KHTML, like Gecko; compatible; GPTBot/1.2; +https://openai.com/gptbot)"
20.171.207.138 - - [09/Jun/2025:12:17:26 -0400] "GET /wp-includes/rest-api/endpoints/class-wp-rest-site-health-controller.php HTTP/1.1" 403 1242 "-" "Mozilla/5.0 AppleWebKit/537.36 (KHTML, like Gecko; compatible; GPTBot/1.2; +https://openai.com/gptbot)"
2a03:2880:f800:6:: - - [09/Jun/2025:12:17:26 -0400] "GET /tag/yours-to-claim-lezhin/page/10/ HTTP/1.1" 404 1251 "-" "meta-externalagent/1.1 (+https://developers.facebook.com/docs/sharing/webmasters/crawler)"
20.171.207.138 - - [09/Jun/2025:12:17:27 -0400] "GET /wp-includes/rest-api/endpoints/class-wp-rest-edit-site-export-controller.php HTTP/1.1" 403 1242 "-" "Mozilla/5.0 AppleWebKit/537.36 (KHTML, like Gecko; compatible; GPTBot/1.2; +https://openai.com/gptbot)"
20.171.207.138 - - [09/Jun/2025:12:17:28 -0400] "GET /wp-includes/rest-api/endpoints/class-wp-rest-controller.php HTTP/1.1" 403 1242 "-" "Mozilla/5.0 AppleWebKit/537.36 (KHTML, like Gecko; compatible; GPTBot/1.2; +https://openai.com/gptbot)"
20.171.207.138 - - [09/Jun/2025:12:17:29 -0400] "GET /wp-includes/rest-api/endpoints/error_log HTTP/1.1" 403 1242 "-" "Mozilla/5.0 AppleWebKit/537.36 (KHTML, like Gecko; compatible; GPTBot/1.2; +https://openai.com/gptbot)"
20.171.207.138 - - [09/Jun/2025:12:17:30 -0400] "GET /wp-includes/rest-api/endpoints/class-wp-rest-posts-controller.php HTTP/1.1" 403 1242 "-" "Mozilla/5.0 AppleWebKit/537.36 (KHTML, like Gecko; compatible; GPTBot/1.2; +https://openai.com/gptbot)"
20.171.207.138 - - [09/Jun/2025:12:17:32 -0400] "GET /wp-includes/rest-api/endpoints/class-wp-rest-users-controller.php HTTP/1.1" 403 1242 "-" "Mozilla/5.0 AppleWebKit/537.36 (KHTML, like Gecko; compatible; GPTBot/1.2; +https://openai.com/gptbot)"
20.171.207.138 - - [09/Jun/2025:12:17:33 -0400] "GET /wp-includes/sodium_compat/src/SodiumException.php HTTP/1.1" 403 1242 "-" "Mozilla/5.0 AppleWebKit/537.36 (KHTML, like Gecko; compatible; GPTBot/1.2; +https://openai.com/gptbot)"
20.171.207.138 - - [09/Jun/2025:12:17:34 -0400] "GET /wp-includes/sodium_compat/src/Crypto.php HTTP/1.1" 403 1242 "-" "Mozilla/5.0 AppleWebKit/537.36 (KHTML, like Gecko; compatible; GPTBot/1.2; +https://openai.com/gptbot)"
20.171.207.138 - - [09/Jun/2025:12:17:35 -0400] "GET /wp-includes/sodium_compat/src/Crypto32.php HTTP/1.1" 403 1242 "-" "Mozilla/5.0 AppleWebKit/537.36 (KHTML, like Gecko; compatible; GPTBot/1.2; +https://openai.com/gptbot)"
20.171.207.138 - - [09/Jun/2025:12:17:36 -0400] "GET /wp-includes/Requests/?SA HTTP/1.1" 200 643 "-" "Mozilla/5.0 AppleWebKit/537.36 (KHTML, like Gecko; compatible; GPTBot/1.2; +https://openai.com/gptbot)"
20.171.207.138 - - [09/Jun/2025:12:17:37 -0400] "GET /wp-includes/rest-api/endpoints/class-wp-rest-site-health-controller.php HTTP/1.1" 403 1242 "-" "Mozilla/5.0 AppleWebKit/537.36 (KHTML, like Gecko; compatible; GPTBot/1.2; +https://openai.com/gptbot)"
20.171.207.138 - - [09/Jun/2025:12:17:38 -0400] "GET /wp-includes/Requests/?ND HTTP/1.1" 200 644 "-" "Mozilla/5.0 AppleWebKit/537.36 (KHTML, like Gecko; compatible; GPTBot/1.2; +https://openai.com/gptbot)"
217.113.194.70 - - [09/Jun/2025:12:17:38 -0400] "GET /yours-to-claim-chapter-73/ HTTP/1.1" 404 1251 "-" "Mozilla/5.0 (compatible; Barkrowler/0.9; +https://babbar.tech/crawler)"
20.171.207.138 - - [09/Jun/2025:12:17:40 -0400] "GET /wp-includes/sitemaps/?SD HTTP/1.1" 200 1148 "-" "Mozilla/5.0 AppleWebKit/537.36 (KHTML, like Gecko; compatible; GPTBot/1.2; +https://openai.com/gptbot)"
20.171.207.138 - - [09/Jun/2025:12:17:41 -0400] "GET /wp-includes/Requests/?MA HTTP/1.1" 200 649 "-" "Mozilla/5.0 AppleWebKit/537.36 (KHTML, like Gecko; compatible; GPTBot/1.2; +https://openai.com/gptbot)"
20.171.207.138 - - [09/Jun/2025:12:17:42 -0400] "GET /wp-includes/sitemaps/?NA HTTP/1.1" 200 1145 "-" "Mozilla/5.0 AppleWebKit/537.36 (KHTML, like Gecko; compatible; GPTBot/1.2; +https://openai.com/gptbot)"
20.171.207.138 - - [09/Jun/2025:12:17:43 -0400] "GET /wp-includes/sitemaps/?MD HTTP/1.1" 200 1150 "-" "Mozilla/5.0 AppleWebKit/537.36 (KHTML, like Gecko; compatible; GPTBot/1.2; +https://openai.com/gptbot)"
20.171.207.138 - - [09/Jun/2025:12:17:44 -0400] "GET /wp-includes/Text/ HTTP/1.1" 200 712 "-" "Mozilla/5.0 AppleWebKit/537.36 (KHTML, like Gecko; compatible; GPTBot/1.2; +https://openai.com/gptbot)"
20.171.207.138 - - [09/Jun/2025:12:17:45 -0400] "GET /wp-includes/customize/error_log HTTP/1.1" 403 1242 "-" "Mozilla/5.0 AppleWebKit/537.36 (KHTML, like Gecko; compatible; GPTBot/1.2; +https://openai.com/gptbot)"
20.171.207.138 - - [09/Jun/2025:12:17:47 -0400] "GET /wp-includes/fonts/dashicons.svg HTTP/1.1" 200 38972 "-" "Mozilla/5.0 AppleWebKit/537.36 (KHTML, like Gecko; compatible; GPTBot/1.2; +https://openai.com/gptbot)"
20.171.207.138 - - [09/Jun/2025:12:17:48 -0400] "GET /wp-includes/update.php HTTP/1.1" 403 1242 "-" "Mozilla/5.0 AppleWebKit/537.36 (KHTML, like Gecko; compatible; GPTBot/1.2; +https://openai.com/gptbot)"
20.171.207.138 - - [09/Jun/2025:12:17:49 -0400] "GET /wp-includes/Requests/?NA HTTP/1.1" 200 641 "-" "Mozilla/5.0 AppleWebKit/537.36 (KHTML, like Gecko; compatible; GPTBot/1.2; +https://openai.com/gptbot)"
20.171.207.138 - - [09/Jun/2025:12:17:50 -0400] "GET /wp-includes/Requests/?SD HTTP/1.1" 200 649 "-" "Mozilla/5.0 AppleWebKit/537.36 (KHTML, like Gecko; compatible; GPTBot/1.2; +https://openai.com/gptbot)"
20.171.207.138 - - [09/Jun/2025:12:17:51 -0400] "GET /wp-includes/sitemaps/class-wp-sitemaps.php HTTP/1.1" 403 1242 "-" "Mozilla/5.0 AppleWebKit/537.36 (KHTML, like Gecko; compatible; GPTBot/1.2; +https://openai.com/gptbot)"
20.171.207.138 - - [09/Jun/2025:12:17:52 -0400] "GET /wp-includes/sitemaps/class-wp-sitemaps-stylesheet.php HTTP/1.1" 403 1242 "-" "Mozilla/5.0 AppleWebKit/537.36 (KHTML, like Gecko; compatible; GPTBot/1.2; +https://openai.com/gptbot)"
20.171.207.138 - - [09/Jun/2025:12:17:54 -0400] "GET /wp-includes/sitemaps/class-wp-sitemaps-renderer.php HTTP/1.1" 403 1242 "-" "Mozilla/5.0 AppleWebKit/537.36 (KHTML, like Gecko; compatible; GPTBot/1.2; +https://openai.com/gptbot)"
217.113.194.63 - - [09/Jun/2025:12:17:54 -0400] "GET /yours-to-claim-chapter-51/ HTTP/1.1" 404 1251 "-" "Mozilla/5.0 (compatible; Barkrowler/0.9; +https://babbar.tech/crawler)"
20.171.207.138 - - [09/Jun/2025:12:17:55 -0400] "GET /wp-includes/sitemaps/class-wp-sitemaps-registry.php HTTP/1.1" 403 1242 "-" "Mozilla/5.0 AppleWebKit/537.36 (KHTML, like Gecko; compatible; GPTBot/1.2; +https://openai.com/gptbot)"
20.171.207.138 - - [09/Jun/2025:12:17:56 -0400] "GET /wp-includes/sitemaps/class-wp-sitemaps-provider.php HTTP/1.1" 403 1242 "-" "Mozilla/5.0 AppleWebKit/537.36 (KHTML, like Gecko; compatible; GPTBot/1.2; +https://openai.com/gptbot)"
20.171.207.138 - - [09/Jun/2025:12:17:57 -0400] "GET /wp-includes/Text/?MA HTTP/1.1" 200 719 "-" "Mozilla/5.0 AppleWebKit/537.36 (KHTML, like Gecko; compatible; GPTBot/1.2; +https://openai.com/gptbot)"
20.171.207.138 - - [09/Jun/2025:12:17:58 -0400] "GET /wp-includes/Text/?SA HTTP/1.1" 200 716 "-" "Mozilla/5.0 AppleWebKit/537.36 (KHTML, like Gecko; compatible; GPTBot/1.2; +https://openai.com/gptbot)"
20.171.207.138 - - [09/Jun/2025:12:17:59 -0400] "GET /wp-includes/Text/?ND HTTP/1.1" 200 712 "-" "Mozilla/5.0 AppleWebKit/537.36 (KHTML, like Gecko; compatible; GPTBot/1.2; +https://openai.com/gptbot)"
20.171.207.138 - - [09/Jun/2025:12:18:00 -0400] "GET /wp-includes/sitemaps/class-wp-sitemaps-index.php HTTP/1.1" 403 1242 "-" "Mozilla/5.0 AppleWebKit/537.36 (KHTML, like Gecko; compatible; GPTBot/1.2; +https://openai.com/gptbot)"
20.171.207.138 - - [09/Jun/2025:12:18:02 -0400] "GET /wp-includes/Requests/?MD HTTP/1.1" 200 643 "-" "Mozilla/5.0 AppleWebKit/537.36 (KHTML, like Gecko; compatible; GPTBot/1.2; +https://openai.com/gptbot)"
20.171.207.138 - - [09/Jun/2025:12:18:03 -0400] "GET /wp-includes/query.php HTTP/1.1" 403 1242 "-" "Mozilla/5.0 AppleWebKit/537.36 (KHTML, like Gecko; compatible; GPTBot/1.2; +https://openai.com/gptbot)"
20.171.207.138 - - [09/Jun/2025:12:18:04 -0400] "GET /wp-includes/vars.php HTTP/1.1" 403 1242 "-" "Mozilla/5.0 AppleWebKit/537.36 (KHTML, like Gecko; compatible; GPTBot/1.2; +https://openai.com/gptbot)"
20.171.207.138 - - [09/Jun/2025:12:18:05 -0400] "GET /wp-includes/load.php HTTP/1.1" 403 1242 "-" "Mozilla/5.0 AppleWebKit/537.36 (KHTML, like Gecko; compatible; GPTBot/1.2; +https://openai.com/gptbot)"
20.171.207.138 - - [09/Jun/2025:12:18:06 -0400] "GET /wp-includes/cron.php HTTP/1.1" 403 1242 "-" "Mozilla/5.0 AppleWebKit/537.36 (KHTML, like Gecko; compatible; GPTBot/1.2; +https://openai.com/gptbot)"
20.171.207.138 - - [09/Jun/2025:12:18:07 -0400] "GET /wp-includes/meta.php HTTP/1.1" 403 1242 "-" "Mozilla/5.0 AppleWebKit/537.36 (KHTML, like Gecko; compatible; GPTBot/1.2; +https://openai.com/gptbot)"
20.171.207.138 - - [09/Jun/2025:12:18:09 -0400] "GET /wp-includes/Text/?MD HTTP/1.1" 200 718 "-" "Mozilla/5.0 AppleWebKit/537.36 (KHTML, like Gecko; compatible; GPTBot/1.2; +https://openai.com/gptbot)"
217.113.194.66 - - [09/Jun/2025:12:18:09 -0400] "GET /yours-to-claim-chapter-55/ HTTP/1.1" 404 1251 "-" "Mozilla/5.0 (compatible; Barkrowler/0.9; +https://babbar.tech/crawler)"
20.171.207.138 - - [09/Jun/2025:12:18:10 -0400] "GET /wp-includes/Text/?NA HTTP/1.1" 200 712 "-" "Mozilla/5.0 AppleWebKit/537.36 (KHTML, like Gecko; compatible; GPTBot/1.2; +https://openai.com/gptbot)"
20.171.207.138 - - [09/Jun/2025:12:18:11 -0400] "GET /wp-includes/Text/?SD HTTP/1.1" 200 716 "-" "Mozilla/5.0 AppleWebKit/537.36 (KHTML, like Gecko; compatible; GPTBot/1.2; +https://openai.com/gptbot)"
20.171.207.138 - - [09/Jun/2025:12:18:12 -0400] "GET /wp-includes/date.php HTTP/1.1" 403 1242 "-" "Mozilla/5.0 AppleWebKit/537.36 (KHTML, like Gecko; compatible; GPTBot/1.2; +https://openai.com/gptbot)"
20.171.207.138 - - [09/Jun/2025:12:18:13 -0400] "GET /wp-includes/fonts.php HTTP/1.1" 403 1242 "-" "Mozilla/5.0 AppleWebKit/537.36 (KHTML, like Gecko; compatible; GPTBot/1.2; +https://openai.com/gptbot)"
20.171.207.138 - - [09/Jun/2025:12:18:14 -0400] "GET /wp-includes/media.php HTTP/1.1" 403 1242 "-" "Mozilla/5.0 AppleWebKit/537.36 (KHTML, like Gecko; compatible; GPTBot/1.2; +https://openai.com/gptbot)"
20.171.207.138 - - [09/Jun/2025:12:18:15 -0400] "GET /wp-includes/author-template.php HTTP/1.1" 403 1242 "-" "Mozilla/5.0 AppleWebKit/537.36 (KHTML, like Gecko; compatible; GPTBot/1.2; +https://openai.com/gptbot)"
47.82.60.27 - - [09/Jun/2025:12:18:16 -0400] "GET /tag/manga/page/8/ HTTP/1.1" 404 1251 "https://w5.yours-toclaim.com/tag/manga/page/8/" "Mozilla/5.0 (Windows NT 10.0; Win64; x64) AppleWebKit/537.36 (KHTML, like Gecko) Chrome/114.0.0.0 Safari/537.36 Edg/114.0.1823.43"
20.171.207.138 - - [09/Jun/2025:12:18:17 -0400] "GET /wp-includes/widgets/class-wp-widget-media-video.php HTTP/1.1" 403 1242 "-" "Mozilla/5.0 AppleWebKit/537.36 (KHTML, like Gecko; compatible; GPTBot/1.2; +https://openai.com/gptbot)"
20.171.207.138 - - [09/Jun/2025:12:18:18 -0400] "GET /wp-includes/rest-api/fields/class-wp-rest-meta-fields.php HTTP/1.1" 403 1242 "-" "Mozilla/5.0 AppleWebKit/537.36 (KHTML, like Gecko; compatible; GPTBot/1.2; +https://openai.com/gptbot)"
20.171.207.138 - - [09/Jun/2025:12:18:19 -0400] "GET /wp-includes/pomo/ HTTP/1.1" 200 1076 "-" "Mozilla/5.0 AppleWebKit/537.36 (KHTML, like Gecko; compatible; GPTBot/1.2; +https://openai.com/gptbot)"
20.171.207.138 - - [09/Jun/2025:12:18:20 -0400] "GET /wp-includes/sodium_compat/LICENSE HTTP/1.1" 200 860 "-" "Mozilla/5.0 AppleWebKit/537.36 (KHTML, like Gecko; compatible; GPTBot/1.2; +https://openai.com/gptbot)"
20.171.207.138 - - [09/Jun/2025:12:18:21 -0400] "GET /wp-includes/class-wp-rewrite.php HTTP/1.1" 403 1242 "-" "Mozilla/5.0 AppleWebKit/537.36 (KHTML, like Gecko; compatible; GPTBot/1.2; +https://openai.com/gptbot)"
20.171.207.138 - - [09/Jun/2025:12:18:22 -0400] "GET /wp-includes/class-wp-duotone.php HTTP/1.1" 403 1242 "-" "Mozilla/5.0 AppleWebKit/537.36 (KHTML, like Gecko; compatible; GPTBot/1.2; +https://openai.com/gptbot)"
20.171.207.138 - - [09/Jun/2025:12:18:24 -0400] "GET /wp-includes/rest-api/endpoints/class-wp-rest-widget-types-controller.php HTTP/1.1" 403 1242 "-" "Mozilla/5.0 AppleWebKit/537.36 (KHTML, like Gecko; compatible; GPTBot/1.2; +https://openai.com/gptbot)"
20.171.207.138 - - [09/Jun/2025:12:18:25 -0400] "GET /wp-includes/rest-api/endpoints/class-wp-rest-font-faces-controller.php HTTP/1.1" 403 1242 "-" "Mozilla/5.0 AppleWebKit/537.36 (KHTML, like Gecko; compatible; GPTBot/1.2; +https://openai.com/gptbot)"
217.113.194.64 - - [09/Jun/2025:12:18:25 -0400] "GET /yours-to-claim-chapter-47/ HTTP/1.1" 404 1251 "-" "Mozilla/5.0 (compatible; Barkrowler/0.9; +https://babbar.tech/crawler)"
20.171.207.138 - - [09/Jun/2025:12:18:26 -0400] "GET /wp-includes/rest-api/endpoints/class-wp-rest-themes-controller.php HTTP/1.1" 403 1242 "-" "Mozilla/5.0 AppleWebKit/537.36 (KHTML, like Gecko; compatible; GPTBot/1.2; +https://openai.com/gptbot)"
20.171.207.138 - - [09/Jun/2025:12:18:27 -0400] "GET /wp-includes/rest-api/endpoints/class-wp-rest-menu-items-controller.php HTTP/1.1" 403 1242 "-" "Mozilla/5.0 AppleWebKit/537.36 (KHTML, like Gecko; compatible; GPTBot/1.2; +https://openai.com/gptbot)"
20.171.207.138 - - [09/Jun/2025:12:18:28 -0400] "GET /wp-includes/rest-api/endpoints/class-wp-rest-block-types-controller.php HTTP/1.1" 403 1242 "-" "Mozilla/5.0 AppleWebKit/537.36 (KHTML, like Gecko; compatible; GPTBot/1.2; +https://openai.com/gptbot)"
20.171.207.138 - - [09/Jun/2025:12:18:29 -0400] "GET /wp-includes/PHPMailer/ HTTP/1.1" 200 693 "-" "Mozilla/5.0 AppleWebKit/537.36 (KHTML, like Gecko; compatible; GPTBot/1.2; +https://openai.com/gptbot)"
20.171.207.138 - - [09/Jun/2025:12:18:31 -0400] "GET /wp-includes/rest-api/endpoints/class-wp-rest-block-patterns-controller.php HTTP/1.1" 403 1242 "-" "Mozilla/5.0 AppleWebKit/537.36 (KHTML, like Gecko; compatible; GPTBot/1.2; +https://openai.com/gptbot)"
20.171.207.138 - - [09/Jun/2025:12:18:32 -0400] "GET /wp-includes/pomo/?ND HTTP/1.1" 200 1075 "-" "Mozilla/5.0 AppleWebKit/537.36 (KHTML, like Gecko; compatible; GPTBot/1.2; +https://openai.com/gptbot)"
20.171.207.138 - - [09/Jun/2025:12:18:33 -0400] "GET /wp-includes/pomo/?SA HTTP/1.1" 200 1078 "-" "Mozilla/5.0 AppleWebKit/537.36 (KHTML, like Gecko; compatible; GPTBot/1.2; +https://openai.com/gptbot)"
20.171.207.138 - - [09/Jun/2025:12:18:34 -0400] "GET /wp-includes/pomo/?MA HTTP/1.1" 200 1077 "-" "Mozilla/5.0 AppleWebKit/537.36 (KHTML, like Gecko; compatible; GPTBot/1.2; +https://openai.com/gptbot)"
20.171.207.138 - - [09/Jun/2025:12:18:35 -0400] "GET /wp-includes/pomo/po.php HTTP/1.1" 403 1242 "-" "Mozilla/5.0 AppleWebKit/537.36 (KHTML, like Gecko; compatible; GPTBot/1.2; +https://openai.com/gptbot)"
20.171.207.138 - - [09/Jun/2025:12:18:36 -0400] "GET /wp-includes/rest-api/endpoints/class-wp-rest-menu-locations-controller.php HTTP/1.1" 403 1242 "-" "Mozilla/5.0 AppleWebKit/537.36 (KHTML, like Gecko; compatible; GPTBot/1.2; +https://openai.com/gptbot)"
20.171.207.138 - - [09/Jun/2025:12:18:37 -0400] "GET /wp-includes/rest-api/endpoints/class-wp-rest-block-directory-controller.php HTTP/1.1" 403 1242 "-" "Mozilla/5.0 AppleWebKit/537.36 (KHTML, like Gecko; compatible; GPTBot/1.2; +https://openai.com/gptbot)"
20.171.207.138 - - [09/Jun/2025:12:18:39 -0400] "GET /wp-includes/sodium_compat/namespaced/Core/ HTTP/1.1" 200 1236 "-" "Mozilla/5.0 AppleWebKit/537.36 (KHTML, like Gecko; compatible; GPTBot/1.2; +https://openai.com/gptbot)"
20.171.207.138 - - [09/Jun/2025:12:18:40 -0400] "GET /wp-includes/rest-api/endpoints/class-wp-rest-global-styles-revisions-controller.php HTTP/1.1" 403 1242 "-" "Mozilla/5.0 AppleWebKit/537.36 (KHTML, like Gecko; compatible; GPTBot/1.2; +https://openai.com/gptbot)"
217.113.194.65 - - [09/Jun/2025:12:18:40 -0400] "GET /yours-to-claim-chapter-58/ HTTP/1.1" 404 1251 "-" "Mozilla/5.0 (compatible; Barkrowler/0.9; +https://babbar.tech/crawler)"
20.171.207.138 - - [09/Jun/2025:12:18:41 -0400] "GET /wp-includes/PHPMailer/PHPMailer.php HTTP/1.1" 403 1242 "-" "Mozilla/5.0 AppleWebKit/537.36 (KHTML, like Gecko; compatible; GPTBot/1.2; +https://openai.com/gptbot)"
20.171.207.138 - - [09/Jun/2025:12:18:42 -0400] "GET /wp-includes/PHPMailer/SMTP.php HTTP/1.1" 403 1242 "-" "Mozilla/5.0 AppleWebKit/537.36 (KHTML, like Gecko; compatible; GPTBot/1.2; +https://openai.com/gptbot)"
20.171.207.138 - - [09/Jun/2025:12:18:44 -0400] "GET /wp-includes/pomo/?NA HTTP/1.1" 200 1076 "-" "Mozilla/5.0 AppleWebKit/537.36 (KHTML, like Gecko; compatible; GPTBot/1.2; +https://openai.com/gptbot)"
20.171.207.138 - - [09/Jun/2025:12:18:45 -0400] "GET /wp-includes/pomo/?SD HTTP/1.1" 200 1079 "-" "Mozilla/5.0 AppleWebKit/537.36 (KHTML, like Gecko; compatible; GPTBot/1.2; +https://openai.com/gptbot)"
20.171.207.138 - - [09/Jun/2025:12:18:46 -0400] "GET /wp-includes/pomo/?MD HTTP/1.1" 200 1069 "-" "Mozilla/5.0 AppleWebKit/537.36 (KHTML, like Gecko; compatible; GPTBot/1.2; +https://openai.com/gptbot)"
20.171.207.138 - - [09/Jun/2025:12:18:47 -0400] "GET /wp-includes/PHPMailer/Exception.php HTTP/1.1" 403 1242 "-" "Mozilla/5.0 AppleWebKit/537.36 (KHTML, like Gecko; compatible; GPTBot/1.2; +https://openai.com/gptbot)"
20.171.207.138 - - [09/Jun/2025:12:18:48 -0400] "GET /wp-includes/rest-api/endpoints/class-wp-rest-block-pattern-categories-controller.php HTTP/1.1" 403 1242 "-" "Mozilla/5.0 AppleWebKit/537.36 (KHTML, like Gecko; compatible; GPTBot/1.2; +https://openai.com/gptbot)"
20.171.207.138 - - [09/Jun/2025:12:18:49 -0400] "GET /wp-includes/Text/Exception.php HTTP/1.1" 403 1242 "-" "Mozilla/5.0 AppleWebKit/537.36 (KHTML, like Gecko; compatible; GPTBot/1.2; +https://openai.com/gptbot)"
20.171.207.138 - - [09/Jun/2025:12:18:50 -0400] "GET /wp-includes/sodium_compat/namespaced/Core/Curve25519/ HTTP/1.1" 200 718 "-" "Mozilla/5.0 AppleWebKit/537.36 (KHTML, like Gecko; compatible; GPTBot/1.2; +https://openai.com/gptbot)"
20.171.207.138 - - [09/Jun/2025:12:18:51 -0400] "GET /wp-includes/sodium_compat/namespaced/Core/Poly1305.php HTTP/1.1" 403 1242 "-" "Mozilla/5.0 AppleWebKit/537.36 (KHTML, like Gecko; compatible; GPTBot/1.2; +https://openai.com/gptbot)"
20.171.207.138 - - [09/Jun/2025:12:18:53 -0400] "GET /wp-includes/SimplePie/ HTTP/1.1" 200 759 "-" "Mozilla/5.0 AppleWebKit/537.36 (KHTML, like Gecko; compatible; GPTBot/1.2; +https://openai.com/gptbot)"
20.171.207.138 - - [09/Jun/2025:12:18:54 -0400] "GET /wp-includes/class-pop3.php HTTP/1.1" 403 1242 "-" "Mozilla/5.0 AppleWebKit/537.36 (KHTML, like Gecko; compatible; GPTBot/1.2; +https://openai.com/gptbot)"
20.171.207.138 - - [09/Jun/2025:12:18:55 -0400] "GET /wp-includes/pomo/po.php HTTP/1.1" 403 1242 "-" "Mozilla/5.0 AppleWebKit/537.36 (KHTML, like Gecko; compatible; GPTBot/1.2; +https://openai.com/gptbot)"
217.113.194.70 - - [09/Jun/2025:12:18:56 -0400] "GET /yours-to-claim-chapter-46/ HTTP/1.1" 404 1251 "-" "Mozilla/5.0 (compatible; Barkrowler/0.9; +https://babbar.tech/crawler)"
20.171.207.138 - - [09/Jun/2025:12:18:56 -0400] "GET /wp-includes/rest-api/endpoints/class-wp-rest-global-styles-controller.php HTTP/1.1" 403 1242 "-" "Mozilla/5.0 AppleWebKit/537.36 (KHTML, like Gecko; compatible; GPTBot/1.2; +https://openai.com/gptbot)"
20.171.207.138 - - [09/Jun/2025:12:18:57 -0400] "GET /wp-includes/js/ HTTP/1.1" 200 3544 "-" "Mozilla/5.0 AppleWebKit/537.36 (KHTML, like Gecko; compatible; GPTBot/1.2; +https://openai.com/gptbot)"
20.171.207.138 - - [09/Jun/2025:12:18:58 -0400] "GET /wp-includes/sodium_compat/src/File.php HTTP/1.1" 403 1242 "-" "Mozilla/5.0 AppleWebKit/537.36 (KHTML, like Gecko; compatible; GPTBot/1.2; +https://openai.com/gptbot)"
20.171.207.138 - - [09/Jun/2025:12:18:59 -0400] "GET /wp-includes/rest-api/endpoints/class-wp-rest-navigation-fallback-controller.php HTTP/1.1" 403 1242 "-" "Mozilla/5.0 AppleWebKit/537.36 (KHTML, like Gecko; compatible; GPTBot/1.2; +https://openai.com/gptbot)"
20.171.207.138 - - [09/Jun/2025:12:19:01 -0400] "GET /wp-includes/rest-api/endpoints/class-wp-rest-template-autosaves-controller.php HTTP/1.1" 403 1242 "-" "Mozilla/5.0 AppleWebKit/537.36 (KHTML, like Gecko; compatible; GPTBot/1.2; +https://openai.com/gptbot)"
20.171.207.138 - - [09/Jun/2025:12:19:02 -0400] "GET /wp-includes/sodium_compat/namespaced/Core/Curve25519/Fe.php HTTP/1.1" 403 1242 "-" "Mozilla/5.0 AppleWebKit/537.36 (KHTML, like Gecko; compatible; GPTBot/1.2; +https://openai.com/gptbot)"
20.171.207.138 - - [09/Jun/2025:12:19:03 -0400] "GET /wp-includes/rest-api/endpoints/class-wp-rest-pattern-directory-controller.php HTTP/1.1" 403 1242 "-" "Mozilla/5.0 AppleWebKit/537.36 (KHTML, like Gecko; compatible; GPTBot/1.2; +https://openai.com/gptbot)"
20.171.207.138 - - [09/Jun/2025:12:19:04 -0400] "GET /wp-includes/SimplePie/autoloader.php HTTP/1.1" 403 1242 "-" "Mozilla/5.0 AppleWebKit/537.36 (KHTML, like Gecko; compatible; GPTBot/1.2; +https://openai.com/gptbot)"
20.171.207.138 - - [09/Jun/2025:12:19:05 -0400] "GET /wp-includes/rest-api/endpoints/class-wp-rest-template-revisions-controller.php HTTP/1.1" 403 1242 "-" "Mozilla/5.0 AppleWebKit/537.36 (KHTML, like Gecko; compatible; GPTBot/1.2; +https://openai.com/gptbot)"
20.171.207.138 - - [09/Jun/2025:12:19:06 -0400] "GET /wp-includes/class-wp-taxonomy.php HTTP/1.1" 403 1242 "-" "Mozilla/5.0 AppleWebKit/537.36 (KHTML, like Gecko; compatible; GPTBot/1.2; +https://openai.com/gptbot)"
20.171.207.138 - - [09/Jun/2025:12:19:08 -0400] "GET /wp-includes/fonts/dashicons.eot HTTP/1.1" 200 56564 "-" "Mozilla/5.0 AppleWebKit/537.36 (KHTML, like Gecko; compatible; GPTBot/1.2; +https://openai.com/gptbot)"
43.156.228.27 - - [09/Jun/2025:12:19:08 -0400] "GET /?SA HTTP/1.1" 200 1672 "-" "Mozilla/5.0 (iPhone; CPU iPhone OS 13_2_3 like Mac OS X) AppleWebKit/605.1.15 (KHTML, like Gecko) Version/13.0.3 Mobile/15E148 Safari/604.1"
20.171.207.138 - - [09/Jun/2025:12:19:09 -0400] "GET /wp-includes/js/swfobject.js HTTP/1.1" 200 3706 "-" "Mozilla/5.0 AppleWebKit/537.36 (KHTML, like Gecko; compatible; GPTBot/1.2; +https://openai.com/gptbot)"
20.171.207.138 - - [09/Jun/2025:12:19:10 -0400] "GET /wp-includes/js/customize-preview-nav-menus.min.js HTTP/1.1" 200 1622 "-" "Mozilla/5.0 AppleWebKit/537.36 (KHTML, like Gecko; compatible; GPTBot/1.2; +https://openai.com/gptbot)"
20.171.207.138 - - [09/Jun/2025:12:19:11 -0400] "GET /wp-includes/js/customize-selective-refresh.min.js HTTP/1.1" 200 3480 "-" "Mozilla/5.0 AppleWebKit/537.36 (KHTML, like Gecko; compatible; GPTBot/1.2; +https://openai.com/gptbot)"
217.113.194.62 - - [09/Jun/2025:12:19:12 -0400] "GET /yours-to-claim-chapter-63/ HTTP/1.1" 404 1251 "-" "Mozilla/5.0 (compatible; Barkrowler/0.9; +https://babbar.tech/crawler)"
20.171.207.138 - - [09/Jun/2025:12:19:12 -0400] "GET /wp-includes/js/customize-preview-widgets.min.js HTTP/1.1" 200 2428 "-" "Mozilla/5.0 AppleWebKit/537.36 (KHTML, like Gecko; compatible; GPTBot/1.2; +https://openai.com/gptbot)"
20.171.207.138 - - [09/Jun/2025:12:19:13 -0400] "GET /wp-includes/js/masonry.min.js HTTP/1.1" 200 7117 "-" "Mozilla/5.0 AppleWebKit/537.36 (KHTML, like Gecko; compatible; GPTBot/1.2; +https://openai.com/gptbot)"
20.171.207.138 - - [09/Jun/2025:12:19:14 -0400] "GET /wp-includes/js/admin-bar.min.js HTTP/1.1" 200 1223 "-" "Mozilla/5.0 AppleWebKit/537.36 (KHTML, like Gecko; compatible; GPTBot/1.2; +https://openai.com/gptbot)"
20.171.207.138 - - [09/Jun/2025:12:19:16 -0400] "GET /wp-includes/js/wp-embed.min.js HTTP/1.1" 200 616 "-" "Mozilla/5.0 AppleWebKit/537.36 (KHTML, like Gecko; compatible; GPTBot/1.2; +https://openai.com/gptbot)"
20.171.207.138 - - [09/Jun/2025:12:19:17 -0400] "GET /wp-includes/rest-api/endpoints/class-wp-rest-template-revisions-controller.php HTTP/1.1" 403 1242 "-" "Mozilla/5.0 AppleWebKit/537.36 (KHTML, like Gecko; compatible; GPTBot/1.2; +https://openai.com/gptbot)"
20.171.207.138 - - [09/Jun/2025:12:19:18 -0400] "GET /wp-includes/js/wp-lists.min.js HTTP/1.1" 200 2359 "-" "Mozilla/5.0 AppleWebKit/537.36 (KHTML, like Gecko; compatible; GPTBot/1.2; +https://openai.com/gptbot)"
20.171.207.138 - - [09/Jun/2025:12:19:19 -0400] "GET /wp-includes/js/wp-emoji.min.js HTTP/1.1" 200 1329 "-" "Mozilla/5.0 AppleWebKit/537.36 (KHTML, like Gecko; compatible; GPTBot/1.2; +https://openai.com/gptbot)"
20.171.207.138 - - [09/Jun/2025:12:19:20 -0400] "GET /wp-includes/js/customize-preview-nav-menus.js HTTP/1.1" 200 3933 "-" "Mozilla/5.0 AppleWebKit/537.36 (KHTML, like Gecko; compatible; GPTBot/1.2; +https://openai.com/gptbot)"
20.171.207.138 - - [09/Jun/2025:12:19:21 -0400] "GET /wp-includes/js/wp-sanitize.js HTTP/1.1" 200 513 "-" "Mozilla/5.0 AppleWebKit/537.36 (KHTML, like Gecko; compatible; GPTBot/1.2; +https://openai.com/gptbot)"
20.171.207.138 - - [09/Jun/2025:12:19:22 -0400] "GET /wp-includes/js/?ND HTTP/1.1" 403 1242 "-" "Mozilla/5.0 AppleWebKit/537.36 (KHTML, like Gecko; compatible; GPTBot/1.2; +https://openai.com/gptbot)"
20.171.207.138 - - [09/Jun/2025:12:19:23 -0400] "GET /wp-includes/js/?MA HTTP/1.1" 403 1242 "-" "Mozilla/5.0 AppleWebKit/537.36 (KHTML, like Gecko; compatible; GPTBot/1.2; +https://openai.com/gptbot)"
20.171.207.138 - - [09/Jun/2025:12:19:25 -0400] "GET /wp-includes/js/?SA HTTP/1.1" 403 1242 "-" "Mozilla/5.0 AppleWebKit/537.36 (KHTML, like Gecko; compatible; GPTBot/1.2; +https://openai.com/gptbot)"
20.171.207.138 - - [09/Jun/2025:12:19:26 -0400] "GET /wp-includes/js/customize-preview-widgets.js HTTP/1.1" 200 5574 "-" "Mozilla/5.0 AppleWebKit/537.36 (KHTML, like Gecko; compatible; GPTBot/1.2; +https://openai.com/gptbot)"
20.171.207.138 - - [09/Jun/2025:12:19:27 -0400] "GET /wp-includes/js/customize-selective-refresh.js HTTP/1.1" 200 8600 "-" "Mozilla/5.0 AppleWebKit/537.36 (KHTML, like Gecko; compatible; GPTBot/1.2; +https://openai.com/gptbot)"
217.113.194.65 - - [09/Jun/2025:12:19:27 -0400] "GET /yours-to-claim-chapter-70/ HTTP/1.1" 404 1251 "-" "Mozilla/5.0 (compatible; Barkrowler/0.9; +https://babbar.tech/crawler)"
20.171.207.138 - - [09/Jun/2025:12:19:28 -0400] "GET /wp-includes/js/wp-util.min.js HTTP/1.1" 200 690 "-" "Mozilla/5.0 AppleWebKit/537.36 (KHTML, like Gecko; compatible; GPTBot/1.2; +https://openai.com/gptbot)"
20.171.207.138 - - [09/Jun/2025:12:19:29 -0400] "GET /wp-includes/js/wp-backbone.js HTTP/1.1" 200 3462 "-" "Mozilla/5.0 AppleWebKit/537.36 (KHTML, like Gecko; compatible; GPTBot/1.2; +https://openai.com/gptbot)"
20.171.207.138 - - [09/Jun/2025:12:19:31 -0400] "GET /wp-includes/js/admin-bar.js HTTP/1.1" 200 2571 "-" "Mozilla/5.0 AppleWebKit/537.36 (KHTML, like Gecko; compatible; GPTBot/1.2; +https://openai.com/gptbot)"
47.82.60.95 - - [09/Jun/2025:12:19:31 -0400] "GET /tag/volume/page/10/ HTTP/1.1" 404 1251 "https://w5.yours-toclaim.com/tag/volume/page/10/" "Mozilla/5.0 (Windows NT 10.0; Win64; x64) AppleWebKit/537.36 (KHTML, like Gecko) Chrome/114.0.0.0 Safari/537.36 Edg/114.0.1823.43"
20.171.207.138 - - [09/Jun/2025:12:19:32 -0400] "GET /wp-includes/js/json2.min.js HTTP/1.1" 200 1289 "-" "Mozilla/5.0 AppleWebKit/537.36 (KHTML, like Gecko; compatible; GPTBot/1.2; +https://openai.com/gptbot)"
20.171.207.138 - - [09/Jun/2025:12:19:33 -0400] "GET /wp-includes/js/wp-embed-template.min.js HTTP/1.1" 200 1011 "-" "Mozilla/5.0 AppleWebKit/537.36 (KHTML, like Gecko; compatible; GPTBot/1.2; +https://openai.com/gptbot)"
20.171.207.138 - - [09/Jun/2025:12:19:34 -0400] "GET /wp-includes/js/media-editor.js HTTP/1.1" 200 7286 "-" "Mozilla/5.0 AppleWebKit/537.36 (KHTML, like Gecko; compatible; GPTBot/1.2; +https://openai.com/gptbot)"
20.171.207.138 - - [09/Jun/2025:12:19:35 -0400] "GET /wp-includes/js/customize-preview.min.js HTTP/1.1" 200 2867 "-" "Mozilla/5.0 AppleWebKit/537.36 (KHTML, like Gecko; compatible; GPTBot/1.2; +https://openai.com/gptbot)"
20.171.207.138 - - [09/Jun/2025:12:19:37 -0400] "GET /wp-includes/js/wpdialog.min.js HTTP/1.1" 200 281 "-" "Mozilla/5.0 AppleWebKit/537.36 (KHTML, like Gecko; compatible; GPTBot/1.2; +https://openai.com/gptbot)"
20.171.207.138 - - [09/Jun/2025:12:19:38 -0400] "GET /wp-includes/js/media-editor.min.js HTTP/1.1" 200 3457 "-" "Mozilla/5.0 AppleWebKit/537.36 (KHTML, like Gecko; compatible; GPTBot/1.2; +https://openai.com/gptbot)"
20.171.207.138 - - [09/Jun/2025:12:19:39 -0400] "GET /wp-includes/js/customize-models.min.js HTTP/1.1" 200 1067 "-" "Mozilla/5.0 AppleWebKit/537.36 (KHTML, like Gecko; compatible; GPTBot/1.2; +https://openai.com/gptbot)"
20.171.207.138 - - [09/Jun/2025:12:19:40 -0400] "GET /wp-includes/js/customize-loader.min.js HTTP/1.1" 200 1224 "-" "Mozilla/5.0 AppleWebKit/537.36 (KHTML, like Gecko; compatible; GPTBot/1.2; +https://openai.com/gptbot)"
