2a03:2880:f800:6:: - - [13/Jun/2025:13:41:40 -0400] "GET /shopdetail/68323335 HTTP/1.1" 301 0 "-" "meta-externalagent/1.1 (+https://developers.facebook.com/docs/sharing/webmasters/crawler)"
2a03:2880:f800:5:: - - [13/Jun/2025:13:41:45 -0400] "GET / HTTP/1.1" 200 37330 "-" "meta-externalagent/1.1 (+https://developers.facebook.com/docs/sharing/webmasters/crawler)"
66.249.66.77 - - [13/Jun/2025:13:41:49 -0400] "GET /k/ciliate/952980394.shtm HTTP/1.1" 200 81143 "-" "Mozilla/5.0 (Linux; Android 6.0.1; Nexus 5X Build/MMB29P) AppleWebKit/537.36 (KHTML, like Gecko) Chrome/136.0.7103.113 Mobile Safari/537.36 (compatible; GoogleOther)"
162.0.232.193 - - [13/Jun/2025:13:41:58 -0400] "POST /wp-cron.php?doing_wp_cron=1749836518.2050290107727050781250 HTTP/1.1" 200 0 "-" "WordPress/6.8.1; https://wotaku-manga.com"
54.36.149.106 - - [13/Jun/2025:13:41:56 -0400] "GET /oo340627132.shtm HTTP/1.1" 301 0 "-" "Mozilla/5.0 (compatible; AhrefsBot/7.0; +http://ahrefs.com/robot/)"
162.0.232.193 - - [13/Jun/2025:13:42:00 -0400] "GET /manga/wotaku-ni-koi-wa-muzukashii-chapter-36/ HTTP/1.1" 200 0 "-" "WP Rocket/Preload"
162.0.232.193 - - [13/Jun/2025:13:42:01 -0400] "GET /manga/wotaku-ni-koi-wa-muzukashii-chapter-36/ HTTP/1.1" 200 0 "-" "WP Rocket/Preload Mozilla/5.0 (iPhone; CPU iPhone OS 9_1 like Mac OS X) AppleWebKit/601.1.46 (KHTML, like Gecko) Version/9.0 Mobile/13B143 Safari/601.1"
162.0.232.193 - - [13/Jun/2025:13:42:03 -0400] "GET /manga/wotaku-ni-koi-wa-muzukashii-chapter-37/ HTTP/1.1" 200 0 "-" "WP Rocket/Preload"
162.0.232.193 - - [13/Jun/2025:13:42:04 -0400] "GET /manga/wotaku-ni-koi-wa-muzukashii-chapter-37/ HTTP/1.1" 200 0 "-" "WP Rocket/Preload Mozilla/5.0 (iPhone; CPU iPhone OS 9_1 like Mac OS X) AppleWebKit/601.1.46 (KHTML, like Gecko) Version/9.0 Mobile/13B143 Safari/601.1"
162.0.232.193 - - [13/Jun/2025:13:42:06 -0400] "GET /manga/wotaku-ni-koi-wa-muzukashii-chapter-37-5/ HTTP/1.1" 200 0 "-" "WP Rocket/Preload"
162.0.232.193 - - [13/Jun/2025:13:42:08 -0400] "GET /manga/wotaku-ni-koi-wa-muzukashii-chapter-37-5/ HTTP/1.1" 200 0 "-" "WP Rocket/Preload Mozilla/5.0 (iPhone; CPU iPhone OS 9_1 like Mac OS X) AppleWebKit/601.1.46 (KHTML, like Gecko) Version/9.0 Mobile/13B143 Safari/601.1"
2a03:2880:f800:4:: - - [13/Jun/2025:13:42:07 -0400] "GET /shopdetail/217255535 HTTP/1.1" 301 0 "-" "meta-externalagent/1.1 (+https://developers.facebook.com/docs/sharing/webmasters/crawler)"
216.73.216.68 - - [13/Jun/2025:13:42:09 -0400] "GET /sitemap-child-849.xml HTTP/1.1" 200 11282 "-" "Mozilla/5.0 AppleWebKit/537.36 (KHTML, like Gecko; compatible; ClaudeBot/1.0; [email protected])"
54.36.148.67 - - [13/Jun/2025:13:42:08 -0400] "GET /oo537961802.shtm HTTP/1.1" 301 0 "-" "Mozilla/5.0 (compatible; AhrefsBot/7.0; +http://ahrefs.com/robot/)"
162.0.232.193 - - [13/Jun/2025:13:42:10 -0400] "GET /manga/wotaku-ni-koi-wa-muzukashii-chapter-38/ HTTP/1.1" 200 0 "-" "WP Rocket/Preload"
2a03:2880:f800:e:: - - [13/Jun/2025:13:42:11 -0400] "GET / HTTP/1.1" 200 37330 "-" "meta-externalagent/1.1 (+https://developers.facebook.com/docs/sharing/webmasters/crawler)"
162.0.232.193 - - [13/Jun/2025:13:42:11 -0400] "GET /manga/wotaku-ni-koi-wa-muzukashii-chapter-38/ HTTP/1.1" 200 0 "-" "WP Rocket/Preload Mozilla/5.0 (iPhone; CPU iPhone OS 9_1 like Mac OS X) AppleWebKit/601.1.46 (KHTML, like Gecko) Version/9.0 Mobile/13B143 Safari/601.1"
162.0.232.193 - - [13/Jun/2025:13:42:13 -0400] "GET /manga/wotaku-ni-koi-wa-muzukashii-chapter-38-5/ HTTP/1.1" 200 0 "-" "WP Rocket/Preload"
162.0.232.193 - - [13/Jun/2025:13:42:14 -0400] "GET /manga/wotaku-ni-koi-wa-muzukashii-chapter-38-5/ HTTP/1.1" 200 0 "-" "WP Rocket/Preload Mozilla/5.0 (iPhone; CPU iPhone OS 9_1 like Mac OS X) AppleWebKit/601.1.46 (KHTML, like Gecko) Version/9.0 Mobile/13B143 Safari/601.1"
162.0.232.193 - - [13/Jun/2025:13:42:16 -0400] "GET /manga/wotaku-ni-koi-wa-muzukashii-chapter-40/ HTTP/1.1" 200 0 "-" "WP Rocket/Preload"
162.0.232.193 - - [13/Jun/2025:13:42:18 -0400] "GET /manga/wotaku-ni-koi-wa-muzukashii-chapter-40/ HTTP/1.1" 200 0 "-" "WP Rocket/Preload Mozilla/5.0 (iPhone; CPU iPhone OS 9_1 like Mac OS X) AppleWebKit/601.1.46 (KHTML, like Gecko) Version/9.0 Mobile/13B143 Safari/601.1"
38.94.251.207 - - [13/Jun/2025:13:42:16 -0400] "GET /manga/wotakoi-love-is-hard-for-otaku-chapter-77-5/ HTTP/1.1" 200 44714 "https://wotaku-manga.com/" "Mozilla/5.0 (Android 15; Mobile; rv:139.0) Gecko/139.0 Firefox/139.0"
38.94.251.207 - - [13/Jun/2025:13:42:22 -0400] "GET /wp-content/uploads/2022/03/cropped-3612526.webp HTTP/1.1" 200 72576 "https://wotaku-manga.com/manga/wotakoi-love-is-hard-for-otaku-chapter-77-5/" "Mozilla/5.0 (Android 15; Mobile; rv:139.0) Gecko/139.0 Firefox/139.0"
38.94.251.207 - - [13/Jun/2025:13:42:22 -0400] "GET /wp-content/plugins/simple-social-buttons/assets/fonts/ssb-icon.ttf?eahqa2 HTTP/1.1" 200 7412 "https://wotaku-manga.com/manga/wotakoi-love-is-hard-for-otaku-chapter-77-5/" "Mozilla/5.0 (Android 15; Mobile; rv:139.0) Gecko/139.0 Firefox/139.0"
38.94.251.207 - - [13/Jun/2025:13:42:23 -0400] "GET /wp-content/cache/min/1/wp-content/plugins/comic-easel/js/keynav.js?ver=1684511167 HTTP/1.1" 304 0 "https://wotaku-manga.com/manga/wotakoi-love-is-hard-for-otaku-chapter-77-5/" "Mozilla/5.0 (Android 15; Mobile; rv:139.0) Gecko/139.0 Firefox/139.0"
38.94.251.207 - - [13/Jun/2025:13:42:23 -0400] "GET /wp-content/cache/min/1/wp-content/plugins/disqus-comment-system/public/js/comment_embed.js?ver=1684511264 HTTP/1.1" 304 0 "https://wotaku-manga.com/manga/wotakoi-love-is-hard-for-otaku-chapter-77-5/" "Mozilla/5.0 (Android 15; Mobile; rv:139.0) Gecko/139.0 Firefox/139.0"
38.94.251.207 - - [13/Jun/2025:13:42:24 -0400] "GET /wotakoi-volume-list/ HTTP/1.1" 200 40562 "https://wotaku-manga.com/manga/wotakoi-love-is-hard-for-otaku-chapter-77-5/" "Mozilla/5.0 (Android 15; Mobile; rv:139.0) Gecko/139.0 Firefox/139.0"
162.0.232.193 - - [13/Jun/2025:13:42:25 -0400] "POST /wp-cron.php?doing_wp_cron=1749836545.4965169429779052734375 HTTP/1.1" 200 0 "-" "WordPress/6.8.1; https://wotaku-manga.com"
54.36.148.68 - - [13/Jun/2025:13:42:24 -0400] "GET /oo68182024.shtm HTTP/1.1" 301 0 "-" "Mozilla/5.0 (compatible; AhrefsBot/7.0; +http://ahrefs.com/robot/)"
38.94.251.207 - - [13/Jun/2025:13:42:36 -0400] "GET /manga/wotakoi-love-is-hard-for-otaku-chapter-78/ HTTP/1.1" 200 42123 "https://wotaku-manga.com/manga/wotakoi-love-is-hard-for-otaku-chapter-77-5/" "Mozilla/5.0 (Android 15; Mobile; rv:139.0) Gecko/139.0 Firefox/139.0"
38.94.251.207 - - [13/Jun/2025:13:42:36 -0400] "GET /manga/wotakoi-love-is-hard-for-otaku-chapter-78/ HTTP/1.1" 200 42123 "https://wotaku-manga.com/manga/wotakoi-love-is-hard-for-otaku-chapter-77-5/" "Mozilla/5.0 (Android 15; Mobile; rv:139.0) Gecko/139.0 Firefox/139.0"
162.0.232.193 - - [13/Jun/2025:13:42:49 -0400] "POST /wp-cron.php?doing_wp_cron=1749836568.8885018825531005859375 HTTP/1.1" 200 0 "-" "WordPress/6.8.1; https://wotaku-manga.com"
54.36.148.53 - - [13/Jun/2025:13:42:47 -0400] "GET /os864056718.shtm HTTP/1.1" 301 0 "-" "Mozilla/5.0 (compatible; AhrefsBot/7.0; +http://ahrefs.com/robot/)"
216.73.216.68 - - [13/Jun/2025:13:42:51 -0400] "GET /sitemap-child-694.xml HTTP/1.1" 200 11399 "-" "Mozilla/5.0 AppleWebKit/537.36 (KHTML, like Gecko; compatible; ClaudeBot/1.0; [email protected])"
66.249.66.65 - - [13/Jun/2025:13:42:56 -0400] "GET /pyj/57763351.shtm HTTP/1.1" 200 81516 "-" "Mozilla/5.0 (Linux; Android 6.0.1; Nexus 5X Build/MMB29P) AppleWebKit/537.36 (KHTML, like Gecko) Chrome/136.0.7103.113 Mobile Safari/537.36 (compatible; Googlebot/2.1; +http://www.google.com/bot.html)"
66.249.66.70 - - [13/Jun/2025:13:42:59 -0400] "GET /dv/953520303.shtm HTTP/1.1" 200 81501 "-" "Mozilla/5.0 (Linux; Android 6.0.1; Nexus 5X Build/MMB29P) AppleWebKit/537.36 (KHTML, like Gecko) Chrome/136.0.7103.113 Mobile Safari/537.36 (compatible; GoogleOther)"
66.249.66.64 - - [13/Jun/2025:13:43:00 -0400] "GET /hbj41228625.shtm HTTP/1.1" 200 81471 "-" "Mozilla/5.0 (Linux; Android 6.0.1; Nexus 5X Build/MMB29P) AppleWebKit/537.36 (KHTML, like Gecko) Chrome/136.0.7103.113 Mobile Safari/537.36 (compatible; Googlebot/2.1; +http://www.google.com/bot.html)"
66.249.66.72 - - [13/Jun/2025:13:43:01 -0400] "GET /manga/wotaku-ni-koi-wa-muzukashii-chapter-54/ HTTP/1.1" 200 82074 "-" "Mozilla/5.0 (Linux; Android 6.0.1; Nexus 5X Build/MMB29P) AppleWebKit/537.36 (KHTML, like Gecko) Chrome/136.0.7103.113 Mobile Safari/537.36 (compatible; Googlebot/2.1; +http://www.google.com/bot.html)"
66.249.66.64 - - [13/Jun/2025:13:43:02 -0400] "GET /np/dissyllable50087845.shtm HTTP/1.1" 200 81860 "-" "Mozilla/5.0 (Linux; Android 6.0.1; Nexus 5X Build/MMB29P) AppleWebKit/537.36 (KHTML, like Gecko) Chrome/136.0.7103.113 Mobile Safari/537.36 (compatible; Googlebot/2.1; +http://www.google.com/bot.html)"
66.249.66.70 - - [13/Jun/2025:13:43:05 -0400] "GET /yq/product/slothfully953429922.shtm HTTP/1.1" 200 81585 "-" "Mozilla/5.0 (Linux; Android 6.0.1; Nexus 5X Build/MMB29P) AppleWebKit/537.36 (KHTML, like Gecko) Chrome/136.0.7103.113 Mobile Safari/537.36 (compatible; GoogleOther)"
66.249.66.70 - - [13/Jun/2025:13:43:11 -0400] "GET /src/goodscode/flawn953531152.shtm HTTP/1.1" 200 81391 "-" "Mozilla/5.0 (Linux; Android 6.0.1; Nexus 5X Build/MMB29P) AppleWebKit/537.36 (KHTML, like Gecko) Chrome/136.0.7103.113 Mobile Safari/537.36 (compatible; GoogleOther)"
162.0.232.193 - - [13/Jun/2025:13:43:15 -0400] "POST /wp-cron.php?doing_wp_cron=1749836595.7043740749359130859375 HTTP/1.1" 200 0 "-" "WordPress/6.8.1; https://wotaku-manga.com"
54.36.149.4 - - [13/Jun/2025:13:43:14 -0400] "GET /ow222410756.shtm HTTP/1.1" 301 0 "-" "Mozilla/5.0 (compatible; AhrefsBot/7.0; +http://ahrefs.com/robot/)"
66.249.66.71 - - [13/Jun/2025:13:43:18 -0400] "GET /f953364007.shtm HTTP/1.1" 200 81920 "-" "Mozilla/5.0 (Linux; Android 6.0.1; Nexus 5X Build/MMB29P) AppleWebKit/537.36 (KHTML, like Gecko) Chrome/136.0.7103.113 Mobile Safari/537.36 (compatible; GoogleOther)"
162.0.232.193 - - [13/Jun/2025:13:43:19 -0400] "GET /manga/wotaku-ni-koi-wa-muzukashii-chapter-41/ HTTP/1.1" 200 41291 "-" "WP Rocket/Preload"
162.0.232.193 - - [13/Jun/2025:13:43:23 -0400] "GET /manga/wotaku-ni-koi-wa-muzukashii-chapter-41/ HTTP/1.1" 200 0 "-" "WP Rocket/Preload Mozilla/5.0 (iPhone; CPU iPhone OS 9_1 like Mac OS X) AppleWebKit/601.1.46 (KHTML, like Gecko) Version/9.0 Mobile/13B143 Safari/601.1"
66.249.66.71 - - [13/Jun/2025:13:43:35 -0400] "GET /n/tourn253760259.shtm HTTP/1.1" 200 81348 "-" "Mozilla/5.0 (Linux; Android 6.0.1; Nexus 5X Build/MMB29P) AppleWebKit/537.36 (KHTML, like Gecko) Chrome/136.0.7103.113 Mobile Safari/537.36 (compatible; GoogleOther)"
66.249.66.64 - - [13/Jun/2025:13:43:40 -0400] "GET /h/azotometer57705441.shtm HTTP/1.1" 200 82795 "-" "Mozilla/5.0 (Linux; Android 6.0.1; Nexus 5X Build/MMB29P) AppleWebKit/537.36 (KHTML, like Gecko) Chrome/136.0.7103.113 Mobile Safari/537.36 (compatible; Googlebot/2.1; +http://www.google.com/bot.html)"
66.249.66.64 - - [13/Jun/2025:13:43:41 -0400] "GET /ld40034725.shtm HTTP/1.1" 200 82538 "-" "Mozilla/5.0 (Linux; Android 6.0.1; Nexus 5X Build/MMB29P) AppleWebKit/537.36 (KHTML, like Gecko) Chrome/136.0.7103.113 Mobile Safari/537.36 (compatible; Googlebot/2.1; +http://www.google.com/bot.html)"
162.0.232.193 - - [13/Jun/2025:13:43:43 -0400] "POST /wp-cron.php?doing_wp_cron=1749836623.1934480667114257812500 HTTP/1.1" 200 0 "-" "WordPress/6.8.1; https://wotaku-manga.com"
2a03:2880:f800:4:: - - [13/Jun/2025:13:43:40 -0400] "GET /shopdetail/137540435 HTTP/1.1" 301 0 "-" "meta-externalagent/1.1 (+https://developers.facebook.com/docs/sharing/webmasters/crawler)"
2a03:2880:f800:8:: - - [13/Jun/2025:13:43:43 -0400] "GET /shopdetail/372004135 HTTP/1.1" 301 0 "-" "meta-externalagent/1.1 (+https://developers.facebook.com/docs/sharing/webmasters/crawler)"
2a03:2880:f800:4:: - - [13/Jun/2025:13:43:45 -0400] "GET / HTTP/1.1" 200 37330 "-" "meta-externalagent/1.1 (+https://developers.facebook.com/docs/sharing/webmasters/crawler)"
2a03:2880:f800:a:: - - [13/Jun/2025:13:43:48 -0400] "GET / HTTP/1.1" 200 37330 "-" "meta-externalagent/1.1 (+https://developers.facebook.com/docs/sharing/webmasters/crawler)"
216.73.216.68 - - [13/Jun/2025:13:43:49 -0400] "GET /sitemap-child-1366.xml HTTP/1.1" 200 11413 "-" "Mozilla/5.0 AppleWebKit/537.36 (KHTML, like Gecko; compatible; ClaudeBot/1.0; [email protected])"
66.249.66.70 - - [13/Jun/2025:13:43:56 -0400] "GET /i/shopdetail/kingfisher954598360.shtm HTTP/1.1" 200 81320 "-" "Mozilla/5.0 (Linux; Android 6.0.1; Nexus 5X Build/MMB29P) AppleWebKit/537.36 (KHTML, like Gecko) Chrome/136.0.7103.113 Mobile Safari/537.36 (compatible; GoogleOther)"
162.0.232.193 - - [13/Jun/2025:13:44:00 -0400] "POST /wp-cron.php?doing_wp_cron=1749836640.5307660102844238281250 HTTP/1.1" 200 0 "-" "WordPress/6.8.1; https://wotaku-manga.com"
2a03:2880:f800:1d:: - - [13/Jun/2025:13:43:59 -0400] "GET /shopdetail/48722635 HTTP/1.1" 301 0 "-" "meta-externalagent/1.1 (+https://developers.facebook.com/docs/sharing/webmasters/crawler)"
162.0.232.193 - - [13/Jun/2025:13:44:01 -0400] "GET /manga/wotaku-ni-koi-wa-muzukashii-chapter-41-5/ HTTP/1.1" 200 0 "-" "WP Rocket/Preload"
2a03:2880:f800:5:: - - [13/Jun/2025:13:44:02 -0400] "GET / HTTP/1.1" 200 37330 "-" "meta-externalagent/1.1 (+https://developers.facebook.com/docs/sharing/webmasters/crawler)"
162.0.232.193 - - [13/Jun/2025:13:44:03 -0400] "GET /manga/wotaku-ni-koi-wa-muzukashii-chapter-41-5/ HTTP/1.1" 200 0 "-" "WP Rocket/Preload Mozilla/5.0 (iPhone; CPU iPhone OS 9_1 like Mac OS X) AppleWebKit/601.1.46 (KHTML, like Gecko) Version/9.0 Mobile/13B143 Safari/601.1"
162.0.232.193 - - [13/Jun/2025:13:44:04 -0400] "GET /manga/wotaku-ni-koi-wa-muzukashii-chapter-42/ HTTP/1.1" 200 0 "-" "WP Rocket/Preload"
162.0.232.193 - - [13/Jun/2025:13:44:06 -0400] "GET /manga/wotaku-ni-koi-wa-muzukashii-chapter-42/ HTTP/1.1" 200 0 "-" "WP Rocket/Preload Mozilla/5.0 (iPhone; CPU iPhone OS 9_1 like Mac OS X) AppleWebKit/601.1.46 (KHTML, like Gecko) Version/9.0 Mobile/13B143 Safari/601.1"
162.0.232.193 - - [13/Jun/2025:13:44:08 -0400] "GET /manga/wotaku-ni-koi-wa-muzukashii-chapter-44/ HTTP/1.1" 200 0 "-" "WP Rocket/Preload"
162.0.232.193 - - [13/Jun/2025:13:44:09 -0400] "GET /manga/wotaku-ni-koi-wa-muzukashii-chapter-44/ HTTP/1.1" 200 0 "-" "WP Rocket/Preload Mozilla/5.0 (iPhone; CPU iPhone OS 9_1 like Mac OS X) AppleWebKit/601.1.46 (KHTML, like Gecko) Version/9.0 Mobile/13B143 Safari/601.1"
54.36.148.154 - - [13/Jun/2025:13:44:08 -0400] "GET /p/216445637.shtm HTTP/1.1" 301 0 "-" "Mozilla/5.0 (compatible; AhrefsBot/7.0; +http://ahrefs.com/robot/)"
162.0.232.193 - - [13/Jun/2025:13:44:11 -0400] "GET /manga/wotaku-ni-koi-wa-muzukashii-chapter-45/ HTTP/1.1" 200 0 "-" "WP Rocket/Preload"
162.0.232.193 - - [13/Jun/2025:13:44:13 -0400] "GET /manga/wotaku-ni-koi-wa-muzukashii-chapter-45/ HTTP/1.1" 200 0 "-" "WP Rocket/Preload Mozilla/5.0 (iPhone; CPU iPhone OS 9_1 like Mac OS X) AppleWebKit/601.1.46 (KHTML, like Gecko) Version/9.0 Mobile/13B143 Safari/601.1"
162.0.232.193 - - [13/Jun/2025:13:44:14 -0400] "GET /manga/wotaku-ni-koi-wa-muzukashii-chapter-46/ HTTP/1.1" 200 0 "-" "WP Rocket/Preload"
162.0.232.193 - - [13/Jun/2025:13:44:16 -0400] "GET /manga/wotaku-ni-koi-wa-muzukashii-chapter-46/ HTTP/1.1" 200 0 "-" "WP Rocket/Preload Mozilla/5.0 (iPhone; CPU iPhone OS 9_1 like Mac OS X) AppleWebKit/601.1.46 (KHTML, like Gecko) Version/9.0 Mobile/13B143 Safari/601.1"
162.0.232.193 - - [13/Jun/2025:13:44:18 -0400] "GET /manga/wotaku-ni-koi-wa-muzukashii-chapter-47/ HTTP/1.1" 200 0 "-" "WP Rocket/Preload"
66.249.66.70 - - [13/Jun/2025:13:44:19 -0400] "GET /e953433664.shtm HTTP/1.1" 200 81762 "-" "Mozilla/5.0 (Linux; Android 6.0.1; Nexus 5X Build/MMB29P) AppleWebKit/537.36 (KHTML, like Gecko) Chrome/136.0.7103.113 Mobile Safari/537.36 (compatible; GoogleOther)"
162.0.232.193 - - [13/Jun/2025:13:44:19 -0400] "GET /manga/wotaku-ni-koi-wa-muzukashii-chapter-47/ HTTP/1.1" 200 0 "-" "WP Rocket/Preload Mozilla/5.0 (iPhone; CPU iPhone OS 9_1 like Mac OS X) AppleWebKit/601.1.46 (KHTML, like Gecko) Version/9.0 Mobile/13B143 Safari/601.1"
162.0.232.193 - - [13/Jun/2025:13:44:21 -0400] "GET /manga/wotaku-ni-koi-wa-muzukashii-chapter-48/ HTTP/1.1" 200 0 "-" "WP Rocket/Preload"
162.0.232.193 - - [13/Jun/2025:13:44:22 -0400] "GET /manga/wotaku-ni-koi-wa-muzukashii-chapter-48/ HTTP/1.1" 200 0 "-" "WP Rocket/Preload Mozilla/5.0 (iPhone; CPU iPhone OS 9_1 like Mac OS X) AppleWebKit/601.1.46 (KHTML, like Gecko) Version/9.0 Mobile/13B143 Safari/601.1"
162.0.232.193 - - [13/Jun/2025:13:44:37 -0400] "POST /wp-cron.php?doing_wp_cron=1749836677.4160680770874023437500 HTTP/1.1" 200 0 "-" "WordPress/6.8.1; https://wotaku-manga.com"
54.36.148.170 - - [13/Jun/2025:13:44:35 -0400] "GET /p/239293089.shtm HTTP/1.1" 301 0 "-" "Mozilla/5.0 (compatible; AhrefsBot/7.0; +http://ahrefs.com/robot/)"
66.249.66.70 - - [13/Jun/2025:13:44:38 -0400] "GET /zl953359873.shtm HTTP/1.1" 200 81477 "-" "Mozilla/5.0 (Linux; Android 6.0.1; Nexus 5X Build/MMB29P) AppleWebKit/537.36 (KHTML, like Gecko) Chrome/136.0.7103.113 Mobile Safari/537.36 (compatible; GoogleOther)"
162.0.232.193 - - [13/Jun/2025:13:44:54 -0400] "POST /wp-cron.php?doing_wp_cron=1749836694.2091989517211914062500 HTTP/1.1" 200 0 "-" "WordPress/6.8.1; https://wotaku-manga.com"
2a03:2880:f800:d:: - - [13/Jun/2025:13:44:52 -0400] "GET /shopdetail/257977835 HTTP/1.1" 301 0 "-" "meta-externalagent/1.1 (+https://developers.facebook.com/docs/sharing/webmasters/crawler)"
2a03:2880:f800:6:: - - [13/Jun/2025:13:44:56 -0400] "GET / HTTP/1.1" 200 37330 "-" "meta-externalagent/1.1 (+https://developers.facebook.com/docs/sharing/webmasters/crawler)"
66.249.66.64 - - [13/Jun/2025:13:44:56 -0400] "GET /uhq49124208.shtm HTTP/1.1" 200 82195 "-" "Mozilla/5.0 (Linux; Android 6.0.1; Nexus 5X Build/MMB29P) AppleWebKit/537.36 (KHTML, like Gecko) Chrome/136.0.7103.113 Mobile Safari/537.36 (compatible; Googlebot/2.1; +http://www.google.com/bot.html)"
66.249.66.65 - - [13/Jun/2025:13:44:57 -0400] "GET /lav/57794823.shtm HTTP/1.1" 200 81817 "-" "Mozilla/5.0 (Linux; Android 6.0.1; Nexus 5X Build/MMB29P) AppleWebKit/537.36 (KHTML, like Gecko) Chrome/136.0.7103.113 Mobile Safari/537.36 (compatible; Googlebot/2.1; +http://www.google.com/bot.html)"
66.249.66.70 - - [13/Jun/2025:13:44:59 -0400] "GET /o953018242.shtm HTTP/1.1" 200 81929 "-" "Mozilla/5.0 (Linux; Android 6.0.1; Nexus 5X Build/MMB29P) AppleWebKit/537.36 (KHTML, like Gecko) Chrome/136.0.7103.113 Mobile Safari/537.36 (compatible; GoogleOther)"
162.0.232.193 - - [13/Jun/2025:13:45:21 -0400] "POST /wp-cron.php?doing_wp_cron=1749836720.8849151134490966796875 HTTP/1.1" 200 0 "-" "WordPress/6.8.1; https://wotaku-manga.com"
66.249.66.70 - - [13/Jun/2025:13:45:20 -0400] "GET /r/253763231.shtm HTTP/1.1" 200 82052 "-" "Mozilla/5.0 (Linux; Android 6.0.1; Nexus 5X Build/MMB29P) AppleWebKit/537.36 (KHTML, like Gecko) Chrome/136.0.7103.113 Mobile Safari/537.36 (compatible; GoogleOther)"
54.36.148.85 - - [13/Jun/2025:13:45:19 -0400] "GET /p/239504313.shtm HTTP/1.1" 301 0 "-" "Mozilla/5.0 (compatible; AhrefsBot/7.0; +http://ahrefs.com/robot/)"
162.0.232.193 - - [13/Jun/2025:13:45:23 -0400] "GET /manga/wotaku-ni-koi-wa-muzukashii-chapter-49/ HTTP/1.1" 200 42496 "-" "WP Rocket/Preload"
162.0.232.193 - - [13/Jun/2025:13:45:28 -0400] "GET /manga/wotaku-ni-koi-wa-muzukashii-chapter-49/ HTTP/1.1" 200 0 "-" "WP Rocket/Preload Mozilla/5.0 (iPhone; CPU iPhone OS 9_1 like Mac OS X) AppleWebKit/601.1.46 (KHTML, like Gecko) Version/9.0 Mobile/13B143 Safari/601.1"
66.249.66.64 - - [13/Jun/2025:13:45:28 -0400] "GET /n52339877.shtm HTTP/1.1" 200 81360 "-" "Mozilla/5.0 (Linux; Android 6.0.1; Nexus 5X Build/MMB29P) AppleWebKit/537.36 (KHTML, like Gecko) Chrome/136.0.7103.113 Mobile Safari/537.36 (compatible; Googlebot/2.1; +http://www.google.com/bot.html)"
66.249.66.64 - - [13/Jun/2025:13:45:30 -0400] "GET /j/55188629.shtm HTTP/1.1" 200 81537 "-" "Mozilla/5.0 (Linux; Android 6.0.1; Nexus 5X Build/MMB29P) AppleWebKit/537.36 (KHTML, like Gecko) Chrome/136.0.7103.113 Mobile Safari/537.36 (compatible; Googlebot/2.1; +http://www.google.com/bot.html)"
66.249.66.64 - - [13/Jun/2025:13:45:35 -0400] "GET /v/product/forequoted48138415.shtm HTTP/1.1" 200 81561 "-" "Mozilla/5.0 (Linux; Android 6.0.1; Nexus 5X Build/MMB29P) AppleWebKit/537.36 (KHTML, like Gecko) Chrome/136.0.7103.113 Mobile Safari/537.36 (compatible; Googlebot/2.1; +http://www.google.com/bot.html)"
66.249.66.70 - - [13/Jun/2025:13:45:41 -0400] "GET /gy/detail/silky952959772.shtm HTTP/1.1" 200 81461 "-" "Mozilla/5.0 (Linux; Android 6.0.1; Nexus 5X Build/MMB29P) AppleWebKit/537.36 (KHTML, like Gecko) Chrome/136.0.7103.113 Mobile Safari/537.36 (compatible; GoogleOther)"
2a03:2880:f800:2:: - - [13/Jun/2025:13:45:41 -0400] "GET /shopdetail/203674535 HTTP/1.1" 301 0 "-" "meta-externalagent/1.1 (+https://developers.facebook.com/docs/sharing/webmasters/crawler)"
2a03:2880:f800:1a:: - - [13/Jun/2025:13:45:45 -0400] "GET / HTTP/1.1" 200 37330 "-" "meta-externalagent/1.1 (+https://developers.facebook.com/docs/sharing/webmasters/crawler)"
162.0.232.193 - - [13/Jun/2025:13:45:51 -0400] "POST /wp-cron.php?doing_wp_cron=1749836751.0243079662322998046875 HTTP/1.1" 200 0 "-" "WordPress/6.8.1; https://wotaku-manga.com"
54.36.148.254 - - [13/Jun/2025:13:45:49 -0400] "GET /p/288700823.shtm HTTP/1.1" 301 0 "-" "Mozilla/5.0 (compatible; AhrefsBot/7.0; +http://ahrefs.com/robot/)"
2a03:2880:f800:15:: - - [13/Jun/2025:13:45:57 -0400] "GET /shopdetail/238405635 HTTP/1.1" 301 0 "-" "meta-externalagent/1.1 (+https://developers.facebook.com/docs/sharing/webmasters/crawler)"
2a03:2880:f800:e:: - - [13/Jun/2025:13:45:59 -0400] "GET / HTTP/1.1" 200 37330 "-" "meta-externalagent/1.1 (+https://developers.facebook.com/docs/sharing/webmasters/crawler)"
66.249.66.72 - - [13/Jun/2025:13:46:02 -0400] "GET /m/goodscode/crandall/953015672.shtm HTTP/1.1" 200 81581 "-" "Mozilla/5.0 (Linux; Android 6.0.1; Nexus 5X Build/MMB29P) AppleWebKit/537.36 (KHTML, like Gecko) Chrome/136.0.7103.113 Mobile Safari/537.36 (compatible; GoogleOther)"
66.249.66.64 - - [13/Jun/2025:13:46:07 -0400] "GET /qq44579096.shtm HTTP/1.1" 200 81153 "-" "Mozilla/5.0 (Linux; Android 6.0.1; Nexus 5X Build/MMB29P) AppleWebKit/537.36 (KHTML, like Gecko) Chrome/136.0.7103.113 Mobile Safari/537.36 (compatible; Googlebot/2.1; +http://www.google.com/bot.html)"
66.249.66.65 - - [13/Jun/2025:13:46:12 -0400] "GET /wno/ludoviciana57732884.shtm HTTP/1.1" 200 81345 "-" "Mozilla/5.0 (Linux; Android 6.0.1; Nexus 5X Build/MMB29P) AppleWebKit/537.36 (KHTML, like Gecko) Chrome/136.0.7103.113 Mobile Safari/537.36 (compatible; Googlebot/2.1; +http://www.google.com/bot.html)"
162.0.232.193 - - [13/Jun/2025:13:46:15 -0400] "POST /wp-cron.php?doing_wp_cron=1749836775.1281590461730957031250 HTTP/1.1" 200 0 "-" "WordPress/6.8.1; https://wotaku-manga.com"
54.36.148.6 - - [13/Jun/2025:13:46:14 -0400] "GET /p/323359217.shtm HTTP/1.1" 301 0 "-" "Mozilla/5.0 (compatible; AhrefsBot/7.0; +http://ahrefs.com/robot/)"
162.0.232.193 - - [13/Jun/2025:13:46:15 -0400] "GET /manga/wotaku-ni-koi-wa-muzukashii-chapter-39/ HTTP/1.1" 200 0 "-" "WP Rocket/Preload"
162.0.232.193 - - [13/Jun/2025:13:46:17 -0400] "GET /manga/wotaku-ni-koi-wa-muzukashii-chapter-39/ HTTP/1.1" 200 42022 "-" "WP Rocket/Preload Mozilla/5.0 (iPhone; CPU iPhone OS 9_1 like Mac OS X) AppleWebKit/601.1.46 (KHTML, like Gecko) Version/9.0 Mobile/13B143 Safari/601.1"
162.0.232.193 - - [13/Jun/2025:13:46:18 -0400] "GET /manga/wotaku-ni-koi-wa-muzukashii-chapter-51/ HTTP/1.1" 200 0 "-" "WP Rocket/Preload"
162.0.232.193 - - [13/Jun/2025:13:46:20 -0400] "GET /manga/wotaku-ni-koi-wa-muzukashii-chapter-51/ HTTP/1.1" 200 0 "-" "WP Rocket/Preload Mozilla/5.0 (iPhone; CPU iPhone OS 9_1 like Mac OS X) AppleWebKit/601.1.46 (KHTML, like Gecko) Version/9.0 Mobile/13B143 Safari/601.1"
162.0.232.193 - - [13/Jun/2025:13:46:21 -0400] "GET /manga/wotaku-ni-koi-wa-muzukashii-chapter-52/ HTTP/1.1" 200 0 "-" "WP Rocket/Preload"
162.0.232.193 - - [13/Jun/2025:13:46:23 -0400] "GET /manga/wotaku-ni-koi-wa-muzukashii-chapter-52/ HTTP/1.1" 200 0 "-" "WP Rocket/Preload Mozilla/5.0 (iPhone; CPU iPhone OS 9_1 like Mac OS X) AppleWebKit/601.1.46 (KHTML, like Gecko) Version/9.0 Mobile/13B143 Safari/601.1"
66.249.66.71 - - [13/Jun/2025:13:46:24 -0400] "GET /faz/item/autocephalous/751011351.shtm HTTP/1.1" 200 81874 "-" "Mozilla/5.0 (Linux; Android 6.0.1; Nexus 5X Build/MMB29P) AppleWebKit/537.36 (KHTML, like Gecko) Chrome/136.0.7103.113 Mobile Safari/537.36 (compatible; GoogleOther)"
162.0.232.193 - - [13/Jun/2025:13:46:24 -0400] "GET /manga/wotaku-ni-koi-wa-muzukashii-chapter-53/ HTTP/1.1" 200 0 "-" "WP Rocket/Preload"
162.0.232.193 - - [13/Jun/2025:13:46:26 -0400] "GET /manga/wotaku-ni-koi-wa-muzukashii-chapter-53/ HTTP/1.1" 200 43185 "-" "WP Rocket/Preload Mozilla/5.0 (iPhone; CPU iPhone OS 9_1 like Mac OS X) AppleWebKit/601.1.46 (KHTML, like Gecko) Version/9.0 Mobile/13B143 Safari/601.1"
2a03:2880:f800:1a:: - - [13/Jun/2025:13:46:27 -0400] "GET /shopdetail/117901735 HTTP/1.1" 301 0 "-" "meta-externalagent/1.1 (+https://developers.facebook.com/docs/sharing/webmasters/crawler)"
162.0.232.193 - - [13/Jun/2025:13:46:28 -0400] "GET /manga/wotaku-ni-koi-wa-muzukashii-chapter-54/ HTTP/1.1" 200 0 "-" "WP Rocket/Preload"
54.36.148.31 - - [13/Jun/2025:13:46:28 -0400] "GET /p/624072553.shtm HTTP/1.1" 301 0 "-" "Mozilla/5.0 (compatible; AhrefsBot/7.0; +http://ahrefs.com/robot/)"
2a03:2880:f800:b:: - - [13/Jun/2025:13:46:30 -0400] "GET / HTTP/1.1" 200 37330 "-" "meta-externalagent/1.1 (+https://developers.facebook.com/docs/sharing/webmasters/crawler)"
162.0.232.193 - - [13/Jun/2025:13:46:29 -0400] "GET /manga/wotaku-ni-koi-wa-muzukashii-chapter-54/ HTTP/1.1" 200 0 "-" "WP Rocket/Preload Mozilla/5.0 (iPhone; CPU iPhone OS 9_1 like Mac OS X) AppleWebKit/601.1.46 (KHTML, like Gecko) Version/9.0 Mobile/13B143 Safari/601.1"
162.0.232.193 - - [13/Jun/2025:13:46:31 -0400] "GET /manga/wotaku-ni-koi-wa-muzukashii-chapter-55/ HTTP/1.1" 200 41436 "-" "WP Rocket/Preload"
162.0.232.193 - - [13/Jun/2025:13:46:33 -0400] "GET /manga/wotaku-ni-koi-wa-muzukashii-chapter-55/ HTTP/1.1" 200 0 "-" "WP Rocket/Preload Mozilla/5.0 (iPhone; CPU iPhone OS 9_1 like Mac OS X) AppleWebKit/601.1.46 (KHTML, like Gecko) Version/9.0 Mobile/13B143 Safari/601.1"
2a03:2880:f800:10:: - - [13/Jun/2025:13:46:33 -0400] "GET /shopdetail/206851735 HTTP/1.1" 301 0 "-" "meta-externalagent/1.1 (+https://developers.facebook.com/docs/sharing/webmasters/crawler)"
162.0.232.193 - - [13/Jun/2025:13:46:35 -0400] "GET /manga/wotaku-ni-koi-wa-muzukashii-chapter-56/ HTTP/1.1" 200 0 "-" "WP Rocket/Preload"
54.36.149.20 - - [13/Jun/2025:13:46:34 -0400] "GET /p/625233269.shtm HTTP/1.1" 301 0 "-" "Mozilla/5.0 (compatible; AhrefsBot/7.0; +http://ahrefs.com/robot/)"
162.0.232.193 - - [13/Jun/2025:13:46:36 -0400] "GET /manga/wotaku-ni-koi-wa-muzukashii-chapter-56/ HTTP/1.1" 200 0 "-" "WP Rocket/Preload Mozilla/5.0 (iPhone; CPU iPhone OS 9_1 like Mac OS X) AppleWebKit/601.1.46 (KHTML, like Gecko) Version/9.0 Mobile/13B143 Safari/601.1"
2a03:2880:f800:3:: - - [13/Jun/2025:13:46:36 -0400] "GET / HTTP/1.1" 200 37330 "-" "meta-externalagent/1.1 (+https://developers.facebook.com/docs/sharing/webmasters/crawler)"
162.0.232.193 - - [13/Jun/2025:13:46:45 -0400] "POST /wp-cron.php?doing_wp_cron=1749836805.0108270645141601562500 HTTP/1.1" 200 0 "-" "WordPress/6.8.1; https://wotaku-manga.com"
2a03:2880:f800:7:: - - [13/Jun/2025:13:46:44 -0400] "GET /shopdetail/263042635 HTTP/1.1" 301 0 "-" "meta-externalagent/1.1 (+https://developers.facebook.com/docs/sharing/webmasters/crawler)"
66.249.66.70 - - [13/Jun/2025:13:46:44 -0400] "GET /qly/conciliatory953511180.shtm HTTP/1.1" 200 81934 "-" "Mozilla/5.0 (Linux; Android 6.0.1; Nexus 5X Build/MMB29P) AppleWebKit/537.36 (KHTML, like Gecko) Chrome/136.0.7103.113 Mobile Safari/537.36 (compatible; GoogleOther)"
2a03:2880:f800:2:: - - [13/Jun/2025:13:46:44 -0400] "GET /shopdetail/37987235 HTTP/1.1" 301 0 "-" "meta-externalagent/1.1 (+https://developers.facebook.com/docs/sharing/webmasters/crawler)"
2a03:2880:f800:e:: - - [13/Jun/2025:13:46:47 -0400] "GET / HTTP/1.1" 200 37330 "-" "meta-externalagent/1.1 (+https://developers.facebook.com/docs/sharing/webmasters/crawler)"
2a03:2880:f800:d:: - - [13/Jun/2025:13:46:48 -0400] "GET / HTTP/1.1" 200 37330 "-" "meta-externalagent/1.1 (+https://developers.facebook.com/docs/sharing/webmasters/crawler)"
66.249.66.64 - - [13/Jun/2025:13:46:50 -0400] "GET /vvn48068007.shtm HTTP/1.1" 200 81755 "-" "Mozilla/5.0 (Linux; Android 6.0.1; Nexus 5X Build/MMB29P) AppleWebKit/537.36 (KHTML, like Gecko) Chrome/136.0.7103.113 Mobile Safari/537.36 (compatible; Googlebot/2.1; +http://www.google.com/bot.html)"
54.36.148.57 - - [13/Jun/2025:13:46:52 -0400] "GET /p/762247173.shtm HTTP/1.1" 301 0 "-" "Mozilla/5.0 (compatible; AhrefsBot/7.0; +http://ahrefs.com/robot/)"
216.73.216.68 - - [13/Jun/2025:13:46:55 -0400] "GET /sitemap-child-2512.xml HTTP/1.1" 200 11419 "-" "Mozilla/5.0 AppleWebKit/537.36 (KHTML, like Gecko; compatible; ClaudeBot/1.0; [email protected])"
162.0.232.193 - - [13/Jun/2025:13:47:05 -0400] "POST /wp-cron.php?doing_wp_cron=1749836825.1968190670013427734375 HTTP/1.1" 200 0 "-" "WordPress/6.8.1; https://wotaku-manga.com"
54.36.148.40 - - [13/Jun/2025:13:47:03 -0400] "GET /p/806623159.shtm HTTP/1.1" 301 0 "-" "Mozilla/5.0 (compatible; AhrefsBot/7.0; +http://ahrefs.com/robot/)"
66.249.66.71 - - [13/Jun/2025:13:47:06 -0400] "GET /ww/crocein298861650.shtm HTTP/1.1" 200 81650 "-" "Mozilla/5.0 (Linux; Android 6.0.1; Nexus 5X Build/MMB29P) AppleWebKit/537.36 (KHTML, like Gecko) Chrome/136.0.7103.113 Mobile Safari/537.36 (compatible; GoogleOther)"
162.0.232.193 - - [13/Jun/2025:13:47:09 -0400] "GET /manga/wotaku-ni-koi-wa-muzukashii-chapter-57/ HTTP/1.1" 200 0 "-" "WP Rocket/Preload"
162.0.232.193 - - [13/Jun/2025:13:47:10 -0400] "GET /manga/wotaku-ni-koi-wa-muzukashii-chapter-57/ HTTP/1.1" 200 0 "-" "WP Rocket/Preload Mozilla/5.0 (iPhone; CPU iPhone OS 9_1 like Mac OS X) AppleWebKit/601.1.46 (KHTML, like Gecko) Version/9.0 Mobile/13B143 Safari/601.1"
162.0.232.193 - - [13/Jun/2025:13:47:12 -0400] "GET /manga/wotaku-ni-koi-wa-muzukashii-chapter-57-2/ HTTP/1.1" 200 0 "-" "WP Rocket/Preload"
162.0.232.193 - - [13/Jun/2025:13:47:13 -0400] "GET /manga/wotaku-ni-koi-wa-muzukashii-chapter-57-2/ HTTP/1.1" 200 0 "-" "WP Rocket/Preload Mozilla/5.0 (iPhone; CPU iPhone OS 9_1 like Mac OS X) AppleWebKit/601.1.46 (KHTML, like Gecko) Version/9.0 Mobile/13B143 Safari/601.1"
162.0.232.193 - - [13/Jun/2025:13:47:15 -0400] "GET /manga/wotaku-ni-koi-wa-muzukashii-chapter-58/ HTTP/1.1" 200 0 "-" "WP Rocket/Preload"
162.0.232.193 - - [13/Jun/2025:13:47:16 -0400] "GET /manga/wotaku-ni-koi-wa-muzukashii-chapter-58/ HTTP/1.1" 200 0 "-" "WP Rocket/Preload Mozilla/5.0 (iPhone; CPU iPhone OS 9_1 like Mac OS X) AppleWebKit/601.1.46 (KHTML, like Gecko) Version/9.0 Mobile/13B143 Safari/601.1"
2a03:2880:f800:4:: - - [13/Jun/2025:13:47:17 -0400] "GET /shopdetail/327681635 HTTP/1.1" 301 0 "-" "meta-externalagent/1.1 (+https://developers.facebook.com/docs/sharing/webmasters/crawler)"
162.0.232.193 - - [13/Jun/2025:13:47:18 -0400] "GET /manga/wotaku-ni-koi-wa-muzukashii-chapter-59/ HTTP/1.1" 200 0 "-" "WP Rocket/Preload"
162.0.232.193 - - [13/Jun/2025:13:47:20 -0400] "GET /manga/wotaku-ni-koi-wa-muzukashii-chapter-59/ HTTP/1.1" 200 0 "-" "WP Rocket/Preload Mozilla/5.0 (iPhone; CPU iPhone OS 9_1 like Mac OS X) AppleWebKit/601.1.46 (KHTML, like Gecko) Version/9.0 Mobile/13B143 Safari/601.1"
162.0.232.193 - - [13/Jun/2025:13:47:21 -0400] "GET /manga/wotaku-ni-koi-wa-muzukashii-chapter-60/ HTTP/1.1" 200 0 "-" "WP Rocket/Preload"
2a03:2880:f800:1c:: - - [13/Jun/2025:13:47:22 -0400] "GET / HTTP/1.1" 200 37330 "-" "meta-externalagent/1.1 (+https://developers.facebook.com/docs/sharing/webmasters/crawler)"
162.0.232.193 - - [13/Jun/2025:13:47:23 -0400] "GET /manga/wotaku-ni-koi-wa-muzukashii-chapter-60/ HTTP/1.1" 200 0 "-" "WP Rocket/Preload Mozilla/5.0 (iPhone; CPU iPhone OS 9_1 like Mac OS X) AppleWebKit/601.1.46 (KHTML, like Gecko) Version/9.0 Mobile/13B143 Safari/601.1"
66.249.66.71 - - [13/Jun/2025:13:47:27 -0400] "GET /vj953461817.shtm HTTP/1.1" 200 82847 "-" "Mozilla/5.0 (Linux; Android 6.0.1; Nexus 5X Build/MMB29P) AppleWebKit/537.36 (KHTML, like Gecko) Chrome/136.0.7103.113 Mobile Safari/537.36 (compatible; GoogleOther)"
66.249.66.64 - - [13/Jun/2025:13:47:28 -0400] "GET /cw99505532.shtm HTTP/1.1" 200 81482 "-" "Mozilla/5.0 (Linux; Android 6.0.1; Nexus 5X Build/MMB29P) AppleWebKit/537.36 (KHTML, like Gecko) Chrome/136.0.7103.113 Mobile Safari/537.36 (compatible; Googlebot/2.1; +http://www.google.com/bot.html)"
162.0.232.193 - - [13/Jun/2025:13:47:30 -0400] "POST /wp-cron.php?doing_wp_cron=1749836849.9990589618682861328125 HTTP/1.1" 200 0 "-" "WordPress/6.8.1; https://wotaku-manga.com"
162.0.232.193 - - [13/Jun/2025:13:47:30 -0400] "POST /wp-cron.php?doing_wp_cron=1749836850.0055589675903320312500 HTTP/1.1" 200 0 "-" "WordPress/6.8.1; https://wotaku-manga.com"
66.249.66.64 - - [13/Jun/2025:13:47:29 -0400] "GET /ucm/57766734.shtm HTTP/1.1" 200 82862 "-" "Mozilla/5.0 (Linux; Android 6.0.1; Nexus 5X Build/MMB29P) AppleWebKit/537.36 (KHTML, like Gecko) Chrome/136.0.7103.113 Mobile Safari/537.36 (compatible; Googlebot/2.1; +http://www.google.com/bot.html)"
54.36.149.90 - - [13/Jun/2025:13:47:29 -0400] "GET /p/832514421.shtm HTTP/1.1" 301 0 "-" "Mozilla/5.0 (compatible; AhrefsBot/7.0; +http://ahrefs.com/robot/)"
38.94.251.207 - - [13/Jun/2025:13:47:23 -0400] "GET /category/wotakoi-love-is-hard-for-otaku-manga-chapters/ HTTP/1.1" 200 46516 "https://wotaku-manga.com/manga/wotakoi-love-is-hard-for-otaku-chapter-78/" "Mozilla/5.0 (Android 15; Mobile; rv:139.0) Gecko/139.0 Firefox/139.0"
66.249.66.64 - - [13/Jun/2025:13:47:30 -0400] "GET /elu/corrode42318244.shtm HTTP/1.1" 200 81562 "-" "Mozilla/5.0 (Linux; Android 6.0.1; Nexus 5X Build/MMB29P) AppleWebKit/537.36 (KHTML, like Gecko) Chrome/136.0.7103.113 Mobile Safari/537.36 (compatible; Googlebot/2.1; +http://www.google.com/bot.html)"
38.94.251.207 - - [13/Jun/2025:13:47:27 -0400] "GET /manga/wotakoi-love-is-hard-for-otaku-chapter-79/ HTTP/1.1" 200 42115 "https://wotaku-manga.com/manga/wotakoi-love-is-hard-for-otaku-chapter-78/" "Mozilla/5.0 (Android 15; Mobile; rv:139.0) Gecko/139.0 Firefox/139.0"
38.94.251.207 - - [13/Jun/2025:13:47:27 -0400] "GET /manga/wotakoi-love-is-hard-for-otaku-chapter-79/ HTTP/1.1" 200 42115 "https://wotaku-manga.com/manga/wotakoi-love-is-hard-for-otaku-chapter-78/" "Mozilla/5.0 (Android 15; Mobile; rv:139.0) Gecko/139.0 Firefox/139.0"
2a03:2880:f800:c:: - - [13/Jun/2025:13:47:36 -0400] "GET /shopdetail/50837235 HTTP/1.1" 301 0 "-" "meta-externalagent/1.1 (+https://developers.facebook.com/docs/sharing/webmasters/crawler)"
2a03:2880:f800:13:: - - [13/Jun/2025:13:47:40 -0400] "GET / HTTP/1.1" 200 37396 "-" "meta-externalagent/1.1 (+https://developers.facebook.com/docs/sharing/webmasters/crawler)"
66.249.66.70 - - [13/Jun/2025:13:47:48 -0400] "GET /y952935786.shtm HTTP/1.1" 200 81398 "-" "Mozilla/5.0 (Linux; Android 6.0.1; Nexus 5X Build/MMB29P) AppleWebKit/537.36 (KHTML, like Gecko) Chrome/136.0.7103.113 Mobile Safari/537.36 (compatible; GoogleOther)"
162.0.232.193 - - [13/Jun/2025:13:47:52 -0400] "POST /wp-cron.php?doing_wp_cron=1749836872.5943160057067871093750 HTTP/1.1" 200 0 "-" "WordPress/6.8.1; https://wotaku-manga.com"
54.36.148.7 - - [13/Jun/2025:13:47:51 -0400] "GET /p/8670605.shtm HTTP/1.1" 301 0 "-" "Mozilla/5.0 (compatible; AhrefsBot/7.0; +http://ahrefs.com/robot/)"
162.0.232.193 - - [13/Jun/2025:13:48:07 -0400] "POST /wp-cron.php?doing_wp_cron=1749836887.1160469055175781250000 HTTP/1.1" 200 0 "-" "WordPress/6.8.1; https://wotaku-manga.com"
2a03:2880:f800:3:: - - [13/Jun/2025:13:48:04 -0400] "GET /shopdetail/148951335 HTTP/1.1" 301 0 "-" "meta-externalagent/1.1 (+https://developers.facebook.com/docs/sharing/webmasters/crawler)"
2a03:2880:f800:11:: - - [13/Jun/2025:13:48:06 -0400] "GET /shopdetail/21235935 HTTP/1.1" 301 0 "-" "meta-externalagent/1.1 (+https://developers.facebook.com/docs/sharing/webmasters/crawler)"
54.36.149.56 - - [13/Jun/2025:13:48:07 -0400] "GET /p/8900519.shtm HTTP/1.1" 301 0 "-" "Mozilla/5.0 (compatible; AhrefsBot/7.0; +http://ahrefs.com/robot/)"
66.249.66.65 - - [13/Jun/2025:13:48:08 -0400] "GET /dqj/57719255.shtm HTTP/1.1" 200 81820 "-" "Mozilla/5.0 (Linux; Android 6.0.1; Nexus 5X Build/MMB29P) AppleWebKit/537.36 (KHTML, like Gecko) Chrome/136.0.7103.113 Mobile Safari/537.36 (compatible; Googlebot/2.1; +http://www.google.com/bot.html)"
2a03:2880:f800:19:: - - [13/Jun/2025:13:48:09 -0400] "GET / HTTP/1.1" 200 37330 "-" "meta-externalagent/1.1 (+https://developers.facebook.com/docs/sharing/webmasters/crawler)"
66.249.66.71 - - [13/Jun/2025:13:48:10 -0400] "GET /x/panhandle298897797.shtm HTTP/1.1" 200 81419 "-" "Mozilla/5.0 (Linux; Android 6.0.1; Nexus 5X Build/MMB29P) AppleWebKit/537.36 (KHTML, like Gecko) Chrome/136.0.7103.113 Mobile Safari/537.36 (compatible; GoogleOther)"
2a03:2880:f800:: - - [13/Jun/2025:13:48:11 -0400] "GET / HTTP/1.1" 200 37330 "-" "meta-externalagent/1.1 (+https://developers.facebook.com/docs/sharing/webmasters/crawler)"
162.0.232.193 - - [13/Jun/2025:13:48:10 -0400] "GET /manga/wotaku-ni-koi-wa-muzukashii-chapter-61/ HTTP/1.1" 200 42181 "-" "WP Rocket/Preload"
162.0.232.193 - - [13/Jun/2025:13:48:15 -0400] "GET /manga/wotaku-ni-koi-wa-muzukashii-chapter-61/ HTTP/1.1" 200 0 "-" "WP Rocket/Preload Mozilla/5.0 (iPhone; CPU iPhone OS 9_1 like Mac OS X) AppleWebKit/601.1.46 (KHTML, like Gecko) Version/9.0 Mobile/13B143 Safari/601.1"
66.249.66.71 - - [13/Jun/2025:13:48:30 -0400] "GET /f/entity/squilgeed953345381.shtm HTTP/1.1" 200 81226 "-" "Mozilla/5.0 (Linux; Android 6.0.1; Nexus 5X Build/MMB29P) AppleWebKit/537.36 (KHTML, like Gecko) Chrome/136.0.7103.113 Mobile Safari/537.36 (compatible; GoogleOther)"
162.0.232.193 - - [13/Jun/2025:13:48:51 -0400] "POST /wp-cron.php?doing_wp_cron=1749836930.9025959968566894531250 HTTP/1.1" 200 0 "-" "WordPress/6.8.1; https://wotaku-manga.com"
54.36.148.226 - - [13/Jun/2025:13:48:49 -0400] "GET /p/903240209.shtm HTTP/1.1" 301 0 "-" "Mozilla/5.0 (compatible; AhrefsBot/7.0; +http://ahrefs.com/robot/)"
66.249.66.70 - - [13/Jun/2025:13:48:51 -0400] "GET /z/750953515.shtm HTTP/1.1" 200 83095 "-" "Mozilla/5.0 (Linux; Android 6.0.1; Nexus 5X Build/MMB29P) AppleWebKit/537.36 (KHTML, like Gecko) Chrome/136.0.7103.113 Mobile Safari/537.36 (compatible; GoogleOther)"
162.0.232.193 - - [13/Jun/2025:13:48:58 -0400] "POST /wp-cron.php?doing_wp_cron=1749836938.0991699695587158203125 HTTP/1.1" 200 0 "-" "WordPress/6.8.1; https://wotaku-manga.com"
54.36.148.162 - - [13/Jun/2025:13:48:56 -0400] "GET /p/944147321.shtm HTTP/1.1" 301 0 "-" "Mozilla/5.0 (compatible; AhrefsBot/7.0; +http://ahrefs.com/robot/)"
162.0.232.193 - - [13/Jun/2025:13:49:01 -0400] "GET /manga/wotaku-ni-koi-wa-muzukashii-chapter-61-5/ HTTP/1.1" 200 0 "-" "WP Rocket/Preload"
162.0.232.193 - - [13/Jun/2025:13:49:02 -0400] "GET /manga/wotaku-ni-koi-wa-muzukashii-chapter-61-5/ HTTP/1.1" 200 0 "-" "WP Rocket/Preload Mozilla/5.0 (iPhone; CPU iPhone OS 9_1 like Mac OS X) AppleWebKit/601.1.46 (KHTML, like Gecko) Version/9.0 Mobile/13B143 Safari/601.1"
162.0.232.193 - - [13/Jun/2025:13:49:04 -0400] "GET /manga/wotaku-ni-koi-wa-muzukashii-chapter-62/ HTTP/1.1" 200 0 "-" "WP Rocket/Preload"
2a03:2880:f800:1c:: - - [13/Jun/2025:13:49:02 -0400] "GET /shopdetail/413732335 HTTP/1.1" 301 0 "-" "meta-externalagent/1.1 (+https://developers.facebook.com/docs/sharing/webmasters/crawler)"
162.0.232.193 - - [13/Jun/2025:13:49:06 -0400] "GET /manga/wotaku-ni-koi-wa-muzukashii-chapter-62/ HTTP/1.1" 200 0 "-" "WP Rocket/Preload Mozilla/5.0 (iPhone; CPU iPhone OS 9_1 like Mac OS X) AppleWebKit/601.1.46 (KHTML, like Gecko) Version/9.0 Mobile/13B143 Safari/601.1"
162.0.232.193 - - [13/Jun/2025:13:49:08 -0400] "GET /manga/wotaku-ni-koi-wa-muzukashii-chapter-65-2/ HTTP/1.1" 200 0 "-" "WP Rocket/Preload"
2a03:2880:f800:b:: - - [13/Jun/2025:13:49:08 -0400] "GET / HTTP/1.1" 200 37330 "-" "meta-externalagent/1.1 (+https://developers.facebook.com/docs/sharing/webmasters/crawler)"
162.0.232.193 - - [13/Jun/2025:13:49:09 -0400] "GET /manga/wotaku-ni-koi-wa-muzukashii-chapter-65-2/ HTTP/1.1" 200 0 "-" "WP Rocket/Preload Mozilla/5.0 (iPhone; CPU iPhone OS 9_1 like Mac OS X) AppleWebKit/601.1.46 (KHTML, like Gecko) Version/9.0 Mobile/13B143 Safari/601.1"
54.36.148.208 - - [13/Jun/2025:13:49:09 -0400] "GET /p/946277163.shtm HTTP/1.1" 301 0 "-" "Mozilla/5.0 (compatible; AhrefsBot/7.0; +http://ahrefs.com/robot/)"
162.0.232.193 - - [13/Jun/2025:13:49:11 -0400] "GET /manga/wotaku-ni-koi-wa-muzukashii-chapter-65-3/ HTTP/1.1" 200 0 "-" "WP Rocket/Preload"
162.0.232.193 - - [13/Jun/2025:13:49:12 -0400] "GET /manga/wotaku-ni-koi-wa-muzukashii-chapter-65-3/ HTTP/1.1" 200 0 "-" "WP Rocket/Preload Mozilla/5.0 (iPhone; CPU iPhone OS 9_1 like Mac OS X) AppleWebKit/601.1.46 (KHTML, like Gecko) Version/9.0 Mobile/13B143 Safari/601.1"
66.249.66.72 - - [13/Jun/2025:13:49:12 -0400] "GET /osw/953052174.shtm HTTP/1.1" 200 81168 "-" "Mozilla/5.0 (Linux; Android 6.0.1; Nexus 5X Build/MMB29P) AppleWebKit/537.36 (KHTML, like Gecko) Chrome/136.0.7103.113 Mobile Safari/537.36 (compatible; GoogleOther)"
162.0.232.193 - - [13/Jun/2025:13:49:14 -0400] "GET /manga/wotaku-ni-koi-wa-muzukashii-chapter-67/ HTTP/1.1" 200 0 "-" "WP Rocket/Preload"
162.0.232.193 - - [13/Jun/2025:13:49:16 -0400] "GET /manga/wotaku-ni-koi-wa-muzukashii-chapter-67/ HTTP/1.1" 200 0 "-" "WP Rocket/Preload Mozilla/5.0 (iPhone; CPU iPhone OS 9_1 like Mac OS X) AppleWebKit/601.1.46 (KHTML, like Gecko) Version/9.0 Mobile/13B143 Safari/601.1"
66.249.66.66 - - [13/Jun/2025:13:49:23 -0400] "GET /v/57748843.shtm HTTP/1.1" 200 81314 "-" "Mozilla/5.0 (Linux; Android 6.0.1; Nexus 5X Build/MMB29P) AppleWebKit/537.36 (KHTML, like Gecko) Chrome/136.0.7103.113 Mobile Safari/537.36 (compatible; Googlebot/2.1; +http://www.google.com/bot.html)"
162.0.232.193 - - [13/Jun/2025:13:49:24 -0400] "POST /wp-cron.php?doing_wp_cron=1749836964.1884529590606689453125 HTTP/1.1" 200 0 "-" "WordPress/6.8.1; https://wotaku-manga.com"
193.111.248.52 - - [13/Jun/2025:13:49:22 -0400] "GET //file5.php HTTP/1.1" 301 0 "-" "-"
193.111.248.52 - - [13/Jun/2025:13:49:24 -0400] "GET / HTTP/1.1" 200 37330 "-" "-"
66.249.66.65 - - [13/Jun/2025:13:49:24 -0400] "GET /w/56958716.shtm HTTP/1.1" 200 81625 "-" "Mozilla/5.0 (Linux; Android 6.0.1; Nexus 5X Build/MMB29P) AppleWebKit/537.36 (KHTML, like Gecko) Chrome/136.0.7103.113 Mobile Safari/537.36 (compatible; Googlebot/2.1; +http://www.google.com/bot.html)"
66.249.66.70 - - [13/Jun/2025:13:49:25 -0400] "GET /i697133650.shtm HTTP/1.1" 200 81519 "-" "Mozilla/5.0 (Linux; Android 6.0.1; Nexus 5X Build/MMB29P) AppleWebKit/537.36 (KHTML, like Gecko) Chrome/136.0.7103.113 Mobile Safari/537.36 (compatible; Googlebot/2.1; +http://www.google.com/bot.html)"
193.111.248.52 - - [13/Jun/2025:13:49:25 -0400] "GET //sitemaps.php HTTP/1.1" 301 0 "-" "-"
193.111.248.52 - - [13/Jun/2025:13:49:27 -0400] "GET / HTTP/1.1" 200 37330 "-" "-"
66.249.66.66 - - [13/Jun/2025:13:49:26 -0400] "GET /e58812342.shtm HTTP/1.1" 200 81884 "-" "Mozilla/5.0 (Linux; Android 6.0.1; Nexus 5X Build/MMB29P) AppleWebKit/537.36 (KHTML, like Gecko) Chrome/136.0.7103.113 Mobile Safari/537.36 (compatible; Googlebot/2.1; +http://www.google.com/bot.html)"
193.111.248.52 - - [13/Jun/2025:13:49:27 -0400] "GET //ioxi-o.php HTTP/1.1" 301 0 "-" "-"
193.111.248.52 - - [13/Jun/2025:13:49:29 -0400] "GET / HTTP/1.1" 200 37330 "-" "-"
193.111.248.52 - - [13/Jun/2025:13:49:30 -0400] "GET //private/ HTTP/1.1" 301 0 "-" "-"
193.111.248.52 - - [13/Jun/2025:13:49:32 -0400] "GET / HTTP/1.1" 200 37330 "-" "-"
66.249.66.70 - - [13/Jun/2025:13:49:33 -0400] "GET /zlt253750789.shtm HTTP/1.1" 200 81767 "-" "Mozilla/5.0 (Linux; Android 6.0.1; Nexus 5X Build/MMB29P) AppleWebKit/537.36 (KHTML, like Gecko) Chrome/136.0.7103.113 Mobile Safari/537.36 (compatible; GoogleOther)"
193.111.248.52 - - [13/Jun/2025:13:49:33 -0400] "GET //load.php HTTP/1.1" 301 0 "-" "-"
193.111.248.52 - - [13/Jun/2025:13:49:36 -0400] "GET / HTTP/1.1" 200 37330 "-" "-"
54.36.148.234 - - [13/Jun/2025:13:49:35 -0400] "GET /p1102036437.shtm HTTP/1.1" 301 0 "-" "Mozilla/5.0 (compatible; AhrefsBot/7.0; +http://ahrefs.com/robot/)"
2409:40f4:34:940a:8000:: - - [13/Jun/2025:13:49:32 -0400] "GET / HTTP/1.1" 200 37970 "https://www.google.com/" "Mozilla/5.0 (Linux; Android 10; K) AppleWebKit/537.36 (KHTML, like Gecko) Chrome/137.0.0.0 Mobile Safari/537.36"
2409:40f4:34:940a:8000:: - - [13/Jun/2025:13:49:38 -0400] "GET / HTTP/1.1" 200 37993 "https://www.google.com/" "Mozilla/5.0 (Linux; Android 10; K) AppleWebKit/537.36 (KHTML, like Gecko) Chrome/137.0.0.0 Mobile Safari/537.36"
193.111.248.52 - - [13/Jun/2025:13:49:37 -0400] "GET //k.php HTTP/1.1" 301 0 "-" "-"
193.111.248.52 - - [13/Jun/2025:13:49:39 -0400] "GET / HTTP/1.1" 200 37330 "-" "-"
2409:40f4:34:940a:8000:: - - [13/Jun/2025:13:49:40 -0400] "GET /wotakoi-story/ HTTP/1.1" 200 40399 "https://wotaku-manga.com/" "Mozilla/5.0 (Linux; Android 10; K) AppleWebKit/537.36 (KHTML, like Gecko) Chrome/137.0.0.0 Mobile Safari/537.36"
193.111.248.52 - - [13/Jun/2025:13:49:39 -0400] "GET //post.php HTTP/1.1" 301 0 "-" "-"
193.111.248.52 - - [13/Jun/2025:13:49:42 -0400] "GET / HTTP/1.1" 200 37330 "-" "-"
2409:40f4:34:940a:8000:: - - [13/Jun/2025:13:49:43 -0400] "GET /manga/wotaku-ni-koi-wa-muzukashii-chapter-38-5/ HTTP/1.1" 200 44713 "https://wotaku-manga.com/" "Mozilla/5.0 (Linux; Android 10; K) AppleWebKit/537.36 (KHTML, like Gecko) Chrome/137.0.0.0 Mobile Safari/537.36"
162.0.232.193 - - [13/Jun/2025:13:49:45 -0400] "POST /wp-cron.php?doing_wp_cron=1749836985.1869330406188964843750 HTTP/1.1" 200 0 "-" "WordPress/6.8.1; https://wotaku-manga.com"
193.111.248.52 - - [13/Jun/2025:13:49:43 -0400] "GET //server.php HTTP/1.1" 301 0 "-" "-"
193.111.248.52 - - [13/Jun/2025:13:49:46 -0400] "GET / HTTP/1.1" 200 37330 "-" "-"
2409:40f4:34:940a:8000:: - - [13/Jun/2025:13:49:47 -0400] "GET / HTTP/1.1" 200 37993 "https://wotaku-manga.com/manga/wotakoi-love-is-hard-for-otaku-chapter-1/" "Mozilla/5.0 (Linux; Android 10; K) AppleWebKit/537.36 (KHTML, like Gecko) Chrome/137.0.0.0 Mobile Safari/537.36"
2409:40f4:34:940a:8000:: - - [13/Jun/2025:13:49:42 -0400] "GET /manga/wotakoi-love-is-hard-for-otaku-chapter-77/ HTTP/1.1" 200 42915 "https://wotaku-manga.com/" "Mozilla/5.0 (Linux; Android 10; K) AppleWebKit/537.36 (KHTML, like Gecko) Chrome/137.0.0.0 Mobile Safari/537.36"
2409:40f4:34:940a:8000:: - - [13/Jun/2025:13:49:49 -0400] "GET / HTTP/1.1" 304 0 "https://wotaku-manga.com/manga/wotakoi-love-is-hard-for-otaku-chapter-1/" "Mozilla/5.0 (Linux; Android 10; K) AppleWebKit/537.36 (KHTML, like Gecko) Chrome/137.0.0.0 Mobile Safari/537.36"
2409:40f4:34:940a:8000:: - - [13/Jun/2025:13:49:48 -0400] "GET /manga/wotakoi-love-is-hard-for-otaku-chapter-77/ HTTP/1.1" 304 0 "https://wotaku-manga.com/" "Mozilla/5.0 (Linux; Android 10; K) AppleWebKit/537.36 (KHTML, like Gecko) Chrome/137.0.0.0 Mobile Safari/537.36"
193.111.248.52 - - [13/Jun/2025:13:49:47 -0400] "GET //index.php HTTP/1.1" 301 0 "-" "-"
2409:40f4:34:940a:8000:: - - [13/Jun/2025:13:49:42 -0400] "GET /manga/wotaku-ni-koi-wa-muzukashii-chapter-43-5/ HTTP/1.1" 200 42223 "https://wotaku-manga.com/" "Mozilla/5.0 (Linux; Android 10; K) AppleWebKit/537.36 (KHTML, like Gecko) Chrome/137.0.0.0 Mobile Safari/537.36"
193.111.248.52 - - [13/Jun/2025:13:49:50 -0400] "GET / HTTP/1.1" 200 37330 "-" "-"
54.36.148.223 - - [13/Jun/2025:13:49:49 -0400] "GET /p1116522939.shtm HTTP/1.1" 301 0 "-" "Mozilla/5.0 (compatible; AhrefsBot/7.0; +http://ahrefs.com/robot/)"
193.111.248.52 - - [13/Jun/2025:13:49:51 -0400] "GET //admin.php HTTP/1.1" 301 0 "-" "-"
193.111.248.52 - - [13/Jun/2025:13:49:54 -0400] "GET / HTTP/1.1" 200 37330 "-" "-"
66.249.66.70 - - [13/Jun/2025:13:49:54 -0400] "GET /nv/products/percept953457617.shtm HTTP/1.1" 200 81643 "-" "Mozilla/5.0 (Linux; Android 6.0.1; Nexus 5X Build/MMB29P) AppleWebKit/537.36 (KHTML, like Gecko) Chrome/136.0.7103.113 Mobile Safari/537.36 (compatible; GoogleOther)"
193.111.248.52 - - [13/Jun/2025:13:49:55 -0400] "GET //edit.php HTTP/1.1" 301 0 "-" "-"
193.111.248.52 - - [13/Jun/2025:13:49:56 -0400] "GET / HTTP/1.1" 200 37330 "-" "-"
162.0.232.193 - - [13/Jun/2025:13:49:58 -0400] "POST /wp-cron.php?doing_wp_cron=1749836998.5067169666290283203125 HTTP/1.1" 200 0 "-" "WordPress/6.8.1; https://wotaku-manga.com"
193.111.248.52 - - [13/Jun/2025:13:49:57 -0400] "GET //file.php HTTP/1.1" 301 0 "-" "-"
193.111.248.52 - - [13/Jun/2025:13:49:59 -0400] "GET / HTTP/1.1" 200 37330 "-" "-"
2409:40f4:34:940a:8000:: - - [13/Jun/2025:13:49:59 -0400] "GET /manga/wotakoi-love-is-hard-for-otaku-chapter-2/ HTTP/1.1" 200 46089 "https://wotaku-manga.com/manga/wotakoi-love-is-hard-for-otaku-chapter-1/" "Mozilla/5.0 (Linux; Android 10; K) AppleWebKit/537.36 (KHTML, like Gecko) Chrome/137.0.0.0 Mobile Safari/537.36"
193.111.248.52 - - [13/Jun/2025:13:49:59 -0400] "GET //themes.php HTTP/1.1" 301 0 "-" "-"
193.111.248.52 - - [13/Jun/2025:13:50:01 -0400] "GET / HTTP/1.1" 200 37330 "-" "-"
2409:40f4:34:940a:8000:: - - [13/Jun/2025:13:50:02 -0400] "GET /manga/wotakoi-love-is-hard-for-otaku-chapter-2/ HTTP/1.1" 304 0 "https://wotaku-manga.com/manga/wotakoi-love-is-hard-for-otaku-chapter-1/" "Mozilla/5.0 (Linux; Android 10; K) AppleWebKit/537.36 (KHTML, like Gecko) Chrome/137.0.0.0 Mobile Safari/537.36"
193.111.248.52 - - [13/Jun/2025:13:50:02 -0400] "GET //about.php HTTP/1.1" 403 1242 "-" "-"
2409:40f4:34:940a:8000:: - - [13/Jun/2025:13:50:02 -0400] "GET / HTTP/1.1" 304 0 "https://wotaku-manga.com/manga/wotakoi-love-is-hard-for-otaku-chapter-2/" "Mozilla/5.0 (Linux; Android 10; K) AppleWebKit/537.36 (KHTML, like Gecko) Chrome/137.0.0.0 Mobile Safari/537.36"
162.0.232.193 - - [13/Jun/2025:13:50:00 -0400] "GET /manga/wotakoi-love-is-hard-for-otaku-chapter-78/ HTTP/1.1" 200 41364 "-" "WP Rocket/Preload"
193.111.248.52 - - [13/Jun/2025:13:50:02 -0400] "GET //man.php HTTP/1.1" 301 0 "-" "-"
193.111.248.52 - - [13/Jun/2025:13:50:05 -0400] "GET / HTTP/1.1" 200 37330 "-" "-"
