162.0.232.193 - - [13/Jun/2025:13:50:05 -0400] "GET /manga/wotakoi-love-is-hard-for-otaku-chapter-78/ HTTP/1.1" 200 42200 "-" "WP Rocket/Preload Mozilla/5.0 (iPhone; CPU iPhone OS 9_1 like Mac OS X) AppleWebKit/601.1.46 (KHTML, like Gecko) Version/9.0 Mobile/13B143 Safari/601.1"
2409:40f4:34:940a:8000:: - - [13/Jun/2025:13:50:03 -0400] "GET /manga/wotaku-ni-koi-wa-muzukashii-chapter-2/ HTTP/1.1" 301 0 "https://wotaku-manga.com/manga/wotakoi-love-is-hard-for-otaku-chapter-2/" "Mozilla/5.0 (Linux; Android 10; K) AppleWebKit/537.36 (KHTML, like Gecko) Chrome/137.0.0.0 Mobile Safari/537.36"
2a03:2880:f800:6:: - - [13/Jun/2025:13:50:04 -0400] "GET /shopdetail/274715835 HTTP/1.1" 301 0 "-" "meta-externalagent/1.1 (+https://developers.facebook.com/docs/sharing/webmasters/crawler)"
2409:40f4:34:940a:8000:: - - [13/Jun/2025:13:50:07 -0400] "GET / HTTP/1.1" 304 0 "https://wotaku-manga.com/manga/wotakoi-love-is-hard-for-otaku-chapter-2/" "Mozilla/5.0 (Linux; Android 10; K) AppleWebKit/537.36 (KHTML, like Gecko) Chrome/137.0.0.0 Mobile Safari/537.36"
54.36.148.154 - - [13/Jun/2025:13:50:05 -0400] "GET /p1620715331.shtm HTTP/1.1" 301 0 "-" "Mozilla/5.0 (compatible; AhrefsBot/7.0; +http://ahrefs.com/robot/)"
162.0.232.193 - - [13/Jun/2025:13:50:08 -0400] "POST /wp-admin/admin-ajax.php?action=as_async_request_queue_runner&nonce=0c3fde3bf8 HTTP/1.1" 200 0 "-" "WordPress/6.8.1; https://wotaku-manga.com"
2409:40f4:34:940a:8000:: - - [13/Jun/2025:13:50:03 -0400] "POST /wp-admin/admin-ajax.php HTTP/1.1" 200 61 "https://wotaku-manga.com/manga/wotakoi-love-is-hard-for-otaku-chapter-2/" "Mozilla/5.0 (Linux; Android 10; K) AppleWebKit/537.36 (KHTML, like Gecko) Chrome/137.0.0.0 Mobile Safari/537.36"
193.111.248.52 - - [13/Jun/2025:13:50:06 -0400] "GET //autoload_classmap.php HTTP/1.1" 301 0 "-" "-"
2a03:2880:f800:1c:: - - [13/Jun/2025:13:50:09 -0400] "GET / HTTP/1.1" 200 37330 "-" "meta-externalagent/1.1 (+https://developers.facebook.com/docs/sharing/webmasters/crawler)"
193.111.248.52 - - [13/Jun/2025:13:50:09 -0400] "GET / HTTP/1.1" 200 37330 "-" "-"
2409:40f4:34:940a:8000:: - - [13/Jun/2025:13:50:10 -0400] "GET / HTTP/1.1" 304 0 "https://wotaku-manga.com/manga/wotakoi-love-is-hard-for-otaku-chapter-2/" "Mozilla/5.0 (Linux; Android 10; K) AppleWebKit/537.36 (KHTML, like Gecko) Chrome/137.0.0.0 Mobile Safari/537.36"
193.111.248.52 - - [13/Jun/2025:13:50:10 -0400] "GET //flower.php HTTP/1.1" 301 0 "-" "-"
2409:40f4:34:940a:8000:: - - [13/Jun/2025:13:50:10 -0400] "GET /manga/wotaku-ni-koi-wa-muzukashii-chapter-2/ HTTP/1.1" 301 0 "https://wotaku-manga.com/manga/wotakoi-love-is-hard-for-otaku-chapter-2/" "Mozilla/5.0 (Linux; Android 10; K) AppleWebKit/537.36 (KHTML, like Gecko) Chrome/137.0.0.0 Mobile Safari/537.36"
162.0.232.193 - - [13/Jun/2025:13:50:12 -0400] "GET /manga/wotakoi-love-is-hard-for-otaku-chapter-79/ HTTP/1.1" 200 0 "-" "WP Rocket/Preload"
193.111.248.52 - - [13/Jun/2025:13:50:12 -0400] "GET / HTTP/1.1" 200 37330 "-" "-"
2409:40f4:34:940a:8000:: - - [13/Jun/2025:13:50:13 -0400] "GET / HTTP/1.1" 304 0 "https://wotaku-manga.com/manga/wotakoi-love-is-hard-for-otaku-chapter-2/" "Mozilla/5.0 (Linux; Android 10; K) AppleWebKit/537.36 (KHTML, like Gecko) Chrome/137.0.0.0 Mobile Safari/537.36"
162.0.232.193 - - [13/Jun/2025:13:50:14 -0400] "GET /manga/wotakoi-love-is-hard-for-otaku-chapter-79/ HTTP/1.1" 200 0 "-" "WP Rocket/Preload Mozilla/5.0 (iPhone; CPU iPhone OS 9_1 like Mac OS X) AppleWebKit/601.1.46 (KHTML, like Gecko) Version/9.0 Mobile/13B143 Safari/601.1"
162.0.232.193 - - [13/Jun/2025:13:50:15 -0400] "GET /manga/wotakoi-love-is-hard-for-otaku-chapter-80/ HTTP/1.1" 200 0 "-" "WP Rocket/Preload"
66.249.66.71 - - [13/Jun/2025:13:50:16 -0400] "GET /s/goodscode/earliness953056154.shtm HTTP/1.1" 200 82865 "-" "Mozilla/5.0 (Linux; Android 6.0.1; Nexus 5X Build/MMB29P) AppleWebKit/537.36 (KHTML, like Gecko) Chrome/136.0.7103.113 Mobile Safari/537.36 (compatible; GoogleOther)"
193.111.248.52 - - [13/Jun/2025:13:50:14 -0400] "GET //randkeyword.php HTTP/1.1" 301 0 "-" "-"
162.0.232.193 - - [13/Jun/2025:13:50:16 -0400] "GET /manga/wotakoi-love-is-hard-for-otaku-chapter-80/ HTTP/1.1" 200 0 "-" "WP Rocket/Preload Mozilla/5.0 (iPhone; CPU iPhone OS 9_1 like Mac OS X) AppleWebKit/601.1.46 (KHTML, like Gecko) Version/9.0 Mobile/13B143 Safari/601.1"
193.111.248.52 - - [13/Jun/2025:13:50:17 -0400] "GET / HTTP/1.1" 200 37330 "-" "-"
162.0.232.193 - - [13/Jun/2025:13:50:18 -0400] "POST /wp-cron.php?doing_wp_cron=1749837018.5096139907836914062500 HTTP/1.1" 200 0 "-" "WordPress/6.8.1; https://wotaku-manga.com"
162.0.232.193 - - [13/Jun/2025:13:50:18 -0400] "GET /manga/wotakoi-love-is-hard-for-otaku-chapter-81/ HTTP/1.1" 200 41503 "-" "WP Rocket/Preload"
162.0.232.193 - - [13/Jun/2025:13:50:19 -0400] "GET /manga/wotakoi-love-is-hard-for-otaku-chapter-81/ HTTP/1.1" 200 0 "-" "WP Rocket/Preload Mozilla/5.0 (iPhone; CPU iPhone OS 9_1 like Mac OS X) AppleWebKit/601.1.46 (KHTML, like Gecko) Version/9.0 Mobile/13B143 Safari/601.1"
193.111.248.52 - - [13/Jun/2025:13:50:17 -0400] "GET //goods.php HTTP/1.1" 301 0 "-" "-"
193.111.248.52 - - [13/Jun/2025:13:50:20 -0400] "GET / HTTP/1.1" 200 37330 "-" "-"
162.0.232.193 - - [13/Jun/2025:13:50:21 -0400] "GET /manga/wotakoi-love-is-hard-for-otaku-chapter-82/ HTTP/1.1" 200 0 "-" "WP Rocket/Preload"
54.36.148.74 - - [13/Jun/2025:13:50:20 -0400] "GET /p173830931.shtm HTTP/1.1" 301 0 "-" "Mozilla/5.0 (compatible; AhrefsBot/7.0; +http://ahrefs.com/robot/)"
162.0.232.193 - - [13/Jun/2025:13:50:22 -0400] "GET /manga/wotakoi-love-is-hard-for-otaku-chapter-82/ HTTP/1.1" 200 0 "-" "WP Rocket/Preload Mozilla/5.0 (iPhone; CPU iPhone OS 9_1 like Mac OS X) AppleWebKit/601.1.46 (KHTML, like Gecko) Version/9.0 Mobile/13B143 Safari/601.1"
193.111.248.52 - - [13/Jun/2025:13:50:21 -0400] "GET //dropdown.php HTTP/1.1" 301 0 "-" "-"
193.111.248.52 - - [13/Jun/2025:13:50:24 -0400] "GET / HTTP/1.1" 200 37330 "-" "-"
162.0.232.193 - - [13/Jun/2025:13:50:24 -0400] "GET /manga/wotakoi-love-is-hard-for-otaku-chapter-83/ HTTP/1.1" 200 0 "-" "WP Rocket/Preload"
162.0.232.193 - - [13/Jun/2025:13:50:26 -0400] "GET /manga/wotakoi-love-is-hard-for-otaku-chapter-83/ HTTP/1.1" 200 0 "-" "WP Rocket/Preload Mozilla/5.0 (iPhone; CPU iPhone OS 9_1 like Mac OS X) AppleWebKit/601.1.46 (KHTML, like Gecko) Version/9.0 Mobile/13B143 Safari/601.1"
193.111.248.52 - - [13/Jun/2025:13:50:25 -0400] "GET //.well-known/pki-validation/index.php HTTP/1.1" 301 0 "-" "-"
162.0.232.193 - - [13/Jun/2025:13:50:27 -0400] "GET /manga/wotakoi-love-is-hard-for-otaku-chapter-84/ HTTP/1.1" 200 0 "-" "WP Rocket/Preload"
193.111.248.52 - - [13/Jun/2025:13:50:28 -0400] "GET / HTTP/1.1" 200 37330 "-" "-"
162.0.232.193 - - [13/Jun/2025:13:50:29 -0400] "GET /manga/wotakoi-love-is-hard-for-otaku-chapter-84/ HTTP/1.1" 200 0 "-" "WP Rocket/Preload Mozilla/5.0 (iPhone; CPU iPhone OS 9_1 like Mac OS X) AppleWebKit/601.1.46 (KHTML, like Gecko) Version/9.0 Mobile/13B143 Safari/601.1"
193.111.248.52 - - [13/Jun/2025:13:50:29 -0400] "GET //wp-crom.php HTTP/1.1" 301 0 "-" "-"
193.111.248.52 - - [13/Jun/2025:13:50:33 -0400] "GET / HTTP/1.1" 200 37330 "-" "-"
193.111.248.52 - - [13/Jun/2025:13:50:33 -0400] "GET //Api/api.php HTTP/1.1" 301 0 "-" "-"
193.111.248.52 - - [13/Jun/2025:13:50:36 -0400] "GET / HTTP/1.1" 200 37330 "-" "-"
162.0.232.193 - - [13/Jun/2025:13:50:36 -0400] "POST /wp-admin/admin-ajax.php?action=as_async_request_queue_runner&nonce=0c3fde3bf8 HTTP/1.1" 200 0 "-" "WordPress/6.8.1; https://wotaku-manga.com"
66.249.66.71 - - [13/Jun/2025:13:50:37 -0400] "GET /bd952937755.shtm HTTP/1.1" 200 81252 "-" "Mozilla/5.0 (Linux; Android 6.0.1; Nexus 5X Build/MMB29P) AppleWebKit/537.36 (KHTML, like Gecko) Chrome/136.0.7103.113 Mobile Safari/537.36 (compatible; GoogleOther)"
193.111.248.52 - - [13/Jun/2025:13:50:37 -0400] "GET //FileMgrFiles/hui0uh.php HTTP/1.1" 301 0 "-" "-"
193.111.248.52 - - [13/Jun/2025:13:50:39 -0400] "GET / HTTP/1.1" 200 37330 "-" "-"
162.0.232.193 - - [13/Jun/2025:13:50:39 -0400] "GET /manga/wotakoi-love-is-hard-for-otaku-chapter-85/ HTTP/1.1" 200 0 "-" "WP Rocket/Preload"
162.0.232.193 - - [13/Jun/2025:13:50:40 -0400] "GET /manga/wotakoi-love-is-hard-for-otaku-chapter-85/ HTTP/1.1" 200 0 "-" "WP Rocket/Preload Mozilla/5.0 (iPhone; CPU iPhone OS 9_1 like Mac OS X) AppleWebKit/601.1.46 (KHTML, like Gecko) Version/9.0 Mobile/13B143 Safari/601.1"
66.249.66.65 - - [13/Jun/2025:13:50:41 -0400] "GET /iiq/57775188.shtm HTTP/1.1" 200 81505 "-" "Mozilla/5.0 (Linux; Android 6.0.1; Nexus 5X Build/MMB29P) AppleWebKit/537.36 (KHTML, like Gecko) Chrome/136.0.7103.113 Mobile Safari/537.36 (compatible; Googlebot/2.1; +http://www.google.com/bot.html)"
193.111.248.52 - - [13/Jun/2025:13:50:40 -0400] "GET //Yanzmini.php HTTP/1.1" 301 0 "-" "-"
193.111.248.52 - - [13/Jun/2025:13:50:42 -0400] "GET / HTTP/1.1" 200 37330 "-" "-"
162.0.232.193 - - [13/Jun/2025:13:50:42 -0400] "GET /manga/wotakoi-love-is-hard-for-otaku-chapter-86/ HTTP/1.1" 200 0 "-" "WP Rocket/Preload"
162.0.232.193 - - [13/Jun/2025:13:50:44 -0400] "GET /manga/wotakoi-love-is-hard-for-otaku-chapter-86/ HTTP/1.1" 200 0 "-" "WP Rocket/Preload Mozilla/5.0 (iPhone; CPU iPhone OS 9_1 like Mac OS X) AppleWebKit/601.1.46 (KHTML, like Gecko) Version/9.0 Mobile/13B143 Safari/601.1"
162.0.232.193 - - [13/Jun/2025:13:50:45 -0400] "POST /wp-cron.php?doing_wp_cron=1749837045.1862850189208984375000 HTTP/1.1" 200 0 "-" "WordPress/6.8.1; https://wotaku-manga.com"
193.111.248.52 - - [13/Jun/2025:13:50:43 -0400] "GET //aff.php HTTP/1.1" 301 0 "-" "-"
193.111.248.52 - - [13/Jun/2025:13:50:45 -0400] "GET / HTTP/1.1" 200 37396 "-" "-"
162.0.232.193 - - [13/Jun/2025:13:50:46 -0400] "GET /manga/wotakoi-love-is-hard-for-otaku-chapter-87/ HTTP/1.1" 200 0 "-" "WP Rocket/Preload"
162.0.232.193 - - [13/Jun/2025:13:50:47 -0400] "GET /manga/wotakoi-love-is-hard-for-otaku-chapter-87/ HTTP/1.1" 200 0 "-" "WP Rocket/Preload Mozilla/5.0 (iPhone; CPU iPhone OS 9_1 like Mac OS X) AppleWebKit/601.1.46 (KHTML, like Gecko) Version/9.0 Mobile/13B143 Safari/601.1"
193.111.248.52 - - [13/Jun/2025:13:50:46 -0400] "GET //alfa.php HTTP/1.1" 301 0 "-" "-"
193.111.248.52 - - [13/Jun/2025:13:50:49 -0400] "GET / HTTP/1.1" 200 37330 "-" "-"
162.0.232.193 - - [13/Jun/2025:13:50:49 -0400] "GET /manga/wotakoi-love-is-hard-for-otaku-chapter-0/ HTTP/1.1" 200 0 "-" "WP Rocket/Preload"
162.0.232.193 - - [13/Jun/2025:13:50:51 -0400] "GET /manga/wotakoi-love-is-hard-for-otaku-chapter-0/ HTTP/1.1" 200 0 "-" "WP Rocket/Preload Mozilla/5.0 (iPhone; CPU iPhone OS 9_1 like Mac OS X) AppleWebKit/601.1.46 (KHTML, like Gecko) Version/9.0 Mobile/13B143 Safari/601.1"
193.111.248.52 - - [13/Jun/2025:13:50:50 -0400] "GET //asasx.php HTTP/1.1" 301 0 "-" "-"
162.0.232.193 - - [13/Jun/2025:13:50:53 -0400] "GET /manga/wotakoi-love-is-hard-for-otaku-chapter-1/ HTTP/1.1" 200 0 "-" "WP Rocket/Preload"
193.111.248.52 - - [13/Jun/2025:13:50:53 -0400] "GET / HTTP/1.1" 200 37330 "-" "-"
162.0.232.193 - - [13/Jun/2025:13:50:54 -0400] "GET /manga/wotakoi-love-is-hard-for-otaku-chapter-1/ HTTP/1.1" 200 0 "-" "WP Rocket/Preload Mozilla/5.0 (iPhone; CPU iPhone OS 9_1 like Mac OS X) AppleWebKit/601.1.46 (KHTML, like Gecko) Version/9.0 Mobile/13B143 Safari/601.1"
193.111.248.52 - - [13/Jun/2025:13:50:54 -0400] "GET //auth.php HTTP/1.1" 301 0 "-" "-"
193.111.248.52 - - [13/Jun/2025:13:50:57 -0400] "GET / HTTP/1.1" 200 37330 "-" "-"
66.249.66.70 - - [13/Jun/2025:13:50:58 -0400] "GET /w953409630.shtm HTTP/1.1" 200 81341 "-" "Mozilla/5.0 (Linux; Android 6.0.1; Nexus 5X Build/MMB29P) AppleWebKit/537.36 (KHTML, like Gecko) Chrome/136.0.7103.113 Mobile Safari/537.36 (compatible; GoogleOther)"
162.0.232.193 - - [13/Jun/2025:13:51:01 -0400] "POST /wp-cron.php?doing_wp_cron=1749837060.7957520484924316406250 HTTP/1.1" 200 0 "-" "WordPress/6.8.1; https://wotaku-manga.com"
54.36.149.77 - - [13/Jun/2025:13:50:58 -0400] "GET /p1779362485.shtm HTTP/1.1" 301 0 "-" "Mozilla/5.0 (compatible; AhrefsBot/7.0; +http://ahrefs.com/robot/)"
193.111.248.52 - - [13/Jun/2025:13:50:58 -0400] "GET //backup/ HTTP/1.1" 301 0 "-" "-"
162.0.232.193 - - [13/Jun/2025:13:51:01 -0400] "POST /wp-admin/admin-ajax.php?action=as_async_request_queue_runner&nonce=0c3fde3bf8 HTTP/1.1" 200 0 "-" "WordPress/6.8.1; https://wotaku-manga.com"
193.111.248.52 - - [13/Jun/2025:13:51:01 -0400] "GET / HTTP/1.1" 200 37330 "-" "-"
193.111.248.52 - - [13/Jun/2025:13:51:02 -0400] "GET //backup/index.php HTTP/1.1" 301 0 "-" "-"
193.111.248.52 - - [13/Jun/2025:13:51:05 -0400] "GET / HTTP/1.1" 200 37330 "-" "-"
162.0.232.193 - - [13/Jun/2025:13:51:04 -0400] "GET /manga/wotakoi-love-is-hard-for-otaku-chapter-2/ HTTP/1.1" 200 0 "-" "WP Rocket/Preload"
162.0.232.193 - - [13/Jun/2025:13:51:06 -0400] "GET /manga/wotakoi-love-is-hard-for-otaku-chapter-2/ HTTP/1.1" 200 46112 "-" "WP Rocket/Preload Mozilla/5.0 (iPhone; CPU iPhone OS 9_1 like Mac OS X) AppleWebKit/601.1.46 (KHTML, like Gecko) Version/9.0 Mobile/13B143 Safari/601.1"
193.111.248.52 - - [13/Jun/2025:13:51:05 -0400] "GET //bk/index.php HTTP/1.1" 301 0 "-" "-"
193.111.248.52 - - [13/Jun/2025:13:51:09 -0400] "GET / HTTP/1.1" 200 37330 "-" "-"
193.111.248.52 - - [13/Jun/2025:13:51:09 -0400] "GET //cache.php HTTP/1.1" 301 0 "-" "-"
193.111.248.52 - - [13/Jun/2025:13:51:13 -0400] "GET / HTTP/1.1" 200 37330 "-" "-"
193.111.248.52 - - [13/Jun/2025:13:51:13 -0400] "GET //cgi-bin/ HTTP/1.1" 403 1242 "-" "-"
193.111.248.52 - - [13/Jun/2025:13:51:14 -0400] "GET //cgi-bin/moon.php HTTP/1.1" 403 1242 "-" "-"
162.0.232.193 - - [13/Jun/2025:13:51:08 -0400] "GET /manga/wotakoi-love-is-hard-for-otaku-chapter-3/ HTTP/1.1" 200 42069 "-" "WP Rocket/Preload"
193.111.248.52 - - [13/Jun/2025:13:51:14 -0400] "GET //chosen.php HTTP/1.1" 301 0 "-" "-"
162.0.232.193 - - [13/Jun/2025:13:51:17 -0400] "GET /manga/wotakoi-love-is-hard-for-otaku-chapter-3/ HTTP/1.1" 200 0 "-" "WP Rocket/Preload Mozilla/5.0 (iPhone; CPU iPhone OS 9_1 like Mac OS X) AppleWebKit/601.1.46 (KHTML, like Gecko) Version/9.0 Mobile/13B143 Safari/601.1"
193.111.248.52 - - [13/Jun/2025:13:51:17 -0400] "GET / HTTP/1.1" 200 37330 "-" "-"
162.0.232.193 - - [13/Jun/2025:13:51:19 -0400] "POST /wp-cron.php?doing_wp_cron=1749837079.0114860534667968750000 HTTP/1.1" 200 0 "-" "WordPress/6.8.1; https://wotaku-manga.com"
66.249.66.71 - - [13/Jun/2025:13:51:19 -0400] "GET /eo953451266.shtm HTTP/1.1" 200 81823 "-" "Mozilla/5.0 (Linux; Android 6.0.1; Nexus 5X Build/MMB29P) AppleWebKit/537.36 (KHTML, like Gecko) Chrome/136.0.7103.113 Mobile Safari/537.36 (compatible; GoogleOther)"
193.111.248.52 - - [13/Jun/2025:13:51:18 -0400] "GET //class-wp.php HTTP/1.1" 301 0 "-" "-"
193.111.248.52 - - [13/Jun/2025:13:51:20 -0400] "GET / HTTP/1.1" 200 37520 "-" "-"
193.111.248.52 - - [13/Jun/2025:13:51:21 -0400] "GET //class.php HTTP/1.1" 301 0 "-" "-"
193.111.248.52 - - [13/Jun/2025:13:51:23 -0400] "GET / HTTP/1.1" 200 37330 "-" "-"
162.0.232.193 - - [13/Jun/2025:13:51:23 -0400] "POST /wp-admin/admin-ajax.php?action=as_async_request_queue_runner&nonce=0c3fde3bf8 HTTP/1.1" 200 0 "-" "WordPress/6.8.1; https://wotaku-manga.com"
193.111.248.52 - - [13/Jun/2025:13:51:24 -0400] "GET //classwithtostring.php HTTP/1.1" 301 0 "-" "-"
193.111.248.52 - - [13/Jun/2025:13:51:25 -0400] "GET / HTTP/1.1" 200 37330 "-" "-"
162.0.232.193 - - [13/Jun/2025:13:51:24 -0400] "GET /manga/wotakoi-love-is-hard-for-otaku-chapter-4/ HTTP/1.1" 200 0 "-" "WP Rocket/Preload"
193.111.248.52 - - [13/Jun/2025:13:51:25 -0400] "GET //config.php HTTP/1.1" 301 0 "-" "-"
162.0.232.193 - - [13/Jun/2025:13:51:26 -0400] "GET /manga/wotakoi-love-is-hard-for-otaku-chapter-4/ HTTP/1.1" 200 0 "-" "WP Rocket/Preload Mozilla/5.0 (iPhone; CPU iPhone OS 9_1 like Mac OS X) AppleWebKit/601.1.46 (KHTML, like Gecko) Version/9.0 Mobile/13B143 Safari/601.1"
193.111.248.52 - - [13/Jun/2025:13:51:26 -0400] "GET / HTTP/1.1" 200 37330 "-" "-"
193.111.248.52 - - [13/Jun/2025:13:51:27 -0400] "GET //content.php HTTP/1.1" 301 0 "-" "-"
162.0.232.193 - - [13/Jun/2025:13:51:27 -0400] "GET /manga/wotakoi-love-is-hard-for-otaku-chapter-4-5/ HTTP/1.1" 200 0 "-" "WP Rocket/Preload"
193.111.248.52 - - [13/Jun/2025:13:51:28 -0400] "GET / HTTP/1.1" 200 37330 "-" "-"
162.0.232.193 - - [13/Jun/2025:13:51:29 -0400] "GET /manga/wotakoi-love-is-hard-for-otaku-chapter-4-5/ HTTP/1.1" 200 0 "-" "WP Rocket/Preload Mozilla/5.0 (iPhone; CPU iPhone OS 9_1 like Mac OS X) AppleWebKit/601.1.46 (KHTML, like Gecko) Version/9.0 Mobile/13B143 Safari/601.1"
193.111.248.52 - - [13/Jun/2025:13:51:29 -0400] "GET //date.php HTTP/1.1" 301 0 "-" "-"
193.111.248.52 - - [13/Jun/2025:13:51:30 -0400] "GET / HTTP/1.1" 200 37330 "-" "-"
162.0.232.193 - - [13/Jun/2025:13:51:30 -0400] "GET /manga/wotakoi-love-is-hard-for-otaku-chapter-5/ HTTP/1.1" 200 0 "-" "WP Rocket/Preload"
193.111.248.52 - - [13/Jun/2025:13:51:31 -0400] "GET //delpaths.php HTTP/1.1" 301 0 "-" "-"
193.111.248.52 - - [13/Jun/2025:13:51:32 -0400] "GET / HTTP/1.1" 200 37330 "-" "-"
162.0.232.193 - - [13/Jun/2025:13:51:32 -0400] "GET /manga/wotakoi-love-is-hard-for-otaku-chapter-5/ HTTP/1.1" 200 0 "-" "WP Rocket/Preload Mozilla/5.0 (iPhone; CPU iPhone OS 9_1 like Mac OS X) AppleWebKit/601.1.46 (KHTML, like Gecko) Version/9.0 Mobile/13B143 Safari/601.1"
193.111.248.52 - - [13/Jun/2025:13:51:32 -0400] "GET //elp.php HTTP/1.1" 301 0 "-" "-"
54.36.149.51 - - [13/Jun/2025:13:51:33 -0400] "GET /p1787986369.shtm HTTP/1.1" 301 0 "-" "Mozilla/5.0 (compatible; AhrefsBot/7.0; +http://ahrefs.com/robot/)"
193.111.248.52 - - [13/Jun/2025:13:51:34 -0400] "GET / HTTP/1.1" 200 37330 "-" "-"
162.0.232.193 - - [13/Jun/2025:13:51:33 -0400] "GET /manga/wotakoi-love-is-hard-for-otaku-chapter-5-1/ HTTP/1.1" 200 0 "-" "WP Rocket/Preload"
193.111.248.52 - - [13/Jun/2025:13:51:34 -0400] "GET //engine.php HTTP/1.1" 301 0 "-" "-"
193.111.248.52 - - [13/Jun/2025:13:51:35 -0400] "GET / HTTP/1.1" 200 37330 "-" "-"
162.0.232.193 - - [13/Jun/2025:13:51:35 -0400] "GET /manga/wotakoi-love-is-hard-for-otaku-chapter-5-1/ HTTP/1.1" 200 0 "-" "WP Rocket/Preload Mozilla/5.0 (iPhone; CPU iPhone OS 9_1 like Mac OS X) AppleWebKit/601.1.46 (KHTML, like Gecko) Version/9.0 Mobile/13B143 Safari/601.1"
193.111.248.52 - - [13/Jun/2025:13:51:36 -0400] "GET //fix.php HTTP/1.1" 301 0 "-" "-"
193.111.248.52 - - [13/Jun/2025:13:51:37 -0400] "GET / HTTP/1.1" 200 37330 "-" "-"
2a03:2880:f800:1b:: - - [13/Jun/2025:13:51:36 -0400] "GET /shopdetail/216147935 HTTP/1.1" 301 0 "-" "meta-externalagent/1.1 (+https://developers.facebook.com/docs/sharing/webmasters/crawler)"
162.0.232.193 - - [13/Jun/2025:13:51:37 -0400] "GET /manga/wotakoi-love-is-hard-for-otaku-chapter-5-5/ HTTP/1.1" 200 0 "-" "WP Rocket/Preload"
66.249.66.66 - - [13/Jun/2025:13:51:37 -0400] "GET /n/44577131.shtm HTTP/1.1" 200 81464 "-" "Mozilla/5.0 (Linux; Android 6.0.1; Nexus 5X Build/MMB29P) AppleWebKit/537.36 (KHTML, like Gecko) Chrome/136.0.7103.113 Mobile Safari/537.36 (compatible; Googlebot/2.1; +http://www.google.com/bot.html)"
193.111.248.52 - - [13/Jun/2025:13:51:37 -0400] "GET //fonts.php HTTP/1.1" 301 0 "-" "-"
193.111.248.52 - - [13/Jun/2025:13:51:38 -0400] "GET / HTTP/1.1" 200 37330 "-" "-"
2a03:2880:f800:19:: - - [13/Jun/2025:13:51:38 -0400] "GET / HTTP/1.1" 200 37330 "-" "meta-externalagent/1.1 (+https://developers.facebook.com/docs/sharing/webmasters/crawler)"
162.0.232.193 - - [13/Jun/2025:13:51:38 -0400] "GET /manga/wotakoi-love-is-hard-for-otaku-chapter-5-5/ HTTP/1.1" 200 0 "-" "WP Rocket/Preload Mozilla/5.0 (iPhone; CPU iPhone OS 9_1 like Mac OS X) AppleWebKit/601.1.46 (KHTML, like Gecko) Version/9.0 Mobile/13B143 Safari/601.1"
162.0.232.193 - - [13/Jun/2025:13:51:40 -0400] "GET /manga/wotakoi-love-is-hard-for-otaku-chapter-6/ HTTP/1.1" 200 0 "-" "WP Rocket/Preload"
66.249.66.70 - - [13/Jun/2025:13:51:40 -0400] "GET /qnu253744758.shtm HTTP/1.1" 200 81613 "-" "Mozilla/5.0 (Linux; Android 6.0.1; Nexus 5X Build/MMB29P) AppleWebKit/537.36 (KHTML, like Gecko) Chrome/136.0.7103.113 Mobile Safari/537.36 (compatible; GoogleOther)"
193.111.248.52 - - [13/Jun/2025:13:51:39 -0400] "GET //includes/ HTTP/1.1" 301 0 "-" "-"
193.111.248.52 - - [13/Jun/2025:13:51:41 -0400] "GET / HTTP/1.1" 200 37330 "-" "-"
162.0.232.193 - - [13/Jun/2025:13:51:41 -0400] "GET /manga/wotakoi-love-is-hard-for-otaku-chapter-6/ HTTP/1.1" 200 0 "-" "WP Rocket/Preload Mozilla/5.0 (iPhone; CPU iPhone OS 9_1 like Mac OS X) AppleWebKit/601.1.46 (KHTML, like Gecko) Version/9.0 Mobile/13B143 Safari/601.1"
193.111.248.52 - - [13/Jun/2025:13:51:42 -0400] "GET //index/function.php HTTP/1.1" 301 0 "-" "-"
162.0.232.193 - - [13/Jun/2025:13:51:43 -0400] "GET /manga/wotakoi-love-is-hard-for-otaku-chapter-7/ HTTP/1.1" 200 0 "-" "WP Rocket/Preload"
193.111.248.52 - - [13/Jun/2025:13:51:43 -0400] "GET / HTTP/1.1" 200 37330 "-" "-"
162.0.232.193 - - [13/Jun/2025:13:51:45 -0400] "POST /wp-cron.php?doing_wp_cron=1749837105.2147450447082519531250 HTTP/1.1" 200 0 "-" "WordPress/6.8.1; https://wotaku-manga.com"
193.111.248.52 - - [13/Jun/2025:13:51:44 -0400] "GET //info.php HTTP/1.1" 301 0 "-" "-"
162.0.232.193 - - [13/Jun/2025:13:51:44 -0400] "GET /manga/wotakoi-love-is-hard-for-otaku-chapter-7/ HTTP/1.1" 200 0 "-" "WP Rocket/Preload Mozilla/5.0 (iPhone; CPU iPhone OS 9_1 like Mac OS X) AppleWebKit/601.1.46 (KHTML, like Gecko) Version/9.0 Mobile/13B143 Safari/601.1"
193.111.248.52 - - [13/Jun/2025:13:51:45 -0400] "GET / HTTP/1.1" 200 37330 "-" "-"
193.111.248.52 - - [13/Jun/2025:13:51:46 -0400] "GET //install.php HTTP/1.1" 301 0 "-" "-"
193.111.248.52 - - [13/Jun/2025:13:51:47 -0400] "GET / HTTP/1.1" 200 37330 "-" "-"
193.111.248.52 - - [13/Jun/2025:13:51:47 -0400] "GET //item.php HTTP/1.1" 301 0 "-" "-"
193.111.248.52 - - [13/Jun/2025:13:51:48 -0400] "GET / HTTP/1.1" 200 37330 "-" "-"
193.111.248.52 - - [13/Jun/2025:13:51:49 -0400] "GET //link.php HTTP/1.1" 301 0 "-" "-"
193.111.248.52 - - [13/Jun/2025:13:51:50 -0400] "GET / HTTP/1.1" 200 37330 "-" "-"
162.0.232.193 - - [13/Jun/2025:13:51:51 -0400] "POST /wp-admin/admin-ajax.php?action=as_async_request_queue_runner&nonce=0c3fde3bf8 HTTP/1.1" 200 0 "-" "WordPress/6.8.1; https://wotaku-manga.com"
193.111.248.52 - - [13/Jun/2025:13:51:51 -0400] "GET //lock360.php HTTP/1.1" 301 0 "-" "-"
193.111.248.52 - - [13/Jun/2025:13:51:52 -0400] "GET / HTTP/1.1" 200 37330 "-" "-"
162.0.232.193 - - [13/Jun/2025:13:51:52 -0400] "GET /manga/wotakoi-love-is-hard-for-otaku-chapter-7-1/ HTTP/1.1" 200 0 "-" "WP Rocket/Preload"
193.111.248.52 - - [13/Jun/2025:13:51:53 -0400] "GET //log.php HTTP/1.1" 301 0 "-" "-"
193.111.248.52 - - [13/Jun/2025:13:51:54 -0400] "GET / HTTP/1.1" 200 37330 "-" "-"
162.0.232.193 - - [13/Jun/2025:13:51:54 -0400] "GET /manga/wotakoi-love-is-hard-for-otaku-chapter-7-1/ HTTP/1.1" 200 0 "-" "WP Rocket/Preload Mozilla/5.0 (iPhone; CPU iPhone OS 9_1 like Mac OS X) AppleWebKit/601.1.46 (KHTML, like Gecko) Version/9.0 Mobile/13B143 Safari/601.1"
193.111.248.52 - - [13/Jun/2025:13:51:55 -0400] "GET //makeasmtp.php HTTP/1.1" 301 0 "-" "-"
66.249.66.64 - - [13/Jun/2025:13:51:55 -0400] "GET /o/98211108.shtm HTTP/1.1" 200 81297 "-" "Mozilla/5.0 (Linux; Android 6.0.1; Nexus 5X Build/MMB29P) AppleWebKit/537.36 (KHTML, like Gecko) Chrome/136.0.7103.113 Mobile Safari/537.36 (compatible; Googlebot/2.1; +http://www.google.com/bot.html)"
193.111.248.52 - - [13/Jun/2025:13:51:56 -0400] "GET / HTTP/1.1" 200 37330 "-" "-"
162.0.232.193 - - [13/Jun/2025:13:51:55 -0400] "GET /manga/wotakoi-love-is-hard-for-otaku-chapter-7-2/ HTTP/1.1" 200 0 "-" "WP Rocket/Preload"
54.36.148.150 - - [13/Jun/2025:13:51:56 -0400] "GET /p1883688251.shtm HTTP/1.1" 301 0 "-" "Mozilla/5.0 (compatible; AhrefsBot/7.0; +http://ahrefs.com/robot/)"
162.0.232.193 - - [13/Jun/2025:13:51:57 -0400] "GET /manga/wotakoi-love-is-hard-for-otaku-chapter-7-2/ HTTP/1.1" 200 0 "-" "WP Rocket/Preload Mozilla/5.0 (iPhone; CPU iPhone OS 9_1 like Mac OS X) AppleWebKit/601.1.46 (KHTML, like Gecko) Version/9.0 Mobile/13B143 Safari/601.1"
162.0.232.193 - - [13/Jun/2025:13:51:58 -0400] "POST /wp-cron.php?doing_wp_cron=1749837118.3920850753784179687500 HTTP/1.1" 200 0 "-" "WordPress/6.8.1; https://wotaku-manga.com"
193.111.248.52 - - [13/Jun/2025:13:51:56 -0400] "GET //man.php7 HTTP/1.1" 301 0 "-" "-"
193.111.248.52 - - [13/Jun/2025:13:51:59 -0400] "GET / HTTP/1.1" 200 37330 "-" "-"
162.0.232.193 - - [13/Jun/2025:13:51:58 -0400] "GET /manga/wotakoi-love-is-hard-for-otaku-chapter-8/ HTTP/1.1" 200 0 "-" "WP Rocket/Preload"
162.0.232.193 - - [13/Jun/2025:13:52:00 -0400] "GET /manga/wotakoi-love-is-hard-for-otaku-chapter-8/ HTTP/1.1" 200 0 "-" "WP Rocket/Preload Mozilla/5.0 (iPhone; CPU iPhone OS 9_1 like Mac OS X) AppleWebKit/601.1.46 (KHTML, like Gecko) Version/9.0 Mobile/13B143 Safari/601.1"
193.111.248.52 - - [13/Jun/2025:13:52:00 -0400] "GET //manager.php HTTP/1.1" 301 0 "-" "-"
193.111.248.52 - - [13/Jun/2025:13:52:01 -0400] "GET / HTTP/1.1" 200 37330 "-" "-"
66.249.66.72 - - [13/Jun/2025:13:52:01 -0400] "GET /iaw/hippos/953366228.shtm HTTP/1.1" 200 84566 "-" "Mozilla/5.0 (Linux; Android 6.0.1; Nexus 5X Build/MMB29P) AppleWebKit/537.36 (KHTML, like Gecko) Chrome/136.0.7103.113 Mobile Safari/537.36 (compatible; GoogleOther)"
162.0.232.193 - - [13/Jun/2025:13:52:02 -0400] "GET /manga/wotakoi-love-is-hard-for-otaku-chapter-9/ HTTP/1.1" 200 0 "-" "WP Rocket/Preload"
193.111.248.52 - - [13/Jun/2025:13:52:02 -0400] "GET //mango.php HTTP/1.1" 301 0 "-" "-"
162.0.232.193 - - [13/Jun/2025:13:52:03 -0400] "GET /manga/wotakoi-love-is-hard-for-otaku-chapter-9/ HTTP/1.1" 200 0 "-" "WP Rocket/Preload Mozilla/5.0 (iPhone; CPU iPhone OS 9_1 like Mac OS X) AppleWebKit/601.1.46 (KHTML, like Gecko) Version/9.0 Mobile/13B143 Safari/601.1"
193.111.248.52 - - [13/Jun/2025:13:52:04 -0400] "GET / HTTP/1.1" 200 37330 "-" "-"
162.0.232.193 - - [13/Jun/2025:13:52:05 -0400] "GET /manga/wotakoi-love-is-hard-for-otaku-chapter-11/ HTTP/1.1" 200 0 "-" "WP Rocket/Preload"
2a03:2880:f800:10:: - - [13/Jun/2025:13:52:04 -0400] "GET /shopdetail/346329935 HTTP/1.1" 301 0 "-" "meta-externalagent/1.1 (+https://developers.facebook.com/docs/sharing/webmasters/crawler)"
193.111.248.52 - - [13/Jun/2025:13:52:04 -0400] "GET //memberfuns.php HTTP/1.1" 301 0 "-" "-"
162.0.232.193 - - [13/Jun/2025:13:52:07 -0400] "GET /manga/wotakoi-love-is-hard-for-otaku-chapter-11/ HTTP/1.1" 200 0 "-" "WP Rocket/Preload Mozilla/5.0 (iPhone; CPU iPhone OS 9_1 like Mac OS X) AppleWebKit/601.1.46 (KHTML, like Gecko) Version/9.0 Mobile/13B143 Safari/601.1"
193.111.248.52 - - [13/Jun/2025:13:52:07 -0400] "GET / HTTP/1.1" 200 37330 "-" "-"
2a03:2880:f800:3:: - - [13/Jun/2025:13:52:08 -0400] "GET / HTTP/1.1" 200 37330 "-" "meta-externalagent/1.1 (+https://developers.facebook.com/docs/sharing/webmasters/crawler)"
162.0.232.193 - - [13/Jun/2025:13:52:08 -0400] "GET /manga/wotakoi-love-is-hard-for-otaku-chapter-12/ HTTP/1.1" 200 0 "-" "WP Rocket/Preload"
2a03:2880:f800:6:: - - [13/Jun/2025:13:52:07 -0400] "GET /shopdetail/301952735 HTTP/1.1" 301 0 "-" "meta-externalagent/1.1 (+https://developers.facebook.com/docs/sharing/webmasters/crawler)"
193.111.248.52 - - [13/Jun/2025:13:52:08 -0400] "GET //menu-header.php HTTP/1.1" 301 0 "-" "-"
162.0.232.193 - - [13/Jun/2025:13:52:10 -0400] "GET /manga/wotakoi-love-is-hard-for-otaku-chapter-12/ HTTP/1.1" 200 0 "-" "WP Rocket/Preload Mozilla/5.0 (iPhone; CPU iPhone OS 9_1 like Mac OS X) AppleWebKit/601.1.46 (KHTML, like Gecko) Version/9.0 Mobile/13B143 Safari/601.1"
193.111.248.52 - - [13/Jun/2025:13:52:11 -0400] "GET / HTTP/1.1" 200 37330 "-" "-"
162.0.232.193 - - [13/Jun/2025:13:52:11 -0400] "GET /manga/wotakoi-love-is-hard-for-otaku-chapter-12-5/ HTTP/1.1" 200 0 "-" "WP Rocket/Preload"
2a03:2880:f800:17:: - - [13/Jun/2025:13:52:12 -0400] "GET / HTTP/1.1" 200 37330 "-" "meta-externalagent/1.1 (+https://developers.facebook.com/docs/sharing/webmasters/crawler)"
162.0.232.193 - - [13/Jun/2025:13:52:13 -0400] "GET /manga/wotakoi-love-is-hard-for-otaku-chapter-12-5/ HTTP/1.1" 200 0 "-" "WP Rocket/Preload Mozilla/5.0 (iPhone; CPU iPhone OS 9_1 like Mac OS X) AppleWebKit/601.1.46 (KHTML, like Gecko) Version/9.0 Mobile/13B143 Safari/601.1"
193.111.248.52 - - [13/Jun/2025:13:52:11 -0400] "GET //network.php HTTP/1.1" 301 0 "-" "-"
193.111.248.52 - - [13/Jun/2025:13:52:15 -0400] "GET / HTTP/1.1" 200 37330 "-" "-"
66.249.66.71 - - [13/Jun/2025:13:52:18 -0400] "GET /sitemap-hot-2968995.xml HTTP/1.1" 200 11176 "-" "Mozilla/5.0 (compatible; Googlebot/2.1; +http://www.google.com/bot.html)"
162.0.232.193 - - [13/Jun/2025:13:52:19 -0400] "POST /wp-cron.php?doing_wp_cron=1749837139.0864980220794677734375 HTTP/1.1" 200 0 "-" "WordPress/6.8.1; https://wotaku-manga.com"
193.111.248.52 - - [13/Jun/2025:13:52:15 -0400] "GET //networks.php HTTP/1.1" 301 0 "-" "-"
193.111.248.52 - - [13/Jun/2025:13:52:20 -0400] "GET / HTTP/1.1" 200 37330 "-" "-"
162.0.232.193 - - [13/Jun/2025:13:52:19 -0400] "POST /wp-admin/admin-ajax.php?action=as_async_request_queue_runner&nonce=0c3fde3bf8 HTTP/1.1" 200 0 "-" "WordPress/6.8.1; https://wotaku-manga.com"
193.111.248.52 - - [13/Jun/2025:13:52:21 -0400] "GET //signup.php HTTP/1.1" 301 0 "-" "-"
193.111.248.52 - - [13/Jun/2025:13:52:23 -0400] "GET / HTTP/1.1" 200 37330 "-" "-"
193.111.248.52 - - [13/Jun/2025:13:52:24 -0400] "GET //simple/function.php HTTP/1.1" 301 0 "-" "-"
193.111.248.52 - - [13/Jun/2025:13:52:26 -0400] "GET / HTTP/1.1" 200 37330 "-" "-"
162.0.232.193 - - [13/Jun/2025:13:52:23 -0400] "GET /manga/wotakoi-love-is-hard-for-otaku-chapter-13/ HTTP/1.1" 200 43234 "-" "WP Rocket/Preload"
193.111.248.52 - - [13/Jun/2025:13:52:27 -0400] "GET //small.php HTTP/1.1" 301 0 "-" "-"
193.111.248.52 - - [13/Jun/2025:13:52:29 -0400] "GET / HTTP/1.1" 200 37330 "-" "-"
162.0.232.193 - - [13/Jun/2025:13:52:29 -0400] "GET /manga/wotakoi-love-is-hard-for-otaku-chapter-13/ HTTP/1.1" 200 0 "-" "WP Rocket/Preload Mozilla/5.0 (iPhone; CPU iPhone OS 9_1 like Mac OS X) AppleWebKit/601.1.46 (KHTML, like Gecko) Version/9.0 Mobile/13B143 Safari/601.1"
193.111.248.52 - - [13/Jun/2025:13:52:30 -0400] "GET //solevisible.php HTTP/1.1" 301 0 "-" "-"
54.36.148.112 - - [13/Jun/2025:13:52:30 -0400] "GET /p1883934879.shtm HTTP/1.1" 301 0 "-" "Mozilla/5.0 (compatible; AhrefsBot/7.0; +http://ahrefs.com/robot/)"
193.111.248.52 - - [13/Jun/2025:13:52:32 -0400] "GET / HTTP/1.1" 200 37330 "-" "-"
193.111.248.52 - - [13/Jun/2025:13:52:33 -0400] "GET //system.php HTTP/1.1" 301 0 "-" "-"
193.111.248.52 - - [13/Jun/2025:13:52:35 -0400] "GET / HTTP/1.1" 200 37330 "-" "-"
162.0.232.193 - - [13/Jun/2025:13:52:36 -0400] "POST /wp-admin/admin-ajax.php?action=as_async_request_queue_runner&nonce=0c3fde3bf8 HTTP/1.1" 200 0 "-" "WordPress/6.8.1; https://wotaku-manga.com"
162.0.232.193 - - [13/Jun/2025:13:52:37 -0400] "POST /wp-admin/admin-ajax.php?action=as_async_request_queue_runner&nonce=0c3fde3bf8 HTTP/1.1" 200 0 "-" "WordPress/6.8.1; https://wotaku-manga.com"
193.111.248.52 - - [13/Jun/2025:13:52:36 -0400] "GET //v7rzx/about.php7 HTTP/1.1" 301 0 "-" "-"
193.111.248.52 - - [13/Jun/2025:13:52:38 -0400] "GET / HTTP/1.1" 200 37330 "-" "-"
162.0.232.193 - - [13/Jun/2025:13:52:38 -0400] "GET /manga/wotakoi-love-is-hard-for-otaku-chapter-14/ HTTP/1.1" 200 0 "-" "WP Rocket/Preload"
162.0.232.193 - - [13/Jun/2025:13:52:40 -0400] "GET /manga/wotakoi-love-is-hard-for-otaku-chapter-14/ HTTP/1.1" 200 0 "-" "WP Rocket/Preload Mozilla/5.0 (iPhone; CPU iPhone OS 9_1 like Mac OS X) AppleWebKit/601.1.46 (KHTML, like Gecko) Version/9.0 Mobile/13B143 Safari/601.1"
193.111.248.52 - - [13/Jun/2025:13:52:39 -0400] "GET //wordpress/wp-includes/Requests/index.php HTTP/1.1" 301 0 "-" "-"
193.111.248.52 - - [13/Jun/2025:13:52:41 -0400] "GET / HTTP/1.1" 200 37330 "-" "-"
193.111.248.52 - - [13/Jun/2025:13:52:42 -0400] "GET //wp-admin/ HTTP/1.1" 200 186 "-" "-"
193.111.248.52 - - [13/Jun/2025:13:52:42 -0400] "GET //wp-admin/css/colors/blue/index.php HTTP/1.1" 200 186 "-" "-"
193.111.248.52 - - [13/Jun/2025:13:52:42 -0400] "GET //wp-admin/function.php HTTP/1.1" 200 186 "-" "-"
193.111.248.52 - - [13/Jun/2025:13:52:42 -0400] "GET //wp-admin/images/cloud.php HTTP/1.1" 200 186 "-" "-"
162.0.232.193 - - [13/Jun/2025:13:52:42 -0400] "GET /manga/wotakoi-love-is-hard-for-otaku-chapter-15/ HTTP/1.1" 200 0 "-" "WP Rocket/Preload"
193.111.248.52 - - [13/Jun/2025:13:52:43 -0400] "GET //wp-admin/includes/xmrlpc.php HTTP/1.1" 200 186 "-" "-"
193.111.248.52 - - [13/Jun/2025:13:52:43 -0400] "GET //wp-admin/js/about.php HTTP/1.1" 200 186 "-" "-"
193.111.248.52 - - [13/Jun/2025:13:52:43 -0400] "GET //wp-admin/network/about.php HTTP/1.1" 403 1242 "-" "-"
162.0.232.193 - - [13/Jun/2025:13:52:43 -0400] "GET /manga/wotakoi-love-is-hard-for-otaku-chapter-15/ HTTP/1.1" 200 0 "-" "WP Rocket/Preload Mozilla/5.0 (iPhone; CPU iPhone OS 9_1 like Mac OS X) AppleWebKit/601.1.46 (KHTML, like Gecko) Version/9.0 Mobile/13B143 Safari/601.1"
162.0.232.193 - - [13/Jun/2025:13:52:45 -0400] "POST /wp-cron.php?doing_wp_cron=1749837165.2006011009216308593750 HTTP/1.1" 200 0 "-" "WordPress/6.8.1; https://wotaku-manga.com"
193.111.248.52 - - [13/Jun/2025:13:52:43 -0400] "GET //wp-admin/post.php HTTP/1.1" 302 0 "-" "-"
162.0.232.193 - - [13/Jun/2025:13:52:45 -0400] "GET /manga/wotakoi-love-is-hard-for-otaku-chapter-16/ HTTP/1.1" 200 0 "-" "WP Rocket/Preload"
193.111.248.52 - - [13/Jun/2025:13:52:45 -0400] "GET /wp-login.php?redirect_to=https%3A%2F%2Fwotaku-manga.com%2F%2Fwp-admin%2Fpost.php&reauth=1 HTTP/1.1" 200 1914 "-" "-"
162.0.232.193 - - [13/Jun/2025:13:52:47 -0400] "GET /manga/wotakoi-love-is-hard-for-otaku-chapter-16/ HTTP/1.1" 200 0 "-" "WP Rocket/Preload Mozilla/5.0 (iPhone; CPU iPhone OS 9_1 like Mac OS X) AppleWebKit/601.1.46 (KHTML, like Gecko) Version/9.0 Mobile/13B143 Safari/601.1"
193.111.248.52 - - [13/Jun/2025:13:52:47 -0400] "GET //wp-admin/users.php HTTP/1.1" 302 0 "-" "-"
162.0.232.193 - - [13/Jun/2025:13:52:48 -0400] "GET /manga/wotakoi-love-is-hard-for-otaku-chapter-17/ HTTP/1.1" 200 0 "-" "WP Rocket/Preload"
162.0.232.193 - - [13/Jun/2025:13:52:50 -0400] "GET /manga/wotakoi-love-is-hard-for-otaku-chapter-17/ HTTP/1.1" 200 0 "-" "WP Rocket/Preload Mozilla/5.0 (iPhone; CPU iPhone OS 9_1 like Mac OS X) AppleWebKit/601.1.46 (KHTML, like Gecko) Version/9.0 Mobile/13B143 Safari/601.1"
193.111.248.52 - - [13/Jun/2025:13:52:49 -0400] "GET /wp-login.php?redirect_to=https%3A%2F%2Fwotaku-manga.com%2F%2Fwp-admin%2Fusers.php&reauth=1 HTTP/1.1" 200 1913 "-" "-"
162.0.232.193 - - [13/Jun/2025:13:52:52 -0400] "GET /manga/wotakoi-love-is-hard-for-otaku-chapter-17-5/ HTTP/1.1" 200 0 "-" "WP Rocket/Preload"
162.0.232.193 - - [13/Jun/2025:13:52:53 -0400] "GET /manga/wotakoi-love-is-hard-for-otaku-chapter-17-5/ HTTP/1.1" 200 0 "-" "WP Rocket/Preload Mozilla/5.0 (iPhone; CPU iPhone OS 9_1 like Mac OS X) AppleWebKit/601.1.46 (KHTML, like Gecko) Version/9.0 Mobile/13B143 Safari/601.1"
193.111.248.52 - - [13/Jun/2025:13:52:52 -0400] "GET //wp-check.php HTTP/1.1" 301 0 "-" "-"
162.0.232.193 - - [13/Jun/2025:13:52:55 -0400] "GET /manga/wotakoi-love-is-hard-for-otaku-chapter-18/ HTTP/1.1" 200 0 "-" "WP Rocket/Preload"
193.111.248.52 - - [13/Jun/2025:13:52:56 -0400] "GET / HTTP/1.1" 200 37330 "-" "-"
193.111.248.52 - - [13/Jun/2025:13:52:56 -0400] "GET //wp-content/ HTTP/1.1" 200 0 "-" "-"
193.111.248.52 - - [13/Jun/2025:13:52:57 -0400] "GET //wp-content/languages/themes/ HTTP/1.1" 200 0 "-" "-"
193.111.248.52 - - [13/Jun/2025:13:52:57 -0400] "GET //wp-content/plugins/ HTTP/1.1" 403 1242 "-" "-"
162.0.232.193 - - [13/Jun/2025:13:52:57 -0400] "GET /manga/wotakoi-love-is-hard-for-otaku-chapter-18/ HTTP/1.1" 200 0 "-" "WP Rocket/Preload Mozilla/5.0 (iPhone; CPU iPhone OS 9_1 like Mac OS X) AppleWebKit/601.1.46 (KHTML, like Gecko) Version/9.0 Mobile/13B143 Safari/601.1"
193.111.248.52 - - [13/Jun/2025:13:52:57 -0400] "GET //wp-content/plugins/elementor/ HTTP/1.1" 200 0 "-" "-"
193.111.248.52 - - [13/Jun/2025:13:52:58 -0400] "GET //wp-content/plugins/erinyani/ HTTP/1.1" 200 0 "-" "-"
193.111.248.52 - - [13/Jun/2025:13:52:58 -0400] "GET //wp-content/plugins/index.php HTTP/1.1" 403 1242 "-" "-"
193.111.248.52 - - [13/Jun/2025:13:52:58 -0400] "GET //wp-content/plugins/seoplugins/index.php HTTP/1.1" 200 0 "-" "-"
193.111.248.52 - - [13/Jun/2025:13:52:58 -0400] "GET //wp-content/themes/ HTTP/1.1" 403 1242 "-" "-"
193.111.248.52 - - [13/Jun/2025:13:52:59 -0400] "GET //wp-content/themes/about.php HTTP/1.1" 200 0 "-" "-"
193.111.248.52 - - [13/Jun/2025:13:52:59 -0400] "GET //wp-content/themes/about.php7 HTTP/1.1" 200 0 "-" "-"
162.0.232.193 - - [13/Jun/2025:13:52:59 -0400] "POST /wp-cron.php?doing_wp_cron=1749837178.9980130195617675781250 HTTP/1.1" 200 0 "-" "WordPress/6.8.1; https://wotaku-manga.com"
193.111.248.52 - - [13/Jun/2025:13:52:59 -0400] "GET //wp-content/themes/bltm/wp-login.php HTTP/1.1" 200 0 "-" "-"
193.111.248.52 - - [13/Jun/2025:13:52:59 -0400] "GET //wp-content/themes/cay-van-phong/skibidi.php HTTP/1.1" 200 0 "-" "-"
193.111.248.52 - - [13/Jun/2025:13:52:59 -0400] "GET //wp-content/themes/index.php HTTP/1.1" 403 1242 "-" "-"
193.111.248.52 - - [13/Jun/2025:13:53:00 -0400] "GET //wp-content/themes/twentyten/about.php HTTP/1.1" 200 0 "-" "-"
193.111.248.52 - - [13/Jun/2025:13:53:00 -0400] "GET //wp-content/themes/twentytwentyfour/ HTTP/1.1" 200 1158 "-" "-"
193.111.248.52 - - [13/Jun/2025:13:53:00 -0400] "GET //wp-content/themes/twentytwentytwo/index.php HTTP/1.1" 403 1242 "-" "-"
193.111.248.52 - - [13/Jun/2025:13:53:01 -0400] "GET //wp-content/themes/wp-login.php HTTP/1.1" 200 0 "-" "-"
193.111.248.52 - - [13/Jun/2025:13:53:01 -0400] "GET //wp-content/upgrade/ HTTP/1.1" 200 547 "-" "-"
193.111.248.52 - - [13/Jun/2025:13:53:01 -0400] "GET //wp-content/uploads/ HTTP/1.1" 200 1007 "-" "-"
193.111.248.52 - - [13/Jun/2025:13:53:01 -0400] "GET //wp-content/uploads/index.php HTTP/1.1" 200 0 "-" "-"
193.111.248.52 - - [13/Jun/2025:13:53:01 -0400] "GET //wp-content/uploads/wp.php HTTP/1.1" 200 0 "-" "-"
193.111.248.52 - - [13/Jun/2025:13:53:02 -0400] "GET //wp-cron.php HTTP/1.1" 200 0 "-" "-"
162.0.232.193 - - [13/Jun/2025:13:53:02 -0400] "GET /manga/wotakoi-love-is-hard-for-otaku-chapter-19/ HTTP/1.1" 200 0 "-" "WP Rocket/Preload"
193.111.248.52 - - [13/Jun/2025:13:53:02 -0400] "GET //wp-file.php HTTP/1.1" 301 0 "-" "-"
193.111.248.52 - - [13/Jun/2025:13:53:04 -0400] "GET / HTTP/1.1" 200 37330 "-" "-"
162.0.232.193 - - [13/Jun/2025:13:53:04 -0400] "GET /manga/wotakoi-love-is-hard-for-otaku-chapter-19/ HTTP/1.1" 200 0 "-" "WP Rocket/Preload Mozilla/5.0 (iPhone; CPU iPhone OS 9_1 like Mac OS X) AppleWebKit/601.1.46 (KHTML, like Gecko) Version/9.0 Mobile/13B143 Safari/601.1"
38.94.251.207 - - [13/Jun/2025:13:53:05 -0400] "GET /manga/wotakoi-love-is-hard-for-otaku-chapter-80/ HTTP/1.1" 200 42120 "https://wotaku-manga.com/manga/wotakoi-love-is-hard-for-otaku-chapter-79/" "Mozilla/5.0 (Android 15; Mobile; rv:139.0) Gecko/139.0 Firefox/139.0"
54.36.148.52 - - [13/Jun/2025:13:53:03 -0400] "GET /p190535237.shtm HTTP/1.1" 301 0 "-" "Mozilla/5.0 (compatible; AhrefsBot/7.0; +http://ahrefs.com/robot/)"
162.0.232.193 - - [13/Jun/2025:13:53:06 -0400] "GET /manga/wotakoi-love-is-hard-for-otaku-chapter-19-5/ HTTP/1.1" 200 0 "-" "WP Rocket/Preload"
193.111.248.52 - - [13/Jun/2025:13:53:05 -0400] "GET //wp-includes/header.php HTTP/1.1" 301 0 "-" "-"
193.111.248.52 - - [13/Jun/2025:13:53:07 -0400] "GET / HTTP/1.1" 200 37330 "-" "-"
193.111.248.52 - - [13/Jun/2025:13:53:08 -0400] "GET //wp-includes/ID3/ HTTP/1.1" 200 1370 "-" "-"
162.0.232.193 - - [13/Jun/2025:13:53:07 -0400] "GET /manga/wotakoi-love-is-hard-for-otaku-chapter-19-5/ HTTP/1.1" 200 0 "-" "WP Rocket/Preload Mozilla/5.0 (iPhone; CPU iPhone OS 9_1 like Mac OS X) AppleWebKit/601.1.46 (KHTML, like Gecko) Version/9.0 Mobile/13B143 Safari/601.1"
38.94.251.207 - - [13/Jun/2025:13:53:09 -0400] "GET /manga/wotakoi-love-is-hard-for-otaku-chapter-0/ HTTP/1.1" 200 42046 "https://wotaku-manga.com/manga/wotakoi-love-is-hard-for-otaku-chapter-80/" "Mozilla/5.0 (Android 15; Mobile; rv:139.0) Gecko/139.0 Firefox/139.0"
162.0.232.193 - - [13/Jun/2025:13:53:09 -0400] "GET /manga/wotakoi-love-is-hard-for-otaku-chapter-20/ HTTP/1.1" 200 0 "-" "WP Rocket/Preload"
66.249.66.66 - - [13/Jun/2025:13:53:09 -0400] "GET /nx/63323205.shtm HTTP/1.1" 200 81249 "-" "Mozilla/5.0 (Linux; Android 6.0.1; Nexus 5X Build/MMB29P) AppleWebKit/537.36 (KHTML, like Gecko) Chrome/136.0.7103.113 Mobile Safari/537.36 (compatible; Googlebot/2.1; +http://www.google.com/bot.html)"
66.249.66.66 - - [13/Jun/2025:13:53:11 -0400] "GET /nl/98211449.shtm HTTP/1.1" 200 81432 "-" "Mozilla/5.0 (Linux; Android 6.0.1; Nexus 5X Build/MMB29P) AppleWebKit/537.36 (KHTML, like Gecko) Chrome/136.0.7103.113 Mobile Safari/537.36 (compatible; Googlebot/2.1; +http://www.google.com/bot.html)"
162.0.232.193 - - [13/Jun/2025:13:53:11 -0400] "GET /manga/wotakoi-love-is-hard-for-otaku-chapter-20/ HTTP/1.1" 200 0 "-" "WP Rocket/Preload Mozilla/5.0 (iPhone; CPU iPhone OS 9_1 like Mac OS X) AppleWebKit/601.1.46 (KHTML, like Gecko) Version/9.0 Mobile/13B143 Safari/601.1"
193.111.248.52 - - [13/Jun/2025:13:53:08 -0400] "GET //wp-includes/ID3/index.php HTTP/1.1" 301 0 "-" "-"
193.111.248.52 - - [13/Jun/2025:13:53:12 -0400] "GET / HTTP/1.1" 200 37330 "-" "-"
162.0.232.193 - - [13/Jun/2025:13:53:13 -0400] "GET /manga/wotakoi-love-is-hard-for-otaku-chapter-21/ HTTP/1.1" 200 0 "-" "WP Rocket/Preload"
162.0.232.193 - - [13/Jun/2025:13:53:14 -0400] "GET /manga/wotakoi-love-is-hard-for-otaku-chapter-21/ HTTP/1.1" 200 0 "-" "WP Rocket/Preload Mozilla/5.0 (iPhone; CPU iPhone OS 9_1 like Mac OS X) AppleWebKit/601.1.46 (KHTML, like Gecko) Version/9.0 Mobile/13B143 Safari/601.1"
193.111.248.52 - - [13/Jun/2025:13:53:13 -0400] "GET //wp-includes/ID3/wp-login.php HTTP/1.1" 301 0 "-" "-"
193.111.248.52 - - [13/Jun/2025:13:53:16 -0400] "GET / HTTP/1.1" 200 37330 "-" "-"
162.0.232.193 - - [13/Jun/2025:13:53:16 -0400] "GET /manga/wotakoi-love-is-hard-for-otaku-chapter-21-5/ HTTP/1.1" 200 0 "-" "WP Rocket/Preload"
162.0.232.193 - - [13/Jun/2025:13:53:18 -0400] "GET /manga/wotakoi-love-is-hard-for-otaku-chapter-21-5/ HTTP/1.1" 200 0 "-" "WP Rocket/Preload Mozilla/5.0 (iPhone; CPU iPhone OS 9_1 like Mac OS X) AppleWebKit/601.1.46 (KHTML, like Gecko) Version/9.0 Mobile/13B143 Safari/601.1"
193.111.248.52 - - [13/Jun/2025:13:53:17 -0400] "GET //wp-includes/Text/Diff/index.php HTTP/1.1" 301 0 "-" "-"
193.111.248.52 - - [13/Jun/2025:13:53:20 -0400] "GET / HTTP/1.1" 200 37330 "-" "-"
162.0.232.193 - - [13/Jun/2025:13:53:23 -0400] "POST /wp-cron.php?doing_wp_cron=1749837203.0912709236145019531250 HTTP/1.1" 200 0 "-" "WordPress/6.8.1; https://wotaku-manga.com"
193.111.248.52 - - [13/Jun/2025:13:53:20 -0400] "GET //wp-includes/assets/index.php HTTP/1.1" 301 0 "-" "-"
2a03:2880:f800:2:: - - [13/Jun/2025:13:53:23 -0400] "GET /manga/wotakoi-love-is-hard-for-otaku-chapter-80/ HTTP/1.1" 200 41344 "-" "meta-externalagent/1.1 (+https://developers.facebook.com/docs/sharing/webmasters/crawler)"
193.111.248.52 - - [13/Jun/2025:13:53:24 -0400] "GET / HTTP/1.1" 200 37330 "-" "-"
193.111.248.52 - - [13/Jun/2025:13:53:24 -0400] "GET //wp-includes/block-patterns/ HTTP/1.1" 200 1155 "-" "-"
193.111.248.52 - - [13/Jun/2025:13:53:25 -0400] "GET //wp-includes/blocks/block/ HTTP/1.1" 200 620 "-" "-"
193.111.248.52 - - [13/Jun/2025:13:53:25 -0400] "GET //wp-includes/blocks/button/index.php HTTP/1.1" 301 0 "-" "-"
193.111.248.52 - - [13/Jun/2025:13:53:26 -0400] "GET / HTTP/1.1" 200 37330 "-" "-"
193.111.248.52 - - [13/Jun/2025:13:53:27 -0400] "GET //wp-includes/buy.php HTTP/1.1" 301 0 "-" "-"
193.111.248.52 - - [13/Jun/2025:13:53:29 -0400] "GET / HTTP/1.1" 200 37330 "-" "-"
193.111.248.52 - - [13/Jun/2025:13:53:29 -0400] "GET //wp-includes/css/dist/customize-widgets/ HTTP/1.1" 200 688 "-" "-"
193.111.248.52 - - [13/Jun/2025:13:53:30 -0400] "GET //wp-includes/css/index.php HTTP/1.1" 301 0 "-" "-"
193.111.248.52 - - [13/Jun/2025:13:53:30 -0400] "GET / HTTP/1.1" 200 37330 "-" "-"
193.111.248.52 - - [13/Jun/2025:13:53:31 -0400] "GET //wp-includes/fonts/ HTTP/1.1" 200 1234 "-" "-"
193.111.248.52 - - [13/Jun/2025:13:53:31 -0400] "GET //wp-includes/images/crystal/ HTTP/1.1" 200 1116 "-" "-"
193.111.248.52 - - [13/Jun/2025:13:53:32 -0400] "GET //wp-includes/images/smilies/index.php HTTP/1.1" 301 0 "-" "-"
193.111.248.52 - - [13/Jun/2025:13:53:32 -0400] "GET / HTTP/1.1" 200 37330 "-" "-"
193.111.248.52 - - [13/Jun/2025:13:53:33 -0400] "GET //wp-includes/js/codemirror/ HTTP/1.1" 200 1107 "-" "-"
193.111.248.52 - - [13/Jun/2025:13:53:33 -0400] "GET //wp-includes/js/imgareaselect/ HTTP/1.1" 200 758 "-" "-"
193.111.248.52 - - [13/Jun/2025:13:53:33 -0400] "GET //wp-includes/js/tinymce/ HTTP/1.1" 200 1181 "-" "-"
54.36.148.161 - - [13/Jun/2025:13:53:32 -0400] "GET /p1912925437.shtm HTTP/1.1" 301 0 "-" "Mozilla/5.0 (compatible; AhrefsBot/7.0; +http://ahrefs.com/robot/)"
193.111.248.52 - - [13/Jun/2025:13:53:34 -0400] "GET //wp-includes/js/tinymce/utils/ HTTP/1.1" 200 738 "-" "-"
193.111.248.52 - - [13/Jun/2025:13:53:34 -0400] "GET //wp-includes/mah.php HTTP/1.1" 301 0 "-" "-"
193.111.248.52 - - [13/Jun/2025:13:53:36 -0400] "GET / HTTP/1.1" 200 37330 "-" "-"
193.111.248.52 - - [13/Jun/2025:13:53:37 -0400] "GET //wp-includes/pomo/ HTTP/1.1" 200 1074 "-" "-"
193.111.248.52 - - [13/Jun/2025:13:53:37 -0400] "GET //wp-includes/style-engine/ HTTP/1.1" 200 775 "-" "-"
193.111.248.52 - - [13/Jun/2025:13:53:38 -0400] "GET //wp-includes/theme-compat/embed.php HTTP/1.1" 403 1242 "-" "-"
193.111.248.52 - - [13/Jun/2025:13:53:38 -0400] "GET //wp-includes/widgets/ HTTP/1.1" 200 1531 "-" "-"
193.111.248.52 - - [13/Jun/2025:13:53:38 -0400] "GET //wp-includes/widgets/index.php HTTP/1.1" 301 0 "-" "-"
193.111.248.52 - - [13/Jun/2025:13:53:40 -0400] "GET / HTTP/1.1" 200 37330 "-" "-"
193.111.248.52 - - [13/Jun/2025:13:53:41 -0400] "GET //wp-logins.php HTTP/1.1" 301 0 "-" "-"
193.111.248.52 - - [13/Jun/2025:13:53:43 -0400] "GET / HTTP/1.1" 200 37330 "-" "-"
162.0.232.193 - - [13/Jun/2025:13:53:47 -0400] "POST /wp-cron.php?doing_wp_cron=1749837226.8132159709930419921875 HTTP/1.1" 200 0 "-" "WordPress/6.8.1; https://wotaku-manga.com"
193.111.248.52 - - [13/Jun/2025:13:53:44 -0400] "GET //wp-logs.php HTTP/1.1" 301 0 "-" "-"
193.111.248.52 - - [13/Jun/2025:13:53:47 -0400] "GET / HTTP/1.1" 200 37330 "-" "-"
193.111.248.52 - - [13/Jun/2025:13:53:48 -0400] "GET //ww.php HTTP/1.1" 301 0 "-" "-"
193.111.248.52 - - [13/Jun/2025:13:53:49 -0400] "GET / HTTP/1.1" 200 37330 "-" "-"
54.36.148.198 - - [13/Jun/2025:13:53:48 -0400] "GET /p1916727469.shtm HTTP/1.1" 301 0 "-" "Mozilla/5.0 (compatible; AhrefsBot/7.0; +http://ahrefs.com/robot/)"
193.111.248.52 - - [13/Jun/2025:13:53:50 -0400] "GET //wp-content/mu-plugins-old/ HTTP/1.1" 200 0 "-" "-"
193.111.248.52 - - [13/Jun/2025:13:53:50 -0400] "GET //wp-content/themes/classic/inc/ HTTP/1.1" 200 0 "-" "-"
193.111.248.52 - - [13/Jun/2025:13:53:50 -0400] "GET //wp-content/plugins/ninja-forms/ HTTP/1.1" 200 0 "-" "-"
193.111.248.52 - - [13/Jun/2025:13:53:50 -0400] "GET //wp-content/mu-plugins/ HTTP/1.1" 200 0 "-" "-"
193.111.248.52 - - [13/Jun/2025:13:53:50 -0400] "GET //ALFA_DATA/ HTTP/1.1" 301 0 "-" "-"
193.111.248.52 - - [13/Jun/2025:13:53:53 -0400] "GET / HTTP/1.1" 200 37330 "-" "-"
193.111.248.52 - - [13/Jun/2025:13:53:53 -0400] "GET //.well-knownold/ HTTP/1.1" 301 0 "-" "-"
193.111.248.52 - - [13/Jun/2025:13:53:55 -0400] "GET / HTTP/1.1" 200 37330 "-" "-"
162.0.232.193 - - [13/Jun/2025:13:53:59 -0400] "POST /wp-cron.php?doing_wp_cron=1749837238.8918840885162353515625 HTTP/1.1" 200 0 "-" "WordPress/6.8.1; https://wotaku-manga.com"
193.111.248.52 - - [13/Jun/2025:13:53:56 -0400] "GET //uploads/ HTTP/1.1" 301 0 "-" "-"
193.111.248.52 - - [13/Jun/2025:13:53:59 -0400] "GET / HTTP/1.1" 200 37330 "-" "-"
193.111.248.52 - - [13/Jun/2025:13:54:00 -0400] "GET //admin/uploads/ HTTP/1.1" 301 0 "-" "-"
193.111.248.52 - - [13/Jun/2025:13:54:03 -0400] "GET / HTTP/1.1" 200 37377 "-" "-"
193.111.248.52 - - [13/Jun/2025:13:54:04 -0400] "GET //Admin/uploads/ HTTP/1.1" 301 0 "-" "-"
193.111.248.52 - - [13/Jun/2025:13:54:06 -0400] "GET / HTTP/1.1" 200 37330 "-" "-"
54.36.149.84 - - [13/Jun/2025:13:54:04 -0400] "GET /p201026093.shtm HTTP/1.1" 301 0 "-" "Mozilla/5.0 (compatible; AhrefsBot/7.0; +http://ahrefs.com/robot/)"
162.0.232.193 - - [13/Jun/2025:13:54:03 -0400] "GET /manga/wotakoi-love-is-hard-for-otaku-chapter-22/ HTTP/1.1" 200 41730 "-" "WP Rocket/Preload"
193.111.248.52 - - [13/Jun/2025:13:54:07 -0400] "GET //upload/image/ HTTP/1.1" 301 0 "-" "-"
193.111.248.52 - - [13/Jun/2025:13:54:10 -0400] "GET / HTTP/1.1" 200 37330 "-" "-"
162.0.232.193 - - [13/Jun/2025:13:54:10 -0400] "GET /manga/wotakoi-love-is-hard-for-otaku-chapter-22/ HTTP/1.1" 200 0 "-" "WP Rocket/Preload Mozilla/5.0 (iPhone; CPU iPhone OS 9_1 like Mac OS X) AppleWebKit/601.1.46 (KHTML, like Gecko) Version/9.0 Mobile/13B143 Safari/601.1"
193.111.248.52 - - [13/Jun/2025:13:54:11 -0400] "GET //vendor/ HTTP/1.1" 301 0 "-" "-"
193.111.248.52 - - [13/Jun/2025:13:54:12 -0400] "GET / HTTP/1.1" 200 37330 "-" "-"
193.111.248.52 - - [13/Jun/2025:13:54:13 -0400] "GET //local/ HTTP/1.1" 301 0 "-" "-"
193.111.248.52 - - [13/Jun/2025:13:54:16 -0400] "GET / HTTP/1.1" 200 37330 "-" "-"
162.0.232.193 - - [13/Jun/2025:13:54:19 -0400] "POST /wp-cron.php?doing_wp_cron=1749837259.1993889808654785156250 HTTP/1.1" 200 0 "-" "WordPress/6.8.1; https://wotaku-manga.com"
193.111.248.52 - - [13/Jun/2025:13:54:16 -0400] "GET //modules/ HTTP/1.1" 301 0 "-" "-"
193.111.248.52 - - [13/Jun/2025:13:54:20 -0400] "GET / HTTP/1.1" 200 37330 "-" "-"
193.111.248.52 - - [13/Jun/2025:13:54:20 -0400] "GET //system/ HTTP/1.1" 301 0 "-" "-"
193.111.248.52 - - [13/Jun/2025:13:54:23 -0400] "GET / HTTP/1.1" 200 37330 "-" "-"
193.111.248.52 - - [13/Jun/2025:13:54:23 -0400] "GET //template/ HTTP/1.1" 301 0 "-" "-"
66.249.66.66 - - [13/Jun/2025:13:54:25 -0400] "GET /cy/wonting98221602.shtm HTTP/1.1" 200 81457 "-" "Mozilla/5.0 (Linux; Android 6.0.1; Nexus 5X Build/MMB29P) AppleWebKit/537.36 (KHTML, like Gecko) Chrome/136.0.7103.113 Mobile Safari/537.36 (compatible; Googlebot/2.1; +http://www.google.com/bot.html)"
193.111.248.52 - - [13/Jun/2025:13:54:25 -0400] "GET / HTTP/1.1" 200 37330 "-" "-"
