167.179.178.121 - - [11/Jun/2025:06:34:09 -0400] "GET /wp-content/cache/min/1/wp-content/plugins/disqus-comment-system/public/js/comment_embed.js?ver=1684511264 HTTP/1.1" 304 0 "https://wotaku-manga.com/manga/wotakoi-love-is-hard-for-otaku-chapter-86/" "Mozilla/5.0 (Macintosh; Intel Mac OS X 10_15_7) AppleWebKit/605.1.15 (KHTML, like Gecko) Version/17.8 Safari/605.1.15"
167.179.178.121 - - [11/Jun/2025:06:34:09 -0400] "GET /wp-includes/js/jquery/jquery.min.js?ver=3.7.1 HTTP/1.1" 304 0 "https://wotaku-manga.com/manga/wotakoi-love-is-hard-for-otaku-chapter-86/" "Mozilla/5.0 (Macintosh; Intel Mac OS X 10_15_7) AppleWebKit/605.1.15 (KHTML, like Gecko) Version/17.8 Safari/605.1.15"
13.74.150.244 - - [11/Jun/2025:06:34:04 -0400] "GET / HTTP/1.1" 200 37306 "-" "-"
51.222.253.18 - - [11/Jun/2025:06:34:11 -0400] "GET /td812926039.shtm HTTP/1.1" 301 0 "-" "Mozilla/5.0 (compatible; AhrefsBot/7.0; +http://ahrefs.com/robot/)"
13.74.150.244 - - [11/Jun/2025:06:34:11 -0400] "GET /wp-includes/theme-compat/chosen.php HTTP/1.1" 301 0 "-" "-"
167.179.178.121 - - [11/Jun/2025:06:34:09 -0400] "GET /manga/wotakoi-love-is-hard-for-otaku-chapter-85/ HTTP/1.1" 200 43081 "-" "Mozilla/5.0 (Macintosh; Intel Mac OS X 10_15_7) AppleWebKit/605.1.15 (KHTML, like Gecko) Version/17.8 Safari/605.1.15"
13.74.150.244 - - [11/Jun/2025:06:34:14 -0400] "GET / HTTP/1.1" 200 37330 "-" "-"
13.74.150.244 - - [11/Jun/2025:06:34:14 -0400] "GET /config.php HTTP/1.1" 301 0 "-" "-"
13.74.150.244 - - [11/Jun/2025:06:34:17 -0400] "GET / HTTP/1.1" 200 37430 "-" "-"
13.74.150.244 - - [11/Jun/2025:06:34:18 -0400] "GET /plugins.php HTTP/1.1" 301 0 "-" "-"
51.222.253.3 - - [11/Jun/2025:06:34:19 -0400] "GET /td941350231.shtm HTTP/1.1" 301 0 "-" "Mozilla/5.0 (compatible; AhrefsBot/7.0; +http://ahrefs.com/robot/)"
13.74.150.244 - - [11/Jun/2025:06:34:21 -0400] "GET / HTTP/1.1" 200 37330 "-" "-"
13.74.150.244 - - [11/Jun/2025:06:34:22 -0400] "GET /wp-content/mu-plugins/gecko.php HTTP/1.1" 200 0 "-" "-"
2a09:bac5:d455:e6::17:25f - - [11/Jun/2025:06:34:17 -0400] "GET /manga/wotaku-ni-koi-wa-muzukashii-chapter-31/ HTTP/1.1" 200 41950 "https://www.google.com/url?q=https://wotaku-manga.com/manga/wotaku-ni-koi-wa-muzukashii-chapter-31/&sa=U&sqi=2&ved=2ahUKEwip_fmslemNAxVHlFYBHS6GCWQQFnoECGoQAQ&usg=AOvVaw3DV36jpN9oUaqo5ckBrMDc" "Mozilla/5.0 (iPhone; CPU iPhone OS 17_6_1 like Mac OS X) AppleWebKit/605.1.15 (KHTML, like Gecko) GSA/371.0.763199552 Mobile/15E148 Safari/604.1"
13.74.150.244 - - [11/Jun/2025:06:34:22 -0400] "GET /wp-includes/IXR/alfa-rex.php HTTP/1.1" 301 0 "-" "-"
14.229.241.82 - - [11/Jun/2025:06:34:23 -0400] "GET /manga/wotaku-ni-koi-wa-muzukashii-chapter-31/ HTTP/1.1" 200 41972 "https://www.google.com/url?q=https://wotaku-manga.com/manga/wotaku-ni-koi-wa-muzukashii-chapter-31/&sa=U&sqi=2&ved=2ahUKEwip_fmslemNAxVHlFYBHS6GCWQQFnoECGoQAQ&usg=AOvVaw3DV36jpN9oUaqo5ckBrMDc" "Mozilla/5.0 (iPhone; CPU iPhone OS 17_6_1 like Mac OS X) AppleWebKit/605.1.15 (KHTML, like Gecko) GSA/371.0.763199552 Mobile/15E148 Safari/604.1"
13.74.150.244 - - [11/Jun/2025:06:34:24 -0400] "GET / HTTP/1.1" 200 37330 "-" "-"
14.229.241.82 - - [11/Jun/2025:06:34:24 -0400] "GET /manga/wotaku-ni-koi-wa-muzukashii-chapter-31/ HTTP/1.1" 304 0 "https://www.google.com/url?q=https://wotaku-manga.com/manga/wotaku-ni-koi-wa-muzukashii-chapter-31/&sa=U&sqi=2&ved=2ahUKEwip_fmslemNAxVHlFYBHS6GCWQQFnoECGoQAQ&usg=AOvVaw3DV36jpN9oUaqo5ckBrMDc" "Mozilla/5.0 (iPhone; CPU iPhone OS 17_6_1 like Mac OS X) AppleWebKit/605.1.15 (KHTML, like Gecko) GSA/371.0.763199552 Mobile/15E148 Safari/604.1"
13.74.150.244 - - [11/Jun/2025:06:34:25 -0400] "GET /wp-includes/certificates/index.php HTTP/1.1" 301 0 "-" "-"
51.222.253.4 - - [11/Jun/2025:06:34:25 -0400] "GET /tf884901633.shtm HTTP/1.1" 301 0 "-" "Mozilla/5.0 (compatible; AhrefsBot/7.0; +http://ahrefs.com/robot/)"
13.74.150.244 - - [11/Jun/2025:06:34:28 -0400] "GET / HTTP/1.1" 200 37330 "-" "-"
51.222.253.5 - - [11/Jun/2025:06:34:28 -0400] "GET /tf945945369.shtm HTTP/1.1" 301 0 "-" "Mozilla/5.0 (compatible; AhrefsBot/7.0; +http://ahrefs.com/robot/)"
13.74.150.244 - - [11/Jun/2025:06:34:29 -0400] "GET /.well-known/cache-compat.php HTTP/1.1" 301 0 "-" "-"
13.74.150.244 - - [11/Jun/2025:06:34:31 -0400] "GET / HTTP/1.1" 200 37330 "-" "-"
66.249.73.8 - - [11/Jun/2025:06:34:33 -0400] "GET /w/brinish1722722634.shtm HTTP/1.1" 200 81944 "-" "Mozilla/5.0 (Linux; Android 6.0.1; Nexus 5X Build/MMB29P) AppleWebKit/537.36 (KHTML, like Gecko) Chrome/136.0.7103.113 Mobile Safari/537.36 (compatible; Googlebot/2.1; +http://www.google.com/bot.html)"
14.229.241.82 - - [11/Jun/2025:06:34:29 -0400] "GET / HTTP/1.1" 200 37981 "https://wotaku-manga.com/manga/wotaku-ni-koi-wa-muzukashii-chapter-31/" "Mozilla/5.0 (iPhone; CPU iPhone OS 17_6_1 like Mac OS X) AppleWebKit/605.1.15 (KHTML, like Gecko) GSA/371.0.763199552 Mobile/15E148 Safari/604.1"
14.229.241.82 - - [11/Jun/2025:06:34:29 -0400] "GET / HTTP/1.1" 200 37981 "https://wotaku-manga.com/manga/wotaku-ni-koi-wa-muzukashii-chapter-31/" "Mozilla/5.0 (iPhone; CPU iPhone OS 17_6_1 like Mac OS X) AppleWebKit/605.1.15 (KHTML, like Gecko) GSA/371.0.763199552 Mobile/15E148 Safari/604.1"
13.74.150.244 - - [11/Jun/2025:06:34:32 -0400] "GET /ini.php HTTP/1.1" 301 0 "-" "-"
13.74.150.244 - - [11/Jun/2025:06:34:36 -0400] "GET / HTTP/1.1" 200 37330 "-" "-"
66.249.73.8 - - [11/Jun/2025:06:34:35 -0400] "GET /r/minimized/1722156243.shtm HTTP/1.1" 200 81425 "-" "Mozilla/5.0 (Linux; Android 6.0.1; Nexus 5X Build/MMB29P) AppleWebKit/537.36 (KHTML, like Gecko) Chrome/136.0.7103.113 Mobile Safari/537.36 (compatible; GoogleOther)"
51.222.253.2 - - [11/Jun/2025:06:34:36 -0400] "GET /tl1964519607.shtm HTTP/1.1" 301 0 "-" "Mozilla/5.0 (compatible; AhrefsBot/7.0; +http://ahrefs.com/robot/)"
13.74.150.244 - - [11/Jun/2025:06:34:37 -0400] "GET /chosen.php HTTP/1.1" 301 0 "-" "-"
14.229.241.82 - - [11/Jun/2025:06:34:33 -0400] "GET / HTTP/1.1" 200 37981 "https://wotaku-manga.com/manga/wotaku-ni-koi-wa-muzukashii-chapter-31/" "Mozilla/5.0 (iPhone; CPU iPhone OS 17_6_1 like Mac OS X) AppleWebKit/605.1.15 (KHTML, like Gecko) GSA/371.0.763199552 Mobile/15E148 Safari/604.1"
13.74.150.244 - - [11/Jun/2025:06:34:41 -0400] "GET / HTTP/1.1" 200 37330 "-" "-"
14.229.241.82 - - [11/Jun/2025:06:34:34 -0400] "GET / HTTP/1.1" 200 37981 "https://wotaku-manga.com/manga/wotaku-ni-koi-wa-muzukashii-chapter-31/" "Mozilla/5.0 (iPhone; CPU iPhone OS 17_6_1 like Mac OS X) AppleWebKit/605.1.15 (KHTML, like Gecko) GSA/371.0.763199552 Mobile/15E148 Safari/604.1"
13.74.150.244 - - [11/Jun/2025:06:34:43 -0400] "GET /wp-admin/wp-conflg.php HTTP/1.1" 200 186 "-" "-"
13.74.150.244 - - [11/Jun/2025:06:34:43 -0400] "GET /wp-admin/function.php HTTP/1.1" 200 186 "-" "-"
13.74.150.244 - - [11/Jun/2025:06:34:45 -0400] "GET /wp-admin/cloud.php HTTP/1.1" 200 186 "-" "-"
162.0.232.193 - - [11/Jun/2025:06:34:48 -0400] "POST /wp-cron.php?doing_wp_cron=1749638087.8512260913848876953125 HTTP/1.1" 200 0 "-" "WordPress/6.8.1; https://wotaku-manga.com"
13.74.150.244 - - [11/Jun/2025:06:34:46 -0400] "GET /packed.php HTTP/1.1" 301 0 "-" "-"
162.0.232.193 - - [11/Jun/2025:06:34:49 -0400] "POST /wp-cron.php?doing_wp_cron=1749638089.3367319107055664062500 HTTP/1.1" 200 0 "-" "WordPress/6.8.1; https://wotaku-manga.com"
13.74.150.244 - - [11/Jun/2025:06:34:49 -0400] "GET / HTTP/1.1" 200 37330 "-" "-"
51.222.253.7 - - [11/Jun/2025:06:34:46 -0400] "GET /tl85453301.shtm HTTP/1.1" 301 0 "-" "Mozilla/5.0 (compatible; AhrefsBot/7.0; +http://ahrefs.com/robot/)"
13.74.150.244 - - [11/Jun/2025:06:34:51 -0400] "GET /wp-admin/js/admin.php HTTP/1.1" 200 186 "-" "-"
13.74.150.244 - - [11/Jun/2025:06:34:51 -0400] "GET /wp-includes/images/autoload_classmap.php HTTP/1.1" 301 0 "-" "-"
13.74.150.244 - - [11/Jun/2025:06:34:53 -0400] "GET / HTTP/1.1" 200 37330 "-" "-"
14.229.241.82 - - [11/Jun/2025:06:34:49 -0400] "GET /manga/wotakoi-love-is-hard-for-otaku-chapter-75-5/ HTTP/1.1" 200 42222 "https://wotaku-manga.com/" "Mozilla/5.0 (iPhone; CPU iPhone OS 17_6_1 like Mac OS X) AppleWebKit/605.1.15 (KHTML, like Gecko) GSA/371.0.763199552 Mobile/15E148 Safari/604.1"
13.74.150.244 - - [11/Jun/2025:06:34:55 -0400] "GET /shell20211028.php HTTP/1.1" 301 0 "-" "-"
13.74.150.244 - - [11/Jun/2025:06:34:57 -0400] "GET / HTTP/1.1" 200 37330 "-" "-"
162.0.232.193 - - [11/Jun/2025:06:34:59 -0400] "POST /wp-cron.php?doing_wp_cron=1749638099.3174560070037841796875 HTTP/1.1" 200 0 "-" "WordPress/6.8.1; https://wotaku-manga.com"
51.222.253.11 - - [11/Jun/2025:06:34:57 -0400] "GET /tn/627525197.shtm HTTP/1.1" 301 0 "-" "Mozilla/5.0 (compatible; AhrefsBot/7.0; +http://ahrefs.com/robot/)"
13.74.150.244 - - [11/Jun/2025:06:34:58 -0400] "GET /wp-includes/ID3/index.php HTTP/1.1" 301 0 "-" "-"
13.74.150.244 - - [11/Jun/2025:06:35:01 -0400] "GET / HTTP/1.1" 200 37330 "-" "-"
13.74.150.244 - - [11/Jun/2025:06:35:02 -0400] "GET /wp-content/config.php HTTP/1.1" 200 0 "-" "-"
66.249.73.8 - - [11/Jun/2025:06:35:01 -0400] "GET /e/1722641384.shtm HTTP/1.1" 200 81412 "-" "Mozilla/5.0 (Linux; Android 6.0.1; Nexus 5X Build/MMB29P) AppleWebKit/537.36 (KHTML, like Gecko) Chrome/136.0.7103.113 Mobile Safari/537.36 (compatible; Googlebot/2.1; +http://www.google.com/bot.html)"
13.74.150.244 - - [11/Jun/2025:06:35:03 -0400] "GET /wp-includes/IXR/shell.php HTTP/1.1" 301 0 "-" "-"
216.73.216.209 - - [11/Jun/2025:06:35:05 -0400] "GET /sitemap-child-1720.xml HTTP/1.1" 200 11272 "-" "Mozilla/5.0 AppleWebKit/537.36 (KHTML, like Gecko; compatible; ClaudeBot/1.0; [email protected])"
13.74.150.244 - - [11/Jun/2025:06:35:06 -0400] "GET / HTTP/1.1" 200 37330 "-" "-"
51.222.253.9 - - [11/Jun/2025:06:35:06 -0400] "GET /tn1049251827.shtm HTTP/1.1" 301 0 "-" "Mozilla/5.0 (compatible; AhrefsBot/7.0; +http://ahrefs.com/robot/)"
13.74.150.244 - - [11/Jun/2025:06:35:09 -0400] "GET /13.php HTTP/1.1" 301 0 "-" "-"
13.74.150.244 - - [11/Jun/2025:06:35:12 -0400] "GET / HTTP/1.1" 200 37330 "-" "-"
51.222.253.14 - - [11/Jun/2025:06:35:13 -0400] "GET /tn427020815.shtm HTTP/1.1" 301 0 "-" "Mozilla/5.0 (compatible; AhrefsBot/7.0; +http://ahrefs.com/robot/)"
13.74.150.244 - - [11/Jun/2025:06:35:13 -0400] "GET /file.php HTTP/1.1" 301 0 "-" "-"
13.74.150.244 - - [11/Jun/2025:06:35:15 -0400] "GET / HTTP/1.1" 200 37330 "-" "-"
162.0.232.193 - - [11/Jun/2025:06:35:18 -0400] "POST /wp-cron.php?doing_wp_cron=1749638118.3400559425354003906250 HTTP/1.1" 200 0 "-" "WordPress/6.8.1; https://wotaku-manga.com"
13.74.150.244 - - [11/Jun/2025:06:35:16 -0400] "GET /goat1.php HTTP/1.1" 301 0 "-" "-"
13.74.150.244 - - [11/Jun/2025:06:35:19 -0400] "GET / HTTP/1.1" 200 37330 "-" "-"
13.74.150.244 - - [11/Jun/2025:06:35:20 -0400] "GET /.well-known/content.php HTTP/1.1" 301 0 "-" "-"
13.74.150.244 - - [11/Jun/2025:06:35:21 -0400] "GET / HTTP/1.1" 200 37330 "-" "-"
13.74.150.244 - - [11/Jun/2025:06:35:22 -0400] "GET /wp-admin/network/index.php HTTP/1.1" 403 1242 "-" "-"
51.222.253.2 - - [11/Jun/2025:06:35:22 -0400] "GET /tn491673273.shtm HTTP/1.1" 301 0 "-" "Mozilla/5.0 (compatible; AhrefsBot/7.0; +http://ahrefs.com/robot/)"
13.74.150.244 - - [11/Jun/2025:06:35:22 -0400] "GET /assets/images/about.php HTTP/1.1" 301 0 "-" "-"
167.179.178.121 - - [11/Jun/2025:06:35:22 -0400] "GET /manga/wotakoi-love-is-hard-for-otaku-chapter-84/ HTTP/1.1" 200 44970 "-" "Mozilla/5.0 (Macintosh; Intel Mac OS X 10_15_7) AppleWebKit/605.1.15 (KHTML, like Gecko) Version/17.8 Safari/605.1.15"
13.74.150.244 - - [11/Jun/2025:06:35:24 -0400] "GET / HTTP/1.1" 200 37330 "-" "-"
13.74.150.244 - - [11/Jun/2025:06:35:25 -0400] "GET /wp-links.php HTTP/1.1" 301 0 "-" "-"
13.74.150.244 - - [11/Jun/2025:06:35:26 -0400] "GET / HTTP/1.1" 200 37330 "-" "-"
13.74.150.244 - - [11/Jun/2025:06:35:28 -0400] "GET /wp-content/themes/wp-pridmag/up.php HTTP/1.1" 200 0 "-" "-"
13.74.150.244 - - [11/Jun/2025:06:35:28 -0400] "GET /wp-admin/index.php HTTP/1.1" 200 186 "-" "-"
13.74.150.244 - - [11/Jun/2025:06:35:28 -0400] "GET /doc.php HTTP/1.1" 301 0 "-" "-"
13.74.150.244 - - [11/Jun/2025:06:35:30 -0400] "GET / HTTP/1.1" 200 37330 "-" "-"
51.222.253.5 - - [11/Jun/2025:06:35:29 -0400] "GET /tn836390841.shtm HTTP/1.1" 301 0 "-" "Mozilla/5.0 (compatible; AhrefsBot/7.0; +http://ahrefs.com/robot/)"
13.74.150.244 - - [11/Jun/2025:06:35:30 -0400] "GET /themes.php HTTP/1.1" 301 0 "-" "-"
66.249.73.8 - - [11/Jun/2025:06:35:30 -0400] "GET /miu/detail/massorete/1722557454.shtm HTTP/1.1" 200 83538 "-" "Mozilla/5.0 (Linux; Android 6.0.1; Nexus 5X Build/MMB29P) AppleWebKit/537.36 (KHTML, like Gecko) Chrome/136.0.7103.113 Mobile Safari/537.36 (compatible; Googlebot/2.1; +http://www.google.com/bot.html)"
13.74.150.244 - - [11/Jun/2025:06:35:32 -0400] "GET / HTTP/1.1" 200 37330 "-" "-"
13.74.150.244 - - [11/Jun/2025:06:35:33 -0400] "GET /wp-content/themes/twentytwentytwo/alfa-rex.php HTTP/1.1" 200 0 "-" "-"
13.74.150.244 - - [11/Jun/2025:06:35:33 -0400] "GET /wp-admin/css/colors/blue/moon.php HTTP/1.1" 200 186 "-" "-"
13.74.150.244 - - [11/Jun/2025:06:35:33 -0400] "GET /dropdown.php HTTP/1.1" 301 0 "-" "-"
13.74.150.244 - - [11/Jun/2025:06:35:36 -0400] "GET / HTTP/1.1" 200 37330 "-" "-"
51.222.253.19 - - [11/Jun/2025:06:35:35 -0400] "GET /tn941105139.shtm HTTP/1.1" 301 0 "-" "Mozilla/5.0 (compatible; AhrefsBot/7.0; +http://ahrefs.com/robot/)"
13.74.150.244 - - [11/Jun/2025:06:35:37 -0400] "GET /.well-known/acme-challenge/classwithtostring.php HTTP/1.1" 301 0 "-" "-"
13.74.150.244 - - [11/Jun/2025:06:35:39 -0400] "GET / HTTP/1.1" 200 37330 "-" "-"
13.74.150.244 - - [11/Jun/2025:06:35:40 -0400] "GET /wp-content/plugins/Cache/footer.php HTTP/1.1" 200 0 "-" "-"
13.74.150.244 - - [11/Jun/2025:06:35:40 -0400] "GET /admin/controller/extension/extension/blue.php HTTP/1.1" 301 0 "-" "-"
51.222.253.6 - - [11/Jun/2025:06:35:41 -0400] "GET /tp/789040189.shtm HTTP/1.1" 301 0 "-" "Mozilla/5.0 (compatible; AhrefsBot/7.0; +http://ahrefs.com/robot/)"
13.74.150.244 - - [11/Jun/2025:06:35:43 -0400] "GET / HTTP/1.1" 200 37330 "-" "-"
162.0.232.193 - - [11/Jun/2025:06:35:47 -0400] "POST /wp-cron.php?doing_wp_cron=1749638146.8232960700988769531250 HTTP/1.1" 200 0 "-" "WordPress/6.8.1; https://wotaku-manga.com"
13.74.150.244 - - [11/Jun/2025:06:35:44 -0400] "GET /hoot.php HTTP/1.1" 301 0 "-" "-"
13.74.150.244 - - [11/Jun/2025:06:35:48 -0400] "GET / HTTP/1.1" 200 37330 "-" "-"
51.222.253.4 - - [11/Jun/2025:06:35:49 -0400] "GET /tp1544236397.shtm HTTP/1.1" 301 0 "-" "Mozilla/5.0 (compatible; AhrefsBot/7.0; +http://ahrefs.com/robot/)"
13.74.150.244 - - [11/Jun/2025:06:35:50 -0400] "GET /wp-mail.php HTTP/1.1" 403 942 "-" "-"
14.229.241.82 - - [11/Jun/2025:06:35:47 -0400] "GET /manga/wotakoi-love-is-hard-for-otaku-chapter-76/ HTTP/1.1" 200 42559 "https://wotaku-manga.com/manga/wotakoi-love-is-hard-for-otaku-chapter-75-5/" "Mozilla/5.0 (iPhone; CPU iPhone OS 17_6_1 like Mac OS X) AppleWebKit/605.1.15 (KHTML, like Gecko) GSA/371.0.763199552 Mobile/15E148 Safari/604.1"
14.229.241.82 - - [11/Jun/2025:06:35:56 -0400] "GET /manga/wotakoi-love-is-hard-for-otaku-chapter-76/ HTTP/1.1" 200 42584 "https://wotaku-manga.com/manga/wotakoi-love-is-hard-for-otaku-chapter-75-5/" "Mozilla/5.0 (iPhone; CPU iPhone OS 17_6_1 like Mac OS X) AppleWebKit/605.1.15 (KHTML, like Gecko) GSA/371.0.763199552 Mobile/15E148 Safari/604.1"
14.229.241.82 - - [11/Jun/2025:06:35:48 -0400] "GET /manga/wotakoi-love-is-hard-for-otaku-chapter-76/ HTTP/1.1" 200 42559 "https://wotaku-manga.com/manga/wotakoi-love-is-hard-for-otaku-chapter-75-5/" "Mozilla/5.0 (iPhone; CPU iPhone OS 17_6_1 like Mac OS X) AppleWebKit/605.1.15 (KHTML, like Gecko) GSA/371.0.763199552 Mobile/15E148 Safari/604.1"
51.222.253.17 - - [11/Jun/2025:06:35:56 -0400] "GET /tpd140705971.shtm HTTP/1.1" 301 0 "-" "Mozilla/5.0 (compatible; AhrefsBot/7.0; +http://ahrefs.com/robot/)"
66.249.73.7 - - [11/Jun/2025:06:35:57 -0400] "GET /dp/1725016659.shtm HTTP/1.1" 200 81420 "-" "Mozilla/5.0 (Linux; Android 6.0.1; Nexus 5X Build/MMB29P) AppleWebKit/537.36 (KHTML, like Gecko) Chrome/136.0.7103.113 Mobile Safari/537.36 (compatible; GoogleOther)"
162.0.232.193 - - [11/Jun/2025:06:35:58 -0400] "POST /wp-cron.php?doing_wp_cron=1749638158.0481429100036621093750 HTTP/1.1" 200 0 "-" "WordPress/6.8.1; https://wotaku-manga.com"
13.74.150.244 - - [11/Jun/2025:06:35:55 -0400] "GET /user.php HTTP/1.1" 301 0 "-" "-"
13.74.150.244 - - [11/Jun/2025:06:36:00 -0400] "GET / HTTP/1.1" 200 37330 "-" "-"
13.74.150.244 - - [11/Jun/2025:06:36:02 -0400] "GET /wp-content/themes/sketch/404.php HTTP/1.1" 200 0 "-" "-"
13.74.150.244 - - [11/Jun/2025:06:36:03 -0400] "GET /wp-content/plugins/google-seo-rank/module.php HTTP/1.1" 200 0 "-" "-"
51.222.253.13 - - [11/Jun/2025:06:36:02 -0400] "GET /tr/410702985.shtm HTTP/1.1" 301 0 "-" "Mozilla/5.0 (compatible; AhrefsBot/7.0; +http://ahrefs.com/robot/)"
13.74.150.244 - - [11/Jun/2025:06:36:03 -0400] "GET /wp-includes/theme-compat/index.php HTTP/1.1" 301 0 "-" "-"
13.74.150.244 - - [11/Jun/2025:06:36:08 -0400] "GET / HTTP/1.1" 200 37330 "-" "-"
13.74.150.244 - - [11/Jun/2025:06:36:10 -0400] "GET /wp-activate.php HTTP/1.1" 302 0 "-" "-"
13.74.150.244 - - [11/Jun/2025:06:36:14 -0400] "GET /wp-login.php?action=register HTTP/1.1" 302 0 "-" "-"
13.74.150.244 - - [11/Jun/2025:06:36:16 -0400] "GET /wp-login.php?registration=disabled HTTP/1.1" 200 1983 "-" "-"
66.249.73.7 - - [11/Jun/2025:06:36:18 -0400] "GET /manga/wotaku-ni-koi-wa-muzukashii-chapter-24/ HTTP/1.1" 200 81387 "-" "Mozilla/5.0 (Linux; Android 6.0.1; Nexus 5X Build/MMB29P) AppleWebKit/537.36 (KHTML, like Gecko) Chrome/136.0.7103.113 Mobile Safari/537.36 (compatible; Googlebot/2.1; +http://www.google.com/bot.html)"
162.0.232.193 - - [11/Jun/2025:06:36:19 -0400] "POST /wp-cron.php?doing_wp_cron=1749638178.9691820144653320312500 HTTP/1.1" 200 0 "-" "WordPress/6.8.1; https://wotaku-manga.com"
51.222.253.9 - - [11/Jun/2025:06:36:18 -0400] "GET /tr1231801913.shtm HTTP/1.1" 301 0 "-" "Mozilla/5.0 (compatible; AhrefsBot/7.0; +http://ahrefs.com/robot/)"
13.74.150.244 - - [11/Jun/2025:06:36:17 -0400] "GET /assets/plugins/jquery-file-upload/server/php/include.php HTTP/1.1" 301 0 "-" "-"
13.74.150.244 - - [11/Jun/2025:06:36:19 -0400] "GET / HTTP/1.1" 200 37385 "-" "-"
13.74.150.244 - - [11/Jun/2025:06:36:20 -0400] "GET /wp-content/uploads/2024/index.php HTTP/1.1" 200 0 "-" "-"
66.249.73.7 - - [11/Jun/2025:06:36:20 -0400] "GET /n/products/proposed/1722348189.shtm HTTP/1.1" 200 81643 "-" "Mozilla/5.0 (Linux; Android 6.0.1; Nexus 5X Build/MMB29P) AppleWebKit/537.36 (KHTML, like Gecko) Chrome/136.0.7103.113 Mobile Safari/537.36 (compatible; Googlebot/2.1; +http://www.google.com/bot.html)"
13.74.150.244 - - [11/Jun/2025:06:36:20 -0400] "GET /wp-includes/images/smilies/wp-login.php HTTP/1.1" 301 0 "-" "-"
13.74.150.244 - - [11/Jun/2025:06:36:22 -0400] "GET / HTTP/1.1" 200 37330 "-" "-"
13.74.150.244 - - [11/Jun/2025:06:36:23 -0400] "GET /admin-post.php HTTP/1.1" 301 0 "-" "-"
13.74.150.244 - - [11/Jun/2025:06:36:24 -0400] "GET / HTTP/1.1" 200 37330 "-" "-"
13.74.150.244 - - [11/Jun/2025:06:36:24 -0400] "GET /wp-includes/js/crop/shell.php HTTP/1.1" 301 0 "-" "-"
13.74.150.244 - - [11/Jun/2025:06:36:25 -0400] "GET / HTTP/1.1" 200 37330 "-" "-"
13.74.150.244 - - [11/Jun/2025:06:36:26 -0400] "GET /adminfuns.php7 HTTP/1.1" 301 0 "-" "-"
13.74.150.244 - - [11/Jun/2025:06:36:27 -0400] "GET / HTTP/1.1" 200 37330 "-" "-"
51.222.253.16 - - [11/Jun/2025:06:36:29 -0400] "GET /tr1544483009.shtm HTTP/1.1" 301 0 "-" "Mozilla/5.0 (compatible; AhrefsBot/7.0; +http://ahrefs.com/robot/)"
13.74.150.244 - - [11/Jun/2025:06:36:28 -0400] "GET /wp-includes/style-engine/wp-login.php HTTP/1.1" 301 0 "-" "-"
13.74.150.244 - - [11/Jun/2025:06:36:30 -0400] "GET / HTTP/1.1" 200 37330 "-" "-"
13.74.150.244 - - [11/Jun/2025:06:36:31 -0400] "GET /admin/function.php HTTP/1.1" 301 0 "-" "-"
13.74.150.244 - - [11/Jun/2025:06:36:33 -0400] "GET / HTTP/1.1" 200 37330 "-" "-"
13.74.150.244 - - [11/Jun/2025:06:36:35 -0400] "GET /wp-blog-header.php HTTP/1.1" 301 0 "-" "-"
13.74.150.244 - - [11/Jun/2025:06:36:38 -0400] "GET / HTTP/1.1" 200 37330 "-" "-"
51.222.253.7 - - [11/Jun/2025:06:36:37 -0400] "GET /tr1739742827.shtm HTTP/1.1" 301 0 "-" "Mozilla/5.0 (compatible; AhrefsBot/7.0; +http://ahrefs.com/robot/)"
13.74.150.244 - - [11/Jun/2025:06:36:39 -0400] "GET /content.php HTTP/1.1" 301 0 "-" "-"
13.74.150.244 - - [11/Jun/2025:06:36:42 -0400] "GET / HTTP/1.1" 200 37330 "-" "-"
66.249.73.7 - - [11/Jun/2025:06:36:44 -0400] "GET /hsf/1722501513.shtm HTTP/1.1" 200 81578 "-" "Mozilla/5.0 (Linux; Android 6.0.1; Nexus 5X Build/MMB29P) AppleWebKit/537.36 (KHTML, like Gecko) Chrome/136.0.7103.113 Mobile Safari/537.36 (compatible; Googlebot/2.1; +http://www.google.com/bot.html)"
66.249.73.7 - - [11/Jun/2025:06:36:46 -0400] "GET /cac/item/superregal/1722445064.shtm HTTP/1.1" 200 81874 "-" "Mozilla/5.0 (Linux; Android 6.0.1; Nexus 5X Build/MMB29P) AppleWebKit/537.36 (KHTML, like Gecko) Chrome/136.0.7103.113 Mobile Safari/537.36 (compatible; Googlebot/2.1; +http://www.google.com/bot.html)"
66.249.73.8 - - [11/Jun/2025:06:36:48 -0400] "GET /t/shopping/firlot/1722264297.shtm HTTP/1.1" 200 81440 "-" "Mozilla/5.0 (Linux; Android 6.0.1; Nexus 5X Build/MMB29P) AppleWebKit/537.36 (KHTML, like Gecko) Chrome/136.0.7103.113 Mobile Safari/537.36 (compatible; Googlebot/2.1; +http://www.google.com/bot.html)"
162.0.232.193 - - [11/Jun/2025:06:36:51 -0400] "POST /wp-cron.php?doing_wp_cron=1749638205.1540958881378173828125 HTTP/1.1" 200 0 "-" "WordPress/6.8.1; https://wotaku-manga.com"
66.249.74.165 - - [11/Jun/2025:06:36:50 -0400] "GET /tsz/50478895.shtm HTTP/1.1" 200 81550 "-" "Mozilla/5.0 (Linux; Android 6.0.1; Nexus 5X Build/MMB29P) AppleWebKit/537.36 (KHTML, like Gecko) Chrome/136.0.7103.113 Mobile Safari/537.36 (compatible; Googlebot/2.1; +http://www.google.com/bot.html)"
13.74.150.244 - - [11/Jun/2025:06:36:44 -0400] "GET /fw.php HTTP/1.1" 200 0 "-" "-"
51.222.253.11 - - [11/Jun/2025:06:36:42 -0400] "GET /trn426827505.shtm HTTP/1.1" 301 0 "-" "Mozilla/5.0 (compatible; AhrefsBot/7.0; +http://ahrefs.com/robot/)"
13.74.150.244 - - [11/Jun/2025:06:36:54 -0400] "GET /wp.php HTTP/1.1" 301 0 "-" "-"
13.74.150.244 - - [11/Jun/2025:06:37:02 -0400] "GET / HTTP/1.1" 200 37330 "-" "-"
51.222.253.17 - - [11/Jun/2025:06:36:50 -0400] "GET /tv/37999333.shtm HTTP/1.1" 301 0 "-" "Mozilla/5.0 (compatible; AhrefsBot/7.0; +http://ahrefs.com/robot/)"
13.74.150.244 - - [11/Jun/2025:06:37:04 -0400] "GET /wp-login.php HTTP/1.1" 200 1915 "-" "-"
47.238.14.0 - - [11/Jun/2025:06:37:05 -0400] "GET /manga/wotaku-ni-koi-wa-muzukashii-chapter-81 HTTP/1.1" 301 0 "-" "Mozilla/5.0 (Macintosh; Intel Mac OS X 10_15_7) AppleWebKit/537.36 (KHTML, like Gecko) Chrome/109.0.0.0 Safari/537.36"
51.222.253.15 - - [11/Jun/2025:06:36:59 -0400] "GET /tv/491390297.shtm HTTP/1.1" 301 0 "-" "Mozilla/5.0 (compatible; AhrefsBot/7.0; +http://ahrefs.com/robot/)"
47.238.14.0 - - [11/Jun/2025:06:37:11 -0400] "GET / HTTP/1.1" 200 37349 "https://wotaku-manga.com/manga/wotaku-ni-koi-wa-muzukashii-chapter-81" "Mozilla/5.0 (Macintosh; Intel Mac OS X 10_15_7) AppleWebKit/537.36 (KHTML, like Gecko) Chrome/109.0.0.0 Safari/537.36"
13.74.150.244 - - [11/Jun/2025:06:37:11 -0400] "GET /wp-p.php7 HTTP/1.1" 301 0 "-" "-"
66.249.73.7 - - [11/Jun/2025:06:37:16 -0400] "GET /rx/detail/assumably/1722173853.shtm HTTP/1.1" 200 81765 "-" "Mozilla/5.0 (Linux; Android 6.0.1; Nexus 5X Build/MMB29P) AppleWebKit/537.36 (KHTML, like Gecko) Chrome/136.0.7103.113 Mobile Safari/537.36 (compatible; Googlebot/2.1; +http://www.google.com/bot.html)"
13.74.150.244 - - [11/Jun/2025:06:37:19 -0400] "GET / HTTP/1.1" 200 37330 "-" "-"
51.222.253.2 - - [11/Jun/2025:06:37:08 -0400] "GET /tv103408365.shtm HTTP/1.1" 301 0 "-" "Mozilla/5.0 (compatible; AhrefsBot/7.0; +http://ahrefs.com/robot/)"
51.222.253.5 - - [11/Jun/2025:06:37:21 -0400] "GET /tv2000059069.shtm HTTP/1.1" 301 0 "-" "Mozilla/5.0 (compatible; AhrefsBot/7.0; +http://ahrefs.com/robot/)"
13.74.150.244 - - [11/Jun/2025:06:37:20 -0400] "GET /shell.php HTTP/1.1" 301 0 "-" "-"
13.74.150.244 - - [11/Jun/2025:06:37:26 -0400] "GET / HTTP/1.1" 200 37330 "-" "-"
13.74.150.244 - - [11/Jun/2025:06:37:28 -0400] "GET /.well-known/acme-challenge/wso112233.php HTTP/1.1" 301 0 "-" "-"
13.74.150.244 - - [11/Jun/2025:06:37:37 -0400] "GET / HTTP/1.1" 200 37330 "-" "-"
13.74.150.244 - - [11/Jun/2025:06:37:38 -0400] "GET /wp-admin/css/colors/classwithtostring.php HTTP/1.1" 200 186 "-" "-"
13.74.150.244 - - [11/Jun/2025:06:37:38 -0400] "GET /cgi-bin/upfile.php HTTP/1.1" 403 1242 "-" "-"
13.74.150.244 - - [11/Jun/2025:06:37:38 -0400] "GET /wp-admin/maint/buy.php HTTP/1.1" 200 186 "-" "-"
13.74.150.244 - - [11/Jun/2025:06:37:38 -0400] "GET /wp-content/plugins/pwnd/classwithtostring.php HTTP/1.1" 200 0 "-" "-"
13.74.150.244 - - [11/Jun/2025:06:37:39 -0400] "GET /wp-content/plugins/seoplugins/mar.php HTTP/1.1" 200 0 "-" "-"
51.222.253.6 - - [11/Jun/2025:06:37:31 -0400] "GET /tv235704997.shtm HTTP/1.1" 301 0 "-" "Mozilla/5.0 (compatible; AhrefsBot/7.0; +http://ahrefs.com/robot/)"
66.249.73.15 - - [11/Jun/2025:06:37:43 -0400] "GET /e/blindfolded1722465052.shtm HTTP/1.1" 200 82785 "-" "Mozilla/5.0 (Linux; Android 6.0.1; Nexus 5X Build/MMB29P) AppleWebKit/537.36 (KHTML, like Gecko) Chrome/136.0.7103.113 Mobile Safari/537.36 (compatible; Googlebot/2.1; +http://www.google.com/bot.html)"
13.74.150.244 - - [11/Jun/2025:06:37:39 -0400] "GET /wp-includes/sodium_compat/autoload_classmap.php/wp-includes/images/smilies/about.php HTTP/1.1" 301 0 "-" "-"
13.74.150.244 - - [11/Jun/2025:06:37:46 -0400] "GET / HTTP/1.1" 200 37330 "-" "-"
66.249.73.15 - - [11/Jun/2025:06:37:46 -0400] "GET /tun/products/blunder/1722580821.shtm HTTP/1.1" 200 81671 "-" "Mozilla/5.0 (Linux; Android 6.0.1; Nexus 5X Build/MMB29P) AppleWebKit/537.36 (KHTML, like Gecko) Chrome/136.0.7103.113 Mobile Safari/537.36 (compatible; Googlebot/2.1; +http://www.google.com/bot.html)"
162.0.232.193 - - [11/Jun/2025:06:37:54 -0400] "POST /wp-cron.php?doing_wp_cron=1749638273.5271420478820800781250 HTTP/1.1" 200 0 "-" "WordPress/6.8.1; https://wotaku-manga.com"
162.0.232.193 - - [11/Jun/2025:06:37:54 -0400] "POST /wp-cron.php?doing_wp_cron=1749638274.2302119731903076171875 HTTP/1.1" 200 0 "-" "WordPress/6.8.1; https://wotaku-manga.com"
51.222.253.17 - - [11/Jun/2025:06:37:41 -0400] "GET /tv776965145.shtm HTTP/1.1" 301 0 "-" "Mozilla/5.0 (compatible; AhrefsBot/7.0; +http://ahrefs.com/robot/)"
13.74.150.244 - - [11/Jun/2025:06:37:48 -0400] "GET /wp-includes/random_compat/chosen.php HTTP/1.1" 301 0 "-" "-"
162.0.232.193 - - [11/Jun/2025:06:37:56 -0400] "POST /wp-cron.php?doing_wp_cron=1749638275.7481429576873779296875 HTTP/1.1" 200 0 "-" "WordPress/6.8.1; https://wotaku-manga.com"
51.222.253.1 - - [11/Jun/2025:06:37:51 -0400] "GET /tvr7283579.shtm HTTP/1.1" 301 0 "-" "Mozilla/5.0 (compatible; AhrefsBot/7.0; +http://ahrefs.com/robot/)"
14.229.241.82 - - [11/Jun/2025:06:37:56 -0400] "GET /manga/wotakoi-love-is-hard-for-otaku-chapter-75-5/ HTTP/1.1" 304 0 "https://wotaku-manga.com/manga/wotakoi-love-is-hard-for-otaku-chapter-76/" "Mozilla/5.0 (iPhone; CPU iPhone OS 17_6_1 like Mac OS X) AppleWebKit/605.1.15 (KHTML, like Gecko) GSA/371.0.763199552 Mobile/15E148 Safari/604.1"
13.74.150.244 - - [11/Jun/2025:06:37:56 -0400] "GET / HTTP/1.1" 200 37330 "-" "-"
13.74.150.244 - - [11/Jun/2025:06:37:58 -0400] "GET /images/admin.php HTTP/1.1" 301 0 "-" "-"
13.74.150.244 - - [11/Jun/2025:06:38:07 -0400] "GET / HTTP/1.1" 200 0 "-" "-"
51.222.253.20 - - [11/Jun/2025:06:38:00 -0400] "GET /tz1956705087.shtm HTTP/1.1" 301 0 "-" "Mozilla/5.0 (compatible; AhrefsBot/7.0; +http://ahrefs.com/robot/)"
66.249.73.15 - - [11/Jun/2025:06:38:12 -0400] "GET /o/item/webworms/1722313724.shtm HTTP/1.1" 200 81479 "-" "Mozilla/5.0 (Linux; Android 6.0.1; Nexus 5X Build/MMB29P) AppleWebKit/537.36 (KHTML, like Gecko) Chrome/136.0.7103.113 Mobile Safari/537.36 (compatible; Googlebot/2.1; +http://www.google.com/bot.html)"
51.222.253.5 - - [11/Jun/2025:06:38:08 -0400] "GET /u/1117283912.shtm HTTP/1.1" 301 0 "-" "Mozilla/5.0 (compatible; AhrefsBot/7.0; +http://ahrefs.com/robot/)"
14.229.241.82 - - [11/Jun/2025:06:37:53 -0400] "GET /manga/wotakoi-love-is-hard-for-otaku-chapter-77/ HTTP/1.1" 200 42942 "https://wotaku-manga.com/manga/wotakoi-love-is-hard-for-otaku-chapter-76/" "Mozilla/5.0 (iPhone; CPU iPhone OS 17_6_1 like Mac OS X) AppleWebKit/605.1.15 (KHTML, like Gecko) GSA/371.0.763199552 Mobile/15E148 Safari/604.1"
14.229.241.82 - - [11/Jun/2025:06:38:01 -0400] "GET /manga/wotakoi-love-is-hard-for-otaku-chapter-77/ HTTP/1.1" 200 42943 "https://wotaku-manga.com/manga/wotakoi-love-is-hard-for-otaku-chapter-76/" "Mozilla/5.0 (iPhone; CPU iPhone OS 17_6_1 like Mac OS X) AppleWebKit/605.1.15 (KHTML, like Gecko) GSA/371.0.763199552 Mobile/15E148 Safari/604.1"
13.74.150.244 - - [11/Jun/2025:06:38:08 -0400] "GET /wp-includes/autoload_classmap.php HTTP/1.1" 301 0 "-" "-"
162.0.232.193 - - [11/Jun/2025:06:38:18 -0400] "POST /wp-cron.php?doing_wp_cron=1749638298.2276771068572998046875 HTTP/1.1" 200 0 "-" "WordPress/6.8.1; https://wotaku-manga.com"
51.222.253.7 - - [11/Jun/2025:06:38:15 -0400] "GET /u/153257896.shtm HTTP/1.1" 301 0 "-" "Mozilla/5.0 (compatible; AhrefsBot/7.0; +http://ahrefs.com/robot/)"
13.74.150.244 - - [11/Jun/2025:06:38:18 -0400] "GET /wp-includes/pomo/rk2.php HTTP/1.1" 301 0 "-" "-"
13.74.150.244 - - [11/Jun/2025:06:38:24 -0400] "GET / HTTP/1.1" 200 37330 "-" "-"
14.229.241.82 - - [11/Jun/2025:06:38:11 -0400] "GET /manga/wotakoi-love-is-hard-for-otaku-chapter-77/ HTTP/1.1" 200 42943 "https://wotaku-manga.com/manga/wotakoi-love-is-hard-for-otaku-chapter-76/" "Mozilla/5.0 (iPhone; CPU iPhone OS 17_6_1 like Mac OS X) AppleWebKit/605.1.15 (KHTML, like Gecko) GSA/371.0.763199552 Mobile/15E148 Safari/604.1"
51.222.253.1 - - [11/Jun/2025:06:38:20 -0400] "GET /u/153468032.shtm HTTP/1.1" 301 0 "-" "Mozilla/5.0 (compatible; AhrefsBot/7.0; +http://ahrefs.com/robot/)"
13.74.150.244 - - [11/Jun/2025:06:38:25 -0400] "GET /wp-sigunq.php HTTP/1.1" 301 0 "-" "-"
13.74.150.244 - - [11/Jun/2025:06:38:29 -0400] "GET / HTTP/1.1" 200 37330 "-" "-"
13.74.150.244 - - [11/Jun/2025:06:38:30 -0400] "GET /wp-content/content.php HTTP/1.1" 200 0 "-" "-"
51.222.253.19 - - [11/Jun/2025:06:38:28 -0400] "GET /u/1645254950.shtm HTTP/1.1" 301 0 "-" "Mozilla/5.0 (compatible; AhrefsBot/7.0; +http://ahrefs.com/robot/)"
13.74.150.244 - - [11/Jun/2025:06:38:31 -0400] "GET /footer.php HTTP/1.1" 301 0 "-" "-"
13.74.150.244 - - [11/Jun/2025:06:38:33 -0400] "GET / HTTP/1.1" 200 37330 "-" "-"
13.74.150.244 - - [11/Jun/2025:06:38:34 -0400] "GET /wp-admin/css/colors/index.php HTTP/1.1" 200 186 "-" "-"
13.74.150.244 - - [11/Jun/2025:06:38:35 -0400] "GET /wp-includes/Requests/Utility/cc.php HTTP/1.1" 301 0 "-" "-"
66.249.73.15 - - [11/Jun/2025:06:38:36 -0400] "GET /vx/detail/sandwichensis/1722598745.shtm HTTP/1.1" 200 82163 "-" "Mozilla/5.0 (Linux; Android 6.0.1; Nexus 5X Build/MMB29P) AppleWebKit/537.36 (KHTML, like Gecko) Chrome/136.0.7103.113 Mobile Safari/537.36 (compatible; Googlebot/2.1; +http://www.google.com/bot.html)"
13.74.150.244 - - [11/Jun/2025:06:38:37 -0400] "GET / HTTP/1.1" 200 37330 "-" "-"
13.74.150.244 - - [11/Jun/2025:06:38:38 -0400] "GET /wp-content/upgrade-temp-backup/ty.php HTTP/1.1" 200 0 "-" "-"
66.249.73.14 - - [11/Jun/2025:06:38:39 -0400] "GET /frx/paradisi1722412221.shtm HTTP/1.1" 200 81680 "-" "Mozilla/5.0 (Linux; Android 6.0.1; Nexus 5X Build/MMB29P) AppleWebKit/537.36 (KHTML, like Gecko) Chrome/136.0.7103.113 Mobile Safari/537.36 (compatible; Googlebot/2.1; +http://www.google.com/bot.html)"
13.74.150.244 - - [11/Jun/2025:06:38:38 -0400] "GET /wsoyanz.php HTTP/1.1" 301 0 "-" "-"
13.74.150.244 - - [11/Jun/2025:06:38:41 -0400] "GET / HTTP/1.1" 200 37330 "-" "-"
13.74.150.244 - - [11/Jun/2025:06:38:41 -0400] "GET /wp-content/themes/astra/inc/network.php HTTP/1.1" 200 0 "-" "-"
13.74.150.244 - - [11/Jun/2025:06:38:42 -0400] "GET /wp-content/json.php HTTP/1.1" 200 0 "-" "-"
13.74.150.244 - - [11/Jun/2025:06:38:42 -0400] "GET /images/about.php HTTP/1.1" 301 0 "-" "-"
13.74.150.244 - - [11/Jun/2025:06:38:43 -0400] "GET / HTTP/1.1" 200 37330 "-" "-"
51.222.253.13 - - [11/Jun/2025:06:38:44 -0400] "GET /u/1673752780.shtm HTTP/1.1" 301 0 "-" "Mozilla/5.0 (compatible; AhrefsBot/7.0; +http://ahrefs.com/robot/)"
13.74.150.244 - - [11/Jun/2025:06:38:44 -0400] "GET /wp-conflg.php HTTP/1.1" 301 0 "-" "-"
13.74.150.244 - - [11/Jun/2025:06:38:45 -0400] "GET / HTTP/1.1" 200 37330 "-" "-"
162.0.232.193 - - [11/Jun/2025:06:38:47 -0400] "POST /wp-cron.php?doing_wp_cron=1749638326.9582200050354003906250 HTTP/1.1" 200 0 "-" "WordPress/6.8.1; https://wotaku-manga.com"
13.74.150.244 - - [11/Jun/2025:06:38:45 -0400] "GET /wp-includes/html-api/alfa-rex.php HTTP/1.1" 301 0 "-" "-"
13.74.150.244 - - [11/Jun/2025:06:38:47 -0400] "GET / HTTP/1.1" 200 37330 "-" "-"
13.74.150.244 - - [11/Jun/2025:06:38:48 -0400] "GET /wp-admin/js/chosen.php HTTP/1.1" 200 186 "-" "-"
13.74.150.244 - - [11/Jun/2025:06:38:48 -0400] "GET /wp-admin/network/shell.php HTTP/1.1" 200 186 "-" "-"
13.74.150.244 - - [11/Jun/2025:06:38:48 -0400] "GET /wp-comments-post.php HTTP/1.1" 405 0 "-" "-"
13.74.150.244 - - [11/Jun/2025:06:38:48 -0400] "GET /wp-includes/certificates/about.php HTTP/1.1" 301 0 "-" "-"
13.74.150.244 - - [11/Jun/2025:06:38:50 -0400] "GET / HTTP/1.1" 200 37330 "-" "-"
13.74.150.244 - - [11/Jun/2025:06:38:50 -0400] "GET /alfa-rex.php7 HTTP/1.1" 301 0 "-" "-"
13.74.150.244 - - [11/Jun/2025:06:38:51 -0400] "GET / HTTP/1.1" 200 37330 "-" "-"
13.74.150.244 - - [11/Jun/2025:06:38:52 -0400] "GET /wp-2019.php HTTP/1.1" 301 0 "-" "-"
13.74.150.244 - - [11/Jun/2025:06:38:53 -0400] "GET / HTTP/1.1" 200 37330 "-" "-"
13.74.150.244 - - [11/Jun/2025:06:38:53 -0400] "GET /wp-includes/sodium_compat/alfa-rex.php HTTP/1.1" 301 0 "-" "-"
13.74.150.244 - - [11/Jun/2025:06:38:55 -0400] "GET / HTTP/1.1" 200 37330 "-" "-"
51.222.253.14 - - [11/Jun/2025:06:38:55 -0400] "GET /u/1888655406.shtm HTTP/1.1" 301 0 "-" "Mozilla/5.0 (compatible; AhrefsBot/7.0; +http://ahrefs.com/robot/)"
13.74.150.244 - - [11/Jun/2025:06:38:55 -0400] "GET /alfanew2.php7 HTTP/1.1" 301 0 "-" "-"
13.74.150.244 - - [11/Jun/2025:06:38:57 -0400] "GET / HTTP/1.1" 200 37330 "-" "-"
162.0.232.193 - - [11/Jun/2025:06:38:58 -0400] "POST /wp-cron.php?doing_wp_cron=1749638338.8275549411773681640625 HTTP/1.1" 200 0 "-" "WordPress/6.8.1; https://wotaku-manga.com"
13.74.150.244 - - [11/Jun/2025:06:38:58 -0400] "GET /wp-load.php HTTP/1.1" 200 0 "-" "-"
13.74.150.244 - - [11/Jun/2025:06:38:59 -0400] "GET /wp-content/plugins/core-plugin/file-manager.php HTTP/1.1" 200 0 "-" "-"
13.74.150.244 - - [11/Jun/2025:06:38:59 -0400] "GET /wp-includes/Text/Diff/Engine/index.php HTTP/1.1" 301 0 "-" "-"
13.74.150.244 - - [11/Jun/2025:06:39:00 -0400] "GET / HTTP/1.1" 200 37330 "-" "-"
13.74.150.244 - - [11/Jun/2025:06:39:00 -0400] "GET /assets/edit.php HTTP/1.1" 301 0 "-" "-"
13.74.150.244 - - [11/Jun/2025:06:39:02 -0400] "GET / HTTP/1.1" 200 37330 "-" "-"
13.74.150.244 - - [11/Jun/2025:06:39:03 -0400] "GET /ae.php HTTP/1.1" 301 0 "-" "-"
66.249.73.14 - - [11/Jun/2025:06:39:03 -0400] "GET /i/products/arraswise/1722326168.shtm HTTP/1.1" 200 81584 "-" "Mozilla/5.0 (Linux; Android 6.0.1; Nexus 5X Build/MMB29P) AppleWebKit/537.36 (KHTML, like Gecko) Chrome/136.0.7103.113 Mobile Safari/537.36 (compatible; Googlebot/2.1; +http://www.google.com/bot.html)"
13.74.150.244 - - [11/Jun/2025:06:39:04 -0400] "GET / HTTP/1.1" 200 37330 "-" "-"
13.74.150.244 - - [11/Jun/2025:06:39:05 -0400] "GET /wp-content/themes/astra/inc/fm.php HTTP/1.1" 200 0 "-" "-"
13.74.150.244 - - [11/Jun/2025:06:39:05 -0400] "GET /wp-includes/Requests/file.php HTTP/1.1" 301 0 "-" "-"
51.222.253.6 - - [11/Jun/2025:06:39:05 -0400] "GET /u/205940618.shtm HTTP/1.1" 301 0 "-" "Mozilla/5.0 (compatible; AhrefsBot/7.0; +http://ahrefs.com/robot/)"
13.74.150.244 - - [11/Jun/2025:06:39:07 -0400] "GET / HTTP/1.1" 200 37330 "-" "-"
13.74.150.244 - - [11/Jun/2025:06:39:09 -0400] "GET /log.php HTTP/1.1" 301 0 "-" "-"
13.74.150.244 - - [11/Jun/2025:06:39:11 -0400] "GET / HTTP/1.1" 200 37330 "-" "-"
13.74.150.244 - - [11/Jun/2025:06:39:11 -0400] "GET /wp-admin/user/chosen.php HTTP/1.1" 200 186 "-" "-"
13.74.150.244 - - [11/Jun/2025:06:39:12 -0400] "GET /bg/xmrlpc.php HTTP/1.1" 301 0 "-" "-"
51.222.253.18 - - [11/Jun/2025:06:39:13 -0400] "GET /u/206292722.shtm HTTP/1.1" 301 0 "-" "Mozilla/5.0 (compatible; AhrefsBot/7.0; +http://ahrefs.com/robot/)"
13.74.150.244 - - [11/Jun/2025:06:39:14 -0400] "GET / HTTP/1.1" 200 37330 "-" "-"
13.74.150.244 - - [11/Jun/2025:06:39:15 -0400] "GET /.well-knownold/inputs.php HTTP/1.1" 301 0 "-" "-"
13.74.150.244 - - [11/Jun/2025:06:39:17 -0400] "GET / HTTP/1.1" 200 37330 "-" "-"
162.0.232.193 - - [11/Jun/2025:06:39:22 -0400] "POST /wp-cron.php?doing_wp_cron=1749638362.4605429172515869140625 HTTP/1.1" 200 0 "-" "WordPress/6.8.1; https://wotaku-manga.com"
51.222.253.7 - - [11/Jun/2025:06:39:21 -0400] "GET /u/20924788.shtm HTTP/1.1" 301 0 "-" "Mozilla/5.0 (compatible; AhrefsBot/7.0; +http://ahrefs.com/robot/)"
45.61.184.250 - - [11/Jun/2025:06:39:27 -0400] "GET /wp-login.php HTTP/1.1" 200 1915 "-" "Mozilla/5.0 (Macintosh; Intel Mac OS X 10_9_3) AppleWebKit/537.36 (KHTML, like Gecko) Chrome/36.0.1985.125 Safari/537.36"
66.249.73.14 - - [11/Jun/2025:06:39:27 -0400] "GET /cak/item/annotated/1722251762.shtm HTTP/1.1" 200 81565 "-" "Mozilla/5.0 (Linux; Android 6.0.1; Nexus 5X Build/MMB29P) AppleWebKit/537.36 (KHTML, like Gecko) Chrome/136.0.7103.113 Mobile Safari/537.36 (compatible; Googlebot/2.1; +http://www.google.com/bot.html)"
51.222.253.10 - - [11/Jun/2025:06:39:30 -0400] "GET /u/227607720.shtm HTTP/1.1" 301 0 "-" "Mozilla/5.0 (compatible; AhrefsBot/7.0; +http://ahrefs.com/robot/)"
14.229.241.82 - - [11/Jun/2025:06:39:32 -0400] "GET /manga/wotakoi-love-is-hard-for-otaku-chapter-77-5/ HTTP/1.1" 200 44725 "https://wotaku-manga.com/manga/wotakoi-love-is-hard-for-otaku-chapter-77/" "Mozilla/5.0 (iPhone; CPU iPhone OS 17_6_1 like Mac OS X) AppleWebKit/605.1.15 (KHTML, like Gecko) GSA/371.0.763199552 Mobile/15E148 Safari/604.1"
14.229.241.82 - - [11/Jun/2025:06:39:33 -0400] "GET /manga/wotakoi-love-is-hard-for-otaku-chapter-77-5/ HTTP/1.1" 200 44725 "https://wotaku-manga.com/manga/wotakoi-love-is-hard-for-otaku-chapter-77/" "Mozilla/5.0 (iPhone; CPU iPhone OS 17_6_1 like Mac OS X) AppleWebKit/605.1.15 (KHTML, like Gecko) GSA/371.0.763199552 Mobile/15E148 Safari/604.1"
51.222.253.7 - - [11/Jun/2025:06:39:41 -0400] "GET /u/287877736.shtm HTTP/1.1" 301 0 "-" "Mozilla/5.0 (compatible; AhrefsBot/7.0; +http://ahrefs.com/robot/)"
162.0.232.193 - - [11/Jun/2025:06:39:45 -0400] "POST /wp-cron.php?doing_wp_cron=1749638385.2417109012603759765625 HTTP/1.1" 200 0 "-" "WordPress/6.8.1; https://wotaku-manga.com"
45.61.184.250 - - [11/Jun/2025:06:39:43 -0400] "POST /wp-login.php HTTP/1.1" 200 2041 "-" "Mozilla/5.0 (Macintosh; Intel Mac OS X 10_9_3) AppleWebKit/537.36 (KHTML, like Gecko) Chrome/36.0.1985.125 Safari/537.36"
201.7.242.235 - - [11/Jun/2025:06:39:44 -0400] "POST /xmlrpc.php HTTP/1.1" 200 186 "-" "Mozilla/5.0 (Windows NT 10.0; Win64; x64) AppleWebKit/537.36 (KHTML, like Gecko) Chrome/91.0.4472.124 Safari/537.36"
51.222.253.11 - - [11/Jun/2025:06:39:49 -0400] "GET /u/319402158.shtm HTTP/1.1" 301 0 "-" "Mozilla/5.0 (compatible; AhrefsBot/7.0; +http://ahrefs.com/robot/)"
66.249.73.14 - - [11/Jun/2025:06:39:52 -0400] "GET /t/shopping/wiclifite/1722651229.shtm HTTP/1.1" 200 81173 "-" "Mozilla/5.0 (Linux; Android 6.0.1; Nexus 5X Build/MMB29P) AppleWebKit/537.36 (KHTML, like Gecko) Chrome/136.0.7103.113 Mobile Safari/537.36 (compatible; Googlebot/2.1; +http://www.google.com/bot.html)"
51.222.253.12 - - [11/Jun/2025:06:39:56 -0400] "GET /u/326777140.shtm HTTP/1.1" 301 0 "-" "Mozilla/5.0 (compatible; AhrefsBot/7.0; +http://ahrefs.com/robot/)"
162.0.232.193 - - [11/Jun/2025:06:40:08 -0400] "POST /wp-cron.php?doing_wp_cron=1749638408.2532939910888671875000 HTTP/1.1" 200 0 "-" "WordPress/6.8.1; https://wotaku-manga.com"
51.222.253.19 - - [11/Jun/2025:06:40:06 -0400] "GET /u/492641994.shtm HTTP/1.1" 301 0 "-" "Mozilla/5.0 (compatible; AhrefsBot/7.0; +http://ahrefs.com/robot/)"
162.0.232.193 - - [11/Jun/2025:06:40:20 -0400] "POST /wp-cron.php?doing_wp_cron=1749638419.4564828872680664062500 HTTP/1.1" 200 0 "-" "WordPress/6.8.1; https://wotaku-manga.com"
51.222.253.1 - - [11/Jun/2025:06:40:17 -0400] "GET /u/513640996.shtm HTTP/1.1" 301 0 "-" "Mozilla/5.0 (compatible; AhrefsBot/7.0; +http://ahrefs.com/robot/)"
51.222.253.18 - - [11/Jun/2025:06:40:26 -0400] "GET /u/533583294.shtm HTTP/1.1" 301 0 "-" "Mozilla/5.0 (compatible; AhrefsBot/7.0; +http://ahrefs.com/robot/)"
51.222.253.17 - - [11/Jun/2025:06:40:32 -0400] "GET /u/55531272.shtm HTTP/1.1" 301 0 "-" "Mozilla/5.0 (compatible; AhrefsBot/7.0; +http://ahrefs.com/robot/)"
51.222.253.9 - - [11/Jun/2025:06:40:36 -0400] "GET /u/566674798.shtm HTTP/1.1" 301 0 "-" "Mozilla/5.0 (compatible; AhrefsBot/7.0; +http://ahrefs.com/robot/)"
66.249.73.14 - - [11/Jun/2025:06:40:40 -0400] "GET /w/info/cephalate/1722141768.shtm HTTP/1.1" 200 81717 "-" "Mozilla/5.0 (Linux; Android 6.0.1; Nexus 5X Build/MMB29P) AppleWebKit/537.36 (KHTML, like Gecko) Chrome/136.0.7103.113 Mobile Safari/537.36 (compatible; Googlebot/2.1; +http://www.google.com/bot.html)"
51.222.253.4 - - [11/Jun/2025:06:40:45 -0400] "GET /u/573081862.shtm HTTP/1.1" 301 0 "-" "Mozilla/5.0 (compatible; AhrefsBot/7.0; +http://ahrefs.com/robot/)"
51.222.253.11 - - [11/Jun/2025:06:40:51 -0400] "GET /u/685331088.shtm HTTP/1.1" 301 0 "-" "Mozilla/5.0 (compatible; AhrefsBot/7.0; +http://ahrefs.com/robot/)"
51.222.253.10 - - [11/Jun/2025:06:41:02 -0400] "GET /u/685505900.shtm HTTP/1.1" 301 0 "-" "Mozilla/5.0 (compatible; AhrefsBot/7.0; +http://ahrefs.com/robot/)"
66.249.73.15 - - [11/Jun/2025:06:41:05 -0400] "GET /rij/detail/syncline/1722261927.shtm HTTP/1.1" 200 81369 "-" "Mozilla/5.0 (Linux; Android 6.0.1; Nexus 5X Build/MMB29P) AppleWebKit/537.36 (KHTML, like Gecko) Chrome/136.0.7103.113 Mobile Safari/537.36 (compatible; Googlebot/2.1; +http://www.google.com/bot.html)"
51.222.253.7 - - [11/Jun/2025:06:41:07 -0400] "GET /u/77198382.shtm HTTP/1.1" 301 0 "-" "Mozilla/5.0 (compatible; AhrefsBot/7.0; +http://ahrefs.com/robot/)"
51.222.253.19 - - [11/Jun/2025:06:41:15 -0400] "GET /u/77252212.shtm HTTP/1.1" 301 0 "-" "Mozilla/5.0 (compatible; AhrefsBot/7.0; +http://ahrefs.com/robot/)"
51.222.253.8 - - [11/Jun/2025:06:41:25 -0400] "GET /u/775593184.shtm HTTP/1.1" 301 0 "-" "Mozilla/5.0 (compatible; AhrefsBot/7.0; +http://ahrefs.com/robot/)"
162.0.232.193 - - [11/Jun/2025:06:41:28 -0400] "POST /wp-cron.php?doing_wp_cron=1749638486.9787409305572509765625 HTTP/1.1" 200 0 "-" "WordPress/6.8.1; https://wotaku-manga.com"
66.249.73.14 - - [11/Jun/2025:06:41:31 -0400] "GET /egu/product/deflectionize/1722200318.shtm HTTP/1.1" 200 82638 "-" "Mozilla/5.0 (Linux; Android 6.0.1; Nexus 5X Build/MMB29P) AppleWebKit/537.36 (KHTML, like Gecko) Chrome/136.0.7103.113 Mobile Safari/537.36 (compatible; Googlebot/2.1; +http://www.google.com/bot.html)"
51.222.253.16 - - [11/Jun/2025:06:41:34 -0400] "GET /u/776913342.shtm HTTP/1.1" 301 0 "-" "Mozilla/5.0 (compatible; AhrefsBot/7.0; +http://ahrefs.com/robot/)"
66.249.73.14 - - [11/Jun/2025:06:41:34 -0400] "GET /mks/entity/servable/1722717144.shtm HTTP/1.1" 200 81655 "-" "Mozilla/5.0 (Linux; Android 6.0.1; Nexus 5X Build/MMB29P) AppleWebKit/537.36 (KHTML, like Gecko) Chrome/136.0.7103.113 Mobile Safari/537.36 (compatible; Googlebot/2.1; +http://www.google.com/bot.html)"
51.222.253.6 - - [11/Jun/2025:06:41:41 -0400] "GET /u/813243806.shtm HTTP/1.1" 301 0 "-" "Mozilla/5.0 (compatible; AhrefsBot/7.0; +http://ahrefs.com/robot/)"
51.222.253.12 - - [11/Jun/2025:06:41:51 -0400] "GET /u/824966474.shtm HTTP/1.1" 301 0 "-" "Mozilla/5.0 (compatible; AhrefsBot/7.0; +http://ahrefs.com/robot/)"
216.73.216.209 - - [11/Jun/2025:06:41:54 -0400] "GET /sitemap-child-2568.xml HTTP/1.1" 200 11494 "-" "Mozilla/5.0 AppleWebKit/537.36 (KHTML, like Gecko; compatible; ClaudeBot/1.0; [email protected])"
216.73.216.209 - - [11/Jun/2025:06:41:54 -0400] "GET /sitemap-child-536.xml HTTP/1.1" 200 11494 "-" "Mozilla/5.0 AppleWebKit/537.36 (KHTML, like Gecko; compatible; ClaudeBot/1.0; [email protected])"
66.249.73.14 - - [11/Jun/2025:06:41:59 -0400] "GET /so/items/pattering/1722544994.shtm HTTP/1.1" 200 82443 "-" "Mozilla/5.0 (Linux; Android 6.0.1; Nexus 5X Build/MMB29P) AppleWebKit/537.36 (KHTML, like Gecko) Chrome/136.0.7103.113 Mobile Safari/537.36 (compatible; Googlebot/2.1; +http://www.google.com/bot.html)"
51.222.253.11 - - [11/Jun/2025:06:41:59 -0400] "GET /u/835721296.shtm HTTP/1.1" 301 0 "-" "Mozilla/5.0 (compatible; AhrefsBot/7.0; +http://ahrefs.com/robot/)"
66.249.73.14 - - [11/Jun/2025:06:42:01 -0400] "GET /m/1722645712.shtm HTTP/1.1" 200 81621 "-" "Mozilla/5.0 (Linux; Android 6.0.1; Nexus 5X Build/MMB29P) AppleWebKit/537.36 (KHTML, like Gecko) Chrome/136.0.7103.113 Mobile Safari/537.36 (compatible; Googlebot/2.1; +http://www.google.com/bot.html)"
51.222.253.12 - - [11/Jun/2025:06:42:08 -0400] "GET /u/850964892.shtm HTTP/1.1" 301 0 "-" "Mozilla/5.0 (compatible; AhrefsBot/7.0; +http://ahrefs.com/robot/)"
51.222.253.15 - - [11/Jun/2025:06:42:16 -0400] "GET /u/851018714.shtm HTTP/1.1" 301 0 "-" "Mozilla/5.0 (compatible; AhrefsBot/7.0; +http://ahrefs.com/robot/)"
51.222.253.16 - - [11/Jun/2025:06:42:22 -0400] "GET /u/857144210.shtm HTTP/1.1" 301 0 "-" "Mozilla/5.0 (compatible; AhrefsBot/7.0; +http://ahrefs.com/robot/)"
66.249.73.14 - - [11/Jun/2025:06:42:26 -0400] "GET /sca/goods/bonasus/1722667440.shtm HTTP/1.1" 200 81686 "-" "Mozilla/5.0 (Linux; Android 6.0.1; Nexus 5X Build/MMB29P) AppleWebKit/537.36 (KHTML, like Gecko) Chrome/136.0.7103.113 Mobile Safari/537.36 (compatible; Googlebot/2.1; +http://www.google.com/bot.html)"
162.0.232.193 - - [11/Jun/2025:06:42:35 -0400] "POST /wp-cron.php?doing_wp_cron=1749638554.8367440700531005859375 HTTP/1.1" 200 0 "-" "WordPress/6.8.1; https://wotaku-manga.com"
51.222.253.16 - - [11/Jun/2025:06:42:33 -0400] "GET /u/881715642.shtm HTTP/1.1" 301 0 "-" "Mozilla/5.0 (compatible; AhrefsBot/7.0; +http://ahrefs.com/robot/)"
51.222.253.19 - - [11/Jun/2025:06:42:42 -0400] "GET /u/897222756.shtm HTTP/1.1" 301 0 "-" "Mozilla/5.0 (compatible; AhrefsBot/7.0; +http://ahrefs.com/robot/)"
66.249.73.7 - - [11/Jun/2025:06:42:51 -0400] "GET /b/shopdetail/interlock/1722602879.shtm HTTP/1.1" 200 81658 "-" "Mozilla/5.0 (Linux; Android 6.0.1; Nexus 5X Build/MMB29P) AppleWebKit/537.36 (KHTML, like Gecko) Chrome/136.0.7103.113 Mobile Safari/537.36 (compatible; Googlebot/2.1; +http://www.google.com/bot.html)"
162.0.232.193 - - [11/Jun/2025:06:42:52 -0400] "POST /wp-cron.php?doing_wp_cron=1749638572.0414209365844726562500 HTTP/1.1" 200 0 "-" "WordPress/6.8.1; https://wotaku-manga.com"
51.222.253.5 - - [11/Jun/2025:06:42:50 -0400] "GET /u/911515836.shtm HTTP/1.1" 301 0 "-" "Mozilla/5.0 (compatible; AhrefsBot/7.0; +http://ahrefs.com/robot/)"
162.0.232.193 - - [11/Jun/2025:06:43:02 -0400] "POST /wp-cron.php?doing_wp_cron=1749638582.1477749347686767578125 HTTP/1.1" 200 0 "-" "WordPress/6.8.1; https://wotaku-manga.com"
51.222.253.15 - - [11/Jun/2025:06:43:00 -0400] "GET /u1003452034.shtm HTTP/1.1" 301 0 "-" "Mozilla/5.0 (compatible; AhrefsBot/7.0; +http://ahrefs.com/robot/)"
51.222.253.18 - - [11/Jun/2025:06:43:07 -0400] "GET /u104553098.shtm HTTP/1.1" 301 0 "-" "Mozilla/5.0 (compatible; AhrefsBot/7.0; +http://ahrefs.com/robot/)"
66.249.73.9 - - [11/Jun/2025:06:43:15 -0400] "GET /kmk/1722239256.shtm HTTP/1.1" 200 81622 "-" "Mozilla/5.0 (Linux; Android 6.0.1; Nexus 5X Build/MMB29P) AppleWebKit/537.36 (KHTML, like Gecko) Chrome/136.0.7103.113 Mobile Safari/537.36 (compatible; Googlebot/2.1; +http://www.google.com/bot.html)"
51.222.253.10 - - [11/Jun/2025:06:43:14 -0400] "GET /u104834794.shtm HTTP/1.1" 301 0 "-" "Mozilla/5.0 (compatible; AhrefsBot/7.0; +http://ahrefs.com/robot/)"
66.249.73.8 - - [11/Jun/2025:06:43:17 -0400] "GET /uic/detail/novelette/1722351646.shtm HTTP/1.1" 200 81586 "-" "Mozilla/5.0 (Linux; Android 6.0.1; Nexus 5X Build/MMB29P) AppleWebKit/537.36 (KHTML, like Gecko) Chrome/136.0.7103.113 Mobile Safari/537.36 (compatible; Googlebot/2.1; +http://www.google.com/bot.html)"
162.0.232.193 - - [11/Jun/2025:06:43:21 -0400] "POST /wp-cron.php?doing_wp_cron=1749638601.2464580535888671875000 HTTP/1.1" 200 0 "-" "WordPress/6.8.1; https://wotaku-manga.com"
201.7.242.235 - - [11/Jun/2025:06:43:19 -0400] "GET /wp-json/wp/v2/users HTTP/1.1" 200 0 "-" "Mozilla/4.0 (compatible; Win32; WinHttp.WinHttpRequest.5)"
51.222.253.19 - - [11/Jun/2025:06:43:21 -0400] "GET /u1087394956.shtm HTTP/1.1" 301 0 "-" "Mozilla/5.0 (compatible; AhrefsBot/7.0; +http://ahrefs.com/robot/)"
51.222.253.2 - - [11/Jun/2025:06:43:31 -0400] "GET /u1109995924.shtm HTTP/1.1" 301 0 "-" "Mozilla/5.0 (compatible; AhrefsBot/7.0; +http://ahrefs.com/robot/)"
51.222.253.14 - - [11/Jun/2025:06:43:39 -0400] "GET /u1153227460.shtm HTTP/1.1" 301 0 "-" "Mozilla/5.0 (compatible; AhrefsBot/7.0; +http://ahrefs.com/robot/)"
66.249.73.7 - - [11/Jun/2025:06:43:44 -0400] "GET /mce/goods/nominatival/1722435576.shtm HTTP/1.1" 200 81559 "-" "Mozilla/5.0 (Linux; Android 6.0.1; Nexus 5X Build/MMB29P) AppleWebKit/537.36 (KHTML, like Gecko) Chrome/136.0.7103.113 Mobile Safari/537.36 (compatible; Googlebot/2.1; +http://www.google.com/bot.html)"
162.0.232.193 - - [11/Jun/2025:06:43:53 -0400] "POST /wp-cron.php?doing_wp_cron=1749638632.7465169429779052734375 HTTP/1.1" 200 0 "-" "WordPress/6.8.1; https://wotaku-manga.com"
51.222.253.1 - - [11/Jun/2025:06:43:51 -0400] "GET /u1170917214.shtm HTTP/1.1" 301 0 "-" "Mozilla/5.0 (compatible; AhrefsBot/7.0; +http://ahrefs.com/robot/)"
162.0.232.193 - - [11/Jun/2025:06:44:02 -0400] "POST /wp-cron.php?doing_wp_cron=1749638642.3108229637145996093750 HTTP/1.1" 200 0 "-" "WordPress/6.8.1; https://wotaku-manga.com"
51.222.253.17 - - [11/Jun/2025:06:44:01 -0400] "GET /u1173908586.shtm HTTP/1.1" 301 0 "-" "Mozilla/5.0 (compatible; AhrefsBot/7.0; +http://ahrefs.com/robot/)"
