51.222.253.18 - - [11/Jun/2025:02:43:41 -0400] "GET /c/224004478.shtm HTTP/1.1" 301 0 "-" "Mozilla/5.0 (compatible; AhrefsBot/7.0; +http://ahrefs.com/robot/)"
51.222.253.3 - - [11/Jun/2025:02:43:49 -0400] "GET /c/343469444.shtm HTTP/1.1" 301 0 "-" "Mozilla/5.0 (compatible; AhrefsBot/7.0; +http://ahrefs.com/robot/)"
162.0.232.193 - - [11/Jun/2025:02:43:51 -0400] "POST /wp-cron.php?doing_wp_cron=1749624230.3399920463562011718750 HTTP/1.1" 200 0 "-" "WordPress/6.8.1; https://wotaku-manga.com"
66.249.73.8 - - [11/Jun/2025:02:43:58 -0400] "GET /ia1722485674.shtm HTTP/1.1" 200 81807 "-" "Mozilla/5.0 (Linux; Android 6.0.1; Nexus 5X Build/MMB29P) AppleWebKit/537.36 (KHTML, like Gecko) Chrome/136.0.7103.113 Mobile Safari/537.36 (compatible; Googlebot/2.1; +http://www.google.com/bot.html)"
51.222.253.18 - - [11/Jun/2025:02:43:59 -0400] "GET /c/37511280.shtm HTTP/1.1" 301 0 "-" "Mozilla/5.0 (compatible; AhrefsBot/7.0; +http://ahrefs.com/robot/)"
51.222.253.9 - - [11/Jun/2025:02:44:08 -0400] "GET /c/37670658.shtm HTTP/1.1" 301 0 "-" "Mozilla/5.0 (compatible; AhrefsBot/7.0; +http://ahrefs.com/robot/)"
51.222.253.6 - - [11/Jun/2025:02:44:19 -0400] "GET /c/541720826.shtm HTTP/1.1" 301 0 "-" "Mozilla/5.0 (compatible; AhrefsBot/7.0; +http://ahrefs.com/robot/)"
2600:1700:5d20:d200:d962:671a:7e5b:eb1b - - [11/Jun/2025:02:44:18 -0400] "GET /manga/wotakoi-love-is-hard-for-otaku-chapter-21-5/ HTTP/1.1" 200 44148 "-" "Mozilla/5.0 (Macintosh; Intel Mac OS X 10_15_7) AppleWebKit/605.1.15 (KHTML, like Gecko) Version/15.5 Safari/605.1.15"
2600:1700:5d20:d200:d962:671a:7e5b:eb1b - - [11/Jun/2025:02:44:22 -0400] "GET /wp-content/plugins/wp-rocket/assets/js/wpr-beacon.min.js HTTP/1.1" 200 3530 "https://wotaku-manga.com/manga/wotakoi-love-is-hard-for-otaku-chapter-21-5/" "Mozilla/5.0 (Macintosh; Intel Mac OS X 10_15_7) AppleWebKit/605.1.15 (KHTML, like Gecko) Version/15.5 Safari/605.1.15"
2600:1700:5d20:d200:d962:671a:7e5b:eb1b - - [11/Jun/2025:02:44:24 -0400] "POST /wp-admin/admin-ajax.php HTTP/1.1" 200 61 "https://wotaku-manga.com/manga/wotakoi-love-is-hard-for-otaku-chapter-21-5/" "Mozilla/5.0 (Macintosh; Intel Mac OS X 10_15_7) AppleWebKit/605.1.15 (KHTML, like Gecko) Version/15.5 Safari/605.1.15"
51.222.253.8 - - [11/Jun/2025:02:44:29 -0400] "GET /c/610474182.shtm HTTP/1.1" 301 0 "-" "Mozilla/5.0 (compatible; AhrefsBot/7.0; +http://ahrefs.com/robot/)"
51.222.253.5 - - [11/Jun/2025:02:44:39 -0400] "GET /c/788836328.shtm HTTP/1.1" 301 0 "-" "Mozilla/5.0 (compatible; AhrefsBot/7.0; +http://ahrefs.com/robot/)"
103.169.35.190 - - [11/Jun/2025:02:44:52 -0400] "POST /xmlrpc.php HTTP/1.1" 200 186 "https://wotaku-manga.com" "Mozilla/5.0 (Windows NT 10.0; Win64; x64) AppleWebKit/537.36 (KHTML, like Gecko) Chrome/115.0.5790.102 Safari/537.36"
51.222.253.8 - - [11/Jun/2025:02:44:52 -0400] "GET /c/813231364.shtm HTTP/1.1" 301 0 "-" "Mozilla/5.0 (compatible; AhrefsBot/7.0; +http://ahrefs.com/robot/)"
162.0.232.193 - - [11/Jun/2025:02:44:56 -0400] "POST /wp-cron.php?doing_wp_cron=1749624294.7061018943786621093750 HTTP/1.1" 200 0 "-" "WordPress/6.8.1; https://wotaku-manga.com"
162.0.232.193 - - [11/Jun/2025:02:44:57 -0400] "POST /wp-cron.php?doing_wp_cron=1749624295.2272338867187500000000 HTTP/1.1" 200 0 "-" "WordPress/6.8.1; https://wotaku-manga.com"
51.222.253.6 - - [11/Jun/2025:02:45:04 -0400] "GET /c/85336938.shtm HTTP/1.1" 301 0 "-" "Mozilla/5.0 (compatible; AhrefsBot/7.0; +http://ahrefs.com/robot/)"
51.222.253.4 - - [11/Jun/2025:02:45:15 -0400] "GET /c/85547074.shtm HTTP/1.1" 301 0 "-" "Mozilla/5.0 (compatible; AhrefsBot/7.0; +http://ahrefs.com/robot/)"
2600:1700:5d20:d200:d962:671a:7e5b:eb1b - - [11/Jun/2025:02:45:15 -0400] "GET /manga/wotakoi-love-is-hard-for-otaku-chapter-22/ HTTP/1.1" 200 0 "https://wotaku-manga.com/manga/wotakoi-love-is-hard-for-otaku-chapter-21-5/" "Mozilla/5.0 (Macintosh; Intel Mac OS X 10_15_7) AppleWebKit/605.1.15 (KHTML, like Gecko) Version/15.5 Safari/605.1.15"
2600:1700:5d20:d200:d962:671a:7e5b:eb1b - - [11/Jun/2025:02:45:19 -0400] "GET /manga/wotakoi-love-is-hard-for-otaku-chapter-22/ HTTP/1.1" 200 41280 "https://wotaku-manga.com/manga/wotakoi-love-is-hard-for-otaku-chapter-21-5/" "Mozilla/5.0 (Macintosh; Intel Mac OS X 10_15_7) AppleWebKit/605.1.15 (KHTML, like Gecko) Version/15.5 Safari/605.1.15"
51.222.253.12 - - [11/Jun/2025:02:45:30 -0400] "GET /c/885117996.shtm HTTP/1.1" 301 0 "-" "Mozilla/5.0 (compatible; AhrefsBot/7.0; +http://ahrefs.com/robot/)"
51.222.253.1 - - [11/Jun/2025:02:45:39 -0400] "GET /c/911838784.shtm HTTP/1.1" 301 0 "-" "Mozilla/5.0 (compatible; AhrefsBot/7.0; +http://ahrefs.com/robot/)"
51.222.253.3 - - [11/Jun/2025:02:45:47 -0400] "GET /c/914901604.shtm HTTP/1.1" 301 0 "-" "Mozilla/5.0 (compatible; AhrefsBot/7.0; +http://ahrefs.com/robot/)"
51.222.253.17 - - [11/Jun/2025:02:45:56 -0400] "GET /c/941216522.shtm HTTP/1.1" 301 0 "-" "Mozilla/5.0 (compatible; AhrefsBot/7.0; +http://ahrefs.com/robot/)"
162.0.232.193 - - [11/Jun/2025:02:46:01 -0400] "POST /wp-cron.php?doing_wp_cron=1749624358.1208159923553466796875 HTTP/1.1" 200 0 "-" "WordPress/6.8.1; https://wotaku-manga.com"
51.222.253.14 - - [11/Jun/2025:02:46:05 -0400] "GET /c/945792018.shtm HTTP/1.1" 301 0 "-" "Mozilla/5.0 (compatible; AhrefsBot/7.0; +http://ahrefs.com/robot/)"
51.222.253.17 - - [11/Jun/2025:02:46:21 -0400] "GET /c1011869998.shtm HTTP/1.1" 301 0 "-" "Mozilla/5.0 (compatible; AhrefsBot/7.0; +http://ahrefs.com/robot/)"
51.222.253.18 - - [11/Jun/2025:02:46:28 -0400] "GET /c1022448728.shtm HTTP/1.1" 301 0 "-" "Mozilla/5.0 (compatible; AhrefsBot/7.0; +http://ahrefs.com/robot/)"
51.222.253.17 - - [11/Jun/2025:02:46:39 -0400] "GET /c1119489642.shtm HTTP/1.1" 301 0 "-" "Mozilla/5.0 (compatible; AhrefsBot/7.0; +http://ahrefs.com/robot/)"
51.222.253.13 - - [11/Jun/2025:02:46:50 -0400] "GET /c1149606856.shtm HTTP/1.1" 301 0 "-" "Mozilla/5.0 (compatible; AhrefsBot/7.0; +http://ahrefs.com/robot/)"
51.222.253.20 - - [11/Jun/2025:02:47:01 -0400] "GET /c1206231530.shtm HTTP/1.1" 301 0 "-" "Mozilla/5.0 (compatible; AhrefsBot/7.0; +http://ahrefs.com/robot/)"
162.0.232.193 - - [11/Jun/2025:02:47:09 -0400] "POST /wp-cron.php?doing_wp_cron=1749624424.6516580581665039062500 HTTP/1.1" 200 0 "-" "WordPress/6.8.1; https://wotaku-manga.com"
51.222.253.3 - - [11/Jun/2025:02:47:10 -0400] "GET /c1267293836.shtm HTTP/1.1" 301 0 "-" "Mozilla/5.0 (compatible; AhrefsBot/7.0; +http://ahrefs.com/robot/)"
51.222.253.3 - - [11/Jun/2025:02:47:15 -0400] "GET /c1502050750.shtm HTTP/1.1" 301 0 "-" "Mozilla/5.0 (compatible; AhrefsBot/7.0; +http://ahrefs.com/robot/)"
51.222.253.14 - - [11/Jun/2025:02:47:21 -0400] "GET /c1502121094.shtm HTTP/1.1" 301 0 "-" "Mozilla/5.0 (compatible; AhrefsBot/7.0; +http://ahrefs.com/robot/)"
51.222.253.9 - - [11/Jun/2025:02:47:34 -0400] "GET /c1607381886.shtm HTTP/1.1" 301 0 "-" "Mozilla/5.0 (compatible; AhrefsBot/7.0; +http://ahrefs.com/robot/)"
51.222.253.13 - - [11/Jun/2025:02:47:44 -0400] "GET /c1641581804.shtm HTTP/1.1" 301 0 "-" "Mozilla/5.0 (compatible; AhrefsBot/7.0; +http://ahrefs.com/robot/)"
51.222.253.8 - - [11/Jun/2025:02:47:51 -0400] "GET /c1956639994.shtm HTTP/1.1" 301 0 "-" "Mozilla/5.0 (compatible; AhrefsBot/7.0; +http://ahrefs.com/robot/)"
157.55.39.6 - - [11/Jun/2025:02:47:52 -0400] "GET /manga/wotaku-ni-koi-wa-muzukashii-chapter-28/ HTTP/1.1" 200 81446 "-" "Mozilla/5.0 AppleWebKit/537.36 (KHTML, like Gecko; compatible; bingbot/2.0; +http://www.bing.com/bingbot.htm) Chrome/116.0.1938.76 Safari/537.36"
51.222.253.15 - - [11/Jun/2025:02:48:00 -0400] "GET /c206086850.shtm HTTP/1.1" 301 0 "-" "Mozilla/5.0 (compatible; AhrefsBot/7.0; +http://ahrefs.com/robot/)"
162.0.232.193 - - [11/Jun/2025:02:48:14 -0400] "POST /wp-cron.php?doing_wp_cron=1749624493.2416419982910156250000 HTTP/1.1" 200 0 "-" "WordPress/6.8.1; https://wotaku-manga.com"
51.222.253.14 - - [11/Jun/2025:02:48:10 -0400] "GET /c206420072.shtm HTTP/1.1" 301 0 "-" "Mozilla/5.0 (compatible; AhrefsBot/7.0; +http://ahrefs.com/robot/)"
51.222.253.5 - - [11/Jun/2025:02:48:22 -0400] "GET /c335426154.shtm HTTP/1.1" 301 0 "-" "Mozilla/5.0 (compatible; AhrefsBot/7.0; +http://ahrefs.com/robot/)"
51.222.253.16 - - [11/Jun/2025:02:48:29 -0400] "GET /c535524666.shtm HTTP/1.1" 301 0 "-" "Mozilla/5.0 (compatible; AhrefsBot/7.0; +http://ahrefs.com/robot/)"
51.222.253.9 - - [11/Jun/2025:02:48:40 -0400] "GET /c541299338.shtm HTTP/1.1" 301 0 "-" "Mozilla/5.0 (compatible; AhrefsBot/7.0; +http://ahrefs.com/robot/)"
162.0.232.193 - - [11/Jun/2025:02:48:58 -0400] "POST /wp-cron.php?doing_wp_cron=1749624537.7765140533447265625000 HTTP/1.1" 200 0 "-" "WordPress/6.8.1; https://wotaku-manga.com"
51.222.253.17 - - [11/Jun/2025:02:48:56 -0400] "GET /c610685406.shtm HTTP/1.1" 301 0 "-" "Mozilla/5.0 (compatible; AhrefsBot/7.0; +http://ahrefs.com/robot/)"
51.222.253.2 - - [11/Jun/2025:02:49:04 -0400] "GET /c610878836.shtm HTTP/1.1" 301 0 "-" "Mozilla/5.0 (compatible; AhrefsBot/7.0; +http://ahrefs.com/robot/)"
51.222.253.20 - - [11/Jun/2025:02:49:14 -0400] "GET /c684050606.shtm HTTP/1.1" 301 0 "-" "Mozilla/5.0 (compatible; AhrefsBot/7.0; +http://ahrefs.com/robot/)"
51.222.253.19 - - [11/Jun/2025:02:49:23 -0400] "GET /c7553964.shtm HTTP/1.1" 301 0 "-" "Mozilla/5.0 (compatible; AhrefsBot/7.0; +http://ahrefs.com/robot/)"
162.0.232.193 - - [11/Jun/2025:02:49:28 -0400] "POST /wp-cron.php?doing_wp_cron=1749624566.2295880317687988281250 HTTP/1.1" 200 0 "-" "WordPress/6.8.1; https://wotaku-manga.com"
51.222.253.20 - - [11/Jun/2025:02:49:37 -0400] "GET /c788748070.shtm HTTP/1.1" 301 0 "-" "Mozilla/5.0 (compatible; AhrefsBot/7.0; +http://ahrefs.com/robot/)"
51.222.253.3 - - [11/Jun/2025:02:49:48 -0400] "GET /c854403714.shtm HTTP/1.1" 301 0 "-" "Mozilla/5.0 (compatible; AhrefsBot/7.0; +http://ahrefs.com/robot/)"
51.222.253.18 - - [11/Jun/2025:02:49:55 -0400] "GET /c85529728.shtm HTTP/1.1" 301 0 "-" "Mozilla/5.0 (compatible; AhrefsBot/7.0; +http://ahrefs.com/robot/)"
51.222.253.9 - - [11/Jun/2025:02:50:14 -0400] "GET /c884784774.shtm HTTP/1.1" 301 0 "-" "Mozilla/5.0 (compatible; AhrefsBot/7.0; +http://ahrefs.com/robot/)"
51.222.253.2 - - [11/Jun/2025:02:50:24 -0400] "GET /c96337364.shtm HTTP/1.1" 301 0 "-" "Mozilla/5.0 (compatible; AhrefsBot/7.0; +http://ahrefs.com/robot/)"
162.0.232.193 - - [11/Jun/2025:02:50:37 -0400] "POST /wp-cron.php?doing_wp_cron=1749624637.0269570350646972656250 HTTP/1.1" 200 0 "-" "WordPress/6.8.1; https://wotaku-manga.com"
51.222.253.11 - - [11/Jun/2025:02:50:35 -0400] "GET /c973446040.shtm HTTP/1.1" 301 0 "-" "Mozilla/5.0 (compatible; AhrefsBot/7.0; +http://ahrefs.com/robot/)"
51.222.253.7 - - [11/Jun/2025:02:50:42 -0400] "GET /c973673906.shtm HTTP/1.1" 301 0 "-" "Mozilla/5.0 (compatible; AhrefsBot/7.0; +http://ahrefs.com/robot/)"
162.0.232.193 - - [11/Jun/2025:02:50:56 -0400] "POST /wp-cron.php?doing_wp_cron=1749624655.6282849311828613281250 HTTP/1.1" 200 0 "-" "WordPress/6.8.1; https://wotaku-manga.com"
51.222.253.17 - - [11/Jun/2025:02:50:53 -0400] "GET /cc1117342462.shtm HTTP/1.1" 301 0 "-" "Mozilla/5.0 (compatible; AhrefsBot/7.0; +http://ahrefs.com/robot/)"
51.222.253.12 - - [11/Jun/2025:02:51:01 -0400] "GET /cdc946039798.shtm HTTP/1.1" 301 0 "-" "Mozilla/5.0 (compatible; AhrefsBot/7.0; +http://ahrefs.com/robot/)"
162.0.232.193 - - [11/Jun/2025:02:51:05 -0400] "POST /wp-cron.php?doing_wp_cron=1749624662.8856709003448486328125 HTTP/1.1" 200 0 "-" "WordPress/6.8.1; https://wotaku-manga.com"
51.222.253.16 - - [11/Jun/2025:02:51:17 -0400] "GET /cfw491484470.shtm HTTP/1.1" 301 0 "-" "Mozilla/5.0 (compatible; AhrefsBot/7.0; +http://ahrefs.com/robot/)"
2a03:2880:f800:13:: - - [11/Jun/2025:02:51:28 -0400] "GET /shopdetail/153735335 HTTP/1.1" 301 0 "-" "meta-externalagent/1.1 (+https://developers.facebook.com/docs/sharing/webmasters/crawler)"
51.222.253.1 - - [11/Jun/2025:02:51:31 -0400] "GET /cg126402412.shtm HTTP/1.1" 301 0 "-" "Mozilla/5.0 (compatible; AhrefsBot/7.0; +http://ahrefs.com/robot/)"
51.222.253.2 - - [11/Jun/2025:02:51:38 -0400] "GET /cg126472820.shtm HTTP/1.1" 301 0 "-" "Mozilla/5.0 (compatible; AhrefsBot/7.0; +http://ahrefs.com/robot/)"
51.222.253.15 - - [11/Jun/2025:02:51:49 -0400] "GET /cg413121390.shtm HTTP/1.1" 301 0 "-" "Mozilla/5.0 (compatible; AhrefsBot/7.0; +http://ahrefs.com/robot/)"
51.222.253.7 - - [11/Jun/2025:02:52:00 -0400] "GET /cg413525404.shtm HTTP/1.1" 301 0 "-" "Mozilla/5.0 (compatible; AhrefsBot/7.0; +http://ahrefs.com/robot/)"
162.0.232.193 - - [11/Jun/2025:02:52:08 -0400] "POST /wp-cron.php?doing_wp_cron=1749624726.2638258934020996093750 HTTP/1.1" 200 0 "-" "WordPress/6.8.1; https://wotaku-manga.com"
67.11.193.250 - - [11/Jun/2025:02:52:04 -0400] "GET /manga/wotaku-ni-koi-wa-muzukashii-chapter-37-5/ HTTP/1.1" 200 42467 "https://wotaku-manga.com/manga/wotaku-ni-koi-wa-muzukashii-chapter-37/" "Mozilla/5.0 (iPhone; CPU iPhone OS 12_4_4 like Mac OS X) AppleWebKit/605.1.15 (KHTML, like Gecko) Version/12.1.2 Mobile/15E148 Safari/604.1"
51.222.253.17 - - [11/Jun/2025:02:52:08 -0400] "GET /cg610827054.shtm HTTP/1.1" 301 0 "-" "Mozilla/5.0 (compatible; AhrefsBot/7.0; +http://ahrefs.com/robot/)"
51.222.253.15 - - [11/Jun/2025:02:52:18 -0400] "GET /cg777042740.shtm HTTP/1.1" 301 0 "-" "Mozilla/5.0 (compatible; AhrefsBot/7.0; +http://ahrefs.com/robot/)"
64.233.173.161 - - [11/Jun/2025:02:52:22 -0400] "GET /.well-known/traffic-advice HTTP/1.1" 301 0 "-" "Chrome Privacy Preserving Prefetch Proxy"
2001:4860:7:80c::f7 - - [11/Jun/2025:02:52:22 -0400] "GET /manga/wotaku-ni-koi-wa-muzukashii-chapter-50/ HTTP/1.1" 200 41324 "https://www.google.com/" "Mozilla/5.0 (Windows NT 10.0; Win64; x64) AppleWebKit/537.36 (KHTML, like Gecko) Chrome/137.0.0.0 Safari/537.36"
51.222.253.7 - - [11/Jun/2025:02:52:28 -0400] "GET /ck/513962472.shtm HTTP/1.1" 301 0 "-" "Mozilla/5.0 (compatible; AhrefsBot/7.0; +http://ahrefs.com/robot/)"
180.191.107.60 - - [11/Jun/2025:02:52:27 -0400] "GET /manga/wotaku-ni-koi-wa-muzukashii-chapter-50/ HTTP/1.1" 200 41324 "https://www.google.com/" "Mozilla/5.0 (Windows NT 10.0; Win64; x64) AppleWebKit/537.36 (KHTML, like Gecko) Chrome/137.0.0.0 Safari/537.36"
51.222.253.16 - - [11/Jun/2025:02:52:36 -0400] "GET /ck1850535138.shtm HTTP/1.1" 301 0 "-" "Mozilla/5.0 (compatible; AhrefsBot/7.0; +http://ahrefs.com/robot/)"
180.191.107.60 - - [11/Jun/2025:02:52:42 -0400] "GET /manga/wotaku-ni-koi-wa-muzukashii-chapter-49/ HTTP/1.1" 200 42041 "https://wotaku-manga.com/manga/wotaku-ni-koi-wa-muzukashii-chapter-50/" "Mozilla/5.0 (Windows NT 10.0; Win64; x64) AppleWebKit/537.36 (KHTML, like Gecko) Chrome/137.0.0.0 Safari/537.36"
51.222.253.5 - - [11/Jun/2025:02:52:47 -0400] "GET /clu140219918.shtm HTTP/1.1" 301 0 "-" "Mozilla/5.0 (compatible; AhrefsBot/7.0; +http://ahrefs.com/robot/)"
180.191.107.60 - - [11/Jun/2025:02:52:47 -0400] "GET /tag/wotakoi-manga/ HTTP/1.1" 301 0 "https://wotaku-manga.com/manga/wotaku-ni-koi-wa-muzukashii-chapter-50/" "Mozilla/5.0 (Windows NT 10.0; Win64; x64) AppleWebKit/537.36 (KHTML, like Gecko) Chrome/137.0.0.0 Safari/537.36"
180.191.107.60 - - [11/Jun/2025:02:52:47 -0400] "GET /manga/wotaku-ni-koi-wa-muzukashii-chapter-49/ HTTP/1.1" 200 42041 "https://wotaku-manga.com/manga/wotaku-ni-koi-wa-muzukashii-chapter-50/" "Mozilla/5.0 (Windows NT 10.0; Win64; x64) AppleWebKit/537.36 (KHTML, like Gecko) Chrome/137.0.0.0 Safari/537.36"
180.191.107.60 - - [11/Jun/2025:02:52:50 -0400] "GET / HTTP/1.1" 200 37246 "https://wotaku-manga.com/manga/wotaku-ni-koi-wa-muzukashii-chapter-50/" "Mozilla/5.0 (Windows NT 10.0; Win64; x64) AppleWebKit/537.36 (KHTML, like Gecko) Chrome/137.0.0.0 Safari/537.36"
51.222.253.19 - - [11/Jun/2025:02:52:54 -0400] "GET /cm/37741066.shtm HTTP/1.1" 301 0 "-" "Mozilla/5.0 (compatible; AhrefsBot/7.0; +http://ahrefs.com/robot/)"
51.222.253.4 - - [11/Jun/2025:02:53:07 -0400] "GET /cm/911856386.shtm HTTP/1.1" 301 0 "-" "Mozilla/5.0 (compatible; AhrefsBot/7.0; +http://ahrefs.com/robot/)"
162.0.232.193 - - [11/Jun/2025:02:53:10 -0400] "POST /wp-cron.php?doing_wp_cron=1749624787.9666490554809570312500 HTTP/1.1" 200 0 "-" "WordPress/6.8.1; https://wotaku-manga.com"
51.222.253.20 - - [11/Jun/2025:02:53:16 -0400] "GET /cm1049363210.shtm HTTP/1.1" 301 0 "-" "Mozilla/5.0 (compatible; AhrefsBot/7.0; +http://ahrefs.com/robot/)"
51.222.253.8 - - [11/Jun/2025:02:53:25 -0400] "GET /cm206280216.shtm HTTP/1.1" 301 0 "-" "Mozilla/5.0 (compatible; AhrefsBot/7.0; +http://ahrefs.com/robot/)"
51.222.253.19 - - [11/Jun/2025:02:53:36 -0400] "GET /co206437674.shtm HTTP/1.1" 301 0 "-" "Mozilla/5.0 (compatible; AhrefsBot/7.0; +http://ahrefs.com/robot/)"
180.191.107.60 - - [11/Jun/2025:02:53:37 -0400] "GET /manga/wotakoi-love-is-hard-for-otaku-chapter-87/ HTTP/1.1" 200 39978 "https://wotaku-manga.com/manga/wotaku-ni-koi-wa-muzukashii-chapter-49/" "Mozilla/5.0 (Windows NT 10.0; Win64; x64) AppleWebKit/537.36 (KHTML, like Gecko) Chrome/137.0.0.0 Safari/537.36"
180.191.107.60 - - [11/Jun/2025:02:53:37 -0400] "GET /manga/wotakoi-love-is-hard-for-otaku-chapter-0/ HTTP/1.1" 200 41935 "https://wotaku-manga.com/manga/wotaku-ni-koi-wa-muzukashii-chapter-49/" "Mozilla/5.0 (Windows NT 10.0; Win64; x64) AppleWebKit/537.36 (KHTML, like Gecko) Chrome/137.0.0.0 Safari/537.36"
180.191.107.60 - - [11/Jun/2025:02:53:37 -0400] "GET / HTTP/1.1" 200 37247 "https://wotaku-manga.com/manga/wotaku-ni-koi-wa-muzukashii-chapter-49/" "Mozilla/5.0 (Windows NT 10.0; Win64; x64) AppleWebKit/537.36 (KHTML, like Gecko) Chrome/137.0.0.0 Safari/537.36"
180.191.107.60 - - [11/Jun/2025:02:53:42 -0400] "GET /manga/wotakoi-love-is-hard-for-otaku-chapter-0/ HTTP/1.1" 200 0 "https://wotaku-manga.com/manga/wotaku-ni-koi-wa-muzukashii-chapter-49/" "Mozilla/5.0 (Windows NT 10.0; Win64; x64) AppleWebKit/537.36 (KHTML, like Gecko) Chrome/137.0.0.0 Safari/537.36"
51.222.253.8 - - [11/Jun/2025:02:53:46 -0400] "GET /co946073714.shtm HTTP/1.1" 301 0 "-" "Mozilla/5.0 (compatible; AhrefsBot/7.0; +http://ahrefs.com/robot/)"
180.191.107.60 - - [11/Jun/2025:02:53:48 -0400] "GET /manga/wotakoi-love-is-hard-for-otaku-chapter-0/ HTTP/1.1" 200 41935 "https://wotaku-manga.com/manga/wotaku-ni-koi-wa-muzukashii-chapter-49/" "Mozilla/5.0 (Windows NT 10.0; Win64; x64) AppleWebKit/537.36 (KHTML, like Gecko) Chrome/137.0.0.0 Safari/537.36"
51.222.253.1 - - [11/Jun/2025:02:53:52 -0400] "GET /cpi7377872.shtm HTTP/1.1" 301 0 "-" "Mozilla/5.0 (compatible; AhrefsBot/7.0; +http://ahrefs.com/robot/)"
51.222.253.13 - - [11/Jun/2025:02:53:58 -0400] "GET /cq1206531732.shtm HTTP/1.1" 301 0 "-" "Mozilla/5.0 (compatible; AhrefsBot/7.0; +http://ahrefs.com/robot/)"
51.222.253.12 - - [11/Jun/2025:02:54:02 -0400] "GET /cq250056654.shtm HTTP/1.1" 301 0 "-" "Mozilla/5.0 (compatible; AhrefsBot/7.0; +http://ahrefs.com/robot/)"
2a03:2880:f800:c:: - - [11/Jun/2025:02:54:03 -0400] "GET /shopdetail/278389435 HTTP/1.1" 301 0 "-" "meta-externalagent/1.1 (+https://developers.facebook.com/docs/sharing/webmasters/crawler)"
52.23.112.144 - - [11/Jun/2025:02:54:06 -0400] "GET /manga/wotakoi-love-is-hard-for-otaku-chapter-21-5/ HTTP/1.1" 200 43749 "-" "Mozilla/5.0 AppleWebKit/537.36 (KHTML, like Gecko; compatible; Amazonbot/0.1; +https://developer.amazon.com/support/amazonbot) Chrome/119.0.6045.214 Safari/537.36"
162.0.232.193 - - [11/Jun/2025:02:54:12 -0400] "POST /wp-cron.php?doing_wp_cron=1749624851.6354739665985107421875 HTTP/1.1" 200 0 "-" "WordPress/6.8.1; https://wotaku-manga.com"
162.0.232.193 - - [11/Jun/2025:02:54:12 -0400] "POST /wp-cron.php?doing_wp_cron=1749624851.4228129386901855468750 HTTP/1.1" 200 0 "-" "WordPress/6.8.1; https://wotaku-manga.com"
51.222.253.15 - - [11/Jun/2025:02:54:09 -0400] "GET /cs413595876.shtm HTTP/1.1" 301 0 "-" "Mozilla/5.0 (compatible; AhrefsBot/7.0; +http://ahrefs.com/robot/)"
18.214.124.6 - - [11/Jun/2025:02:54:09 -0400] "GET /manga/wotakoi-love-is-hard-for-otaku-chapter-78/ HTTP/1.1" 200 41298 "-" "Mozilla/5.0 AppleWebKit/537.36 (KHTML, like Gecko; compatible; Amazonbot/0.1; +https://developer.amazon.com/support/amazonbot) Chrome/119.0.6045.214 Safari/537.36"
51.222.253.10 - - [11/Jun/2025:02:54:14 -0400] "GET /ctc776919782.shtm HTTP/1.1" 301 0 "-" "Mozilla/5.0 (compatible; AhrefsBot/7.0; +http://ahrefs.com/robot/)"
52.0.105.244 - - [11/Jun/2025:02:54:12 -0400] "GET /manga/wotakoi-love-is-hard-for-otaku-chapter-6/ HTTP/1.1" 200 41304 "-" "Mozilla/5.0 AppleWebKit/537.36 (KHTML, like Gecko; compatible; Amazonbot/0.1; +https://developer.amazon.com/support/amazonbot) Chrome/119.0.6045.214 Safari/537.36"
162.0.232.193 - - [11/Jun/2025:02:54:18 -0400] "POST /wp-cron.php?doing_wp_cron=1749624858.5580379962921142578125 HTTP/1.1" 200 0 "-" "WordPress/6.8.1; https://wotaku-manga.com"
100.28.118.16 - - [11/Jun/2025:02:54:17 -0400] "GET /manga/wotakoi-love-is-hard-for-otaku-chapter-12-5/ HTTP/1.1" 200 41843 "-" "Mozilla/5.0 AppleWebKit/537.36 (KHTML, like Gecko; compatible; Amazonbot/0.1; +https://developer.amazon.com/support/amazonbot) Chrome/119.0.6045.214 Safari/537.36"
51.222.253.16 - - [11/Jun/2025:02:54:21 -0400] "GET /cu153720652.shtm HTTP/1.1" 301 0 "-" "Mozilla/5.0 (compatible; AhrefsBot/7.0; +http://ahrefs.com/robot/)"
34.225.87.80 - - [11/Jun/2025:02:54:21 -0400] "GET /manga/wotaku-ni-koi-wa-muzukashii-chapter-65-2/ HTTP/1.1" 200 41732 "-" "Mozilla/5.0 AppleWebKit/537.36 (KHTML, like Gecko; compatible; Amazonbot/0.1; +https://developer.amazon.com/support/amazonbot) Chrome/119.0.6045.214 Safari/537.36"
34.194.233.48 - - [11/Jun/2025:02:54:24 -0400] "GET /manga/wotakoi-love-is-hard-for-otaku-chapter-5/ HTTP/1.1" 200 43160 "-" "Mozilla/5.0 AppleWebKit/537.36 (KHTML, like Gecko; compatible; Amazonbot/0.1; +https://developer.amazon.com/support/amazonbot) Chrome/119.0.6045.214 Safari/537.36"
18.211.148.239 - - [11/Jun/2025:02:54:29 -0400] "GET /wotakoi-story HTTP/1.1" 301 0 "-" "Mozilla/5.0 AppleWebKit/537.36 (KHTML, like Gecko; compatible; Amazonbot/0.1; +https://developer.amazon.com/support/amazonbot) Chrome/119.0.6045.214 Safari/537.36"
51.222.253.7 - - [11/Jun/2025:02:54:31 -0400] "GET /cu854421068.shtm HTTP/1.1" 301 0 "-" "Mozilla/5.0 (compatible; AhrefsBot/7.0; +http://ahrefs.com/robot/)"
54.83.56.1 - - [11/Jun/2025:02:54:30 -0400] "GET /wotakoi-story/ HTTP/1.1" 200 40261 "-" "Mozilla/5.0 AppleWebKit/537.36 (KHTML, like Gecko; compatible; Amazonbot/0.1; +https://developer.amazon.com/support/amazonbot) Chrome/119.0.6045.214 Safari/537.36"
23.21.204.95 - - [11/Jun/2025:02:54:33 -0400] "GET /manga/wotakoi-love-is-hard-for-otaku-chapter-10/ HTTP/1.1" 200 41470 "-" "Mozilla/5.0 AppleWebKit/537.36 (KHTML, like Gecko; compatible; Amazonbot/0.1; +https://developer.amazon.com/support/amazonbot) Chrome/119.0.6045.214 Safari/537.36"
52.203.65.83 - - [11/Jun/2025:02:54:36 -0400] "GET /manga/wotaku-ni-koi-wa-muzukashii-chapter-28/ HTTP/1.1" 200 41900 "-" "Mozilla/5.0 AppleWebKit/537.36 (KHTML, like Gecko; compatible; Amazonbot/0.1; +https://developer.amazon.com/support/amazonbot) Chrome/119.0.6045.214 Safari/537.36"
51.222.253.14 - - [11/Jun/2025:02:54:40 -0400] "GET /cuo/85476730.shtm HTTP/1.1" 301 0 "-" "Mozilla/5.0 (compatible; AhrefsBot/7.0; +http://ahrefs.com/robot/)"
34.234.206.30 - - [11/Jun/2025:02:54:40 -0400] "GET /manga/wotaku-ni-koi-wa-muzukashii-chapter-50 HTTP/1.1" 301 0 "-" "Mozilla/5.0 AppleWebKit/537.36 (KHTML, like Gecko; compatible; Amazonbot/0.1; +https://developer.amazon.com/support/amazonbot) Chrome/119.0.6045.214 Safari/537.36"
180.191.107.60 - - [11/Jun/2025:02:54:41 -0400] "GET /manga/wotakoi-love-is-hard-for-otaku-chapter-1/ HTTP/1.1" 200 42030 "https://wotaku-manga.com/manga/wotakoi-love-is-hard-for-otaku-chapter-0/" "Mozilla/5.0 (Windows NT 10.0; Win64; x64) AppleWebKit/537.36 (KHTML, like Gecko) Chrome/137.0.0.0 Safari/537.36"
162.0.232.193 - - [11/Jun/2025:02:54:46 -0400] "POST /wp-cron.php?doing_wp_cron=1749624885.9044830799102783203125 HTTP/1.1" 200 0 "-" "WordPress/6.8.1; https://wotaku-manga.com"
51.222.253.6 - - [11/Jun/2025:02:54:45 -0400] "GET /cw1267098998.shtm HTTP/1.1" 301 0 "-" "Mozilla/5.0 (compatible; AhrefsBot/7.0; +http://ahrefs.com/robot/)"
180.191.107.60 - - [11/Jun/2025:02:54:45 -0400] "GET /manga/wotakoi-love-is-hard-for-otaku-chapter-1/ HTTP/1.1" 200 0 "https://wotaku-manga.com/manga/wotakoi-love-is-hard-for-otaku-chapter-0/" "Mozilla/5.0 (Windows NT 10.0; Win64; x64) AppleWebKit/537.36 (KHTML, like Gecko) Chrome/137.0.0.0 Safari/537.36"
54.87.95.7 - - [11/Jun/2025:02:54:43 -0400] "GET /manga/wotaku-ni-koi-wa-muzukashii-chapter-50/ HTTP/1.1" 200 41304 "-" "Mozilla/5.0 AppleWebKit/537.36 (KHTML, like Gecko; compatible; Amazonbot/0.1; +https://developer.amazon.com/support/amazonbot) Chrome/119.0.6045.214 Safari/537.36"
100.29.164.178 - - [11/Jun/2025:02:54:45 -0400] "GET /manga/wotakoi-love-is-hard-for-otaku-chapter-76/ HTTP/1.1" 200 41723 "-" "Mozilla/5.0 AppleWebKit/537.36 (KHTML, like Gecko; compatible; Amazonbot/0.1; +https://developer.amazon.com/support/amazonbot) Chrome/119.0.6045.214 Safari/537.36"
51.222.253.16 - - [11/Jun/2025:02:54:51 -0400] "GET /cw513856612.shtm HTTP/1.1" 301 0 "-" "Mozilla/5.0 (compatible; AhrefsBot/7.0; +http://ahrefs.com/robot/)"
180.191.107.60 - - [11/Jun/2025:02:54:50 -0400] "GET /manga/wotakoi-love-is-hard-for-otaku-chapter-1/ HTTP/1.1" 200 42030 "https://wotaku-manga.com/manga/wotakoi-love-is-hard-for-otaku-chapter-0/" "Mozilla/5.0 (Windows NT 10.0; Win64; x64) AppleWebKit/537.36 (KHTML, like Gecko) Chrome/137.0.0.0 Safari/537.36"
51.222.253.5 - - [11/Jun/2025:02:55:00 -0400] "GET /cxq37829340.shtm HTTP/1.1" 301 0 "-" "Mozilla/5.0 (compatible; AhrefsBot/7.0; +http://ahrefs.com/robot/)"
162.0.232.193 - - [11/Jun/2025:02:55:05 -0400] "POST /wp-cron.php?doing_wp_cron=1749624902.7271270751953125000000 HTTP/1.1" 200 0 "-" "WordPress/6.8.1; https://wotaku-manga.com"
51.222.253.1 - - [11/Jun/2025:02:55:13 -0400] "GET /cy/235640416.shtm HTTP/1.1" 301 0 "-" "Mozilla/5.0 (compatible; AhrefsBot/7.0; +http://ahrefs.com/robot/)"
51.222.253.20 - - [11/Jun/2025:02:55:23 -0400] "GET /cy1329023850.shtm HTTP/1.1" 301 0 "-" "Mozilla/5.0 (compatible; AhrefsBot/7.0; +http://ahrefs.com/robot/)"
180.191.107.60 - - [11/Jun/2025:02:55:23 -0400] "GET /manga/wotakoi-love-is-hard-for-otaku-chapter-78/ HTTP/1.1" 200 41310 "https://wotaku-manga.com/manga/wotakoi-love-is-hard-for-otaku-chapter-1/" "Mozilla/5.0 (Windows NT 10.0; Win64; x64) AppleWebKit/537.36 (KHTML, like Gecko) Chrome/137.0.0.0 Safari/537.36"
180.191.107.60 - - [11/Jun/2025:02:55:24 -0400] "GET /manga/wotakoi-love-is-hard-for-otaku-chapter-2/ HTTP/1.1" 200 45648 "https://wotaku-manga.com/manga/wotakoi-love-is-hard-for-otaku-chapter-1/" "Mozilla/5.0 (Windows NT 10.0; Win64; x64) AppleWebKit/537.36 (KHTML, like Gecko) Chrome/137.0.0.0 Safari/537.36"
51.222.253.10 - - [11/Jun/2025:02:55:28 -0400] "GET /cy1673811826.shtm HTTP/1.1" 301 0 "-" "Mozilla/5.0 (compatible; AhrefsBot/7.0; +http://ahrefs.com/robot/)"
180.191.107.60 - - [11/Jun/2025:02:55:29 -0400] "GET /manga/wotakoi-love-is-hard-for-otaku-chapter-2/ HTTP/1.1" 200 45648 "https://wotaku-manga.com/manga/wotakoi-love-is-hard-for-otaku-chapter-1/" "Mozilla/5.0 (Windows NT 10.0; Win64; x64) AppleWebKit/537.36 (KHTML, like Gecko) Chrome/137.0.0.0 Safari/537.36"
51.222.253.10 - - [11/Jun/2025:02:55:37 -0400] "GET /cy541492768.shtm HTTP/1.1" 301 0 "-" "Mozilla/5.0 (compatible; AhrefsBot/7.0; +http://ahrefs.com/robot/)"
51.222.253.9 - - [11/Jun/2025:02:55:41 -0400] "GET /cyu/7289614.shtm HTTP/1.1" 301 0 "-" "Mozilla/5.0 (compatible; AhrefsBot/7.0; +http://ahrefs.com/robot/)"
51.222.253.3 - - [11/Jun/2025:02:55:47 -0400] "GET /d/1261204031.shtm HTTP/1.1" 301 0 "-" "Mozilla/5.0 (compatible; AhrefsBot/7.0; +http://ahrefs.com/robot/)"
51.222.253.3 - - [11/Jun/2025:02:55:55 -0400] "GET /d/1267329783.shtm HTTP/1.1" 301 0 "-" "Mozilla/5.0 (compatible; AhrefsBot/7.0; +http://ahrefs.com/robot/)"
180.191.107.60 - - [11/Jun/2025:02:55:59 -0400] "GET /manga/wotakoi-love-is-hard-for-otaku-chapter-3/ HTTP/1.1" 200 42404 "https://wotaku-manga.com/manga/wotakoi-love-is-hard-for-otaku-chapter-2/" "Mozilla/5.0 (Windows NT 10.0; Win64; x64) AppleWebKit/537.36 (KHTML, like Gecko) Chrome/137.0.0.0 Safari/537.36"
66.249.73.1 - - [11/Jun/2025:02:56:01 -0400] "GET /tag/wotakoi/ HTTP/1.1" 200 81725 "-" "Mozilla/5.0 (Linux; Android 6.0.1; Nexus 5X Build/MMB29P) AppleWebKit/537.36 (KHTML, like Gecko) Chrome/136.0.7103.113 Mobile Safari/537.36 (compatible; Googlebot/2.1; +http://www.google.com/bot.html)"
180.191.107.60 - - [11/Jun/2025:02:55:59 -0400] "GET /manga/wotakoi-love-is-hard-for-otaku-chapter-1/ HTTP/1.1" 200 42032 "https://wotaku-manga.com/manga/wotakoi-love-is-hard-for-otaku-chapter-2/" "Mozilla/5.0 (Windows NT 10.0; Win64; x64) AppleWebKit/537.36 (KHTML, like Gecko) Chrome/137.0.0.0 Safari/537.36"
162.0.232.193 - - [11/Jun/2025:02:56:04 -0400] "POST /wp-cron.php?doing_wp_cron=1749624964.1280009746551513671875 HTTP/1.1" 200 0 "-" "WordPress/6.8.1; https://wotaku-manga.com"
162.0.232.193 - - [11/Jun/2025:02:56:04 -0400] "POST /wp-cron.php?doing_wp_cron=1749624964.0341539382934570312500 HTTP/1.1" 200 0 "-" "WordPress/6.8.1; https://wotaku-manga.com"
51.222.253.17 - - [11/Jun/2025:02:56:02 -0400] "GET /d/140520087.shtm HTTP/1.1" 301 0 "-" "Mozilla/5.0 (compatible; AhrefsBot/7.0; +http://ahrefs.com/robot/)"
180.191.107.60 - - [11/Jun/2025:02:56:01 -0400] "GET /manga/wotakoi-love-is-hard-for-otaku-chapter-3/ HTTP/1.1" 200 42404 "https://wotaku-manga.com/manga/wotakoi-love-is-hard-for-otaku-chapter-2/" "Mozilla/5.0 (Windows NT 10.0; Win64; x64) AppleWebKit/537.36 (KHTML, like Gecko) Chrome/137.0.0.0 Safari/537.36"
180.191.107.60 - - [11/Jun/2025:02:56:09 -0400] "POST /wp-admin/admin-ajax.php HTTP/1.1" 200 61 "https://wotaku-manga.com/manga/wotakoi-love-is-hard-for-otaku-chapter-3/" "Mozilla/5.0 (Windows NT 10.0; Win64; x64) AppleWebKit/537.36 (KHTML, like Gecko) Chrome/137.0.0.0 Safari/537.36"
51.222.253.15 - - [11/Jun/2025:02:56:12 -0400] "GET /d/1532661043.shtm HTTP/1.1" 301 0 "-" "Mozilla/5.0 (compatible; AhrefsBot/7.0; +http://ahrefs.com/robot/)"
162.0.232.193 - - [11/Jun/2025:02:56:20 -0400] "POST /wp-cron.php?doing_wp_cron=1749624980.0388190746307373046875 HTTP/1.1" 200 0 "-" "WordPress/6.8.1; https://wotaku-manga.com"
51.222.253.12 - - [11/Jun/2025:02:56:19 -0400] "GET /d/1826193019.shtm HTTP/1.1" 301 0 "-" "Mozilla/5.0 (compatible; AhrefsBot/7.0; +http://ahrefs.com/robot/)"
51.222.253.18 - - [11/Jun/2025:02:56:27 -0400] "GET /d/202866427.shtm HTTP/1.1" 301 0 "-" "Mozilla/5.0 (compatible; AhrefsBot/7.0; +http://ahrefs.com/robot/)"
2a03:2880:f800:16:: - - [11/Jun/2025:02:56:27 -0400] "GET /shopdetail/412939135 HTTP/1.1" 301 0 "-" "meta-externalagent/1.1 (+https://developers.facebook.com/docs/sharing/webmasters/crawler)"
51.222.253.11 - - [11/Jun/2025:02:56:33 -0400] "GET /d/235201245.shtm HTTP/1.1" 301 0 "-" "Mozilla/5.0 (compatible; AhrefsBot/7.0; +http://ahrefs.com/robot/)"
51.222.253.6 - - [11/Jun/2025:02:56:41 -0400] "GET /d/235552005.shtm HTTP/1.1" 301 0 "-" "Mozilla/5.0 (compatible; AhrefsBot/7.0; +http://ahrefs.com/robot/)"
162.0.232.193 - - [11/Jun/2025:02:56:48 -0400] "POST /wp-cron.php?doing_wp_cron=1749625008.3087270259857177734375 HTTP/1.1" 200 0 "-" "WordPress/6.8.1; https://wotaku-manga.com"
51.222.253.7 - - [11/Jun/2025:02:56:46 -0400] "GET /d/309674083.shtm HTTP/1.1" 301 0 "-" "Mozilla/5.0 (compatible; AhrefsBot/7.0; +http://ahrefs.com/robot/)"
220.181.108.149 - - [11/Jun/2025:02:56:42 -0400] "GET / HTTP/1.1" 200 37240 "-" "Mozilla/5.0 (compatible; Baiduspider/2.0; +http://www.baidu.com/search/spider.html)"
51.222.253.11 - - [11/Jun/2025:02:56:51 -0400] "GET /d/335391573.shtm HTTP/1.1" 301 0 "-" "Mozilla/5.0 (compatible; AhrefsBot/7.0; +http://ahrefs.com/robot/)"
116.179.37.153 - - [11/Jun/2025:02:56:55 -0400] "GET / HTTP/1.1" 200 0 "-" "Mozilla/5.0 (compatible; Baiduspider-render/2.0; +http://www.baidu.com/search/spider.html)"
162.0.232.193 - - [11/Jun/2025:02:56:58 -0400] "POST /wp-cron.php?doing_wp_cron=1749625018.3367989063262939453125 HTTP/1.1" 200 0 "-" "WordPress/6.8.1; https://wotaku-manga.com"
51.222.253.9 - - [11/Jun/2025:02:56:56 -0400] "GET /d/343505391.shtm HTTP/1.1" 301 0 "-" "Mozilla/5.0 (compatible; AhrefsBot/7.0; +http://ahrefs.com/robot/)"
180.191.107.60 - - [11/Jun/2025:02:56:56 -0400] "GET /manga/wotakoi-love-is-hard-for-otaku-chapter-4/ HTTP/1.1" 200 41811 "https://wotaku-manga.com/manga/wotakoi-love-is-hard-for-otaku-chapter-3/" "Mozilla/5.0 (Windows NT 10.0; Win64; x64) AppleWebKit/537.36 (KHTML, like Gecko) Chrome/137.0.0.0 Safari/537.36"
180.191.107.60 - - [11/Jun/2025:02:57:00 -0400] "GET /manga/wotakoi-love-is-hard-for-otaku-chapter-4/ HTTP/1.1" 200 41811 "https://wotaku-manga.com/manga/wotakoi-love-is-hard-for-otaku-chapter-3/" "Mozilla/5.0 (Windows NT 10.0; Win64; x64) AppleWebKit/537.36 (KHTML, like Gecko) Chrome/137.0.0.0 Safari/537.36"
51.222.253.13 - - [11/Jun/2025:02:57:03 -0400] "GET /d/427185995.shtm HTTP/1.1" 301 0 "-" "Mozilla/5.0 (compatible; AhrefsBot/7.0; +http://ahrefs.com/robot/)"
180.191.107.60 - - [11/Jun/2025:02:57:03 -0400] "POST /wp-admin/admin-ajax.php HTTP/1.1" 200 61 "https://wotaku-manga.com/manga/wotakoi-love-is-hard-for-otaku-chapter-4/" "Mozilla/5.0 (Windows NT 10.0; Win64; x64) AppleWebKit/537.36 (KHTML, like Gecko) Chrome/137.0.0.0 Safari/537.36"
116.179.37.42 - - [11/Jun/2025:02:57:03 -0400] "GET / HTTP/1.1" 200 37240 "-" "Mozilla/5.0 (compatible; Baiduspider-render/2.0; +http://www.baidu.com/search/spider.html)"
2a03:2880:f800:7:: - - [11/Jun/2025:02:57:08 -0400] "GET /shopdetail/184105335 HTTP/1.1" 301 0 "-" "meta-externalagent/1.1 (+https://developers.facebook.com/docs/sharing/webmasters/crawler)"
51.222.253.12 - - [11/Jun/2025:02:57:11 -0400] "GET /d/760708691.shtm HTTP/1.1" 301 0 "-" "Mozilla/5.0 (compatible; AhrefsBot/7.0; +http://ahrefs.com/robot/)"
51.222.253.19 - - [11/Jun/2025:02:57:15 -0400] "GET /d/813161883.shtm HTTP/1.1" 301 0 "-" "Mozilla/5.0 (compatible; AhrefsBot/7.0; +http://ahrefs.com/robot/)"
116.179.37.169 - - [11/Jun/2025:02:57:14 -0400] "GET / HTTP/1.1" 200 37240 "-" "Mozilla/5.0 (compatible; Baiduspider-render/2.0; +http://www.baidu.com/search/spider.html)"
116.179.37.77 - - [11/Jun/2025:02:57:20 -0400] "GET / HTTP/1.1" 200 0 "-" "Mozilla/5.0 (compatible; Baiduspider-render/2.0; +http://www.baidu.com/search/spider.html)"
162.0.232.193 - - [11/Jun/2025:02:57:23 -0400] "POST /wp-cron.php?doing_wp_cron=1749625042.2109880447387695312500 HTTP/1.1" 200 0 "-" "WordPress/6.8.1; https://wotaku-manga.com"
51.222.253.3 - - [11/Jun/2025:02:57:23 -0400] "GET /d/813249965.shtm HTTP/1.1" 301 0 "-" "Mozilla/5.0 (compatible; AhrefsBot/7.0; +http://ahrefs.com/robot/)"
51.222.253.20 - - [11/Jun/2025:02:57:32 -0400] "GET /d/85267401.shtm HTTP/1.1" 301 0 "-" "Mozilla/5.0 (compatible; AhrefsBot/7.0; +http://ahrefs.com/robot/)"
51.222.253.15 - - [11/Jun/2025:02:57:38 -0400] "GET /d/922207041.shtm HTTP/1.1" 301 0 "-" "Mozilla/5.0 (compatible; AhrefsBot/7.0; +http://ahrefs.com/robot/)"
180.191.107.60 - - [11/Jun/2025:02:57:38 -0400] "GET /manga/wotakoi-love-is-hard-for-otaku-chapter-4-5/ HTTP/1.1" 200 41907 "https://wotaku-manga.com/manga/wotakoi-love-is-hard-for-otaku-chapter-4/" "Mozilla/5.0 (Windows NT 10.0; Win64; x64) AppleWebKit/537.36 (KHTML, like Gecko) Chrome/137.0.0.0 Safari/537.36"
51.222.253.3 - - [11/Jun/2025:02:57:45 -0400] "GET /d/951601621.shtm HTTP/1.1" 301 0 "-" "Mozilla/5.0 (compatible; AhrefsBot/7.0; +http://ahrefs.com/robot/)"
162.0.232.193 - - [11/Jun/2025:02:57:46 -0400] "POST /wp-cron.php?doing_wp_cron=1749625066.0657289028167724609375 HTTP/1.1" 200 0 "-" "WordPress/6.8.1; https://wotaku-manga.com"
180.191.107.60 - - [11/Jun/2025:02:57:43 -0400] "GET /manga/wotakoi-love-is-hard-for-otaku-chapter-4-5/ HTTP/1.1" 200 0 "https://wotaku-manga.com/manga/wotakoi-love-is-hard-for-otaku-chapter-4/" "Mozilla/5.0 (Windows NT 10.0; Win64; x64) AppleWebKit/537.36 (KHTML, like Gecko) Chrome/137.0.0.0 Safari/537.36"
180.191.107.60 - - [11/Jun/2025:02:57:48 -0400] "GET /manga/wotakoi-love-is-hard-for-otaku-chapter-4-5/ HTTP/1.1" 200 41907 "https://wotaku-manga.com/manga/wotakoi-love-is-hard-for-otaku-chapter-4/" "Mozilla/5.0 (Windows NT 10.0; Win64; x64) AppleWebKit/537.36 (KHTML, like Gecko) Chrome/137.0.0.0 Safari/537.36"
51.222.253.15 - - [11/Jun/2025:02:57:51 -0400] "GET /d1003739825.shtm HTTP/1.1" 301 0 "-" "Mozilla/5.0 (compatible; AhrefsBot/7.0; +http://ahrefs.com/robot/)"
51.222.253.14 - - [11/Jun/2025:02:57:54 -0400] "GET /d1117324443.shtm HTTP/1.1" 301 0 "-" "Mozilla/5.0 (compatible; AhrefsBot/7.0; +http://ahrefs.com/robot/)"
162.0.232.193 - - [11/Jun/2025:02:58:05 -0400] "POST /wp-cron.php?doing_wp_cron=1749625084.2342960834503173828125 HTTP/1.1" 200 0 "-" "WordPress/6.8.1; https://wotaku-manga.com"
51.222.253.10 - - [11/Jun/2025:02:58:01 -0400] "GET /d1119807421.shtm HTTP/1.1" 301 0 "-" "Mozilla/5.0 (compatible; AhrefsBot/7.0; +http://ahrefs.com/robot/)"
2a03:2880:f800:16:: - - [11/Jun/2025:02:58:07 -0400] "GET /shopdetail/161476435 HTTP/1.1" 301 0 "-" "meta-externalagent/1.1 (+https://developers.facebook.com/docs/sharing/webmasters/crawler)"
109.93.203.138 - - [11/Jun/2025:02:58:09 -0400] "GET /wp-content/uploads/2021/11/cropped-stsmall507x507-pad600x600f8f8f8-1-180x180.jpeg HTTP/1.1" 200 6663 "https://myactivity.google.com/" "Mozilla/5.0 (Linux; Android 10; K) AppleWebKit/537.36 (KHTML, like Gecko) Chrome/137.0.0.0 Mobile Safari/537.36"
109.93.203.138 - - [11/Jun/2025:02:58:09 -0400] "GET /wp-content/uploads/2022/04/8mxi1g8v17821.webp HTTP/1.1" 200 57108 "https://myactivity.google.com/" "Mozilla/5.0 (Linux; Android 10; K) AppleWebKit/537.36 (KHTML, like Gecko) Chrome/137.0.0.0 Mobile Safari/537.36"
51.222.253.11 - - [11/Jun/2025:02:58:09 -0400] "GET /d1174074315.shtm HTTP/1.1" 301 0 "-" "Mozilla/5.0 (compatible; AhrefsBot/7.0; +http://ahrefs.com/robot/)"
2a03:2880:f800:1d:: - - [11/Jun/2025:02:58:09 -0400] "GET /shopdetail/423569135 HTTP/1.1" 301 0 "-" "meta-externalagent/1.1 (+https://developers.facebook.com/docs/sharing/webmasters/crawler)"
51.222.253.13 - - [11/Jun/2025:02:58:15 -0400] "GET /d1206374049.shtm HTTP/1.1" 301 0 "-" "Mozilla/5.0 (compatible; AhrefsBot/7.0; +http://ahrefs.com/robot/)"
51.222.253.13 - - [11/Jun/2025:02:58:20 -0400] "GET /d1232194847.shtm HTTP/1.1" 301 0 "-" "Mozilla/5.0 (compatible; AhrefsBot/7.0; +http://ahrefs.com/robot/)"
51.222.253.18 - - [11/Jun/2025:02:58:32 -0400] "GET /d1232213721.shtm HTTP/1.1" 301 0 "-" "Mozilla/5.0 (compatible; AhrefsBot/7.0; +http://ahrefs.com/robot/)"
51.222.253.7 - - [11/Jun/2025:02:58:45 -0400] "GET /d126315009.shtm HTTP/1.1" 301 0 "-" "Mozilla/5.0 (compatible; AhrefsBot/7.0; +http://ahrefs.com/robot/)"
180.191.107.60 - - [11/Jun/2025:02:58:50 -0400] "POST /wp-admin/admin-ajax.php HTTP/1.1" 200 61 "https://wotaku-manga.com/manga/wotakoi-love-is-hard-for-otaku-chapter-4-5/" "Mozilla/5.0 (Windows NT 10.0; Win64; x64) AppleWebKit/537.36 (KHTML, like Gecko) Chrome/137.0.0.0 Safari/537.36"
51.222.253.5 - - [11/Jun/2025:02:58:51 -0400] "GET /d126384393.shtm HTTP/1.1" 301 0 "-" "Mozilla/5.0 (compatible; AhrefsBot/7.0; +http://ahrefs.com/robot/)"
2a03:2880:f800:12:: - - [11/Jun/2025:02:58:52 -0400] "GET /shopdetail/135525335 HTTP/1.1" 301 0 "-" "meta-externalagent/1.1 (+https://developers.facebook.com/docs/sharing/webmasters/crawler)"
51.222.253.15 - - [11/Jun/2025:02:58:57 -0400] "GET /d1267241517.shtm HTTP/1.1" 301 0 "-" "Mozilla/5.0 (compatible; AhrefsBot/7.0; +http://ahrefs.com/robot/)"
162.0.232.193 - - [11/Jun/2025:02:59:07 -0400] "POST /wp-cron.php?doing_wp_cron=1749625147.6507830619812011718750 HTTP/1.1" 200 0 "-" "WordPress/6.8.1; https://wotaku-manga.com"
51.222.253.18 - - [11/Jun/2025:02:59:06 -0400] "GET /d1502438601.shtm HTTP/1.1" 301 0 "-" "Mozilla/5.0 (compatible; AhrefsBot/7.0; +http://ahrefs.com/robot/)"
51.222.253.10 - - [11/Jun/2025:02:59:12 -0400] "GET /d1641740645.shtm HTTP/1.1" 301 0 "-" "Mozilla/5.0 (compatible; AhrefsBot/7.0; +http://ahrefs.com/robot/)"
162.0.232.193 - - [11/Jun/2025:02:59:20 -0400] "POST /wp-cron.php?doing_wp_cron=1749625159.3382849693298339843750 HTTP/1.1" 200 0 "-" "WordPress/6.8.1; https://wotaku-manga.com"
51.222.253.7 - - [11/Jun/2025:02:59:18 -0400] "GET /d1653692651.shtm HTTP/1.1" 301 0 "-" "Mozilla/5.0 (compatible; AhrefsBot/7.0; +http://ahrefs.com/robot/)"
51.222.253.12 - - [11/Jun/2025:02:59:23 -0400] "GET /d1660574777.shtm HTTP/1.1" 301 0 "-" "Mozilla/5.0 (compatible; AhrefsBot/7.0; +http://ahrefs.com/robot/)"
2603:8081:6700:18ee:b57d:b008:8c23:ef65 - - [11/Jun/2025:02:59:22 -0400] "GET /manga/wotaku-ni-koi-wa-muzukashii-chapter-38/ HTTP/1.1" 200 42175 "https://wotaku-manga.com/manga/wotaku-ni-koi-wa-muzukashii-chapter-37-5/" "Mozilla/5.0 (iPhone; CPU iPhone OS 12_4_4 like Mac OS X) AppleWebKit/605.1.15 (KHTML, like Gecko) Version/12.1.2 Mobile/15E148 Safari/604.1"
51.222.253.10 - - [11/Jun/2025:02:59:34 -0400] "GET /d174508333.shtm HTTP/1.1" 301 0 "-" "Mozilla/5.0 (compatible; AhrefsBot/7.0; +http://ahrefs.com/robot/)"
51.222.253.6 - - [11/Jun/2025:02:59:39 -0400] "GET /d1888627313.shtm HTTP/1.1" 301 0 "-" "Mozilla/5.0 (compatible; AhrefsBot/7.0; +http://ahrefs.com/robot/)"
180.191.107.60 - - [11/Jun/2025:02:59:37 -0400] "GET /manga/wotakoi-love-is-hard-for-otaku-chapter-4/ HTTP/1.1" 200 41406 "https://wotaku-manga.com/manga/wotakoi-love-is-hard-for-otaku-chapter-4-5/" "Mozilla/5.0 (Windows NT 10.0; Win64; x64) AppleWebKit/537.36 (KHTML, like Gecko) Chrome/137.0.0.0 Safari/537.36"
162.0.232.193 - - [11/Jun/2025:02:59:52 -0400] "POST /wp-cron.php?doing_wp_cron=1749625192.0064539909362792968750 HTTP/1.1" 200 0 "-" "WordPress/6.8.1; https://wotaku-manga.com"
51.222.253.13 - - [11/Jun/2025:02:59:52 -0400] "GET /d1943051609.shtm HTTP/1.1" 301 0 "-" "Mozilla/5.0 (compatible; AhrefsBot/7.0; +http://ahrefs.com/robot/)"
180.191.107.60 - - [11/Jun/2025:02:59:49 -0400] "GET /manga/wotakoi-love-is-hard-for-otaku-chapter-5/ HTTP/1.1" 200 43544 "https://wotaku-manga.com/manga/wotakoi-love-is-hard-for-otaku-chapter-4-5/" "Mozilla/5.0 (Windows NT 10.0; Win64; x64) AppleWebKit/537.36 (KHTML, like Gecko) Chrome/137.0.0.0 Safari/537.36"
162.0.232.193 - - [11/Jun/2025:03:00:01 -0400] "POST /wp-cron.php?doing_wp_cron=1749625201.0106968879699707031250 HTTP/1.1" 200 0 "-" "WordPress/6.8.1; https://wotaku-manga.com"
51.222.253.1 - - [11/Jun/2025:02:59:59 -0400] "GET /d288305263.shtm HTTP/1.1" 301 0 "-" "Mozilla/5.0 (compatible; AhrefsBot/7.0; +http://ahrefs.com/robot/)"
180.191.107.60 - - [11/Jun/2025:02:59:59 -0400] "GET /manga/wotakoi-love-is-hard-for-otaku-chapter-5/ HTTP/1.1" 200 43544 "https://wotaku-manga.com/manga/wotakoi-love-is-hard-for-otaku-chapter-4-5/" "Mozilla/5.0 (Windows NT 10.0; Win64; x64) AppleWebKit/537.36 (KHTML, like Gecko) Chrome/137.0.0.0 Safari/537.36"
180.191.107.60 - - [11/Jun/2025:02:59:59 -0400] "GET /manga/wotakoi-love-is-hard-for-otaku-chapter-5/ HTTP/1.1" 200 38480 "https://wotaku-manga.com/manga/wotakoi-love-is-hard-for-otaku-chapter-4-5/" "Mozilla/5.0 (Windows NT 10.0; Win64; x64) AppleWebKit/537.36 (KHTML, like Gecko) Chrome/137.0.0.0 Safari/537.36"
51.222.253.9 - - [11/Jun/2025:03:00:10 -0400] "GET /d335672501.shtm HTTP/1.1" 301 0 "-" "Mozilla/5.0 (compatible; AhrefsBot/7.0; +http://ahrefs.com/robot/)"
180.191.107.60 - - [11/Jun/2025:03:00:16 -0400] "POST /wp-admin/admin-ajax.php HTTP/1.1" 200 61 "https://wotaku-manga.com/manga/wotakoi-love-is-hard-for-otaku-chapter-5/" "Mozilla/5.0 (Windows NT 10.0; Win64; x64) AppleWebKit/537.36 (KHTML, like Gecko) Chrome/137.0.0.0 Safari/537.36"
180.191.107.60 - - [11/Jun/2025:03:00:16 -0400] "GET /privacy-policy/ HTTP/1.1" 200 37738 "https://wotaku-manga.com/manga/wotakoi-love-is-hard-for-otaku-chapter-5/" "Mozilla/5.0 (Windows NT 10.0; Win64; x64) AppleWebKit/537.36 (KHTML, like Gecko) Chrome/137.0.0.0 Safari/537.36"
162.0.232.193 - - [11/Jun/2025:03:00:24 -0400] "POST /wp-cron.php?doing_wp_cron=1749625220.4894258975982666015625 HTTP/1.1" 200 0 "-" "WordPress/6.8.1; https://wotaku-manga.com"
51.222.253.7 - - [11/Jun/2025:03:00:23 -0400] "GET /d347149965.shtm HTTP/1.1" 301 0 "-" "Mozilla/5.0 (compatible; AhrefsBot/7.0; +http://ahrefs.com/robot/)"
51.222.253.5 - - [11/Jun/2025:03:00:28 -0400] "GET /d410657021.shtm HTTP/1.1" 301 0 "-" "Mozilla/5.0 (compatible; AhrefsBot/7.0; +http://ahrefs.com/robot/)"
51.222.253.18 - - [11/Jun/2025:03:00:37 -0400] "GET /d496167273.shtm HTTP/1.1" 301 0 "-" "Mozilla/5.0 (compatible; AhrefsBot/7.0; +http://ahrefs.com/robot/)"
51.222.253.16 - - [11/Jun/2025:03:00:43 -0400] "GET /d610897309.shtm HTTP/1.1" 301 0 "-" "Mozilla/5.0 (compatible; AhrefsBot/7.0; +http://ahrefs.com/robot/)"
51.222.253.6 - - [11/Jun/2025:03:00:48 -0400] "GET /d812862713.shtm HTTP/1.1" 301 0 "-" "Mozilla/5.0 (compatible; AhrefsBot/7.0; +http://ahrefs.com/robot/)"
51.222.253.9 - - [11/Jun/2025:03:01:00 -0400] "GET /d881439849.shtm HTTP/1.1" 301 0 "-" "Mozilla/5.0 (compatible; AhrefsBot/7.0; +http://ahrefs.com/robot/)"
51.222.253.8 - - [11/Jun/2025:03:01:07 -0400] "GET /d911874987.shtm HTTP/1.1" 301 0 "-" "Mozilla/5.0 (compatible; AhrefsBot/7.0; +http://ahrefs.com/robot/)"
2a03:2880:f800:d:: - - [11/Jun/2025:03:01:12 -0400] "GET /shopdetail/25069135 HTTP/1.1" 301 0 "-" "meta-externalagent/1.1 (+https://developers.facebook.com/docs/sharing/webmasters/crawler)"
51.222.253.9 - - [11/Jun/2025:03:01:17 -0400] "GET /d940828941.shtm HTTP/1.1" 301 0 "-" "Mozilla/5.0 (compatible; AhrefsBot/7.0; +http://ahrefs.com/robot/)"
51.222.253.17 - - [11/Jun/2025:03:01:27 -0400] "GET /db/413315683.shtm HTTP/1.1" 301 0 "-" "Mozilla/5.0 (compatible; AhrefsBot/7.0; +http://ahrefs.com/robot/)"
162.0.232.193 - - [11/Jun/2025:03:01:32 -0400] "POST /wp-cron.php?doing_wp_cron=1749625290.8123199939727783203125 HTTP/1.1" 200 0 "-" "WordPress/6.8.1; https://wotaku-manga.com"
51.222.253.20 - - [11/Jun/2025:03:01:37 -0400] "GET /db1279386057.shtm HTTP/1.1" 301 0 "-" "Mozilla/5.0 (compatible; AhrefsBot/7.0; +http://ahrefs.com/robot/)"
51.222.253.7 - - [11/Jun/2025:03:01:43 -0400] "GET /db514068699.shtm HTTP/1.1" 301 0 "-" "Mozilla/5.0 (compatible; AhrefsBot/7.0; +http://ahrefs.com/robot/)"
216.73.216.209 - - [11/Jun/2025:03:01:47 -0400] "GET /sitemap-child-1914.xml HTTP/1.1" 200 11525 "-" "Mozilla/5.0 AppleWebKit/537.36 (KHTML, like Gecko; compatible; ClaudeBot/1.0; [email protected])"
216.73.216.209 - - [11/Jun/2025:03:01:47 -0400] "GET /sitemap-child-2104.xml HTTP/1.1" 200 11525 "-" "Mozilla/5.0 AppleWebKit/537.36 (KHTML, like Gecko; compatible; ClaudeBot/1.0; [email protected])"
51.222.253.13 - - [11/Jun/2025:03:01:49 -0400] "GET /db973745761.shtm HTTP/1.1" 301 0 "-" "Mozilla/5.0 (compatible; AhrefsBot/7.0; +http://ahrefs.com/robot/)"
51.222.253.13 - - [11/Jun/2025:03:01:58 -0400] "GET /df/854369261.shtm HTTP/1.1" 301 0 "-" "Mozilla/5.0 (compatible; AhrefsBot/7.0; +http://ahrefs.com/robot/)"
51.222.253.3 - - [11/Jun/2025:03:02:03 -0400] "GET /df1176644279.shtm HTTP/1.1" 301 0 "-" "Mozilla/5.0 (compatible; AhrefsBot/7.0; +http://ahrefs.com/robot/)"
51.222.253.5 - - [11/Jun/2025:03:02:11 -0400] "GET /df223917075.shtm HTTP/1.1" 301 0 "-" "Mozilla/5.0 (compatible; AhrefsBot/7.0; +http://ahrefs.com/robot/)"
51.222.253.7 - - [11/Jun/2025:03:02:14 -0400] "GET /df250302473.shtm HTTP/1.1" 301 0 "-" "Mozilla/5.0 (compatible; AhrefsBot/7.0; +http://ahrefs.com/robot/)"
51.222.253.17 - - [11/Jun/2025:03:02:19 -0400] "GET /dfz37635181.shtm HTTP/1.1" 301 0 "-" "Mozilla/5.0 (compatible; AhrefsBot/7.0; +http://ahrefs.com/robot/)"
51.222.253.14 - - [11/Jun/2025:03:02:28 -0400] "GET /dj1379964725.shtm HTTP/1.1" 301 0 "-" "Mozilla/5.0 (compatible; AhrefsBot/7.0; +http://ahrefs.com/robot/)"
51.222.253.6 - - [11/Jun/2025:03:02:32 -0400] "GET /dl1641495425.shtm HTTP/1.1" 301 0 "-" "Mozilla/5.0 (compatible; AhrefsBot/7.0; +http://ahrefs.com/robot/)"
162.0.232.193 - - [11/Jun/2025:03:02:37 -0400] "POST /wp-cron.php?doing_wp_cron=1749625354.8315069675445556640625 HTTP/1.1" 200 0 "-" "WordPress/6.8.1; https://wotaku-manga.com"
51.222.253.6 - - [11/Jun/2025:03:02:39 -0400] "GET /dl491539163.shtm HTTP/1.1" 301 0 "-" "Mozilla/5.0 (compatible; AhrefsBot/7.0; +http://ahrefs.com/robot/)"
2a03:2880:f800:: - - [11/Jun/2025:03:02:39 -0400] "GET /shopdetail/250051835 HTTP/1.1" 301 0 "-" "meta-externalagent/1.1 (+https://developers.facebook.com/docs/sharing/webmasters/crawler)"
216.73.216.209 - - [11/Jun/2025:03:02:44 -0400] "GET /sitemap-child-1615.xml HTTP/1.1" 200 11456 "-" "Mozilla/5.0 AppleWebKit/537.36 (KHTML, like Gecko; compatible; ClaudeBot/1.0; [email protected])"
51.222.253.6 - - [11/Jun/2025:03:02:45 -0400] "GET /dn103150073.shtm HTTP/1.1" 301 0 "-" "Mozilla/5.0 (compatible; AhrefsBot/7.0; +http://ahrefs.com/robot/)"
51.222.253.13 - - [11/Jun/2025:03:02:50 -0400] "GET /dn1035967751.shtm HTTP/1.1" 301 0 "-" "Mozilla/5.0 (compatible; AhrefsBot/7.0; +http://ahrefs.com/robot/)"
51.222.253.4 - - [11/Jun/2025:03:02:54 -0400] "GET /dn1049239971.shtm HTTP/1.1" 301 0 "-" "Mozilla/5.0 (compatible; AhrefsBot/7.0; +http://ahrefs.com/robot/)"
51.222.253.5 - - [11/Jun/2025:03:03:02 -0400] "GET /dn362251513.shtm HTTP/1.1" 301 0 "-" "Mozilla/5.0 (compatible; AhrefsBot/7.0; +http://ahrefs.com/robot/)"
51.222.253.14 - - [11/Jun/2025:03:03:07 -0400] "GET /dn812968013.shtm HTTP/1.1" 301 0 "-" "Mozilla/5.0 (compatible; AhrefsBot/7.0; +http://ahrefs.com/robot/)"
2a03:2880:f800:10:: - - [11/Jun/2025:03:03:09 -0400] "GET /shopdetail/433806035 HTTP/1.1" 301 0 "-" "meta-externalagent/1.1 (+https://developers.facebook.com/docs/sharing/webmasters/crawler)"
51.222.253.7 - - [11/Jun/2025:03:03:15 -0400] "GET /dp1219117577.shtm HTTP/1.1" 301 0 "-" "Mozilla/5.0 (compatible; AhrefsBot/7.0; +http://ahrefs.com/robot/)"
51.222.253.6 - - [11/Jun/2025:03:03:22 -0400] "GET /dp223900497.shtm HTTP/1.1" 301 0 "-" "Mozilla/5.0 (compatible; AhrefsBot/7.0; +http://ahrefs.com/robot/)"
51.222.253.10 - - [11/Jun/2025:03:03:28 -0400] "GET /dt126420885.shtm HTTP/1.1" 301 0 "-" "Mozilla/5.0 (compatible; AhrefsBot/7.0; +http://ahrefs.com/robot/)"
180.195.67.64 - - [11/Jun/2025:03:03:28 -0400] "POST /wp-admin/admin-ajax.php HTTP/1.1" 200 61 "https://wotaku-manga.com/manga/wotakoi-love-is-hard-for-otaku-chapter-73/" "Mozilla/5.0 (iPhone; CPU iPhone OS 18_2_1 like Mac OS X) AppleWebKit/605.1.15 (KHTML, like Gecko) Version/18.2 Mobile/15E148 Safari/604.1"
