192.178.6.32 - - [11/Jun/2025:08:38:45 -0400] "GET /e53883462.shtm HTTP/1.1" 200 81554 "-" "Mozilla/5.0 (Linux; Android 6.0.1; Nexus 5X Build/MMB29P) AppleWebKit/537.36 (KHTML, like Gecko) Chrome/136.0.7103.113 Mobile Safari/537.36 (compatible; Googlebot/2.1; +http://www.google.com/bot.html)"
162.0.232.193 - - [11/Jun/2025:08:38:47 -0400] "POST /wp-cron.php?doing_wp_cron=1749645527.1738820075988769531250 HTTP/1.1" 200 0 "-" "WordPress/6.8.1; https://wotaku-manga.com"
185.177.72.144 - - [11/Jun/2025:08:38:46 -0400] "GET /api/shared/config.env HTTP/1.1" 301 0 "-" "Mozilla/5.0 (Windows NT 10.0; Win64; x64) AppleWebKit/537.36 (KHTML, like Gecko) Chrome/91.0.4472.124 Safari/537.36"
185.177.72.144 - - [11/Jun/2025:08:38:47 -0400] "GET / HTTP/1.1" 200 37330 "-" "Mozilla/5.0 (Windows NT 10.0; Win64; x64) AppleWebKit/537.36 (KHTML, like Gecko) Chrome/91.0.4472.124 Safari/537.36"
51.222.253.7 - - [11/Jun/2025:08:38:48 -0400] "GET /jv399942161.shtm HTTP/1.1" 301 0 "-" "Mozilla/5.0 (compatible; AhrefsBot/7.0; +http://ahrefs.com/robot/)"
185.177.72.144 - - [11/Jun/2025:08:38:48 -0400] "GET /app/.env HTTP/1.1" 301 0 "-" "Mozilla/5.0 (Windows NT 10.0; Win64; x64) AppleWebKit/537.36 (KHTML, like Gecko) Chrome/91.0.4472.124 Safari/537.36"
185.177.72.144 - - [11/Jun/2025:08:38:49 -0400] "GET / HTTP/1.1" 200 37330 "-" "Mozilla/5.0 (Windows NT 10.0; Win64; x64) AppleWebKit/537.36 (KHTML, like Gecko) Chrome/91.0.4472.124 Safari/537.36"
2a03:2880:f800:e:: - - [11/Jun/2025:08:38:50 -0400] "GET /shopdetail/7413535 HTTP/1.1" 301 0 "-" "meta-externalagent/1.1 (+https://developers.facebook.com/docs/sharing/webmasters/crawler)"
185.177.72.144 - - [11/Jun/2025:08:38:50 -0400] "GET /application.properties HTTP/1.1" 301 0 "-" "Mozilla/5.0 (Windows NT 10.0; Win64; x64) AppleWebKit/537.36 (KHTML, like Gecko) Chrome/91.0.4472.124 Safari/537.36"
185.177.72.144 - - [11/Jun/2025:08:38:51 -0400] "GET / HTTP/1.1" 200 37330 "-" "Mozilla/5.0 (Windows NT 10.0; Win64; x64) AppleWebKit/537.36 (KHTML, like Gecko) Chrome/91.0.4472.124 Safari/537.36"
185.177.72.144 - - [11/Jun/2025:08:38:52 -0400] "GET /appsettings.json HTTP/1.1" 301 0 "-" "Mozilla/5.0 (Windows NT 10.0; Win64; x64) AppleWebKit/537.36 (KHTML, like Gecko) Chrome/91.0.4472.124 Safari/537.36"
2a03:2880:f800:b:: - - [11/Jun/2025:08:38:53 -0400] "GET / HTTP/1.1" 200 37330 "-" "meta-externalagent/1.1 (+https://developers.facebook.com/docs/sharing/webmasters/crawler)"
185.177.72.144 - - [11/Jun/2025:08:38:53 -0400] "GET / HTTP/1.1" 200 37330 "-" "Mozilla/5.0 (Windows NT 10.0; Win64; x64) AppleWebKit/537.36 (KHTML, like Gecko) Chrome/91.0.4472.124 Safari/537.36"
185.177.72.144 - - [11/Jun/2025:08:38:54 -0400] "GET /aws/credentials HTTP/1.1" 301 0 "-" "Mozilla/5.0 (Windows NT 10.0; Win64; x64) AppleWebKit/537.36 (KHTML, like Gecko) Chrome/91.0.4472.124 Safari/537.36"
51.222.253.20 - - [11/Jun/2025:08:38:54 -0400] "GET /jv457271875.shtm HTTP/1.1" 301 0 "-" "Mozilla/5.0 (compatible; AhrefsBot/7.0; +http://ahrefs.com/robot/)"
185.177.72.144 - - [11/Jun/2025:08:38:56 -0400] "GET / HTTP/1.1" 200 37330 "-" "Mozilla/5.0 (Windows NT 10.0; Win64; x64) AppleWebKit/537.36 (KHTML, like Gecko) Chrome/91.0.4472.124 Safari/537.36"
162.0.232.193 - - [11/Jun/2025:08:38:58 -0400] "POST /wp-cron.php?doing_wp_cron=1749645538.2067499160766601562500 HTTP/1.1" 200 0 "-" "WordPress/6.8.1; https://wotaku-manga.com"
185.177.72.144 - - [11/Jun/2025:08:38:57 -0400] "GET /config.env HTTP/1.1" 301 0 "-" "Mozilla/5.0 (Windows NT 10.0; Win64; x64) AppleWebKit/537.36 (KHTML, like Gecko) Chrome/91.0.4472.124 Safari/537.36"
51.222.253.11 - - [11/Jun/2025:08:38:58 -0400] "GET /jv756928323.shtm HTTP/1.1" 301 0 "-" "Mozilla/5.0 (compatible; AhrefsBot/7.0; +http://ahrefs.com/robot/)"
185.177.72.144 - - [11/Jun/2025:08:39:00 -0400] "GET / HTTP/1.1" 200 37330 "-" "Mozilla/5.0 (Windows NT 10.0; Win64; x64) AppleWebKit/537.36 (KHTML, like Gecko) Chrome/91.0.4472.124 Safari/537.36"
185.177.72.144 - - [11/Jun/2025:08:39:01 -0400] "GET /config.json HTTP/1.1" 301 0 "-" "Mozilla/5.0 (Windows NT 10.0; Win64; x64) AppleWebKit/537.36 (KHTML, like Gecko) Chrome/91.0.4472.124 Safari/537.36"
185.177.72.144 - - [11/Jun/2025:08:39:02 -0400] "GET / HTTP/1.1" 200 37330 "-" "Mozilla/5.0 (Windows NT 10.0; Win64; x64) AppleWebKit/537.36 (KHTML, like Gecko) Chrome/91.0.4472.124 Safari/537.36"
51.222.253.9 - - [11/Jun/2025:08:39:02 -0400] "GET /jz610585559.shtm HTTP/1.1" 301 0 "-" "Mozilla/5.0 (compatible; AhrefsBot/7.0; +http://ahrefs.com/robot/)"
185.177.72.144 - - [11/Jun/2025:08:39:04 -0400] "GET /config/aws.yml HTTP/1.1" 301 0 "-" "Mozilla/5.0 (Windows NT 10.0; Win64; x64) AppleWebKit/537.36 (KHTML, like Gecko) Chrome/91.0.4472.124 Safari/537.36"
185.177.72.144 - - [11/Jun/2025:08:39:05 -0400] "GET / HTTP/1.1" 200 37330 "-" "Mozilla/5.0 (Windows NT 10.0; Win64; x64) AppleWebKit/537.36 (KHTML, like Gecko) Chrome/91.0.4472.124 Safari/537.36"
185.177.72.144 - - [11/Jun/2025:08:39:09 -0400] "GET /config/settings.json HTTP/1.1" 301 0 "-" "Mozilla/5.0 (Windows NT 10.0; Win64; x64) AppleWebKit/537.36 (KHTML, like Gecko) Chrome/91.0.4472.124 Safari/537.36"
185.177.72.144 - - [11/Jun/2025:08:39:10 -0400] "GET / HTTP/1.1" 200 37330 "-" "Mozilla/5.0 (Windows NT 10.0; Win64; x64) AppleWebKit/537.36 (KHTML, like Gecko) Chrome/91.0.4472.124 Safari/537.36"
51.222.253.17 - - [11/Jun/2025:08:39:11 -0400] "GET /k/104862148.shtm HTTP/1.1" 301 0 "-" "Mozilla/5.0 (compatible; AhrefsBot/7.0; +http://ahrefs.com/robot/)"
185.177.72.144 - - [11/Jun/2025:08:39:11 -0400] "GET /i.php HTTP/1.1" 301 0 "-" "Mozilla/5.0 (Windows NT 10.0; Win64; x64) AppleWebKit/537.36 (KHTML, like Gecko) Chrome/91.0.4472.124 Safari/537.36"
185.177.72.144 - - [11/Jun/2025:08:39:13 -0400] "GET / HTTP/1.1" 200 37330 "-" "Mozilla/5.0 (Windows NT 10.0; Win64; x64) AppleWebKit/537.36 (KHTML, like Gecko) Chrome/91.0.4472.124 Safari/537.36"
185.177.72.144 - - [11/Jun/2025:08:39:14 -0400] "GET /info.php HTTP/1.1" 301 0 "-" "Mozilla/5.0 (Windows NT 10.0; Win64; x64) AppleWebKit/537.36 (KHTML, like Gecko) Chrome/91.0.4472.124 Safari/537.36"
185.177.72.144 - - [11/Jun/2025:08:39:15 -0400] "GET / HTTP/1.1" 200 37373 "-" "Mozilla/5.0 (Windows NT 10.0; Win64; x64) AppleWebKit/537.36 (KHTML, like Gecko) Chrome/91.0.4472.124 Safari/537.36"
51.222.253.2 - - [11/Jun/2025:08:39:14 -0400] "GET /k/137884588.shtm HTTP/1.1" 301 0 "-" "Mozilla/5.0 (compatible; AhrefsBot/7.0; +http://ahrefs.com/robot/)"
185.177.72.144 - - [11/Jun/2025:08:39:16 -0400] "GET /laravel/.env HTTP/1.1" 301 0 "-" "Mozilla/5.0 (Windows NT 10.0; Win64; x64) AppleWebKit/537.36 (KHTML, like Gecko) Chrome/91.0.4472.124 Safari/537.36"
185.177.72.144 - - [11/Jun/2025:08:39:17 -0400] "GET / HTTP/1.1" 200 37330 "-" "Mozilla/5.0 (Windows NT 10.0; Win64; x64) AppleWebKit/537.36 (KHTML, like Gecko) Chrome/91.0.4472.124 Safari/537.36"
162.0.232.193 - - [11/Jun/2025:08:39:18 -0400] "POST /wp-cron.php?doing_wp_cron=1749645558.6068561077117919921875 HTTP/1.1" 200 0 "-" "WordPress/6.8.1; https://wotaku-manga.com"
185.177.72.144 - - [11/Jun/2025:08:39:18 -0400] "GET /p.php HTTP/1.1" 301 0 "-" "Mozilla/5.0 (Windows NT 10.0; Win64; x64) AppleWebKit/537.36 (KHTML, like Gecko) Chrome/91.0.4472.124 Safari/537.36"
51.222.253.20 - - [11/Jun/2025:08:39:17 -0400] "GET /k/187786186.shtm HTTP/1.1" 301 0 "-" "Mozilla/5.0 (compatible; AhrefsBot/7.0; +http://ahrefs.com/robot/)"
185.177.72.144 - - [11/Jun/2025:08:39:19 -0400] "GET / HTTP/1.1" 200 37330 "-" "Mozilla/5.0 (Windows NT 10.0; Win64; x64) AppleWebKit/537.36 (KHTML, like Gecko) Chrome/91.0.4472.124 Safari/537.36"
185.177.72.144 - - [11/Jun/2025:08:39:20 -0400] "GET /phpinfo HTTP/1.1" 301 0 "-" "Mozilla/5.0 (Windows NT 10.0; Win64; x64) AppleWebKit/537.36 (KHTML, like Gecko) Chrome/91.0.4472.124 Safari/537.36"
185.177.72.144 - - [11/Jun/2025:08:39:23 -0400] "GET / HTTP/1.1" 200 37330 "-" "Mozilla/5.0 (Windows NT 10.0; Win64; x64) AppleWebKit/537.36 (KHTML, like Gecko) Chrome/91.0.4472.124 Safari/537.36"
51.222.253.15 - - [11/Jun/2025:08:39:24 -0400] "GET /k/247913658.shtm HTTP/1.1" 301 0 "-" "Mozilla/5.0 (compatible; AhrefsBot/7.0; +http://ahrefs.com/robot/)"
185.177.72.144 - - [11/Jun/2025:08:39:24 -0400] "GET /phpinfo.php HTTP/1.1" 301 0 "-" "Mozilla/5.0 (Windows NT 10.0; Win64; x64) AppleWebKit/537.36 (KHTML, like Gecko) Chrome/91.0.4472.124 Safari/537.36"
185.177.72.144 - - [11/Jun/2025:08:39:25 -0400] "GET / HTTP/1.1" 200 37330 "-" "Mozilla/5.0 (Windows NT 10.0; Win64; x64) AppleWebKit/537.36 (KHTML, like Gecko) Chrome/91.0.4472.124 Safari/537.36"
185.177.72.144 - - [11/Jun/2025:08:39:26 -0400] "GET /_profiler/phpinfo HTTP/1.1" 301 0 "-" "Mozilla/5.0 (Windows NT 10.0; Win64; x64) AppleWebKit/537.36 (KHTML, like Gecko) Chrome/91.0.4472.124 Safari/537.36"
185.177.72.144 - - [11/Jun/2025:08:39:28 -0400] "GET / HTTP/1.1" 200 37330 "-" "Mozilla/5.0 (Windows NT 10.0; Win64; x64) AppleWebKit/537.36 (KHTML, like Gecko) Chrome/91.0.4472.124 Safari/537.36"
2a03:2880:f800:8:: - - [11/Jun/2025:08:39:31 -0400] "GET /shopdetail/206200435 HTTP/1.1" 301 0 "-" "meta-externalagent/1.1 (+https://developers.facebook.com/docs/sharing/webmasters/crawler)"
51.222.253.6 - - [11/Jun/2025:08:39:31 -0400] "GET /k/343721024.shtm HTTP/1.1" 301 0 "-" "Mozilla/5.0 (compatible; AhrefsBot/7.0; +http://ahrefs.com/robot/)"
192.178.6.34 - - [11/Jun/2025:08:39:33 -0400] "GET /yps/threatener52804718.shtm HTTP/1.1" 200 81706 "-" "Mozilla/5.0 (Linux; Android 6.0.1; Nexus 5X Build/MMB29P) AppleWebKit/537.36 (KHTML, like Gecko) Chrome/136.0.7103.113 Mobile Safari/537.36 (compatible; Googlebot/2.1; +http://www.google.com/bot.html)"
2a03:2880:f800:1d:: - - [11/Jun/2025:08:39:34 -0400] "GET / HTTP/1.1" 200 37330 "-" "meta-externalagent/1.1 (+https://developers.facebook.com/docs/sharing/webmasters/crawler)"
51.222.253.3 - - [11/Jun/2025:08:39:38 -0400] "GET /k/457236642.shtm HTTP/1.1" 301 0 "-" "Mozilla/5.0 (compatible; AhrefsBot/7.0; +http://ahrefs.com/robot/)"
103.80.88.202 - - [11/Jun/2025:08:39:37 -0400] "GET /manga/wotaku-ni-koi-wa-muzukashii-chapter-49/ HTTP/1.1" 200 42498 "https://wotaku-manga.com/manga/wotaku-ni-koi-wa-muzukashii-chapter-48/" "Mozilla/5.0 (Linux; Android 10; K) AppleWebKit/537.36 (KHTML, like Gecko) Chrome/137.0.0.0 Safari/537.36"
103.80.88.202 - - [11/Jun/2025:08:39:42 -0400] "GET /manga/wotaku-ni-koi-wa-muzukashii-chapter-49/ HTTP/1.1" 304 0 "https://wotaku-manga.com/manga/wotaku-ni-koi-wa-muzukashii-chapter-48/" "Mozilla/5.0 (Linux; Android 10; K) AppleWebKit/537.36 (KHTML, like Gecko) Chrome/137.0.0.0 Safari/537.36"
162.0.232.193 - - [11/Jun/2025:08:39:45 -0400] "POST /wp-cron.php?doing_wp_cron=1749645585.1669130325317382812500 HTTP/1.1" 200 0 "-" "WordPress/6.8.1; https://wotaku-manga.com"
103.80.88.202 - - [11/Jun/2025:08:39:43 -0400] "POST /wp-admin/admin-ajax.php HTTP/1.1" 200 61 "https://wotaku-manga.com/manga/wotaku-ni-koi-wa-muzukashii-chapter-49/" "Mozilla/5.0 (Linux; Android 10; K) AppleWebKit/537.36 (KHTML, like Gecko) Chrome/137.0.0.0 Safari/537.36"
51.222.253.6 - - [11/Jun/2025:08:39:50 -0400] "GET /k/531023970.shtm HTTP/1.1" 301 0 "-" "Mozilla/5.0 (compatible; AhrefsBot/7.0; +http://ahrefs.com/robot/)"
51.222.253.20 - - [11/Jun/2025:08:39:56 -0400] "GET /k/549981268.shtm HTTP/1.1" 301 0 "-" "Mozilla/5.0 (compatible; AhrefsBot/7.0; +http://ahrefs.com/robot/)"
162.0.232.193 - - [11/Jun/2025:08:40:06 -0400] "POST /wp-cron.php?doing_wp_cron=1749645605.4347579479217529296875 HTTP/1.1" 200 0 "-" "WordPress/6.8.1; https://wotaku-manga.com"
51.222.253.18 - - [11/Jun/2025:08:40:03 -0400] "GET /k/610849232.shtm HTTP/1.1" 301 0 "-" "Mozilla/5.0 (compatible; AhrefsBot/7.0; +http://ahrefs.com/robot/)"
51.222.253.19 - - [11/Jun/2025:08:40:08 -0400] "GET /k/632323416.shtm HTTP/1.1" 301 0 "-" "Mozilla/5.0 (compatible; AhrefsBot/7.0; +http://ahrefs.com/robot/)"
162.0.232.193 - - [11/Jun/2025:08:40:21 -0400] "POST /wp-cron.php?doing_wp_cron=1749645621.7411830425262451171875 HTTP/1.1" 200 0 "-" "WordPress/6.8.1; https://wotaku-manga.com"
51.222.253.3 - - [11/Jun/2025:08:40:18 -0400] "GET /k/757034930.shtm HTTP/1.1" 301 0 "-" "Mozilla/5.0 (compatible; AhrefsBot/7.0; +http://ahrefs.com/robot/)"
192.178.6.33 - - [11/Jun/2025:08:40:21 -0400] "GET /p/53819479.shtm HTTP/1.1" 200 81712 "-" "Mozilla/5.0 (Linux; Android 6.0.1; Nexus 5X Build/MMB29P) AppleWebKit/537.36 (KHTML, like Gecko) Chrome/136.0.7103.113 Mobile Safari/537.36 (compatible; Googlebot/2.1; +http://www.google.com/bot.html)"
51.222.253.20 - - [11/Jun/2025:08:40:29 -0400] "GET /k/791605194.shtm HTTP/1.1" 301 0 "-" "Mozilla/5.0 (compatible; AhrefsBot/7.0; +http://ahrefs.com/robot/)"
66.249.75.166 - - [11/Jun/2025:08:40:31 -0400] "GET /y/1722267424.shtm HTTP/1.1" 200 81372 "-" "Mozilla/5.0 (Linux; Android 6.0.1; Nexus 5X Build/MMB29P) AppleWebKit/537.36 (KHTML, like Gecko) Chrome/136.0.7103.113 Mobile Safari/537.36 (compatible; Googlebot/2.1; +http://www.google.com/bot.html)"
51.222.253.12 - - [11/Jun/2025:08:40:35 -0400] "GET /k/803855994.shtm HTTP/1.1" 301 0 "-" "Mozilla/5.0 (compatible; AhrefsBot/7.0; +http://ahrefs.com/robot/)"
51.222.253.11 - - [11/Jun/2025:08:40:41 -0400] "GET /k/839376006.shtm HTTP/1.1" 301 0 "-" "Mozilla/5.0 (compatible; AhrefsBot/7.0; +http://ahrefs.com/robot/)"
162.0.232.193 - - [11/Jun/2025:08:40:49 -0400] "POST /wp-cron.php?doing_wp_cron=1749645649.3374710083007812500000 HTTP/1.1" 200 0 "-" "WordPress/6.8.1; https://wotaku-manga.com"
51.222.253.8 - - [11/Jun/2025:08:40:47 -0400] "GET /k/867732572.shtm HTTP/1.1" 301 0 "-" "Mozilla/5.0 (compatible; AhrefsBot/7.0; +http://ahrefs.com/robot/)"
66.249.75.166 - - [11/Jun/2025:08:40:53 -0400] "GET /gg/oxygen/1722271752.shtm HTTP/1.1" 200 81377 "-" "Mozilla/5.0 (Linux; Android 6.0.1; Nexus 5X Build/MMB29P) AppleWebKit/537.36 (KHTML, like Gecko) Chrome/136.0.7103.113 Mobile Safari/537.36 (compatible; Googlebot/2.1; +http://www.google.com/bot.html)"
51.222.253.12 - - [11/Jun/2025:08:40:53 -0400] "GET /k/883239998.shtm HTTP/1.1" 301 0 "-" "Mozilla/5.0 (compatible; AhrefsBot/7.0; +http://ahrefs.com/robot/)"
162.0.232.193 - - [11/Jun/2025:08:40:59 -0400] "POST /wp-cron.php?doing_wp_cron=1749645659.2770440578460693359375 HTTP/1.1" 200 0 "-" "WordPress/6.8.1; https://wotaku-manga.com"
51.222.253.15 - - [11/Jun/2025:08:40:58 -0400] "GET /k1145581486.shtm HTTP/1.1" 301 0 "-" "Mozilla/5.0 (compatible; AhrefsBot/7.0; +http://ahrefs.com/robot/)"
51.222.253.19 - - [11/Jun/2025:08:41:07 -0400] "GET /k1168727860.shtm HTTP/1.1" 301 0 "-" "Mozilla/5.0 (compatible; AhrefsBot/7.0; +http://ahrefs.com/robot/)"
192.178.6.32 - - [11/Jun/2025:08:41:09 -0400] "GET /zth/uncongeal53827521.shtm HTTP/1.1" 200 81692 "-" "Mozilla/5.0 (Linux; Android 6.0.1; Nexus 5X Build/MMB29P) AppleWebKit/537.36 (KHTML, like Gecko) Chrome/136.0.7103.113 Mobile Safari/537.36 (compatible; Googlebot/2.1; +http://www.google.com/bot.html)"
51.222.253.13 - - [11/Jun/2025:08:41:13 -0400] "GET /k1236300906.shtm HTTP/1.1" 301 0 "-" "Mozilla/5.0 (compatible; AhrefsBot/7.0; +http://ahrefs.com/robot/)"
162.0.232.193 - - [11/Jun/2025:08:41:20 -0400] "POST /wp-cron.php?doing_wp_cron=1749645680.1548149585723876953125 HTTP/1.1" 200 0 "-" "WordPress/6.8.1; https://wotaku-manga.com"
51.222.253.3 - - [11/Jun/2025:08:41:19 -0400] "GET /k1328888386.shtm HTTP/1.1" 301 0 "-" "Mozilla/5.0 (compatible; AhrefsBot/7.0; +http://ahrefs.com/robot/)"
51.222.253.12 - - [11/Jun/2025:08:41:24 -0400] "GET /k1333023832.shtm HTTP/1.1" 301 0 "-" "Mozilla/5.0 (compatible; AhrefsBot/7.0; +http://ahrefs.com/robot/)"
192.178.6.32 - - [11/Jun/2025:08:41:29 -0400] "GET /i/aspartame49044916.shtm HTTP/1.1" 200 81992 "-" "Mozilla/5.0 (Linux; Android 6.0.1; Nexus 5X Build/MMB29P) AppleWebKit/537.36 (KHTML, like Gecko) Chrome/136.0.7103.113 Mobile Safari/537.36 (compatible; Googlebot/2.1; +http://www.google.com/bot.html)"
51.222.253.3 - - [11/Jun/2025:08:41:30 -0400] "GET /k1333111906.shtm HTTP/1.1" 301 0 "-" "Mozilla/5.0 (compatible; AhrefsBot/7.0; +http://ahrefs.com/robot/)"
51.222.253.9 - - [11/Jun/2025:08:41:34 -0400] "GET /k137848096.shtm HTTP/1.1" 301 0 "-" "Mozilla/5.0 (compatible; AhrefsBot/7.0; +http://ahrefs.com/robot/)"
162.0.232.193 - - [11/Jun/2025:08:41:45 -0400] "POST /wp-cron.php?doing_wp_cron=1749645705.4898099899291992187500 HTTP/1.1" 200 0 "-" "WordPress/6.8.1; https://wotaku-manga.com"
51.222.253.10 - - [11/Jun/2025:08:41:44 -0400] "GET /k146825380.shtm HTTP/1.1" 301 0 "-" "Mozilla/5.0 (compatible; AhrefsBot/7.0; +http://ahrefs.com/robot/)"
51.222.253.4 - - [11/Jun/2025:08:41:47 -0400] "GET /k1550286350.shtm HTTP/1.1" 301 0 "-" "Mozilla/5.0 (compatible; AhrefsBot/7.0; +http://ahrefs.com/robot/)"
51.222.253.18 - - [11/Jun/2025:08:41:52 -0400] "GET /k1577093236.shtm HTTP/1.1" 301 0 "-" "Mozilla/5.0 (compatible; AhrefsBot/7.0; +http://ahrefs.com/robot/)"
192.178.6.32 - - [11/Jun/2025:08:41:57 -0400] "GET /qme/53909444.shtm HTTP/1.1" 200 81983 "-" "Mozilla/5.0 (Linux; Android 6.0.1; Nexus 5X Build/MMB29P) AppleWebKit/537.36 (KHTML, like Gecko) Chrome/136.0.7103.113 Mobile Safari/537.36 (compatible; Googlebot/2.1; +http://www.google.com/bot.html)"
162.0.232.193 - - [11/Jun/2025:08:42:05 -0400] "POST /wp-cron.php?doing_wp_cron=1749645725.5754060745239257812500 HTTP/1.1" 200 0 "-" "WordPress/6.8.1; https://wotaku-manga.com"
51.222.253.12 - - [11/Jun/2025:08:42:04 -0400] "GET /k1577110838.shtm HTTP/1.1" 301 0 "-" "Mozilla/5.0 (compatible; AhrefsBot/7.0; +http://ahrefs.com/robot/)"
51.222.253.7 - - [11/Jun/2025:08:42:08 -0400] "GET /k1605643608.shtm HTTP/1.1" 301 0 "-" "Mozilla/5.0 (compatible; AhrefsBot/7.0; +http://ahrefs.com/robot/)"
51.222.253.7 - - [11/Jun/2025:08:42:13 -0400] "GET /k1641640722.shtm HTTP/1.1" 301 0 "-" "Mozilla/5.0 (compatible; AhrefsBot/7.0; +http://ahrefs.com/robot/)"
162.0.232.193 - - [11/Jun/2025:08:42:19 -0400] "POST /wp-cron.php?doing_wp_cron=1749645739.7392671108245849609375 HTTP/1.1" 200 0 "-" "WordPress/6.8.1; https://wotaku-manga.com"
51.222.253.17 - - [11/Jun/2025:08:42:18 -0400] "GET /k1664328748.shtm HTTP/1.1" 301 0 "-" "Mozilla/5.0 (compatible; AhrefsBot/7.0; +http://ahrefs.com/robot/)"
51.222.253.16 - - [11/Jun/2025:08:42:23 -0400] "GET /k1818048038.shtm HTTP/1.1" 301 0 "-" "Mozilla/5.0 (compatible; AhrefsBot/7.0; +http://ahrefs.com/robot/)"
51.222.253.7 - - [11/Jun/2025:08:42:29 -0400] "GET /k1850559124.shtm HTTP/1.1" 301 0 "-" "Mozilla/5.0 (compatible; AhrefsBot/7.0; +http://ahrefs.com/robot/)"
51.222.253.1 - - [11/Jun/2025:08:42:34 -0400] "GET /k1931562240.shtm HTTP/1.1" 301 0 "-" "Mozilla/5.0 (compatible; AhrefsBot/7.0; +http://ahrefs.com/robot/)"
51.222.253.4 - - [11/Jun/2025:08:42:38 -0400] "GET /k1945152008.shtm HTTP/1.1" 301 0 "-" "Mozilla/5.0 (compatible; AhrefsBot/7.0; +http://ahrefs.com/robot/)"
162.0.232.193 - - [11/Jun/2025:08:42:45 -0400] "POST /wp-cron.php?doing_wp_cron=1749645765.3814229965209960937500 HTTP/1.1" 200 0 "-" "WordPress/6.8.1; https://wotaku-manga.com"
51.222.253.2 - - [11/Jun/2025:08:42:43 -0400] "GET /k2015347824.shtm HTTP/1.1" 301 0 "-" "Mozilla/5.0 (compatible; AhrefsBot/7.0; +http://ahrefs.com/robot/)"
192.178.6.34 - - [11/Jun/2025:08:42:45 -0400] "GET /qig/53838076.shtm HTTP/1.1" 200 81424 "-" "Mozilla/5.0 (Linux; Android 6.0.1; Nexus 5X Build/MMB29P) AppleWebKit/537.36 (KHTML, like Gecko) Chrome/136.0.7103.113 Mobile Safari/537.36 (compatible; Googlebot/2.1; +http://www.google.com/bot.html)"
51.222.253.12 - - [11/Jun/2025:08:42:47 -0400] "GET /k2029746204.shtm HTTP/1.1" 301 0 "-" "Mozilla/5.0 (compatible; AhrefsBot/7.0; +http://ahrefs.com/robot/)"
51.222.253.14 - - [11/Jun/2025:08:42:51 -0400] "GET /k247879230.shtm HTTP/1.1" 301 0 "-" "Mozilla/5.0 (compatible; AhrefsBot/7.0; +http://ahrefs.com/robot/)"
162.0.232.193 - - [11/Jun/2025:08:42:58 -0400] "POST /wp-cron.php?doing_wp_cron=1749645778.2814869880676269531250 HTTP/1.1" 200 0 "-" "WordPress/6.8.1; https://wotaku-manga.com"
51.222.253.2 - - [11/Jun/2025:08:42:57 -0400] "GET /k322124714.shtm HTTP/1.1" 301 0 "-" "Mozilla/5.0 (compatible; AhrefsBot/7.0; +http://ahrefs.com/robot/)"
51.222.253.6 - - [11/Jun/2025:08:43:00 -0400] "GET /k322195122.shtm HTTP/1.1" 301 0 "-" "Mozilla/5.0 (compatible; AhrefsBot/7.0; +http://ahrefs.com/robot/)"
51.222.253.1 - - [11/Jun/2025:08:43:07 -0400] "GET /k350885366.shtm HTTP/1.1" 301 0 "-" "Mozilla/5.0 (compatible; AhrefsBot/7.0; +http://ahrefs.com/robot/)"
51.222.253.4 - - [11/Jun/2025:08:43:10 -0400] "GET /k350921330.shtm HTTP/1.1" 301 0 "-" "Mozilla/5.0 (compatible; AhrefsBot/7.0; +http://ahrefs.com/robot/)"
51.222.253.1 - - [11/Jun/2025:08:43:14 -0400] "GET /k367484756.shtm HTTP/1.1" 301 0 "-" "Mozilla/5.0 (compatible; AhrefsBot/7.0; +http://ahrefs.com/robot/)"
162.0.232.193 - - [11/Jun/2025:08:43:19 -0400] "POST /wp-cron.php?doing_wp_cron=1749645798.7562730312347412109375 HTTP/1.1" 200 0 "-" "WordPress/6.8.1; https://wotaku-manga.com"
51.222.253.7 - - [11/Jun/2025:08:43:17 -0400] "GET /k37041442.shtm HTTP/1.1" 301 0 "-" "Mozilla/5.0 (compatible; AhrefsBot/7.0; +http://ahrefs.com/robot/)"
51.222.253.12 - - [11/Jun/2025:08:43:21 -0400] "GET /k519372734.shtm HTTP/1.1" 301 0 "-" "Mozilla/5.0 (compatible; AhrefsBot/7.0; +http://ahrefs.com/robot/)"
51.222.253.2 - - [11/Jun/2025:08:43:27 -0400] "GET /k550017744.shtm HTTP/1.1" 301 0 "-" "Mozilla/5.0 (compatible; AhrefsBot/7.0; +http://ahrefs.com/robot/)"
192.178.6.33 - - [11/Jun/2025:08:43:34 -0400] "GET /d/53847583.shtm HTTP/1.1" 200 81438 "-" "Mozilla/5.0 (Linux; Android 6.0.1; Nexus 5X Build/MMB29P) AppleWebKit/537.36 (KHTML, like Gecko) Chrome/136.0.7103.113 Mobile Safari/537.36 (compatible; Googlebot/2.1; +http://www.google.com/bot.html)"
51.222.253.16 - - [11/Jun/2025:08:43:36 -0400] "GET /k620142896.shtm HTTP/1.1" 301 0 "-" "Mozilla/5.0 (compatible; AhrefsBot/7.0; +http://ahrefs.com/robot/)"
103.80.88.202 - - [11/Jun/2025:08:43:37 -0400] "GET /manga/wotaku-ni-koi-wa-muzukashii-chapter-50/ HTTP/1.1" 200 42555 "https://wotaku-manga.com/manga/wotaku-ni-koi-wa-muzukashii-chapter-49/" "Mozilla/5.0 (Linux; Android 10; K) AppleWebKit/537.36 (KHTML, like Gecko) Chrome/137.0.0.0 Safari/537.36"
103.80.88.202 - - [11/Jun/2025:08:43:40 -0400] "POST /wp-admin/admin-ajax.php HTTP/1.1" 200 61 "https://wotaku-manga.com/manga/wotaku-ni-koi-wa-muzukashii-chapter-50/" "Mozilla/5.0 (Linux; Android 10; K) AppleWebKit/537.36 (KHTML, like Gecko) Chrome/137.0.0.0 Safari/537.36"
162.0.232.193 - - [11/Jun/2025:08:43:46 -0400] "POST /wp-cron.php?doing_wp_cron=1749645825.8330469131469726562500 HTTP/1.1" 200 0 "-" "WordPress/6.8.1; https://wotaku-manga.com"
51.222.253.13 - - [11/Jun/2025:08:43:44 -0400] "GET /k622712988.shtm HTTP/1.1" 301 0 "-" "Mozilla/5.0 (compatible; AhrefsBot/7.0; +http://ahrefs.com/robot/)"
51.222.253.2 - - [11/Jun/2025:08:43:53 -0400] "GET /k683950082.shtm HTTP/1.1" 301 0 "-" "Mozilla/5.0 (compatible; AhrefsBot/7.0; +http://ahrefs.com/robot/)"
162.0.232.193 - - [11/Jun/2025:08:44:06 -0400] "POST /wp-cron.php?doing_wp_cron=1749645845.9505159854888916015625 HTTP/1.1" 200 0 "-" "WordPress/6.8.1; https://wotaku-manga.com"
51.222.253.20 - - [11/Jun/2025:08:44:04 -0400] "GET /k77192892.shtm HTTP/1.1" 301 0 "-" "Mozilla/5.0 (compatible; AhrefsBot/7.0; +http://ahrefs.com/robot/)"
51.222.253.12 - - [11/Jun/2025:08:44:10 -0400] "GET /k787098058.shtm HTTP/1.1" 301 0 "-" "Mozilla/5.0 (compatible; AhrefsBot/7.0; +http://ahrefs.com/robot/)"
51.222.253.10 - - [11/Jun/2025:08:44:14 -0400] "GET /k791675602.shtm HTTP/1.1" 301 0 "-" "Mozilla/5.0 (compatible; AhrefsBot/7.0; +http://ahrefs.com/robot/)"
162.0.232.193 - - [11/Jun/2025:08:44:20 -0400] "POST /wp-cron.php?doing_wp_cron=1749645860.1431059837341308593750 HTTP/1.1" 200 0 "-" "WordPress/6.8.1; https://wotaku-manga.com"
51.222.253.9 - - [11/Jun/2025:08:44:19 -0400] "GET /k883646124.shtm HTTP/1.1" 301 0 "-" "Mozilla/5.0 (compatible; AhrefsBot/7.0; +http://ahrefs.com/robot/)"
192.178.6.32 - - [11/Jun/2025:08:44:21 -0400] "GET /ui/yunca53824142.shtm HTTP/1.1" 200 81385 "-" "Mozilla/5.0 (Linux; Android 6.0.1; Nexus 5X Build/MMB29P) AppleWebKit/537.36 (KHTML, like Gecko) Chrome/136.0.7103.113 Mobile Safari/537.36 (compatible; Googlebot/2.1; +http://www.google.com/bot.html)"
51.222.253.1 - - [11/Jun/2025:08:44:25 -0400] "GET /k90463704.shtm HTTP/1.1" 301 0 "-" "Mozilla/5.0 (compatible; AhrefsBot/7.0; +http://ahrefs.com/robot/)"
192.178.6.32 - - [11/Jun/2025:08:44:32 -0400] "GET /b/47016909.shtm HTTP/1.1" 200 81572 "-" "Mozilla/5.0 (Linux; Android 6.0.1; Nexus 5X Build/MMB29P) AppleWebKit/537.36 (KHTML, like Gecko) Chrome/136.0.7103.113 Mobile Safari/537.36 (compatible; Googlebot/2.1; +http://www.google.com/bot.html)"
51.222.253.1 - - [11/Jun/2025:08:44:36 -0400] "GET /k933212332.shtm HTTP/1.1" 301 0 "-" "Mozilla/5.0 (compatible; AhrefsBot/7.0; +http://ahrefs.com/robot/)"
51.222.253.13 - - [11/Jun/2025:08:44:41 -0400] "GET /k968012446.shtm HTTP/1.1" 301 0 "-" "Mozilla/5.0 (compatible; AhrefsBot/7.0; +http://ahrefs.com/robot/)"
162.0.232.193 - - [11/Jun/2025:08:44:46 -0400] "POST /wp-cron.php?doing_wp_cron=1749645886.6401069164276123046875 HTTP/1.1" 200 0 "-" "WordPress/6.8.1; https://wotaku-manga.com"
51.222.253.4 - - [11/Jun/2025:08:44:45 -0400] "GET /k986529750.shtm HTTP/1.1" 301 0 "-" "Mozilla/5.0 (compatible; AhrefsBot/7.0; +http://ahrefs.com/robot/)"
51.222.253.17 - - [11/Jun/2025:08:44:54 -0400] "GET /kc263668472.shtm HTTP/1.1" 301 0 "-" "Mozilla/5.0 (compatible; AhrefsBot/7.0; +http://ahrefs.com/robot/)"
162.0.232.193 - - [11/Jun/2025:08:45:00 -0400] "POST /wp-cron.php?doing_wp_cron=1749645900.0568130016326904296875 HTTP/1.1" 200 0 "-" "WordPress/6.8.1; https://wotaku-manga.com"
51.222.253.14 - - [11/Jun/2025:08:44:58 -0400] "GET /kc853916338.shtm HTTP/1.1" 301 0 "-" "Mozilla/5.0 (compatible; AhrefsBot/7.0; +http://ahrefs.com/robot/)"
51.222.253.13 - - [11/Jun/2025:08:45:01 -0400] "GET /ke225189228.shtm HTTP/1.1" 301 0 "-" "Mozilla/5.0 (compatible; AhrefsBot/7.0; +http://ahrefs.com/robot/)"
51.222.253.3 - - [11/Jun/2025:08:45:05 -0400] "GET /khs76909916.shtm HTTP/1.1" 301 0 "-" "Mozilla/5.0 (compatible; AhrefsBot/7.0; +http://ahrefs.com/robot/)"
192.178.6.32 - - [11/Jun/2025:08:45:09 -0400] "GET /eim/53952846.shtm HTTP/1.1" 200 82008 "-" "Mozilla/5.0 (Linux; Android 6.0.1; Nexus 5X Build/MMB29P) AppleWebKit/537.36 (KHTML, like Gecko) Chrome/136.0.7103.113 Mobile Safari/537.36 (compatible; Googlebot/2.1; +http://www.google.com/bot.html)"
51.222.253.4 - - [11/Jun/2025:08:45:09 -0400] "GET /kk530372632.shtm HTTP/1.1" 301 0 "-" "Mozilla/5.0 (compatible; AhrefsBot/7.0; +http://ahrefs.com/robot/)"
51.222.253.4 - - [11/Jun/2025:08:45:15 -0400] "GET /kk867945140.shtm HTTP/1.1" 301 0 "-" "Mozilla/5.0 (compatible; AhrefsBot/7.0; +http://ahrefs.com/robot/)"
162.0.232.193 - - [11/Jun/2025:08:45:20 -0400] "POST /wp-cron.php?doing_wp_cron=1749645920.3850660324096679687500 HTTP/1.1" 200 0 "-" "WordPress/6.8.1; https://wotaku-manga.com"
8.218.186.1 - - [11/Jun/2025:08:45:19 -0400] "GET /manga/wotaku-ni-koi-wa-muzukashii-chapter-12-5 HTTP/1.1" 301 0 "-" "Mozilla/5.0 (Macintosh; Intel Mac OS X 10_15_7) AppleWebKit/537.36 (KHTML, like Gecko) Chrome/109.0.0.0 Safari/537.36"
51.222.253.4 - - [11/Jun/2025:08:45:19 -0400] "GET /ko37499294.shtm HTTP/1.1" 301 0 "-" "Mozilla/5.0 (compatible; AhrefsBot/7.0; +http://ahrefs.com/robot/)"
2a03:2880:f800:13:: - - [11/Jun/2025:08:45:20 -0400] "GET /shopdetail/176648435 HTTP/1.1" 301 0 "-" "meta-externalagent/1.1 (+https://developers.facebook.com/docs/sharing/webmasters/crawler)"
8.218.186.1 - - [11/Jun/2025:08:45:22 -0400] "GET / HTTP/1.1" 200 37330 "https://wotaku-manga.com/manga/wotaku-ni-koi-wa-muzukashii-chapter-12-5" "Mozilla/5.0 (Macintosh; Intel Mac OS X 10_15_7) AppleWebKit/537.36 (KHTML, like Gecko) Chrome/109.0.0.0 Safari/537.36"
51.222.253.4 - - [11/Jun/2025:08:45:22 -0400] "GET /kq200794064.shtm HTTP/1.1" 301 0 "-" "Mozilla/5.0 (compatible; AhrefsBot/7.0; +http://ahrefs.com/robot/)"
2a03:2880:f800:1a:: - - [11/Jun/2025:08:45:26 -0400] "GET / HTTP/1.1" 200 37330 "-" "meta-externalagent/1.1 (+https://developers.facebook.com/docs/sharing/webmasters/crawler)"
51.222.253.9 - - [11/Jun/2025:08:45:30 -0400] "GET /ks137760030.shtm HTTP/1.1" 301 0 "-" "Mozilla/5.0 (compatible; AhrefsBot/7.0; +http://ahrefs.com/robot/)"
51.222.253.9 - - [11/Jun/2025:08:45:34 -0400] "GET /ks146455730.shtm HTTP/1.1" 301 0 "-" "Mozilla/5.0 (compatible; AhrefsBot/7.0; +http://ahrefs.com/robot/)"
51.222.253.15 - - [11/Jun/2025:08:45:40 -0400] "GET /ks350973368.shtm HTTP/1.1" 301 0 "-" "Mozilla/5.0 (compatible; AhrefsBot/7.0; +http://ahrefs.com/robot/)"
162.0.232.193 - - [11/Jun/2025:08:45:47 -0400] "POST /wp-cron.php?doing_wp_cron=1749645946.9275200366973876953125 HTTP/1.1" 200 0 "-" "WordPress/6.8.1; https://wotaku-manga.com"
51.222.253.9 - - [11/Jun/2025:08:45:43 -0400] "GET /ks427612164.shtm HTTP/1.1" 301 0 "-" "Mozilla/5.0 (compatible; AhrefsBot/7.0; +http://ahrefs.com/robot/)"
51.222.253.11 - - [11/Jun/2025:08:45:46 -0400] "GET /ks505114082.shtm HTTP/1.1" 301 0 "-" "Mozilla/5.0 (compatible; AhrefsBot/7.0; +http://ahrefs.com/robot/)"
51.222.253.6 - - [11/Jun/2025:08:45:50 -0400] "GET /ks885123348.shtm HTTP/1.1" 301 0 "-" "Mozilla/5.0 (compatible; AhrefsBot/7.0; +http://ahrefs.com/robot/)"
51.222.253.15 - - [11/Jun/2025:08:45:55 -0400] "GET /ku799050584.shtm HTTP/1.1" 301 0 "-" "Mozilla/5.0 (compatible; AhrefsBot/7.0; +http://ahrefs.com/robot/)"
192.178.6.32 - - [11/Jun/2025:08:45:57 -0400] "GET /luf/53923407.shtm HTTP/1.1" 200 81609 "-" "Mozilla/5.0 (Linux; Android 6.0.1; Nexus 5X Build/MMB29P) AppleWebKit/537.36 (KHTML, like Gecko) Chrome/136.0.7103.113 Mobile Safari/537.36 (compatible; Googlebot/2.1; +http://www.google.com/bot.html)"
103.80.88.202 - - [11/Jun/2025:08:46:00 -0400] "GET / HTTP/1.1" 200 38044 "https://wotaku-manga.com/manga/wotaku-ni-koi-wa-muzukashii-chapter-50/" "Mozilla/5.0 (Linux; Android 10; K) AppleWebKit/537.36 (KHTML, like Gecko) Chrome/137.0.0.0 Safari/537.36"
162.0.232.193 - - [11/Jun/2025:08:46:02 -0400] "POST /wp-cron.php?doing_wp_cron=1749645962.1377038955688476562500 HTTP/1.1" 200 0 "-" "WordPress/6.8.1; https://wotaku-manga.com"
51.222.253.2 - - [11/Jun/2025:08:46:00 -0400] "GET /ky485840860.shtm HTTP/1.1" 301 0 "-" "Mozilla/5.0 (compatible; AhrefsBot/7.0; +http://ahrefs.com/robot/)"
103.80.88.202 - - [11/Jun/2025:08:46:02 -0400] "GET /manga/wotaku-ni-koi-wa-muzukashii-chapter-51/ HTTP/1.1" 200 42137 "https://wotaku-manga.com/manga/wotaku-ni-koi-wa-muzukashii-chapter-50/" "Mozilla/5.0 (Linux; Android 10; K) AppleWebKit/537.36 (KHTML, like Gecko) Chrome/137.0.0.0 Safari/537.36"
51.222.253.5 - - [11/Jun/2025:08:46:06 -0400] "GET /l/104880237.shtm HTTP/1.1" 301 0 "-" "Mozilla/5.0 (compatible; AhrefsBot/7.0; +http://ahrefs.com/robot/)"
103.80.88.202 - - [11/Jun/2025:08:46:07 -0400] "GET /manga/wotaku-ni-koi-wa-muzukashii-chapter-51/ HTTP/1.1" 304 0 "https://wotaku-manga.com/manga/wotaku-ni-koi-wa-muzukashii-chapter-50/" "Mozilla/5.0 (Linux; Android 10; K) AppleWebKit/537.36 (KHTML, like Gecko) Chrome/137.0.0.0 Safari/537.36"
51.222.253.19 - - [11/Jun/2025:08:46:10 -0400] "GET /l/121198563.shtm HTTP/1.1" 301 0 "-" "Mozilla/5.0 (compatible; AhrefsBot/7.0; +http://ahrefs.com/robot/)"
2a03:2880:f800:19:: - - [11/Jun/2025:08:46:10 -0400] "GET /shopdetail/149929935 HTTP/1.1" 301 0 "-" "meta-externalagent/1.1 (+https://developers.facebook.com/docs/sharing/webmasters/crawler)"
2a03:2880:f800:9:: - - [11/Jun/2025:08:46:14 -0400] "GET / HTTP/1.1" 200 37330 "-" "meta-externalagent/1.1 (+https://developers.facebook.com/docs/sharing/webmasters/crawler)"
51.222.253.14 - - [11/Jun/2025:08:46:14 -0400] "GET /l/121215149.shtm HTTP/1.1" 301 0 "-" "Mozilla/5.0 (compatible; AhrefsBot/7.0; +http://ahrefs.com/robot/)"
162.0.232.193 - - [11/Jun/2025:08:46:22 -0400] "POST /wp-cron.php?doing_wp_cron=1749645982.5360529422760009765625 HTTP/1.1" 200 0 "-" "WordPress/6.8.1; https://wotaku-manga.com"
51.222.253.6 - - [11/Jun/2025:08:46:21 -0400] "GET /l/163248405.shtm HTTP/1.1" 301 0 "-" "Mozilla/5.0 (compatible; AhrefsBot/7.0; +http://ahrefs.com/robot/)"
51.222.253.5 - - [11/Jun/2025:08:46:30 -0400] "GET /l/225013887.shtm HTTP/1.1" 301 0 "-" "Mozilla/5.0 (compatible; AhrefsBot/7.0; +http://ahrefs.com/robot/)"
51.222.253.12 - - [11/Jun/2025:08:46:35 -0400] "GET /l/225383521.shtm HTTP/1.1" 301 0 "-" "Mozilla/5.0 (compatible; AhrefsBot/7.0; +http://ahrefs.com/robot/)"
51.222.253.11 - - [11/Jun/2025:08:46:40 -0400] "GET /l/247351841.shtm HTTP/1.1" 301 0 "-" "Mozilla/5.0 (compatible; AhrefsBot/7.0; +http://ahrefs.com/robot/)"
192.178.6.32 - - [11/Jun/2025:08:46:45 -0400] "GET /egq/53829688.shtm HTTP/1.1" 200 81506 "-" "Mozilla/5.0 (Linux; Android 6.0.1; Nexus 5X Build/MMB29P) AppleWebKit/537.36 (KHTML, like Gecko) Chrome/136.0.7103.113 Mobile Safari/537.36 (compatible; Googlebot/2.1; +http://www.google.com/bot.html)"
162.0.232.193 - - [11/Jun/2025:08:46:47 -0400] "POST /wp-cron.php?doing_wp_cron=1749646006.6790308952331542968750 HTTP/1.1" 200 0 "-" "WordPress/6.8.1; https://wotaku-manga.com"
51.222.253.12 - - [11/Jun/2025:08:46:44 -0400] "GET /l/486280629.shtm HTTP/1.1" 301 0 "-" "Mozilla/5.0 (compatible; AhrefsBot/7.0; +http://ahrefs.com/robot/)"
2a03:2880:f800:12:: - - [11/Jun/2025:08:46:47 -0400] "GET /shopdetail/191334635 HTTP/1.1" 301 0 "-" "meta-externalagent/1.1 (+https://developers.facebook.com/docs/sharing/webmasters/crawler)"
51.222.253.7 - - [11/Jun/2025:08:46:50 -0400] "GET /l/505467825.shtm HTTP/1.1" 301 0 "-" "Mozilla/5.0 (compatible; AhrefsBot/7.0; +http://ahrefs.com/robot/)"
2a03:2880:f800:16:: - - [11/Jun/2025:08:46:54 -0400] "GET / HTTP/1.1" 200 37330 "-" "meta-externalagent/1.1 (+https://developers.facebook.com/docs/sharing/webmasters/crawler)"
51.222.253.15 - - [11/Jun/2025:08:46:54 -0400] "GET /l/530391169.shtm HTTP/1.1" 301 0 "-" "Mozilla/5.0 (compatible; AhrefsBot/7.0; +http://ahrefs.com/robot/)"
162.0.232.193 - - [11/Jun/2025:08:47:01 -0400] "POST /wp-cron.php?doing_wp_cron=1749646021.0730841159820556640625 HTTP/1.1" 200 0 "-" "WordPress/6.8.1; https://wotaku-manga.com"
51.222.253.1 - - [11/Jun/2025:08:46:59 -0400] "GET /l/531131229.shtm HTTP/1.1" 301 0 "-" "Mozilla/5.0 (compatible; AhrefsBot/7.0; +http://ahrefs.com/robot/)"
51.222.253.5 - - [11/Jun/2025:08:47:04 -0400] "GET /l/620460411.shtm HTTP/1.1" 301 0 "-" "Mozilla/5.0 (compatible; AhrefsBot/7.0; +http://ahrefs.com/robot/)"
51.222.253.4 - - [11/Jun/2025:08:47:08 -0400] "GET /l/787064373.shtm HTTP/1.1" 301 0 "-" "Mozilla/5.0 (compatible; AhrefsBot/7.0; +http://ahrefs.com/robot/)"
51.222.253.14 - - [11/Jun/2025:08:47:14 -0400] "GET /l/839571387.shtm HTTP/1.1" 301 0 "-" "Mozilla/5.0 (compatible; AhrefsBot/7.0; +http://ahrefs.com/robot/)"
162.0.232.193 - - [11/Jun/2025:08:47:19 -0400] "POST /wp-cron.php?doing_wp_cron=1749646039.1878430843353271484375 HTTP/1.1" 200 0 "-" "WordPress/6.8.1; https://wotaku-manga.com"
2a03:2880:f800:10:: - - [11/Jun/2025:08:47:18 -0400] "GET /shopdetail/9327435 HTTP/1.1" 301 0 "-" "meta-externalagent/1.1 (+https://developers.facebook.com/docs/sharing/webmasters/crawler)"
2a03:2880:f800:e:: - - [11/Jun/2025:08:47:21 -0400] "GET / HTTP/1.1" 200 37330 "-" "meta-externalagent/1.1 (+https://developers.facebook.com/docs/sharing/webmasters/crawler)"
51.222.253.1 - - [11/Jun/2025:08:47:21 -0400] "GET /l/847949683.shtm HTTP/1.1" 301 0 "-" "Mozilla/5.0 (compatible; AhrefsBot/7.0; +http://ahrefs.com/robot/)"
2a03:2880:f800:b:: - - [11/Jun/2025:08:47:27 -0400] "GET /shopdetail/215439935 HTTP/1.1" 301 0 "-" "meta-externalagent/1.1 (+https://developers.facebook.com/docs/sharing/webmasters/crawler)"
51.222.253.10 - - [11/Jun/2025:08:47:30 -0400] "GET /l/884086533.shtm HTTP/1.1" 301 0 "-" "Mozilla/5.0 (compatible; AhrefsBot/7.0; +http://ahrefs.com/robot/)"
2a03:2880:f800:c:: - - [11/Jun/2025:08:47:31 -0400] "GET / HTTP/1.1" 200 37330 "-" "meta-externalagent/1.1 (+https://developers.facebook.com/docs/sharing/webmasters/crawler)"
192.178.6.34 - - [11/Jun/2025:08:47:33 -0400] "GET /h/nicene53849579.shtm HTTP/1.1" 200 82334 "-" "Mozilla/5.0 (Linux; Android 6.0.1; Nexus 5X Build/MMB29P) AppleWebKit/537.36 (KHTML, like Gecko) Chrome/136.0.7103.113 Mobile Safari/537.36 (compatible; Googlebot/2.1; +http://www.google.com/bot.html)"
51.222.253.8 - - [11/Jun/2025:08:47:39 -0400] "GET /l/960284823.shtm HTTP/1.1" 301 0 "-" "Mozilla/5.0 (compatible; AhrefsBot/7.0; +http://ahrefs.com/robot/)"
162.0.232.193 - - [11/Jun/2025:08:47:47 -0400] "POST /wp-cron.php?doing_wp_cron=1749646066.8499269485473632812500 HTTP/1.1" 200 0 "-" "WordPress/6.8.1; https://wotaku-manga.com"
51.222.253.8 - - [11/Jun/2025:08:47:46 -0400] "GET /l/997161845.shtm HTTP/1.1" 301 0 "-" "Mozilla/5.0 (compatible; AhrefsBot/7.0; +http://ahrefs.com/robot/)"
51.222.253.12 - - [11/Jun/2025:08:47:54 -0400] "GET /l1022209675.shtm HTTP/1.1" 301 0 "-" "Mozilla/5.0 (compatible; AhrefsBot/7.0; +http://ahrefs.com/robot/)"
162.0.232.193 - - [11/Jun/2025:08:48:04 -0400] "POST /wp-cron.php?doing_wp_cron=1749646083.9347329139709472656250 HTTP/1.1" 200 0 "-" "WordPress/6.8.1; https://wotaku-manga.com"
51.222.253.18 - - [11/Jun/2025:08:48:02 -0400] "GET /l1067939423.shtm HTTP/1.1" 301 0 "-" "Mozilla/5.0 (compatible; AhrefsBot/7.0; +http://ahrefs.com/robot/)"
51.222.253.1 - - [11/Jun/2025:08:48:06 -0400] "GET /l1067991525.shtm HTTP/1.1" 301 0 "-" "Mozilla/5.0 (compatible; AhrefsBot/7.0; +http://ahrefs.com/robot/)"
51.222.253.7 - - [11/Jun/2025:08:48:14 -0400] "GET /l1130900745.shtm HTTP/1.1" 301 0 "-" "Mozilla/5.0 (compatible; AhrefsBot/7.0; +http://ahrefs.com/robot/)"
192.178.6.34 - - [11/Jun/2025:08:48:21 -0400] "GET /vxr/osprey53823605.shtm HTTP/1.1" 200 83118 "-" "Mozilla/5.0 (Linux; Android 6.0.1; Nexus 5X Build/MMB29P) AppleWebKit/537.36 (KHTML, like Gecko) Chrome/136.0.7103.113 Mobile Safari/537.36 (compatible; Googlebot/2.1; +http://www.google.com/bot.html)"
162.0.232.193 - - [11/Jun/2025:08:48:23 -0400] "POST /wp-cron.php?doing_wp_cron=1749646102.8791399002075195312500 HTTP/1.1" 200 0 "-" "WordPress/6.8.1; https://wotaku-manga.com"
51.222.253.14 - - [11/Jun/2025:08:48:21 -0400] "GET /l1168428529.shtm HTTP/1.1" 301 0 "-" "Mozilla/5.0 (compatible; AhrefsBot/7.0; +http://ahrefs.com/robot/)"
52.5.232.250 - - [11/Jun/2025:08:48:29 -0400] "GET /manga/wotakoi-love-is-hard-for-otaku-chapter-7/ HTTP/1.1" 200 42677 "-" "Mozilla/5.0 AppleWebKit/537.36 (KHTML, like Gecko; compatible; Amazonbot/0.1; +https://developer.amazon.com/support/amazonbot) Chrome/119.0.6045.214 Safari/537.36"
51.222.253.19 - - [11/Jun/2025:08:48:31 -0400] "GET /l120987275.shtm HTTP/1.1" 301 0 "-" "Mozilla/5.0 (compatible; AhrefsBot/7.0; +http://ahrefs.com/robot/)"
3.94.156.104 - - [11/Jun/2025:08:48:32 -0400] "GET /manga/wotaku-ni-koi-wa-muzukashii-chapter-37 HTTP/1.1" 301 0 "-" "Mozilla/5.0 AppleWebKit/537.36 (KHTML, like Gecko; compatible; Amazonbot/0.1; +https://developer.amazon.com/support/amazonbot) Chrome/119.0.6045.214 Safari/537.36"
3.213.85.234 - - [11/Jun/2025:08:48:36 -0400] "GET /manga/wotakoi-love-is-hard-for-otaku-chapter-9/ HTTP/1.1" 200 42741 "-" "Mozilla/5.0 AppleWebKit/537.36 (KHTML, like Gecko; compatible; Amazonbot/0.1; +https://developer.amazon.com/support/amazonbot) Chrome/119.0.6045.214 Safari/537.36"
100.29.160.53 - - [11/Jun/2025:08:48:34 -0400] "GET /manga/wotaku-ni-koi-wa-muzukashii-chapter-37/ HTTP/1.1" 200 42044 "-" "Mozilla/5.0 AppleWebKit/537.36 (KHTML, like Gecko; compatible; Amazonbot/0.1; +https://developer.amazon.com/support/amazonbot) Chrome/119.0.6045.214 Safari/537.36"
51.222.253.7 - - [11/Jun/2025:08:48:37 -0400] "GET /l121462273.shtm HTTP/1.1" 301 0 "-" "Mozilla/5.0 (compatible; AhrefsBot/7.0; +http://ahrefs.com/robot/)"
2a03:2880:f800:a:: - - [11/Jun/2025:08:48:43 -0400] "GET /shopdetail/227713735 HTTP/1.1" 301 0 "-" "meta-externalagent/1.1 (+https://developers.facebook.com/docs/sharing/webmasters/crawler)"
34.225.138.57 - - [11/Jun/2025:08:48:41 -0400] "GET /manga/wotaku-ni-koi-wa-muzukashii-chapter-65-3/ HTTP/1.1" 200 42343 "-" "Mozilla/5.0 AppleWebKit/537.36 (KHTML, like Gecko; compatible; Amazonbot/0.1; +https://developer.amazon.com/support/amazonbot) Chrome/119.0.6045.214 Safari/537.36"
51.222.253.7 - - [11/Jun/2025:08:48:45 -0400] "GET /l1271751957.shtm HTTP/1.1" 301 0 "-" "Mozilla/5.0 (compatible; AhrefsBot/7.0; +http://ahrefs.com/robot/)"
162.0.232.193 - - [11/Jun/2025:08:48:46 -0400] "POST /wp-cron.php?doing_wp_cron=1749646126.1845889091491699218750 HTTP/1.1" 200 0 "-" "WordPress/6.8.1; https://wotaku-manga.com"
34.192.67.98 - - [11/Jun/2025:08:48:45 -0400] "GET /manga/wotaku-ni-koi-wa-muzukashii-chapter-57 HTTP/1.1" 301 0 "-" "Mozilla/5.0 AppleWebKit/537.36 (KHTML, like Gecko; compatible; Amazonbot/0.1; +https://developer.amazon.com/support/amazonbot) Chrome/119.0.6045.214 Safari/537.36"
2a03:2880:f800:9:: - - [11/Jun/2025:08:48:46 -0400] "GET / HTTP/1.1" 200 37330 "-" "meta-externalagent/1.1 (+https://developers.facebook.com/docs/sharing/webmasters/crawler)"
44.214.19.8 - - [11/Jun/2025:08:48:47 -0400] "GET /manga/wotaku-ni-koi-wa-muzukashii-chapter-57/ HTTP/1.1" 200 41492 "-" "Mozilla/5.0 AppleWebKit/537.36 (KHTML, like Gecko; compatible; Amazonbot/0.1; +https://developer.amazon.com/support/amazonbot) Chrome/119.0.6045.214 Safari/537.36"
51.222.253.8 - - [11/Jun/2025:08:48:49 -0400] "GET /l143007377.shtm HTTP/1.1" 301 0 "-" "Mozilla/5.0 (compatible; AhrefsBot/7.0; +http://ahrefs.com/robot/)"
52.71.203.206 - - [11/Jun/2025:08:48:48 -0400] "GET /manga/wotakoi-love-is-hard-for-otaku-chapter-69-5/ HTTP/1.1" 200 40962 "-" "Mozilla/5.0 AppleWebKit/537.36 (KHTML, like Gecko; compatible; Amazonbot/0.1; +https://developer.amazon.com/support/amazonbot) Chrome/119.0.6045.214 Safari/537.36"
52.23.112.144 - - [11/Jun/2025:08:48:52 -0400] "GET /manga/wotaku-ni-koi-wa-muzukashii-chapter-24/ HTTP/1.1" 200 41125 "-" "Mozilla/5.0 AppleWebKit/537.36 (KHTML, like Gecko; compatible; Amazonbot/0.1; +https://developer.amazon.com/support/amazonbot) Chrome/119.0.6045.214 Safari/537.36"
51.222.253.3 - - [11/Jun/2025:08:48:54 -0400] "GET /l1450096509.shtm HTTP/1.1" 301 0 "-" "Mozilla/5.0 (compatible; AhrefsBot/7.0; +http://ahrefs.com/robot/)"
162.0.232.193 - - [11/Jun/2025:08:48:58 -0400] "POST /wp-cron.php?doing_wp_cron=1749646138.5450329780578613281250 HTTP/1.1" 200 0 "-" "WordPress/6.8.1; https://wotaku-manga.com"
3.218.103.254 - - [11/Jun/2025:08:48:57 -0400] "GET /manga/wotakoi-love-is-hard-for-otaku-chapter-4-5/ HTTP/1.1" 200 41554 "-" "Mozilla/5.0 AppleWebKit/537.36 (KHTML, like Gecko; compatible; Amazonbot/0.1; +https://developer.amazon.com/support/amazonbot) Chrome/119.0.6045.214 Safari/537.36"
51.222.253.6 - - [11/Jun/2025:08:48:57 -0400] "GET /l146915029.shtm HTTP/1.1" 301 0 "-" "Mozilla/5.0 (compatible; AhrefsBot/7.0; +http://ahrefs.com/robot/)"
51.222.253.15 - - [11/Jun/2025:08:49:04 -0400] "GET /l1510065427.shtm HTTP/1.1" 301 0 "-" "Mozilla/5.0 (compatible; AhrefsBot/7.0; +http://ahrefs.com/robot/)"
2a03:2880:f800:e:: - - [11/Jun/2025:08:49:07 -0400] "GET /shopdetail/122011435 HTTP/1.1" 301 0 "-" "meta-externalagent/1.1 (+https://developers.facebook.com/docs/sharing/webmasters/crawler)"
192.178.6.32 - - [11/Jun/2025:08:49:10 -0400] "GET /vr/bogey53841207.shtm HTTP/1.1" 200 81674 "-" "Mozilla/5.0 (Linux; Android 6.0.1; Nexus 5X Build/MMB29P) AppleWebKit/537.36 (KHTML, like Gecko) Chrome/136.0.7103.113 Mobile Safari/537.36 (compatible; Googlebot/2.1; +http://www.google.com/bot.html)"
2a03:2880:f800:9:: - - [11/Jun/2025:08:49:11 -0400] "GET / HTTP/1.1" 200 37466 "-" "meta-externalagent/1.1 (+https://developers.facebook.com/docs/sharing/webmasters/crawler)"
51.222.253.16 - - [11/Jun/2025:08:49:11 -0400] "GET /l1532562071.shtm HTTP/1.1" 301 0 "-" "Mozilla/5.0 (compatible; AhrefsBot/7.0; +http://ahrefs.com/robot/)"
162.0.232.193 - - [11/Jun/2025:08:49:20 -0400] "POST /wp-cron.php?doing_wp_cron=1749646160.1011049747467041015625 HTTP/1.1" 200 0 "-" "WordPress/6.8.1; https://wotaku-manga.com"
51.222.253.6 - - [11/Jun/2025:08:49:18 -0400] "GET /l163460717.shtm HTTP/1.1" 301 0 "-" "Mozilla/5.0 (compatible; AhrefsBot/7.0; +http://ahrefs.com/robot/)"
2a03:2880:f800:b:: - - [11/Jun/2025:08:49:20 -0400] "GET /shopdetail/203021335 HTTP/1.1" 301 0 "-" "meta-externalagent/1.1 (+https://developers.facebook.com/docs/sharing/webmasters/crawler)"
2a03:2880:f800:15:: - - [11/Jun/2025:08:49:23 -0400] "GET / HTTP/1.1" 200 37391 "-" "meta-externalagent/1.1 (+https://developers.facebook.com/docs/sharing/webmasters/crawler)"
51.222.253.18 - - [11/Jun/2025:08:49:25 -0400] "GET /l1786821737.shtm HTTP/1.1" 301 0 "-" "Mozilla/5.0 (compatible; AhrefsBot/7.0; +http://ahrefs.com/robot/)"
51.222.253.17 - - [11/Jun/2025:08:49:37 -0400] "GET /l1906005847.shtm HTTP/1.1" 301 0 "-" "Mozilla/5.0 (compatible; AhrefsBot/7.0; +http://ahrefs.com/robot/)"
2a03:2880:f800:5:: - - [11/Jun/2025:08:49:42 -0400] "GET /shopdetail/405447635 HTTP/1.1" 301 0 "-" "meta-externalagent/1.1 (+https://developers.facebook.com/docs/sharing/webmasters/crawler)"
2a03:2880:f800:d:: - - [11/Jun/2025:08:49:43 -0400] "GET /shopdetail/407515635 HTTP/1.1" 301 0 "-" "meta-externalagent/1.1 (+https://developers.facebook.com/docs/sharing/webmasters/crawler)"
162.0.232.193 - - [11/Jun/2025:08:49:46 -0400] "POST /wp-cron.php?doing_wp_cron=1749646186.0475881099700927734375 HTTP/1.1" 200 0 "-" "WordPress/6.8.1; https://wotaku-manga.com"
2a03:2880:f800:15:: - - [11/Jun/2025:08:49:46 -0400] "GET / HTTP/1.1" 200 37330 "-" "meta-externalagent/1.1 (+https://developers.facebook.com/docs/sharing/webmasters/crawler)"
51.222.253.8 - - [11/Jun/2025:08:49:42 -0400] "GET /l2005068879.shtm HTTP/1.1" 301 0 "-" "Mozilla/5.0 (compatible; AhrefsBot/7.0; +http://ahrefs.com/robot/)"
2a03:2880:f800:b:: - - [11/Jun/2025:08:49:48 -0400] "GET / HTTP/1.1" 200 37330 "-" "meta-externalagent/1.1 (+https://developers.facebook.com/docs/sharing/webmasters/crawler)"
51.222.253.15 - - [11/Jun/2025:08:49:50 -0400] "GET /l2024571959.shtm HTTP/1.1" 301 0 "-" "Mozilla/5.0 (compatible; AhrefsBot/7.0; +http://ahrefs.com/robot/)"
2a03:2880:f800:b:: - - [11/Jun/2025:08:49:53 -0400] "GET /shopdetail/200839435 HTTP/1.1" 301 0 "-" "meta-externalagent/1.1 (+https://developers.facebook.com/docs/sharing/webmasters/crawler)"
2a03:2880:f800:a:: - - [11/Jun/2025:08:49:57 -0400] "GET / HTTP/1.1" 200 37330 "-" "meta-externalagent/1.1 (+https://developers.facebook.com/docs/sharing/webmasters/crawler)"
192.178.6.32 - - [11/Jun/2025:08:49:57 -0400] "GET /ihm/whoobub52653262.shtm HTTP/1.1" 200 83065 "-" "Mozilla/5.0 (Linux; Android 6.0.1; Nexus 5X Build/MMB29P) AppleWebKit/537.36 (KHTML, like Gecko) Chrome/136.0.7103.113 Mobile Safari/537.36 (compatible; Googlebot/2.1; +http://www.google.com/bot.html)"
162.0.232.193 - - [11/Jun/2025:08:49:59 -0400] "POST /wp-cron.php?doing_wp_cron=1749646199.0378320217132568359375 HTTP/1.1" 200 0 "-" "WordPress/6.8.1; https://wotaku-manga.com"
51.222.253.7 - - [11/Jun/2025:08:49:56 -0400] "GET /l2024608435.shtm HTTP/1.1" 301 0 "-" "Mozilla/5.0 (compatible; AhrefsBot/7.0; +http://ahrefs.com/robot/)"
130.193.77.35 - - [11/Jun/2025:08:50:00 -0400] "POST /wp-login.php HTTP/1.1" 200 2037 "https://wotaku-manga.com" "Mozilla/5.0 (Windows NT 10.0; Win64; x64) AppleWebKit/537.36 (KHTML, like Gecko) Chrome/115.0.5790.171 Safari/537.36 Edg/115.0.1901.203"
51.222.253.17 - - [11/Jun/2025:08:50:04 -0400] "GET /l202871587.shtm HTTP/1.1" 301 0 "-" "Mozilla/5.0 (compatible; AhrefsBot/7.0; +http://ahrefs.com/robot/)"
51.222.253.12 - - [11/Jun/2025:08:50:10 -0400] "GET /l2029588521.shtm HTTP/1.1" 301 0 "-" "Mozilla/5.0 (compatible; AhrefsBot/7.0; +http://ahrefs.com/robot/)"
66.249.75.168 - - [11/Jun/2025:08:50:18 -0400] "GET /eyu/shopdetail/tormentor/1724453374.shtm HTTP/1.1" 200 82054 "-" "Mozilla/5.0 (Linux; Android 6.0.1; Nexus 5X Build/MMB29P) AppleWebKit/537.36 (KHTML, like Gecko) Chrome/136.0.7103.113 Mobile Safari/537.36 (compatible; GoogleOther)"
162.0.232.193 - - [11/Jun/2025:08:50:20 -0400] "POST /wp-cron.php?doing_wp_cron=1749646220.5423259735107421875000 HTTP/1.1" 200 0 "-" "WordPress/6.8.1; https://wotaku-manga.com"
51.222.253.20 - - [11/Jun/2025:08:50:19 -0400] "GET /l2030064039.shtm HTTP/1.1" 301 0 "-" "Mozilla/5.0 (compatible; AhrefsBot/7.0; +http://ahrefs.com/robot/)"
51.222.253.3 - - [11/Jun/2025:08:50:26 -0400] "GET /l253494875.shtm HTTP/1.1" 301 0 "-" "Mozilla/5.0 (compatible; AhrefsBot/7.0; +http://ahrefs.com/robot/)"
103.80.88.202 - - [11/Jun/2025:08:50:25 -0400] "GET /manga/wotaku-ni-koi-wa-muzukashii-chapter-52/ HTTP/1.1" 200 42270 "https://wotaku-manga.com/manga/wotaku-ni-koi-wa-muzukashii-chapter-51/" "Mozilla/5.0 (Linux; Android 10; K) AppleWebKit/537.36 (KHTML, like Gecko) Chrome/137.0.0.0 Safari/537.36"
103.80.88.202 - - [11/Jun/2025:08:50:29 -0400] "GET /manga/wotaku-ni-koi-wa-muzukashii-chapter-52/ HTTP/1.1" 304 0 "https://wotaku-manga.com/manga/wotaku-ni-koi-wa-muzukashii-chapter-51/" "Mozilla/5.0 (Linux; Android 10; K) AppleWebKit/537.36 (KHTML, like Gecko) Chrome/137.0.0.0 Safari/537.36"
2a03:2880:f800:8:: - - [11/Jun/2025:08:50:30 -0400] "GET /shopdetail/429256635 HTTP/1.1" 301 0 "-" "meta-externalagent/1.1 (+https://developers.facebook.com/docs/sharing/webmasters/crawler)"
51.222.253.12 - - [11/Jun/2025:08:50:32 -0400] "GET /l253582957.shtm HTTP/1.1" 301 0 "-" "Mozilla/5.0 (compatible; AhrefsBot/7.0; +http://ahrefs.com/robot/)"
2a03:2880:f800:18:: - - [11/Jun/2025:08:50:33 -0400] "GET / HTTP/1.1" 200 37330 "-" "meta-externalagent/1.1 (+https://developers.facebook.com/docs/sharing/webmasters/crawler)"
51.222.253.20 - - [11/Jun/2025:08:50:39 -0400] "GET /l350957477.shtm HTTP/1.1" 301 0 "-" "Mozilla/5.0 (compatible; AhrefsBot/7.0; +http://ahrefs.com/robot/)"
66.249.75.166 - - [11/Jun/2025:08:50:46 -0400] "GET /w/shopping/disapproved1722354336.shtm HTTP/1.1" 200 81308 "-" "Mozilla/5.0 (Linux; Android 6.0.1; Nexus 5X Build/MMB29P) AppleWebKit/537.36 (KHTML, like Gecko) Chrome/136.0.7103.113 Mobile Safari/537.36 (compatible; Googlebot/2.1; +http://www.google.com/bot.html)"
162.0.232.193 - - [11/Jun/2025:08:50:54 -0400] "POST /wp-cron.php?doing_wp_cron=1749646253.9456100463867187500000 HTTP/1.1" 200 0 "-" "WordPress/6.8.1; https://wotaku-manga.com"
51.222.253.11 - - [11/Jun/2025:08:50:52 -0400] "GET /l367361517.shtm HTTP/1.1" 301 0 "-" "Mozilla/5.0 (compatible; AhrefsBot/7.0; +http://ahrefs.com/robot/)"
