66.249.66.74 - - [13/Jun/2025:13:27:21 -0400] "GET /u/electrochronographic57712896.shtm HTTP/1.1" 200 81785 "-" "Mozilla/5.0 (Linux; Android 6.0.1; Nexus 5X Build/MMB29P) AppleWebKit/537.36 (KHTML, like Gecko) Chrome/136.0.7103.113 Mobile Safari/537.36 (compatible; Googlebot/2.1; +http://www.google.com/bot.html)"
66.249.66.75 - - [13/Jun/2025:13:27:23 -0400] "GET /cg/info/punching50379374.shtm HTTP/1.1" 200 81439 "-" "Mozilla/5.0 (Linux; Android 6.0.1; Nexus 5X Build/MMB29P) AppleWebKit/537.36 (KHTML, like Gecko) Chrome/136.0.7103.113 Mobile Safari/537.36 (compatible; Googlebot/2.1; +http://www.google.com/bot.html)"
66.249.66.74 - - [13/Jun/2025:13:27:24 -0400] "GET /e98205610.shtm HTTP/1.1" 200 81306 "-" "Mozilla/5.0 (Linux; Android 6.0.1; Nexus 5X Build/MMB29P) AppleWebKit/537.36 (KHTML, like Gecko) Chrome/136.0.7103.113 Mobile Safari/537.36 (compatible; Googlebot/2.1; +http://www.google.com/bot.html)"
66.249.66.75 - - [13/Jun/2025:13:27:25 -0400] "GET /xh/98217451.shtm HTTP/1.1" 200 82097 "-" "Mozilla/5.0 (Linux; Android 6.0.1; Nexus 5X Build/MMB29P) AppleWebKit/537.36 (KHTML, like Gecko) Chrome/136.0.7103.113 Mobile Safari/537.36 (compatible; Googlebot/2.1; +http://www.google.com/bot.html)"
66.249.66.70 - - [13/Jun/2025:13:27:27 -0400] "GET /zej/goodscode/sanctificate/952971613.shtm HTTP/1.1" 200 83812 "-" "Mozilla/5.0 (Linux; Android 6.0.1; Nexus 5X Build/MMB29P) AppleWebKit/537.36 (KHTML, like Gecko) Chrome/136.0.7103.113 Mobile Safari/537.36 (compatible; GoogleOther)"
162.0.232.193 - - [13/Jun/2025:13:27:36 -0400] "POST /wp-cron.php?doing_wp_cron=1749835656.5071220397949218750000 HTTP/1.1" 200 0 "-" "WordPress/6.8.1; https://wotaku-manga.com"
2a03:2880:f800:1:: - - [13/Jun/2025:13:27:35 -0400] "GET /shopdetail/45274735 HTTP/1.1" 301 0 "-" "meta-externalagent/1.1 (+https://developers.facebook.com/docs/sharing/webmasters/crawler)"
66.249.66.64 - - [13/Jun/2025:13:27:35 -0400] "GET /vnx45761817.shtm HTTP/1.1" 200 81724 "-" "Mozilla/5.0 (Linux; Android 6.0.1; Nexus 5X Build/MMB29P) AppleWebKit/537.36 (KHTML, like Gecko) Chrome/136.0.7103.113 Mobile Safari/537.36 (compatible; Googlebot/2.1; +http://www.google.com/bot.html)"
2a03:2880:f800:13:: - - [13/Jun/2025:13:27:38 -0400] "GET / HTTP/1.1" 200 37330 "-" "meta-externalagent/1.1 (+https://developers.facebook.com/docs/sharing/webmasters/crawler)"
66.249.66.70 - - [13/Jun/2025:13:27:46 -0400] "GET /xfr953481741.shtm HTTP/1.1" 200 81839 "-" "Mozilla/5.0 (Linux; Android 6.0.1; Nexus 5X Build/MMB29P) AppleWebKit/537.36 (KHTML, like Gecko) Chrome/136.0.7103.113 Mobile Safari/537.36 (compatible; GoogleOther)"
2a03:2880:f800:1a:: - - [13/Jun/2025:13:27:50 -0400] "GET /manga/wotaku-ni-koi-wa-muzukashii-chapter-31/ HTTP/1.1" 200 41157 "-" "meta-externalagent/1.1 (+https://developers.facebook.com/docs/sharing/webmasters/crawler)"
162.0.232.193 - - [13/Jun/2025:13:27:52 -0400] "POST /wp-cron.php?doing_wp_cron=1749835672.4866800308227539062500 HTTP/1.1" 200 0 "-" "WordPress/6.8.1; https://wotaku-manga.com"
54.36.148.11 - - [13/Jun/2025:13:27:51 -0400] "GET /o190357506.shtm HTTP/1.1" 301 0 "-" "Mozilla/5.0 (compatible; AhrefsBot/7.0; +http://ahrefs.com/robot/)"
66.249.66.72 - - [13/Jun/2025:13:28:07 -0400] "GET /b751007931.shtm HTTP/1.1" 200 81397 "-" "Mozilla/5.0 (Linux; Android 6.0.1; Nexus 5X Build/MMB29P) AppleWebKit/537.36 (KHTML, like Gecko) Chrome/136.0.7103.113 Mobile Safari/537.36 (compatible; GoogleOther)"
66.249.66.66 - - [13/Jun/2025:13:28:15 -0400] "GET /si/melampode57711870.shtm HTTP/1.1" 200 83270 "-" "Mozilla/5.0 (Linux; Android 6.0.1; Nexus 5X Build/MMB29P) AppleWebKit/537.36 (KHTML, like Gecko) Chrome/136.0.7103.113 Mobile Safari/537.36 (compatible; Googlebot/2.1; +http://www.google.com/bot.html)"
66.249.66.77 - - [13/Jun/2025:13:28:28 -0400] "GET /r/products/tomentous/953389989.shtm HTTP/1.1" 200 81801 "-" "Mozilla/5.0 (Linux; Android 6.0.1; Nexus 5X Build/MMB29P) AppleWebKit/537.36 (KHTML, like Gecko) Chrome/136.0.7103.113 Mobile Safari/537.36 (compatible; GoogleOther)"
162.0.232.193 - - [13/Jun/2025:13:28:42 -0400] "POST /wp-cron.php?doing_wp_cron=1749835722.1049969196319580078125 HTTP/1.1" 200 0 "-" "WordPress/6.8.1; https://wotaku-manga.com"
54.36.148.53 - - [13/Jun/2025:13:28:40 -0400] "GET /o1913206134.shtm HTTP/1.1" 301 0 "-" "Mozilla/5.0 (compatible; AhrefsBot/7.0; +http://ahrefs.com/robot/)"
66.249.66.77 - - [13/Jun/2025:13:28:49 -0400] "GET /cu/products/stultiloquy952992268.shtm HTTP/1.1" 200 82683 "-" "Mozilla/5.0 (Linux; Android 6.0.1; Nexus 5X Build/MMB29P) AppleWebKit/537.36 (KHTML, like Gecko) Chrome/136.0.7103.113 Mobile Safari/537.36 (compatible; GoogleOther)"
162.0.232.193 - - [13/Jun/2025:13:29:06 -0400] "POST /wp-cron.php?doing_wp_cron=1749835745.9024469852447509765625 HTTP/1.1" 200 0 "-" "WordPress/6.8.1; https://wotaku-manga.com"
54.36.149.37 - - [13/Jun/2025:13:29:03 -0400] "GET /o1915460214.shtm HTTP/1.1" 301 0 "-" "Mozilla/5.0 (compatible; AhrefsBot/7.0; +http://ahrefs.com/robot/)"
66.249.66.78 - - [13/Jun/2025:13:29:10 -0400] "GET /drj751009229.shtm HTTP/1.1" 200 81565 "-" "Mozilla/5.0 (Linux; Android 6.0.1; Nexus 5X Build/MMB29P) AppleWebKit/537.36 (KHTML, like Gecko) Chrome/136.0.7103.113 Mobile Safari/537.36 (compatible; GoogleOther)"
162.0.232.193 - - [13/Jun/2025:13:29:26 -0400] "POST /wp-cron.php?doing_wp_cron=1749835766.4980781078338623046875 HTTP/1.1" 200 0 "-" "WordPress/6.8.1; https://wotaku-manga.com"
54.36.148.236 - - [13/Jun/2025:13:29:25 -0400] "GET /o1917201788.shtm HTTP/1.1" 301 0 "-" "Mozilla/5.0 (compatible; AhrefsBot/7.0; +http://ahrefs.com/robot/)"
66.249.66.66 - - [13/Jun/2025:13:29:26 -0400] "GET /zhx/minuscular50183715.shtm HTTP/1.1" 200 82098 "-" "Mozilla/5.0 (Linux; Android 6.0.1; Nexus 5X Build/MMB29P) AppleWebKit/537.36 (KHTML, like Gecko) Chrome/136.0.7103.113 Mobile Safari/537.36 (compatible; Googlebot/2.1; +http://www.google.com/bot.html)"
66.249.66.64 - - [13/Jun/2025:13:29:27 -0400] "GET /xyn/46767773.shtm HTTP/1.1" 200 81544 "-" "Mozilla/5.0 (Linux; Android 6.0.1; Nexus 5X Build/MMB29P) AppleWebKit/537.36 (KHTML, like Gecko) Chrome/136.0.7103.113 Mobile Safari/537.36 (compatible; Googlebot/2.1; +http://www.google.com/bot.html)"
66.249.66.65 - - [13/Jun/2025:13:29:29 -0400] "GET /nz/earache57797193.shtm HTTP/1.1" 200 81453 "-" "Mozilla/5.0 (Linux; Android 6.0.1; Nexus 5X Build/MMB29P) AppleWebKit/537.36 (KHTML, like Gecko) Chrome/136.0.7103.113 Mobile Safari/537.36 (compatible; Googlebot/2.1; +http://www.google.com/bot.html)"
54.36.148.183 - - [13/Jun/2025:13:29:38 -0400] "GET /o1946105480.shtm HTTP/1.1" 301 0 "-" "Mozilla/5.0 (compatible; AhrefsBot/7.0; +http://ahrefs.com/robot/)"
66.249.66.78 - - [13/Jun/2025:13:29:40 -0400] "GET /wk/goodscode/adjutor298827734.shtm HTTP/1.1" 200 82049 "-" "Mozilla/5.0 (Linux; Android 6.0.1; Nexus 5X Build/MMB29P) AppleWebKit/537.36 (KHTML, like Gecko) Chrome/136.0.7103.113 Mobile Safari/537.36 (compatible; GoogleOther)"
66.249.66.77 - - [13/Jun/2025:13:29:52 -0400] "GET /bn/shopping/dermatophyte935407187.shtm HTTP/1.1" 200 81687 "-" "Mozilla/5.0 (Linux; Android 6.0.1; Nexus 5X Build/MMB29P) AppleWebKit/537.36 (KHTML, like Gecko) Chrome/136.0.7103.113 Mobile Safari/537.36 (compatible; GoogleOther)"
66.249.66.66 - - [13/Jun/2025:13:30:05 -0400] "GET /y/lemna49320474.shtm HTTP/1.1" 200 81345 "-" "Mozilla/5.0 (Linux; Android 6.0.1; Nexus 5X Build/MMB29P) AppleWebKit/537.36 (KHTML, like Gecko) Chrome/136.0.7103.113 Mobile Safari/537.36 (compatible; Googlebot/2.1; +http://www.google.com/bot.html)"
162.0.232.193 - - [13/Jun/2025:13:30:10 -0400] "POST /wp-cron.php?doing_wp_cron=1749835810.7869899272918701171875 HTTP/1.1" 200 0 "-" "WordPress/6.8.1; https://wotaku-manga.com"
54.36.149.91 - - [13/Jun/2025:13:30:08 -0400] "GET /o2013397998.shtm HTTP/1.1" 301 0 "-" "Mozilla/5.0 (compatible; AhrefsBot/7.0; +http://ahrefs.com/robot/)"
66.249.66.77 - - [13/Jun/2025:13:30:13 -0400] "GET /hhz/products/predatory953470205.shtm HTTP/1.1" 200 81358 "-" "Mozilla/5.0 (Linux; Android 6.0.1; Nexus 5X Build/MMB29P) AppleWebKit/537.36 (KHTML, like Gecko) Chrome/136.0.7103.113 Mobile Safari/537.36 (compatible; GoogleOther)"
66.249.66.64 - - [13/Jun/2025:13:30:15 -0400] "GET /tp/electrokinetic99464237.shtm HTTP/1.1" 200 81515 "-" "Mozilla/5.0 (Linux; Android 6.0.1; Nexus 5X Build/MMB29P) AppleWebKit/537.36 (KHTML, like Gecko) Chrome/136.0.7103.113 Mobile Safari/537.36 (compatible; Googlebot/2.1; +http://www.google.com/bot.html)"
66.249.66.78 - - [13/Jun/2025:13:30:34 -0400] "GET /px/shopdetail/adact/253726665.shtm HTTP/1.1" 200 81166 "-" "Mozilla/5.0 (Linux; Android 6.0.1; Nexus 5X Build/MMB29P) AppleWebKit/537.36 (KHTML, like Gecko) Chrome/136.0.7103.113 Mobile Safari/537.36 (compatible; GoogleOther)"
162.0.232.193 - - [13/Jun/2025:13:30:43 -0400] "POST /wp-cron.php?doing_wp_cron=1749835843.6215159893035888671875 HTTP/1.1" 200 0 "-" "WordPress/6.8.1; https://wotaku-manga.com"
2001:44c8:6321:f7e2:1d0b:8141:a313:56d3 - - [13/Jun/2025:13:30:43 -0400] "GET /manga/wotakoi-love-is-hard-for-otaku-chapter-85/ HTTP/1.1" 200 44355 "https://wotaku-manga.com/manga/wotakoi-love-is-hard-for-otaku-chapter-84/" "Mozilla/5.0 (iPhone; CPU iPhone OS 18_3_1 like Mac OS X) AppleWebKit/605.1.15 (KHTML, like Gecko) Version/18.3 Mobile/15E148 Safari/604.1"
54.36.148.113 - - [13/Jun/2025:13:30:41 -0400] "GET /o308855450.shtm HTTP/1.1" 301 0 "-" "Mozilla/5.0 (compatible; AhrefsBot/7.0; +http://ahrefs.com/robot/)"
66.249.66.77 - - [13/Jun/2025:13:30:44 -0400] "GET /manga/wotakoi-love-is-hard-for-otaku-chapter-63/ HTTP/1.1" 200 82034 "-" "Mozilla/5.0 (Linux; Android 6.0.1; Nexus 5X Build/MMB29P) AppleWebKit/537.36 (KHTML, like Gecko) Chrome/136.0.7103.113 Mobile Safari/537.36 (compatible; Googlebot/2.1; +http://www.google.com/bot.html)"
162.0.232.193 - - [13/Jun/2025:13:30:46 -0400] "POST /wp-cron.php?doing_wp_cron=1749835846.5247790813446044921875 HTTP/1.1" 200 0 "-" "WordPress/6.8.1; https://wotaku-manga.com"
2001:44c8:6321:f7e2:1d0b:8141:a313:56d3 - - [13/Jun/2025:13:30:45 -0400] "POST /wp-admin/admin-ajax.php HTTP/1.1" 200 61 "https://wotaku-manga.com/manga/wotakoi-love-is-hard-for-otaku-chapter-85/" "Mozilla/5.0 (iPhone; CPU iPhone OS 18_3_1 like Mac OS X) AppleWebKit/605.1.15 (KHTML, like Gecko) Version/18.3 Mobile/15E148 Safari/604.1"
66.249.66.77 - - [13/Jun/2025:13:30:55 -0400] "GET /zj953341255.shtm HTTP/1.1" 200 81781 "-" "Mozilla/5.0 (Linux; Android 6.0.1; Nexus 5X Build/MMB29P) AppleWebKit/537.36 (KHTML, like Gecko) Chrome/136.0.7103.113 Mobile Safari/537.36 (compatible; GoogleOther)"
43.133.62.111 - - [13/Jun/2025:13:31:02 -0400] "GET / HTTP/1.1" 200 37976 "https://google.com" "Mozilla/5.0 (Linux; Android 12; Pixel 6) AppleWebKit/537.36 (KHTML, like Gecko) Chrome/99.0.4844.58 Mobile Safari/537.36"
66.249.66.77 - - [13/Jun/2025:13:31:17 -0400] "GET /npl/macrocephalic253672313.shtm HTTP/1.1" 200 81039 "-" "Mozilla/5.0 (Linux; Android 6.0.1; Nexus 5X Build/MMB29P) AppleWebKit/537.36 (KHTML, like Gecko) Chrome/136.0.7103.113 Mobile Safari/537.36 (compatible; GoogleOther)"
162.0.232.193 - - [13/Jun/2025:13:31:23 -0400] "POST /wp-cron.php?doing_wp_cron=1749835883.1092700958251953125000 HTTP/1.1" 200 0 "-" "WordPress/6.8.1; https://wotaku-manga.com"
54.36.148.72 - - [13/Jun/2025:13:31:22 -0400] "GET /o322919192.shtm HTTP/1.1" 301 0 "-" "Mozilla/5.0 (compatible; AhrefsBot/7.0; +http://ahrefs.com/robot/)"
194.164.25.74 - - [13/Jun/2025:13:31:24 -0400] "POST /xmlrpc.php HTTP/1.1" 200 186 "-" "Mozilla/5.0 (Windows NT 10.0; Win64; x64; rv:81.0) Gecko/20100101 Firefox/81.0"
66.249.66.77 - - [13/Jun/2025:13:31:38 -0400] "GET /fyx/shopdetail/dissemble/954700991.shtm HTTP/1.1" 200 81521 "-" "Mozilla/5.0 (Linux; Android 6.0.1; Nexus 5X Build/MMB29P) AppleWebKit/537.36 (KHTML, like Gecko) Chrome/136.0.7103.113 Mobile Safari/537.36 (compatible; GoogleOther)"
54.36.148.85 - - [13/Jun/2025:13:31:38 -0400] "GET /o340468706.shtm HTTP/1.1" 301 0 "-" "Mozilla/5.0 (compatible; AhrefsBot/7.0; +http://ahrefs.com/robot/)"
66.249.66.66 - - [13/Jun/2025:13:31:58 -0400] "GET /robots.txt HTTP/1.1" 304 0 "-" "Mozilla/5.0 (compatible; Googlebot/2.1; +http://www.google.com/bot.html)"
66.249.66.65 - - [13/Jun/2025:13:31:58 -0400] "GET /k99512228.shtm HTTP/1.1" 200 82106 "-" "Mozilla/5.0 (Linux; Android 6.0.1; Nexus 5X Build/MMB29P) AppleWebKit/537.36 (KHTML, like Gecko) Chrome/136.0.7103.113 Mobile Safari/537.36 (compatible; Googlebot/2.1; +http://www.google.com/bot.html)"
66.249.66.77 - - [13/Jun/2025:13:31:59 -0400] "GET /b/products/luteocobaltic253717187.shtm HTTP/1.1" 200 81433 "-" "Mozilla/5.0 (Linux; Android 6.0.1; Nexus 5X Build/MMB29P) AppleWebKit/537.36 (KHTML, like Gecko) Chrome/136.0.7103.113 Mobile Safari/537.36 (compatible; GoogleOther)"
162.0.232.193 - - [13/Jun/2025:13:32:04 -0400] "POST /wp-cron.php?doing_wp_cron=1749835924.6020441055297851562500 HTTP/1.1" 200 0 "-" "WordPress/6.8.1; https://wotaku-manga.com"
2a03:2880:f800:11:: - - [13/Jun/2025:13:32:03 -0400] "GET /shopdetail/18063535 HTTP/1.1" 301 0 "-" "meta-externalagent/1.1 (+https://developers.facebook.com/docs/sharing/webmasters/crawler)"
2a03:2880:f800:3:: - - [13/Jun/2025:13:32:07 -0400] "GET / HTTP/1.1" 200 37330 "-" "meta-externalagent/1.1 (+https://developers.facebook.com/docs/sharing/webmasters/crawler)"
54.36.148.178 - - [13/Jun/2025:13:32:13 -0400] "GET /o346664610.shtm HTTP/1.1" 301 0 "-" "Mozilla/5.0 (compatible; AhrefsBot/7.0; +http://ahrefs.com/robot/)"
162.0.232.193 - - [13/Jun/2025:13:32:18 -0400] "POST /wp-cron.php?doing_wp_cron=1749835938.4023299217224121093750 HTTP/1.1" 200 0 "-" "WordPress/6.8.1; https://wotaku-manga.com"
2a03:2880:f800:18:: - - [13/Jun/2025:13:32:17 -0400] "GET /sitemap-hot-2974995.xml HTTP/1.1" 301 0 "-" "meta-externalagent/1.1 (+https://developers.facebook.com/docs/sharing/webmasters/crawler)"
66.249.66.77 - - [13/Jun/2025:13:32:20 -0400] "GET /bn/shopdetail/antiscriptural953361227.shtm HTTP/1.1" 200 81433 "-" "Mozilla/5.0 (Linux; Android 6.0.1; Nexus 5X Build/MMB29P) AppleWebKit/537.36 (KHTML, like Gecko) Chrome/136.0.7103.113 Mobile Safari/537.36 (compatible; GoogleOther)"
52.167.144.212 - - [13/Jun/2025:13:32:20 -0400] "GET /manga/wotaku-ni-koi-wa-muzukashii-chapter-37/ HTTP/1.1" 200 82033 "-" "Mozilla/5.0 AppleWebKit/537.36 (KHTML, like Gecko; compatible; bingbot/2.0; +http://www.bing.com/bingbot.htm) Chrome/116.0.1938.76 Safari/537.36"
2001:44c8:6321:f7e2:1d0b:8141:a313:56d3 - - [13/Jun/2025:13:32:26 -0400] "GET / HTTP/1.1" 304 0 "https://wotaku-manga.com/manga/wotakoi-love-is-hard-for-otaku-chapter-85/" "Mozilla/5.0 (iPhone; CPU iPhone OS 18_3_1 like Mac OS X) AppleWebKit/605.1.15 (KHTML, like Gecko) Version/18.3 Mobile/15E148 Safari/604.1"
66.249.66.77 - - [13/Jun/2025:13:32:41 -0400] "GET /dvb298813841.shtm HTTP/1.1" 200 81331 "-" "Mozilla/5.0 (Linux; Android 6.0.1; Nexus 5X Build/MMB29P) AppleWebKit/537.36 (KHTML, like Gecko) Chrome/136.0.7103.113 Mobile Safari/537.36 (compatible; GoogleOther)"
2001:44c8:6321:f7e2:1d0b:8141:a313:56d3 - - [13/Jun/2025:13:32:43 -0400] "GET /manga/wotakoi-love-is-hard-for-otaku-chapter-0/ HTTP/1.1" 200 42047 "https://wotaku-manga.com/" "Mozilla/5.0 (iPhone; CPU iPhone OS 18_3_1 like Mac OS X) AppleWebKit/605.1.15 (KHTML, like Gecko) Version/18.3 Mobile/15E148 Safari/604.1"
162.0.232.193 - - [13/Jun/2025:13:32:47 -0400] "POST /wp-cron.php?doing_wp_cron=1749835967.6885180473327636718750 HTTP/1.1" 200 0 "-" "WordPress/6.8.1; https://wotaku-manga.com"
2a03:2880:f800:13:: - - [13/Jun/2025:13:32:46 -0400] "GET /shopdetail/364658035 HTTP/1.1" 301 0 "-" "meta-externalagent/1.1 (+https://developers.facebook.com/docs/sharing/webmasters/crawler)"
2a03:2880:f800:19:: - - [13/Jun/2025:13:32:49 -0400] "GET / HTTP/1.1" 200 37330 "-" "meta-externalagent/1.1 (+https://developers.facebook.com/docs/sharing/webmasters/crawler)"
2a03:2880:f800:c:: - - [13/Jun/2025:13:32:50 -0400] "GET /shopdetail/22163935 HTTP/1.1" 301 0 "-" "meta-externalagent/1.1 (+https://developers.facebook.com/docs/sharing/webmasters/crawler)"
2a03:2880:f800:: - - [13/Jun/2025:13:32:52 -0400] "GET / HTTP/1.1" 200 37330 "-" "meta-externalagent/1.1 (+https://developers.facebook.com/docs/sharing/webmasters/crawler)"
162.0.232.193 - - [13/Jun/2025:13:33:03 -0400] "POST /wp-cron.php?doing_wp_cron=1749835982.8149249553680419921875 HTTP/1.1" 200 0 "-" "WordPress/6.8.1; https://wotaku-manga.com"
54.36.148.1 - - [13/Jun/2025:13:33:02 -0400] "GET /o350237560.shtm HTTP/1.1" 301 0 "-" "Mozilla/5.0 (compatible; AhrefsBot/7.0; +http://ahrefs.com/robot/)"
66.249.66.77 - - [13/Jun/2025:13:33:02 -0400] "GET /lcb/953456271.shtm HTTP/1.1" 200 82153 "-" "Mozilla/5.0 (Linux; Android 6.0.1; Nexus 5X Build/MMB29P) AppleWebKit/537.36 (KHTML, like Gecko) Chrome/136.0.7103.113 Mobile Safari/537.36 (compatible; GoogleOther)"
66.249.66.64 - - [13/Jun/2025:13:33:09 -0400] "GET /x/limpin58542487.shtm HTTP/1.1" 200 81451 "-" "Mozilla/5.0 (Linux; Android 6.0.1; Nexus 5X Build/MMB29P) AppleWebKit/537.36 (KHTML, like Gecko) Chrome/136.0.7103.113 Mobile Safari/537.36 (compatible; Googlebot/2.1; +http://www.google.com/bot.html)"
2a03:2880:f800:2:: - - [13/Jun/2025:13:33:12 -0400] "GET /shopdetail/321149735 HTTP/1.1" 301 0 "-" "meta-externalagent/1.1 (+https://developers.facebook.com/docs/sharing/webmasters/crawler)"
66.249.66.200 - - [13/Jun/2025:13:33:12 -0400] "GET /vtp99572475.shtm HTTP/1.1" 200 81554 "-" "Mozilla/5.0 (Linux; Android 6.0.1; Nexus 5X Build/MMB29P) AppleWebKit/537.36 (KHTML, like Gecko) Chrome/136.0.7103.113 Mobile Safari/537.36 (compatible; Googlebot/2.1; +http://www.google.com/bot.html)"
2a03:2880:f800:1b:: - - [13/Jun/2025:13:33:14 -0400] "GET / HTTP/1.1" 200 37330 "-" "meta-externalagent/1.1 (+https://developers.facebook.com/docs/sharing/webmasters/crawler)"
192.145.30.64 - - [13/Jun/2025:13:33:23 -0400] "GET /wp-content/plugins/hide-my-wp/view/assets/css/rtl.min.css HTTP/1.1" 200 0 "-" "Mozilla/5.0 (Macintosh; Intel Mac OS X 10.9; rv:45.0) Gecko/20100101 Firefox/45.0"
66.249.66.77 - - [13/Jun/2025:13:33:23 -0400] "GET /puf/953406173.shtm HTTP/1.1" 200 83030 "-" "Mozilla/5.0 (Linux; Android 6.0.1; Nexus 5X Build/MMB29P) AppleWebKit/537.36 (KHTML, like Gecko) Chrome/136.0.7103.113 Mobile Safari/537.36 (compatible; GoogleOther)"
2a03:2880:f800:1a:: - - [13/Jun/2025:13:33:33 -0400] "GET /manga/wotaku-ni-koi-wa-muzukashii-chapter-45/ HTTP/1.1" 200 42224 "-" "meta-externalagent/1.1 (+https://developers.facebook.com/docs/sharing/webmasters/crawler)"
162.0.232.193 - - [13/Jun/2025:13:33:39 -0400] "POST /wp-cron.php?doing_wp_cron=1749836018.9021720886230468750000 HTTP/1.1" 200 0 "-" "WordPress/6.8.1; https://wotaku-manga.com"
54.36.148.70 - - [13/Jun/2025:13:33:37 -0400] "GET /o350325506.shtm HTTP/1.1" 301 0 "-" "Mozilla/5.0 (compatible; AhrefsBot/7.0; +http://ahrefs.com/robot/)"
66.249.66.77 - - [13/Jun/2025:13:33:44 -0400] "GET /x/1968518665.shtm HTTP/1.1" 200 81524 "-" "Mozilla/5.0 (Linux; Android 6.0.1; Nexus 5X Build/MMB29P) AppleWebKit/537.36 (KHTML, like Gecko) Chrome/136.0.7103.113 Mobile Safari/537.36 (compatible; GoogleOther)"
2001:44c8:6321:f7e2:1d0b:8141:a313:56d3 - - [13/Jun/2025:13:33:45 -0400] "GET / HTTP/1.1" 304 0 "-" "Mozilla/5.0 (iPhone; CPU iPhone OS 18_3_1 like Mac OS X) AppleWebKit/605.1.15 (KHTML, like Gecko) Version/18.3 Mobile/15E148 Safari/604.1"
162.0.232.193 - - [13/Jun/2025:13:33:55 -0400] "POST /wp-cron.php?doing_wp_cron=1749836035.2182190418243408203125 HTTP/1.1" 200 0 "-" "WordPress/6.8.1; https://wotaku-manga.com"
54.36.149.1 - - [13/Jun/2025:13:33:53 -0400] "GET /o350553380.shtm HTTP/1.1" 301 0 "-" "Mozilla/5.0 (compatible; AhrefsBot/7.0; +http://ahrefs.com/robot/)"
162.0.232.193 - - [13/Jun/2025:13:34:05 -0400] "POST /wp-cron.php?doing_wp_cron=1749836044.7956399917602539062500 HTTP/1.1" 200 0 "-" "WordPress/6.8.1; https://wotaku-manga.com"
54.36.149.44 - - [13/Jun/2025:13:34:02 -0400] "GET /o466515292.shtm HTTP/1.1" 301 0 "-" "Mozilla/5.0 (compatible; AhrefsBot/7.0; +http://ahrefs.com/robot/)"
66.249.66.78 - - [13/Jun/2025:13:34:05 -0400] "GET /yts953463854.shtm HTTP/1.1" 200 82455 "-" "Mozilla/5.0 (Linux; Android 6.0.1; Nexus 5X Build/MMB29P) AppleWebKit/537.36 (KHTML, like Gecko) Chrome/136.0.7103.113 Mobile Safari/537.36 (compatible; GoogleOther)"
2a03:2880:f800:1a:: - - [13/Jun/2025:13:34:07 -0400] "GET /shopdetail/415420035 HTTP/1.1" 301 0 "-" "meta-externalagent/1.1 (+https://developers.facebook.com/docs/sharing/webmasters/crawler)"
2a03:2880:f800:11:: - - [13/Jun/2025:13:34:12 -0400] "GET / HTTP/1.1" 200 37330 "-" "meta-externalagent/1.1 (+https://developers.facebook.com/docs/sharing/webmasters/crawler)"
54.36.148.67 - - [13/Jun/2025:13:34:14 -0400] "GET /o537505438.shtm HTTP/1.1" 301 0 "-" "Mozilla/5.0 (compatible; AhrefsBot/7.0; +http://ahrefs.com/robot/)"
66.249.66.64 - - [13/Jun/2025:13:34:23 -0400] "GET /ii/entity/puree41107438.shtm HTTP/1.1" 200 82053 "-" "Mozilla/5.0 (Linux; Android 6.0.1; Nexus 5X Build/MMB29P) AppleWebKit/537.36 (KHTML, like Gecko) Chrome/136.0.7103.113 Mobile Safari/537.36 (compatible; Googlebot/2.1; +http://www.google.com/bot.html)"
66.249.66.78 - - [13/Jun/2025:13:34:26 -0400] "GET /y953517684.shtm HTTP/1.1" 200 82428 "-" "Mozilla/5.0 (Linux; Android 6.0.1; Nexus 5X Build/MMB29P) AppleWebKit/537.36 (KHTML, like Gecko) Chrome/136.0.7103.113 Mobile Safari/537.36 (compatible; GoogleOther)"
66.249.66.64 - - [13/Jun/2025:13:34:31 -0400] "GET /xcl/57785401.shtm HTTP/1.1" 200 81536 "-" "Mozilla/5.0 (Linux; Android 6.0.1; Nexus 5X Build/MMB29P) AppleWebKit/537.36 (KHTML, like Gecko) Chrome/136.0.7103.113 Mobile Safari/537.36 (compatible; Googlebot/2.1; +http://www.google.com/bot.html)"
162.0.232.193 - - [13/Jun/2025:13:34:37 -0400] "POST /wp-cron.php?doing_wp_cron=1749836076.9074630737304687500000 HTTP/1.1" 200 0 "-" "WordPress/6.8.1; https://wotaku-manga.com"
2a03:2880:f800:17:: - - [13/Jun/2025:13:34:35 -0400] "GET /shopdetail/246926735 HTTP/1.1" 301 0 "-" "meta-externalagent/1.1 (+https://developers.facebook.com/docs/sharing/webmasters/crawler)"
2a03:2880:f800:c:: - - [13/Jun/2025:13:34:39 -0400] "GET / HTTP/1.1" 200 37330 "-" "meta-externalagent/1.1 (+https://developers.facebook.com/docs/sharing/webmasters/crawler)"
54.36.148.238 - - [13/Jun/2025:13:34:42 -0400] "GET /o537557028.shtm HTTP/1.1" 301 0 "-" "Mozilla/5.0 (compatible; AhrefsBot/7.0; +http://ahrefs.com/robot/)"
216.73.216.68 - - [13/Jun/2025:13:34:45 -0400] "GET /sitemap-child-788.xml HTTP/1.1" 200 11453 "-" "Mozilla/5.0 AppleWebKit/537.36 (KHTML, like Gecko; compatible; ClaudeBot/1.0; [email protected])"
66.249.66.77 - - [13/Jun/2025:13:34:47 -0400] "GET /v750915795.shtm HTTP/1.1" 200 81305 "-" "Mozilla/5.0 (Linux; Android 6.0.1; Nexus 5X Build/MMB29P) AppleWebKit/537.36 (KHTML, like Gecko) Chrome/136.0.7103.113 Mobile Safari/537.36 (compatible; GoogleOther)"
162.0.232.193 - - [13/Jun/2025:13:34:53 -0400] "POST /wp-cron.php?doing_wp_cron=1749836093.2213110923767089843750 HTTP/1.1" 200 0 "-" "WordPress/6.8.1; https://wotaku-manga.com"
2a03:2880:f800:17:: - - [13/Jun/2025:13:34:52 -0400] "GET /shopdetail/207364835 HTTP/1.1" 301 0 "-" "meta-externalagent/1.1 (+https://developers.facebook.com/docs/sharing/webmasters/crawler)"
2a03:2880:f800:: - - [13/Jun/2025:13:34:53 -0400] "GET /shopdetail/261815335 HTTP/1.1" 301 0 "-" "meta-externalagent/1.1 (+https://developers.facebook.com/docs/sharing/webmasters/crawler)"
2a03:2880:f800:c:: - - [13/Jun/2025:13:34:57 -0400] "GET / HTTP/1.1" 200 37330 "-" "meta-externalagent/1.1 (+https://developers.facebook.com/docs/sharing/webmasters/crawler)"
2a03:2880:f800:1a:: - - [13/Jun/2025:13:34:57 -0400] "GET / HTTP/1.1" 200 37330 "-" "meta-externalagent/1.1 (+https://developers.facebook.com/docs/sharing/webmasters/crawler)"
66.249.66.34 - - [13/Jun/2025:13:35:09 -0400] "GET /j/253704809.shtm HTTP/1.1" 200 82126 "-" "Mozilla/5.0 (Linux; Android 6.0.1; Nexus 5X Build/MMB29P) AppleWebKit/537.36 (KHTML, like Gecko) Chrome/136.0.7103.113 Mobile Safari/537.36 (compatible; GoogleOther)"
66.249.66.169 - - [13/Jun/2025:13:35:10 -0400] "GET /manga/wotakoi-love-is-hard-for-otaku-chapter-85/ HTTP/1.1" 200 81491 "-" "Mozilla/5.0 (Linux; Android 6.0.1; Nexus 5X Build/MMB29P) AppleWebKit/537.36 (KHTML, like Gecko) Chrome/136.0.7103.113 Mobile Safari/537.36 (compatible; Googlebot/2.1; +http://www.google.com/bot.html)"
162.0.232.193 - - [13/Jun/2025:13:35:17 -0400] "POST /wp-cron.php?doing_wp_cron=1749836117.8305990695953369140625 HTTP/1.1" 200 0 "-" "WordPress/6.8.1; https://wotaku-manga.com"
54.36.148.183 - - [13/Jun/2025:13:35:17 -0400] "GET /o625390936.shtm HTTP/1.1" 301 0 "-" "Mozilla/5.0 (compatible; AhrefsBot/7.0; +http://ahrefs.com/robot/)"
66.249.66.169 - - [13/Jun/2025:13:35:30 -0400] "GET /x/goodscode/patchouly935333375.shtm HTTP/1.1" 200 81863 "-" "Mozilla/5.0 (Linux; Android 6.0.1; Nexus 5X Build/MMB29P) AppleWebKit/537.36 (KHTML, like Gecko) Chrome/136.0.7103.113 Mobile Safari/537.36 (compatible; GoogleOther)"
66.249.66.65 - - [13/Jun/2025:13:35:39 -0400] "GET /w50392842.shtm HTTP/1.1" 200 81669 "-" "Mozilla/5.0 (Linux; Android 6.0.1; Nexus 5X Build/MMB29P) AppleWebKit/537.36 (KHTML, like Gecko) Chrome/136.0.7103.113 Mobile Safari/537.36 (compatible; Googlebot/2.1; +http://www.google.com/bot.html)"
66.249.66.160 - - [13/Jun/2025:13:35:48 -0400] "GET /lh/57706877.shtm HTTP/1.1" 200 81564 "-" "Mozilla/5.0 (Linux; Android 6.0.1; Nexus 5X Build/MMB29P) AppleWebKit/537.36 (KHTML, like Gecko) Chrome/136.0.7103.113 Mobile Safari/537.36 (compatible; Googlebot/2.1; +http://www.google.com/bot.html)"
162.0.232.193 - - [13/Jun/2025:13:35:50 -0400] "POST /wp-cron.php?doing_wp_cron=1749836149.8872311115264892578125 HTTP/1.1" 200 0 "-" "WordPress/6.8.1; https://wotaku-manga.com"
54.36.148.142 - - [13/Jun/2025:13:35:48 -0400] "GET /o634473888.shtm HTTP/1.1" 301 0 "-" "Mozilla/5.0 (compatible; AhrefsBot/7.0; +http://ahrefs.com/robot/)"
66.249.66.14 - - [13/Jun/2025:13:35:51 -0400] "GET /k/952943918.shtm HTTP/1.1" 200 81328 "-" "Mozilla/5.0 (Linux; Android 6.0.1; Nexus 5X Build/MMB29P) AppleWebKit/537.36 (KHTML, like Gecko) Chrome/136.0.7103.113 Mobile Safari/537.36 (compatible; GoogleOther)"
162.0.232.193 - - [13/Jun/2025:13:36:12 -0400] "POST /wp-cron.php?doing_wp_cron=1749836172.4882500171661376953125 HTTP/1.1" 200 0 "-" "WordPress/6.8.1; https://wotaku-manga.com"
2a03:2880:f800:c:: - - [13/Jun/2025:13:36:11 -0400] "GET /shopdetail/25821935 HTTP/1.1" 301 0 "-" "meta-externalagent/1.1 (+https://developers.facebook.com/docs/sharing/webmasters/crawler)"
66.249.66.15 - - [13/Jun/2025:13:36:12 -0400] "GET /w/woodland/953515298.shtm HTTP/1.1" 200 81668 "-" "Mozilla/5.0 (Linux; Android 6.0.1; Nexus 5X Build/MMB29P) AppleWebKit/537.36 (KHTML, like Gecko) Chrome/136.0.7103.113 Mobile Safari/537.36 (compatible; GoogleOther)"
2a03:2880:f800:1d:: - - [13/Jun/2025:13:36:14 -0400] "GET / HTTP/1.1" 200 37330 "-" "meta-externalagent/1.1 (+https://developers.facebook.com/docs/sharing/webmasters/crawler)"
54.36.148.176 - - [13/Jun/2025:13:36:14 -0400] "GET /o671913030.shtm HTTP/1.1" 301 0 "-" "Mozilla/5.0 (compatible; AhrefsBot/7.0; +http://ahrefs.com/robot/)"
162.0.232.193 - - [13/Jun/2025:13:36:25 -0400] "POST /wp-cron.php?doing_wp_cron=1749836185.7046849727630615234375 HTTP/1.1" 200 0 "-" "WordPress/6.8.1; https://wotaku-manga.com"
2a03:2880:f800:13:: - - [13/Jun/2025:13:36:24 -0400] "GET /shopdetail/262202735 HTTP/1.1" 301 0 "-" "meta-externalagent/1.1 (+https://developers.facebook.com/docs/sharing/webmasters/crawler)"
2a03:2880:f800:14:: - - [13/Jun/2025:13:36:27 -0400] "GET / HTTP/1.1" 200 37308 "-" "meta-externalagent/1.1 (+https://developers.facebook.com/docs/sharing/webmasters/crawler)"
66.249.66.168 - - [13/Jun/2025:13:36:33 -0400] "GET /mes/goodscode/furzy/749837002.shtm HTTP/1.1" 200 81651 "-" "Mozilla/5.0 (Linux; Android 6.0.1; Nexus 5X Build/MMB29P) AppleWebKit/537.36 (KHTML, like Gecko) Chrome/136.0.7103.113 Mobile Safari/537.36 (compatible; GoogleOther)"
54.36.148.250 - - [13/Jun/2025:13:36:34 -0400] "GET /o753603904.shtm HTTP/1.1" 301 0 "-" "Mozilla/5.0 (compatible; AhrefsBot/7.0; +http://ahrefs.com/robot/)"
54.36.149.94 - - [13/Jun/2025:13:36:41 -0400] "GET /o756543702.shtm HTTP/1.1" 301 0 "-" "Mozilla/5.0 (compatible; AhrefsBot/7.0; +http://ahrefs.com/robot/)"
162.0.232.193 - - [13/Jun/2025:13:36:51 -0400] "POST /wp-cron.php?doing_wp_cron=1749836211.4867808818817138671875 HTTP/1.1" 200 0 "-" "WordPress/6.8.1; https://wotaku-manga.com"
2a03:2880:f800:9:: - - [13/Jun/2025:13:36:50 -0400] "GET /manga/wotakoi-love-is-hard-for-otaku-chapter-81/ HTTP/1.1" 200 41476 "-" "meta-externalagent/1.1 (+https://developers.facebook.com/docs/sharing/webmasters/crawler)"
66.249.66.77 - - [13/Jun/2025:13:36:54 -0400] "GET /we/oxamethylane/749825210.shtm HTTP/1.1" 200 81743 "-" "Mozilla/5.0 (Linux; Android 6.0.1; Nexus 5X Build/MMB29P) AppleWebKit/537.36 (KHTML, like Gecko) Chrome/136.0.7103.113 Mobile Safari/537.36 (compatible; GoogleOther)"
162.0.232.193 - - [13/Jun/2025:13:37:02 -0400] "POST /wp-cron.php?doing_wp_cron=1749836221.7012379169464111328125 HTTP/1.1" 200 0 "-" "WordPress/6.8.1; https://wotaku-manga.com"
54.36.148.122 - - [13/Jun/2025:13:37:00 -0400] "GET /o83461840.shtm HTTP/1.1" 301 0 "-" "Mozilla/5.0 (compatible; AhrefsBot/7.0; +http://ahrefs.com/robot/)"
66.249.66.64 - - [13/Jun/2025:13:37:03 -0400] "GET /owo/57745390.shtm HTTP/1.1" 200 81236 "-" "Mozilla/5.0 (Linux; Android 6.0.1; Nexus 5X Build/MMB29P) AppleWebKit/537.36 (KHTML, like Gecko) Chrome/136.0.7103.113 Mobile Safari/537.36 (compatible; Googlebot/2.1; +http://www.google.com/bot.html)"
162.0.232.193 - - [13/Jun/2025:13:37:04 -0400] "GET /wotakoi-love-is-hard-for-otaku-characters/ HTTP/1.1" 200 39367 "-" "WP Rocket/Preload"
162.0.232.193 - - [13/Jun/2025:13:37:10 -0400] "GET /wotakoi-love-is-hard-for-otaku-characters/ HTTP/1.1" 200 0 "-" "WP Rocket/Preload Mozilla/5.0 (iPhone; CPU iPhone OS 9_1 like Mac OS X) AppleWebKit/601.1.46 (KHTML, like Gecko) Version/9.0 Mobile/13B143 Safari/601.1"
2a03:2880:f800:d:: - - [13/Jun/2025:13:37:11 -0400] "GET /shopdetail/132626235 HTTP/1.1" 301 0 "-" "meta-externalagent/1.1 (+https://developers.facebook.com/docs/sharing/webmasters/crawler)"
2a03:2880:f800:: - - [13/Jun/2025:13:37:15 -0400] "GET / HTTP/1.1" 200 37330 "-" "meta-externalagent/1.1 (+https://developers.facebook.com/docs/sharing/webmasters/crawler)"
66.249.66.77 - - [13/Jun/2025:13:37:15 -0400] "GET /niz/954671899.shtm HTTP/1.1" 200 81647 "-" "Mozilla/5.0 (Linux; Android 6.0.1; Nexus 5X Build/MMB29P) AppleWebKit/537.36 (KHTML, like Gecko) Chrome/136.0.7103.113 Mobile Safari/537.36 (compatible; GoogleOther)"
66.249.66.64 - - [13/Jun/2025:13:37:29 -0400] "GET /ok/choicely45810138.shtm HTTP/1.1" 200 81085 "-" "Mozilla/5.0 (Linux; Android 6.0.1; Nexus 5X Build/MMB29P) AppleWebKit/537.36 (KHTML, like Gecko) Chrome/136.0.7103.113 Mobile Safari/537.36 (compatible; Googlebot/2.1; +http://www.google.com/bot.html)"
66.249.66.78 - - [13/Jun/2025:13:37:36 -0400] "GET /x/749861101.shtm HTTP/1.1" 200 81536 "-" "Mozilla/5.0 (Linux; Android 6.0.1; Nexus 5X Build/MMB29P) AppleWebKit/537.36 (KHTML, like Gecko) Chrome/136.0.7103.113 Mobile Safari/537.36 (compatible; GoogleOther)"
162.0.232.193 - - [13/Jun/2025:13:37:39 -0400] "POST /wp-cron.php?doing_wp_cron=1749836259.6025249958038330078125 HTTP/1.1" 200 0 "-" "WordPress/6.8.1; https://wotaku-manga.com"
54.36.149.73 - - [13/Jun/2025:13:37:38 -0400] "GET /o9145948.shtm HTTP/1.1" 301 0 "-" "Mozilla/5.0 (compatible; AhrefsBot/7.0; +http://ahrefs.com/robot/)"
66.249.66.77 - - [13/Jun/2025:13:37:57 -0400] "GET /ln/boeotian953542993.shtm HTTP/1.1" 200 81632 "-" "Mozilla/5.0 (Linux; Android 6.0.1; Nexus 5X Build/MMB29P) AppleWebKit/537.36 (KHTML, like Gecko) Chrome/136.0.7103.113 Mobile Safari/537.36 (compatible; GoogleOther)"
162.0.232.193 - - [13/Jun/2025:13:38:00 -0400] "POST /wp-cron.php?doing_wp_cron=1749836280.8010311126708984375000 HTTP/1.1" 200 0 "-" "WordPress/6.8.1; https://wotaku-manga.com"
54.36.148.199 - - [13/Jun/2025:13:37:59 -0400] "GET /o948053462.shtm HTTP/1.1" 301 0 "-" "Mozilla/5.0 (compatible; AhrefsBot/7.0; +http://ahrefs.com/robot/)"
162.0.232.193 - - [13/Jun/2025:13:38:03 -0400] "GET /wotakoi-story/ HTTP/1.1" 200 0 "-" "WP Rocket/Preload"
162.0.232.193 - - [13/Jun/2025:13:38:04 -0400] "GET /wotakoi-story/ HTTP/1.1" 200 0 "-" "WP Rocket/Preload Mozilla/5.0 (iPhone; CPU iPhone OS 9_1 like Mac OS X) AppleWebKit/601.1.46 (KHTML, like Gecko) Version/9.0 Mobile/13B143 Safari/601.1"
162.0.232.193 - - [13/Jun/2025:13:38:06 -0400] "GET /wotakoi-volume-list/ HTTP/1.1" 200 0 "-" "WP Rocket/Preload"
2a03:2880:f800:15:: - - [13/Jun/2025:13:38:06 -0400] "GET /shopdetail/221492235 HTTP/1.1" 301 0 "-" "meta-externalagent/1.1 (+https://developers.facebook.com/docs/sharing/webmasters/crawler)"
162.0.232.193 - - [13/Jun/2025:13:38:07 -0400] "GET /wotakoi-volume-list/ HTTP/1.1" 200 0 "-" "WP Rocket/Preload Mozilla/5.0 (iPhone; CPU iPhone OS 9_1 like Mac OS X) AppleWebKit/601.1.46 (KHTML, like Gecko) Version/9.0 Mobile/13B143 Safari/601.1"
2a03:2880:f800:c:: - - [13/Jun/2025:13:38:09 -0400] "GET / HTTP/1.1" 200 37330 "-" "meta-externalagent/1.1 (+https://developers.facebook.com/docs/sharing/webmasters/crawler)"
162.0.232.193 - - [13/Jun/2025:13:38:09 -0400] "GET /privacy-policy/ HTTP/1.1" 200 0 "-" "WP Rocket/Preload"
162.0.232.193 - - [13/Jun/2025:13:38:11 -0400] "GET /privacy-policy/ HTTP/1.1" 200 0 "-" "WP Rocket/Preload Mozilla/5.0 (iPhone; CPU iPhone OS 9_1 like Mac OS X) AppleWebKit/601.1.46 (KHTML, like Gecko) Version/9.0 Mobile/13B143 Safari/601.1"
162.0.232.193 - - [13/Jun/2025:13:38:12 -0400] "GET /dmca/ HTTP/1.1" 200 35514 "-" "WP Rocket/Preload"
162.0.232.193 - - [13/Jun/2025:13:38:15 -0400] "GET /dmca/ HTTP/1.1" 200 0 "-" "WP Rocket/Preload Mozilla/5.0 (iPhone; CPU iPhone OS 9_1 like Mac OS X) AppleWebKit/601.1.46 (KHTML, like Gecko) Version/9.0 Mobile/13B143 Safari/601.1"
66.249.66.73 - - [13/Jun/2025:13:38:17 -0400] "GET /vt/57679459.shtm HTTP/1.1" 200 81795 "-" "Mozilla/5.0 (Linux; Android 6.0.1; Nexus 5X Build/MMB29P) AppleWebKit/537.36 (KHTML, like Gecko) Chrome/136.0.7103.113 Mobile Safari/537.36 (compatible; Googlebot/2.1; +http://www.google.com/bot.html)"
162.0.232.193 - - [13/Jun/2025:13:38:17 -0400] "GET /manga/wotaku-ni-koi-wa-muzukashii-chapter-24/ HTTP/1.1" 200 0 "-" "WP Rocket/Preload"
54.36.148.241 - - [13/Jun/2025:13:38:16 -0400] "GET /oa762422570.shtm HTTP/1.1" 301 0 "-" "Mozilla/5.0 (compatible; AhrefsBot/7.0; +http://ahrefs.com/robot/)"
66.249.66.77 - - [13/Jun/2025:13:38:18 -0400] "GET /p/selfpropagating/253672835.shtm HTTP/1.1" 200 81123 "-" "Mozilla/5.0 (Linux; Android 6.0.1; Nexus 5X Build/MMB29P) AppleWebKit/537.36 (KHTML, like Gecko) Chrome/136.0.7103.113 Mobile Safari/537.36 (compatible; GoogleOther)"
162.0.232.193 - - [13/Jun/2025:13:38:19 -0400] "GET /manga/wotaku-ni-koi-wa-muzukashii-chapter-24/ HTTP/1.1" 200 0 "-" "WP Rocket/Preload Mozilla/5.0 (iPhone; CPU iPhone OS 9_1 like Mac OS X) AppleWebKit/601.1.46 (KHTML, like Gecko) Version/9.0 Mobile/13B143 Safari/601.1"
162.0.232.193 - - [13/Jun/2025:13:38:20 -0400] "GET /manga/wotaku-ni-koi-wa-muzukashii-chapter-25/ HTTP/1.1" 200 0 "-" "WP Rocket/Preload"
162.0.232.193 - - [13/Jun/2025:13:38:22 -0400] "GET /manga/wotaku-ni-koi-wa-muzukashii-chapter-25/ HTTP/1.1" 200 0 "-" "WP Rocket/Preload Mozilla/5.0 (iPhone; CPU iPhone OS 9_1 like Mac OS X) AppleWebKit/601.1.46 (KHTML, like Gecko) Version/9.0 Mobile/13B143 Safari/601.1"
162.0.232.193 - - [13/Jun/2025:13:38:40 -0400] "POST /wp-cron.php?doing_wp_cron=1749836320.3854079246520996093750 HTTP/1.1" 200 0 "-" "WordPress/6.8.1; https://wotaku-manga.com"
66.249.66.77 - - [13/Jun/2025:13:38:39 -0400] "GET /ai952990202.shtm HTTP/1.1" 200 81504 "-" "Mozilla/5.0 (Linux; Android 6.0.1; Nexus 5X Build/MMB29P) AppleWebKit/537.36 (KHTML, like Gecko) Chrome/136.0.7103.113 Mobile Safari/537.36 (compatible; GoogleOther)"
54.36.148.102 - - [13/Jun/2025:13:38:39 -0400] "GET /oc756615134.shtm HTTP/1.1" 301 0 "-" "Mozilla/5.0 (compatible; AhrefsBot/7.0; +http://ahrefs.com/robot/)"
66.249.66.73 - - [13/Jun/2025:13:38:43 -0400] "GET /vgh/39936579.shtm HTTP/1.1" 200 81421 "-" "Mozilla/5.0 (Linux; Android 6.0.1; Nexus 5X Build/MMB29P) AppleWebKit/537.36 (KHTML, like Gecko) Chrome/136.0.7103.113 Mobile Safari/537.36 (compatible; Googlebot/2.1; +http://www.google.com/bot.html)"
66.249.66.73 - - [13/Jun/2025:13:38:45 -0400] "GET /xz53420041.shtm HTTP/1.1" 200 82485 "-" "Mozilla/5.0 (Linux; Android 6.0.1; Nexus 5X Build/MMB29P) AppleWebKit/537.36 (KHTML, like Gecko) Chrome/136.0.7103.113 Mobile Safari/537.36 (compatible; Googlebot/2.1; +http://www.google.com/bot.html)"
162.0.232.193 - - [13/Jun/2025:13:38:50 -0400] "POST /wp-cron.php?doing_wp_cron=1749836330.4946050643920898437500 HTTP/1.1" 200 0 "-" "WordPress/6.8.1; https://wotaku-manga.com"
54.36.148.185 - - [13/Jun/2025:13:38:49 -0400] "GET /oc947913670.shtm HTTP/1.1" 301 0 "-" "Mozilla/5.0 (compatible; AhrefsBot/7.0; +http://ahrefs.com/robot/)"
162.0.232.193 - - [13/Jun/2025:13:39:00 -0400] "POST /wp-cron.php?doing_wp_cron=1749836340.2169680595397949218750 HTTP/1.1" 200 0 "-" "WordPress/6.8.1; https://wotaku-manga.com"
54.36.148.147 - - [13/Jun/2025:13:38:57 -0400] "GET /oe323041710.shtm HTTP/1.1" 301 0 "-" "Mozilla/5.0 (compatible; AhrefsBot/7.0; +http://ahrefs.com/robot/)"
66.249.66.64 - - [13/Jun/2025:13:39:01 -0400] "GET /l953349435.shtm HTTP/1.1" 200 83290 "-" "Mozilla/5.0 (Linux; Android 6.0.1; Nexus 5X Build/MMB29P) AppleWebKit/537.36 (KHTML, like Gecko) Chrome/136.0.7103.113 Mobile Safari/537.36 (compatible; GoogleOther)"
162.0.232.193 - - [13/Jun/2025:13:39:02 -0400] "GET /manga/wotaku-ni-koi-wa-muzukashii-chapter-26/ HTTP/1.1" 200 0 "-" "WP Rocket/Preload"
162.0.232.193 - - [13/Jun/2025:13:39:03 -0400] "GET /manga/wotaku-ni-koi-wa-muzukashii-chapter-26/ HTTP/1.1" 200 0 "-" "WP Rocket/Preload Mozilla/5.0 (iPhone; CPU iPhone OS 9_1 like Mac OS X) AppleWebKit/601.1.46 (KHTML, like Gecko) Version/9.0 Mobile/13B143 Safari/601.1"
2a03:2880:f800:1a:: - - [13/Jun/2025:13:39:03 -0400] "GET /shopdetail/384741235 HTTP/1.1" 301 0 "-" "meta-externalagent/1.1 (+https://developers.facebook.com/docs/sharing/webmasters/crawler)"
162.0.232.193 - - [13/Jun/2025:13:39:05 -0400] "GET /manga/wotaku-ni-koi-wa-muzukashii-chapter-26-5/ HTTP/1.1" 200 0 "-" "WP Rocket/Preload"
2a03:2880:f800:18:: - - [13/Jun/2025:13:39:07 -0400] "GET / HTTP/1.1" 200 37330 "-" "meta-externalagent/1.1 (+https://developers.facebook.com/docs/sharing/webmasters/crawler)"
162.0.232.193 - - [13/Jun/2025:13:39:07 -0400] "GET /manga/wotaku-ni-koi-wa-muzukashii-chapter-26-5/ HTTP/1.1" 200 0 "-" "WP Rocket/Preload Mozilla/5.0 (iPhone; CPU iPhone OS 9_1 like Mac OS X) AppleWebKit/601.1.46 (KHTML, like Gecko) Version/9.0 Mobile/13B143 Safari/601.1"
162.0.232.193 - - [13/Jun/2025:13:39:08 -0400] "GET /manga/wotaku-ni-koi-wa-muzukashii-chapter-27/ HTTP/1.1" 200 0 "-" "WP Rocket/Preload"
162.0.232.193 - - [13/Jun/2025:13:39:10 -0400] "GET /manga/wotaku-ni-koi-wa-muzukashii-chapter-27/ HTTP/1.1" 200 0 "-" "WP Rocket/Preload Mozilla/5.0 (iPhone; CPU iPhone OS 9_1 like Mac OS X) AppleWebKit/601.1.46 (KHTML, like Gecko) Version/9.0 Mobile/13B143 Safari/601.1"
162.0.232.193 - - [13/Jun/2025:13:39:12 -0400] "GET /manga/wotaku-ni-koi-wa-muzukashii-chapter-28/ HTTP/1.1" 200 0 "-" "WP Rocket/Preload"
162.0.232.193 - - [13/Jun/2025:13:39:13 -0400] "GET /manga/wotaku-ni-koi-wa-muzukashii-chapter-28/ HTTP/1.1" 200 0 "-" "WP Rocket/Preload Mozilla/5.0 (iPhone; CPU iPhone OS 9_1 like Mac OS X) AppleWebKit/601.1.46 (KHTML, like Gecko) Version/9.0 Mobile/13B143 Safari/601.1"
162.0.232.193 - - [13/Jun/2025:13:39:15 -0400] "GET /manga/wotaku-ni-koi-wa-muzukashii-chapter-57.2/ HTTP/1.1" 200 0 "-" "WP Rocket/Preload"
162.0.232.193 - - [13/Jun/2025:13:39:16 -0400] "GET /manga/wotaku-ni-koi-wa-muzukashii-chapter-57.2/ HTTP/1.1" 200 0 "-" "WP Rocket/Preload Mozilla/5.0 (iPhone; CPU iPhone OS 9_1 like Mac OS X) AppleWebKit/601.1.46 (KHTML, like Gecko) Version/9.0 Mobile/13B143 Safari/601.1"
2a03:2880:f800:1b:: - - [13/Jun/2025:13:39:16 -0400] "GET /shopdetail/401505635 HTTP/1.1" 301 0 "-" "meta-externalagent/1.1 (+https://developers.facebook.com/docs/sharing/webmasters/crawler)"
2a03:2880:f800:17:: - - [13/Jun/2025:13:39:19 -0400] "GET / HTTP/1.1" 200 37330 "-" "meta-externalagent/1.1 (+https://developers.facebook.com/docs/sharing/webmasters/crawler)"
162.0.232.193 - - [13/Jun/2025:13:39:18 -0400] "GET /manga/wotaku-ni-koi-wa-muzukashii-chapter-43/ HTTP/1.1" 200 42122 "-" "WP Rocket/Preload"
54.36.148.34 - - [13/Jun/2025:13:39:20 -0400] "GET /og606205788.shtm HTTP/1.1" 301 0 "-" "Mozilla/5.0 (compatible; AhrefsBot/7.0; +http://ahrefs.com/robot/)"
66.249.66.77 - - [13/Jun/2025:13:39:22 -0400] "GET /wc253643392.shtm HTTP/1.1" 200 82103 "-" "Mozilla/5.0 (Linux; Android 6.0.1; Nexus 5X Build/MMB29P) AppleWebKit/537.36 (KHTML, like Gecko) Chrome/136.0.7103.113 Mobile Safari/537.36 (compatible; GoogleOther)"
162.0.232.193 - - [13/Jun/2025:13:39:22 -0400] "GET /manga/wotaku-ni-koi-wa-muzukashii-chapter-43/ HTTP/1.1" 200 0 "-" "WP Rocket/Preload Mozilla/5.0 (iPhone; CPU iPhone OS 9_1 like Mac OS X) AppleWebKit/601.1.46 (KHTML, like Gecko) Version/9.0 Mobile/13B143 Safari/601.1"
66.249.66.73 - - [13/Jun/2025:13:39:31 -0400] "GET /wa/57679310.shtm HTTP/1.1" 200 81760 "-" "Mozilla/5.0 (Linux; Android 6.0.1; Nexus 5X Build/MMB29P) AppleWebKit/537.36 (KHTML, like Gecko) Chrome/136.0.7103.113 Mobile Safari/537.36 (compatible; Googlebot/2.1; +http://www.google.com/bot.html)"
66.249.66.75 - - [13/Jun/2025:13:39:33 -0400] "GET /o/brocken55068862.shtm HTTP/1.1" 200 82208 "-" "Mozilla/5.0 (Linux; Android 6.0.1; Nexus 5X Build/MMB29P) AppleWebKit/537.36 (KHTML, like Gecko) Chrome/136.0.7103.113 Mobile Safari/537.36 (compatible; Googlebot/2.1; +http://www.google.com/bot.html)"
66.249.66.73 - - [13/Jun/2025:13:39:34 -0400] "GET /ym/44691412.shtm HTTP/1.1" 200 81873 "-" "Mozilla/5.0 (Linux; Android 6.0.1; Nexus 5X Build/MMB29P) AppleWebKit/537.36 (KHTML, like Gecko) Chrome/136.0.7103.113 Mobile Safari/537.36 (compatible; Googlebot/2.1; +http://www.google.com/bot.html)"
66.249.66.77 - - [13/Jun/2025:13:39:35 -0400] "GET /manga/wotakoi-love-is-hard-for-otaku-chapter-69/ HTTP/1.1" 200 81493 "-" "Mozilla/5.0 (Linux; Android 6.0.1; Nexus 5X Build/MMB29P) AppleWebKit/537.36 (KHTML, like Gecko) Chrome/136.0.7103.113 Mobile Safari/537.36 (compatible; Googlebot/2.1; +http://www.google.com/bot.html)"
66.249.66.77 - - [13/Jun/2025:13:39:43 -0400] "GET /h/goodscode/twanging/750923927.shtm HTTP/1.1" 200 81996 "-" "Mozilla/5.0 (Linux; Android 6.0.1; Nexus 5X Build/MMB29P) AppleWebKit/537.36 (KHTML, like Gecko) Chrome/136.0.7103.113 Mobile Safari/537.36 (compatible; GoogleOther)"
162.0.232.193 - - [13/Jun/2025:13:39:48 -0400] "POST /wp-cron.php?doing_wp_cron=1749836388.2054519653320312500000 HTTP/1.1" 200 0 "-" "WordPress/6.8.1; https://wotaku-manga.com"
54.36.149.37 - - [13/Jun/2025:13:39:47 -0400] "GET /ok120443450.shtm HTTP/1.1" 301 0 "-" "Mozilla/5.0 (compatible; AhrefsBot/7.0; +http://ahrefs.com/robot/)"
66.249.66.73 - - [13/Jun/2025:13:39:59 -0400] "GET /qmc/49226088.shtm HTTP/1.1" 200 81685 "-" "Mozilla/5.0 (Linux; Android 6.0.1; Nexus 5X Build/MMB29P) AppleWebKit/537.36 (KHTML, like Gecko) Chrome/136.0.7103.113 Mobile Safari/537.36 (compatible; Googlebot/2.1; +http://www.google.com/bot.html)"
162.0.232.193 - - [13/Jun/2025:13:40:01 -0400] "POST /wp-cron.php?doing_wp_cron=1749836400.8865349292755126953125 HTTP/1.1" 200 0 "-" "WordPress/6.8.1; https://wotaku-manga.com"
2a03:2880:f800:d:: - - [13/Jun/2025:13:39:59 -0400] "GET /shopdetail/199415335 HTTP/1.1" 301 0 "-" "meta-externalagent/1.1 (+https://developers.facebook.com/docs/sharing/webmasters/crawler)"
2a03:2880:f800:3:: - - [13/Jun/2025:13:40:02 -0400] "GET / HTTP/1.1" 200 37330 "-" "meta-externalagent/1.1 (+https://developers.facebook.com/docs/sharing/webmasters/crawler)"
66.249.66.64 - - [13/Jun/2025:13:40:04 -0400] "GET /c750992036.shtm HTTP/1.1" 200 82234 "-" "Mozilla/5.0 (Linux; Android 6.0.1; Nexus 5X Build/MMB29P) AppleWebKit/537.36 (KHTML, like Gecko) Chrome/136.0.7103.113 Mobile Safari/537.36 (compatible; GoogleOther)"
162.0.232.193 - - [13/Jun/2025:13:40:05 -0400] "GET /manga/wotaku-ni-koi-wa-muzukashii-chapter-30-5/ HTTP/1.1" 200 0 "-" "WP Rocket/Preload"
162.0.232.193 - - [13/Jun/2025:13:40:06 -0400] "GET /manga/wotaku-ni-koi-wa-muzukashii-chapter-30-5/ HTTP/1.1" 200 0 "-" "WP Rocket/Preload Mozilla/5.0 (iPhone; CPU iPhone OS 9_1 like Mac OS X) AppleWebKit/601.1.46 (KHTML, like Gecko) Version/9.0 Mobile/13B143 Safari/601.1"
162.0.232.193 - - [13/Jun/2025:13:40:08 -0400] "GET /manga/wotaku-ni-koi-wa-muzukashii-chapter-31/ HTTP/1.1" 200 0 "-" "WP Rocket/Preload"
162.0.232.193 - - [13/Jun/2025:13:40:09 -0400] "GET /manga/wotaku-ni-koi-wa-muzukashii-chapter-31/ HTTP/1.1" 200 0 "-" "WP Rocket/Preload Mozilla/5.0 (iPhone; CPU iPhone OS 9_1 like Mac OS X) AppleWebKit/601.1.46 (KHTML, like Gecko) Version/9.0 Mobile/13B143 Safari/601.1"
162.0.232.193 - - [13/Jun/2025:13:40:11 -0400] "GET /manga/wotaku-ni-koi-wa-muzukashii-chapter-32/ HTTP/1.1" 200 0 "-" "WP Rocket/Preload"
162.0.232.193 - - [13/Jun/2025:13:40:12 -0400] "GET /manga/wotaku-ni-koi-wa-muzukashii-chapter-32/ HTTP/1.1" 200 0 "-" "WP Rocket/Preload Mozilla/5.0 (iPhone; CPU iPhone OS 9_1 like Mac OS X) AppleWebKit/601.1.46 (KHTML, like Gecko) Version/9.0 Mobile/13B143 Safari/601.1"
66.249.66.78 - - [13/Jun/2025:13:40:13 -0400] "GET /manga/wotakoi-love-is-hard-for-otaku-chapter-81/ HTTP/1.1" 200 81480 "-" "Mozilla/5.0 (Linux; Android 6.0.1; Nexus 5X Build/MMB29P) AppleWebKit/537.36 (KHTML, like Gecko) Chrome/136.0.7103.113 Mobile Safari/537.36 (compatible; Googlebot/2.1; +http://www.google.com/bot.html)"
162.0.232.193 - - [13/Jun/2025:13:40:14 -0400] "GET /manga/wotaku-ni-koi-wa-muzukashii-chapter-33/ HTTP/1.1" 200 0 "-" "WP Rocket/Preload"
54.36.149.0 - - [13/Jun/2025:13:40:14 -0400] "GET /ok762476400.shtm HTTP/1.1" 301 0 "-" "Mozilla/5.0 (compatible; AhrefsBot/7.0; +http://ahrefs.com/robot/)"
162.0.232.193 - - [13/Jun/2025:13:40:16 -0400] "GET /manga/wotaku-ni-koi-wa-muzukashii-chapter-33/ HTTP/1.1" 200 0 "-" "WP Rocket/Preload Mozilla/5.0 (iPhone; CPU iPhone OS 9_1 like Mac OS X) AppleWebKit/601.1.46 (KHTML, like Gecko) Version/9.0 Mobile/13B143 Safari/601.1"
162.0.232.193 - - [13/Jun/2025:13:40:17 -0400] "GET /manga/wotaku-ni-koi-wa-muzukashii-chapter-34/ HTTP/1.1" 200 0 "-" "WP Rocket/Preload"
162.0.232.193 - - [13/Jun/2025:13:40:19 -0400] "GET /manga/wotaku-ni-koi-wa-muzukashii-chapter-34/ HTTP/1.1" 200 0 "-" "WP Rocket/Preload Mozilla/5.0 (iPhone; CPU iPhone OS 9_1 like Mac OS X) AppleWebKit/601.1.46 (KHTML, like Gecko) Version/9.0 Mobile/13B143 Safari/601.1"
66.249.66.77 - - [13/Jun/2025:13:40:25 -0400] "GET /vd952970177.shtm HTTP/1.1" 200 81671 "-" "Mozilla/5.0 (Linux; Android 6.0.1; Nexus 5X Build/MMB29P) AppleWebKit/537.36 (KHTML, like Gecko) Chrome/136.0.7103.113 Mobile Safari/537.36 (compatible; GoogleOther)"
162.0.232.193 - - [13/Jun/2025:13:40:31 -0400] "POST /wp-cron.php?doing_wp_cron=1749836431.8101160526275634765625 HTTP/1.1" 200 0 "-" "WordPress/6.8.1; https://wotaku-manga.com"
54.36.148.217 - - [13/Jun/2025:13:40:30 -0400] "GET /ok903643608.shtm HTTP/1.1" 301 0 "-" "Mozilla/5.0 (compatible; AhrefsBot/7.0; +http://ahrefs.com/robot/)"
66.249.66.77 - - [13/Jun/2025:13:40:46 -0400] "GET /k/product/novosibirsk/953455392.shtm HTTP/1.1" 200 81554 "-" "Mozilla/5.0 (Linux; Android 6.0.1; Nexus 5X Build/MMB29P) AppleWebKit/537.36 (KHTML, like Gecko) Chrome/136.0.7103.113 Mobile Safari/537.36 (compatible; GoogleOther)"
162.0.232.193 - - [13/Jun/2025:13:40:48 -0400] "POST /wp-cron.php?doing_wp_cron=1749836448.5996708869934082031250 HTTP/1.1" 200 0 "-" "WordPress/6.8.1; https://wotaku-manga.com"
54.36.149.37 - - [13/Jun/2025:13:40:47 -0400] "GET /okw/8828400.shtm HTTP/1.1" 301 0 "-" "Mozilla/5.0 (compatible; AhrefsBot/7.0; +http://ahrefs.com/robot/)"
66.249.66.73 - - [13/Jun/2025:13:40:51 -0400] "GET /uy/57677956.shtm HTTP/1.1" 200 84570 "-" "Mozilla/5.0 (Linux; Android 6.0.1; Nexus 5X Build/MMB29P) AppleWebKit/537.36 (KHTML, like Gecko) Chrome/136.0.7103.113 Mobile Safari/537.36 (compatible; Googlebot/2.1; +http://www.google.com/bot.html)"
66.249.66.73 - - [13/Jun/2025:13:40:52 -0400] "GET /zff99556501.shtm HTTP/1.1" 200 83209 "-" "Mozilla/5.0 (Linux; Android 6.0.1; Nexus 5X Build/MMB29P) AppleWebKit/537.36 (KHTML, like Gecko) Chrome/136.0.7103.113 Mobile Safari/537.36 (compatible; Googlebot/2.1; +http://www.google.com/bot.html)"
66.249.66.77 - - [13/Jun/2025:13:41:07 -0400] "GET /aw/ferrying953395816.shtm HTTP/1.1" 200 81688 "-" "Mozilla/5.0 (Linux; Android 6.0.1; Nexus 5X Build/MMB29P) AppleWebKit/537.36 (KHTML, like Gecko) Chrome/136.0.7103.113 Mobile Safari/537.36 (compatible; GoogleOther)"
216.73.216.68 - - [13/Jun/2025:13:41:09 -0400] "GET /sitemap_index.xml HTTP/1.1" 200 546 "-" "Mozilla/5.0 AppleWebKit/537.36 (KHTML, like Gecko; compatible; ClaudeBot/1.0; [email protected])"
162.0.232.193 - - [13/Jun/2025:13:41:26 -0400] "POST /wp-cron.php?doing_wp_cron=1749836485.8026869297027587890625 HTTP/1.1" 200 0 "-" "WordPress/6.8.1; https://wotaku-manga.com"
54.36.148.99 - - [13/Jun/2025:13:41:22 -0400] "GET /oo120512770.shtm HTTP/1.1" 301 0 "-" "Mozilla/5.0 (compatible; AhrefsBot/7.0; +http://ahrefs.com/robot/)"
66.249.66.78 - - [13/Jun/2025:13:41:28 -0400] "GET /pl/goods/gurding953545773.shtm HTTP/1.1" 200 81487 "-" "Mozilla/5.0 (Linux; Android 6.0.1; Nexus 5X Build/MMB29P) AppleWebKit/537.36 (KHTML, like Gecko) Chrome/136.0.7103.113 Mobile Safari/537.36 (compatible; GoogleOther)"
162.0.232.193 - - [13/Jun/2025:13:41:29 -0400] "GET /manga/wotaku-ni-koi-wa-muzukashii-chapter-35/ HTTP/1.1" 200 41482 "-" "WP Rocket/Preload"
162.0.232.193 - - [13/Jun/2025:13:41:33 -0400] "GET /manga/wotaku-ni-koi-wa-muzukashii-chapter-35/ HTTP/1.1" 200 0 "-" "WP Rocket/Preload Mozilla/5.0 (iPhone; CPU iPhone OS 9_1 like Mac OS X) AppleWebKit/601.1.46 (KHTML, like Gecko) Version/9.0 Mobile/13B143 Safari/601.1"
