13.74.150.244 - - [11/Jun/2025:06:23:01 -0400] "GET /wp-admin/images/wp-login.php HTTP/1.1" 200 186 "-" "-"
51.222.253.10 - - [11/Jun/2025:06:22:58 -0400] "GET /s1599243240.shtm HTTP/1.1" 301 0 "-" "Mozilla/5.0 (compatible; AhrefsBot/7.0; +http://ahrefs.com/robot/)"
66.249.73.8 - - [11/Jun/2025:06:23:01 -0400] "GET /d/gelada1722411627.shtm HTTP/1.1" 200 81581 "-" "Mozilla/5.0 (Linux; Android 6.0.1; Nexus 5X Build/MMB29P) AppleWebKit/537.36 (KHTML, like Gecko) Chrome/136.0.7103.113 Mobile Safari/537.36 (compatible; Googlebot/2.1; +http://www.google.com/bot.html)"
13.74.150.244 - - [11/Jun/2025:06:23:02 -0400] "GET /include/wp-configs.php HTTP/1.1" 301 0 "-" "-"
51.222.253.15 - - [11/Jun/2025:06:23:05 -0400] "GET /s1605244178.shtm HTTP/1.1" 301 0 "-" "Mozilla/5.0 (compatible; AhrefsBot/7.0; +http://ahrefs.com/robot/)"
13.74.150.244 - - [11/Jun/2025:06:23:05 -0400] "GET / HTTP/1.1" 200 37240 "-" "-"
13.74.150.244 - - [11/Jun/2025:06:23:11 -0400] "GET /wp-includes/Text/Diff/Engine/wp-login.php HTTP/1.1" 301 0 "-" "-"
51.222.253.17 - - [11/Jun/2025:06:23:12 -0400] "GET /s174589086.shtm HTTP/1.1" 301 0 "-" "Mozilla/5.0 (compatible; AhrefsBot/7.0; +http://ahrefs.com/robot/)"
13.74.150.244 - - [11/Jun/2025:06:23:14 -0400] "GET / HTTP/1.1" 200 37240 "-" "-"
13.74.150.244 - - [11/Jun/2025:06:23:20 -0400] "GET /admin/editor/engine.php HTTP/1.1" 301 0 "-" "-"
51.222.253.10 - - [11/Jun/2025:06:23:20 -0400] "GET /s174730990.shtm HTTP/1.1" 301 0 "-" "Mozilla/5.0 (compatible; AhrefsBot/7.0; +http://ahrefs.com/robot/)"
162.0.232.193 - - [11/Jun/2025:06:23:24 -0400] "POST /wp-cron.php?doing_wp_cron=1749637402.3949830532073974609375 HTTP/1.1" 200 0 "-" "WordPress/6.8.1; https://wotaku-manga.com"
13.74.150.244 - - [11/Jun/2025:06:23:24 -0400] "GET / HTTP/1.1" 200 37240 "-" "-"
216.73.216.209 - - [11/Jun/2025:06:23:27 -0400] "GET /sitemap-child-708.xml HTTP/1.1" 200 11353 "-" "Mozilla/5.0 AppleWebKit/537.36 (KHTML, like Gecko; compatible; ClaudeBot/1.0; [email protected])"
51.222.253.16 - - [11/Jun/2025:06:23:28 -0400] "GET /s1888567250.shtm HTTP/1.1" 301 0 "-" "Mozilla/5.0 (compatible; AhrefsBot/7.0; +http://ahrefs.com/robot/)"
13.74.150.244 - - [11/Jun/2025:06:23:30 -0400] "GET /cong.php HTTP/1.1" 301 0 "-" "-"
51.222.253.8 - - [11/Jun/2025:06:23:34 -0400] "GET /s2000092242.shtm HTTP/1.1" 301 0 "-" "Mozilla/5.0 (compatible; AhrefsBot/7.0; +http://ahrefs.com/robot/)"
13.74.150.244 - - [11/Jun/2025:06:23:33 -0400] "GET / HTTP/1.1" 200 37240 "-" "-"
13.74.150.244 - - [11/Jun/2025:06:23:38 -0400] "GET /wp-content/themes/twenty/twenty.php HTTP/1.1" 200 0 "-" "-"
13.74.150.244 - - [11/Jun/2025:06:23:40 -0400] "GET /wp-content/themes/wp-pridmag/lock.php HTTP/1.1" 200 0 "-" "-"
13.74.150.244 - - [11/Jun/2025:06:23:41 -0400] "GET /wp-mail.php/wp-includes/ID3/esyfvxgmdq.php HTTP/1.1" 403 942 "-" "-"
13.74.150.244 - - [11/Jun/2025:06:23:43 -0400] "GET /wp-includes/Text/Diff/about.php HTTP/1.1" 301 0 "-" "-"
51.222.253.4 - - [11/Jun/2025:06:23:44 -0400] "GET /s37893034.shtm HTTP/1.1" 301 0 "-" "Mozilla/5.0 (compatible; AhrefsBot/7.0; +http://ahrefs.com/robot/)"
13.74.150.244 - - [11/Jun/2025:06:23:45 -0400] "GET / HTTP/1.1" 200 37240 "-" "-"
66.249.73.7 - - [11/Jun/2025:06:23:48 -0400] "GET /vcb/1722493397.shtm HTTP/1.1" 200 82304 "-" "Mozilla/5.0 (Linux; Android 6.0.1; Nexus 5X Build/MMB29P) AppleWebKit/537.36 (KHTML, like Gecko) Chrome/136.0.7103.113 Mobile Safari/537.36 (compatible; Googlebot/2.1; +http://www.google.com/bot.html)"
13.74.150.244 - - [11/Jun/2025:06:23:48 -0400] "GET /index/index.php HTTP/1.1" 301 0 "-" "-"
66.249.73.7 - - [11/Jun/2025:06:23:51 -0400] "GET /jcz/1722521501.shtm HTTP/1.1" 200 81613 "-" "Mozilla/5.0 (Linux; Android 6.0.1; Nexus 5X Build/MMB29P) AppleWebKit/537.36 (KHTML, like Gecko) Chrome/136.0.7103.113 Mobile Safari/537.36 (compatible; Googlebot/2.1; +http://www.google.com/bot.html)"
51.222.253.20 - - [11/Jun/2025:06:23:53 -0400] "GET /s411020174.shtm HTTP/1.1" 301 0 "-" "Mozilla/5.0 (compatible; AhrefsBot/7.0; +http://ahrefs.com/robot/)"
13.74.150.244 - - [11/Jun/2025:06:23:51 -0400] "GET / HTTP/1.1" 200 37240 "-" "-"
13.74.150.244 - - [11/Jun/2025:06:23:55 -0400] "GET /wp-admin/network/wp-conflg.php HTTP/1.1" 200 186 "-" "-"
13.74.150.244 - - [11/Jun/2025:06:23:55 -0400] "GET /wp-signup.php HTTP/1.1" 301 0 "-" "-"
13.74.150.244 - - [11/Jun/2025:06:23:58 -0400] "GET / HTTP/1.1" 200 37240 "-" "-"
13.74.150.244 - - [11/Jun/2025:06:24:01 -0400] "GET /wp-includes/images/smilies/index.php HTTP/1.1" 301 0 "-" "-"
51.222.253.4 - - [11/Jun/2025:06:24:02 -0400] "GET /s684237130.shtm HTTP/1.1" 301 0 "-" "Mozilla/5.0 (compatible; AhrefsBot/7.0; +http://ahrefs.com/robot/)"
66.249.73.7 - - [11/Jun/2025:06:24:03 -0400] "GET /a/campbellite1722725414.shtm HTTP/1.1" 200 81457 "-" "Mozilla/5.0 (Linux; Android 6.0.1; Nexus 5X Build/MMB29P) AppleWebKit/537.36 (KHTML, like Gecko) Chrome/136.0.7103.113 Mobile Safari/537.36 (compatible; Googlebot/2.1; +http://www.google.com/bot.html)"
13.74.150.244 - - [11/Jun/2025:06:24:02 -0400] "GET / HTTP/1.1" 200 37240 "-" "-"
13.74.150.244 - - [11/Jun/2025:06:24:06 -0400] "GET /wp-content/themes/seotheme/classwithtostring.php HTTP/1.1" 200 0 "-" "-"
13.74.150.244 - - [11/Jun/2025:06:24:06 -0400] "GET /wp-includes/wp-includes/about.php HTTP/1.1" 301 0 "-" "-"
13.74.150.244 - - [11/Jun/2025:06:24:07 -0400] "GET / HTTP/1.1" 200 37240 "-" "-"
13.74.150.244 - - [11/Jun/2025:06:24:10 -0400] "GET /wp-admin/css/colors/blue/lock.php HTTP/1.1" 200 186 "-" "-"
13.74.150.244 - - [11/Jun/2025:06:24:10 -0400] "GET /403.php HTTP/1.1" 301 0 "-" "-"
51.222.253.13 - - [11/Jun/2025:06:24:13 -0400] "GET /s788934082.shtm HTTP/1.1" 301 0 "-" "Mozilla/5.0 (compatible; AhrefsBot/7.0; +http://ahrefs.com/robot/)"
13.74.150.244 - - [11/Jun/2025:06:24:12 -0400] "GET / HTTP/1.1" 200 37240 "-" "-"
13.74.150.244 - - [11/Jun/2025:06:24:15 -0400] "GET /wp-includes/css/wp-conflg.php HTTP/1.1" 301 0 "-" "-"
13.74.150.244 - - [11/Jun/2025:06:24:17 -0400] "GET / HTTP/1.1" 200 37240 "-" "-"
13.74.150.244 - - [11/Jun/2025:06:24:20 -0400] "GET /wp-includes/theme-compat/wp-conflg.php/wp-content/plugins/google-seo-rank/index.php HTTP/1.1" 301 0 "-" "-"
162.0.232.193 - - [11/Jun/2025:06:24:24 -0400] "POST /wp-cron.php?doing_wp_cron=1749637464.0026199817657470703125 HTTP/1.1" 200 0 "-" "WordPress/6.8.1; https://wotaku-manga.com"
51.222.253.1 - - [11/Jun/2025:06:24:22 -0400] "GET /s813259798.shtm HTTP/1.1" 301 0 "-" "Mozilla/5.0 (compatible; AhrefsBot/7.0; +http://ahrefs.com/robot/)"
162.0.232.193 - - [11/Jun/2025:06:24:24 -0400] "POST /wp-cron.php?doing_wp_cron=1749637464.1965210437774658203125 HTTP/1.1" 200 0 "-" "WordPress/6.8.1; https://wotaku-manga.com"
66.249.73.7 - - [11/Jun/2025:06:24:25 -0400] "GET /eoi/1722553126.shtm HTTP/1.1" 200 81458 "-" "Mozilla/5.0 (Linux; Android 6.0.1; Nexus 5X Build/MMB29P) AppleWebKit/537.36 (KHTML, like Gecko) Chrome/136.0.7103.113 Mobile Safari/537.36 (compatible; Googlebot/2.1; +http://www.google.com/bot.html)"
13.74.150.244 - - [11/Jun/2025:06:24:22 -0400] "GET / HTTP/1.1" 200 37240 "-" "-"
13.74.150.244 - - [11/Jun/2025:06:24:27 -0400] "GET /classsmtps.php HTTP/1.1" 301 0 "-" "-"
51.222.253.4 - - [11/Jun/2025:06:24:28 -0400] "GET /s85399744.shtm HTTP/1.1" 301 0 "-" "Mozilla/5.0 (compatible; AhrefsBot/7.0; +http://ahrefs.com/robot/)"
13.74.150.244 - - [11/Jun/2025:06:24:30 -0400] "GET / HTTP/1.1" 200 37240 "-" "-"
13.74.150.244 - - [11/Jun/2025:06:24:35 -0400] "GET /wp-admin/update.php HTTP/1.1" 403 1242 "-" "-"
51.222.253.2 - - [11/Jun/2025:06:24:33 -0400] "GET /s885199172.shtm HTTP/1.1" 301 0 "-" "Mozilla/5.0 (compatible; AhrefsBot/7.0; +http://ahrefs.com/robot/)"
13.74.150.244 - - [11/Jun/2025:06:24:35 -0400] "GET /browse.php HTTP/1.1" 301 0 "-" "-"
51.222.253.5 - - [11/Jun/2025:06:24:41 -0400] "GET /s914225958.shtm HTTP/1.1" 301 0 "-" "Mozilla/5.0 (compatible; AhrefsBot/7.0; +http://ahrefs.com/robot/)"
13.74.150.244 - - [11/Jun/2025:06:24:39 -0400] "GET / HTTP/1.1" 200 37240 "-" "-"
162.0.232.193 - - [11/Jun/2025:06:24:47 -0400] "POST /wp-cron.php?doing_wp_cron=1749637486.7580070495605468750000 HTTP/1.1" 200 0 "-" "WordPress/6.8.1; https://wotaku-manga.com"
13.74.150.244 - - [11/Jun/2025:06:24:45 -0400] "GET /bak.php HTTP/1.1" 301 0 "-" "-"
13.74.150.244 - - [11/Jun/2025:06:24:47 -0400] "GET / HTTP/1.1" 200 37240 "-" "-"
13.74.150.244 - - [11/Jun/2025:06:24:50 -0400] "GET /wp-admin/includes/m.php HTTP/1.1" 200 186 "-" "-"
13.74.150.244 - - [11/Jun/2025:06:24:50 -0400] "GET /alfanew.php HTTP/1.1" 301 0 "-" "-"
51.222.253.14 - - [11/Jun/2025:06:24:52 -0400] "GET /s914402226.shtm HTTP/1.1" 301 0 "-" "Mozilla/5.0 (compatible; AhrefsBot/7.0; +http://ahrefs.com/robot/)"
13.74.150.244 - - [11/Jun/2025:06:24:52 -0400] "GET / HTTP/1.1" 200 37240 "-" "-"
2a03:2880:f800:10:: - - [11/Jun/2025:06:24:54 -0400] "GET /shopdetail/172614635 HTTP/1.1" 301 0 "-" "meta-externalagent/1.1 (+https://developers.facebook.com/docs/sharing/webmasters/crawler)"
66.249.73.7 - - [11/Jun/2025:06:24:55 -0400] "GET /rex/1722543495.shtm HTTP/1.1" 200 81178 "-" "Mozilla/5.0 (Linux; Android 6.0.1; Nexus 5X Build/MMB29P) AppleWebKit/537.36 (KHTML, like Gecko) Chrome/136.0.7103.113 Mobile Safari/537.36 (compatible; Googlebot/2.1; +http://www.google.com/bot.html)"
13.74.150.244 - - [11/Jun/2025:06:24:57 -0400] "GET /wp-admin/byp.php HTTP/1.1" 200 186 "-" "-"
162.0.232.193 - - [11/Jun/2025:06:24:59 -0400] "POST /wp-cron.php?doing_wp_cron=1749637498.7048349380493164062500 HTTP/1.1" 200 0 "-" "WordPress/6.8.1; https://wotaku-manga.com"
13.74.150.244 - - [11/Jun/2025:06:24:57 -0400] "GET /post.php HTTP/1.1" 301 0 "-" "-"
51.222.253.8 - - [11/Jun/2025:06:24:59 -0400] "GET /s973474538.shtm HTTP/1.1" 301 0 "-" "Mozilla/5.0 (compatible; AhrefsBot/7.0; +http://ahrefs.com/robot/)"
13.74.150.244 - - [11/Jun/2025:06:25:00 -0400] "GET / HTTP/1.1" 200 37240 "-" "-"
51.222.253.2 - - [11/Jun/2025:06:25:02 -0400] "GET /sa1049249812.shtm HTTP/1.1" 301 0 "-" "Mozilla/5.0 (compatible; AhrefsBot/7.0; +http://ahrefs.com/robot/)"
13.74.150.244 - - [11/Jun/2025:06:25:04 -0400] "GET /images/stories/admin-post.php HTTP/1.1" 403 1242 "-" "-"
13.74.150.244 - - [11/Jun/2025:06:25:06 -0400] "GET /wp-includes/images/media/text.php HTTP/1.1" 301 0 "-" "-"
51.222.253.10 - - [11/Jun/2025:06:25:07 -0400] "GET /sa777052484.shtm HTTP/1.1" 301 0 "-" "Mozilla/5.0 (compatible; AhrefsBot/7.0; +http://ahrefs.com/robot/)"
13.74.150.244 - - [11/Jun/2025:06:25:09 -0400] "GET / HTTP/1.1" 200 37240 "-" "-"
51.222.253.18 - - [11/Jun/2025:06:25:17 -0400] "GET /sbc836442648.shtm HTTP/1.1" 301 0 "-" "Mozilla/5.0 (compatible; AhrefsBot/7.0; +http://ahrefs.com/robot/)"
162.0.232.193 - - [11/Jun/2025:06:25:19 -0400] "POST /wp-cron.php?doing_wp_cron=1749637518.4065260887145996093750 HTTP/1.1" 200 0 "-" "WordPress/6.8.1; https://wotaku-manga.com"
13.74.150.244 - - [11/Jun/2025:06:25:14 -0400] "GET /xmrlpc.php HTTP/1.1" 301 0 "-" "-"
13.74.150.244 - - [11/Jun/2025:06:25:20 -0400] "GET / HTTP/1.1" 200 0 "-" "-"
13.74.150.244 - - [11/Jun/2025:06:25:24 -0400] "GET /wp-admin/js/about.php HTTP/1.1" 200 186 "-" "-"
51.222.253.5 - - [11/Jun/2025:06:25:25 -0400] "GET /sc309579584.shtm HTTP/1.1" 301 0 "-" "Mozilla/5.0 (compatible; AhrefsBot/7.0; +http://ahrefs.com/robot/)"
13.74.150.244 - - [11/Jun/2025:06:25:25 -0400] "GET /mah.php HTTP/1.1" 301 0 "-" "-"
13.74.150.244 - - [11/Jun/2025:06:25:29 -0400] "GET / HTTP/1.1" 200 0 "-" "-"
51.222.253.10 - - [11/Jun/2025:06:25:32 -0400] "GET /sg1424455324.shtm HTTP/1.1" 301 0 "-" "Mozilla/5.0 (compatible; AhrefsBot/7.0; +http://ahrefs.com/robot/)"
13.74.150.244 - - [11/Jun/2025:06:25:36 -0400] "GET /wp-includes/Text/Diff/alfa-rex.php HTTP/1.1" 301 0 "-" "-"
51.222.253.6 - - [11/Jun/2025:06:25:37 -0400] "GET /sg7793558.shtm HTTP/1.1" 301 0 "-" "Mozilla/5.0 (compatible; AhrefsBot/7.0; +http://ahrefs.com/robot/)"
66.249.73.8 - - [11/Jun/2025:06:25:43 -0400] "GET /kpg/angrier1722469170.shtm HTTP/1.1" 200 81686 "-" "Mozilla/5.0 (Linux; Android 6.0.1; Nexus 5X Build/MMB29P) AppleWebKit/537.36 (KHTML, like Gecko) Chrome/136.0.7103.113 Mobile Safari/537.36 (compatible; Googlebot/2.1; +http://www.google.com/bot.html)"
13.74.150.244 - - [11/Jun/2025:06:25:39 -0400] "GET / HTTP/1.1" 200 0 "-" "-"
66.249.73.9 - - [11/Jun/2025:06:25:45 -0400] "GET /manga/wotaku-ni-koi-wa-muzukashii-chapter-61 HTTP/1.1" 200 82086 "-" "Mozilla/5.0 (Linux; Android 6.0.1; Nexus 5X Build/MMB29P) AppleWebKit/537.36 (KHTML, like Gecko) Chrome/136.0.7103.113 Mobile Safari/537.36 (compatible; Googlebot/2.1; +http://www.google.com/bot.html)"
51.222.253.19 - - [11/Jun/2025:06:25:42 -0400] "GET /sho850875520.shtm HTTP/1.1" 301 0 "-" "Mozilla/5.0 (compatible; AhrefsBot/7.0; +http://ahrefs.com/robot/)"
2a03:2880:f800:9:: - - [11/Jun/2025:06:25:43 -0400] "GET /shopdetail/399497935 HTTP/1.1" 301 0 "-" "meta-externalagent/1.1 (+https://developers.facebook.com/docs/sharing/webmasters/crawler)"
66.249.73.7 - - [11/Jun/2025:06:25:46 -0400] "GET /ieq/1722537456.shtm HTTP/1.1" 200 81532 "-" "Mozilla/5.0 (Linux; Android 6.0.1; Nexus 5X Build/MMB29P) AppleWebKit/537.36 (KHTML, like Gecko) Chrome/136.0.7103.113 Mobile Safari/537.36 (compatible; Googlebot/2.1; +http://www.google.com/bot.html)"
13.74.150.244 - - [11/Jun/2025:06:25:45 -0400] "GET /admin.php HTTP/1.1" 301 0 "-" "-"
51.222.253.10 - - [11/Jun/2025:06:25:50 -0400] "GET /sho911848848.shtm HTTP/1.1" 301 0 "-" "Mozilla/5.0 (compatible; AhrefsBot/7.0; +http://ahrefs.com/robot/)"
13.74.150.244 - - [11/Jun/2025:06:25:49 -0400] "GET / HTTP/1.1" 200 0 "-" "-"
13.74.150.244 - - [11/Jun/2025:06:25:55 -0400] "GET /moon.php HTTP/1.1" 301 0 "-" "-"
51.222.253.11 - - [11/Jun/2025:06:25:58 -0400] "GET /si/973983980.shtm HTTP/1.1" 301 0 "-" "Mozilla/5.0 (compatible; AhrefsBot/7.0; +http://ahrefs.com/robot/)"
13.74.150.244 - - [11/Jun/2025:06:26:00 -0400] "GET / HTTP/1.1" 200 0 "-" "-"
13.74.150.244 - - [11/Jun/2025:06:26:05 -0400] "GET /wp-content/themes/aahana/json.php HTTP/1.1" 200 0 "-" "-"
13.74.150.244 - - [11/Jun/2025:06:26:05 -0400] "GET /wp-content/themes/plugin.php HTTP/1.1" 200 0 "-" "-"
13.74.150.244 - - [11/Jun/2025:06:26:06 -0400] "GET /wp-includes/certificates/wp-login.php HTTP/1.1" 301 0 "-" "-"
51.222.253.19 - - [11/Jun/2025:06:26:07 -0400] "GET /si1117616300.shtm HTTP/1.1" 301 0 "-" "Mozilla/5.0 (compatible; AhrefsBot/7.0; +http://ahrefs.com/robot/)"
66.249.73.8 - - [11/Jun/2025:06:26:11 -0400] "GET /tz/1722739303.shtm HTTP/1.1" 200 81401 "-" "Mozilla/5.0 (Linux; Android 6.0.1; Nexus 5X Build/MMB29P) AppleWebKit/537.36 (KHTML, like Gecko) Chrome/136.0.7103.113 Mobile Safari/537.36 (compatible; Googlebot/2.1; +http://www.google.com/bot.html)"
13.74.150.244 - - [11/Jun/2025:06:26:08 -0400] "GET / HTTP/1.1" 200 37240 "-" "-"
13.74.150.244 - - [11/Jun/2025:06:26:13 -0400] "GET /wp-content/uploads/index.php HTTP/1.1" 200 0 "-" "-"
13.74.150.244 - - [11/Jun/2025:06:26:13 -0400] "GET /edit.php HTTP/1.1" 301 0 "-" "-"
51.222.253.10 - - [11/Jun/2025:06:26:13 -0400] "GET /si1942745254.shtm HTTP/1.1" 301 0 "-" "Mozilla/5.0 (compatible; AhrefsBot/7.0; +http://ahrefs.com/robot/)"
13.74.150.244 - - [11/Jun/2025:06:26:15 -0400] "GET / HTTP/1.1" 200 37240 "-" "-"
162.0.232.193 - - [11/Jun/2025:06:26:23 -0400] "POST /wp-cron.php?doing_wp_cron=1749637583.5205140113830566406250 HTTP/1.1" 200 0 "-" "WordPress/6.8.1; https://wotaku-manga.com"
13.74.150.244 - - [11/Jun/2025:06:26:21 -0400] "GET /mail.php HTTP/1.1" 301 0 "-" "-"
162.0.232.193 - - [11/Jun/2025:06:26:24 -0400] "POST /wp-cron.php?doing_wp_cron=1749637584.2220110893249511718750 HTTP/1.1" 200 0 "-" "WordPress/6.8.1; https://wotaku-manga.com"
51.222.253.6 - - [11/Jun/2025:06:26:22 -0400] "GET /si854519206.shtm HTTP/1.1" 301 0 "-" "Mozilla/5.0 (compatible; AhrefsBot/7.0; +http://ahrefs.com/robot/)"
13.74.150.244 - - [11/Jun/2025:06:26:26 -0400] "GET / HTTP/1.1" 200 37240 "-" "-"
51.222.253.9 - - [11/Jun/2025:06:26:30 -0400] "GET /si881749500.shtm HTTP/1.1" 301 0 "-" "Mozilla/5.0 (compatible; AhrefsBot/7.0; +http://ahrefs.com/robot/)"
13.74.150.244 - - [11/Jun/2025:06:26:30 -0400] "GET /wp-includes/css/alfa-rex.php HTTP/1.1" 301 0 "-" "-"
13.74.150.244 - - [11/Jun/2025:06:26:33 -0400] "GET / HTTP/1.1" 200 37240 "-" "-"
66.249.73.8 - - [11/Jun/2025:06:26:36 -0400] "GET /v/monostrophic1722405123.shtm HTTP/1.1" 200 83387 "-" "Mozilla/5.0 (Linux; Android 6.0.1; Nexus 5X Build/MMB29P) AppleWebKit/537.36 (KHTML, like Gecko) Chrome/136.0.7103.113 Mobile Safari/537.36 (compatible; Googlebot/2.1; +http://www.google.com/bot.html)"
13.74.150.244 - - [11/Jun/2025:06:26:37 -0400] "GET /wp-includes/php-compat/chosen.php HTTP/1.1" 301 0 "-" "-"
51.222.253.19 - - [11/Jun/2025:06:26:39 -0400] "GET /sje174324856.shtm HTTP/1.1" 301 0 "-" "Mozilla/5.0 (compatible; AhrefsBot/7.0; +http://ahrefs.com/robot/)"
13.74.150.244 - - [11/Jun/2025:06:26:38 -0400] "GET / HTTP/1.1" 200 37240 "-" "-"
13.74.150.244 - - [11/Jun/2025:06:26:42 -0400] "GET /css/install.php HTTP/1.1" 301 0 "-" "-"
162.0.232.193 - - [11/Jun/2025:06:26:45 -0400] "POST /wp-cron.php?doing_wp_cron=1749637605.1086170673370361328125 HTTP/1.1" 200 0 "-" "WordPress/6.8.1; https://wotaku-manga.com"
162.0.232.193 - - [11/Jun/2025:06:26:45 -0400] "POST /wp-cron.php?doing_wp_cron=1749637605.1293768882751464843750 HTTP/1.1" 200 0 "-" "WordPress/6.8.1; https://wotaku-manga.com"
51.222.253.20 - - [11/Jun/2025:06:26:44 -0400] "GET /sjw235616052.shtm HTTP/1.1" 301 0 "-" "Mozilla/5.0 (compatible; AhrefsBot/7.0; +http://ahrefs.com/robot/)"
13.74.150.244 - - [11/Jun/2025:06:26:44 -0400] "GET / HTTP/1.1" 200 37240 "-" "-"
13.74.150.244 - - [11/Jun/2025:06:26:49 -0400] "GET /alfanew.php7 HTTP/1.1" 301 0 "-" "-"
51.222.253.10 - - [11/Jun/2025:06:26:52 -0400] "GET /sk126712414.shtm HTTP/1.1" 301 0 "-" "Mozilla/5.0 (compatible; AhrefsBot/7.0; +http://ahrefs.com/robot/)"
13.74.150.244 - - [11/Jun/2025:06:26:52 -0400] "GET / HTTP/1.1" 200 37240 "-" "-"
162.0.232.193 - - [11/Jun/2025:06:27:00 -0400] "POST /wp-cron.php?doing_wp_cron=1749637620.2501220703125000000000 HTTP/1.1" 200 0 "-" "WordPress/6.8.1; https://wotaku-manga.com"
13.74.150.244 - - [11/Jun/2025:06:26:59 -0400] "GET /css/chosen.php HTTP/1.1" 301 0 "-" "-"
51.222.253.1 - - [11/Jun/2025:06:27:01 -0400] "GET /sk1966315036.shtm HTTP/1.1" 301 0 "-" "Mozilla/5.0 (compatible; AhrefsBot/7.0; +http://ahrefs.com/robot/)"
66.249.73.9 - - [11/Jun/2025:06:27:02 -0400] "GET /w/1722317860.shtm HTTP/1.1" 200 81463 "-" "Mozilla/5.0 (Linux; Android 6.0.1; Nexus 5X Build/MMB29P) AppleWebKit/537.36 (KHTML, like Gecko) Chrome/136.0.7103.113 Mobile Safari/537.36 (compatible; Googlebot/2.1; +http://www.google.com/bot.html)"
13.74.150.244 - - [11/Jun/2025:06:27:03 -0400] "GET / HTTP/1.1" 200 37240 "-" "-"
13.74.150.244 - - [11/Jun/2025:06:27:08 -0400] "GET /ws.php HTTP/1.1" 301 0 "-" "-"
51.222.253.18 - - [11/Jun/2025:06:27:08 -0400] "GET /sk776877800.shtm HTTP/1.1" 301 0 "-" "Mozilla/5.0 (compatible; AhrefsBot/7.0; +http://ahrefs.com/robot/)"
51.222.253.8 - - [11/Jun/2025:06:27:13 -0400] "GET /sk885112498.shtm HTTP/1.1" 301 0 "-" "Mozilla/5.0 (compatible; AhrefsBot/7.0; +http://ahrefs.com/robot/)"
13.74.150.244 - - [11/Jun/2025:06:27:10 -0400] "GET / HTTP/1.1" 200 37240 "-" "-"
13.74.150.244 - - [11/Jun/2025:06:27:17 -0400] "GET /wp-includes/block-patterns/about.php HTTP/1.1" 301 0 "-" "-"
162.0.232.193 - - [11/Jun/2025:06:27:19 -0400] "POST /wp-cron.php?doing_wp_cron=1749637639.2311809062957763671875 HTTP/1.1" 200 0 "-" "WordPress/6.8.1; https://wotaku-manga.com"
51.222.253.15 - - [11/Jun/2025:06:27:17 -0400] "GET /sm684483630.shtm HTTP/1.1" 301 0 "-" "Mozilla/5.0 (compatible; AhrefsBot/7.0; +http://ahrefs.com/robot/)"
216.73.216.209 - - [11/Jun/2025:06:27:21 -0400] "GET /sitemap-child-1418.xml HTTP/1.1" 200 11438 "-" "Mozilla/5.0 AppleWebKit/537.36 (KHTML, like Gecko; compatible; ClaudeBot/1.0; [email protected])"
13.74.150.244 - - [11/Jun/2025:06:27:20 -0400] "GET / HTTP/1.1" 200 0 "-" "-"
66.249.73.7 - - [11/Jun/2025:06:27:26 -0400] "GET /aq/inflated1722162406.shtm HTTP/1.1" 200 82420 "-" "Mozilla/5.0 (Linux; Android 6.0.1; Nexus 5X Build/MMB29P) AppleWebKit/537.36 (KHTML, like Gecko) Chrome/136.0.7103.113 Mobile Safari/537.36 (compatible; Googlebot/2.1; +http://www.google.com/bot.html)"
51.222.253.20 - - [11/Jun/2025:06:27:26 -0400] "GET /sm911461420.shtm HTTP/1.1" 301 0 "-" "Mozilla/5.0 (compatible; AhrefsBot/7.0; +http://ahrefs.com/robot/)"
13.74.150.244 - - [11/Jun/2025:06:27:27 -0400] "GET /cloud.php HTTP/1.1" 301 0 "-" "-"
51.222.253.2 - - [11/Jun/2025:06:27:34 -0400] "GET /so1117369800.shtm HTTP/1.1" 301 0 "-" "Mozilla/5.0 (compatible; AhrefsBot/7.0; +http://ahrefs.com/robot/)"
13.74.150.244 - - [11/Jun/2025:06:27:31 -0400] "GET / HTTP/1.1" 200 0 "-" "-"
13.74.150.244 - - [11/Jun/2025:06:27:37 -0400] "GET /ws.php7 HTTP/1.1" 301 0 "-" "-"
13.74.150.244 - - [11/Jun/2025:06:27:39 -0400] "GET / HTTP/1.1" 200 37240 "-" "-"
51.222.253.20 - - [11/Jun/2025:06:27:44 -0400] "GET /so1942922034.shtm HTTP/1.1" 301 0 "-" "Mozilla/5.0 (compatible; AhrefsBot/7.0; +http://ahrefs.com/robot/)"
162.0.232.193 - - [11/Jun/2025:06:27:46 -0400] "POST /wp-cron.php?doing_wp_cron=1749637666.1105339527130126953125 HTTP/1.1" 200 0 "-" "WordPress/6.8.1; https://wotaku-manga.com"
13.74.150.244 - - [11/Jun/2025:06:27:44 -0400] "GET /wp-includes/html-api/cloud.php HTTP/1.1" 301 0 "-" "-"
43.135.135.57 - - [11/Jun/2025:06:27:47 -0400] "GET / HTTP/1.1" 301 0 "http://www.wotaku-manga.com" "Mozilla/5.0 (iPhone; CPU iPhone OS 13_2_3 like Mac OS X) AppleWebKit/605.1.15 (KHTML, like Gecko) Version/13.0.3 Mobile/15E148 Safari/604.1"
66.249.73.7 - - [11/Jun/2025:06:27:51 -0400] "GET /rx/rhodospermeae1722737117.shtm HTTP/1.1" 200 81893 "-" "Mozilla/5.0 (Linux; Android 6.0.1; Nexus 5X Build/MMB29P) AppleWebKit/537.36 (KHTML, like Gecko) Chrome/136.0.7103.113 Mobile Safari/537.36 (compatible; Googlebot/2.1; +http://www.google.com/bot.html)"
51.222.253.3 - - [11/Jun/2025:06:27:50 -0400] "GET /so235528034.shtm HTTP/1.1" 301 0 "-" "Mozilla/5.0 (compatible; AhrefsBot/7.0; +http://ahrefs.com/robot/)"
13.74.150.244 - - [11/Jun/2025:06:27:47 -0400] "GET / HTTP/1.1" 200 37240 "-" "-"
13.74.150.244 - - [11/Jun/2025:06:27:54 -0400] "GET /wp-includes/customize/muse.php HTTP/1.1" 301 0 "-" "-"
162.0.232.193 - - [11/Jun/2025:06:27:59 -0400] "POST /wp-cron.php?doing_wp_cron=1749637678.7124829292297363281250 HTTP/1.1" 200 0 "-" "WordPress/6.8.1; https://wotaku-manga.com"
43.135.135.57 - - [11/Jun/2025:06:27:50 -0400] "GET / HTTP/1.1" 200 37882 "https://www.wotaku-manga.com/" "Mozilla/5.0 (iPhone; CPU iPhone OS 13_2_3 like Mac OS X) AppleWebKit/605.1.15 (KHTML, like Gecko) Version/13.0.3 Mobile/15E148 Safari/604.1"
51.222.253.3 - - [11/Jun/2025:06:27:55 -0400] "GET /soo/7617338.shtm HTTP/1.1" 301 0 "-" "Mozilla/5.0 (compatible; AhrefsBot/7.0; +http://ahrefs.com/robot/)"
13.74.150.244 - - [11/Jun/2025:06:27:58 -0400] "GET / HTTP/1.1" 200 0 "-" "-"
51.222.253.3 - - [11/Jun/2025:06:28:02 -0400] "GET /ss1055410504.shtm HTTP/1.1" 301 0 "-" "Mozilla/5.0 (compatible; AhrefsBot/7.0; +http://ahrefs.com/robot/)"
13.74.150.244 - - [11/Jun/2025:06:28:04 -0400] "GET /about.php HTTP/1.1" 403 1242 "-" "-"
13.74.150.244 - - [11/Jun/2025:06:28:05 -0400] "GET /wp-content/upgrade-temp-backup/about.php HTTP/1.1" 200 0 "-" "-"
13.74.150.244 - - [11/Jun/2025:06:28:05 -0400] "GET /wp-admin/maint/about.php HTTP/1.1" 200 186 "-" "-"
13.74.150.244 - - [11/Jun/2025:06:28:06 -0400] "GET /repeater.php HTTP/1.1" 301 0 "-" "-"
51.222.253.12 - - [11/Jun/2025:06:28:08 -0400] "GET /sw1673576238.shtm HTTP/1.1" 301 0 "-" "Mozilla/5.0 (compatible; AhrefsBot/7.0; +http://ahrefs.com/robot/)"
13.74.150.244 - - [11/Jun/2025:06:28:08 -0400] "GET / HTTP/1.1" 200 37240 "-" "-"
216.73.216.209 - - [11/Jun/2025:06:28:11 -0400] "GET /sitemap-child-1992.xml HTTP/1.1" 200 11397 "-" "Mozilla/5.0 AppleWebKit/537.36 (KHTML, like Gecko; compatible; ClaudeBot/1.0; [email protected])"
13.74.150.244 - - [11/Jun/2025:06:28:13 -0400] "GET /wp-consar.php HTTP/1.1" 301 0 "-" "-"
51.222.253.13 - - [11/Jun/2025:06:28:13 -0400] "GET /sy1117300416.shtm HTTP/1.1" 301 0 "-" "Mozilla/5.0 (compatible; AhrefsBot/7.0; +http://ahrefs.com/robot/)"
13.74.150.244 - - [11/Jun/2025:06:28:16 -0400] "GET / HTTP/1.1" 200 37240 "-" "-"
162.0.232.193 - - [11/Jun/2025:06:28:20 -0400] "POST /wp-cron.php?doing_wp_cron=1749637700.2406630516052246093750 HTTP/1.1" 200 0 "-" "WordPress/6.8.1; https://wotaku-manga.com"
13.74.150.244 - - [11/Jun/2025:06:28:19 -0400] "GET /wp-includes/js/codemirror/index.php HTTP/1.1" 301 0 "-" "-"
13.74.150.244 - - [11/Jun/2025:06:28:20 -0400] "GET / HTTP/1.1" 200 37240 "-" "-"
51.222.253.7 - - [11/Jun/2025:06:28:23 -0400] "GET /sy914754202.shtm HTTP/1.1" 301 0 "-" "Mozilla/5.0 (compatible; AhrefsBot/7.0; +http://ahrefs.com/robot/)"
13.74.150.244 - - [11/Jun/2025:06:28:24 -0400] "GET /wp-admin/css/colors/coffee/about.php HTTP/1.1" 200 186 "-" "-"
13.74.150.244 - - [11/Jun/2025:06:28:25 -0400] "GET /wp-includes/html-api/chosen.php HTTP/1.1" 301 0 "-" "-"
13.74.150.244 - - [11/Jun/2025:06:28:26 -0400] "GET / HTTP/1.1" 200 37240 "-" "-"
13.74.150.244 - - [11/Jun/2025:06:28:29 -0400] "GET /wso112233.php HTTP/1.1" 301 0 "-" "-"
13.74.150.244 - - [11/Jun/2025:06:28:30 -0400] "GET / HTTP/1.1" 200 37240 "-" "-"
51.222.253.9 - - [11/Jun/2025:06:28:32 -0400] "GET /t/1022354883.shtm HTTP/1.1" 301 0 "-" "Mozilla/5.0 (compatible; AhrefsBot/7.0; +http://ahrefs.com/robot/)"
13.74.150.244 - - [11/Jun/2025:06:28:35 -0400] "GET /simple.php HTTP/1.1" 301 0 "-" "-"
66.249.73.9 - - [11/Jun/2025:06:28:39 -0400] "GET /ia/1722291740.shtm HTTP/1.1" 200 81441 "-" "Mozilla/5.0 (Linux; Android 6.0.1; Nexus 5X Build/MMB29P) AppleWebKit/537.36 (KHTML, like Gecko) Chrome/136.0.7103.113 Mobile Safari/537.36 (compatible; Googlebot/2.1; +http://www.google.com/bot.html)"
51.222.253.8 - - [11/Jun/2025:06:28:39 -0400] "GET /t/1055059407.shtm HTTP/1.1" 301 0 "-" "Mozilla/5.0 (compatible; AhrefsBot/7.0; +http://ahrefs.com/robot/)"
13.74.150.244 - - [11/Jun/2025:06:28:38 -0400] "GET / HTTP/1.1" 200 37240 "-" "-"
13.74.150.244 - - [11/Jun/2025:06:28:43 -0400] "GET /wp-content/wp-login.php HTTP/1.1" 200 0 "-" "-"
162.0.232.193 - - [11/Jun/2025:06:28:46 -0400] "POST /wp-cron.php?doing_wp_cron=1749637725.9498760700225830078125 HTTP/1.1" 200 0 "-" "WordPress/6.8.1; https://wotaku-manga.com"
13.74.150.244 - - [11/Jun/2025:06:28:43 -0400] "GET /blog.php HTTP/1.1" 301 0 "-" "-"
51.222.253.17 - - [11/Jun/2025:06:28:47 -0400] "GET /t/1266935697.shtm HTTP/1.1" 301 0 "-" "Mozilla/5.0 (compatible; AhrefsBot/7.0; +http://ahrefs.com/robot/)"
13.74.150.244 - - [11/Jun/2025:06:28:47 -0400] "GET / HTTP/1.1" 200 37240 "-" "-"
13.74.150.244 - - [11/Jun/2025:06:28:53 -0400] "GET /wp-includes/html-api/about.php HTTP/1.1" 301 0 "-" "-"
51.222.253.16 - - [11/Jun/2025:06:28:53 -0400] "GET /t/1502274445.shtm HTTP/1.1" 301 0 "-" "Mozilla/5.0 (compatible; AhrefsBot/7.0; +http://ahrefs.com/robot/)"
13.74.150.244 - - [11/Jun/2025:06:28:55 -0400] "GET / HTTP/1.1" 200 37240 "-" "-"
66.249.73.8 - - [11/Jun/2025:06:28:59 -0400] "GET /a/1722743264.shtm HTTP/1.1" 200 81451 "-" "Mozilla/5.0 (Linux; Android 6.0.1; Nexus 5X Build/MMB29P) AppleWebKit/537.36 (KHTML, like Gecko) Chrome/136.0.7103.113 Mobile Safari/537.36 (compatible; Googlebot/2.1; +http://www.google.com/bot.html)"
162.0.232.193 - - [11/Jun/2025:06:29:01 -0400] "POST /wp-cron.php?doing_wp_cron=1749637740.5136508941650390625000 HTTP/1.1" 200 0 "-" "WordPress/6.8.1; https://wotaku-manga.com"
13.74.150.244 - - [11/Jun/2025:06:28:59 -0400] "GET /admin/uploads/lv.php HTTP/1.1" 301 0 "-" "-"
51.222.253.10 - - [11/Jun/2025:06:28:59 -0400] "GET /t/1502291791.shtm HTTP/1.1" 301 0 "-" "Mozilla/5.0 (compatible; AhrefsBot/7.0; +http://ahrefs.com/robot/)"
51.222.253.18 - - [11/Jun/2025:06:29:05 -0400] "GET /t/1605438487.shtm HTTP/1.1" 301 0 "-" "Mozilla/5.0 (compatible; AhrefsBot/7.0; +http://ahrefs.com/robot/)"
13.74.150.244 - - [11/Jun/2025:06:29:02 -0400] "GET / HTTP/1.1" 200 37240 "-" "-"
13.74.150.244 - - [11/Jun/2025:06:29:09 -0400] "GET /ajax-actions.php HTTP/1.1" 301 0 "-" "-"
51.222.253.2 - - [11/Jun/2025:06:29:12 -0400] "GET /t/1661044229.shtm HTTP/1.1" 301 0 "-" "Mozilla/5.0 (compatible; AhrefsBot/7.0; +http://ahrefs.com/robot/)"
13.74.150.244 - - [11/Jun/2025:06:29:10 -0400] "GET / HTTP/1.1" 200 37240 "-" "-"
13.74.150.244 - - [11/Jun/2025:06:29:15 -0400] "GET /inputs.php HTTP/1.1" 301 0 "-" "-"
51.222.253.20 - - [11/Jun/2025:06:29:16 -0400] "GET /t/1798815395.shtm HTTP/1.1" 301 0 "-" "Mozilla/5.0 (compatible; AhrefsBot/7.0; +http://ahrefs.com/robot/)"
13.74.150.244 - - [11/Jun/2025:06:29:16 -0400] "GET / HTTP/1.1" 200 37240 "-" "-"
162.0.232.193 - - [11/Jun/2025:06:29:21 -0400] "POST /wp-cron.php?doing_wp_cron=1749637760.8303899765014648437500 HTTP/1.1" 200 0 "-" "WordPress/6.8.1; https://wotaku-manga.com"
13.74.150.244 - - [11/Jun/2025:06:29:20 -0400] "GET /upfile.php HTTP/1.1" 301 0 "-" "-"
51.222.253.4 - - [11/Jun/2025:06:29:22 -0400] "GET /t/1825921451.shtm HTTP/1.1" 301 0 "-" "Mozilla/5.0 (compatible; AhrefsBot/7.0; +http://ahrefs.com/robot/)"
66.249.73.7 - - [11/Jun/2025:06:29:23 -0400] "GET /yo/airsick1722301868.shtm HTTP/1.1" 200 81508 "-" "Mozilla/5.0 (Linux; Android 6.0.1; Nexus 5X Build/MMB29P) AppleWebKit/537.36 (KHTML, like Gecko) Chrome/136.0.7103.113 Mobile Safari/537.36 (compatible; Googlebot/2.1; +http://www.google.com/bot.html)"
13.74.150.244 - - [11/Jun/2025:06:29:22 -0400] "GET / HTTP/1.1" 200 37240 "-" "-"
13.74.150.244 - - [11/Jun/2025:06:29:26 -0400] "GET /ALFA_DATA/index.php HTTP/1.1" 301 0 "-" "-"
51.222.253.8 - - [11/Jun/2025:06:29:26 -0400] "GET /t/335701895.shtm HTTP/1.1" 301 0 "-" "Mozilla/5.0 (compatible; AhrefsBot/7.0; +http://ahrefs.com/robot/)"
13.74.150.244 - - [11/Jun/2025:06:29:28 -0400] "GET / HTTP/1.1" 200 37240 "-" "-"
51.222.253.1 - - [11/Jun/2025:06:29:33 -0400] "GET /t/491548779.shtm HTTP/1.1" 301 0 "-" "Mozilla/5.0 (compatible; AhrefsBot/7.0; +http://ahrefs.com/robot/)"
13.74.150.244 - - [11/Jun/2025:06:29:33 -0400] "GET /ok.php HTTP/1.1" 301 0 "-" "-"
13.74.150.244 - - [11/Jun/2025:06:29:36 -0400] "GET / HTTP/1.1" 200 37240 "-" "-"
51.222.253.9 - - [11/Jun/2025:06:29:41 -0400] "GET /t/541381257.shtm HTTP/1.1" 301 0 "-" "Mozilla/5.0 (compatible; AhrefsBot/7.0; +http://ahrefs.com/robot/)"
13.74.150.244 - - [11/Jun/2025:06:29:41 -0400] "GET /wp-includes/customize/wp-conflg.php HTTP/1.1" 301 0 "-" "-"
162.0.232.193 - - [11/Jun/2025:06:29:47 -0400] "POST /wp-cron.php?doing_wp_cron=1749637786.3040258884429931640625 HTTP/1.1" 200 0 "-" "WordPress/6.8.1; https://wotaku-manga.com"
66.249.73.7 - - [11/Jun/2025:06:29:49 -0400] "GET /gsg/1722201344.shtm HTTP/1.1" 200 81700 "-" "Mozilla/5.0 (Linux; Android 6.0.1; Nexus 5X Build/MMB29P) AppleWebKit/537.36 (KHTML, like Gecko) Chrome/136.0.7103.113 Mobile Safari/537.36 (compatible; Googlebot/2.1; +http://www.google.com/bot.html)"
13.74.150.244 - - [11/Jun/2025:06:29:45 -0400] "GET / HTTP/1.1" 200 0 "-" "-"
51.222.253.20 - - [11/Jun/2025:06:29:49 -0400] "GET /t/541609123.shtm HTTP/1.1" 301 0 "-" "Mozilla/5.0 (compatible; AhrefsBot/7.0; +http://ahrefs.com/robot/)"
66.249.73.7 - - [11/Jun/2025:06:29:51 -0400] "GET /qey/1722208434.shtm HTTP/1.1" 200 81836 "-" "Mozilla/5.0 (Linux; Android 6.0.1; Nexus 5X Build/MMB29P) AppleWebKit/537.36 (KHTML, like Gecko) Chrome/136.0.7103.113 Mobile Safari/537.36 (compatible; Googlebot/2.1; +http://www.google.com/bot.html)"
13.74.150.244 - - [11/Jun/2025:06:29:51 -0400] "GET /admin/fckeditor/editor/filemanager/alfanew.php HTTP/1.1" 301 0 "-" "-"
13.74.150.244 - - [11/Jun/2025:06:29:54 -0400] "GET / HTTP/1.1" 200 37240 "-" "-"
162.0.232.193 - - [11/Jun/2025:06:30:01 -0400] "POST /wp-cron.php?doing_wp_cron=1749637801.0328741073608398437500 HTTP/1.1" 200 0 "-" "WordPress/6.8.1; https://wotaku-manga.com"
51.222.253.2 - - [11/Jun/2025:06:30:00 -0400] "GET /t/7441941.shtm HTTP/1.1" 301 0 "-" "Mozilla/5.0 (compatible; AhrefsBot/7.0; +http://ahrefs.com/robot/)"
13.74.150.244 - - [11/Jun/2025:06:29:59 -0400] "GET /wp-includes/sodium_compat/src/index.php HTTP/1.1" 301 0 "-" "-"
13.74.150.244 - - [11/Jun/2025:06:30:04 -0400] "GET / HTTP/1.1" 200 37240 "-" "-"
51.222.253.16 - - [11/Jun/2025:06:30:09 -0400] "GET /t/748168273.shtm HTTP/1.1" 301 0 "-" "Mozilla/5.0 (compatible; AhrefsBot/7.0; +http://ahrefs.com/robot/)"
13.74.150.244 - - [11/Jun/2025:06:30:11 -0400] "GET /admin/uploads/media.php HTTP/1.1" 301 0 "-" "-"
51.222.253.14 - - [11/Jun/2025:06:30:13 -0400] "GET /t/761528455.shtm HTTP/1.1" 301 0 "-" "Mozilla/5.0 (compatible; AhrefsBot/7.0; +http://ahrefs.com/robot/)"
66.249.73.7 - - [11/Jun/2025:06:30:14 -0400] "GET /n/illegitimating1722311697.shtm HTTP/1.1" 200 81370 "-" "Mozilla/5.0 (Linux; Android 6.0.1; Nexus 5X Build/MMB29P) AppleWebKit/537.36 (KHTML, like Gecko) Chrome/136.0.7103.113 Mobile Safari/537.36 (compatible; Googlebot/2.1; +http://www.google.com/bot.html)"
13.74.150.244 - - [11/Jun/2025:06:30:15 -0400] "GET / HTTP/1.1" 200 0 "-" "-"
13.74.150.244 - - [11/Jun/2025:06:30:19 -0400] "GET /wp-content/uploads/2022/update.php HTTP/1.1" 200 0 "-" "-"
51.222.253.16 - - [11/Jun/2025:06:30:19 -0400] "GET /t/835333377.shtm HTTP/1.1" 301 0 "-" "Mozilla/5.0 (compatible; AhrefsBot/7.0; +http://ahrefs.com/robot/)"
162.0.232.193 - - [11/Jun/2025:06:30:23 -0400] "POST /wp-cron.php?doing_wp_cron=1749637821.0435240268707275390625 HTTP/1.1" 200 0 "-" "WordPress/6.8.1; https://wotaku-manga.com"
13.74.150.244 - - [11/Jun/2025:06:30:21 -0400] "GET /wp-includes/wp-includes/alfa-rex.php HTTP/1.1" 301 0 "-" "-"
51.222.253.18 - - [11/Jun/2025:06:30:24 -0400] "GET /t/835545625.shtm HTTP/1.1" 301 0 "-" "Mozilla/5.0 (compatible; AhrefsBot/7.0; +http://ahrefs.com/robot/)"
13.74.150.244 - - [11/Jun/2025:06:30:25 -0400] "GET / HTTP/1.1" 200 0 "-" "-"
13.74.150.244 - - [11/Jun/2025:06:30:30 -0400] "GET /wp-content/uploads/423_index.php HTTP/1.1" 200 0 "-" "-"
13.74.150.244 - - [11/Jun/2025:06:30:32 -0400] "GET /xmrlpc.php?p= HTTP/1.1" 301 0 "-" "-"
51.222.253.19 - - [11/Jun/2025:06:30:36 -0400] "GET /t/854150939.shtm HTTP/1.1" 301 0 "-" "Mozilla/5.0 (compatible; AhrefsBot/7.0; +http://ahrefs.com/robot/)"
13.74.150.244 - - [11/Jun/2025:06:30:34 -0400] "GET / HTTP/1.1" 200 37240 "-" "-"
51.222.253.1 - - [11/Jun/2025:06:30:39 -0400] "GET /t/854204065.shtm HTTP/1.1" 301 0 "-" "Mozilla/5.0 (compatible; AhrefsBot/7.0; +http://ahrefs.com/robot/)"
13.74.150.244 - - [11/Jun/2025:06:30:41 -0400] "GET /wp-includes/fonts/index.php HTTP/1.1" 301 0 "-" "-"
66.249.73.7 - - [11/Jun/2025:06:30:41 -0400] "GET /oy/1722507018.shtm HTTP/1.1" 200 81404 "-" "Mozilla/5.0 (Linux; Android 6.0.1; Nexus 5X Build/MMB29P) AppleWebKit/537.36 (KHTML, like Gecko) Chrome/136.0.7103.113 Mobile Safari/537.36 (compatible; Googlebot/2.1; +http://www.google.com/bot.html)"
13.74.150.244 - - [11/Jun/2025:06:30:44 -0400] "GET / HTTP/1.1" 200 37240 "-" "-"
51.222.253.8 - - [11/Jun/2025:06:30:47 -0400] "GET /t/854343857.shtm HTTP/1.1" 301 0 "-" "Mozilla/5.0 (compatible; AhrefsBot/7.0; +http://ahrefs.com/robot/)"
13.74.150.244 - - [11/Jun/2025:06:30:47 -0400] "GET /wp-includes/customize/index.php HTTP/1.1" 301 0 "-" "-"
13.74.150.244 - - [11/Jun/2025:06:30:50 -0400] "GET / HTTP/1.1" 200 37240 "-" "-"
13.74.150.244 - - [11/Jun/2025:06:30:56 -0400] "GET /wp-admin/autoload_classmap.php HTTP/1.1" 200 186 "-" "-"
216.73.216.209 - - [11/Jun/2025:06:30:59 -0400] "GET /sitemap-child-1303.xml HTTP/1.1" 200 11288 "-" "Mozilla/5.0 AppleWebKit/537.36 (KHTML, like Gecko; compatible; ClaudeBot/1.0; [email protected])"
216.73.216.209 - - [11/Jun/2025:06:30:59 -0400] "GET /sitemap-child-1147.xml HTTP/1.1" 200 11288 "-" "Mozilla/5.0 AppleWebKit/537.36 (KHTML, like Gecko; compatible; ClaudeBot/1.0; [email protected])"
13.74.150.244 - - [11/Jun/2025:06:30:59 -0400] "GET /wp-includes/fonts/install.php HTTP/1.1" 200 0 "-" "-"
51.222.253.13 - - [11/Jun/2025:06:31:02 -0400] "GET /t/854415289.shtm HTTP/1.1" 301 0 "-" "Mozilla/5.0 (compatible; AhrefsBot/7.0; +http://ahrefs.com/robot/)"
66.249.73.8 - - [11/Jun/2025:06:31:10 -0400] "GET /lwh/1722732863.shtm HTTP/1.1" 200 81327 "-" "Mozilla/5.0 (Linux; Android 6.0.1; Nexus 5X Build/MMB29P) AppleWebKit/537.36 (KHTML, like Gecko) Chrome/136.0.7103.113 Mobile Safari/537.36 (compatible; Googlebot/2.1; +http://www.google.com/bot.html)"
13.74.150.244 - - [11/Jun/2025:06:31:10 -0400] "GET /wp-trackback.php HTTP/1.1" 200 0 "-" "-"
51.222.253.13 - - [11/Jun/2025:06:31:09 -0400] "GET /t/945998503.shtm HTTP/1.1" 301 0 "-" "Mozilla/5.0 (compatible; AhrefsBot/7.0; +http://ahrefs.com/robot/)"
162.0.232.193 - - [11/Jun/2025:06:31:23 -0400] "POST /wp-cron.php?doing_wp_cron=1749637881.4308960437774658203125 HTTP/1.1" 200 0 "-" "WordPress/6.8.1; https://wotaku-manga.com"
51.222.253.19 - - [11/Jun/2025:06:31:16 -0400] "GET /t1011828895.shtm HTTP/1.1" 301 0 "-" "Mozilla/5.0 (compatible; AhrefsBot/7.0; +http://ahrefs.com/robot/)"
13.74.150.244 - - [11/Jun/2025:06:31:19 -0400] "GET /index.php HTTP/1.1" 301 0 "-" "-"
13.74.150.244 - - [11/Jun/2025:06:31:28 -0400] "GET / HTTP/1.1" 200 0 "-" "-"
51.222.253.9 - - [11/Jun/2025:06:31:28 -0400] "GET /t1040239603.shtm HTTP/1.1" 301 0 "-" "Mozilla/5.0 (compatible; AhrefsBot/7.0; +http://ahrefs.com/robot/)"
13.74.150.244 - - [11/Jun/2025:06:31:29 -0400] "GET /geju.php HTTP/1.1" 301 0 "-" "-"
13.74.150.244 - - [11/Jun/2025:06:31:33 -0400] "GET / HTTP/1.1" 200 0 "-" "-"
51.222.253.8 - - [11/Jun/2025:06:31:35 -0400] "GET /t1055183389.shtm HTTP/1.1" 301 0 "-" "Mozilla/5.0 (compatible; AhrefsBot/7.0; +http://ahrefs.com/robot/)"
66.249.73.8 - - [11/Jun/2025:06:31:39 -0400] "GET /xv/noticed1722529947.shtm HTTP/1.1" 200 81803 "-" "Mozilla/5.0 (Linux; Android 6.0.1; Nexus 5X Build/MMB29P) AppleWebKit/537.36 (KHTML, like Gecko) Chrome/136.0.7103.113 Mobile Safari/537.36 (compatible; Googlebot/2.1; +http://www.google.com/bot.html)"
13.74.150.244 - - [11/Jun/2025:06:31:39 -0400] "GET /ebs.php7 HTTP/1.1" 301 0 "-" "-"
13.74.150.244 - - [11/Jun/2025:06:31:46 -0400] "GET / HTTP/1.1" 200 0 "-" "-"
51.222.253.11 - - [11/Jun/2025:06:31:45 -0400] "GET /t1206613643.shtm HTTP/1.1" 301 0 "-" "Mozilla/5.0 (compatible; AhrefsBot/7.0; +http://ahrefs.com/robot/)"
13.74.150.244 - - [11/Jun/2025:06:31:49 -0400] "GET /.well-known/acme-challenge/index.php HTTP/1.1" 301 0 "-" "-"
51.222.253.10 - - [11/Jun/2025:06:31:55 -0400] "GET /t1261179843.shtm HTTP/1.1" 301 0 "-" "Mozilla/5.0 (compatible; AhrefsBot/7.0; +http://ahrefs.com/robot/)"
13.74.150.244 - - [11/Jun/2025:06:31:53 -0400] "GET / HTTP/1.1" 200 0 "-" "-"
13.74.150.244 - - [11/Jun/2025:06:31:59 -0400] "GET /wp-admin/classwithtostring.php HTTP/1.1" 200 186 "-" "-"
51.222.253.1 - - [11/Jun/2025:06:32:00 -0400] "GET /t1329034337.shtm HTTP/1.1" 301 0 "-" "Mozilla/5.0 (compatible; AhrefsBot/7.0; +http://ahrefs.com/robot/)"
13.74.150.244 - - [11/Jun/2025:06:32:00 -0400] "GET /css.php HTTP/1.1" 301 0 "-" "-"
5.101.157.127 - - [11/Jun/2025:06:32:00 -0400] "POST /wp-login.php HTTP/1.1" 200 2036 "https://wotaku-manga.com" "Mozilla/5.0 (Macintosh; Intel Mac OS X 10.15; rv:126.0) Gecko/20100101 Firefox/126.0"
51.222.253.5 - - [11/Jun/2025:06:32:04 -0400] "GET /t1428944569.shtm HTTP/1.1" 301 0 "-" "Mozilla/5.0 (compatible; AhrefsBot/7.0; +http://ahrefs.com/robot/)"
66.249.73.8 - - [11/Jun/2025:06:32:08 -0400] "GET /foh/1722728729.shtm HTTP/1.1" 200 81329 "-" "Mozilla/5.0 (Linux; Android 6.0.1; Nexus 5X Build/MMB29P) AppleWebKit/537.36 (KHTML, like Gecko) Chrome/136.0.7103.113 Mobile Safari/537.36 (compatible; Googlebot/2.1; +http://www.google.com/bot.html)"
13.74.150.244 - - [11/Jun/2025:06:32:04 -0400] "GET / HTTP/1.1" 200 0 "-" "-"
51.222.253.15 - - [11/Jun/2025:06:32:10 -0400] "GET /t1532672835.shtm HTTP/1.1" 301 0 "-" "Mozilla/5.0 (compatible; AhrefsBot/7.0; +http://ahrefs.com/robot/)"
13.74.150.244 - - [11/Jun/2025:06:32:10 -0400] "GET /cache-compat.php HTTP/1.1" 301 0 "-" "-"
13.74.150.244 - - [11/Jun/2025:06:32:14 -0400] "GET / HTTP/1.1" 200 0 "-" "-"
51.222.253.9 - - [11/Jun/2025:06:32:16 -0400] "GET /t1544096541.shtm HTTP/1.1" 301 0 "-" "Mozilla/5.0 (compatible; AhrefsBot/7.0; +http://ahrefs.com/robot/)"
216.73.216.209 - - [11/Jun/2025:06:32:21 -0400] "GET /sitemap-child-1799.xml HTTP/1.1" 200 11450 "-" "Mozilla/5.0 AppleWebKit/537.36 (KHTML, like Gecko; compatible; ClaudeBot/1.0; [email protected])"
216.73.216.209 - - [11/Jun/2025:06:32:21 -0400] "GET /sitemap-child-1427.xml HTTP/1.1" 200 11450 "-" "Mozilla/5.0 AppleWebKit/537.36 (KHTML, like Gecko; compatible; ClaudeBot/1.0; [email protected])"
162.0.232.193 - - [11/Jun/2025:06:32:23 -0400] "POST /wp-cron.php?doing_wp_cron=1749637942.7260189056396484375000 HTTP/1.1" 200 0 "-" "WordPress/6.8.1; https://wotaku-manga.com"
13.74.150.244 - - [11/Jun/2025:06:32:20 -0400] "GET /wp-includes/style-engine/about.php HTTP/1.1" 301 0 "-" "-"
51.222.253.2 - - [11/Jun/2025:06:32:22 -0400] "GET /t1605017127.shtm HTTP/1.1" 301 0 "-" "Mozilla/5.0 (compatible; AhrefsBot/7.0; +http://ahrefs.com/robot/)"
51.222.253.14 - - [11/Jun/2025:06:32:28 -0400] "GET /t1856689427.shtm HTTP/1.1" 301 0 "-" "Mozilla/5.0 (compatible; AhrefsBot/7.0; +http://ahrefs.com/robot/)"
13.74.150.244 - - [11/Jun/2025:06:32:25 -0400] "GET / HTTP/1.1" 200 0 "-" "-"
13.74.150.244 - - [11/Jun/2025:06:32:30 -0400] "GET /wp-includes/widgets/parx.php HTTP/1.1" 301 0 "-" "-"
51.222.253.1 - - [11/Jun/2025:06:32:33 -0400] "GET /t1942746637.shtm HTTP/1.1" 301 0 "-" "Mozilla/5.0 (compatible; AhrefsBot/7.0; +http://ahrefs.com/robot/)"
13.74.150.244 - - [11/Jun/2025:06:32:32 -0400] "GET / HTTP/1.1" 200 37240 "-" "-"
66.249.73.8 - - [11/Jun/2025:06:32:37 -0400] "GET /jr/mythically1722503891.shtm HTTP/1.1" 200 81414 "-" "Mozilla/5.0 (Linux; Android 6.0.1; Nexus 5X Build/MMB29P) AppleWebKit/537.36 (KHTML, like Gecko) Chrome/136.0.7103.113 Mobile Safari/537.36 (compatible; Googlebot/2.1; +http://www.google.com/bot.html)"
13.74.150.244 - - [11/Jun/2025:06:32:38 -0400] "GET /radio.php HTTP/1.1" 301 0 "-" "-"
51.222.253.19 - - [11/Jun/2025:06:32:39 -0400] "GET /t1964361189.shtm HTTP/1.1" 301 0 "-" "Mozilla/5.0 (compatible; AhrefsBot/7.0; +http://ahrefs.com/robot/)"
13.74.150.244 - - [11/Jun/2025:06:32:40 -0400] "GET / HTTP/1.1" 200 37240 "-" "-"
13.74.150.244 - - [11/Jun/2025:06:32:43 -0400] "GET /index/lock.php HTTP/1.1" 301 0 "-" "-"
51.222.253.7 - - [11/Jun/2025:06:32:46 -0400] "GET /t335560119.shtm HTTP/1.1" 301 0 "-" "Mozilla/5.0 (compatible; AhrefsBot/7.0; +http://ahrefs.com/robot/)"
162.0.232.193 - - [11/Jun/2025:06:32:48 -0400] "POST /wp-cron.php?doing_wp_cron=1749637967.9295949935913085937500 HTTP/1.1" 200 0 "-" "WordPress/6.8.1; https://wotaku-manga.com"
13.74.150.244 - - [11/Jun/2025:06:32:45 -0400] "GET / HTTP/1.1" 200 37240 "-" "-"
51.222.253.4 - - [11/Jun/2025:06:32:52 -0400] "GET /t47961993.shtm HTTP/1.1" 301 0 "-" "Mozilla/5.0 (compatible; AhrefsBot/7.0; +http://ahrefs.com/robot/)"
66.249.73.7 - - [11/Jun/2025:06:32:52 -0400] "GET /xr/1722407509.shtm HTTP/1.1" 200 81726 "-" "Mozilla/5.0 (Linux; Android 6.0.1; Nexus 5X Build/MMB29P) AppleWebKit/537.36 (KHTML, like Gecko) Chrome/136.0.7103.113 Mobile Safari/537.36 (compatible; Googlebot/2.1; +http://www.google.com/bot.html)"
13.74.150.244 - - [11/Jun/2025:06:32:53 -0400] "GET /yanz.php HTTP/1.1" 301 0 "-" "-"
2a09:bac5:d455:e6::17:25f - - [11/Jun/2025:06:32:56 -0400] "GET /manga/wotaku-ni-koi-wa-muzukashii-chapter-31/ HTTP/1.1" 200 41890 "https://www.google.com/url?q=https://wotaku-manga.com/manga/wotaku-ni-koi-wa-muzukashii-chapter-31/&sa=U&sqi=2&ved=2ahUKEwip_fmslemNAxVHlFYBHS6GCWQQFnoECGoQAQ&usg=AOvVaw3DV36jpN9oUaqo5ckBrMDc" "Mozilla/5.0 (iPhone; CPU iPhone OS 17_6_1 like Mac OS X) AppleWebKit/605.1.15 (KHTML, like Gecko) GSA/371.0.763199552 Mobile/15E148 Safari/604.1"
13.74.150.244 - - [11/Jun/2025:06:32:55 -0400] "GET / HTTP/1.1" 200 37240 "-" "-"
162.0.232.193 - - [11/Jun/2025:06:33:01 -0400] "POST /wp-cron.php?doing_wp_cron=1749637980.5402669906616210937500 HTTP/1.1" 200 0 "-" "WordPress/6.8.1; https://wotaku-manga.com"
13.74.150.244 - - [11/Jun/2025:06:33:01 -0400] "GET /wp-admin/css/colors/blue/atomlib.php HTTP/1.1" 200 186 "-" "-"
51.222.253.19 - - [11/Jun/2025:06:32:59 -0400] "GET /t836302839.shtm HTTP/1.1" 301 0 "-" "Mozilla/5.0 (compatible; AhrefsBot/7.0; +http://ahrefs.com/robot/)"
13.74.150.244 - - [11/Jun/2025:06:33:01 -0400] "GET /images/chosen.php HTTP/1.1" 301 0 "-" "-"
66.249.73.8 - - [11/Jun/2025:06:33:06 -0400] "GET /ew/1722711792.shtm HTTP/1.1" 200 81288 "-" "Mozilla/5.0 (Linux; Android 6.0.1; Nexus 5X Build/MMB29P) AppleWebKit/537.36 (KHTML, like Gecko) Chrome/136.0.7103.113 Mobile Safari/537.36 (compatible; Googlebot/2.1; +http://www.google.com/bot.html)"
13.74.150.244 - - [11/Jun/2025:06:33:05 -0400] "GET / HTTP/1.1" 200 37240 "-" "-"
51.222.253.7 - - [11/Jun/2025:06:33:08 -0400] "GET /t84995385.shtm HTTP/1.1" 301 0 "-" "Mozilla/5.0 (compatible; AhrefsBot/7.0; +http://ahrefs.com/robot/)"
13.74.150.244 - - [11/Jun/2025:06:33:10 -0400] "GET /wp-includes/images/about.php HTTP/1.1" 301 0 "-" "-"
51.222.253.6 - - [11/Jun/2025:06:33:13 -0400] "GET /t854590997.shtm HTTP/1.1" 301 0 "-" "Mozilla/5.0 (compatible; AhrefsBot/7.0; +http://ahrefs.com/robot/)"
13.74.150.244 - - [11/Jun/2025:06:33:12 -0400] "GET / HTTP/1.1" 200 37240 "-" "-"
13.74.150.244 - - [11/Jun/2025:06:33:16 -0400] "GET /wp-admin/images/index.php HTTP/1.1" 200 186 "-" "-"
162.0.232.193 - - [11/Jun/2025:06:33:20 -0400] "POST /wp-cron.php?doing_wp_cron=1749638000.1445240974426269531250 HTTP/1.1" 200 0 "-" "WordPress/6.8.1; https://wotaku-manga.com"
13.74.150.244 - - [11/Jun/2025:06:33:17 -0400] "GET /as.php HTTP/1.1" 301 0 "-" "-"
51.222.253.18 - - [11/Jun/2025:06:33:20 -0400] "GET /t884972041.shtm HTTP/1.1" 301 0 "-" "Mozilla/5.0 (compatible; AhrefsBot/7.0; +http://ahrefs.com/robot/)"
2a09:bac5:d455:e6::17:25f - - [11/Jun/2025:06:33:19 -0400] "GET /manga/wotaku-ni-koi-wa-muzukashii-chapter-31/ HTTP/1.1" 200 41797 "https://wotaku-manga.com/manga/wotaku-ni-koi-wa-muzukashii-chapter-31/" "Mozilla/5.0 (iPhone; CPU iPhone OS 17_6_1 like Mac OS X) AppleWebKit/605.1.15 (KHTML, like Gecko) GSA/371.0.763199552 Mobile/15E148 Safari/604.1"
13.74.150.244 - - [11/Jun/2025:06:33:21 -0400] "GET / HTTP/1.1" 200 37240 "-" "-"
13.74.150.244 - - [11/Jun/2025:06:33:25 -0400] "GET /wp-includes/php-compat/content.php HTTP/1.1" 301 0 "-" "-"
13.74.150.244 - - [11/Jun/2025:06:33:26 -0400] "GET / HTTP/1.1" 200 37240 "-" "-"
13.74.150.244 - - [11/Jun/2025:06:33:29 -0400] "GET /404.php HTTP/1.1" 301 0 "-" "-"
51.222.253.5 - - [11/Jun/2025:06:33:30 -0400] "GET /t973721397.shtm HTTP/1.1" 301 0 "-" "Mozilla/5.0 (compatible; AhrefsBot/7.0; +http://ahrefs.com/robot/)"
13.74.150.244 - - [11/Jun/2025:06:33:30 -0400] "GET / HTTP/1.1" 200 37240 "-" "-"
13.74.150.244 - - [11/Jun/2025:06:33:33 -0400] "GET /link.php HTTP/1.1" 301 0 "-" "-"
66.249.73.7 - - [11/Jun/2025:06:33:34 -0400] "GET /l/transversal1722382039.shtm HTTP/1.1" 200 82387 "-" "Mozilla/5.0 (Linux; Android 6.0.1; Nexus 5X Build/MMB29P) AppleWebKit/537.36 (KHTML, like Gecko) Chrome/136.0.7103.113 Mobile Safari/537.36 (compatible; Googlebot/2.1; +http://www.google.com/bot.html)"
13.74.150.244 - - [11/Jun/2025:06:33:35 -0400] "GET / HTTP/1.1" 200 37240 "-" "-"
51.222.253.16 - - [11/Jun/2025:06:33:37 -0400] "GET /tb/427109073.shtm HTTP/1.1" 301 0 "-" "Mozilla/5.0 (compatible; AhrefsBot/7.0; +http://ahrefs.com/robot/)"
13.74.150.244 - - [11/Jun/2025:06:33:38 -0400] "GET /wp-includes/block-patterns/autoload_classmap.php HTTP/1.1" 301 0 "-" "-"
13.74.150.244 - - [11/Jun/2025:06:33:40 -0400] "GET / HTTP/1.1" 200 37240 "-" "-"
216.73.216.209 - - [11/Jun/2025:06:33:41 -0400] "GET /sitemap-child-1269.xml HTTP/1.1" 200 11402 "-" "Mozilla/5.0 AppleWebKit/537.36 (KHTML, like Gecko; compatible; ClaudeBot/1.0; [email protected])"
13.74.150.244 - - [11/Jun/2025:06:33:42 -0400] "GET /wp-includes/Text/index.php HTTP/1.1" 301 0 "-" "-"
51.222.253.18 - - [11/Jun/2025:06:33:43 -0400] "GET /td126712069.shtm HTTP/1.1" 301 0 "-" "Mozilla/5.0 (compatible; AhrefsBot/7.0; +http://ahrefs.com/robot/)"
13.74.150.244 - - [11/Jun/2025:06:33:43 -0400] "GET / HTTP/1.1" 200 37240 "-" "-"
13.74.150.244 - - [11/Jun/2025:06:33:45 -0400] "GET /wp-admin/includes/cong.php HTTP/1.1" 200 186 "-" "-"
13.74.150.244 - - [11/Jun/2025:06:33:46 -0400] "GET /wp-includes/Text/Diff/Renderer/about.php HTTP/1.1" 301 0 "-" "-"
51.222.253.1 - - [11/Jun/2025:06:33:48 -0400] "GET /td1956915223.shtm HTTP/1.1" 301 0 "-" "Mozilla/5.0 (compatible; AhrefsBot/7.0; +http://ahrefs.com/robot/)"
167.179.178.121 - - [11/Jun/2025:06:33:44 -0400] "GET /manga/wotakoi-love-is-hard-for-otaku-chapter-86/ HTTP/1.1" 200 43968 "-" "Mozilla/5.0 (Macintosh; Intel Mac OS X 10_15_7) AppleWebKit/605.1.15 (KHTML, like Gecko) Version/17.8 Safari/605.1.15"
13.74.150.244 - - [11/Jun/2025:06:33:47 -0400] "GET / HTTP/1.1" 200 37240 "-" "-"
13.74.150.244 - - [11/Jun/2025:06:33:51 -0400] "GET /images/lmfi2.php HTTP/1.1" 301 0 "-" "-"
51.222.253.20 - - [11/Jun/2025:06:33:53 -0400] "GET /td2000145735.shtm HTTP/1.1" 301 0 "-" "Mozilla/5.0 (compatible; AhrefsBot/7.0; +http://ahrefs.com/robot/)"
13.74.150.244 - - [11/Jun/2025:06:33:54 -0400] "GET / HTTP/1.1" 200 37240 "-" "-"
51.222.253.5 - - [11/Jun/2025:06:33:59 -0400] "GET /td427266531.shtm HTTP/1.1" 301 0 "-" "Mozilla/5.0 (compatible; AhrefsBot/7.0; +http://ahrefs.com/robot/)"
13.74.150.244 - - [11/Jun/2025:06:33:58 -0400] "GET /wp-admin/admin-post.php HTTP/1.1" 200 0 "-" "-"
13.74.150.244 - - [11/Jun/2025:06:34:02 -0400] "GET /wp-cron.php HTTP/1.1" 200 0 "-" "-"
13.74.150.244 - - [11/Jun/2025:06:34:02 -0400] "GET /wp-includes/Requests/Utility/alfa-rex.php HTTP/1.1" 301 0 "-" "-"
66.249.73.8 - - [11/Jun/2025:06:34:03 -0400] "GET /dax/1722323873.shtm HTTP/1.1" 200 81772 "-" "Mozilla/5.0 (Linux; Android 6.0.1; Nexus 5X Build/MMB29P) AppleWebKit/537.36 (KHTML, like Gecko) Chrome/136.0.7103.113 Mobile Safari/537.36 (compatible; Googlebot/2.1; +http://www.google.com/bot.html)"
51.222.253.10 - - [11/Jun/2025:06:34:06 -0400] "GET /td788934825.shtm HTTP/1.1" 301 0 "-" "Mozilla/5.0 (compatible; AhrefsBot/7.0; +http://ahrefs.com/robot/)"
