2a03:2880:f800:19:: - - [13/Jun/2025:13:10:51 -0400] "GET / HTTP/1.1" 200 37330 "-" "meta-externalagent/1.1 (+https://developers.facebook.com/docs/sharing/webmasters/crawler)"
66.249.66.164 - - [13/Jun/2025:13:10:52 -0400] "GET /h/rectus57793451.shtm HTTP/1.1" 200 81494 "-" "Mozilla/5.0 (Linux; Android 6.0.1; Nexus 5X Build/MMB29P) AppleWebKit/537.36 (KHTML, like Gecko) Chrome/136.0.7103.113 Mobile Safari/537.36 (compatible; Googlebot/2.1; +http://www.google.com/bot.html)"
54.36.149.25 - - [13/Jun/2025:13:10:53 -0400] "GET /nz973048387.shtm HTTP/1.1" 301 0 "-" "Mozilla/5.0 (compatible; AhrefsBot/7.0; +http://ahrefs.com/robot/)"
162.0.232.193 - - [13/Jun/2025:13:11:02 -0400] "POST /wp-cron.php?doing_wp_cron=1749834662.7928760051727294921875 HTTP/1.1" 200 0 "-" "WordPress/6.8.1; https://wotaku-manga.com"
2a03:2880:f800:1d:: - - [13/Jun/2025:13:11:01 -0400] "GET /shopdetail/35399335 HTTP/1.1" 301 0 "-" "meta-externalagent/1.1 (+https://developers.facebook.com/docs/sharing/webmasters/crawler)"
2a03:2880:f800:9:: - - [13/Jun/2025:13:11:06 -0400] "GET / HTTP/1.1" 200 37330 "-" "meta-externalagent/1.1 (+https://developers.facebook.com/docs/sharing/webmasters/crawler)"
66.249.66.161 - - [13/Jun/2025:13:11:08 -0400] "GET /r953020339.shtm HTTP/1.1" 200 81867 "-" "Mozilla/5.0 (Linux; Android 6.0.1; Nexus 5X Build/MMB29P) AppleWebKit/537.36 (KHTML, like Gecko) Chrome/136.0.7103.113 Mobile Safari/537.36 (compatible; GoogleOther)"
162.0.232.193 - - [13/Jun/2025:13:11:21 -0400] "POST /wp-cron.php?doing_wp_cron=1749834680.9250938892364501953125 HTTP/1.1" 200 0 "-" "WordPress/6.8.1; https://wotaku-manga.com"
54.36.149.70 - - [13/Jun/2025:13:11:20 -0400] "GET /o/120285032.shtm HTTP/1.1" 301 0 "-" "Mozilla/5.0 (compatible; AhrefsBot/7.0; +http://ahrefs.com/robot/)"
66.249.66.66 - - [13/Jun/2025:13:11:25 -0400] "GET /pr/53380773.shtm HTTP/1.1" 200 81333 "-" "Mozilla/5.0 (Linux; Android 6.0.1; Nexus 5X Build/MMB29P) AppleWebKit/537.36 (KHTML, like Gecko) Chrome/136.0.7103.113 Mobile Safari/537.36 (compatible; Googlebot/2.1; +http://www.google.com/bot.html)"
66.249.66.66 - - [13/Jun/2025:13:11:26 -0400] "GET /y46767224.shtm HTTP/1.1" 200 82072 "-" "Mozilla/5.0 (Linux; Android 6.0.1; Nexus 5X Build/MMB29P) AppleWebKit/537.36 (KHTML, like Gecko) Chrome/136.0.7103.113 Mobile Safari/537.36 (compatible; Googlebot/2.1; +http://www.google.com/bot.html)"
66.249.66.64 - - [13/Jun/2025:13:11:28 -0400] "GET /e/tithly55044162.shtm HTTP/1.1" 200 81421 "-" "Mozilla/5.0 (Linux; Android 6.0.1; Nexus 5X Build/MMB29P) AppleWebKit/537.36 (KHTML, like Gecko) Chrome/136.0.7103.113 Mobile Safari/537.36 (compatible; Googlebot/2.1; +http://www.google.com/bot.html)"
216.73.216.68 - - [13/Jun/2025:13:11:33 -0400] "GET /sitemap-child-1032.xml HTTP/1.1" 200 11442 "-" "Mozilla/5.0 AppleWebKit/537.36 (KHTML, like Gecko; compatible; ClaudeBot/1.0; [email protected])"
66.249.66.70 - - [13/Jun/2025:13:11:33 -0400] "GET /myq/shopdetail/scentingly/750927310.shtm HTTP/1.1" 200 81284 "-" "Mozilla/5.0 (Linux; Android 6.0.1; Nexus 5X Build/MMB29P) AppleWebKit/537.36 (KHTML, like Gecko) Chrome/136.0.7103.113 Mobile Safari/537.36 (compatible; GoogleOther)"
2a03:2880:f800:1a:: - - [13/Jun/2025:13:11:35 -0400] "GET /shopdetail/11271835 HTTP/1.1" 301 0 "-" "meta-externalagent/1.1 (+https://developers.facebook.com/docs/sharing/webmasters/crawler)"
2a03:2880:f800:d:: - - [13/Jun/2025:13:11:39 -0400] "GET / HTTP/1.1" 200 37330 "-" "meta-externalagent/1.1 (+https://developers.facebook.com/docs/sharing/webmasters/crawler)"
2a03:2880:f800:17:: - - [13/Jun/2025:13:11:42 -0400] "GET /shopdetail/372852535 HTTP/1.1" 301 0 "-" "meta-externalagent/1.1 (+https://developers.facebook.com/docs/sharing/webmasters/crawler)"
2a03:2880:f800:9:: - - [13/Jun/2025:13:11:46 -0400] "GET / HTTP/1.1" 200 37330 "-" "meta-externalagent/1.1 (+https://developers.facebook.com/docs/sharing/webmasters/crawler)"
162.0.232.193 - - [13/Jun/2025:13:11:52 -0400] "POST /wp-cron.php?doing_wp_cron=1749834711.7917220592498779296875 HTTP/1.1" 200 0 "-" "WordPress/6.8.1; https://wotaku-manga.com"
54.36.149.45 - - [13/Jun/2025:13:11:50 -0400] "GET /o/120301610.shtm HTTP/1.1" 301 0 "-" "Mozilla/5.0 (compatible; AhrefsBot/7.0; +http://ahrefs.com/robot/)"
66.249.66.70 - - [13/Jun/2025:13:11:58 -0400] "GET /i/preconceit/253668870.shtm HTTP/1.1" 200 81060 "-" "Mozilla/5.0 (Linux; Android 6.0.1; Nexus 5X Build/MMB29P) AppleWebKit/537.36 (KHTML, like Gecko) Chrome/136.0.7103.113 Mobile Safari/537.36 (compatible; GoogleOther)"
162.0.232.193 - - [13/Jun/2025:13:12:04 -0400] "POST /wp-cron.php?doing_wp_cron=1749834724.1925621032714843750000 HTTP/1.1" 200 0 "-" "WordPress/6.8.1; https://wotaku-manga.com"
54.36.148.84 - - [13/Jun/2025:13:12:03 -0400] "GET /o/230050080.shtm HTTP/1.1" 301 0 "-" "Mozilla/5.0 (compatible; AhrefsBot/7.0; +http://ahrefs.com/robot/)"
66.249.66.72 - - [13/Jun/2025:13:12:15 -0400] "GET /nx1451751675.shtm HTTP/1.1" 200 81804 "-" "Mozilla/5.0 (Linux; Android 6.0.1; Nexus 5X Build/MMB29P) AppleWebKit/537.36 (KHTML, like Gecko) Chrome/136.0.7103.113 Mobile Safari/537.36 (compatible; Googlebot/2.1; +http://www.google.com/bot.html)"
162.0.232.193 - - [13/Jun/2025:13:12:24 -0400] "POST /wp-cron.php?doing_wp_cron=1749834744.5338270664215087890625 HTTP/1.1" 200 0 "-" "WordPress/6.8.1; https://wotaku-manga.com"
54.36.148.141 - - [13/Jun/2025:13:12:23 -0400] "GET /o/346997960.shtm HTTP/1.1" 301 0 "-" "Mozilla/5.0 (compatible; AhrefsBot/7.0; +http://ahrefs.com/robot/)"
66.249.66.70 - - [13/Jun/2025:13:12:24 -0400] "GET /jyt/shopdetail/quaquaversal/953348337.shtm HTTP/1.1" 200 83349 "-" "Mozilla/5.0 (Linux; Android 6.0.1; Nexus 5X Build/MMB29P) AppleWebKit/537.36 (KHTML, like Gecko) Chrome/136.0.7103.113 Mobile Safari/537.36 (compatible; GoogleOther)"
66.249.66.64 - - [13/Jun/2025:13:12:42 -0400] "GET /rrz/cabinetmaker42416009.shtm HTTP/1.1" 200 81868 "-" "Mozilla/5.0 (Linux; Android 6.0.1; Nexus 5X Build/MMB29P) AppleWebKit/537.36 (KHTML, like Gecko) Chrome/136.0.7103.113 Mobile Safari/537.36 (compatible; Googlebot/2.1; +http://www.google.com/bot.html)"
66.249.66.66 - - [13/Jun/2025:13:12:43 -0400] "GET /dj/halteres98203855.shtm HTTP/1.1" 200 81807 "-" "Mozilla/5.0 (Linux; Android 6.0.1; Nexus 5X Build/MMB29P) AppleWebKit/537.36 (KHTML, like Gecko) Chrome/136.0.7103.113 Mobile Safari/537.36 (compatible; Googlebot/2.1; +http://www.google.com/bot.html)"
64.65.68.109 - - [13/Jun/2025:13:12:46 -0400] "GET /manga/wotaku-ni-koi-wa-muzukashii-chapter-54/ HTTP/1.1" 200 41265 "-" "Mozilla/5.0 (Macintosh; Intel Mac OS X 10_15_7) AppleWebKit/605.1.15 (KHTML, like Gecko) Version/18.2 Safari/605.1.15"
162.0.232.193 - - [13/Jun/2025:13:12:48 -0400] "POST /wp-cron.php?doing_wp_cron=1749834768.1854879856109619140625 HTTP/1.1" 200 0 "-" "WordPress/6.8.1; https://wotaku-manga.com"
54.36.149.89 - - [13/Jun/2025:13:12:47 -0400] "GET /o/406247324.shtm HTTP/1.1" 301 0 "-" "Mozilla/5.0 (compatible; AhrefsBot/7.0; +http://ahrefs.com/robot/)"
66.249.66.70 - - [13/Jun/2025:13:12:49 -0400] "GET /w953497696.shtm HTTP/1.1" 200 81131 "-" "Mozilla/5.0 (Linux; Android 6.0.1; Nexus 5X Build/MMB29P) AppleWebKit/537.36 (KHTML, like Gecko) Chrome/136.0.7103.113 Mobile Safari/537.36 (compatible; GoogleOther)"
64.65.68.109 - - [13/Jun/2025:13:12:51 -0400] "GET /wp-content/themes/toivo-lite/js/functions.min.js?ver=1.2.0 HTTP/1.1" 304 0 "https://wotaku-manga.com/manga/wotaku-ni-koi-wa-muzukashii-chapter-54/" "Mozilla/5.0 (Macintosh; Intel Mac OS X 10_15_7) AppleWebKit/605.1.15 (KHTML, like Gecko) Version/18.2 Safari/605.1.15"
66.249.66.72 - - [13/Jun/2025:13:13:14 -0400] "GET /x/products/lipping954678933.shtm HTTP/1.1" 200 81157 "-" "Mozilla/5.0 (Linux; Android 6.0.1; Nexus 5X Build/MMB29P) AppleWebKit/537.36 (KHTML, like Gecko) Chrome/136.0.7103.113 Mobile Safari/537.36 (compatible; GoogleOther)"
162.0.232.193 - - [13/Jun/2025:13:13:19 -0400] "POST /wp-cron.php?doing_wp_cron=1749834799.0958430767059326171875 HTTP/1.1" 200 0 "-" "WordPress/6.8.1; https://wotaku-manga.com"
54.36.149.63 - - [13/Jun/2025:13:13:18 -0400] "GET /o/406650882.shtm HTTP/1.1" 301 0 "-" "Mozilla/5.0 (compatible; AhrefsBot/7.0; +http://ahrefs.com/robot/)"
66.249.66.66 - - [13/Jun/2025:13:13:21 -0400] "GET /sy/43384794.shtm HTTP/1.1" 200 84087 "-" "Mozilla/5.0 (Linux; Android 6.0.1; Nexus 5X Build/MMB29P) AppleWebKit/537.36 (KHTML, like Gecko) Chrome/136.0.7103.113 Mobile Safari/537.36 (compatible; Googlebot/2.1; +http://www.google.com/bot.html)"
66.249.66.65 - - [13/Jun/2025:13:13:22 -0400] "GET /t52344699.shtm HTTP/1.1" 200 81748 "-" "Mozilla/5.0 (Linux; Android 6.0.1; Nexus 5X Build/MMB29P) AppleWebKit/537.36 (KHTML, like Gecko) Chrome/136.0.7103.113 Mobile Safari/537.36 (compatible; Googlebot/2.1; +http://www.google.com/bot.html)"
66.249.66.65 - - [13/Jun/2025:13:13:23 -0400] "GET /w/46960460.shtm HTTP/1.1" 200 81648 "-" "Mozilla/5.0 (Linux; Android 6.0.1; Nexus 5X Build/MMB29P) AppleWebKit/537.36 (KHTML, like Gecko) Chrome/136.0.7103.113 Mobile Safari/537.36 (compatible; Googlebot/2.1; +http://www.google.com/bot.html)"
66.249.66.66 - - [13/Jun/2025:13:13:25 -0400] "GET /iq/98206982.shtm HTTP/1.1" 200 81437 "-" "Mozilla/5.0 (Linux; Android 6.0.1; Nexus 5X Build/MMB29P) AppleWebKit/537.36 (KHTML, like Gecko) Chrome/136.0.7103.113 Mobile Safari/537.36 (compatible; Googlebot/2.1; +http://www.google.com/bot.html)"
66.249.66.65 - - [13/Jun/2025:13:13:26 -0400] "GET /ewm/butchery/50379952.shtm HTTP/1.1" 200 81567 "-" "Mozilla/5.0 (Linux; Android 6.0.1; Nexus 5X Build/MMB29P) AppleWebKit/537.36 (KHTML, like Gecko) Chrome/136.0.7103.113 Mobile Safari/537.36 (compatible; Googlebot/2.1; +http://www.google.com/bot.html)"
66.249.66.65 - - [13/Jun/2025:13:13:27 -0400] "GET /ei/harmony54005908.shtm HTTP/1.1" 200 81911 "-" "Mozilla/5.0 (Linux; Android 6.0.1; Nexus 5X Build/MMB29P) AppleWebKit/537.36 (KHTML, like Gecko) Chrome/136.0.7103.113 Mobile Safari/537.36 (compatible; Googlebot/2.1; +http://www.google.com/bot.html)"
66.249.66.64 - - [13/Jun/2025:13:13:28 -0400] "GET /x41134877.shtm HTTP/1.1" 200 82015 "-" "Mozilla/5.0 (Linux; Android 6.0.1; Nexus 5X Build/MMB29P) AppleWebKit/537.36 (KHTML, like Gecko) Chrome/136.0.7103.113 Mobile Safari/537.36 (compatible; Googlebot/2.1; +http://www.google.com/bot.html)"
66.249.66.71 - - [13/Jun/2025:13:13:30 -0400] "GET /hp/item/transuding/2017793689.shtm HTTP/1.1" 200 84439 "-" "Mozilla/5.0 (Linux; Android 6.0.1; Nexus 5X Build/MMB29P) AppleWebKit/537.36 (KHTML, like Gecko) Chrome/136.0.7103.113 Mobile Safari/537.36 (compatible; Googlebot/2.1; +http://www.google.com/bot.html)"
66.249.66.65 - - [13/Jun/2025:13:13:31 -0400] "GET /s/egyptizing64084490.shtm HTTP/1.1" 200 81554 "-" "Mozilla/5.0 (Linux; Android 6.0.1; Nexus 5X Build/MMB29P) AppleWebKit/537.36 (KHTML, like Gecko) Chrome/136.0.7103.113 Mobile Safari/537.36 (compatible; Googlebot/2.1; +http://www.google.com/bot.html)"
54.36.149.93 - - [13/Jun/2025:13:13:37 -0400] "GET /o/537787134.shtm HTTP/1.1" 301 0 "-" "Mozilla/5.0 (compatible; AhrefsBot/7.0; +http://ahrefs.com/robot/)"
66.249.66.70 - - [13/Jun/2025:13:13:39 -0400] "GET /h/750958867.shtm HTTP/1.1" 200 81362 "-" "Mozilla/5.0 (Linux; Android 6.0.1; Nexus 5X Build/MMB29P) AppleWebKit/537.36 (KHTML, like Gecko) Chrome/136.0.7103.113 Mobile Safari/537.36 (compatible; GoogleOther)"
66.249.66.72 - - [13/Jun/2025:13:14:04 -0400] "GET /j/item/piony298905721.shtm HTTP/1.1" 200 81867 "-" "Mozilla/5.0 (Linux; Android 6.0.1; Nexus 5X Build/MMB29P) AppleWebKit/537.36 (KHTML, like Gecko) Chrome/136.0.7103.113 Mobile Safari/537.36 (compatible; GoogleOther)"
162.0.232.193 - - [13/Jun/2025:13:14:09 -0400] "POST /wp-cron.php?doing_wp_cron=1749834849.4113259315490722656250 HTTP/1.1" 200 0 "-" "WordPress/6.8.1; https://wotaku-manga.com"
54.36.149.41 - - [13/Jun/2025:13:14:08 -0400] "GET /o/579362026.shtm HTTP/1.1" 301 0 "-" "Mozilla/5.0 (compatible; AhrefsBot/7.0; +http://ahrefs.com/robot/)"
66.249.66.64 - - [13/Jun/2025:13:14:09 -0400] "GET /b/57436333.shtm HTTP/1.1" 200 81974 "-" "Mozilla/5.0 (Linux; Android 6.0.1; Nexus 5X Build/MMB29P) AppleWebKit/537.36 (KHTML, like Gecko) Chrome/136.0.7103.113 Mobile Safari/537.36 (compatible; Googlebot/2.1; +http://www.google.com/bot.html)"
66.249.66.161 - - [13/Jun/2025:13:14:10 -0400] "GET /b/item/dendronessa/55517643.shtm HTTP/1.1" 200 81889 "-" "Mozilla/5.0 (Linux; Android 6.0.1; Nexus 5X Build/MMB29P) AppleWebKit/537.36 (KHTML, like Gecko) Chrome/136.0.7103.113 Mobile Safari/537.36 (compatible; Googlebot/2.1; +http://www.google.com/bot.html)"
162.0.232.193 - - [13/Jun/2025:13:14:20 -0400] "POST /wp-cron.php?doing_wp_cron=1749834860.6859309673309326171875 HTTP/1.1" 200 0 "-" "WordPress/6.8.1; https://wotaku-manga.com"
2a03:2880:f800:17:: - - [13/Jun/2025:13:14:19 -0400] "GET /shopdetail/201579235 HTTP/1.1" 301 0 "-" "meta-externalagent/1.1 (+https://developers.facebook.com/docs/sharing/webmasters/crawler)"
2a03:2880:f800:3:: - - [13/Jun/2025:13:14:23 -0400] "GET / HTTP/1.1" 200 37330 "-" "meta-externalagent/1.1 (+https://developers.facebook.com/docs/sharing/webmasters/crawler)"
2a03:2880:f800:1d:: - - [13/Jun/2025:13:14:23 -0400] "GET /shopdetail/273626735 HTTP/1.1" 301 0 "-" "meta-externalagent/1.1 (+https://developers.facebook.com/docs/sharing/webmasters/crawler)"
2a03:2880:f800:a:: - - [13/Jun/2025:13:14:29 -0400] "GET / HTTP/1.1" 200 37330 "-" "meta-externalagent/1.1 (+https://developers.facebook.com/docs/sharing/webmasters/crawler)"
66.249.66.70 - - [13/Jun/2025:13:14:29 -0400] "GET /hsj/shopping/prothorax/953012225.shtm HTTP/1.1" 200 81409 "-" "Mozilla/5.0 (Linux; Android 6.0.1; Nexus 5X Build/MMB29P) AppleWebKit/537.36 (KHTML, like Gecko) Chrome/136.0.7103.113 Mobile Safari/537.36 (compatible; GoogleOther)"
54.36.149.81 - - [13/Jun/2025:13:14:30 -0400] "GET /o/594183878.shtm HTTP/1.1" 301 0 "-" "Mozilla/5.0 (compatible; AhrefsBot/7.0; +http://ahrefs.com/robot/)"
66.249.66.2 - - [13/Jun/2025:13:14:47 -0400] "GET /j/98207981.shtm HTTP/1.1" 200 81272 "-" "Mozilla/5.0 (Linux; Android 6.0.1; Nexus 5X Build/MMB29P) AppleWebKit/537.36 (KHTML, like Gecko) Chrome/136.0.7103.113 Mobile Safari/537.36 (compatible; Googlebot/2.1; +http://www.google.com/bot.html)"
162.0.232.193 - - [13/Jun/2025:13:14:50 -0400] "POST /wp-cron.php?doing_wp_cron=1749834890.7057359218597412109375 HTTP/1.1" 200 0 "-" "WordPress/6.8.1; https://wotaku-manga.com"
172.81.61.8 - - [13/Jun/2025:13:14:49 -0400] "GET /.env HTTP/1.1" 301 0 "-" "python-requests/2.26.0"
172.81.61.8 - - [13/Jun/2025:13:14:51 -0400] "GET / HTTP/1.1" 200 37330 "-" "python-requests/2.26.0"
172.81.61.8 - - [13/Jun/2025:13:14:51 -0400] "GET / HTTP/1.1" 200 37330 "-" "python-requests/2.26.0"
66.249.66.70 - - [13/Jun/2025:13:14:54 -0400] "GET /r/products/opinionatively/954656053.shtm HTTP/1.1" 200 81378 "-" "Mozilla/5.0 (Linux; Android 6.0.1; Nexus 5X Build/MMB29P) AppleWebKit/537.36 (KHTML, like Gecko) Chrome/136.0.7103.113 Mobile Safari/537.36 (compatible; GoogleOther)"
66.249.66.72 - - [13/Jun/2025:13:15:19 -0400] "GET /i954686434.shtm HTTP/1.1" 200 81467 "-" "Mozilla/5.0 (Linux; Android 6.0.1; Nexus 5X Build/MMB29P) AppleWebKit/537.36 (KHTML, like Gecko) Chrome/136.0.7103.113 Mobile Safari/537.36 (compatible; GoogleOther)"
216.73.216.68 - - [13/Jun/2025:13:15:22 -0400] "GET /sitemap-child-2560.xml HTTP/1.1" 200 11402 "-" "Mozilla/5.0 AppleWebKit/537.36 (KHTML, like Gecko; compatible; ClaudeBot/1.0; [email protected])"
66.249.66.64 - - [13/Jun/2025:13:15:25 -0400] "GET /h50066117.shtm HTTP/1.1" 200 82204 "-" "Mozilla/5.0 (Linux; Android 6.0.1; Nexus 5X Build/MMB29P) AppleWebKit/537.36 (KHTML, like Gecko) Chrome/136.0.7103.113 Mobile Safari/537.36 (compatible; Googlebot/2.1; +http://www.google.com/bot.html)"
66.249.66.65 - - [13/Jun/2025:13:15:26 -0400] "GET /l/54592275.shtm HTTP/1.1" 200 81928 "-" "Mozilla/5.0 (Linux; Android 6.0.1; Nexus 5X Build/MMB29P) AppleWebKit/537.36 (KHTML, like Gecko) Chrome/136.0.7103.113 Mobile Safari/537.36 (compatible; Googlebot/2.1; +http://www.google.com/bot.html)"
66.249.66.71 - - [13/Jun/2025:13:15:44 -0400] "GET /bt/special/tautochrone749828605.shtm HTTP/1.1" 200 82087 "-" "Mozilla/5.0 (Linux; Android 6.0.1; Nexus 5X Build/MMB29P) AppleWebKit/537.36 (KHTML, like Gecko) Chrome/136.0.7103.113 Mobile Safari/537.36 (compatible; GoogleOther)"
66.249.66.71 - - [13/Jun/2025:13:15:48 -0400] "GET /pfr2012008119.shtm HTTP/1.1" 200 81393 "-" "Mozilla/5.0 (Linux; Android 6.0.1; Nexus 5X Build/MMB29P) AppleWebKit/537.36 (KHTML, like Gecko) Chrome/136.0.7103.113 Mobile Safari/537.36 (compatible; Googlebot/2.1; +http://www.google.com/bot.html)"
66.249.66.65 - - [13/Jun/2025:13:15:50 -0400] "GET /kgy/49328862.shtm HTTP/1.1" 200 81987 "-" "Mozilla/5.0 (Linux; Android 6.0.1; Nexus 5X Build/MMB29P) AppleWebKit/537.36 (KHTML, like Gecko) Chrome/136.0.7103.113 Mobile Safari/537.36 (compatible; Googlebot/2.1; +http://www.google.com/bot.html)"
162.0.232.193 - - [13/Jun/2025:13:16:05 -0400] "POST /wp-cron.php?doing_wp_cron=1749834964.7896769046783447265625 HTTP/1.1" 200 0 "-" "WordPress/6.8.1; https://wotaku-manga.com"
54.36.148.172 - - [13/Jun/2025:13:16:03 -0400] "GET /o/624158804.shtm HTTP/1.1" 301 0 "-" "Mozilla/5.0 (compatible; AhrefsBot/7.0; +http://ahrefs.com/robot/)"
66.249.66.64 - - [13/Jun/2025:13:16:04 -0400] "GET /bqr/98203525.shtm HTTP/1.1" 200 81736 "-" "Mozilla/5.0 (Linux; Android 6.0.1; Nexus 5X Build/MMB29P) AppleWebKit/537.36 (KHTML, like Gecko) Chrome/136.0.7103.113 Mobile Safari/537.36 (compatible; Googlebot/2.1; +http://www.google.com/bot.html)"
66.249.66.72 - - [13/Jun/2025:13:16:10 -0400] "GET /xrf/snifted954590915.shtm HTTP/1.1" 200 81246 "-" "Mozilla/5.0 (Linux; Android 6.0.1; Nexus 5X Build/MMB29P) AppleWebKit/537.36 (KHTML, like Gecko) Chrome/136.0.7103.113 Mobile Safari/537.36 (compatible; GoogleOther)"
162.0.232.193 - - [13/Jun/2025:13:16:24 -0400] "POST /wp-cron.php?doing_wp_cron=1749834984.1996378898620605468750 HTTP/1.1" 200 0 "-" "WordPress/6.8.1; https://wotaku-manga.com"
54.36.148.234 - - [13/Jun/2025:13:16:22 -0400] "GET /o/634209538.shtm HTTP/1.1" 301 0 "-" "Mozilla/5.0 (compatible; AhrefsBot/7.0; +http://ahrefs.com/robot/)"
66.249.66.74 - - [13/Jun/2025:13:16:27 -0400] "GET /w49124794.shtm HTTP/1.1" 200 81838 "-" "Mozilla/5.0 (Linux; Android 6.0.1; Nexus 5X Build/MMB29P) AppleWebKit/537.36 (KHTML, like Gecko) Chrome/136.0.7103.113 Mobile Safari/537.36 (compatible; Googlebot/2.1; +http://www.google.com/bot.html)"
66.249.66.74 - - [13/Jun/2025:13:16:29 -0400] "GET /xv44637731.shtm HTTP/1.1" 200 83342 "-" "Mozilla/5.0 (Linux; Android 6.0.1; Nexus 5X Build/MMB29P) AppleWebKit/537.36 (KHTML, like Gecko) Chrome/136.0.7103.113 Mobile Safari/537.36 (compatible; Googlebot/2.1; +http://www.google.com/bot.html)"
66.249.66.70 - - [13/Jun/2025:13:16:35 -0400] "GET /rvx953407335.shtm HTTP/1.1" 200 81232 "-" "Mozilla/5.0 (Linux; Android 6.0.1; Nexus 5X Build/MMB29P) AppleWebKit/537.36 (KHTML, like Gecko) Chrome/136.0.7103.113 Mobile Safari/537.36 (compatible; GoogleOther)"
2a03:2880:f800:b:: - - [13/Jun/2025:13:16:35 -0400] "GET /shopdetail/213791735 HTTP/1.1" 301 0 "-" "meta-externalagent/1.1 (+https://developers.facebook.com/docs/sharing/webmasters/crawler)"
2a03:2880:f800:e:: - - [13/Jun/2025:13:16:40 -0400] "GET / HTTP/1.1" 200 37330 "-" "meta-externalagent/1.1 (+https://developers.facebook.com/docs/sharing/webmasters/crawler)"
66.249.66.73 - - [13/Jun/2025:13:16:42 -0400] "GET /aw98219416.shtm HTTP/1.1" 200 83520 "-" "Mozilla/5.0 (Linux; Android 6.0.1; Nexus 5X Build/MMB29P) AppleWebKit/537.36 (KHTML, like Gecko) Chrome/136.0.7103.113 Mobile Safari/537.36 (compatible; Googlebot/2.1; +http://www.google.com/bot.html)"
180.252.84.220 - - [13/Jun/2025:13:16:48 -0400] "GET /manga/wotaku-ni-koi-wa-muzukashii-chapter-32/ HTTP/1.1" 200 42357 "-" "Mozilla/5.0 (Linux; Android 10; K) AppleWebKit/537.36 (KHTML, like Gecko) SamsungBrowser/28.0 Chrome/130.0.0.0 Mobile Safari/537.36"
180.252.84.220 - - [13/Jun/2025:13:16:50 -0400] "GET / HTTP/1.1" 200 38056 "https://wotaku-manga.com/manga/wotaku-ni-koi-wa-muzukashii-chapter-32/" "Mozilla/5.0 (Linux; Android 10; K) AppleWebKit/537.36 (KHTML, like Gecko) SamsungBrowser/28.0 Chrome/130.0.0.0 Mobile Safari/537.36"
66.249.66.70 - - [13/Jun/2025:13:16:52 -0400] "GET /ivy/detail/cygnopsis952960422.shtm HTTP/1.1" 200 81955 "-" "Mozilla/5.0 (Linux; Android 6.0.1; Nexus 5X Build/MMB29P) AppleWebKit/537.36 (KHTML, like Gecko) Chrome/136.0.7103.113 Mobile Safari/537.36 (compatible; GoogleOther)"
2a03:2880:f800:13:: - - [13/Jun/2025:13:17:03 -0400] "GET /manga/wotaku-ni-koi-wa-muzukashii-chapter-38/ HTTP/1.1" 200 41510 "-" "meta-externalagent/1.1 (+https://developers.facebook.com/docs/sharing/webmasters/crawler)"
2a09:bac3:4bdb:96::f:327 - - [13/Jun/2025:13:17:12 -0400] "GET /manga/wotakoi-love-is-hard-for-otaku-chapter-87/ HTTP/1.1" 200 40745 "-" "Mozilla/5.0 (iPhone; CPU iPhone OS 18_5 like Mac OS X) AppleWebKit/605.1.15 (KHTML, like Gecko) Mobile/15E148"
66.249.66.70 - - [13/Jun/2025:13:17:13 -0400] "GET /x/953463107.shtm HTTP/1.1" 200 81193 "-" "Mozilla/5.0 (Linux; Android 6.0.1; Nexus 5X Build/MMB29P) AppleWebKit/537.36 (KHTML, like Gecko) Chrome/136.0.7103.113 Mobile Safari/537.36 (compatible; GoogleOther)"
45.227.253.15 - - [13/Jun/2025:13:17:15 -0400] "GET /index.php/jk HTTP/1.1" 200 47 "-" "Mozilla/5.0 (Windows NT 10.0; Win64; x64; rv:80.0) Gecko/20100101 Firefox/80.0"
162.0.232.193 - - [13/Jun/2025:13:17:16 -0400] "POST /wp-cron.php?doing_wp_cron=1749835036.6095440387725830078125 HTTP/1.1" 200 0 "-" "WordPress/6.8.1; https://wotaku-manga.com"
54.36.149.0 - - [13/Jun/2025:13:17:14 -0400] "GET /o/83442966.shtm HTTP/1.1" 301 0 "-" "Mozilla/5.0 (compatible; AhrefsBot/7.0; +http://ahrefs.com/robot/)"
66.249.66.74 - - [13/Jun/2025:13:17:21 -0400] "GET /jp/wormshaped48025447.shtm HTTP/1.1" 200 81621 "-" "Mozilla/5.0 (Linux; Android 6.0.1; Nexus 5X Build/MMB29P) AppleWebKit/537.36 (KHTML, like Gecko) Chrome/136.0.7103.113 Mobile Safari/537.36 (compatible; Googlebot/2.1; +http://www.google.com/bot.html)"
2a03:2880:f800:15:: - - [13/Jun/2025:13:17:21 -0400] "GET /shopdetail/176941935 HTTP/1.1" 301 0 "-" "meta-externalagent/1.1 (+https://developers.facebook.com/docs/sharing/webmasters/crawler)"
66.249.66.75 - - [13/Jun/2025:13:17:22 -0400] "GET /f/57702751.shtm HTTP/1.1" 200 81091 "-" "Mozilla/5.0 (Linux; Android 6.0.1; Nexus 5X Build/MMB29P) AppleWebKit/537.36 (KHTML, like Gecko) Chrome/136.0.7103.113 Mobile Safari/537.36 (compatible; Googlebot/2.1; +http://www.google.com/bot.html)"
2a03:2880:f800:18:: - - [13/Jun/2025:13:17:24 -0400] "GET / HTTP/1.1" 200 37429 "-" "meta-externalagent/1.1 (+https://developers.facebook.com/docs/sharing/webmasters/crawler)"
66.249.66.75 - - [13/Jun/2025:13:17:24 -0400] "GET /nd/cherubim57709447.shtm HTTP/1.1" 200 81506 "-" "Mozilla/5.0 (Linux; Android 6.0.1; Nexus 5X Build/MMB29P) AppleWebKit/537.36 (KHTML, like Gecko) Chrome/136.0.7103.113 Mobile Safari/537.36 (compatible; Googlebot/2.1; +http://www.google.com/bot.html)"
66.249.66.71 - - [13/Jun/2025:13:17:34 -0400] "GET /uqm/953479708.shtm HTTP/1.1" 200 82790 "-" "Mozilla/5.0 (Linux; Android 6.0.1; Nexus 5X Build/MMB29P) AppleWebKit/537.36 (KHTML, like Gecko) Chrome/136.0.7103.113 Mobile Safari/537.36 (compatible; GoogleOther)"
162.0.232.193 - - [13/Jun/2025:13:17:53 -0400] "POST /wp-cron.php?doing_wp_cron=1749835073.4858210086822509765625 HTTP/1.1" 200 0 "-" "WordPress/6.8.1; https://wotaku-manga.com"
2a03:2880:f800:e:: - - [13/Jun/2025:13:17:52 -0400] "GET /shopdetail/297497135 HTTP/1.1" 301 0 "-" "meta-externalagent/1.1 (+https://developers.facebook.com/docs/sharing/webmasters/crawler)"
2a03:2880:f800:e:: - - [13/Jun/2025:13:17:55 -0400] "GET / HTTP/1.1" 200 37330 "-" "meta-externalagent/1.1 (+https://developers.facebook.com/docs/sharing/webmasters/crawler)"
66.249.66.70 - - [13/Jun/2025:13:17:55 -0400] "GET /i/953505828.shtm HTTP/1.1" 200 81539 "-" "Mozilla/5.0 (Linux; Android 6.0.1; Nexus 5X Build/MMB29P) AppleWebKit/537.36 (KHTML, like Gecko) Chrome/136.0.7103.113 Mobile Safari/537.36 (compatible; GoogleOther)"
54.36.149.59 - - [13/Jun/2025:13:17:55 -0400] "GET /o/8652132.shtm HTTP/1.1" 301 0 "-" "Mozilla/5.0 (compatible; AhrefsBot/7.0; +http://ahrefs.com/robot/)"
162.0.232.193 - - [13/Jun/2025:13:18:00 -0400] "POST /wp-cron.php?doing_wp_cron=1749835080.4976298809051513671875 HTTP/1.1" 200 0 "-" "WordPress/6.8.1; https://wotaku-manga.com"
2a03:2880:f800:17:: - - [13/Jun/2025:13:17:58 -0400] "GET /shopdetail/360717635 HTTP/1.1" 301 0 "-" "meta-externalagent/1.1 (+https://developers.facebook.com/docs/sharing/webmasters/crawler)"
2a03:2880:f800:1a:: - - [13/Jun/2025:13:17:59 -0400] "GET /shopdetail/377992135 HTTP/1.1" 301 0 "-" "meta-externalagent/1.1 (+https://developers.facebook.com/docs/sharing/webmasters/crawler)"
2a03:2880:f800:15:: - - [13/Jun/2025:13:18:02 -0400] "GET / HTTP/1.1" 200 37330 "-" "meta-externalagent/1.1 (+https://developers.facebook.com/docs/sharing/webmasters/crawler)"
2a03:2880:f800:18:: - - [13/Jun/2025:13:18:03 -0400] "GET / HTTP/1.1" 200 37330 "-" "meta-externalagent/1.1 (+https://developers.facebook.com/docs/sharing/webmasters/crawler)"
2a03:2880:f800:f:: - - [13/Jun/2025:13:18:08 -0400] "GET /shopdetail/91871235 HTTP/1.1" 301 0 "-" "meta-externalagent/1.1 (+https://developers.facebook.com/docs/sharing/webmasters/crawler)"
2a03:2880:f800:10:: - - [13/Jun/2025:13:18:11 -0400] "GET / HTTP/1.1" 200 37330 "-" "meta-externalagent/1.1 (+https://developers.facebook.com/docs/sharing/webmasters/crawler)"
66.249.66.71 - - [13/Jun/2025:13:18:16 -0400] "GET /b/goodscode/numismatics/298935709.shtm HTTP/1.1" 200 83687 "-" "Mozilla/5.0 (Linux; Android 6.0.1; Nexus 5X Build/MMB29P) AppleWebKit/537.36 (KHTML, like Gecko) Chrome/136.0.7103.113 Mobile Safari/537.36 (compatible; GoogleOther)"
162.0.232.193 - - [13/Jun/2025:13:18:26 -0400] "POST /wp-cron.php?doing_wp_cron=1749835106.8132510185241699218750 HTTP/1.1" 200 0 "-" "WordPress/6.8.1; https://wotaku-manga.com"
54.36.148.234 - - [13/Jun/2025:13:18:26 -0400] "GET /o/903238826.shtm HTTP/1.1" 301 0 "-" "Mozilla/5.0 (compatible; AhrefsBot/7.0; +http://ahrefs.com/robot/)"
2a03:2880:f800:a:: - - [13/Jun/2025:13:18:26 -0400] "GET /shopdetail/386547135 HTTP/1.1" 301 0 "-" "meta-externalagent/1.1 (+https://developers.facebook.com/docs/sharing/webmasters/crawler)"
2a03:2880:f800:11:: - - [13/Jun/2025:13:18:28 -0400] "GET / HTTP/1.1" 200 37330 "-" "meta-externalagent/1.1 (+https://developers.facebook.com/docs/sharing/webmasters/crawler)"
66.249.66.70 - - [13/Jun/2025:13:18:37 -0400] "GET /j/goodscode/pellucidly/1794934905.shtm HTTP/1.1" 200 81461 "-" "Mozilla/5.0 (Linux; Android 6.0.1; Nexus 5X Build/MMB29P) AppleWebKit/537.36 (KHTML, like Gecko) Chrome/136.0.7103.113 Mobile Safari/537.36 (compatible; GoogleOther)"
66.249.66.75 - - [13/Jun/2025:13:18:39 -0400] "GET /ko/abscondment57759196.shtm HTTP/1.1" 200 80969 "-" "Mozilla/5.0 (Linux; Android 6.0.1; Nexus 5X Build/MMB29P) AppleWebKit/537.36 (KHTML, like Gecko) Chrome/136.0.7103.113 Mobile Safari/537.36 (compatible; Googlebot/2.1; +http://www.google.com/bot.html)"
66.249.66.70 - - [13/Jun/2025:13:18:58 -0400] "GET /o/253742380.shtm HTTP/1.1" 200 82082 "-" "Mozilla/5.0 (Linux; Android 6.0.1; Nexus 5X Build/MMB29P) AppleWebKit/537.36 (KHTML, like Gecko) Chrome/136.0.7103.113 Mobile Safari/537.36 (compatible; GoogleOther)"
162.0.232.193 - - [13/Jun/2025:13:19:01 -0400] "POST /wp-cron.php?doing_wp_cron=1749835141.4275190830230712890625 HTTP/1.1" 200 0 "-" "WordPress/6.8.1; https://wotaku-manga.com"
54.36.148.109 - - [13/Jun/2025:13:18:59 -0400] "GET /o/903485966.shtm HTTP/1.1" 301 0 "-" "Mozilla/5.0 (compatible; AhrefsBot/7.0; +http://ahrefs.com/robot/)"
66.249.66.72 - - [13/Jun/2025:13:19:19 -0400] "GET /uiq/253746626.shtm HTTP/1.1" 200 82612 "-" "Mozilla/5.0 (Linux; Android 6.0.1; Nexus 5X Build/MMB29P) AppleWebKit/537.36 (KHTML, like Gecko) Chrome/136.0.7103.113 Mobile Safari/537.36 (compatible; GoogleOther)"
162.0.232.193 - - [13/Jun/2025:13:19:22 -0400] "POST /wp-cron.php?doing_wp_cron=1749835162.2955689430236816406250 HTTP/1.1" 200 0 "-" "WordPress/6.8.1; https://wotaku-manga.com"
54.36.149.19 - - [13/Jun/2025:13:19:20 -0400] "GET /o/948177508.shtm HTTP/1.1" 301 0 "-" "Mozilla/5.0 (compatible; AhrefsBot/7.0; +http://ahrefs.com/robot/)"
54.36.148.207 - - [13/Jun/2025:13:19:29 -0400] "GET /o1074348644.shtm HTTP/1.1" 301 0 "-" "Mozilla/5.0 (compatible; AhrefsBot/7.0; +http://ahrefs.com/robot/)"
66.249.66.73 - - [13/Jun/2025:13:19:33 -0400] "GET /hd/56067183.shtm HTTP/1.1" 200 81578 "-" "Mozilla/5.0 (Linux; Android 6.0.1; Nexus 5X Build/MMB29P) AppleWebKit/537.36 (KHTML, like Gecko) Chrome/136.0.7103.113 Mobile Safari/537.36 (compatible; Googlebot/2.1; +http://www.google.com/bot.html)"
66.249.66.73 - - [13/Jun/2025:13:19:34 -0400] "GET /xsz/46855847.shtm HTTP/1.1" 200 82730 "-" "Mozilla/5.0 (Linux; Android 6.0.1; Nexus 5X Build/MMB29P) AppleWebKit/537.36 (KHTML, like Gecko) Chrome/136.0.7103.113 Mobile Safari/537.36 (compatible; Googlebot/2.1; +http://www.google.com/bot.html)"
66.249.66.71 - - [13/Jun/2025:13:19:40 -0400] "GET /n/953403787.shtm HTTP/1.1" 200 80992 "-" "Mozilla/5.0 (Linux; Android 6.0.1; Nexus 5X Build/MMB29P) AppleWebKit/537.36 (KHTML, like Gecko) Chrome/136.0.7103.113 Mobile Safari/537.36 (compatible; GoogleOther)"
162.0.232.193 - - [13/Jun/2025:13:19:49 -0400] "POST /wp-cron.php?doing_wp_cron=1749835189.7863919734954833984375 HTTP/1.1" 200 0 "-" "WordPress/6.8.1; https://wotaku-manga.com"
54.36.148.88 - - [13/Jun/2025:13:19:48 -0400] "GET /o1120254852.shtm HTTP/1.1" 301 0 "-" "Mozilla/5.0 (compatible; AhrefsBot/7.0; +http://ahrefs.com/robot/)"
2a03:2880:f800:16:: - - [13/Jun/2025:13:19:52 -0400] "GET /shopdetail/339445235 HTTP/1.1" 301 0 "-" "meta-externalagent/1.1 (+https://developers.facebook.com/docs/sharing/webmasters/crawler)"
66.249.66.74 - - [13/Jun/2025:13:19:53 -0400] "GET /gc/morgue57686904.shtm HTTP/1.1" 200 81692 "-" "Mozilla/5.0 (Linux; Android 6.0.1; Nexus 5X Build/MMB29P) AppleWebKit/537.36 (KHTML, like Gecko) Chrome/136.0.7103.113 Mobile Safari/537.36 (compatible; Googlebot/2.1; +http://www.google.com/bot.html)"
2a03:2880:f800:18:: - - [13/Jun/2025:13:19:55 -0400] "GET / HTTP/1.1" 200 37429 "-" "meta-externalagent/1.1 (+https://developers.facebook.com/docs/sharing/webmasters/crawler)"
2a03:2880:f800:5:: - - [13/Jun/2025:13:19:56 -0400] "GET /shopdetail/9340235 HTTP/1.1" 301 0 "-" "meta-externalagent/1.1 (+https://developers.facebook.com/docs/sharing/webmasters/crawler)"
2a03:2880:f800:d:: - - [13/Jun/2025:13:20:00 -0400] "GET / HTTP/1.1" 200 37429 "-" "meta-externalagent/1.1 (+https://developers.facebook.com/docs/sharing/webmasters/crawler)"
66.249.66.71 - - [13/Jun/2025:13:20:02 -0400] "GET /dp/403581713.shtm HTTP/1.1" 200 81608 "-" "Mozilla/5.0 (Linux; Android 6.0.1; Nexus 5X Build/MMB29P) AppleWebKit/537.36 (KHTML, like Gecko) Chrome/136.0.7103.113 Mobile Safari/537.36 (compatible; GoogleOther)"
66.249.66.70 - - [13/Jun/2025:13:20:23 -0400] "GET /b/friarly/253663365.shtm HTTP/1.1" 200 81721 "-" "Mozilla/5.0 (Linux; Android 6.0.1; Nexus 5X Build/MMB29P) AppleWebKit/537.36 (KHTML, like Gecko) Chrome/136.0.7103.113 Mobile Safari/537.36 (compatible; GoogleOther)"
216.73.216.68 - - [13/Jun/2025:13:20:37 -0400] "GET /sitemap-child-2573.xml HTTP/1.1" 200 11252 "-" "Mozilla/5.0 AppleWebKit/537.36 (KHTML, like Gecko; compatible; ClaudeBot/1.0; [email protected])"
66.249.66.70 - - [13/Jun/2025:13:20:44 -0400] "GET /tv253729445.shtm HTTP/1.1" 200 81102 "-" "Mozilla/5.0 (Linux; Android 6.0.1; Nexus 5X Build/MMB29P) AppleWebKit/537.36 (KHTML, like Gecko) Chrome/136.0.7103.113 Mobile Safari/537.36 (compatible; GoogleOther)"
2a03:2880:f800:11:: - - [13/Jun/2025:13:20:49 -0400] "GET /shopdetail/416342335 HTTP/1.1" 301 0 "-" "meta-externalagent/1.1 (+https://developers.facebook.com/docs/sharing/webmasters/crawler)"
162.0.232.193 - - [13/Jun/2025:13:20:50 -0400] "POST /wp-cron.php?doing_wp_cron=1749835250.3024599552154541015625 HTTP/1.1" 200 0 "-" "WordPress/6.8.1; https://wotaku-manga.com"
54.36.149.15 - - [13/Jun/2025:13:20:48 -0400] "GET /o1252199188.shtm HTTP/1.1" 301 0 "-" "Mozilla/5.0 (compatible; AhrefsBot/7.0; +http://ahrefs.com/robot/)"
2a03:2880:f800:19:: - - [13/Jun/2025:13:20:52 -0400] "GET / HTTP/1.1" 200 37330 "-" "meta-externalagent/1.1 (+https://developers.facebook.com/docs/sharing/webmasters/crawler)"
66.249.66.70 - - [13/Jun/2025:13:21:05 -0400] "GET /k953472226.shtm HTTP/1.1" 200 81831 "-" "Mozilla/5.0 (Linux; Android 6.0.1; Nexus 5X Build/MMB29P) AppleWebKit/537.36 (KHTML, like Gecko) Chrome/136.0.7103.113 Mobile Safari/537.36 (compatible; GoogleOther)"
66.249.66.74 - - [13/Jun/2025:13:21:07 -0400] "GET /kay/57707414.shtm HTTP/1.1" 200 81523 "-" "Mozilla/5.0 (Linux; Android 6.0.1; Nexus 5X Build/MMB29P) AppleWebKit/537.36 (KHTML, like Gecko) Chrome/136.0.7103.113 Mobile Safari/537.36 (compatible; Googlebot/2.1; +http://www.google.com/bot.html)"
66.249.66.73 - - [13/Jun/2025:13:21:24 -0400] "GET /q/amarus83357590.shtm HTTP/1.1" 200 81374 "-" "Mozilla/5.0 (Linux; Android 6.0.1; Nexus 5X Build/MMB29P) AppleWebKit/537.36 (KHTML, like Gecko) Chrome/136.0.7103.113 Mobile Safari/537.36 (compatible; Googlebot/2.1; +http://www.google.com/bot.html)"
66.249.66.73 - - [13/Jun/2025:13:21:25 -0400] "GET /s/emergency48207750.shtm HTTP/1.1" 200 81740 "-" "Mozilla/5.0 (Linux; Android 6.0.1; Nexus 5X Build/MMB29P) AppleWebKit/537.36 (KHTML, like Gecko) Chrome/136.0.7103.113 Mobile Safari/537.36 (compatible; Googlebot/2.1; +http://www.google.com/bot.html)"
66.249.66.71 - - [13/Jun/2025:13:21:27 -0400] "GET /v/specked952933701.shtm HTTP/1.1" 200 81971 "-" "Mozilla/5.0 (Linux; Android 6.0.1; Nexus 5X Build/MMB29P) AppleWebKit/537.36 (KHTML, like Gecko) Chrome/136.0.7103.113 Mobile Safari/537.36 (compatible; GoogleOther)"
162.0.232.193 - - [13/Jun/2025:13:21:29 -0400] "POST /wp-cron.php?doing_wp_cron=1749835289.7068250179290771484375 HTTP/1.1" 200 0 "-" "WordPress/6.8.1; https://wotaku-manga.com"
54.36.148.162 - - [13/Jun/2025:13:21:28 -0400] "GET /o1359659654.shtm HTTP/1.1" 301 0 "-" "Mozilla/5.0 (compatible; AhrefsBot/7.0; +http://ahrefs.com/robot/)"
66.249.66.70 - - [13/Jun/2025:13:21:47 -0400] "GET /z/shopdetail/floran954696857.shtm HTTP/1.1" 200 86401 "-" "Mozilla/5.0 (Linux; Android 6.0.1; Nexus 5X Build/MMB29P) AppleWebKit/537.36 (KHTML, like Gecko) Chrome/136.0.7103.113 Mobile Safari/537.36 (compatible; GoogleOther)"
66.249.66.71 - - [13/Jun/2025:13:22:08 -0400] "GET /q/shopdetail/recriminatory749838758.shtm HTTP/1.1" 200 82064 "-" "Mozilla/5.0 (Linux; Android 6.0.1; Nexus 5X Build/MMB29P) AppleWebKit/537.36 (KHTML, like Gecko) Chrome/136.0.7103.113 Mobile Safari/537.36 (compatible; GoogleOther)"
66.249.66.75 - - [13/Jun/2025:13:22:22 -0400] "GET /r/57710867.shtm HTTP/1.1" 200 81620 "-" "Mozilla/5.0 (Linux; Android 6.0.1; Nexus 5X Build/MMB29P) AppleWebKit/537.36 (KHTML, like Gecko) Chrome/136.0.7103.113 Mobile Safari/537.36 (compatible; Googlebot/2.1; +http://www.google.com/bot.html)"
162.0.232.193 - - [13/Jun/2025:13:22:28 -0400] "POST /wp-cron.php?doing_wp_cron=1749835348.6909010410308837890625 HTTP/1.1" 200 0 "-" "WordPress/6.8.1; https://wotaku-manga.com"
54.36.148.106 - - [13/Jun/2025:13:22:27 -0400] "GET /o1383070370.shtm HTTP/1.1" 301 0 "-" "Mozilla/5.0 (compatible; AhrefsBot/7.0; +http://ahrefs.com/robot/)"
66.249.66.71 - - [13/Jun/2025:13:22:29 -0400] "GET /uhi/termor952934302.shtm HTTP/1.1" 200 81315 "-" "Mozilla/5.0 (Linux; Android 6.0.1; Nexus 5X Build/MMB29P) AppleWebKit/537.36 (KHTML, like Gecko) Chrome/136.0.7103.113 Mobile Safari/537.36 (compatible; GoogleOther)"
162.0.232.193 - - [13/Jun/2025:13:22:46 -0400] "POST /wp-cron.php?doing_wp_cron=1749835366.4061300754547119140625 HTTP/1.1" 200 0 "-" "WordPress/6.8.1; https://wotaku-manga.com"
2a03:2880:f800:1d:: - - [13/Jun/2025:13:22:45 -0400] "GET /shopdetail/367542235 HTTP/1.1" 301 0 "-" "meta-externalagent/1.1 (+https://developers.facebook.com/docs/sharing/webmasters/crawler)"
2a03:2880:f800:e:: - - [13/Jun/2025:13:22:48 -0400] "GET / HTTP/1.1" 200 37429 "-" "meta-externalagent/1.1 (+https://developers.facebook.com/docs/sharing/webmasters/crawler)"
66.249.66.70 - - [13/Jun/2025:13:22:50 -0400] "GET /x/special/dreariness/952970251.shtm HTTP/1.1" 200 81535 "-" "Mozilla/5.0 (Linux; Android 6.0.1; Nexus 5X Build/MMB29P) AppleWebKit/537.36 (KHTML, like Gecko) Chrome/136.0.7103.113 Mobile Safari/537.36 (compatible; GoogleOther)"
66.249.66.70 - - [13/Jun/2025:13:23:11 -0400] "GET /o953545030.shtm HTTP/1.1" 200 81697 "-" "Mozilla/5.0 (Linux; Android 6.0.1; Nexus 5X Build/MMB29P) AppleWebKit/537.36 (KHTML, like Gecko) Chrome/136.0.7103.113 Mobile Safari/537.36 (compatible; GoogleOther)"
162.0.232.193 - - [13/Jun/2025:13:23:15 -0400] "POST /wp-cron.php?doing_wp_cron=1749835395.4876060485839843750000 HTTP/1.1" 200 0 "-" "WordPress/6.8.1; https://wotaku-manga.com"
54.36.148.172 - - [13/Jun/2025:13:23:13 -0400] "GET /o1398453502.shtm HTTP/1.1" 301 0 "-" "Mozilla/5.0 (compatible; AhrefsBot/7.0; +http://ahrefs.com/robot/)"
66.249.66.74 - - [13/Jun/2025:13:23:16 -0400] "GET /q/53767668.shtm HTTP/1.1" 200 81477 "-" "Mozilla/5.0 (Linux; Android 6.0.1; Nexus 5X Build/MMB29P) AppleWebKit/537.36 (KHTML, like Gecko) Chrome/136.0.7103.113 Mobile Safari/537.36 (compatible; Googlebot/2.1; +http://www.google.com/bot.html)"
2a03:2880:f800:14:: - - [13/Jun/2025:13:23:17 -0400] "GET /manga/wotaku-ni-koi-wa-muzukashii-chapter-65-2/ HTTP/1.1" 200 41860 "-" "meta-externalagent/1.1 (+https://developers.facebook.com/docs/sharing/webmasters/crawler)"
66.249.66.70 - - [13/Jun/2025:13:23:32 -0400] "GET /g/tetramerous953363842.shtm HTTP/1.1" 200 82659 "-" "Mozilla/5.0 (Linux; Android 6.0.1; Nexus 5X Build/MMB29P) AppleWebKit/537.36 (KHTML, like Gecko) Chrome/136.0.7103.113 Mobile Safari/537.36 (compatible; GoogleOther)"
66.249.66.11 - - [13/Jun/2025:13:23:36 -0400] "GET /ura/yuppie57731778.shtm HTTP/1.1" 200 82215 "-" "Mozilla/5.0 (Linux; Android 6.0.1; Nexus 5X Build/MMB29P) AppleWebKit/537.36 (KHTML, like Gecko) Chrome/136.0.7103.113 Mobile Safari/537.36 (compatible; Googlebot/2.1; +http://www.google.com/bot.html)"
162.0.232.193 - - [13/Jun/2025:13:23:38 -0400] "POST /wp-cron.php?doing_wp_cron=1749835418.6017119884490966796875 HTTP/1.1" 200 0 "-" "WordPress/6.8.1; https://wotaku-manga.com"
54.36.148.32 - - [13/Jun/2025:13:23:37 -0400] "GET /o1620713956.shtm HTTP/1.1" 301 0 "-" "Mozilla/5.0 (compatible; AhrefsBot/7.0; +http://ahrefs.com/robot/)"
2a03:2880:f800:14:: - - [13/Jun/2025:13:23:41 -0400] "GET /shopdetail/239541635 HTTP/1.1" 301 0 "-" "meta-externalagent/1.1 (+https://developers.facebook.com/docs/sharing/webmasters/crawler)"
2a03:2880:f800:d:: - - [13/Jun/2025:13:23:44 -0400] "GET / HTTP/1.1" 200 37393 "-" "meta-externalagent/1.1 (+https://developers.facebook.com/docs/sharing/webmasters/crawler)"
162.0.232.193 - - [13/Jun/2025:13:23:45 -0400] "POST /wp-cron.php?doing_wp_cron=1749835425.7104220390319824218750 HTTP/1.1" 200 0 "-" "WordPress/6.8.1; https://wotaku-manga.com"
194.233.74.209 - - [13/Jun/2025:13:23:44 -0400] "GET /wp-login.php HTTP/1.1" 200 1915 "-" "Mozilla/5.0 (X11; Ubuntu; Linux x86_64; rv:85.0) Gecko/20100101 Firefox/91.0"
194.233.74.209 - - [13/Jun/2025:13:23:47 -0400] "POST /wp-login.php HTTP/1.1" 200 2036 "-" "Mozilla/5.0 (X11; Ubuntu; Linux x86_64; rv:85.0) Gecko/20100101 Firefox/91.0"
54.36.148.156 - - [13/Jun/2025:13:23:48 -0400] "GET /o1620784364.shtm HTTP/1.1" 301 0 "-" "Mozilla/5.0 (compatible; AhrefsBot/7.0; +http://ahrefs.com/robot/)"
66.249.66.70 - - [13/Jun/2025:13:23:54 -0400] "GET /nl953386185.shtm HTTP/1.1" 200 81458 "-" "Mozilla/5.0 (Linux; Android 6.0.1; Nexus 5X Build/MMB29P) AppleWebKit/537.36 (KHTML, like Gecko) Chrome/136.0.7103.113 Mobile Safari/537.36 (compatible; GoogleOther)"
66.249.66.72 - - [13/Jun/2025:13:24:15 -0400] "GET /z/953008089.shtm HTTP/1.1" 200 81382 "-" "Mozilla/5.0 (Linux; Android 6.0.1; Nexus 5X Build/MMB29P) AppleWebKit/537.36 (KHTML, like Gecko) Chrome/136.0.7103.113 Mobile Safari/537.36 (compatible; GoogleOther)"
162.0.232.193 - - [13/Jun/2025:13:24:18 -0400] "POST /wp-cron.php?doing_wp_cron=1749835458.5898790359497070312500 HTTP/1.1" 200 0 "-" "WordPress/6.8.1; https://wotaku-manga.com"
54.36.148.70 - - [13/Jun/2025:13:24:17 -0400] "GET /o1788004132.shtm HTTP/1.1" 301 0 "-" "Mozilla/5.0 (compatible; AhrefsBot/7.0; +http://ahrefs.com/robot/)"
2a03:2880:f800:5:: - - [13/Jun/2025:13:24:34 -0400] "GET /shopdetail/10055635 HTTP/1.1" 301 0 "-" "meta-externalagent/1.1 (+https://developers.facebook.com/docs/sharing/webmasters/crawler)"
66.249.66.70 - - [13/Jun/2025:13:24:36 -0400] "GET /gjg253685438.shtm HTTP/1.1" 200 81956 "-" "Mozilla/5.0 (Linux; Android 6.0.1; Nexus 5X Build/MMB29P) AppleWebKit/537.36 (KHTML, like Gecko) Chrome/136.0.7103.113 Mobile Safari/537.36 (compatible; GoogleOther)"
2a03:2880:f800:1d:: - - [13/Jun/2025:13:24:38 -0400] "GET / HTTP/1.1" 200 37330 "-" "meta-externalagent/1.1 (+https://developers.facebook.com/docs/sharing/webmasters/crawler)"
2a02:1210:4acd:9d00:bddd:e83a:e4d:fc1e - - [13/Jun/2025:13:24:40 -0400] "GET / HTTP/1.1" 200 37976 "-" "Mozilla/5.0 (iPhone; CPU iPhone OS 18_3_2 like Mac OS X) AppleWebKit/605.1.15 (KHTML, like Gecko) Version/18.3.1 Mobile/15E148 Safari/604.1"
2a02:1210:4acd:9d00:bddd:e83a:e4d:fc1e - - [13/Jun/2025:13:24:41 -0400] "GET /wp-content/uploads/2021/11/Volume_1_English-1260x1817.jpg HTTP/1.1" 200 200550 "https://wotaku-manga.com/" "Mozilla/5.0 (iPhone; CPU iPhone OS 18_3_2 like Mac OS X) AppleWebKit/605.1.15 (KHTML, like Gecko) Version/18.3.1 Mobile/15E148 Safari/604.1"
2a02:1210:4acd:9d00:bddd:e83a:e4d:fc1e - - [13/Jun/2025:13:24:41 -0400] "GET /wp-content/uploads/2021/11/Wotaku_ni_Koi_wa_Muzukashii-11-jp-1-1260x1790.jpg HTTP/1.1" 200 231008 "https://wotaku-manga.com/" "Mozilla/5.0 (iPhone; CPU iPhone OS 18_3_2 like Mac OS X) AppleWebKit/605.1.15 (KHTML, like Gecko) Version/18.3.1 Mobile/15E148 Safari/604.1"
2a02:1210:4acd:9d00:bddd:e83a:e4d:fc1e - - [13/Jun/2025:13:24:42 -0400] "GET /wp-content/uploads/2022/03/cropped-3612526.webp HTTP/1.1" 200 72576 "https://wotaku-manga.com/" "Mozilla/5.0 (iPhone; CPU iPhone OS 18_3_2 like Mac OS X) AppleWebKit/605.1.15 (KHTML, like Gecko) Version/18.3.1 Mobile/15E148 Safari/604.1"
66.249.66.75 - - [13/Jun/2025:13:24:50 -0400] "GET /u/57749388.shtm HTTP/1.1" 200 81217 "-" "Mozilla/5.0 (Linux; Android 6.0.1; Nexus 5X Build/MMB29P) AppleWebKit/537.36 (KHTML, like Gecko) Chrome/136.0.7103.113 Mobile Safari/537.36 (compatible; Googlebot/2.1; +http://www.google.com/bot.html)"
162.0.232.193 - - [13/Jun/2025:13:24:51 -0400] "POST /wp-cron.php?doing_wp_cron=1749835491.6177020072937011718750 HTTP/1.1" 200 0 "-" "WordPress/6.8.1; https://wotaku-manga.com"
2a03:2880:f800:e:: - - [13/Jun/2025:13:24:50 -0400] "GET /shopdetail/378604635 HTTP/1.1" 301 0 "-" "meta-externalagent/1.1 (+https://developers.facebook.com/docs/sharing/webmasters/crawler)"
66.249.66.73 - - [13/Jun/2025:13:24:52 -0400] "GET /v46801623.shtm HTTP/1.1" 200 81279 "-" "Mozilla/5.0 (Linux; Android 6.0.1; Nexus 5X Build/MMB29P) AppleWebKit/537.36 (KHTML, like Gecko) Chrome/136.0.7103.113 Mobile Safari/537.36 (compatible; Googlebot/2.1; +http://www.google.com/bot.html)"
2a03:2880:f800:6:: - - [13/Jun/2025:13:24:53 -0400] "GET / HTTP/1.1" 200 37330 "-" "meta-externalagent/1.1 (+https://developers.facebook.com/docs/sharing/webmasters/crawler)"
66.249.66.70 - - [13/Jun/2025:13:24:57 -0400] "GET /ioo/cyclades/1794935442.shtm HTTP/1.1" 200 82130 "-" "Mozilla/5.0 (Linux; Android 6.0.1; Nexus 5X Build/MMB29P) AppleWebKit/537.36 (KHTML, like Gecko) Chrome/136.0.7103.113 Mobile Safari/537.36 (compatible; GoogleOther)"
66.249.66.71 - - [13/Jun/2025:13:25:18 -0400] "GET /j/entity/fishamberfish/253668845.shtm HTTP/1.1" 200 81202 "-" "Mozilla/5.0 (Linux; Android 6.0.1; Nexus 5X Build/MMB29P) AppleWebKit/537.36 (KHTML, like Gecko) Chrome/136.0.7103.113 Mobile Safari/537.36 (compatible; GoogleOther)"
162.0.232.193 - - [13/Jun/2025:13:25:22 -0400] "POST /wp-cron.php?doing_wp_cron=1749835522.3144209384918212890625 HTTP/1.1" 200 0 "-" "WordPress/6.8.1; https://wotaku-manga.com"
54.36.149.25 - - [13/Jun/2025:13:25:21 -0400] "GET /o1788302534.shtm HTTP/1.1" 301 0 "-" "Mozilla/5.0 (compatible; AhrefsBot/7.0; +http://ahrefs.com/robot/)"
2a03:2880:f800:1a:: - - [13/Jun/2025:13:25:25 -0400] "GET /shopdetail/98313235 HTTP/1.1" 301 0 "-" "meta-externalagent/1.1 (+https://developers.facebook.com/docs/sharing/webmasters/crawler)"
2a03:2880:f800:f:: - - [13/Jun/2025:13:25:25 -0400] "GET /shopdetail/176239935 HTTP/1.1" 301 0 "-" "meta-externalagent/1.1 (+https://developers.facebook.com/docs/sharing/webmasters/crawler)"
47.128.110.149 - - [13/Jun/2025:13:25:28 -0400] "GET / HTTP/1.1" 200 37976 "-" "Mozilla/5.0 (Linux; Android 5.0) AppleWebKit/537.36 (KHTML, like Gecko) Mobile Safari/537.36 (compatible; Bytespider; [email protected])"
2a03:2880:f800:16:: - - [13/Jun/2025:13:25:28 -0400] "GET / HTTP/1.1" 200 37330 "-" "meta-externalagent/1.1 (+https://developers.facebook.com/docs/sharing/webmasters/crawler)"
2a03:2880:f800:1b:: - - [13/Jun/2025:13:25:28 -0400] "GET / HTTP/1.1" 200 37330 "-" "meta-externalagent/1.1 (+https://developers.facebook.com/docs/sharing/webmasters/crawler)"
2a03:2880:f800:b:: - - [13/Jun/2025:13:25:28 -0400] "GET /shopdetail/432429135 HTTP/1.1" 301 0 "-" "meta-externalagent/1.1 (+https://developers.facebook.com/docs/sharing/webmasters/crawler)"
2a03:2880:f800:6:: - - [13/Jun/2025:13:25:31 -0400] "GET / HTTP/1.1" 200 37378 "-" "meta-externalagent/1.1 (+https://developers.facebook.com/docs/sharing/webmasters/crawler)"
66.249.66.71 - - [13/Jun/2025:13:25:39 -0400] "GET /xj953024081.shtm HTTP/1.1" 200 82007 "-" "Mozilla/5.0 (Linux; Android 6.0.1; Nexus 5X Build/MMB29P) AppleWebKit/537.36 (KHTML, like Gecko) Chrome/136.0.7103.113 Mobile Safari/537.36 (compatible; GoogleOther)"
216.73.216.68 - - [13/Jun/2025:13:25:41 -0400] "GET /sitemap-child-2818.xml HTTP/1.1" 200 11422 "-" "Mozilla/5.0 AppleWebKit/537.36 (KHTML, like Gecko; compatible; ClaudeBot/1.0; [email protected])"
66.249.66.74 - - [13/Jun/2025:13:25:43 -0400] "GET /dx/spumed40012723.shtm HTTP/1.1" 200 81538 "-" "Mozilla/5.0 (Linux; Android 6.0.1; Nexus 5X Build/MMB29P) AppleWebKit/537.36 (KHTML, like Gecko) Chrome/136.0.7103.113 Mobile Safari/537.36 (compatible; Googlebot/2.1; +http://www.google.com/bot.html)"
66.249.66.75 - - [13/Jun/2025:13:25:45 -0400] "GET /m49153172.shtm HTTP/1.1" 200 81642 "-" "Mozilla/5.0 (Linux; Android 6.0.1; Nexus 5X Build/MMB29P) AppleWebKit/537.36 (KHTML, like Gecko) Chrome/136.0.7103.113 Mobile Safari/537.36 (compatible; Googlebot/2.1; +http://www.google.com/bot.html)"
66.249.66.70 - - [13/Jun/2025:13:26:00 -0400] "GET /x/1794997389.shtm HTTP/1.1" 200 81566 "-" "Mozilla/5.0 (Linux; Android 6.0.1; Nexus 5X Build/MMB29P) AppleWebKit/537.36 (KHTML, like Gecko) Chrome/136.0.7103.113 Mobile Safari/537.36 (compatible; GoogleOther)"
66.249.66.74 - - [13/Jun/2025:13:26:06 -0400] "GET /rn/57798949.shtm HTTP/1.1" 200 81566 "-" "Mozilla/5.0 (Linux; Android 6.0.1; Nexus 5X Build/MMB29P) AppleWebKit/537.36 (KHTML, like Gecko) Chrome/136.0.7103.113 Mobile Safari/537.36 (compatible; Googlebot/2.1; +http://www.google.com/bot.html)"
66.249.66.161 - - [13/Jun/2025:13:26:22 -0400] "GET /rd/749822531.shtm HTTP/1.1" 200 81756 "-" "Mozilla/5.0 (Linux; Android 6.0.1; Nexus 5X Build/MMB29P) AppleWebKit/537.36 (KHTML, like Gecko) Chrome/136.0.7103.113 Mobile Safari/537.36 (compatible; GoogleOther)"
162.0.232.193 - - [13/Jun/2025:13:26:31 -0400] "POST /wp-cron.php?doing_wp_cron=1749835591.0063290596008300781250 HTTP/1.1" 200 0 "-" "WordPress/6.8.1; https://wotaku-manga.com"
2a03:2880:f800:7:: - - [13/Jun/2025:13:26:30 -0400] "GET /shopdetail/157335635 HTTP/1.1" 301 0 "-" "meta-externalagent/1.1 (+https://developers.facebook.com/docs/sharing/webmasters/crawler)"
2a03:2880:f800:19:: - - [13/Jun/2025:13:26:33 -0400] "GET / HTTP/1.1" 200 37330 "-" "meta-externalagent/1.1 (+https://developers.facebook.com/docs/sharing/webmasters/crawler)"
66.249.68.129 - - [13/Jun/2025:13:26:42 -0400] "GET /z/galvanizing953377731.shtm HTTP/1.1" 200 81486 "-" "Mozilla/5.0 (Linux; Android 6.0.1; Nexus 5X Build/MMB29P) AppleWebKit/537.36 (KHTML, like Gecko) Chrome/136.0.7103.113 Mobile Safari/537.36 (compatible; GoogleOther)"
162.0.232.193 - - [13/Jun/2025:13:26:56 -0400] "POST /wp-cron.php?doing_wp_cron=1749835616.3948740959167480468750 HTTP/1.1" 200 0 "-" "WordPress/6.8.1; https://wotaku-manga.com"
2a03:2880:f800:3:: - - [13/Jun/2025:13:26:54 -0400] "GET /shopdetail/202060535 HTTP/1.1" 301 0 "-" "meta-externalagent/1.1 (+https://developers.facebook.com/docs/sharing/webmasters/crawler)"
2a03:2880:f800:8:: - - [13/Jun/2025:13:26:58 -0400] "GET / HTTP/1.1" 200 37330 "-" "meta-externalagent/1.1 (+https://developers.facebook.com/docs/sharing/webmasters/crawler)"
162.0.232.193 - - [13/Jun/2025:13:27:04 -0400] "POST /wp-cron.php?doing_wp_cron=1749835624.0880849361419677734375 HTTP/1.1" 200 0 "-" "WordPress/6.8.1; https://wotaku-manga.com"
54.36.148.74 - - [13/Jun/2025:13:27:02 -0400] "GET /o1799815002.shtm HTTP/1.1" 301 0 "-" "Mozilla/5.0 (compatible; AhrefsBot/7.0; +http://ahrefs.com/robot/)"
66.249.66.71 - - [13/Jun/2025:13:27:03 -0400] "GET /bpl953377813.shtm HTTP/1.1" 200 81717 "-" "Mozilla/5.0 (Linux; Android 6.0.1; Nexus 5X Build/MMB29P) AppleWebKit/537.36 (KHTML, like Gecko) Chrome/136.0.7103.113 Mobile Safari/537.36 (compatible; GoogleOther)"
2001:44c8:6321:f7e2:1d0b:8141:a313:56d3 - - [13/Jun/2025:13:27:05 -0400] "GET /manga/wotakoi-love-is-hard-for-otaku-chapter-84/ HTTP/1.1" 200 45800 "https://wotaku-manga.com/" "Mozilla/5.0 (iPhone; CPU iPhone OS 18_3_1 like Mac OS X) AppleWebKit/605.1.15 (KHTML, like Gecko) Version/18.3 Mobile/15E148 Safari/604.1"
66.249.66.70 - - [13/Jun/2025:13:27:20 -0400] "GET /yy/shopdetail/tarsius1966089240.shtm HTTP/1.1" 200 82047 "-" "Mozilla/5.0 (Linux; Android 6.0.1; Nexus 5X Build/MMB29P) AppleWebKit/537.36 (KHTML, like Gecko) Chrome/136.0.7103.113 Mobile Safari/537.36 (compatible; Googlebot/2.1; +http://www.google.com/bot.html)"
