222.154.146.183 - - [13/Jun/2025:09:38:40 -0400] "GET /manga/wotaku-ni-koi-wa-muzukashii-chapter-61/ HTTP/1.1" 200 42592 "https://wotaku-manga.com/manga/wotaku-ni-koi-wa-muzukashii-chapter-60/" "Mozilla/5.0 (Android 15; Mobile; rv:139.0) Gecko/139.0 Firefox/139.0"
66.249.66.70 - - [13/Jun/2025:09:38:41 -0400] "GET /ww/goods/divulgater952318298.shtm HTTP/1.1" 200 81430 "-" "Mozilla/5.0 (Linux; Android 6.0.1; Nexus 5X Build/MMB29P) AppleWebKit/537.36 (KHTML, like Gecko) Chrome/136.0.7103.113 Mobile Safari/537.36 (compatible; GoogleOther)"
66.249.66.70 - - [13/Jun/2025:09:38:42 -0400] "GET /me/goods/assuredness1722241954.shtm HTTP/1.1" 200 82822 "-" "Mozilla/5.0 (Linux; Android 6.0.1; Nexus 5X Build/MMB29P) AppleWebKit/537.36 (KHTML, like Gecko) Chrome/136.0.7103.113 Mobile Safari/537.36 (compatible; Googlebot/2.1; +http://www.google.com/bot.html)"
66.249.66.72 - - [13/Jun/2025:09:39:06 -0400] "GET /j/shopping/transept749957995.shtm HTTP/1.1" 200 82048 "-" "Mozilla/5.0 (Linux; Android 6.0.1; Nexus 5X Build/MMB29P) AppleWebKit/537.36 (KHTML, like Gecko) Chrome/136.0.7103.113 Mobile Safari/537.36 (compatible; GoogleOther)"
162.0.232.193 - - [13/Jun/2025:09:39:07 -0400] "POST /wp-cron.php?doing_wp_cron=1749821947.5073800086975097656250 HTTP/1.1" 200 0 "-" "WordPress/6.8.1; https://wotaku-manga.com"
2a03:2880:f800:c:: - - [13/Jun/2025:09:39:07 -0400] "GET /shopdetail/92161135 HTTP/1.1" 301 0 "-" "meta-externalagent/1.1 (+https://developers.facebook.com/docs/sharing/webmasters/crawler)"
162.0.232.193 - - [13/Jun/2025:09:39:07 -0400] "GET /manga/wotakoi-love-is-hard-for-otaku-chapter-4/ HTTP/1.1" 200 41483 "-" "WP Rocket/Preload"
2a03:2880:f800:b:: - - [13/Jun/2025:09:39:08 -0400] "GET / HTTP/1.1" 200 37331 "-" "meta-externalagent/1.1 (+https://developers.facebook.com/docs/sharing/webmasters/crawler)"
162.0.232.193 - - [13/Jun/2025:09:39:09 -0400] "GET /manga/wotakoi-love-is-hard-for-otaku-chapter-4/ HTTP/1.1" 200 42249 "-" "WP Rocket/Preload Mozilla/5.0 (iPhone; CPU iPhone OS 9_1 like Mac OS X) AppleWebKit/601.1.46 (KHTML, like Gecko) Version/9.0 Mobile/13B143 Safari/601.1"
162.0.232.193 - - [13/Jun/2025:09:39:10 -0400] "GET /manga/wotakoi-love-is-hard-for-otaku-chapter-21-5/ HTTP/1.1" 200 44208 "-" "WP Rocket/Preload"
59.184.236.199 - - [13/Jun/2025:09:39:10 -0400] "POST /wp-admin/admin-ajax.php HTTP/1.1" 200 61 "https://wotaku-manga.com/manga/wotakoi-love-is-hard-for-otaku-chapter-74/" "Mozilla/5.0 (Linux; Android 10; K) AppleWebKit/537.36 (KHTML, like Gecko) Chrome/137.0.0.0 Mobile Safari/537.36"
162.0.232.193 - - [13/Jun/2025:09:39:11 -0400] "GET /manga/wotakoi-love-is-hard-for-otaku-chapter-21-5/ HTTP/1.1" 200 44618 "-" "WP Rocket/Preload Mozilla/5.0 (iPhone; CPU iPhone OS 9_1 like Mac OS X) AppleWebKit/601.1.46 (KHTML, like Gecko) Version/9.0 Mobile/13B143 Safari/601.1"
162.0.232.193 - - [13/Jun/2025:09:39:12 -0400] "GET /manga/wotakoi-love-is-hard-for-otaku-chapter-70/ HTTP/1.1" 200 38311 "-" "WP Rocket/Preload"
66.249.66.71 - - [13/Jun/2025:09:39:13 -0400] "GET /zb/item/applemint1722443035.shtm HTTP/1.1" 200 81808 "-" "Mozilla/5.0 (Linux; Android 6.0.1; Nexus 5X Build/MMB29P) AppleWebKit/537.36 (KHTML, like Gecko) Chrome/136.0.7103.113 Mobile Safari/537.36 (compatible; Googlebot/2.1; +http://www.google.com/bot.html)"
162.0.232.193 - - [13/Jun/2025:09:39:13 -0400] "GET /manga/wotakoi-love-is-hard-for-otaku-chapter-70/ HTTP/1.1" 200 39559 "-" "WP Rocket/Preload Mozilla/5.0 (iPhone; CPU iPhone OS 9_1 like Mac OS X) AppleWebKit/601.1.46 (KHTML, like Gecko) Version/9.0 Mobile/13B143 Safari/601.1"
162.0.232.193 - - [13/Jun/2025:09:39:14 -0400] "GET /author/admin/ HTTP/1.1" 200 38569 "-" "WP Rocket/Preload"
162.0.232.193 - - [13/Jun/2025:09:39:15 -0400] "GET /author/admin/ HTTP/1.1" 200 39411 "-" "WP Rocket/Preload Mozilla/5.0 (iPhone; CPU iPhone OS 9_1 like Mac OS X) AppleWebKit/601.1.46 (KHTML, like Gecko) Version/9.0 Mobile/13B143 Safari/601.1"
2a03:2880:f800:17:: - - [13/Jun/2025:09:39:16 -0400] "GET /shopdetail/226791435 HTTP/1.1" 301 0 "-" "meta-externalagent/1.1 (+https://developers.facebook.com/docs/sharing/webmasters/crawler)"
2a03:2880:f800:: - - [13/Jun/2025:09:39:18 -0400] "GET / HTTP/1.1" 200 37430 "-" "meta-externalagent/1.1 (+https://developers.facebook.com/docs/sharing/webmasters/crawler)"
66.249.66.70 - - [13/Jun/2025:09:39:31 -0400] "GET /bz/goodscode/goodman952374747.shtm HTTP/1.1" 200 81296 "-" "Mozilla/5.0 (Linux; Android 6.0.1; Nexus 5X Build/MMB29P) AppleWebKit/537.36 (KHTML, like Gecko) Chrome/136.0.7103.113 Mobile Safari/537.36 (compatible; GoogleOther)"
5.90.171.208 - - [13/Jun/2025:09:39:36 -0400] "GET /manga/wotakoi-love-is-hard-for-otaku-chapter-87/ HTTP/1.1" 200 40667 "https://wotaku-manga.com/manga/wotakoi-love-is-hard-for-otaku-chapter-86/" "Mozilla/5.0 (Linux; Android 15; SM-A536B Build/AP3A.240905.015.A2; wv) AppleWebKit/537.36 (KHTML, like Gecko) Version/4.0 Chrome/137.0.7151.88 Mobile Safari/537.36"
5.90.171.208 - - [13/Jun/2025:09:39:38 -0400] "GET /manga/wotakoi-love-is-hard-for-otaku-chapter-87/ HTTP/1.1" 304 0 "https://wotaku-manga.com/manga/wotakoi-love-is-hard-for-otaku-chapter-87/" "Mozilla/5.0 (Linux; Android 15; SM-A536B Build/AP3A.240905.015.A2; wv) AppleWebKit/537.36 (KHTML, like Gecko) Version/4.0 Chrome/137.0.7151.88 Mobile Safari/537.36"
222.154.146.183 - - [13/Jun/2025:09:39:39 -0400] "GET /manga/wotaku-ni-koi-wa-muzukashii-chapter-61-5/ HTTP/1.1" 200 42269 "https://wotaku-manga.com/manga/wotaku-ni-koi-wa-muzukashii-chapter-61/" "Mozilla/5.0 (Android 15; Mobile; rv:139.0) Gecko/139.0 Firefox/139.0"
66.249.66.70 - - [13/Jun/2025:09:39:53 -0400] "GET /h/temperateness/1722589267.shtm HTTP/1.1" 200 81331 "-" "Mozilla/5.0 (Linux; Android 6.0.1; Nexus 5X Build/MMB29P) AppleWebKit/537.36 (KHTML, like Gecko) Chrome/136.0.7103.113 Mobile Safari/537.36 (compatible; Googlebot/2.1; +http://www.google.com/bot.html)"
66.249.66.70 - - [13/Jun/2025:09:39:56 -0400] "GET /h/products/spleuchan952327091.shtm HTTP/1.1" 200 82028 "-" "Mozilla/5.0 (Linux; Android 6.0.1; Nexus 5X Build/MMB29P) AppleWebKit/537.36 (KHTML, like Gecko) Chrome/136.0.7103.113 Mobile Safari/537.36 (compatible; GoogleOther)"
114.125.127.123 - - [13/Jun/2025:09:40:01 -0400] "GET /manga/wotakoi-love-is-hard-for-otaku-chapter-85/ HTTP/1.1" 200 44174 "https://wotaku-manga.com/manga/wotakoi-love-is-hard-for-otaku-chapter-86/" "Mozilla/5.0 (Linux; Android 10; K) AppleWebKit/537.36 (KHTML, like Gecko) Chrome/136.0.0.0 Mobile Safari/537.36"
114.125.127.123 - - [13/Jun/2025:09:40:02 -0400] "GET /manga/wotakoi-love-is-hard-for-otaku-chapter-87/ HTTP/1.1" 200 40745 "https://wotaku-manga.com/manga/wotakoi-love-is-hard-for-otaku-chapter-86/" "Mozilla/5.0 (Linux; Android 10; K) AppleWebKit/537.36 (KHTML, like Gecko) Chrome/136.0.0.0 Mobile Safari/537.36"
114.125.127.123 - - [13/Jun/2025:09:40:01 -0400] "GET /tag/hanako-koyanagi/ HTTP/1.1" 301 0 "https://wotaku-manga.com/manga/wotakoi-love-is-hard-for-otaku-chapter-86/" "Mozilla/5.0 (Linux; Android 10; K) AppleWebKit/537.36 (KHTML, like Gecko) Chrome/136.0.0.0 Mobile Safari/537.36"
114.125.127.123 - - [13/Jun/2025:09:40:02 -0400] "GET / HTTP/1.1" 200 37993 "https://wotaku-manga.com/manga/wotakoi-love-is-hard-for-otaku-chapter-86/" "Mozilla/5.0 (Linux; Android 10; K) AppleWebKit/537.36 (KHTML, like Gecko) Chrome/136.0.0.0 Mobile Safari/537.36"
114.125.127.123 - - [13/Jun/2025:09:40:06 -0400] "GET /category/wotakoi-manga/ HTTP/1.1" 200 46240 "https://wotaku-manga.com/manga/wotakoi-love-is-hard-for-otaku-chapter-87/" "Mozilla/5.0 (Linux; Android 10; K) AppleWebKit/537.36 (KHTML, like Gecko) Chrome/136.0.0.0 Mobile Safari/537.36"
114.125.127.123 - - [13/Jun/2025:09:40:07 -0400] "GET /tag/narumi-momose/ HTTP/1.1" 301 0 "https://wotaku-manga.com/manga/wotakoi-love-is-hard-for-otaku-chapter-87/" "Mozilla/5.0 (Linux; Android 10; K) AppleWebKit/537.36 (KHTML, like Gecko) Chrome/136.0.0.0 Mobile Safari/537.36"
66.249.66.71 - - [13/Jun/2025:09:40:18 -0400] "GET /woa/earthnut/1722617286.shtm HTTP/1.1" 200 81414 "-" "Mozilla/5.0 (Linux; Android 6.0.1; Nexus 5X Build/MMB29P) AppleWebKit/537.36 (KHTML, like Gecko) Chrome/136.0.7103.113 Mobile Safari/537.36 (compatible; Googlebot/2.1; +http://www.google.com/bot.html)"
66.249.66.75 - - [13/Jun/2025:09:40:20 -0400] "GET /rlh40074951.shtm HTTP/1.1" 200 81455 "-" "Mozilla/5.0 (Linux; Android 6.0.1; Nexus 5X Build/MMB29P) AppleWebKit/537.36 (KHTML, like Gecko) Chrome/136.0.7103.113 Mobile Safari/537.36 (compatible; Googlebot/2.1; +http://www.google.com/bot.html)"
66.249.66.72 - - [13/Jun/2025:09:40:21 -0400] "GET /y/products/twoforked296592602.shtm HTTP/1.1" 200 81415 "-" "Mozilla/5.0 (Linux; Android 6.0.1; Nexus 5X Build/MMB29P) AppleWebKit/537.36 (KHTML, like Gecko) Chrome/136.0.7103.113 Mobile Safari/537.36 (compatible; GoogleOther)"
162.0.232.193 - - [13/Jun/2025:09:40:36 -0400] "POST /wp-cron.php?doing_wp_cron=1749822036.2709128856658935546875 HTTP/1.1" 200 0 "-" "WordPress/6.8.1; https://wotaku-manga.com"
2a03:2880:f800:1d:: - - [13/Jun/2025:09:40:35 -0400] "GET /shopdetail/172513635 HTTP/1.1" 301 0 "-" "meta-externalagent/1.1 (+https://developers.facebook.com/docs/sharing/webmasters/crawler)"
2a03:2880:f800:4:: - - [13/Jun/2025:09:40:38 -0400] "GET / HTTP/1.1" 200 37331 "-" "meta-externalagent/1.1 (+https://developers.facebook.com/docs/sharing/webmasters/crawler)"
66.249.66.71 - - [13/Jun/2025:09:40:44 -0400] "GET /w/goods/preoccupying1722441066.shtm HTTP/1.1" 200 81779 "-" "Mozilla/5.0 (Linux; Android 6.0.1; Nexus 5X Build/MMB29P) AppleWebKit/537.36 (KHTML, like Gecko) Chrome/136.0.7103.113 Mobile Safari/537.36 (compatible; Googlebot/2.1; +http://www.google.com/bot.html)"
66.249.66.71 - - [13/Jun/2025:09:40:46 -0400] "GET /nt/goodscode/viticulturist110232791.shtm HTTP/1.1" 200 81553 "-" "Mozilla/5.0 (Linux; Android 6.0.1; Nexus 5X Build/MMB29P) AppleWebKit/537.36 (KHTML, like Gecko) Chrome/136.0.7103.113 Mobile Safari/537.36 (compatible; GoogleOther)"
5.90.171.208 - - [13/Jun/2025:09:40:56 -0400] "GET / HTTP/1.1" 304 0 "-" "Mozilla/5.0 (Linux; Android 15; SM-A536B Build/AP3A.240905.015.A2; wv) AppleWebKit/537.36 (KHTML, like Gecko) Version/4.0 Chrome/137.0.7151.88 Mobile Safari/537.36"
5.90.171.208 - - [13/Jun/2025:09:40:57 -0400] "GET /manga/wotakoi-love-is-hard-for-otaku-chapter-0/ HTTP/1.1" 200 42047 "https://wotaku-manga.com/" "Mozilla/5.0 (Linux; Android 15; SM-A536B Build/AP3A.240905.015.A2; wv) AppleWebKit/537.36 (KHTML, like Gecko) Version/4.0 Chrome/137.0.7151.88 Mobile Safari/537.36"
5.90.171.208 - - [13/Jun/2025:09:40:58 -0400] "GET /manga/wotakoi-love-is-hard-for-otaku-chapter-85/ HTTP/1.1" 304 0 "https://wotaku-manga.com/" "Mozilla/5.0 (Linux; Android 15; SM-A536B Build/AP3A.240905.015.A2; wv) AppleWebKit/537.36 (KHTML, like Gecko) Version/4.0 Chrome/137.0.7151.88 Mobile Safari/537.36"
5.90.171.208 - - [13/Jun/2025:09:40:58 -0400] "GET /manga/wotakoi-love-is-hard-for-otaku-chapter-85/ HTTP/1.1" 304 0 "https://wotaku-manga.com/" "Mozilla/5.0 (Linux; Android 15; SM-A536B Build/AP3A.240905.015.A2; wv) AppleWebKit/537.36 (KHTML, like Gecko) Version/4.0 Chrome/137.0.7151.88 Mobile Safari/537.36"
5.90.171.208 - - [13/Jun/2025:09:40:58 -0400] "GET /manga/wotakoi-love-is-hard-for-otaku-chapter-87/ HTTP/1.1" 304 0 "https://wotaku-manga.com/" "Mozilla/5.0 (Linux; Android 15; SM-A536B Build/AP3A.240905.015.A2; wv) AppleWebKit/537.36 (KHTML, like Gecko) Version/4.0 Chrome/137.0.7151.88 Mobile Safari/537.36"
5.90.171.208 - - [13/Jun/2025:09:40:59 -0400] "GET /manga/wotakoi-love-is-hard-for-otaku-chapter-87/ HTTP/1.1" 304 0 "-" "Mozilla/5.0 (Linux; Android 15; SM-A536B Build/AP3A.240905.015.A2; wv) AppleWebKit/537.36 (KHTML, like Gecko) Version/4.0 Chrome/137.0.7151.88 Mobile Safari/537.36"
5.90.171.208 - - [13/Jun/2025:09:41:03 -0400] "GET /manga/wotakoi-love-is-hard-for-otaku-chapter-87/ HTTP/1.1" 304 0 "https://wotaku-manga.com/manga/wotakoi-love-is-hard-for-otaku-chapter-87/" "Mozilla/5.0 (Linux; Android 15; SM-A536B Build/AP3A.240905.015.A2; wv) AppleWebKit/537.36 (KHTML, like Gecko) Version/4.0 Chrome/137.0.7151.88 Mobile Safari/537.36"
5.90.171.208 - - [13/Jun/2025:09:41:04 -0400] "GET /manga/wotakoi-love-is-hard-for-otaku-chapter-87/ HTTP/1.1" 304 0 "https://wotaku-manga.com/manga/wotakoi-love-is-hard-for-otaku-chapter-87/" "Mozilla/5.0 (Linux; Android 15; SM-A536B Build/AP3A.240905.015.A2; wv) AppleWebKit/537.36 (KHTML, like Gecko) Version/4.0 Chrome/137.0.7151.88 Mobile Safari/537.36"
5.90.171.208 - - [13/Jun/2025:09:41:08 -0400] "GET / HTTP/1.1" 304 0 "https://wotaku-manga.com/" "Mozilla/5.0 (Linux; Android 15; SM-A536B Build/AP3A.240905.015.A2; wv) AppleWebKit/537.36 (KHTML, like Gecko) Version/4.0 Chrome/137.0.7151.88 Mobile Safari/537.36"
5.90.171.208 - - [13/Jun/2025:09:41:08 -0400] "GET /manga/wotakoi-love-is-hard-for-otaku-chapter-87/ HTTP/1.1" 304 0 "https://wotaku-manga.com/" "Mozilla/5.0 (Linux; Android 15; SM-A536B Build/AP3A.240905.015.A2; wv) AppleWebKit/537.36 (KHTML, like Gecko) Version/4.0 Chrome/137.0.7151.88 Mobile Safari/537.36"
5.90.171.208 - - [13/Jun/2025:09:41:09 -0400] "GET / HTTP/1.1" 304 0 "https://wotaku-manga.com/" "Mozilla/5.0 (Linux; Android 15; SM-A536B Build/AP3A.240905.015.A2; wv) AppleWebKit/537.36 (KHTML, like Gecko) Version/4.0 Chrome/137.0.7151.88 Mobile Safari/537.36"
5.90.171.208 - - [13/Jun/2025:09:41:09 -0400] "GET /manga/wotakoi-love-is-hard-for-otaku-chapter-68/ HTTP/1.1" 200 42851 "https://wotaku-manga.com/" "Mozilla/5.0 (Linux; Android 15; SM-A536B Build/AP3A.240905.015.A2; wv) AppleWebKit/537.36 (KHTML, like Gecko) Version/4.0 Chrome/137.0.7151.88 Mobile Safari/537.36"
5.90.171.208 - - [13/Jun/2025:09:41:09 -0400] "GET /manga/wotaku-ni-koi-wa-muzukashii-chapter-46/ HTTP/1.1" 200 42656 "https://wotaku-manga.com/" "Mozilla/5.0 (Linux; Android 15; SM-A536B Build/AP3A.240905.015.A2; wv) AppleWebKit/537.36 (KHTML, like Gecko) Version/4.0 Chrome/137.0.7151.88 Mobile Safari/537.36"
5.90.171.208 - - [13/Jun/2025:09:41:10 -0400] "GET /manga/wotakoi-love-is-hard-for-otaku-chapter-18/ HTTP/1.1" 200 42759 "https://wotaku-manga.com/" "Mozilla/5.0 (Linux; Android 15; SM-A536B Build/AP3A.240905.015.A2; wv) AppleWebKit/537.36 (KHTML, like Gecko) Version/4.0 Chrome/137.0.7151.88 Mobile Safari/537.36"
162.0.232.193 - - [13/Jun/2025:09:41:11 -0400] "POST /wp-cron.php?doing_wp_cron=1749822071.4829308986663818359375 HTTP/1.1" 200 0 "-" "WordPress/6.8.1; https://wotaku-manga.com"
2a03:2880:f800:16:: - - [13/Jun/2025:09:41:11 -0400] "GET /shopdetail/194475735 HTTP/1.1" 301 0 "-" "meta-externalagent/1.1 (+https://developers.facebook.com/docs/sharing/webmasters/crawler)"
66.249.66.71 - - [13/Jun/2025:09:41:11 -0400] "GET /x/shopdetail/jubilance749949111.shtm HTTP/1.1" 200 81889 "-" "Mozilla/5.0 (Linux; Android 6.0.1; Nexus 5X Build/MMB29P) AppleWebKit/537.36 (KHTML, like Gecko) Chrome/136.0.7103.113 Mobile Safari/537.36 (compatible; GoogleOther)"
2a03:2880:f800:d:: - - [13/Jun/2025:09:41:13 -0400] "GET / HTTP/1.1" 200 37430 "-" "meta-externalagent/1.1 (+https://developers.facebook.com/docs/sharing/webmasters/crawler)"
5.90.171.208 - - [13/Jun/2025:09:41:14 -0400] "GET /manga/wotakoi-love-is-hard-for-otaku-chapter-82/ HTTP/1.1" 304 0 "https://wotaku-manga.com/" "Mozilla/5.0 (Linux; Android 15; SM-A536B Build/AP3A.240905.015.A2; wv) AppleWebKit/537.36 (KHTML, like Gecko) Version/4.0 Chrome/137.0.7151.88 Mobile Safari/537.36"
5.90.171.208 - - [13/Jun/2025:09:41:14 -0400] "GET /manga/wotakoi-love-is-hard-for-otaku-chapter-82/ HTTP/1.1" 304 0 "https://wotaku-manga.com/" "Mozilla/5.0 (Linux; Android 15; SM-A536B Build/AP3A.240905.015.A2; wv) AppleWebKit/537.36 (KHTML, like Gecko) Version/4.0 Chrome/137.0.7151.88 Mobile Safari/537.36"
66.249.66.71 - - [13/Jun/2025:09:41:14 -0400] "GET /zf/shopping/philanthrope1722320085.shtm HTTP/1.1" 200 81696 "-" "Mozilla/5.0 (Linux; Android 6.0.1; Nexus 5X Build/MMB29P) AppleWebKit/537.36 (KHTML, like Gecko) Chrome/136.0.7103.113 Mobile Safari/537.36 (compatible; Googlebot/2.1; +http://www.google.com/bot.html)"
5.90.171.208 - - [13/Jun/2025:09:41:15 -0400] "GET /manga/wotakoi-love-is-hard-for-otaku-chapter-80/ HTTP/1.1" 304 0 "https://wotaku-manga.com/" "Mozilla/5.0 (Linux; Android 15; SM-A536B Build/AP3A.240905.015.A2; wv) AppleWebKit/537.36 (KHTML, like Gecko) Version/4.0 Chrome/137.0.7151.88 Mobile Safari/537.36"
5.90.171.208 - - [13/Jun/2025:09:41:15 -0400] "GET /manga/wotakoi-love-is-hard-for-otaku-chapter-80/ HTTP/1.1" 304 0 "https://wotaku-manga.com/" "Mozilla/5.0 (Linux; Android 15; SM-A536B Build/AP3A.240905.015.A2; wv) AppleWebKit/537.36 (KHTML, like Gecko) Version/4.0 Chrome/137.0.7151.88 Mobile Safari/537.36"
66.249.66.70 - - [13/Jun/2025:09:41:36 -0400] "GET /ai/goodscode/acquiesce749810004.shtm HTTP/1.1" 200 81792 "-" "Mozilla/5.0 (Linux; Android 6.0.1; Nexus 5X Build/MMB29P) AppleWebKit/537.36 (KHTML, like Gecko) Chrome/136.0.7103.113 Mobile Safari/537.36 (compatible; GoogleOther)"
66.249.66.70 - - [13/Jun/2025:09:41:44 -0400] "GET /h/injoin/1722537493.shtm HTTP/1.1" 200 81387 "-" "Mozilla/5.0 (Linux; Android 6.0.1; Nexus 5X Build/MMB29P) AppleWebKit/537.36 (KHTML, like Gecko) Chrome/136.0.7103.113 Mobile Safari/537.36 (compatible; Googlebot/2.1; +http://www.google.com/bot.html)"
66.249.66.70 - - [13/Jun/2025:09:42:01 -0400] "GET /pj/shopdetail/explicate686418781.shtm HTTP/1.1" 200 82144 "-" "Mozilla/5.0 (Linux; Android 6.0.1; Nexus 5X Build/MMB29P) AppleWebKit/537.36 (KHTML, like Gecko) Chrome/136.0.7103.113 Mobile Safari/537.36 (compatible; GoogleOther)"
66.249.66.71 - - [13/Jun/2025:09:42:15 -0400] "GET /s/tribunitious/1722633012.shtm HTTP/1.1" 200 81473 "-" "Mozilla/5.0 (Linux; Android 6.0.1; Nexus 5X Build/MMB29P) AppleWebKit/537.36 (KHTML, like Gecko) Chrome/136.0.7103.113 Mobile Safari/537.36 (compatible; Googlebot/2.1; +http://www.google.com/bot.html)"
66.249.66.70 - - [13/Jun/2025:09:42:26 -0400] "GET /ai/shopdetail/galvanizer686495922.shtm HTTP/1.1" 200 83069 "-" "Mozilla/5.0 (Linux; Android 6.0.1; Nexus 5X Build/MMB29P) AppleWebKit/537.36 (KHTML, like Gecko) Chrome/136.0.7103.113 Mobile Safari/537.36 (compatible; GoogleOther)"
162.0.232.193 - - [13/Jun/2025:09:42:42 -0400] "POST /wp-cron.php?doing_wp_cron=1749822162.6551370620727539062500 HTTP/1.1" 200 0 "-" "WordPress/6.8.1; https://wotaku-manga.com"
89.163.242.76 - - [13/Jun/2025:09:42:42 -0400] "GET /thoms.php HTTP/1.1" 301 0 "www.google.com" "Mozlila/5.0 (Linux; Android 7.0; SM-G892A Bulid/NRD90M; wv) AppleWebKit/537.36 (KHTML, like Gecko) Version/4.0 Chrome/60.0.3112.107 Moblie Safari/537.36"
66.249.66.70 - - [13/Jun/2025:09:42:51 -0400] "GET /jp/goodscode/drabbletail952344967.shtm HTTP/1.1" 200 81728 "-" "Mozilla/5.0 (Linux; Android 6.0.1; Nexus 5X Build/MMB29P) AppleWebKit/537.36 (KHTML, like Gecko) Chrome/136.0.7103.113 Mobile Safari/537.36 (compatible; GoogleOther)"
66.249.66.72 - - [13/Jun/2025:09:43:04 -0400] "GET /mg/items/otterhound1722399100.shtm HTTP/1.1" 200 81927 "-" "Mozilla/5.0 (Linux; Android 6.0.1; Nexus 5X Build/MMB29P) AppleWebKit/537.36 (KHTML, like Gecko) Chrome/136.0.7103.113 Mobile Safari/537.36 (compatible; Googlebot/2.1; +http://www.google.com/bot.html)"
66.249.66.70 - - [13/Jun/2025:09:43:16 -0400] "GET /gq/regeneratory934196032.shtm HTTP/1.1" 200 81402 "-" "Mozilla/5.0 (Linux; Android 6.0.1; Nexus 5X Build/MMB29P) AppleWebKit/537.36 (KHTML, like Gecko) Chrome/136.0.7103.113 Mobile Safari/537.36 (compatible; GoogleOther)"
162.0.232.193 - - [13/Jun/2025:09:43:20 -0400] "POST /wp-cron.php?doing_wp_cron=1749822200.3687100410461425781250 HTTP/1.1" 200 0 "-" "WordPress/6.8.1; https://wotaku-manga.com"
89.163.242.76 - - [13/Jun/2025:09:43:19 -0400] "GET /inputs.php HTTP/1.1" 301 0 "www.google.com" "Mozlila/5.0 (Linux; Android 7.0; SM-G892A Bulid/NRD90M; wv) AppleWebKit/537.36 (KHTML, like Gecko) Version/4.0 Chrome/60.0.3112.107 Moblie Safari/537.36"
66.249.66.70 - - [13/Jun/2025:09:43:29 -0400] "GET /x/info/ripely1722425111.shtm HTTP/1.1" 200 82266 "-" "Mozilla/5.0 (Linux; Android 6.0.1; Nexus 5X Build/MMB29P) AppleWebKit/537.36 (KHTML, like Gecko) Chrome/136.0.7103.113 Mobile Safari/537.36 (compatible; Googlebot/2.1; +http://www.google.com/bot.html)"
106.154.146.157 - - [13/Jun/2025:09:43:36 -0400] "GET /manga/wotakoi-love-is-hard-for-otaku-chapter-77/ HTTP/1.1" 200 42167 "https://wotaku-manga.com/manga/wotakoi-love-is-hard-for-otaku-chapter-76/" "Mozilla/5.0 (iPad; CPU OS 18_5 like Mac OS X) AppleWebKit/605.1.15 (KHTML, like Gecko) Version/18.5 Mobile/15E148 Safari/604.1"
66.249.66.70 - - [13/Jun/2025:09:43:41 -0400] "GET /dkp/entity/longilateral/748809739.shtm HTTP/1.1" 200 82076 "-" "Mozilla/5.0 (Linux; Android 6.0.1; Nexus 5X Build/MMB29P) AppleWebKit/537.36 (KHTML, like Gecko) Chrome/136.0.7103.113 Mobile Safari/537.36 (compatible; GoogleOther)"
162.0.232.193 - - [13/Jun/2025:09:43:54 -0400] "POST /wp-cron.php?doing_wp_cron=1749822234.6084089279174804687500 HTTP/1.1" 200 0 "-" "WordPress/6.8.1; https://wotaku-manga.com"
2a03:2880:f800:9:: - - [13/Jun/2025:09:43:54 -0400] "GET /shopdetail/364191135 HTTP/1.1" 301 0 "-" "meta-externalagent/1.1 (+https://developers.facebook.com/docs/sharing/webmasters/crawler)"
66.249.66.70 - - [13/Jun/2025:09:43:54 -0400] "GET /k/special/velocities1722292390.shtm HTTP/1.1" 200 81264 "-" "Mozilla/5.0 (Linux; Android 6.0.1; Nexus 5X Build/MMB29P) AppleWebKit/537.36 (KHTML, like Gecko) Chrome/136.0.7103.113 Mobile Safari/537.36 (compatible; Googlebot/2.1; +http://www.google.com/bot.html)"
66.249.66.73 - - [13/Jun/2025:09:43:55 -0400] "GET /dj/goodscode/witcheries/69266999.shtm HTTP/1.1" 200 81280 "-" "Mozilla/5.0 (Linux; Android 6.0.1; Nexus 5X Build/MMB29P) AppleWebKit/537.36 (KHTML, like Gecko) Chrome/136.0.7103.113 Mobile Safari/537.36 (compatible; Googlebot/2.1; +http://www.google.com/bot.html)"
2a03:2880:f800:16:: - - [13/Jun/2025:09:43:56 -0400] "GET / HTTP/1.1" 200 37331 "-" "meta-externalagent/1.1 (+https://developers.facebook.com/docs/sharing/webmasters/crawler)"
89.163.242.76 - - [13/Jun/2025:09:43:57 -0400] "GET /inputs.php HTTP/1.1" 301 0 "www.google.com" "Mozlila/5.0 (Linux; Android 7.0; SM-G892A Bulid/NRD90M; wv) AppleWebKit/537.36 (KHTML, like Gecko) Version/4.0 Chrome/60.0.3112.107 Moblie Safari/537.36"
47.82.60.140 - - [13/Jun/2025:09:44:01 -0400] "GET /wp-includes/js/tinymce/skins/lightgray/fonts/tinymce-small.svg HTTP/1.1" 200 7406 "https://wotaku-manga.com/wp-includes/js/tinymce/skins/lightgray/fonts/tinymce-small.svg" "Mozilla/5.0 (Windows NT 10.0; Win64; x64) AppleWebKit/537.36 (KHTML, like Gecko) Chrome/114.0.0.0 Safari/537.36 Edg/114.0.1823.43"
66.249.66.70 - - [13/Jun/2025:09:44:06 -0400] "GET /rp748765643.shtm HTTP/1.1" 200 81475 "-" "Mozilla/5.0 (Linux; Android 6.0.1; Nexus 5X Build/MMB29P) AppleWebKit/537.36 (KHTML, like Gecko) Chrome/136.0.7103.113 Mobile Safari/537.36 (compatible; GoogleOther)"
216.73.216.68 - - [13/Jun/2025:09:44:14 -0400] "GET /sitemap-child-2096.xml HTTP/1.1" 200 11492 "-" "Mozilla/5.0 AppleWebKit/537.36 (KHTML, like Gecko; compatible; ClaudeBot/1.0; [email protected])"
66.249.66.71 - - [13/Jun/2025:09:44:20 -0400] "GET /i150027270.shtm HTTP/1.1" 200 82167 "-" "Mozilla/5.0 (Linux; Android 6.0.1; Nexus 5X Build/MMB29P) AppleWebKit/537.36 (KHTML, like Gecko) Chrome/136.0.7103.113 Mobile Safari/537.36 (compatible; Googlebot/2.1; +http://www.google.com/bot.html)"
66.249.66.71 - - [13/Jun/2025:09:44:21 -0400] "GET /td/shopbrand/aphoristically1722210467.shtm HTTP/1.1" 200 82281 "-" "Mozilla/5.0 (Linux; Android 6.0.1; Nexus 5X Build/MMB29P) AppleWebKit/537.36 (KHTML, like Gecko) Chrome/136.0.7103.113 Mobile Safari/537.36 (compatible; Googlebot/2.1; +http://www.google.com/bot.html)"
162.0.232.193 - - [13/Jun/2025:09:44:29 -0400] "POST /wp-cron.php?doing_wp_cron=1749822269.0587599277496337890625 HTTP/1.1" 200 0 "-" "WordPress/6.8.1; https://wotaku-manga.com"
173.249.144.86 - - [13/Jun/2025:09:44:28 -0400] "GET /wp-login.php HTTP/1.1" 200 1915 "-" "Mozilla/5.0 (X11; Ubuntu; Linux x86_64; rv:85.0) Gecko/20100101 Firefox/91.0"
173.249.144.86 - - [13/Jun/2025:09:44:29 -0400] "POST /wp-login.php HTTP/1.1" 200 2036 "-" "Mozilla/5.0 (X11; Ubuntu; Linux x86_64; rv:85.0) Gecko/20100101 Firefox/91.0"
66.249.66.70 - - [13/Jun/2025:09:44:31 -0400] "GET /cs/748737956.shtm HTTP/1.1" 200 82160 "-" "Mozilla/5.0 (Linux; Android 6.0.1; Nexus 5X Build/MMB29P) AppleWebKit/537.36 (KHTML, like Gecko) Chrome/136.0.7103.113 Mobile Safari/537.36 (compatible; GoogleOther)"
89.163.242.76 - - [13/Jun/2025:09:44:33 -0400] "GET /userfuns.php HTTP/1.1" 200 12 "www.google.com" "Mozlila/5.0 (Linux; Android 7.0; SM-G892A Bulid/NRD90M; wv) AppleWebKit/537.36 (KHTML, like Gecko) Version/4.0 Chrome/60.0.3112.107 Moblie Safari/537.36"
66.249.66.75 - - [13/Jun/2025:09:44:46 -0400] "GET /c/51488300.shtm HTTP/1.1" 200 81698 "-" "Mozilla/5.0 (Linux; Android 6.0.1; Nexus 5X Build/MMB29P) AppleWebKit/537.36 (KHTML, like Gecko) Chrome/136.0.7103.113 Mobile Safari/537.36 (compatible; Googlebot/2.1; +http://www.google.com/bot.html)"
66.249.66.70 - - [13/Jun/2025:09:44:48 -0400] "GET /pwz/sevenshooter/1722366177.shtm HTTP/1.1" 200 81623 "-" "Mozilla/5.0 (Linux; Android 6.0.1; Nexus 5X Build/MMB29P) AppleWebKit/537.36 (KHTML, like Gecko) Chrome/136.0.7103.113 Mobile Safari/537.36 (compatible; Googlebot/2.1; +http://www.google.com/bot.html)"
66.249.66.70 - - [13/Jun/2025:09:44:57 -0400] "GET /y/1966125796.shtm HTTP/1.1" 200 81646 "-" "Mozilla/5.0 (Linux; Android 6.0.1; Nexus 5X Build/MMB29P) AppleWebKit/537.36 (KHTML, like Gecko) Chrome/136.0.7103.113 Mobile Safari/537.36 (compatible; GoogleOther)"
162.0.232.193 - - [13/Jun/2025:09:45:01 -0400] "POST /wp-cron.php?doing_wp_cron=1749822301.7154490947723388671875 HTTP/1.1" 200 0 "-" "WordPress/6.8.1; https://wotaku-manga.com"
89.163.242.76 - - [13/Jun/2025:09:45:01 -0400] "GET /tempfuns.php HTTP/1.1" 301 0 "www.google.com" "Mozlila/5.0 (Linux; Android 7.0; SM-G892A Bulid/NRD90M; wv) AppleWebKit/537.36 (KHTML, like Gecko) Version/4.0 Chrome/60.0.3112.107 Moblie Safari/537.36"
106.154.146.157 - - [13/Jun/2025:09:45:04 -0400] "GET /manga/wotakoi-love-is-hard-for-otaku-chapter-77/ HTTP/1.1" 200 42103 "-" "Mozilla/5.0 (iPad; CPU OS 18_5 like Mac OS X) AppleWebKit/605.1.15 (KHTML, like Gecko) Version/18.5 Mobile/15E148 Safari/604.1"
66.249.66.72 - - [13/Jun/2025:09:45:17 -0400] "GET /i/exclaimer/1722238166.shtm HTTP/1.1" 200 81347 "-" "Mozilla/5.0 (Linux; Android 6.0.1; Nexus 5X Build/MMB29P) AppleWebKit/537.36 (KHTML, like Gecko) Chrome/136.0.7103.113 Mobile Safari/537.36 (compatible; Googlebot/2.1; +http://www.google.com/bot.html)"
66.249.66.70 - - [13/Jun/2025:09:45:22 -0400] "GET /o/748763610.shtm HTTP/1.1" 200 81843 "-" "Mozilla/5.0 (Linux; Android 6.0.1; Nexus 5X Build/MMB29P) AppleWebKit/537.36 (KHTML, like Gecko) Chrome/136.0.7103.113 Mobile Safari/537.36 (compatible; GoogleOther)"
2600:1007:b12f:a61:c94a:c586:1083:b985 - - [13/Jun/2025:09:45:29 -0400] "GET /category/wotakoi-love-is-hard-for-otaku-manga-set/ HTTP/1.1" 304 0 "https://wotaku-manga.com/manga/wotaku-ni-koi-wa-muzukashii-chapter-38/" "Mozilla/5.0 (Linux; Android 10; K) AppleWebKit/537.36 (KHTML, like Gecko) Chrome/137.0.0.0 Mobile Safari/537.36"
2600:1007:b12f:a61:c94a:c586:1083:b985 - - [13/Jun/2025:09:45:29 -0400] "GET /category/wotakoi-love-is-hard-for-otaku-manga-set/ HTTP/1.1" 304 0 "https://wotaku-manga.com/manga/wotaku-ni-koi-wa-muzukashii-chapter-38/" "Mozilla/5.0 (Linux; Android 10; K) AppleWebKit/537.36 (KHTML, like Gecko) Chrome/137.0.0.0 Mobile Safari/537.36"
2600:1007:b12f:a61:c94a:c586:1083:b985 - - [13/Jun/2025:09:45:30 -0400] "GET /manga/wotaku-ni-koi-wa-muzukashii-chapter-38-5/ HTTP/1.1" 200 44711 "https://wotaku-manga.com/manga/wotaku-ni-koi-wa-muzukashii-chapter-38/" "Mozilla/5.0 (Linux; Android 10; K) AppleWebKit/537.36 (KHTML, like Gecko) Chrome/137.0.0.0 Mobile Safari/537.36"
162.0.232.193 - - [13/Jun/2025:09:45:33 -0400] "POST /wp-cron.php?doing_wp_cron=1749822333.4861090183258056640625 HTTP/1.1" 200 0 "-" "WordPress/6.8.1; https://wotaku-manga.com"
89.163.242.76 - - [13/Jun/2025:09:45:33 -0400] "GET /tempfuns.php HTTP/1.1" 301 0 "www.google.com" "Mozlila/5.0 (Linux; Android 7.0; SM-G892A Bulid/NRD90M; wv) AppleWebKit/537.36 (KHTML, like Gecko) Version/4.0 Chrome/60.0.3112.107 Moblie Safari/537.36"
66.249.66.70 - - [13/Jun/2025:09:45:47 -0400] "GET /j/748743457.shtm HTTP/1.1" 200 81784 "-" "Mozilla/5.0 (Linux; Android 6.0.1; Nexus 5X Build/MMB29P) AppleWebKit/537.36 (KHTML, like Gecko) Chrome/136.0.7103.113 Mobile Safari/537.36 (compatible; GoogleOther)"
66.249.66.70 - - [13/Jun/2025:09:45:48 -0400] "GET /j/item/shoddyism1722257279.shtm HTTP/1.1" 200 81729 "-" "Mozilla/5.0 (Linux; Android 6.0.1; Nexus 5X Build/MMB29P) AppleWebKit/537.36 (KHTML, like Gecko) Chrome/136.0.7103.113 Mobile Safari/537.36 (compatible; Googlebot/2.1; +http://www.google.com/bot.html)"
103.144.157.147 - - [13/Jun/2025:09:45:59 -0400] "GET / HTTP/1.1" 304 0 "https://wotaku-manga.com/manga/wotaku-ni-koi-wa-muzukashii-chapter-33/" "Mozilla/5.0 (Linux; Android 10; K) AppleWebKit/537.36 (KHTML, like Gecko) Chrome/137.0.0.0 Mobile Safari/537.36"
103.144.157.147 - - [13/Jun/2025:09:46:00 -0400] "GET / HTTP/1.1" 304 0 "https://wotaku-manga.com/manga/wotaku-ni-koi-wa-muzukashii-chapter-33/" "Mozilla/5.0 (Linux; Android 10; K) AppleWebKit/537.36 (KHTML, like Gecko) Chrome/137.0.0.0 Mobile Safari/537.36"
66.249.66.72 - - [13/Jun/2025:09:46:12 -0400] "GET /b/special/chiliarchy/748773189.shtm HTTP/1.1" 200 81857 "-" "Mozilla/5.0 (Linux; Android 6.0.1; Nexus 5X Build/MMB29P) AppleWebKit/537.36 (KHTML, like Gecko) Chrome/136.0.7103.113 Mobile Safari/537.36 (compatible; GoogleOther)"
66.249.66.70 - - [13/Jun/2025:09:46:17 -0400] "GET /ku/shopping/stiffish1722662728.shtm HTTP/1.1" 200 81058 "-" "Mozilla/5.0 (Linux; Android 6.0.1; Nexus 5X Build/MMB29P) AppleWebKit/537.36 (KHTML, like Gecko) Chrome/136.0.7103.113 Mobile Safari/537.36 (compatible; Googlebot/2.1; +http://www.google.com/bot.html)"
216.73.216.68 - - [13/Jun/2025:09:46:29 -0400] "GET /sitemap-child-1636.xml HTTP/1.1" 200 11303 "-" "Mozilla/5.0 AppleWebKit/537.36 (KHTML, like Gecko; compatible; ClaudeBot/1.0; [email protected])"
66.249.66.70 - - [13/Jun/2025:09:46:37 -0400] "GET /xjh748769769.shtm HTTP/1.1" 200 81962 "-" "Mozilla/5.0 (Linux; Android 6.0.1; Nexus 5X Build/MMB29P) AppleWebKit/537.36 (KHTML, like Gecko) Chrome/136.0.7103.113 Mobile Safari/537.36 (compatible; GoogleOther)"
66.249.66.70 - - [13/Jun/2025:09:46:48 -0400] "GET /xv/superstitiousness/1722371529.shtm HTTP/1.1" 200 82828 "-" "Mozilla/5.0 (Linux; Android 6.0.1; Nexus 5X Build/MMB29P) AppleWebKit/537.36 (KHTML, like Gecko) Chrome/136.0.7103.113 Mobile Safari/537.36 (compatible; Googlebot/2.1; +http://www.google.com/bot.html)"
66.249.66.70 - - [13/Jun/2025:09:47:02 -0400] "GET /tr/products/flitty748802201.shtm HTTP/1.1" 200 81752 "-" "Mozilla/5.0 (Linux; Android 6.0.1; Nexus 5X Build/MMB29P) AppleWebKit/537.36 (KHTML, like Gecko) Chrome/136.0.7103.113 Mobile Safari/537.36 (compatible; GoogleOther)"
162.0.232.193 - - [13/Jun/2025:09:47:14 -0400] "POST /wp-cron.php?doing_wp_cron=1749822433.9641389846801757812500 HTTP/1.1" 200 0 "-" "WordPress/6.8.1; https://wotaku-manga.com"
2a03:2880:f800:18:: - - [13/Jun/2025:09:47:13 -0400] "GET /shopdetail/43950935 HTTP/1.1" 301 0 "-" "meta-externalagent/1.1 (+https://developers.facebook.com/docs/sharing/webmasters/crawler)"
2a03:2880:f800:8:: - - [13/Jun/2025:09:47:15 -0400] "GET / HTTP/1.1" 200 37331 "-" "meta-externalagent/1.1 (+https://developers.facebook.com/docs/sharing/webmasters/crawler)"
66.249.66.70 - - [13/Jun/2025:09:47:18 -0400] "GET /yo/shopdetail/indigogen1722372276.shtm HTTP/1.1" 200 81736 "-" "Mozilla/5.0 (Linux; Android 6.0.1; Nexus 5X Build/MMB29P) AppleWebKit/537.36 (KHTML, like Gecko) Chrome/136.0.7103.113 Mobile Safari/537.36 (compatible; Googlebot/2.1; +http://www.google.com/bot.html)"
66.249.66.70 - - [13/Jun/2025:09:47:27 -0400] "GET /rh748784277.shtm HTTP/1.1" 200 83984 "-" "Mozilla/5.0 (Linux; Android 6.0.1; Nexus 5X Build/MMB29P) AppleWebKit/537.36 (KHTML, like Gecko) Chrome/136.0.7103.113 Mobile Safari/537.36 (compatible; GoogleOther)"
103.144.157.147 - - [13/Jun/2025:09:47:36 -0400] "GET /category/wotakoi-love-is-hard-for-otaku-manga-volumes/ HTTP/1.1" 304 0 "https://wotaku-manga.com/manga/wotaku-ni-koi-wa-muzukashii-chapter-33/" "Mozilla/5.0 (Linux; Android 10; K) AppleWebKit/537.36 (KHTML, like Gecko) Chrome/137.0.0.0 Mobile Safari/537.36"
103.144.157.147 - - [13/Jun/2025:09:47:37 -0400] "GET /category/wotakoi-love-is-hard-for-otaku-manga-volumes/ HTTP/1.1" 304 0 "https://wotaku-manga.com/manga/wotaku-ni-koi-wa-muzukashii-chapter-33/" "Mozilla/5.0 (Linux; Android 10; K) AppleWebKit/537.36 (KHTML, like Gecko) Chrome/137.0.0.0 Mobile Safari/537.36"
103.144.157.147 - - [13/Jun/2025:09:47:38 -0400] "GET /manga/wotaku-ni-koi-wa-muzukashii-chapter-34/ HTTP/1.1" 200 42595 "https://wotaku-manga.com/manga/wotaku-ni-koi-wa-muzukashii-chapter-33/" "Mozilla/5.0 (Linux; Android 10; K) AppleWebKit/537.36 (KHTML, like Gecko) Chrome/137.0.0.0 Mobile Safari/537.36"
103.144.157.147 - - [13/Jun/2025:09:47:40 -0400] "GET /wotakoi-story/ HTTP/1.1" 200 40799 "https://wotaku-manga.com/manga/wotaku-ni-koi-wa-muzukashii-chapter-34/" "Mozilla/5.0 (Linux; Android 10; K) AppleWebKit/537.36 (KHTML, like Gecko) Chrome/137.0.0.0 Mobile Safari/537.36"
66.249.66.70 - - [13/Jun/2025:09:47:48 -0400] "GET /jl/goodscode/adustible1722485009.shtm HTTP/1.1" 200 81708 "-" "Mozilla/5.0 (Linux; Android 6.0.1; Nexus 5X Build/MMB29P) AppleWebKit/537.36 (KHTML, like Gecko) Chrome/136.0.7103.113 Mobile Safari/537.36 (compatible; Googlebot/2.1; +http://www.google.com/bot.html)"
66.249.66.70 - - [13/Jun/2025:09:47:52 -0400] "GET /se1966085242.shtm HTTP/1.1" 200 81839 "-" "Mozilla/5.0 (Linux; Android 6.0.1; Nexus 5X Build/MMB29P) AppleWebKit/537.36 (KHTML, like Gecko) Chrome/136.0.7103.113 Mobile Safari/537.36 (compatible; GoogleOther)"
66.249.66.70 - - [13/Jun/2025:09:48:17 -0400] "GET /r/748731215.shtm HTTP/1.1" 200 81871 "-" "Mozilla/5.0 (Linux; Android 6.0.1; Nexus 5X Build/MMB29P) AppleWebKit/537.36 (KHTML, like Gecko) Chrome/136.0.7103.113 Mobile Safari/537.36 (compatible; GoogleOther)"
66.249.66.72 - - [13/Jun/2025:09:48:19 -0400] "GET /xh/isolationist/1722160369.shtm HTTP/1.1" 200 81614 "-" "Mozilla/5.0 (Linux; Android 6.0.1; Nexus 5X Build/MMB29P) AppleWebKit/537.36 (KHTML, like Gecko) Chrome/136.0.7103.113 Mobile Safari/537.36 (compatible; Googlebot/2.1; +http://www.google.com/bot.html)"
66.249.66.70 - - [13/Jun/2025:09:48:42 -0400] "GET /n/shopdetail/tusker/951204561.shtm HTTP/1.1" 200 81755 "-" "Mozilla/5.0 (Linux; Android 6.0.1; Nexus 5X Build/MMB29P) AppleWebKit/537.36 (KHTML, like Gecko) Chrome/136.0.7103.113 Mobile Safari/537.36 (compatible; GoogleOther)"
66.249.66.70 - - [13/Jun/2025:09:49:01 -0400] "GET /kiq/inaniloquent/1722187730.shtm HTTP/1.1" 200 81650 "-" "Mozilla/5.0 (Linux; Android 6.0.1; Nexus 5X Build/MMB29P) AppleWebKit/537.36 (KHTML, like Gecko) Chrome/136.0.7103.113 Mobile Safari/537.36 (compatible; Googlebot/2.1; +http://www.google.com/bot.html)"
66.249.66.70 - - [13/Jun/2025:09:49:07 -0400] "GET /h/entity/jurist/296598761.shtm HTTP/1.1" 200 81539 "-" "Mozilla/5.0 (Linux; Android 6.0.1; Nexus 5X Build/MMB29P) AppleWebKit/537.36 (KHTML, like Gecko) Chrome/136.0.7103.113 Mobile Safari/537.36 (compatible; GoogleOther)"
162.0.232.193 - - [13/Jun/2025:09:49:15 -0400] "POST /wp-cron.php?doing_wp_cron=1749822554.9679911136627197265625 HTTP/1.1" 200 0 "-" "WordPress/6.8.1; https://wotaku-manga.com"
2a03:2880:f800:1:: - - [13/Jun/2025:09:49:14 -0400] "GET /shopdetail/189362435 HTTP/1.1" 301 0 "-" "meta-externalagent/1.1 (+https://developers.facebook.com/docs/sharing/webmasters/crawler)"
2a03:2880:f800:1:: - - [13/Jun/2025:09:49:16 -0400] "GET / HTTP/1.1" 200 37331 "-" "meta-externalagent/1.1 (+https://developers.facebook.com/docs/sharing/webmasters/crawler)"
47.82.61.50 - - [13/Jun/2025:09:49:21 -0400] "GET /wp-includes/sodium_compat/namespaced/Core/Curve25519/Ge/P1p1.php HTTP/1.1" 403 1242 "https://wotaku-manga.com/wp-includes/sodium_compat/namespaced/Core/Curve25519/Ge/P1p1.php" "Mozilla/5.0 (Windows NT 10.0; Win64; x64) AppleWebKit/537.36 (KHTML, like Gecko) Chrome/114.0.0.0 Safari/537.36 Edg/114.0.1823.43"
103.144.157.147 - - [13/Jun/2025:09:49:25 -0400] "GET /category/wotakoi-love-is-hard-for-otaku-manga-read-online/ HTTP/1.1" 200 46233 "https://wotaku-manga.com/manga/wotaku-ni-koi-wa-muzukashii-chapter-34/" "Mozilla/5.0 (Linux; Android 10; K) AppleWebKit/537.36 (KHTML, like Gecko) Chrome/137.0.0.0 Mobile Safari/537.36"
66.249.66.161 - - [13/Jun/2025:09:49:26 -0400] "GET /oos/conducted/1722453452.shtm HTTP/1.1" 200 81427 "-" "Mozilla/5.0 (Linux; Android 6.0.1; Nexus 5X Build/MMB29P) AppleWebKit/537.36 (KHTML, like Gecko) Chrome/136.0.7103.113 Mobile Safari/537.36 (compatible; Googlebot/2.1; +http://www.google.com/bot.html)"
66.249.66.168 - - [13/Jun/2025:09:49:32 -0400] "GET /woc/items/tribe/749966986.shtm HTTP/1.1" 200 81645 "-" "Mozilla/5.0 (Linux; Android 6.0.1; Nexus 5X Build/MMB29P) AppleWebKit/537.36 (KHTML, like Gecko) Chrome/136.0.7103.113 Mobile Safari/537.36 (compatible; GoogleOther)"
162.0.232.193 - - [13/Jun/2025:09:49:37 -0400] "POST /wp-cron.php?doing_wp_cron=1749822577.8213860988616943359375 HTTP/1.1" 200 0 "-" "WordPress/6.8.1; https://wotaku-manga.com"
2a03:2880:f800:12:: - - [13/Jun/2025:09:49:37 -0400] "GET /shopdetail/213791735 HTTP/1.1" 301 0 "-" "meta-externalagent/1.1 (+https://developers.facebook.com/docs/sharing/webmasters/crawler)"
2a03:2880:f800:13:: - - [13/Jun/2025:09:49:40 -0400] "GET / HTTP/1.1" 200 37331 "-" "meta-externalagent/1.1 (+https://developers.facebook.com/docs/sharing/webmasters/crawler)"
66.249.66.70 - - [13/Jun/2025:09:49:51 -0400] "GET /i/halysites/1722343514.shtm HTTP/1.1" 200 81781 "-" "Mozilla/5.0 (Linux; Android 6.0.1; Nexus 5X Build/MMB29P) AppleWebKit/537.36 (KHTML, like Gecko) Chrome/136.0.7103.113 Mobile Safari/537.36 (compatible; Googlebot/2.1; +http://www.google.com/bot.html)"
66.249.66.71 - - [13/Jun/2025:09:49:57 -0400] "GET /h/951181681.shtm HTTP/1.1" 200 82437 "-" "Mozilla/5.0 (Linux; Android 6.0.1; Nexus 5X Build/MMB29P) AppleWebKit/537.36 (KHTML, like Gecko) Chrome/136.0.7103.113 Mobile Safari/537.36 (compatible; GoogleOther)"
66.249.66.39 - - [13/Jun/2025:09:50:22 -0400] "GET /dxv951196839.shtm HTTP/1.1" 200 82627 "-" "Mozilla/5.0 (Linux; Android 6.0.1; Nexus 5X Build/MMB29P) AppleWebKit/537.36 (KHTML, like Gecko) Chrome/136.0.7103.113 Mobile Safari/537.36 (compatible; GoogleOther)"
66.249.66.70 - - [13/Jun/2025:09:50:40 -0400] "GET /aeg/rapfully/1722603408.shtm HTTP/1.1" 200 81439 "-" "Mozilla/5.0 (Linux; Android 6.0.1; Nexus 5X Build/MMB29P) AppleWebKit/537.36 (KHTML, like Gecko) Chrome/136.0.7103.113 Mobile Safari/537.36 (compatible; Googlebot/2.1; +http://www.google.com/bot.html)"
162.0.232.193 - - [13/Jun/2025:09:50:45 -0400] "POST /wp-cron.php?doing_wp_cron=1749822645.3526239395141601562500 HTTP/1.1" 200 0 "-" "WordPress/6.8.1; https://wotaku-manga.com"
2a03:2880:f800:e:: - - [13/Jun/2025:09:50:45 -0400] "GET /shopdetail/83223835 HTTP/1.1" 301 0 "-" "meta-externalagent/1.1 (+https://developers.facebook.com/docs/sharing/webmasters/crawler)"
2a03:2880:f800:e:: - - [13/Jun/2025:09:50:46 -0400] "GET / HTTP/1.1" 200 37331 "-" "meta-externalagent/1.1 (+https://developers.facebook.com/docs/sharing/webmasters/crawler)"
66.249.66.37 - - [13/Jun/2025:09:50:47 -0400] "GET /t1966157353.shtm HTTP/1.1" 200 81889 "-" "Mozilla/5.0 (Linux; Android 6.0.1; Nexus 5X Build/MMB29P) AppleWebKit/537.36 (KHTML, like Gecko) Chrome/136.0.7103.113 Mobile Safari/537.36 (compatible; GoogleOther)"
66.249.66.70 - - [13/Jun/2025:09:51:05 -0400] "GET /rkt/trudged/1722719251.shtm HTTP/1.1" 200 81630 "-" "Mozilla/5.0 (Linux; Android 6.0.1; Nexus 5X Build/MMB29P) AppleWebKit/537.36 (KHTML, like Gecko) Chrome/136.0.7103.113 Mobile Safari/537.36 (compatible; Googlebot/2.1; +http://www.google.com/bot.html)"
122.148.52.101 - - [13/Jun/2025:09:51:09 -0400] "GET /manga/wotaku-ni-koi-wa-muzukashii-chapter-53/ HTTP/1.1" 200 43562 "-" "Mozilla/5.0 (Linux; U; Android 2.0; en-us;) AppleWebKit/538.1 (KHTML, like Gecko) Version/4.0 Mobile Safari/538.1 (Kobo Touch 0386/4.38.23171)"
66.249.66.70 - - [13/Jun/2025:09:51:12 -0400] "GET /x/products/shaster/952407243.shtm HTTP/1.1" 200 81615 "-" "Mozilla/5.0 (Linux; Android 6.0.1; Nexus 5X Build/MMB29P) AppleWebKit/537.36 (KHTML, like Gecko) Chrome/136.0.7103.113 Mobile Safari/537.36 (compatible; GoogleOther)"
162.0.232.193 - - [13/Jun/2025:09:51:16 -0400] "POST /wp-cron.php?doing_wp_cron=1749822676.4347510337829589843750 HTTP/1.1" 200 0 "-" "WordPress/6.8.1; https://wotaku-manga.com"
2a03:2880:f800:5:: - - [13/Jun/2025:09:51:16 -0400] "GET /shopdetail/217188535 HTTP/1.1" 301 0 "-" "meta-externalagent/1.1 (+https://developers.facebook.com/docs/sharing/webmasters/crawler)"
2a03:2880:f800:19:: - - [13/Jun/2025:09:51:21 -0400] "GET / HTTP/1.1" 200 37393 "-" "meta-externalagent/1.1 (+https://developers.facebook.com/docs/sharing/webmasters/crawler)"
2603:8000:9a03:6900:f18f:730b:c003:dfca - - [13/Jun/2025:09:51:30 -0400] "GET /manga/wotaku-ni-koi-wa-muzukashii-chapter-56/ HTTP/1.1" 200 43338 "-" "Mozilla/5.0 (iPhone; CPU iPhone OS 18_5 like Mac OS X) AppleWebKit/605.1.15 (KHTML, like Gecko) Version/18.5 Mobile/15E148 Safari/604.1"
66.249.66.70 - - [13/Jun/2025:09:51:30 -0400] "GET /h/tetrarchate/1722202351.shtm HTTP/1.1" 200 81854 "-" "Mozilla/5.0 (Linux; Android 6.0.1; Nexus 5X Build/MMB29P) AppleWebKit/537.36 (KHTML, like Gecko) Chrome/136.0.7103.113 Mobile Safari/537.36 (compatible; Googlebot/2.1; +http://www.google.com/bot.html)"
2603:8000:9a03:6900:f18f:730b:c003:dfca - - [13/Jun/2025:09:51:33 -0400] "GET /wp-content/themes/toivo-lite/js/functions.min.js?ver=1.2.0 HTTP/1.1" 304 0 "https://wotaku-manga.com/manga/wotaku-ni-koi-wa-muzukashii-chapter-56/" "Mozilla/5.0 (iPhone; CPU iPhone OS 18_5 like Mac OS X) AppleWebKit/605.1.15 (KHTML, like Gecko) Version/18.5 Mobile/15E148 Safari/604.1"
2603:8000:9a03:6900:f18f:730b:c003:dfca - - [13/Jun/2025:09:51:33 -0400] "GET /wp-content/plugins/simple-social-buttons/assets/js/frontend-blocks.js?ver=6.1.0 HTTP/1.1" 304 0 "https://wotaku-manga.com/manga/wotaku-ni-koi-wa-muzukashii-chapter-56/" "Mozilla/5.0 (iPhone; CPU iPhone OS 18_5 like Mac OS X) AppleWebKit/605.1.15 (KHTML, like Gecko) Version/18.5 Mobile/15E148 Safari/604.1"
2603:8000:9a03:6900:f18f:730b:c003:dfca - - [13/Jun/2025:09:51:33 -0400] "GET /wp-content/cache/min/1/sdks/web/v16/OneSignalSDK.page.js?ver=1746023449 HTTP/1.1" 304 0 "https://wotaku-manga.com/manga/wotaku-ni-koi-wa-muzukashii-chapter-56/" "Mozilla/5.0 (iPhone; CPU iPhone OS 18_5 like Mac OS X) AppleWebKit/605.1.15 (KHTML, like Gecko) Version/18.5 Mobile/15E148 Safari/604.1"
162.0.232.193 - - [13/Jun/2025:09:51:33 -0400] "POST /wp-cron.php?doing_wp_cron=1749822693.4493799209594726562500 HTTP/1.1" 200 0 "-" "WordPress/6.8.1; https://wotaku-manga.com"
2603:8000:9a03:6900:f18f:730b:c003:dfca - - [13/Jun/2025:09:51:33 -0400] "POST /wp-admin/admin-ajax.php HTTP/1.1" 200 61 "https://wotaku-manga.com/manga/wotaku-ni-koi-wa-muzukashii-chapter-56/" "Mozilla/5.0 (iPhone; CPU iPhone OS 18_5 like Mac OS X) AppleWebKit/605.1.15 (KHTML, like Gecko) Version/18.5 Mobile/15E148 Safari/604.1"
66.249.66.70 - - [13/Jun/2025:09:51:38 -0400] "GET /i/item/porana/748795776.shtm HTTP/1.1" 200 82427 "-" "Mozilla/5.0 (Linux; Android 6.0.1; Nexus 5X Build/MMB29P) AppleWebKit/537.36 (KHTML, like Gecko) Chrome/136.0.7103.113 Mobile Safari/537.36 (compatible; GoogleOther)"
54.36.148.239 - - [13/Jun/2025:09:51:44 -0400] "GET /manga/wotakoi-love-is-hard-for-otaku-chapter-77-5/ HTTP/1.1" 200 44343 "-" "Mozilla/5.0 (compatible; AhrefsBot/7.0; +http://ahrefs.com/robot/)"
66.249.66.71 - - [13/Jun/2025:09:51:55 -0400] "GET /dqf/pluvial/1722306279.shtm HTTP/1.1" 200 81815 "-" "Mozilla/5.0 (Linux; Android 6.0.1; Nexus 5X Build/MMB29P) AppleWebKit/537.36 (KHTML, like Gecko) Chrome/136.0.7103.113 Mobile Safari/537.36 (compatible; Googlebot/2.1; +http://www.google.com/bot.html)"
66.249.66.71 - - [13/Jun/2025:09:52:04 -0400] "GET /bn/naval1895068227.shtm HTTP/1.1" 200 81640 "-" "Mozilla/5.0 (Linux; Android 6.0.1; Nexus 5X Build/MMB29P) AppleWebKit/537.36 (KHTML, like Gecko) Chrome/136.0.7103.113 Mobile Safari/537.36 (compatible; GoogleOther)"
66.249.66.70 - - [13/Jun/2025:09:52:28 -0400] "GET /olo/abegge748745752.shtm HTTP/1.1" 200 82495 "-" "Mozilla/5.0 (Linux; Android 6.0.1; Nexus 5X Build/MMB29P) AppleWebKit/537.36 (KHTML, like Gecko) Chrome/136.0.7103.113 Mobile Safari/537.36 (compatible; GoogleOther)"
66.249.66.70 - - [13/Jun/2025:09:52:44 -0400] "GET /xf/product/flitty1722513369.shtm HTTP/1.1" 200 81420 "-" "Mozilla/5.0 (Linux; Android 6.0.1; Nexus 5X Build/MMB29P) AppleWebKit/537.36 (KHTML, like Gecko) Chrome/136.0.7103.113 Mobile Safari/537.36 (compatible; Googlebot/2.1; +http://www.google.com/bot.html)"
66.249.66.73 - - [13/Jun/2025:09:52:45 -0400] "GET /s/51464176.shtm HTTP/1.1" 200 81914 "-" "Mozilla/5.0 (Linux; Android 6.0.1; Nexus 5X Build/MMB29P) AppleWebKit/537.36 (KHTML, like Gecko) Chrome/136.0.7103.113 Mobile Safari/537.36 (compatible; Googlebot/2.1; +http://www.google.com/bot.html)"
103.144.157.147 - - [13/Jun/2025:09:52:51 -0400] "GET /manga/wotaku-ni-koi-wa-muzukashii-chapter-35/ HTTP/1.1" 200 42223 "https://wotaku-manga.com/manga/wotaku-ni-koi-wa-muzukashii-chapter-34/" "Mozilla/5.0 (Linux; Android 10; K) AppleWebKit/537.36 (KHTML, like Gecko) Chrome/137.0.0.0 Mobile Safari/537.36"
162.0.232.193 - - [13/Jun/2025:09:52:51 -0400] "POST /wp-cron.php?doing_wp_cron=1749822771.8343191146850585937500 HTTP/1.1" 200 0 "-" "WordPress/6.8.1; https://wotaku-manga.com"
2a03:2880:f800:b:: - - [13/Jun/2025:09:52:51 -0400] "GET /shopdetail/191299135 HTTP/1.1" 301 0 "-" "meta-externalagent/1.1 (+https://developers.facebook.com/docs/sharing/webmasters/crawler)"
103.144.157.147 - - [13/Jun/2025:09:52:53 -0400] "GET / HTTP/1.1" 304 0 "https://wotaku-manga.com/manga/wotaku-ni-koi-wa-muzukashii-chapter-35/" "Mozilla/5.0 (Linux; Android 10; K) AppleWebKit/537.36 (KHTML, like Gecko) Chrome/137.0.0.0 Mobile Safari/537.36"
2a03:2880:f800:6:: - - [13/Jun/2025:09:52:53 -0400] "GET / HTTP/1.1" 200 37393 "-" "meta-externalagent/1.1 (+https://developers.facebook.com/docs/sharing/webmasters/crawler)"
66.249.66.70 - - [13/Jun/2025:09:52:53 -0400] "GET /bz1966109131.shtm HTTP/1.1" 200 81731 "-" "Mozilla/5.0 (Linux; Android 6.0.1; Nexus 5X Build/MMB29P) AppleWebKit/537.36 (KHTML, like Gecko) Chrome/136.0.7103.113 Mobile Safari/537.36 (compatible; GoogleOther)"
103.144.157.147 - - [13/Jun/2025:09:52:54 -0400] "GET / HTTP/1.1" 304 0 "https://wotaku-manga.com/manga/wotaku-ni-koi-wa-muzukashii-chapter-35/" "Mozilla/5.0 (Linux; Android 10; K) AppleWebKit/537.36 (KHTML, like Gecko) Chrome/137.0.0.0 Mobile Safari/537.36"
162.0.232.193 - - [13/Jun/2025:09:53:08 -0400] "POST /wp-cron.php?doing_wp_cron=1749822788.7431170940399169921875 HTTP/1.1" 200 0 "-" "WordPress/6.8.1; https://wotaku-manga.com"
2a03:2880:f800:6:: - - [13/Jun/2025:09:53:08 -0400] "GET /shopdetail/298849835 HTTP/1.1" 301 0 "-" "meta-externalagent/1.1 (+https://developers.facebook.com/docs/sharing/webmasters/crawler)"
66.249.66.72 - - [13/Jun/2025:09:53:10 -0400] "GET /o/goods/mired1722611870.shtm HTTP/1.1" 200 84928 "-" "Mozilla/5.0 (Linux; Android 6.0.1; Nexus 5X Build/MMB29P) AppleWebKit/537.36 (KHTML, like Gecko) Chrome/136.0.7103.113 Mobile Safari/537.36 (compatible; Googlebot/2.1; +http://www.google.com/bot.html)"
2a03:2880:f800:1b:: - - [13/Jun/2025:09:53:12 -0400] "GET / HTTP/1.1" 200 37331 "-" "meta-externalagent/1.1 (+https://developers.facebook.com/docs/sharing/webmasters/crawler)"
2607:fb91:130b:4a47:793a:8add:e376:e7b4 - - [13/Jun/2025:09:53:13 -0400] "GET /manga/wotakoi-love-is-hard-for-otaku-chapter-3/ HTTP/1.1" 200 43223 "-" "Mozilla/5.0 (iPhone; CPU iPhone OS 18_5 like Mac OS X) AppleWebKit/605.1.15 (KHTML, like Gecko) Mobile/15E148"
2600:1007:b12f:a61:c94a:c586:1083:b985 - - [13/Jun/2025:09:53:17 -0400] "GET /manga/wotaku-ni-koi-wa-muzukashii-chapter-39/ HTTP/1.1" 200 41986 "https://wotaku-manga.com/manga/wotaku-ni-koi-wa-muzukashii-chapter-38-5/" "Mozilla/5.0 (Linux; Android 10; K) AppleWebKit/537.36 (KHTML, like Gecko) Chrome/137.0.0.0 Mobile Safari/537.36"
66.249.66.70 - - [13/Jun/2025:09:53:18 -0400] "GET /f/foulard748739669.shtm HTTP/1.1" 200 81533 "-" "Mozilla/5.0 (Linux; Android 6.0.1; Nexus 5X Build/MMB29P) AppleWebKit/537.36 (KHTML, like Gecko) Chrome/136.0.7103.113 Mobile Safari/537.36 (compatible; GoogleOther)"
66.249.66.166 - - [13/Jun/2025:09:53:35 -0400] "GET /zyb/shopdetail/transfreight/72749743.shtm HTTP/1.1" 200 81631 "-" "Mozilla/5.0 (Linux; Android 6.0.1; Nexus 5X Build/MMB29P) AppleWebKit/537.36 (KHTML, like Gecko) Chrome/136.0.7103.113 Mobile Safari/537.36 (compatible; Googlebot/2.1; +http://www.google.com/bot.html)"
66.249.66.70 - - [13/Jun/2025:09:53:36 -0400] "GET /px/racking/1722226321.shtm HTTP/1.1" 200 81895 "-" "Mozilla/5.0 (Linux; Android 6.0.1; Nexus 5X Build/MMB29P) AppleWebKit/537.36 (KHTML, like Gecko) Chrome/136.0.7103.113 Mobile Safari/537.36 (compatible; Googlebot/2.1; +http://www.google.com/bot.html)"
66.249.66.70 - - [13/Jun/2025:09:53:43 -0400] "GET /g/shopdetail/sponginess/748706484.shtm HTTP/1.1" 200 81443 "-" "Mozilla/5.0 (Linux; Android 6.0.1; Nexus 5X Build/MMB29P) AppleWebKit/537.36 (KHTML, like Gecko) Chrome/136.0.7103.113 Mobile Safari/537.36 (compatible; GoogleOther)"
162.0.232.193 - - [13/Jun/2025:09:53:53 -0400] "POST /wp-cron.php?doing_wp_cron=1749822833.3262650966644287109375 HTTP/1.1" 200 0 "-" "WordPress/6.8.1; https://wotaku-manga.com"
2a03:2880:f800:14:: - - [13/Jun/2025:09:53:53 -0400] "GET /shopdetail/409733735 HTTP/1.1" 301 0 "-" "meta-externalagent/1.1 (+https://developers.facebook.com/docs/sharing/webmasters/crawler)"
2a03:2880:f800:17:: - - [13/Jun/2025:09:53:56 -0400] "GET / HTTP/1.1" 200 37331 "-" "meta-externalagent/1.1 (+https://developers.facebook.com/docs/sharing/webmasters/crawler)"
