51.222.253.2 - - [11/Jun/2025:08:50:54 -0400] "GET /l400031597.shtm HTTP/1.1" 301 0 "-" "Mozilla/5.0 (compatible; AhrefsBot/7.0; +http://ahrefs.com/robot/)"
162.0.232.193 - - [11/Jun/2025:08:51:04 -0400] "POST /wp-cron.php?doing_wp_cron=1749646264.5078749656677246093750 HTTP/1.1" 200 0 "-" "WordPress/6.8.1; https://wotaku-manga.com"
51.222.253.17 - - [11/Jun/2025:08:51:03 -0400] "GET /l457431975.shtm HTTP/1.1" 301 0 "-" "Mozilla/5.0 (compatible; AhrefsBot/7.0; +http://ahrefs.com/robot/)"
51.222.253.11 - - [11/Jun/2025:08:51:09 -0400] "GET /l457465891.shtm HTTP/1.1" 301 0 "-" "Mozilla/5.0 (compatible; AhrefsBot/7.0; +http://ahrefs.com/robot/)"
162.0.232.193 - - [11/Jun/2025:08:51:21 -0400] "POST /wp-cron.php?doing_wp_cron=1749646281.1505761146545410156250 HTTP/1.1" 200 0 "-" "WordPress/6.8.1; https://wotaku-manga.com"
51.222.253.14 - - [11/Jun/2025:08:51:20 -0400] "GET /l48185211.shtm HTTP/1.1" 301 0 "-" "Mozilla/5.0 (compatible; AhrefsBot/7.0; +http://ahrefs.com/robot/)"
51.222.253.3 - - [11/Jun/2025:08:51:23 -0400] "GET /l508618271.shtm HTTP/1.1" 301 0 "-" "Mozilla/5.0 (compatible; AhrefsBot/7.0; +http://ahrefs.com/robot/)"
51.222.253.7 - - [11/Jun/2025:08:51:30 -0400] "GET /l508687719.shtm HTTP/1.1" 301 0 "-" "Mozilla/5.0 (compatible; AhrefsBot/7.0; +http://ahrefs.com/robot/)"
66.249.75.167 - - [11/Jun/2025:08:51:34 -0400] "GET /l/items/sporadial1722487387.shtm HTTP/1.1" 200 81864 "-" "Mozilla/5.0 (Linux; Android 6.0.1; Nexus 5X Build/MMB29P) AppleWebKit/537.36 (KHTML, like Gecko) Chrome/136.0.7103.113 Mobile Safari/537.36 (compatible; Googlebot/2.1; +http://www.google.com/bot.html)"
51.222.253.18 - - [11/Jun/2025:08:51:38 -0400] "GET /l786782933.shtm HTTP/1.1" 301 0 "-" "Mozilla/5.0 (compatible; AhrefsBot/7.0; +http://ahrefs.com/robot/)"
2a03:2880:f800:10:: - - [11/Jun/2025:08:51:38 -0400] "GET /shopdetail/374809935 HTTP/1.1" 301 0 "-" "meta-externalagent/1.1 (+https://developers.facebook.com/docs/sharing/webmasters/crawler)"
2a03:2880:f800:19:: - - [11/Jun/2025:08:51:41 -0400] "GET / HTTP/1.1" 200 37330 "-" "meta-externalagent/1.1 (+https://developers.facebook.com/docs/sharing/webmasters/crawler)"
51.222.253.7 - - [11/Jun/2025:08:51:46 -0400] "GET /l853915673.shtm HTTP/1.1" 301 0 "-" "Mozilla/5.0 (compatible; AhrefsBot/7.0; +http://ahrefs.com/robot/)"
162.0.232.193 - - [11/Jun/2025:08:51:48 -0400] "POST /wp-cron.php?doing_wp_cron=1749646307.7322731018066406250000 HTTP/1.1" 200 0 "-" "WordPress/6.8.1; https://wotaku-manga.com"
2a03:2880:f800:19:: - - [11/Jun/2025:08:51:46 -0400] "GET /shopdetail/194311435 HTTP/1.1" 301 0 "-" "meta-externalagent/1.1 (+https://developers.facebook.com/docs/sharing/webmasters/crawler)"
2a03:2880:f800:3:: - - [11/Jun/2025:08:51:49 -0400] "GET / HTTP/1.1" 200 37330 "-" "meta-externalagent/1.1 (+https://developers.facebook.com/docs/sharing/webmasters/crawler)"
2a03:2880:f800:9:: - - [11/Jun/2025:08:51:50 -0400] "GET /shopdetail/434871835 HTTP/1.1" 301 0 "-" "meta-externalagent/1.1 (+https://developers.facebook.com/docs/sharing/webmasters/crawler)"
2a03:2880:f800:10:: - - [11/Jun/2025:08:51:52 -0400] "GET / HTTP/1.1" 200 37330 "-" "meta-externalagent/1.1 (+https://developers.facebook.com/docs/sharing/webmasters/crawler)"
51.222.253.2 - - [11/Jun/2025:08:51:55 -0400] "GET /l867452891.shtm HTTP/1.1" 301 0 "-" "Mozilla/5.0 (compatible; AhrefsBot/7.0; +http://ahrefs.com/robot/)"
162.0.232.193 - - [11/Jun/2025:08:52:06 -0400] "POST /wp-cron.php?doing_wp_cron=1749646325.7870109081268310546875 HTTP/1.1" 200 0 "-" "WordPress/6.8.1; https://wotaku-manga.com"
51.222.253.17 - - [11/Jun/2025:08:52:05 -0400] "GET /l90006731.shtm HTTP/1.1" 301 0 "-" "Mozilla/5.0 (compatible; AhrefsBot/7.0; +http://ahrefs.com/robot/)"
51.222.253.15 - - [11/Jun/2025:08:52:13 -0400] "GET /l967554441.shtm HTTP/1.1" 301 0 "-" "Mozilla/5.0 (compatible; AhrefsBot/7.0; +http://ahrefs.com/robot/)"
162.0.232.193 - - [11/Jun/2025:08:52:23 -0400] "POST /wp-cron.php?doing_wp_cron=1749646342.3680028915405273437500 HTTP/1.1" 200 0 "-" "WordPress/6.8.1; https://wotaku-manga.com"
51.222.253.11 - - [11/Jun/2025:08:52:20 -0400] "GET /l979401611.shtm HTTP/1.1" 301 0 "-" "Mozilla/5.0 (compatible; AhrefsBot/7.0; +http://ahrefs.com/robot/)"
51.222.253.15 - - [11/Jun/2025:08:52:29 -0400] "GET /l982833745.shtm HTTP/1.1" 301 0 "-" "Mozilla/5.0 (compatible; AhrefsBot/7.0; +http://ahrefs.com/robot/)"
2a03:2880:f800:2:: - - [11/Jun/2025:08:52:31 -0400] "GET /shopdetail/83830535 HTTP/1.1" 301 0 "-" "meta-externalagent/1.1 (+https://developers.facebook.com/docs/sharing/webmasters/crawler)"
2a03:2880:f800:18:: - - [11/Jun/2025:08:52:34 -0400] "GET / HTTP/1.1" 200 37391 "-" "meta-externalagent/1.1 (+https://developers.facebook.com/docs/sharing/webmasters/crawler)"
51.222.253.2 - - [11/Jun/2025:08:52:37 -0400] "GET /l986195735.shtm HTTP/1.1" 301 0 "-" "Mozilla/5.0 (compatible; AhrefsBot/7.0; +http://ahrefs.com/robot/)"
162.0.232.193 - - [11/Jun/2025:08:52:46 -0400] "POST /wp-cron.php?doing_wp_cron=1749646366.3484840393066406250000 HTTP/1.1" 200 0 "-" "WordPress/6.8.1; https://wotaku-manga.com"
51.222.253.14 - - [11/Jun/2025:08:52:45 -0400] "GET /l986300571.shtm HTTP/1.1" 301 0 "-" "Mozilla/5.0 (compatible; AhrefsBot/7.0; +http://ahrefs.com/robot/)"
51.222.253.7 - - [11/Jun/2025:08:52:50 -0400] "GET /l996950557.shtm HTTP/1.1" 301 0 "-" "Mozilla/5.0 (compatible; AhrefsBot/7.0; +http://ahrefs.com/robot/)"
66.249.75.168 - - [11/Jun/2025:08:52:57 -0400] "GET /b/entity/anticivic1722321183.shtm HTTP/1.1" 200 82239 "-" "Mozilla/5.0 (Linux; Android 6.0.1; Nexus 5X Build/MMB29P) AppleWebKit/537.36 (KHTML, like Gecko) Chrome/136.0.7103.113 Mobile Safari/537.36 (compatible; Googlebot/2.1; +http://www.google.com/bot.html)"
162.0.232.193 - - [11/Jun/2025:08:53:00 -0400] "POST /wp-cron.php?doing_wp_cron=1749646380.3309450149536132812500 HTTP/1.1" 200 0 "-" "WordPress/6.8.1; https://wotaku-manga.com"
51.222.253.3 - - [11/Jun/2025:08:52:59 -0400] "GET /ld536340717.shtm HTTP/1.1" 301 0 "-" "Mozilla/5.0 (compatible; AhrefsBot/7.0; +http://ahrefs.com/robot/)"
51.222.253.18 - - [11/Jun/2025:08:53:07 -0400] "GET /lf247756631.shtm HTTP/1.1" 301 0 "-" "Mozilla/5.0 (compatible; AhrefsBot/7.0; +http://ahrefs.com/robot/)"
162.0.232.193 - - [11/Jun/2025:08:53:18 -0400] "POST /wp-cron.php?doing_wp_cron=1749646398.1265790462493896484375 HTTP/1.1" 200 0 "-" "WordPress/6.8.1; https://wotaku-manga.com"
51.222.253.9 - - [11/Jun/2025:08:53:17 -0400] "GET /lh138253629.shtm HTTP/1.1" 301 0 "-" "Mozilla/5.0 (compatible; AhrefsBot/7.0; +http://ahrefs.com/robot/)"
51.222.253.1 - - [11/Jun/2025:08:53:22 -0400] "GET /lh163618111.shtm HTTP/1.1" 301 0 "-" "Mozilla/5.0 (compatible; AhrefsBot/7.0; +http://ahrefs.com/robot/)"
2a03:2880:f800:1:: - - [11/Jun/2025:08:53:28 -0400] "GET /shopdetail/358224635 HTTP/1.1" 301 0 "-" "meta-externalagent/1.1 (+https://developers.facebook.com/docs/sharing/webmasters/crawler)"
51.222.253.15 - - [11/Jun/2025:08:53:29 -0400] "GET /lh492335461.shtm HTTP/1.1" 301 0 "-" "Mozilla/5.0 (compatible; AhrefsBot/7.0; +http://ahrefs.com/robot/)"
2a03:2880:f800:18:: - - [11/Jun/2025:08:53:31 -0400] "GET / HTTP/1.1" 200 37330 "-" "meta-externalagent/1.1 (+https://developers.facebook.com/docs/sharing/webmasters/crawler)"
51.222.253.10 - - [11/Jun/2025:08:53:39 -0400] "GET /lj367397481.shtm HTTP/1.1" 301 0 "-" "Mozilla/5.0 (compatible; AhrefsBot/7.0; +http://ahrefs.com/robot/)"
66.249.75.167 - - [11/Jun/2025:08:53:39 -0400] "GET /vt/shopdetail/perspectively1722247793.shtm HTTP/1.1" 200 82096 "-" "Mozilla/5.0 (Linux; Android 6.0.1; Nexus 5X Build/MMB29P) AppleWebKit/537.36 (KHTML, like Gecko) Chrome/136.0.7103.113 Mobile Safari/537.36 (compatible; Googlebot/2.1; +http://www.google.com/bot.html)"
66.249.75.168 - - [11/Jun/2025:08:53:41 -0400] "GET /manga/wotaku-ni-koi-wa-muzukashii-chapter-62/ HTTP/1.1" 200 82049 "-" "Mozilla/5.0 (Linux; Android 6.0.1; Nexus 5X Build/MMB29P) AppleWebKit/537.36 (KHTML, like Gecko) Chrome/136.0.7103.113 Mobile Safari/537.36 (compatible; Googlebot/2.1; +http://www.google.com/bot.html)"
162.0.232.193 - - [11/Jun/2025:08:53:47 -0400] "POST /wp-cron.php?doing_wp_cron=1749646427.2373509407043457031250 HTTP/1.1" 200 0 "-" "WordPress/6.8.1; https://wotaku-manga.com"
51.222.253.5 - - [11/Jun/2025:08:53:45 -0400] "GET /lj36849523.shtm HTTP/1.1" 301 0 "-" "Mozilla/5.0 (compatible; AhrefsBot/7.0; +http://ahrefs.com/robot/)"
51.222.253.19 - - [11/Jun/2025:08:53:52 -0400] "GET /lj36919931.shtm HTTP/1.1" 301 0 "-" "Mozilla/5.0 (compatible; AhrefsBot/7.0; +http://ahrefs.com/robot/)"
162.0.232.193 - - [11/Jun/2025:08:54:02 -0400] "POST /wp-cron.php?doing_wp_cron=1749646442.2077589035034179687500 HTTP/1.1" 200 0 "-" "WordPress/6.8.1; https://wotaku-manga.com"
51.222.253.1 - - [11/Jun/2025:08:54:00 -0400] "GET /lj662565419.shtm HTTP/1.1" 301 0 "-" "Mozilla/5.0 (compatible; AhrefsBot/7.0; +http://ahrefs.com/robot/)"
66.249.75.167 - - [11/Jun/2025:08:54:04 -0400] "GET /eui/tamping/1722481886.shtm HTTP/1.1" 200 81680 "-" "Mozilla/5.0 (Linux; Android 6.0.1; Nexus 5X Build/MMB29P) AppleWebKit/537.36 (KHTML, like Gecko) Chrome/136.0.7103.113 Mobile Safari/537.36 (compatible; Googlebot/2.1; +http://www.google.com/bot.html)"
2a03:2880:f800:1b:: - - [11/Jun/2025:08:54:04 -0400] "GET /shopdetail/27652835 HTTP/1.1" 301 0 "-" "meta-externalagent/1.1 (+https://developers.facebook.com/docs/sharing/webmasters/crawler)"
2a03:2880:f800:4:: - - [11/Jun/2025:08:54:08 -0400] "GET / HTTP/1.1" 200 37330 "-" "meta-externalagent/1.1 (+https://developers.facebook.com/docs/sharing/webmasters/crawler)"
51.222.253.5 - - [11/Jun/2025:08:54:09 -0400] "GET /lj835962721.shtm HTTP/1.1" 301 0 "-" "Mozilla/5.0 (compatible; AhrefsBot/7.0; +http://ahrefs.com/robot/)"
162.0.232.193 - - [11/Jun/2025:08:54:18 -0400] "POST /wp-cron.php?doing_wp_cron=1749646458.4261629581451416015625 HTTP/1.1" 200 0 "-" "WordPress/6.8.1; https://wotaku-manga.com"
51.222.253.3 - - [11/Jun/2025:08:54:16 -0400] "GET /ln115476569.shtm HTTP/1.1" 301 0 "-" "Mozilla/5.0 (compatible; AhrefsBot/7.0; +http://ahrefs.com/robot/)"
51.222.253.10 - - [11/Jun/2025:08:54:25 -0400] "GET /ln367503357.shtm HTTP/1.1" 301 0 "-" "Mozilla/5.0 (compatible; AhrefsBot/7.0; +http://ahrefs.com/robot/)"
51.222.253.4 - - [11/Jun/2025:08:54:30 -0400] "GET /ln867786049.shtm HTTP/1.1" 301 0 "-" "Mozilla/5.0 (compatible; AhrefsBot/7.0; +http://ahrefs.com/robot/)"
66.249.75.166 - - [11/Jun/2025:08:54:32 -0400] "GET /kuo/products/jerker/1722697172.shtm HTTP/1.1" 200 81773 "-" "Mozilla/5.0 (Linux; Android 6.0.1; Nexus 5X Build/MMB29P) AppleWebKit/537.36 (KHTML, like Gecko) Chrome/136.0.7103.113 Mobile Safari/537.36 (compatible; Googlebot/2.1; +http://www.google.com/bot.html)"
51.222.253.17 - - [11/Jun/2025:08:54:39 -0400] "GET /ln883312365.shtm HTTP/1.1" 301 0 "-" "Mozilla/5.0 (compatible; AhrefsBot/7.0; +http://ahrefs.com/robot/)"
66.249.75.166 - - [11/Jun/2025:08:54:46 -0400] "GET /nbl/items/zealful1722541611.shtm HTTP/1.1" 200 81242 "-" "Mozilla/5.0 (Linux; Android 6.0.1; Nexus 5X Build/MMB29P) AppleWebKit/537.36 (KHTML, like Gecko) Chrome/136.0.7103.113 Mobile Safari/537.36 (compatible; Googlebot/2.1; +http://www.google.com/bot.html)"
162.0.232.193 - - [11/Jun/2025:08:54:49 -0400] "POST /wp-cron.php?doing_wp_cron=1749646489.2249190807342529296875 HTTP/1.1" 200 0 "-" "WordPress/6.8.1; https://wotaku-manga.com"
51.222.253.11 - - [11/Jun/2025:08:54:48 -0400] "GET /lr126513287.shtm HTTP/1.1" 301 0 "-" "Mozilla/5.0 (compatible; AhrefsBot/7.0; +http://ahrefs.com/robot/)"
51.222.253.16 - - [11/Jun/2025:08:54:55 -0400] "GET /lv485822969.shtm HTTP/1.1" 301 0 "-" "Mozilla/5.0 (compatible; AhrefsBot/7.0; +http://ahrefs.com/robot/)"
162.0.232.193 - - [11/Jun/2025:08:55:05 -0400] "POST /wp-cron.php?doing_wp_cron=1749646504.9521350860595703125000 HTTP/1.1" 200 0 "-" "WordPress/6.8.1; https://wotaku-manga.com"
51.222.253.14 - - [11/Jun/2025:08:55:03 -0400] "GET /lv508969287.shtm HTTP/1.1" 301 0 "-" "Mozilla/5.0 (compatible; AhrefsBot/7.0; +http://ahrefs.com/robot/)"
51.222.253.18 - - [11/Jun/2025:08:55:11 -0400] "GET /lvv36760745.shtm HTTP/1.1" 301 0 "-" "Mozilla/5.0 (compatible; AhrefsBot/7.0; +http://ahrefs.com/robot/)"
162.0.232.193 - - [11/Jun/2025:08:55:20 -0400] "POST /wp-cron.php?doing_wp_cron=1749646520.3098421096801757812500 HTTP/1.1" 200 0 "-" "WordPress/6.8.1; https://wotaku-manga.com"
51.222.253.16 - - [11/Jun/2025:08:55:19 -0400] "GET /lx530550355.shtm HTTP/1.1" 301 0 "-" "Mozilla/5.0 (compatible; AhrefsBot/7.0; +http://ahrefs.com/robot/)"
2a03:2880:f800:12:: - - [11/Jun/2025:08:55:22 -0400] "GET /shopdetail/97792135 HTTP/1.1" 301 0 "-" "meta-externalagent/1.1 (+https://developers.facebook.com/docs/sharing/webmasters/crawler)"
2a03:2880:f800:c:: - - [11/Jun/2025:08:55:26 -0400] "GET / HTTP/1.1" 200 37330 "-" "meta-externalagent/1.1 (+https://developers.facebook.com/docs/sharing/webmasters/crawler)"
51.222.253.3 - - [11/Jun/2025:08:55:26 -0400] "GET /m/138237918.shtm HTTP/1.1" 301 0 "-" "Mozilla/5.0 (compatible; AhrefsBot/7.0; +http://ahrefs.com/robot/)"
66.249.75.173 - - [11/Jun/2025:08:55:34 -0400] "GET /hd/entity/ascococci1722694951.shtm HTTP/1.1" 200 82098 "-" "Mozilla/5.0 (Linux; Android 6.0.1; Nexus 5X Build/MMB29P) AppleWebKit/537.36 (KHTML, like Gecko) Chrome/136.0.7103.113 Mobile Safari/537.36 (compatible; Googlebot/2.1; +http://www.google.com/bot.html)"
51.222.253.20 - - [11/Jun/2025:08:55:36 -0400] "GET /m/138254488.shtm HTTP/1.1" 301 0 "-" "Mozilla/5.0 (compatible; AhrefsBot/7.0; +http://ahrefs.com/robot/)"
162.0.232.193 - - [11/Jun/2025:08:55:46 -0400] "POST /wp-cron.php?doing_wp_cron=1749646546.2224049568176269531250 HTTP/1.1" 200 0 "-" "WordPress/6.8.1; https://wotaku-manga.com"
51.222.253.7 - - [11/Jun/2025:08:55:44 -0400] "GET /m/146650386.shtm HTTP/1.1" 301 0 "-" "Mozilla/5.0 (compatible; AhrefsBot/7.0; +http://ahrefs.com/robot/)"
51.222.253.7 - - [11/Jun/2025:08:55:52 -0400] "GET /m/174533298.shtm HTTP/1.1" 301 0 "-" "Mozilla/5.0 (compatible; AhrefsBot/7.0; +http://ahrefs.com/robot/)"
162.0.232.193 - - [11/Jun/2025:08:56:02 -0400] "POST /wp-cron.php?doing_wp_cron=1749646562.1366078853607177734375 HTTP/1.1" 200 0 "-" "WordPress/6.8.1; https://wotaku-manga.com"
51.222.253.8 - - [11/Jun/2025:08:56:00 -0400] "GET /m/225243644.shtm HTTP/1.1" 301 0 "-" "Mozilla/5.0 (compatible; AhrefsBot/7.0; +http://ahrefs.com/robot/)"
51.222.253.18 - - [11/Jun/2025:08:56:08 -0400] "GET /m/254006072.shtm HTTP/1.1" 301 0 "-" "Mozilla/5.0 (compatible; AhrefsBot/7.0; +http://ahrefs.com/robot/)"
51.222.253.9 - - [11/Jun/2025:08:56:14 -0400] "GET /m/263651904.shtm HTTP/1.1" 301 0 "-" "Mozilla/5.0 (compatible; AhrefsBot/7.0; +http://ahrefs.com/robot/)"
66.249.75.174 - - [11/Jun/2025:08:56:22 -0400] "GET /w/enchase/1722389292.shtm HTTP/1.1" 200 83901 "-" "Mozilla/5.0 (Linux; Android 6.0.1; Nexus 5X Build/MMB29P) AppleWebKit/537.36 (KHTML, like Gecko) Chrome/136.0.7103.113 Mobile Safari/537.36 (compatible; Googlebot/2.1; +http://www.google.com/bot.html)"
162.0.232.193 - - [11/Jun/2025:08:56:24 -0400] "POST /wp-cron.php?doing_wp_cron=1749646584.2647030353546142578125 HTTP/1.1" 200 0 "-" "WordPress/6.8.1; https://wotaku-manga.com"
51.222.253.2 - - [11/Jun/2025:08:56:23 -0400] "GET /m/343917088.shtm HTTP/1.1" 301 0 "-" "Mozilla/5.0 (compatible; AhrefsBot/7.0; +http://ahrefs.com/robot/)"
51.222.253.3 - - [11/Jun/2025:08:56:32 -0400] "GET /m/351063700.shtm HTTP/1.1" 301 0 "-" "Mozilla/5.0 (compatible; AhrefsBot/7.0; +http://ahrefs.com/robot/)"
51.222.253.10 - - [11/Jun/2025:08:56:41 -0400] "GET /m/37043828.shtm HTTP/1.1" 301 0 "-" "Mozilla/5.0 (compatible; AhrefsBot/7.0; +http://ahrefs.com/robot/)"
162.0.232.193 - - [11/Jun/2025:08:56:49 -0400] "POST /wp-cron.php?doing_wp_cron=1749646609.1289710998535156250000 HTTP/1.1" 200 0 "-" "WordPress/6.8.1; https://wotaku-manga.com"
51.222.253.3 - - [11/Jun/2025:08:56:48 -0400] "GET /m/396864160.shtm HTTP/1.1" 301 0 "-" "Mozilla/5.0 (compatible; AhrefsBot/7.0; +http://ahrefs.com/robot/)"
51.222.253.4 - - [11/Jun/2025:08:56:54 -0400] "GET /m/505239418.shtm HTTP/1.1" 301 0 "-" "Mozilla/5.0 (compatible; AhrefsBot/7.0; +http://ahrefs.com/robot/)"
162.0.232.193 - - [11/Jun/2025:08:57:02 -0400] "POST /wp-cron.php?doing_wp_cron=1749646622.4598889350891113281250 HTTP/1.1" 200 0 "-" "WordPress/6.8.1; https://wotaku-manga.com"
51.222.253.2 - - [11/Jun/2025:08:57:01 -0400] "GET /m/508953440.shtm HTTP/1.1" 301 0 "-" "Mozilla/5.0 (compatible; AhrefsBot/7.0; +http://ahrefs.com/robot/)"
51.222.253.3 - - [11/Jun/2025:08:57:07 -0400] "GET /m/595219818.shtm HTTP/1.1" 301 0 "-" "Mozilla/5.0 (compatible; AhrefsBot/7.0; +http://ahrefs.com/robot/)"
66.249.75.160 - - [11/Jun/2025:08:57:10 -0400] "GET /nl/special/stannofluoride1722399963.shtm HTTP/1.1" 200 81505 "-" "Mozilla/5.0 (Linux; Android 6.0.1; Nexus 5X Build/MMB29P) AppleWebKit/537.36 (KHTML, like Gecko) Chrome/136.0.7103.113 Mobile Safari/537.36 (compatible; Googlebot/2.1; +http://www.google.com/bot.html)"
51.222.253.4 - - [11/Jun/2025:08:57:16 -0400] "GET /m/77017962.shtm HTTP/1.1" 301 0 "-" "Mozilla/5.0 (compatible; AhrefsBot/7.0; +http://ahrefs.com/robot/)"
162.0.232.193 - - [11/Jun/2025:08:57:24 -0400] "POST /wp-cron.php?doing_wp_cron=1749646644.5316190719604492187500 HTTP/1.1" 200 0 "-" "WordPress/6.8.1; https://wotaku-manga.com"
51.222.253.6 - - [11/Jun/2025:08:57:23 -0400] "GET /m/787222690.shtm HTTP/1.1" 301 0 "-" "Mozilla/5.0 (compatible; AhrefsBot/7.0; +http://ahrefs.com/robot/)"
2a03:2880:f800:9:: - - [11/Jun/2025:08:57:30 -0400] "GET /shopdetail/264626035 HTTP/1.1" 301 0 "-" "meta-externalagent/1.1 (+https://developers.facebook.com/docs/sharing/webmasters/crawler)"
51.222.253.19 - - [11/Jun/2025:08:57:31 -0400] "GET /m/883840780.shtm HTTP/1.1" 301 0 "-" "Mozilla/5.0 (compatible; AhrefsBot/7.0; +http://ahrefs.com/robot/)"
2a03:2880:f800:1b:: - - [11/Jun/2025:08:57:33 -0400] "GET / HTTP/1.1" 200 37330 "-" "meta-externalagent/1.1 (+https://developers.facebook.com/docs/sharing/webmasters/crawler)"
51.222.253.13 - - [11/Jun/2025:08:57:41 -0400] "GET /m/884139054.shtm HTTP/1.1" 301 0 "-" "Mozilla/5.0 (compatible; AhrefsBot/7.0; +http://ahrefs.com/robot/)"
162.0.232.193 - - [11/Jun/2025:08:57:49 -0400] "POST /wp-cron.php?doing_wp_cron=1749646668.8560500144958496093750 HTTP/1.1" 200 0 "-" "WordPress/6.8.1; https://wotaku-manga.com"
51.222.253.6 - - [11/Jun/2025:08:57:47 -0400] "GET /m/884192884.shtm HTTP/1.1" 301 0 "-" "Mozilla/5.0 (compatible; AhrefsBot/7.0; +http://ahrefs.com/robot/)"
162.0.232.193 - - [11/Jun/2025:08:57:59 -0400] "POST /wp-cron.php?doing_wp_cron=1749646678.8226530551910400390625 HTTP/1.1" 200 0 "-" "WordPress/6.8.1; https://wotaku-manga.com"
66.249.75.173 - - [11/Jun/2025:08:57:58 -0400] "GET /rzt/shopbrand/serine1722560833.shtm HTTP/1.1" 200 81279 "-" "Mozilla/5.0 (Linux; Android 6.0.1; Nexus 5X Build/MMB29P) AppleWebKit/537.36 (KHTML, like Gecko) Chrome/136.0.7103.113 Mobile Safari/537.36 (compatible; Googlebot/2.1; +http://www.google.com/bot.html)"
51.222.253.6 - - [11/Jun/2025:08:57:58 -0400] "GET /m1206466878.shtm HTTP/1.1" 301 0 "-" "Mozilla/5.0 (compatible; AhrefsBot/7.0; +http://ahrefs.com/robot/)"
51.222.253.11 - - [11/Jun/2025:08:58:07 -0400] "GET /m1263921086.shtm HTTP/1.1" 301 0 "-" "Mozilla/5.0 (compatible; AhrefsBot/7.0; +http://ahrefs.com/robot/)"
51.222.253.5 - - [11/Jun/2025:08:58:14 -0400] "GET /m1278020280.shtm HTTP/1.1" 301 0 "-" "Mozilla/5.0 (compatible; AhrefsBot/7.0; +http://ahrefs.com/robot/)"
162.0.232.193 - - [11/Jun/2025:08:58:22 -0400] "POST /wp-cron.php?doing_wp_cron=1749646702.2131841182708740234375 HTTP/1.1" 200 0 "-" "WordPress/6.8.1; https://wotaku-manga.com"
51.222.253.8 - - [11/Jun/2025:08:58:21 -0400] "GET /m1333044140.shtm HTTP/1.1" 301 0 "-" "Mozilla/5.0 (compatible; AhrefsBot/7.0; +http://ahrefs.com/robot/)"
51.222.253.17 - - [11/Jun/2025:08:58:27 -0400] "GET /m1378193014.shtm HTTP/1.1" 301 0 "-" "Mozilla/5.0 (compatible; AhrefsBot/7.0; +http://ahrefs.com/robot/)"
2a03:2880:f800:18:: - - [11/Jun/2025:08:58:29 -0400] "GET /shopdetail/413070235 HTTP/1.1" 301 0 "-" "meta-externalagent/1.1 (+https://developers.facebook.com/docs/sharing/webmasters/crawler)"
2a03:2880:f800:15:: - - [11/Jun/2025:08:58:32 -0400] "GET / HTTP/1.1" 200 37330 "-" "meta-externalagent/1.1 (+https://developers.facebook.com/docs/sharing/webmasters/crawler)"
51.222.253.19 - - [11/Jun/2025:08:58:37 -0400] "GET /m1544215078.shtm HTTP/1.1" 301 0 "-" "Mozilla/5.0 (compatible; AhrefsBot/7.0; +http://ahrefs.com/robot/)"
51.222.253.17 - - [11/Jun/2025:08:58:43 -0400] "GET /m1566128472.shtm HTTP/1.1" 301 0 "-" "Mozilla/5.0 (compatible; AhrefsBot/7.0; +http://ahrefs.com/robot/)"
66.249.75.173 - - [11/Jun/2025:08:58:47 -0400] "GET /x/comradely/1722459539.shtm HTTP/1.1" 200 81598 "-" "Mozilla/5.0 (Linux; Android 6.0.1; Nexus 5X Build/MMB29P) AppleWebKit/537.36 (KHTML, like Gecko) Chrome/136.0.7103.113 Mobile Safari/537.36 (compatible; Googlebot/2.1; +http://www.google.com/bot.html)"
162.0.232.193 - - [11/Jun/2025:08:58:54 -0400] "POST /wp-cron.php?doing_wp_cron=1749646734.1004641056060791015625 HTTP/1.1" 200 0 "-" "WordPress/6.8.1; https://wotaku-manga.com"
51.222.253.10 - - [11/Jun/2025:08:58:53 -0400] "GET /m1677550164.shtm HTTP/1.1" 301 0 "-" "Mozilla/5.0 (compatible; AhrefsBot/7.0; +http://ahrefs.com/robot/)"
162.0.232.193 - - [11/Jun/2025:08:59:02 -0400] "POST /wp-cron.php?doing_wp_cron=1749646742.4224689006805419921875 HTTP/1.1" 200 0 "-" "WordPress/6.8.1; https://wotaku-manga.com"
51.222.253.16 - - [11/Jun/2025:08:59:01 -0400] "GET /m1791328724.shtm HTTP/1.1" 301 0 "-" "Mozilla/5.0 (compatible; AhrefsBot/7.0; +http://ahrefs.com/robot/)"
51.222.253.7 - - [11/Jun/2025:08:59:08 -0400] "GET /m1914578688.shtm HTTP/1.1" 301 0 "-" "Mozilla/5.0 (compatible; AhrefsBot/7.0; +http://ahrefs.com/robot/)"
51.222.253.13 - - [11/Jun/2025:08:59:15 -0400] "GET /m1968740298.shtm HTTP/1.1" 301 0 "-" "Mozilla/5.0 (compatible; AhrefsBot/7.0; +http://ahrefs.com/robot/)"
162.0.232.193 - - [11/Jun/2025:08:59:27 -0400] "POST /wp-cron.php?doing_wp_cron=1749646767.4839689731597900390625 HTTP/1.1" 200 0 "-" "WordPress/6.8.1; https://wotaku-manga.com"
51.222.253.1 - - [11/Jun/2025:08:59:26 -0400] "GET /m1969126590.shtm HTTP/1.1" 301 0 "-" "Mozilla/5.0 (compatible; AhrefsBot/7.0; +http://ahrefs.com/robot/)"
51.222.253.7 - - [11/Jun/2025:08:59:30 -0400] "GET /m2029835624.shtm HTTP/1.1" 301 0 "-" "Mozilla/5.0 (compatible; AhrefsBot/7.0; +http://ahrefs.com/robot/)"
192.178.6.33 - - [11/Jun/2025:08:59:34 -0400] "GET /u53787650.shtm HTTP/1.1" 200 82081 "-" "Mozilla/5.0 (Linux; Android 6.0.1; Nexus 5X Build/MMB29P) AppleWebKit/537.36 (KHTML, like Gecko) Chrome/136.0.7103.113 Mobile Safari/537.36 (compatible; Googlebot/2.1; +http://www.google.com/bot.html)"
162.0.232.193 - - [11/Jun/2025:09:00:01 -0400] "POST /wp-cron.php?doing_wp_cron=1749646801.6297180652618408203125 HTTP/1.1" 200 0 "-" "WordPress/6.8.1; https://wotaku-manga.com"
2a03:2880:f800:17:: - - [11/Jun/2025:09:00:00 -0400] "GET /shopdetail/226077135 HTTP/1.1" 301 0 "-" "meta-externalagent/1.1 (+https://developers.facebook.com/docs/sharing/webmasters/crawler)"
51.222.253.16 - - [11/Jun/2025:09:00:00 -0400] "GET /m505273798.shtm HTTP/1.1" 301 0 "-" "Mozilla/5.0 (compatible; AhrefsBot/7.0; +http://ahrefs.com/robot/)"
2a03:2880:f800:16:: - - [11/Jun/2025:09:00:03 -0400] "GET / HTTP/1.1" 200 37349 "-" "meta-externalagent/1.1 (+https://developers.facebook.com/docs/sharing/webmasters/crawler)"
51.222.253.10 - - [11/Jun/2025:09:00:09 -0400] "GET /m508636804.shtm HTTP/1.1" 301 0 "-" "Mozilla/5.0 (compatible; AhrefsBot/7.0; +http://ahrefs.com/robot/)"
162.0.232.193 - - [11/Jun/2025:09:00:19 -0400] "POST /wp-cron.php?doing_wp_cron=1749646819.6371910572052001953125 HTTP/1.1" 200 0 "-" "WordPress/6.8.1; https://wotaku-manga.com"
51.222.253.18 - - [11/Jun/2025:09:00:18 -0400] "GET /m519233264.shtm HTTP/1.1" 301 0 "-" "Mozilla/5.0 (compatible; AhrefsBot/7.0; +http://ahrefs.com/robot/)"
192.178.6.33 - - [11/Jun/2025:09:00:22 -0400] "GET /b53739585.shtm HTTP/1.1" 200 82242 "-" "Mozilla/5.0 (Linux; Android 6.0.1; Nexus 5X Build/MMB29P) AppleWebKit/537.36 (KHTML, like Gecko) Chrome/136.0.7103.113 Mobile Safari/537.36 (compatible; Googlebot/2.1; +http://www.google.com/bot.html)"
51.68.236.71 - - [11/Jun/2025:09:00:43 -0400] "GET / HTTP/1.1" 200 37330 "-" "Mozilla/5.0 (compatible; MJ12bot/v2.0.2; http://mj12bot.com/)"
2a03:2880:f800:13:: - - [11/Jun/2025:09:00:49 -0400] "GET /shopdetail/280364535 HTTP/1.1" 301 0 "-" "meta-externalagent/1.1 (+https://developers.facebook.com/docs/sharing/webmasters/crawler)"
51.222.253.11 - - [11/Jun/2025:09:00:34 -0400] "GET /m536781178.shtm HTTP/1.1" 301 0 "-" "Mozilla/5.0 (compatible; AhrefsBot/7.0; +http://ahrefs.com/robot/)"
51.222.253.9 - - [11/Jun/2025:09:00:38 -0400] "GET /m620127928.shtm HTTP/1.1" 301 0 "-" "Mozilla/5.0 (compatible; AhrefsBot/7.0; +http://ahrefs.com/robot/)"
162.0.232.193 - - [11/Jun/2025:09:00:53 -0400] "POST /wp-cron.php?doing_wp_cron=1749646853.4449660778045654296875 HTTP/1.1" 200 0 "-" "WordPress/6.8.1; https://wotaku-manga.com"
51.222.253.18 - - [11/Jun/2025:09:00:26 -0400] "GET /m519514832.shtm HTTP/1.1" 301 0 "-" "Mozilla/5.0 (compatible; AhrefsBot/7.0; +http://ahrefs.com/robot/)"
2a03:2880:f800:5:: - - [11/Jun/2025:09:00:55 -0400] "GET / HTTP/1.1" 200 37330 "-" "meta-externalagent/1.1 (+https://developers.facebook.com/docs/sharing/webmasters/crawler)"
2a03:2880:f800:9:: - - [11/Jun/2025:09:00:55 -0400] "GET /shopdetail/287511835 HTTP/1.1" 301 0 "-" "meta-externalagent/1.1 (+https://developers.facebook.com/docs/sharing/webmasters/crawler)"
162.0.232.193 - - [11/Jun/2025:09:00:58 -0400] "POST /wp-cron.php?doing_wp_cron=1749646858.1496090888977050781250 HTTP/1.1" 200 0 "-" "WordPress/6.8.1; https://wotaku-manga.com"
51.222.253.7 - - [11/Jun/2025:09:00:57 -0400] "GET /m747812844.shtm HTTP/1.1" 301 0 "-" "Mozilla/5.0 (compatible; AhrefsBot/7.0; +http://ahrefs.com/robot/)"
2a03:2880:f800:2:: - - [11/Jun/2025:09:00:58 -0400] "GET / HTTP/1.1" 200 37330 "-" "meta-externalagent/1.1 (+https://developers.facebook.com/docs/sharing/webmasters/crawler)"
51.222.253.14 - - [11/Jun/2025:09:01:03 -0400] "GET /m776715064.shtm HTTP/1.1" 301 0 "-" "Mozilla/5.0 (compatible; AhrefsBot/7.0; +http://ahrefs.com/robot/)"
51.222.253.17 - - [11/Jun/2025:09:01:12 -0400] "GET /m848249848.shtm HTTP/1.1" 301 0 "-" "Mozilla/5.0 (compatible; AhrefsBot/7.0; +http://ahrefs.com/robot/)"
192.178.6.33 - - [11/Jun/2025:09:01:10 -0400] "GET /v53789673.shtm HTTP/1.1" 200 81464 "-" "Mozilla/5.0 (Linux; Android 6.0.1; Nexus 5X Build/MMB29P) AppleWebKit/537.36 (KHTML, like Gecko) Chrome/136.0.7103.113 Mobile Safari/537.36 (compatible; Googlebot/2.1; +http://www.google.com/bot.html)"
2a03:2880:f800:: - - [11/Jun/2025:09:01:14 -0400] "GET /shopdetail/422951735 HTTP/1.1" 301 0 "-" "meta-externalagent/1.1 (+https://developers.facebook.com/docs/sharing/webmasters/crawler)"
2a03:2880:f800:10:: - - [11/Jun/2025:09:01:17 -0400] "GET / HTTP/1.1" 200 37330 "-" "meta-externalagent/1.1 (+https://developers.facebook.com/docs/sharing/webmasters/crawler)"
162.0.232.193 - - [11/Jun/2025:09:01:24 -0400] "POST /wp-cron.php?doing_wp_cron=1749646883.9866740703582763671875 HTTP/1.1" 200 0 "-" "WordPress/6.8.1; https://wotaku-manga.com"
51.222.253.12 - - [11/Jun/2025:09:01:23 -0400] "GET /m850766622.shtm HTTP/1.1" 301 0 "-" "Mozilla/5.0 (compatible; AhrefsBot/7.0; +http://ahrefs.com/robot/)"
51.222.253.20 - - [11/Jun/2025:09:01:27 -0400] "GET /m901935636.shtm HTTP/1.1" 301 0 "-" "Mozilla/5.0 (compatible; AhrefsBot/7.0; +http://ahrefs.com/robot/)"
51.222.253.16 - - [11/Jun/2025:09:01:35 -0400] "GET /m932809536.shtm HTTP/1.1" 301 0 "-" "Mozilla/5.0 (compatible; AhrefsBot/7.0; +http://ahrefs.com/robot/)"
162.0.232.193 - - [11/Jun/2025:09:01:48 -0400] "POST /wp-cron.php?doing_wp_cron=1749646908.1242239475250244140625 HTTP/1.1" 200 0 "-" "WordPress/6.8.1; https://wotaku-manga.com"
51.222.253.15 - - [11/Jun/2025:09:01:46 -0400] "GET /m933337604.shtm HTTP/1.1" 301 0 "-" "Mozilla/5.0 (compatible; AhrefsBot/7.0; +http://ahrefs.com/robot/)"
51.222.253.12 - - [11/Jun/2025:09:01:51 -0400] "GET /m979349288.shtm HTTP/1.1" 301 0 "-" "Mozilla/5.0 (compatible; AhrefsBot/7.0; +http://ahrefs.com/robot/)"
51.222.253.11 - - [11/Jun/2025:09:02:02 -0400] "GET /m979471486.shtm HTTP/1.1" 301 0 "-" "Mozilla/5.0 (compatible; AhrefsBot/7.0; +http://ahrefs.com/robot/)"
51.222.253.15 - - [11/Jun/2025:09:02:06 -0400] "GET /m986407882.shtm HTTP/1.1" 301 0 "-" "Mozilla/5.0 (compatible; AhrefsBot/7.0; +http://ahrefs.com/robot/)"
51.222.253.15 - - [11/Jun/2025:09:02:14 -0400] "GET /m996827306.shtm HTTP/1.1" 301 0 "-" "Mozilla/5.0 (compatible; AhrefsBot/7.0; +http://ahrefs.com/robot/)"
51.222.253.15 - - [11/Jun/2025:09:02:21 -0400] "GET /me940888862.shtm HTTP/1.1" 301 0 "-" "Mozilla/5.0 (compatible; AhrefsBot/7.0; +http://ahrefs.com/robot/)"
51.222.253.8 - - [11/Jun/2025:09:02:34 -0400] "GET /mg867786796.shtm HTTP/1.1" 301 0 "-" "Mozilla/5.0 (compatible; AhrefsBot/7.0; +http://ahrefs.com/robot/)"
192.178.6.32 - - [11/Jun/2025:09:02:01 -0400] "GET /o53783660.shtm HTTP/1.1" 200 83325 "-" "Mozilla/5.0 (Linux; Android 6.0.1; Nexus 5X Build/MMB29P) AppleWebKit/537.36 (KHTML, like Gecko) Chrome/136.0.7103.113 Mobile Safari/537.36 (compatible; Googlebot/2.1; +http://www.google.com/bot.html)"
51.222.253.10 - - [11/Jun/2025:09:02:42 -0400] "GET /mi940976928.shtm HTTP/1.1" 301 0 "-" "Mozilla/5.0 (compatible; AhrefsBot/7.0; +http://ahrefs.com/robot/)"
51.222.253.11 - - [11/Jun/2025:09:02:51 -0400] "GET /mq369720796.shtm HTTP/1.1" 301 0 "-" "Mozilla/5.0 (compatible; AhrefsBot/7.0; +http://ahrefs.com/robot/)"
51.222.253.3 - - [11/Jun/2025:09:02:54 -0400] "GET /mq508583806.shtm HTTP/1.1" 301 0 "-" "Mozilla/5.0 (compatible; AhrefsBot/7.0; +http://ahrefs.com/robot/)"
192.178.6.32 - - [11/Jun/2025:09:02:59 -0400] "GET /evi53813118.shtm HTTP/1.1" 200 81906 "-" "Mozilla/5.0 (Linux; Android 6.0.1; Nexus 5X Build/MMB29P) AppleWebKit/537.36 (KHTML, like Gecko) Chrome/136.0.7103.113 Mobile Safari/537.36 (compatible; Googlebot/2.1; +http://www.google.com/bot.html)"
51.222.253.6 - - [11/Jun/2025:09:03:00 -0400] "GET /mq861539110.shtm HTTP/1.1" 301 0 "-" "Mozilla/5.0 (compatible; AhrefsBot/7.0; +http://ahrefs.com/robot/)"
162.0.232.193 - - [11/Jun/2025:09:03:08 -0400] "POST /wp-cron.php?doing_wp_cron=1749646988.5843830108642578125000 HTTP/1.1" 200 0 "-" "WordPress/6.8.1; https://wotaku-manga.com"
51.222.253.2 - - [11/Jun/2025:09:03:08 -0400] "GET /mq932914388.shtm HTTP/1.1" 301 0 "-" "Mozilla/5.0 (compatible; AhrefsBot/7.0; +http://ahrefs.com/robot/)"
66.249.75.160 - - [11/Jun/2025:09:03:09 -0400] "GET /qm/detail/obsoleteness/1724867104.shtm HTTP/1.1" 200 81378 "-" "Mozilla/5.0 (Linux; Android 6.0.1; Nexus 5X Build/MMB29P) AppleWebKit/537.36 (KHTML, like Gecko) Chrome/136.0.7103.113 Mobile Safari/537.36 (compatible; GoogleOther)"
51.222.253.17 - - [11/Jun/2025:09:03:14 -0400] "GET /ms253513408.shtm HTTP/1.1" 301 0 "-" "Mozilla/5.0 (compatible; AhrefsBot/7.0; +http://ahrefs.com/robot/)"
162.0.232.193 - - [11/Jun/2025:09:03:21 -0400] "POST /wp-cron.php?doing_wp_cron=1749647001.1044991016387939453125 HTTP/1.1" 200 0 "-" "WordPress/6.8.1; https://wotaku-manga.com"
51.222.253.19 - - [11/Jun/2025:09:03:20 -0400] "GET /ms986478290.shtm HTTP/1.1" 301 0 "-" "Mozilla/5.0 (compatible; AhrefsBot/7.0; +http://ahrefs.com/robot/)"
51.222.253.19 - - [11/Jun/2025:09:03:30 -0400] "GET /mtw36674114.shtm HTTP/1.1" 301 0 "-" "Mozilla/5.0 (compatible; AhrefsBot/7.0; +http://ahrefs.com/robot/)"
192.178.6.32 - - [11/Jun/2025:09:03:34 -0400] "GET /t53752027.shtm HTTP/1.1" 200 83658 "-" "Mozilla/5.0 (Linux; Android 6.0.1; Nexus 5X Build/MMB29P) AppleWebKit/537.36 (KHTML, like Gecko) Chrome/136.0.7103.113 Mobile Safari/537.36 (compatible; Googlebot/2.1; +http://www.google.com/bot.html)"
51.222.253.9 - - [11/Jun/2025:09:03:37 -0400] "GET /mu/61228200.shtm HTTP/1.1" 301 0 "-" "Mozilla/5.0 (compatible; AhrefsBot/7.0; +http://ahrefs.com/robot/)"
162.0.232.193 - - [11/Jun/2025:09:03:46 -0400] "POST /wp-cron.php?doing_wp_cron=1749647025.8958809375762939453125 HTTP/1.1" 200 0 "-" "WordPress/6.8.1; https://wotaku-manga.com"
51.222.253.7 - - [11/Jun/2025:09:03:45 -0400] "GET /mu115618068.shtm HTTP/1.1" 301 0 "-" "Mozilla/5.0 (compatible; AhrefsBot/7.0; +http://ahrefs.com/robot/)"
2a03:2880:f800:b:: - - [11/Jun/2025:09:03:54 -0400] "GET /shopdetail/16684635 HTTP/1.1" 301 0 "-" "meta-externalagent/1.1 (+https://developers.facebook.com/docs/sharing/webmasters/crawler)"
51.222.253.8 - - [11/Jun/2025:09:03:54 -0400] "GET /mu319150306.shtm HTTP/1.1" 301 0 "-" "Mozilla/5.0 (compatible; AhrefsBot/7.0; +http://ahrefs.com/robot/)"
2a03:2880:f800:e:: - - [11/Jun/2025:09:03:57 -0400] "GET / HTTP/1.1" 200 37330 "-" "meta-externalagent/1.1 (+https://developers.facebook.com/docs/sharing/webmasters/crawler)"
162.0.232.193 - - [11/Jun/2025:09:03:58 -0400] "POST /wp-cron.php?doing_wp_cron=1749647038.1782329082489013671875 HTTP/1.1" 200 0 "-" "WordPress/6.8.1; https://wotaku-manga.com"
2a03:2880:f800:e:: - - [11/Jun/2025:09:03:57 -0400] "GET /shopdetail/331358335 HTTP/1.1" 301 0 "-" "meta-externalagent/1.1 (+https://developers.facebook.com/docs/sharing/webmasters/crawler)"
2a03:2880:f800:c:: - - [11/Jun/2025:09:04:00 -0400] "GET / HTTP/1.1" 200 37330 "-" "meta-externalagent/1.1 (+https://developers.facebook.com/docs/sharing/webmasters/crawler)"
51.222.253.2 - - [11/Jun/2025:09:04:01 -0400] "GET /mu979119382.shtm HTTP/1.1" 301 0 "-" "Mozilla/5.0 (compatible; AhrefsBot/7.0; +http://ahrefs.com/robot/)"
51.222.253.6 - - [11/Jun/2025:09:04:08 -0400] "GET /mva90202060.shtm HTTP/1.1" 301 0 "-" "Mozilla/5.0 (compatible; AhrefsBot/7.0; +http://ahrefs.com/robot/)"
51.222.253.6 - - [11/Jun/2025:09:04:15 -0400] "GET /mw335837706.shtm HTTP/1.1" 301 0 "-" "Mozilla/5.0 (compatible; AhrefsBot/7.0; +http://ahrefs.com/robot/)"
192.178.6.34 - - [11/Jun/2025:09:04:23 -0400] "GET /b53757187.shtm HTTP/1.1" 200 82195 "-" "Mozilla/5.0 (Linux; Android 6.0.1; Nexus 5X Build/MMB29P) AppleWebKit/537.36 (KHTML, like Gecko) Chrome/136.0.7103.113 Mobile Safari/537.36 (compatible; Googlebot/2.1; +http://www.google.com/bot.html)"
162.0.232.193 - - [11/Jun/2025:09:04:25 -0400] "POST /wp-cron.php?doing_wp_cron=1749647065.2309019565582275390625 HTTP/1.1" 200 0 "-" "WordPress/6.8.1; https://wotaku-manga.com"
51.222.253.13 - - [11/Jun/2025:09:04:23 -0400] "GET /my367221112.shtm HTTP/1.1" 301 0 "-" "Mozilla/5.0 (compatible; AhrefsBot/7.0; +http://ahrefs.com/robot/)"
51.222.253.10 - - [11/Jun/2025:09:04:35 -0400] "GET /n/121110627.shtm HTTP/1.1" 301 0 "-" "Mozilla/5.0 (compatible; AhrefsBot/7.0; +http://ahrefs.com/robot/)"
51.222.253.10 - - [11/Jun/2025:08:59:39 -0400] "GET /m248901500.shtm HTTP/1.1" 301 0 "-" "Mozilla/5.0 (compatible; AhrefsBot/7.0; +http://ahrefs.com/robot/)"
162.0.232.193 - - [11/Jun/2025:08:59:47 -0400] "POST /wp-cron.php?doing_wp_cron=1749646786.9373970031738281250000 HTTP/1.1" 200 0 "-" "WordPress/6.8.1; https://wotaku-manga.com"
51.222.253.15 - - [11/Jun/2025:08:59:46 -0400] "GET /m350763498.shtm HTTP/1.1" 301 0 "-" "Mozilla/5.0 (compatible; AhrefsBot/7.0; +http://ahrefs.com/robot/)"
51.222.253.16 - - [11/Jun/2025:08:59:54 -0400] "GET /m485858592.shtm HTTP/1.1" 301 0 "-" "Mozilla/5.0 (compatible; AhrefsBot/7.0; +http://ahrefs.com/robot/)"
162.0.232.193 - - [11/Jun/2025:09:04:53 -0400] "POST /wp-cron.php?doing_wp_cron=1749647093.7668900489807128906250 HTTP/1.1" 200 0 "-" "WordPress/6.8.1; https://wotaku-manga.com"
51.222.253.11 - - [11/Jun/2025:09:04:52 -0400] "GET /n/142550895.shtm HTTP/1.1" 301 0 "-" "Mozilla/5.0 (compatible; AhrefsBot/7.0; +http://ahrefs.com/robot/)"
162.0.232.193 - - [11/Jun/2025:09:05:15 -0400] "POST /wp-cron.php?doing_wp_cron=1749647115.0586879253387451171875 HTTP/1.1" 200 0 "-" "WordPress/6.8.1; https://wotaku-manga.com"
51.222.253.11 - - [11/Jun/2025:09:05:14 -0400] "GET /n/225261669.shtm HTTP/1.1" 301 0 "-" "Mozilla/5.0 (compatible; AhrefsBot/7.0; +http://ahrefs.com/robot/)"
162.0.232.193 - - [11/Jun/2025:09:05:20 -0400] "POST /wp-cron.php?doing_wp_cron=1749647120.3633019924163818359375 HTTP/1.1" 200 0 "-" "WordPress/6.8.1; https://wotaku-manga.com"
51.222.253.7 - - [11/Jun/2025:09:05:19 -0400] "GET /n/253953881.shtm HTTP/1.1" 301 0 "-" "Mozilla/5.0 (compatible; AhrefsBot/7.0; +http://ahrefs.com/robot/)"
51.222.253.14 - - [11/Jun/2025:09:05:30 -0400] "GET /n/457292441.shtm HTTP/1.1" 301 0 "-" "Mozilla/5.0 (compatible; AhrefsBot/7.0; +http://ahrefs.com/robot/)"
51.222.253.11 - - [11/Jun/2025:09:05:36 -0400] "GET /n/457309787.shtm HTTP/1.1" 301 0 "-" "Mozilla/5.0 (compatible; AhrefsBot/7.0; +http://ahrefs.com/robot/)"
162.0.232.193 - - [11/Jun/2025:09:05:47 -0400] "POST /wp-cron.php?doing_wp_cron=1749647147.1091680526733398437500 HTTP/1.1" 200 0 "-" "WordPress/6.8.1; https://wotaku-manga.com"
51.222.253.10 - - [11/Jun/2025:09:05:46 -0400] "GET /n/541377259.shtm HTTP/1.1" 301 0 "-" "Mozilla/5.0 (compatible; AhrefsBot/7.0; +http://ahrefs.com/robot/)"
192.178.6.34 - - [11/Jun/2025:09:05:51 -0400] "GET /fl53813797.shtm HTTP/1.1" 200 81837 "-" "Mozilla/5.0 (Linux; Android 6.0.1; Nexus 5X Build/MMB29P) AppleWebKit/537.36 (KHTML, like Gecko) Chrome/136.0.7103.113 Mobile Safari/537.36 (compatible; Googlebot/2.1; +http://www.google.com/bot.html)"
51.222.253.20 - - [11/Jun/2025:09:05:52 -0400] "GET /n/681770555.shtm HTTP/1.1" 301 0 "-" "Mozilla/5.0 (compatible; AhrefsBot/7.0; +http://ahrefs.com/robot/)"
47.243.111.36 - - [11/Jun/2025:09:05:54 -0400] "HEAD /manga/wotakoi-love-is-hard-for-otaku-chapter-87 HTTP/1.1" 301 0 "-" "Mozilla/5.0 (Windows NT 6.2; Win64; x64) AppleWebKit/537.36 (KHTML, like Gecko) Chrome/73.0.3174.85 Safari/537.36"
47.243.111.36 - - [11/Jun/2025:09:05:57 -0400] "HEAD /manga/wotakoi-love-is-hard-for-otaku-chapter-87/ HTTP/1.1" 200 0 "-" "Mozilla/5.0 (Windows NT 6.2; Win64; x64) AppleWebKit/537.36 (KHTML, like Gecko) Chrome/73.0.3174.85 Safari/537.36"
162.0.232.193 - - [11/Jun/2025:09:05:59 -0400] "POST /wp-cron.php?doing_wp_cron=1749647158.6098499298095703125000 HTTP/1.1" 200 0 "-" "WordPress/6.8.1; https://wotaku-manga.com"
47.243.111.36 - - [11/Jun/2025:09:05:57 -0400] "GET /manga/wotakoi-love-is-hard-for-otaku-chapter-87 HTTP/1.1" 301 0 "-" "Mozilla/5.0 (Windows NT 6.2; Win64; x64) AppleWebKit/537.36 (KHTML, like Gecko) Chrome/73.0.3174.85 Safari/537.36"
47.243.111.36 - - [11/Jun/2025:09:05:59 -0400] "GET /manga/wotakoi-love-is-hard-for-otaku-chapter-87/ HTTP/1.1" 200 40463 "-" "Mozilla/5.0 (Windows NT 6.2; Win64; x64) AppleWebKit/537.36 (KHTML, like Gecko) Chrome/73.0.3174.85 Safari/537.36"
51.222.253.4 - - [11/Jun/2025:09:06:02 -0400] "GET /n/787205455.shtm HTTP/1.1" 301 0 "-" "Mozilla/5.0 (compatible; AhrefsBot/7.0; +http://ahrefs.com/robot/)"
51.222.253.10 - - [11/Jun/2025:09:06:05 -0400] "GET /n/848143827.shtm HTTP/1.1" 301 0 "-" "Mozilla/5.0 (compatible; AhrefsBot/7.0; +http://ahrefs.com/robot/)"
2a03:2880:f800:8:: - - [11/Jun/2025:09:06:07 -0400] "GET /shopdetail/320577235 HTTP/1.1" 301 0 "-" "meta-externalagent/1.1 (+https://developers.facebook.com/docs/sharing/webmasters/crawler)"
2a03:2880:f800:e:: - - [11/Jun/2025:09:06:10 -0400] "GET / HTTP/1.1" 200 37330 "-" "meta-externalagent/1.1 (+https://developers.facebook.com/docs/sharing/webmasters/crawler)"
51.222.253.13 - - [11/Jun/2025:09:06:13 -0400] "GET /n/884016455.shtm HTTP/1.1" 301 0 "-" "Mozilla/5.0 (compatible; AhrefsBot/7.0; +http://ahrefs.com/robot/)"
51.222.253.3 - - [11/Jun/2025:09:09:21 -0400] "GET /n839343659.shtm HTTP/1.1" 301 0 "-" "Mozilla/5.0 (compatible; AhrefsBot/7.0; +http://ahrefs.com/robot/)"
2a03:2880:f800:9:: - - [11/Jun/2025:09:09:21 -0400] "GET /shopdetail/318255235 HTTP/1.1" 301 0 "-" "meta-externalagent/1.1 (+https://developers.facebook.com/docs/sharing/webmasters/crawler)"
2a03:2880:f800:7:: - - [11/Jun/2025:09:09:24 -0400] "GET / HTTP/1.1" 200 37330 "-" "meta-externalagent/1.1 (+https://developers.facebook.com/docs/sharing/webmasters/crawler)"
51.222.253.7 - - [11/Jun/2025:09:09:26 -0400] "GET /n884897635.shtm HTTP/1.1" 301 0 "-" "Mozilla/5.0 (compatible; AhrefsBot/7.0; +http://ahrefs.com/robot/)"
51.222.253.1 - - [11/Jun/2025:09:09:35 -0400] "GET /n90501717.shtm HTTP/1.1" 301 0 "-" "Mozilla/5.0 (compatible; AhrefsBot/7.0; +http://ahrefs.com/robot/)"
51.222.253.17 - - [11/Jun/2025:09:09:45 -0400] "GET /n960567609.shtm HTTP/1.1" 301 0 "-" "Mozilla/5.0 (compatible; AhrefsBot/7.0; +http://ahrefs.com/robot/)"
192.178.6.34 - - [11/Jun/2025:09:09:18 -0400] "GET /d53987439.shtm HTTP/1.1" 200 81577 "-" "Mozilla/5.0 (Linux; Android 6.0.1; Nexus 5X Build/MMB29P) AppleWebKit/537.36 (KHTML, like Gecko) Chrome/136.0.7103.113 Mobile Safari/537.36 (compatible; Googlebot/2.1; +http://www.google.com/bot.html)"
51.222.253.4 - - [11/Jun/2025:09:09:53 -0400] "GET /nb530673963.shtm HTTP/1.1" 301 0 "-" "Mozilla/5.0 (compatible; AhrefsBot/7.0; +http://ahrefs.com/robot/)"
162.0.232.193 - - [11/Jun/2025:09:10:08 -0400] "POST /wp-cron.php?doing_wp_cron=1749647407.9671709537506103515625 HTTP/1.1" 200 0 "-" "WordPress/6.8.1; https://wotaku-manga.com"
51.222.253.9 - - [11/Jun/2025:09:10:06 -0400] "GET /nd508514269.shtm HTTP/1.1" 301 0 "-" "Mozilla/5.0 (compatible; AhrefsBot/7.0; +http://ahrefs.com/robot/)"
162.0.232.193 - - [11/Jun/2025:09:10:23 -0400] "POST /wp-cron.php?doing_wp_cron=1749647423.3342280387878417968750 HTTP/1.1" 200 0 "-" "WordPress/6.8.1; https://wotaku-manga.com"
51.222.253.13 - - [11/Jun/2025:09:10:22 -0400] "GET /nd521979799.shtm HTTP/1.1" 301 0 "-" "Mozilla/5.0 (compatible; AhrefsBot/7.0; +http://ahrefs.com/robot/)"
192.178.6.33 - - [11/Jun/2025:09:10:28 -0400] "GET /kc53993448.shtm HTTP/1.1" 200 81483 "-" "Mozilla/5.0 (Linux; Android 6.0.1; Nexus 5X Build/MMB29P) AppleWebKit/537.36 (KHTML, like Gecko) Chrome/136.0.7103.113 Mobile Safari/537.36 (compatible; Googlebot/2.1; +http://www.google.com/bot.html)"
51.222.253.3 - - [11/Jun/2025:09:10:36 -0400] "GET /nh/96521913.shtm HTTP/1.1" 301 0 "-" "Mozilla/5.0 (compatible; AhrefsBot/7.0; +http://ahrefs.com/robot/)"
162.0.232.193 - - [11/Jun/2025:09:10:54 -0400] "POST /wp-cron.php?doing_wp_cron=1749647454.2599370479583740234375 HTTP/1.1" 200 0 "-" "WordPress/6.8.1; https://wotaku-manga.com"
51.222.253.8 - - [11/Jun/2025:09:10:52 -0400] "GET /nh225051405.shtm HTTP/1.1" 301 0 "-" "Mozilla/5.0 (compatible; AhrefsBot/7.0; +http://ahrefs.com/robot/)"
162.0.232.193 - - [11/Jun/2025:09:11:06 -0400] "POST /wp-cron.php?doing_wp_cron=1749647465.9238719940185546875000 HTTP/1.1" 200 0 "-" "WordPress/6.8.1; https://wotaku-manga.com"
51.222.253.17 - - [11/Jun/2025:09:11:05 -0400] "GET /nj867541047.shtm HTTP/1.1" 301 0 "-" "Mozilla/5.0 (compatible; AhrefsBot/7.0; +http://ahrefs.com/robot/)"
192.178.6.34 - - [11/Jun/2025:09:11:09 -0400] "GET /i53992102.shtm HTTP/1.1" 200 81547 "-" "Mozilla/5.0 (Linux; Android 6.0.1; Nexus 5X Build/MMB29P) AppleWebKit/537.36 (KHTML, like Gecko) Chrome/136.0.7103.113 Mobile Safari/537.36 (compatible; Googlebot/2.1; +http://www.google.com/bot.html)"
2a03:2880:f800:9:: - - [11/Jun/2025:09:11:14 -0400] "GET /shopdetail/188291635 HTTP/1.1" 301 0 "-" "meta-externalagent/1.1 (+https://developers.facebook.com/docs/sharing/webmasters/crawler)"
2a03:2880:f800:2:: - - [11/Jun/2025:09:11:17 -0400] "GET / HTTP/1.1" 200 37330 "-" "meta-externalagent/1.1 (+https://developers.facebook.com/docs/sharing/webmasters/crawler)"
162.0.232.193 - - [11/Jun/2025:09:11:24 -0400] "POST /wp-cron.php?doing_wp_cron=1749647484.0799539089202880859375 HTTP/1.1" 200 0 "-" "WordPress/6.8.1; https://wotaku-manga.com"
162.0.232.193 - - [11/Jun/2025:09:06:18 -0400] "POST /wp-cron.php?doing_wp_cron=1749647178.6470680236816406250000 HTTP/1.1" 200 0 "-" "WordPress/6.8.1; https://wotaku-manga.com"
51.222.253.6 - - [11/Jun/2025:09:06:17 -0400] "GET /n1036097991.shtm HTTP/1.1" 301 0 "-" "Mozilla/5.0 (compatible; AhrefsBot/7.0; +http://ahrefs.com/robot/)"
51.222.253.6 - - [11/Jun/2025:09:06:25 -0400] "GET /n1061762787.shtm HTTP/1.1" 301 0 "-" "Mozilla/5.0 (compatible; AhrefsBot/7.0; +http://ahrefs.com/robot/)"
51.222.253.14 - - [11/Jun/2025:09:06:31 -0400] "GET /n1087162217.shtm HTTP/1.1" 301 0 "-" "Mozilla/5.0 (compatible; AhrefsBot/7.0; +http://ahrefs.com/robot/)"
192.178.6.32 - - [11/Jun/2025:09:06:32 -0400] "GET /t48189859.shtm HTTP/1.1" 200 81701 "-" "Mozilla/5.0 (Linux; Android 6.0.1; Nexus 5X Build/MMB29P) AppleWebKit/537.36 (KHTML, like Gecko) Chrome/136.0.7103.113 Mobile Safari/537.36 (compatible; Googlebot/2.1; +http://www.google.com/bot.html)"
51.222.253.3 - - [11/Jun/2025:09:06:38 -0400] "GET /n1150457921.shtm HTTP/1.1" 301 0 "-" "Mozilla/5.0 (compatible; AhrefsBot/7.0; +http://ahrefs.com/robot/)"
162.0.232.193 - - [11/Jun/2025:09:06:47 -0400] "POST /wp-cron.php?doing_wp_cron=1749647206.9407699108123779296875 HTTP/1.1" 200 0 "-" "WordPress/6.8.1; https://wotaku-manga.com"
51.222.253.19 - - [11/Jun/2025:09:06:45 -0400] "GET /n1176914759.shtm HTTP/1.1" 301 0 "-" "Mozilla/5.0 (compatible; AhrefsBot/7.0; +http://ahrefs.com/robot/)"
2a03:2880:f800:1d:: - - [11/Jun/2025:09:06:46 -0400] "GET /shopdetail/163460535 HTTP/1.1" 301 0 "-" "meta-externalagent/1.1 (+https://developers.facebook.com/docs/sharing/webmasters/crawler)"
2a03:2880:f800:10:: - - [11/Jun/2025:09:06:49 -0400] "GET / HTTP/1.1" 200 37330 "-" "meta-externalagent/1.1 (+https://developers.facebook.com/docs/sharing/webmasters/crawler)"
51.222.253.11 - - [11/Jun/2025:09:06:53 -0400] "GET /n1231937643.shtm HTTP/1.1" 301 0 "-" "Mozilla/5.0 (compatible; AhrefsBot/7.0; +http://ahrefs.com/robot/)"
162.0.232.193 - - [11/Jun/2025:09:07:03 -0400] "POST /wp-cron.php?doing_wp_cron=1749647222.7473659515380859375000 HTTP/1.1" 200 0 "-" "WordPress/6.8.1; https://wotaku-manga.com"
51.222.253.20 - - [11/Jun/2025:09:07:01 -0400] "GET /n1332991949.shtm HTTP/1.1" 301 0 "-" "Mozilla/5.0 (compatible; AhrefsBot/7.0; +http://ahrefs.com/robot/)"
51.222.253.2 - - [11/Jun/2025:09:07:11 -0400] "GET /n1333008527.shtm HTTP/1.1" 301 0 "-" "Mozilla/5.0 (compatible; AhrefsBot/7.0; +http://ahrefs.com/robot/)"
192.178.6.32 - - [11/Jun/2025:09:07:14 -0400] "GET /gk48216204.shtm HTTP/1.1" 200 81446 "-" "Mozilla/5.0 (Linux; Android 6.0.1; Nexus 5X Build/MMB29P) AppleWebKit/537.36 (KHTML, like Gecko) Chrome/136.0.7103.113 Mobile Safari/537.36 (compatible; Googlebot/2.1; +http://www.google.com/bot.html)"
162.0.232.193 - - [11/Jun/2025:09:07:22 -0400] "POST /wp-cron.php?doing_wp_cron=1749647241.7252750396728515625000 HTTP/1.1" 200 0 "-" "WordPress/6.8.1; https://wotaku-manga.com"
51.222.253.11 - - [11/Jun/2025:09:07:20 -0400] "GET /n1333185307.shtm HTTP/1.1" 301 0 "-" "Mozilla/5.0 (compatible; AhrefsBot/7.0; +http://ahrefs.com/robot/)"
51.222.253.6 - - [11/Jun/2025:09:07:23 -0400] "GET /n1480847789.shtm HTTP/1.1" 301 0 "-" "Mozilla/5.0 (compatible; AhrefsBot/7.0; +http://ahrefs.com/robot/)"
220.158.234.47 - - [11/Jun/2025:09:07:29 -0400] "POST /wp-login.php HTTP/1.1" 200 2037 "https://wotaku-manga.com" "Mozilla/5.0 (Macintosh; Intel Mac OS X 10_15_7) AppleWebKit/537.36 (KHTML, like Gecko) Chrome/115.0.5790.102 Safari/537.36"
51.222.253.5 - - [11/Jun/2025:09:07:37 -0400] "GET /n1577325119.shtm HTTP/1.1" 301 0 "-" "Mozilla/5.0 (compatible; AhrefsBot/7.0; +http://ahrefs.com/robot/)"
51.222.253.17 - - [11/Jun/2025:09:07:45 -0400] "GET /n1671900913.shtm HTTP/1.1" 301 0 "-" "Mozilla/5.0 (compatible; AhrefsBot/7.0; +http://ahrefs.com/robot/)"
162.0.232.193 - - [11/Jun/2025:09:07:47 -0400] "POST /wp-cron.php?doing_wp_cron=1749647267.2542359828948974609375 HTTP/1.1" 200 0 "-" "WordPress/6.8.1; https://wotaku-manga.com"
51.222.253.6 - - [11/Jun/2025:09:07:51 -0400] "GET /n1846652225.shtm HTTP/1.1" 301 0 "-" "Mozilla/5.0 (compatible; AhrefsBot/7.0; +http://ahrefs.com/robot/)"
192.178.6.32 - - [11/Jun/2025:09:07:55 -0400] "GET /nx48203087.shtm HTTP/1.1" 200 81350 "-" "Mozilla/5.0 (Linux; Android 6.0.1; Nexus 5X Build/MMB29P) AppleWebKit/537.36 (KHTML, like Gecko) Chrome/136.0.7103.113 Mobile Safari/537.36 (compatible; Googlebot/2.1; +http://www.google.com/bot.html)"
162.0.232.193 - - [11/Jun/2025:09:08:04 -0400] "POST /wp-cron.php?doing_wp_cron=1749647283.9533181190490722656250 HTTP/1.1" 200 0 "-" "WordPress/6.8.1; https://wotaku-manga.com"
51.222.253.8 - - [11/Jun/2025:09:08:02 -0400] "GET /n1969197421.shtm HTTP/1.1" 301 0 "-" "Mozilla/5.0 (compatible; AhrefsBot/7.0; +http://ahrefs.com/robot/)"
51.222.253.11 - - [11/Jun/2025:09:08:09 -0400] "GET /n2015156427.shtm HTTP/1.1" 301 0 "-" "Mozilla/5.0 (compatible; AhrefsBot/7.0; +http://ahrefs.com/robot/)"
51.222.253.13 - - [11/Jun/2025:09:08:15 -0400] "GET /n486124333.shtm HTTP/1.1" 301 0 "-" "Mozilla/5.0 (compatible; AhrefsBot/7.0; +http://ahrefs.com/robot/)"
162.0.232.193 - - [11/Jun/2025:09:08:26 -0400] "POST /wp-cron.php?doing_wp_cron=1749647305.9324619770050048828125 HTTP/1.1" 200 0 "-" "WordPress/6.8.1; https://wotaku-manga.com"
51.222.253.8 - - [11/Jun/2025:09:08:25 -0400] "GET /n491527307.shtm HTTP/1.1" 301 0 "-" "Mozilla/5.0 (compatible; AhrefsBot/7.0; +http://ahrefs.com/robot/)"
51.222.253.13 - - [11/Jun/2025:09:08:31 -0400] "GET /n508602343.shtm HTTP/1.1" 301 0 "-" "Mozilla/5.0 (compatible; AhrefsBot/7.0; +http://ahrefs.com/robot/)"
51.222.253.20 - - [11/Jun/2025:09:12:33 -0400] "GET /nv137780937.shtm HTTP/1.1" 301 0 "-" "Mozilla/5.0 (compatible; AhrefsBot/7.0; +http://ahrefs.com/robot/)"
192.178.6.32 - - [11/Jun/2025:09:12:38 -0400] "GET /cvm54005314.shtm HTTP/1.1" 200 82155 "-" "Mozilla/5.0 (Linux; Android 6.0.1; Nexus 5X Build/MMB29P) AppleWebKit/537.36 (KHTML, like Gecko) Chrome/136.0.7103.113 Mobile Safari/537.36 (compatible; Googlebot/2.1; +http://www.google.com/bot.html)"
51.222.253.19 - - [11/Jun/2025:09:12:42 -0400] "GET /nv140755675.shtm HTTP/1.1" 301 0 "-" "Mozilla/5.0 (compatible; AhrefsBot/7.0; +http://ahrefs.com/robot/)"
162.0.232.193 - - [11/Jun/2025:09:12:52 -0400] "POST /wp-cron.php?doing_wp_cron=1749647572.3615601062774658203125 HTTP/1.1" 200 0 "-" "WordPress/6.8.1; https://wotaku-manga.com"
51.222.253.10 - - [11/Jun/2025:09:12:51 -0400] "GET /nx367310057.shtm HTTP/1.1" 301 0 "-" "Mozilla/5.0 (compatible; AhrefsBot/7.0; +http://ahrefs.com/robot/)"
