2401:4900:38cf:9538:66a5:10c5:f450:3a02 - - [11/Jun/2025:02:24:32 -0400] "GET /manga/wotakoi-love-is-hard-for-otaku-chapter-87/ HTTP/1.1" 200 40648 "https://wotaku-manga.com/manga/wotakoi-love-is-hard-for-otaku-chapter-86/" "Mozilla/5.0 (Linux; Android 10; K) AppleWebKit/537.36 (KHTML, like Gecko) Chrome/136.0.0.0 Mobile Safari/537.36"
2a09:bac1:7aa0:50::3cf:a - - [11/Jun/2025:02:24:35 -0400] "GET /manga/wotakoi-love-is-hard-for-otaku-chapter-71/ HTTP/1.1" 200 42714 "-" "Mozilla/5.0 (iPhone; CPU iPhone OS 18_5 like Mac OS X) AppleWebKit/605.1.15 (KHTML, like Gecko) Mobile/15E148"
51.222.253.1 - - [11/Jun/2025:02:24:42 -0400] "GET /sitemap-child-2334.xml HTTP/1.1" 200 11413 "-" "Mozilla/5.0 (compatible; AhrefsBot/7.0; +http://ahrefs.com/robot/)"
2401:4900:38cf:9538:66a5:10c5:f450:3a02 - - [11/Jun/2025:02:24:39 -0400] "GET /manga/wotakoi-love-is-hard-for-otaku-chapter-87/ HTTP/1.1" 200 40648 "https://wotaku-manga.com/manga/wotakoi-love-is-hard-for-otaku-chapter-86/" "Mozilla/5.0 (Linux; Android 10; K) AppleWebKit/537.36 (KHTML, like Gecko) Chrome/136.0.0.0 Mobile Safari/537.36"
162.0.232.193 - - [11/Jun/2025:02:24:48 -0400] "POST /wp-cron.php?doing_wp_cron=1749623088.6159629821777343750000 HTTP/1.1" 200 0 "-" "WordPress/6.8.1; https://wotaku-manga.com"
51.222.253.19 - - [11/Jun/2025:02:24:47 -0400] "GET /a251357840.shtm HTTP/1.1" 301 0 "-" "Mozilla/5.0 (compatible; AhrefsBot/7.0; +http://ahrefs.com/robot/)"
51.222.253.4 - - [11/Jun/2025:02:24:55 -0400] "GET /sitemap-child-2352.xml HTTP/1.1" 200 11468 "-" "Mozilla/5.0 (compatible; AhrefsBot/7.0; +http://ahrefs.com/robot/)"
162.0.232.193 - - [11/Jun/2025:02:25:04 -0400] "POST /wp-cron.php?doing_wp_cron=1749623104.2062370777130126953125 HTTP/1.1" 200 0 "-" "WordPress/6.8.1; https://wotaku-manga.com"
51.222.253.13 - - [11/Jun/2025:02:25:01 -0400] "GET /a410972840.shtm HTTP/1.1" 301 0 "-" "Mozilla/5.0 (compatible; AhrefsBot/7.0; +http://ahrefs.com/robot/)"
51.222.253.18 - - [11/Jun/2025:02:25:08 -0400] "GET /sitemap-child-2408.xml HTTP/1.1" 200 11210 "-" "Mozilla/5.0 (compatible; AhrefsBot/7.0; +http://ahrefs.com/robot/)"
2a09:bac1:7aa0:50::3cf:a - - [11/Jun/2025:02:25:08 -0400] "GET /manga/wotakoi-love-is-hard-for-otaku-chapter-71/ HTTP/1.1" 200 42714 "-" "Mozilla/5.0 (iPhone; CPU iPhone OS 18_5 like Mac OS X) AppleWebKit/605.1.15 (KHTML, like Gecko) Mobile/15E148"
162.0.232.193 - - [11/Jun/2025:02:25:22 -0400] "POST /wp-cron.php?doing_wp_cron=1749623122.1166870594024658203125 HTTP/1.1" 200 0 "-" "WordPress/6.8.1; https://wotaku-manga.com"
51.222.253.4 - - [11/Jun/2025:02:25:20 -0400] "GET /a491360862.shtm HTTP/1.1" 301 0 "-" "Mozilla/5.0 (compatible; AhrefsBot/7.0; +http://ahrefs.com/robot/)"
51.222.253.10 - - [11/Jun/2025:02:25:23 -0400] "GET /sitemap-child-2527.xml HTTP/1.1" 200 11283 "-" "Mozilla/5.0 (compatible; AhrefsBot/7.0; +http://ahrefs.com/robot/)"
51.222.253.6 - - [11/Jun/2025:02:25:35 -0400] "GET /a491606322.shtm HTTP/1.1" 301 0 "-" "Mozilla/5.0 (compatible; AhrefsBot/7.0; +http://ahrefs.com/robot/)"
51.222.253.3 - - [11/Jun/2025:02:25:38 -0400] "GET /sitemap-child-2537.xml HTTP/1.1" 200 11415 "-" "Mozilla/5.0 (compatible; AhrefsBot/7.0; +http://ahrefs.com/robot/)"
51.222.253.10 - - [11/Jun/2025:02:25:53 -0400] "GET /sitemap-child-2543.xml HTTP/1.1" 200 10974 "-" "Mozilla/5.0 (compatible; AhrefsBot/7.0; +http://ahrefs.com/robot/)"
162.0.232.193 - - [11/Jun/2025:02:25:55 -0400] "POST /wp-cron.php?doing_wp_cron=1749623155.1013739109039306640625 HTTP/1.1" 200 0 "-" "WordPress/6.8.1; https://wotaku-manga.com"
51.222.253.20 - - [11/Jun/2025:02:25:57 -0400] "GET /a514066474.shtm HTTP/1.1" 301 0 "-" "Mozilla/5.0 (compatible; AhrefsBot/7.0; +http://ahrefs.com/robot/)"
103.131.71.95 - - [11/Jun/2025:02:25:53 -0400] "GET / HTTP/1.1" 200 37240 "-" "Mozilla/5.0 (compatible; coccocbot-web/1.0; +http://help.coccoc.com/searchengine)"
162.0.232.193 - - [11/Jun/2025:02:26:02 -0400] "POST /wp-cron.php?doing_wp_cron=1749623162.6198780536651611328125 HTTP/1.1" 200 0 "-" "WordPress/6.8.1; https://wotaku-manga.com"
103.131.71.95 - - [11/Jun/2025:02:26:01 -0400] "GET /manga/wotaku-ni-koi-wa-muzukashii-chapter-65-2/ HTTP/1.1" 200 41732 "-" "Mozilla/5.0 (compatible; coccocbot-web/1.0; +http://help.coccoc.com/searchengine)"
51.222.253.2 - - [11/Jun/2025:02:26:07 -0400] "GET /a751077412.shtm HTTP/1.1" 301 0 "-" "Mozilla/5.0 (compatible; AhrefsBot/7.0; +http://ahrefs.com/robot/)"
51.222.253.17 - - [11/Jun/2025:02:26:09 -0400] "GET /sitemap-child-2547.xml HTTP/1.1" 200 11452 "-" "Mozilla/5.0 (compatible; AhrefsBot/7.0; +http://ahrefs.com/robot/)"
51.222.253.1 - - [11/Jun/2025:02:26:22 -0400] "GET /sitemap-child-2548.xml HTTP/1.1" 200 11213 "-" "Mozilla/5.0 (compatible; AhrefsBot/7.0; +http://ahrefs.com/robot/)"
162.0.232.193 - - [11/Jun/2025:02:26:25 -0400] "POST /wp-cron.php?doing_wp_cron=1749623185.1192669868469238281250 HTTP/1.1" 200 0 "-" "WordPress/6.8.1; https://wotaku-manga.com"
136.158.70.96 - - [11/Jun/2025:02:26:23 -0400] "GET /manga/wotaku-ni-koi-wa-muzukashii-chapter-31/ HTTP/1.1" 200 41793 "https://www.google.com/" "Mozilla/5.0 (iPhone; CPU iPhone OS 18_5_0 like Mac OS X) AppleWebKit/605.1.15 (KHTML, like Gecko) CriOS/137.0.7151.79 Mobile/15E148 Safari/604.1"
51.222.253.18 - - [11/Jun/2025:02:26:27 -0400] "GET /a884836282.shtm HTTP/1.1" 301 0 "-" "Mozilla/5.0 (compatible; AhrefsBot/7.0; +http://ahrefs.com/robot/)"
51.222.253.1 - - [11/Jun/2025:02:26:33 -0400] "GET /sitemap-child-2575.xml HTTP/1.1" 200 11486 "-" "Mozilla/5.0 (compatible; AhrefsBot/7.0; +http://ahrefs.com/robot/)"
51.222.253.19 - - [11/Jun/2025:02:26:41 -0400] "GET /sitemap-child-2580.xml HTTP/1.1" 200 11049 "-" "Mozilla/5.0 (compatible; AhrefsBot/7.0; +http://ahrefs.com/robot/)"
162.0.232.193 - - [11/Jun/2025:02:26:47 -0400] "POST /wp-cron.php?doing_wp_cron=1749623206.8086209297180175781250 HTTP/1.1" 200 0 "-" "WordPress/6.8.1; https://wotaku-manga.com"
51.222.253.12 - - [11/Jun/2025:02:26:44 -0400] "GET /a911343814.shtm HTTP/1.1" 301 0 "-" "Mozilla/5.0 (compatible; AhrefsBot/7.0; +http://ahrefs.com/robot/)"
51.222.253.9 - - [11/Jun/2025:02:26:47 -0400] "GET /sitemap-child-2617.xml HTTP/1.1" 200 11373 "-" "Mozilla/5.0 (compatible; AhrefsBot/7.0; +http://ahrefs.com/robot/)"
136.158.70.96 - - [11/Jun/2025:02:26:45 -0400] "GET /manga/wotaku-ni-koi-wa-muzukashii-chapter-32/ HTTP/1.1" 200 42279 "https://wotaku-manga.com/manga/wotaku-ni-koi-wa-muzukashii-chapter-31/" "Mozilla/5.0 (iPhone; CPU iPhone OS 18_5_0 like Mac OS X) AppleWebKit/605.1.15 (KHTML, like Gecko) CriOS/137.0.7151.79 Mobile/15E148 Safari/604.1"
51.222.253.10 - - [11/Jun/2025:02:26:53 -0400] "GET /sitemap-child-2673.xml HTTP/1.1" 200 11377 "-" "Mozilla/5.0 (compatible; AhrefsBot/7.0; +http://ahrefs.com/robot/)"
51.222.253.16 - - [11/Jun/2025:02:26:50 -0400] "GET /a911466772.shtm HTTP/1.1" 301 0 "-" "Mozilla/5.0 (compatible; AhrefsBot/7.0; +http://ahrefs.com/robot/)"
51.222.253.7 - - [11/Jun/2025:02:27:08 -0400] "GET /sitemap-child-2679.xml HTTP/1.1" 200 11326 "-" "Mozilla/5.0 (compatible; AhrefsBot/7.0; +http://ahrefs.com/robot/)"
162.0.232.193 - - [11/Jun/2025:02:27:14 -0400] "POST /wp-cron.php?doing_wp_cron=1749623233.3448519706726074218750 HTTP/1.1" 200 0 "-" "WordPress/6.8.1; https://wotaku-manga.com"
51.222.253.15 - - [11/Jun/2025:02:27:11 -0400] "GET /a960577368.shtm HTTP/1.1" 301 0 "-" "Mozilla/5.0 (compatible; AhrefsBot/7.0; +http://ahrefs.com/robot/)"
51.222.253.11 - - [11/Jun/2025:02:27:14 -0400] "GET /sitemap-child-2684.xml HTTP/1.1" 200 11489 "-" "Mozilla/5.0 (compatible; AhrefsBot/7.0; +http://ahrefs.com/robot/)"
162.0.232.193 - - [11/Jun/2025:02:27:19 -0400] "POST /wp-cron.php?doing_wp_cron=1749623239.5229289531707763671875 HTTP/1.1" 200 0 "-" "WordPress/6.8.1; https://wotaku-manga.com"
51.222.253.2 - - [11/Jun/2025:02:27:17 -0400] "GET /ads681990834.shtm HTTP/1.1" 301 0 "-" "Mozilla/5.0 (compatible; AhrefsBot/7.0; +http://ahrefs.com/robot/)"
51.222.253.2 - - [11/Jun/2025:02:27:21 -0400] "GET /sitemap-child-2708.xml HTTP/1.1" 200 11176 "-" "Mozilla/5.0 (compatible; AhrefsBot/7.0; +http://ahrefs.com/robot/)"
51.222.253.8 - - [11/Jun/2025:02:27:26 -0400] "GET /ae/684050020.shtm HTTP/1.1" 301 0 "-" "Mozilla/5.0 (compatible; AhrefsBot/7.0; +http://ahrefs.com/robot/)"
51.222.253.3 - - [11/Jun/2025:02:27:36 -0400] "GET /sitemap-child-2736.xml HTTP/1.1" 200 11284 "-" "Mozilla/5.0 (compatible; AhrefsBot/7.0; +http://ahrefs.com/robot/)"
162.0.232.193 - - [11/Jun/2025:02:27:49 -0400] "POST /wp-cron.php?doing_wp_cron=1749623268.4097020626068115234375 HTTP/1.1" 200 0 "-" "WordPress/6.8.1; https://wotaku-manga.com"
51.222.253.4 - - [11/Jun/2025:02:27:46 -0400] "GET /ae1261043580.shtm HTTP/1.1" 301 0 "-" "Mozilla/5.0 (compatible; AhrefsBot/7.0; +http://ahrefs.com/robot/)"
51.222.253.4 - - [11/Jun/2025:02:27:49 -0400] "GET /sitemap-child-2748.xml HTTP/1.1" 200 11576 "-" "Mozilla/5.0 (compatible; AhrefsBot/7.0; +http://ahrefs.com/robot/)"
66.249.73.8 - - [11/Jun/2025:02:27:56 -0400] "GET /hdf1722379131.shtm HTTP/1.1" 200 81608 "-" "Mozilla/5.0 (Linux; Android 6.0.1; Nexus 5X Build/MMB29P) AppleWebKit/537.36 (KHTML, like Gecko) Chrome/136.0.7103.113 Mobile Safari/537.36 (compatible; Googlebot/2.1; +http://www.google.com/bot.html)"
51.222.253.7 - - [11/Jun/2025:02:27:56 -0400] "GET /ae813125486.shtm HTTP/1.1" 301 0 "-" "Mozilla/5.0 (compatible; AhrefsBot/7.0; +http://ahrefs.com/robot/)"
190.237.61.251 - - [11/Jun/2025:02:27:56 -0400] "GET /manga/wotaku-ni-koi-wa-muzukashii-chapter-31/ HTTP/1.1" 200 41793 "https://www.google.com/" "Mozilla/5.0 (Linux; Android 10; K) AppleWebKit/537.36 (KHTML, like Gecko) Chrome/137.0.0.0 Mobile Safari/537.36"
51.222.253.16 - - [11/Jun/2025:02:27:58 -0400] "GET /sitemap-child-2779.xml HTTP/1.1" 200 11457 "-" "Mozilla/5.0 (compatible; AhrefsBot/7.0; +http://ahrefs.com/robot/)"
190.237.61.251 - - [11/Jun/2025:02:28:00 -0400] "GET /wp-includes/js/jquery/jquery.min.js?ver=3.7.1 HTTP/1.1" 200 29744 "https://wotaku-manga.com/manga/wotaku-ni-koi-wa-muzukashii-chapter-31/" "Mozilla/5.0 (Linux; Android 10; K) AppleWebKit/537.36 (KHTML, like Gecko) Chrome/137.0.0.0 Mobile Safari/537.36"
190.237.61.251 - - [11/Jun/2025:02:28:00 -0400] "GET /wp-includes/js/jquery/jquery-migrate.min.js?ver=3.4.1 HTTP/1.1" 200 4678 "https://wotaku-manga.com/manga/wotaku-ni-koi-wa-muzukashii-chapter-31/" "Mozilla/5.0 (Linux; Android 10; K) AppleWebKit/537.36 (KHTML, like Gecko) Chrome/137.0.0.0 Mobile Safari/537.36"
190.237.61.251 - - [11/Jun/2025:02:28:00 -0400] "GET /wp-content/themes/toivo-lite/js/responsive-nav.min.js?ver=1.2.0 HTTP/1.1" 200 2102 "https://wotaku-manga.com/manga/wotaku-ni-koi-wa-muzukashii-chapter-31/" "Mozilla/5.0 (Linux; Android 10; K) AppleWebKit/537.36 (KHTML, like Gecko) Chrome/137.0.0.0 Mobile Safari/537.36"
190.237.61.251 - - [11/Jun/2025:02:28:00 -0400] "GET /wp-content/cache/min/1/wp-content/plugins/disqus-comment-system/public/js/comment_embed.js?ver=1684511264 HTTP/1.1" 200 313 "https://wotaku-manga.com/manga/wotaku-ni-koi-wa-muzukashii-chapter-31/" "Mozilla/5.0 (Linux; Android 10; K) AppleWebKit/537.36 (KHTML, like Gecko) Chrome/137.0.0.0 Mobile Safari/537.36"
190.237.61.251 - - [11/Jun/2025:02:28:00 -0400] "GET /wp-content/cache/min/1/wp-content/plugins/disqus-comment-system/public/js/comment_count.js?ver=1684511264 HTTP/1.1" 200 308 "https://wotaku-manga.com/manga/wotaku-ni-koi-wa-muzukashii-chapter-31/" "Mozilla/5.0 (Linux; Android 10; K) AppleWebKit/537.36 (KHTML, like Gecko) Chrome/137.0.0.0 Mobile Safari/537.36"
190.237.61.251 - - [11/Jun/2025:02:28:02 -0400] "GET /wp-content/uploads/2021/11/cropped-stsmall507x507-pad600x600f8f8f8-1-192x192.jpeg HTTP/1.1" 200 7055 "https://wotaku-manga.com/manga/wotaku-ni-koi-wa-muzukashii-chapter-31/" "Mozilla/5.0 (Linux; Android 10; K) AppleWebKit/537.36 (KHTML, like Gecko) Chrome/137.0.0.0 Mobile Safari/537.36"
190.237.61.251 - - [11/Jun/2025:02:28:03 -0400] "GET /wp-content/uploads/2021/11/cropped-stsmall507x507-pad600x600f8f8f8-1-180x180.jpeg HTTP/1.1" 200 6663 "https://wotaku-manga.com/manga/wotaku-ni-koi-wa-muzukashii-chapter-31/" "Mozilla/5.0 (Linux; Android 10; K) AppleWebKit/537.36 (KHTML, like Gecko) Chrome/137.0.0.0 Mobile Safari/537.36"
162.0.232.193 - - [11/Jun/2025:02:28:04 -0400] "POST /wp-cron.php?doing_wp_cron=1749623284.3162729740142822265625 HTTP/1.1" 200 0 "-" "WordPress/6.8.1; https://wotaku-manga.com"
51.222.253.18 - - [11/Jun/2025:02:28:05 -0400] "GET /sitemap-child-2782.xml HTTP/1.1" 200 11226 "-" "Mozilla/5.0 (compatible; AhrefsBot/7.0; +http://ahrefs.com/robot/)"
190.237.61.251 - - [11/Jun/2025:02:28:02 -0400] "GET /wotakoi-volume-list/ HTTP/1.1" 200 40465 "https://wotaku-manga.com/manga/wotaku-ni-koi-wa-muzukashii-chapter-31/" "Mozilla/5.0 (Linux; Android 10; K) AppleWebKit/537.36 (KHTML, like Gecko) Chrome/137.0.0.0 Mobile Safari/537.36"
190.237.61.251 - - [11/Jun/2025:02:28:02 -0400] "GET /category/wotakoi-love-is-hard-for-otaku-manga-read-online/ HTTP/1.1" 200 46199 "https://wotaku-manga.com/manga/wotaku-ni-koi-wa-muzukashii-chapter-31/" "Mozilla/5.0 (Linux; Android 10; K) AppleWebKit/537.36 (KHTML, like Gecko) Chrome/137.0.0.0 Mobile Safari/537.36"
51.222.253.10 - - [11/Jun/2025:02:28:08 -0400] "GET /ae835215996.shtm HTTP/1.1" 301 0 "-" "Mozilla/5.0 (compatible; AhrefsBot/7.0; +http://ahrefs.com/robot/)"
51.222.253.19 - - [11/Jun/2025:02:28:13 -0400] "GET /sitemap-child-2806.xml HTTP/1.1" 200 11253 "-" "Mozilla/5.0 (compatible; AhrefsBot/7.0; +http://ahrefs.com/robot/)"
162.0.232.193 - - [11/Jun/2025:02:28:20 -0400] "POST /wp-cron.php?doing_wp_cron=1749623299.4144051074981689453125 HTTP/1.1" 200 0 "-" "WordPress/6.8.1; https://wotaku-manga.com"
51.222.253.7 - - [11/Jun/2025:02:28:19 -0400] "GET /afk541526554.shtm HTTP/1.1" 301 0 "-" "Mozilla/5.0 (compatible; AhrefsBot/7.0; +http://ahrefs.com/robot/)"
51.222.253.2 - - [11/Jun/2025:02:28:22 -0400] "GET /sitemap-child-2818.xml HTTP/1.1" 200 11357 "-" "Mozilla/5.0 (compatible; AhrefsBot/7.0; +http://ahrefs.com/robot/)"
190.237.61.251 - - [11/Jun/2025:02:28:17 -0400] "GET / HTTP/1.1" 200 37915 "https://wotaku-manga.com/manga/wotaku-ni-koi-wa-muzukashii-chapter-31/" "Mozilla/5.0 (Linux; Android 10; K) AppleWebKit/537.36 (KHTML, like Gecko) Chrome/137.0.0.0 Mobile Safari/537.36"
51.222.253.15 - - [11/Jun/2025:02:28:26 -0400] "GET /ag813002456.shtm HTTP/1.1" 301 0 "-" "Mozilla/5.0 (compatible; AhrefsBot/7.0; +http://ahrefs.com/robot/)"
190.237.61.251 - - [11/Jun/2025:02:28:24 -0400] "GET / HTTP/1.1" 200 37915 "https://wotaku-manga.com/manga/wotaku-ni-koi-wa-muzukashii-chapter-31/" "Mozilla/5.0 (Linux; Android 10; K) AppleWebKit/537.36 (KHTML, like Gecko) Chrome/137.0.0.0 Mobile Safari/537.36"
51.222.253.16 - - [11/Jun/2025:02:28:29 -0400] "GET /sitemap-child-2824.xml HTTP/1.1" 200 11541 "-" "Mozilla/5.0 (compatible; AhrefsBot/7.0; +http://ahrefs.com/robot/)"
190.237.61.251 - - [11/Jun/2025:02:28:30 -0400] "GET /wp-content/uploads/2021/11/Volume_1_English-768x1107.jpg HTTP/1.1" 200 97435 "https://wotaku-manga.com/" "Mozilla/5.0 (Linux; Android 10; K) AppleWebKit/537.36 (KHTML, like Gecko) Chrome/137.0.0.0 Mobile Safari/537.36"
190.237.61.251 - - [11/Jun/2025:02:28:30 -0400] "GET /wp-content/uploads/2021/11/Wotaku_ni_Koi_wa_Muzukashii-11-jp-1-721x1024.jpg HTTP/1.1" 200 94896 "https://wotaku-manga.com/" "Mozilla/5.0 (Linux; Android 10; K) AppleWebKit/537.36 (KHTML, like Gecko) Chrome/137.0.0.0 Mobile Safari/537.36"
190.237.61.251 - - [11/Jun/2025:02:28:27 -0400] "GET /privacy-policy/ HTTP/1.1" 200 38541 "https://wotaku-manga.com/manga/wotaku-ni-koi-wa-muzukashii-chapter-31/" "Mozilla/5.0 (Linux; Android 10; K) AppleWebKit/537.36 (KHTML, like Gecko) Chrome/137.0.0.0 Mobile Safari/537.36"
190.237.61.251 - - [11/Jun/2025:02:28:28 -0400] "GET /manga/wotaku-ni-koi-wa-muzukashii-chapter-31/ HTTP/1.1" 200 41797 "https://wotaku-manga.com/manga/wotaku-ni-koi-wa-muzukashii-chapter-31/" "Mozilla/5.0 (Linux; Android 10; K) AppleWebKit/537.36 (KHTML, like Gecko) Chrome/137.0.0.0 Mobile Safari/537.36"
51.222.253.7 - - [11/Jun/2025:02:28:35 -0400] "GET /ag813020058.shtm HTTP/1.1" 301 0 "-" "Mozilla/5.0 (compatible; AhrefsBot/7.0; +http://ahrefs.com/robot/)"
51.222.253.15 - - [11/Jun/2025:02:28:37 -0400] "GET /sitemap-child-2829.xml HTTP/1.1" 200 11441 "-" "Mozilla/5.0 (compatible; AhrefsBot/7.0; +http://ahrefs.com/robot/)"
190.237.61.251 - - [11/Jun/2025:02:28:33 -0400] "GET /manga/wotakoi-love-is-hard-for-otaku-chapter-87/ HTTP/1.1" 200 40624 "https://wotaku-manga.com/" "Mozilla/5.0 (Linux; Android 10; K) AppleWebKit/537.36 (KHTML, like Gecko) Chrome/137.0.0.0 Mobile Safari/537.36"
2001:861:5102:35a0:c470:ce66:2e63:60e9 - - [11/Jun/2025:02:28:38 -0400] "GET /manga/wotakoi-love-is-hard-for-otaku-chapter-87/ HTTP/1.1" 200 0 "https://www.google.com/" "Mozilla/5.0 (Windows NT 10.0; Win64; x64) AppleWebKit/537.36 (KHTML, like Gecko) Chrome/137.0.0.0 Safari/537.36"
190.237.61.251 - - [11/Jun/2025:02:28:34 -0400] "GET /manga/wotakoi-love-is-hard-for-otaku-chapter-77-5/ HTTP/1.1" 200 44656 "https://wotaku-manga.com/" "Mozilla/5.0 (Linux; Android 10; K) AppleWebKit/537.36 (KHTML, like Gecko) Chrome/137.0.0.0 Mobile Safari/537.36"
190.237.61.251 - - [11/Jun/2025:02:28:40 -0400] "GET /manga/wotakoi-love-is-hard-for-otaku-chapter-87/ HTTP/1.1" 200 40624 "https://wotaku-manga.com/" "Mozilla/5.0 (Linux; Android 10; K) AppleWebKit/537.36 (KHTML, like Gecko) Chrome/137.0.0.0 Mobile Safari/537.36"
2001:861:5102:35a0:c470:ce66:2e63:60e9 - - [11/Jun/2025:02:28:40 -0400] "GET /manga/wotakoi-love-is-hard-for-otaku-chapter-87/ HTTP/1.1" 200 39992 "https://www.google.com/" "Mozilla/5.0 (Windows NT 10.0; Win64; x64) AppleWebKit/537.36 (KHTML, like Gecko) Chrome/137.0.0.0 Safari/537.36"
190.237.61.251 - - [11/Jun/2025:02:28:46 -0400] "GET /wp-content/uploads/2022/04/8mxi1g8v17821.webp HTTP/1.1" 200 57108 "https://wotaku-manga.com/manga/wotakoi-love-is-hard-for-otaku-chapter-87/" "Mozilla/5.0 (Linux; Android 10; K) AppleWebKit/537.36 (KHTML, like Gecko) Chrome/137.0.0.0 Mobile Safari/537.36"
51.222.253.4 - - [11/Jun/2025:02:28:47 -0400] "GET /sitemap-child-2882.xml HTTP/1.1" 200 11471 "-" "Mozilla/5.0 (compatible; AhrefsBot/7.0; +http://ahrefs.com/robot/)"
162.0.232.193 - - [11/Jun/2025:02:28:49 -0400] "POST /wp-cron.php?doing_wp_cron=1749623328.8195159435272216796875 HTTP/1.1" 200 0 "-" "WordPress/6.8.1; https://wotaku-manga.com"
190.237.61.251 - - [11/Jun/2025:02:28:47 -0400] "GET /privacy-policy/ HTTP/1.1" 200 38536 "https://wotaku-manga.com/manga/wotakoi-love-is-hard-for-otaku-chapter-87/" "Mozilla/5.0 (Linux; Android 10; K) AppleWebKit/537.36 (KHTML, like Gecko) Chrome/137.0.0.0 Mobile Safari/537.36"
51.222.253.3 - - [11/Jun/2025:02:28:50 -0400] "GET /ag85071746.shtm HTTP/1.1" 301 0 "-" "Mozilla/5.0 (compatible; AhrefsBot/7.0; +http://ahrefs.com/robot/)"
51.222.253.10 - - [11/Jun/2025:02:28:54 -0400] "GET /sitemap-child-2902.xml HTTP/1.1" 200 11204 "-" "Mozilla/5.0 (compatible; AhrefsBot/7.0; +http://ahrefs.com/robot/)"
162.0.232.193 - - [11/Jun/2025:02:28:59 -0400] "POST /wp-cron.php?doing_wp_cron=1749623339.2056150436401367187500 HTTP/1.1" 200 0 "-" "WordPress/6.8.1; https://wotaku-manga.com"
51.222.253.13 - - [11/Jun/2025:02:28:57 -0400] "GET /ai1671820366.shtm HTTP/1.1" 301 0 "-" "Mozilla/5.0 (compatible; AhrefsBot/7.0; +http://ahrefs.com/robot/)"
190.237.61.251 - - [11/Jun/2025:02:28:57 -0400] "GET /manga/wotakoi-love-is-hard-for-otaku-chapter-86/ HTTP/1.1" 200 44820 "https://wotaku-manga.com/" "Mozilla/5.0 (Linux; Android 10; K) AppleWebKit/537.36 (KHTML, like Gecko) Chrome/137.0.0.0 Mobile Safari/537.36"
51.222.253.16 - - [11/Jun/2025:02:29:03 -0400] "GET /sitemap-child-2919.xml HTTP/1.1" 200 11395 "-" "Mozilla/5.0 (compatible; AhrefsBot/7.0; +http://ahrefs.com/robot/)"
190.237.61.251 - - [11/Jun/2025:02:29:03 -0400] "GET /manga/wotakoi-love-is-hard-for-otaku-chapter-86/ HTTP/1.1" 200 44820 "https://wotaku-manga.com/" "Mozilla/5.0 (Linux; Android 10; K) AppleWebKit/537.36 (KHTML, like Gecko) Chrome/137.0.0.0 Mobile Safari/537.36"
51.222.253.8 - - [11/Jun/2025:02:29:10 -0400] "GET /ai895378856.shtm HTTP/1.1" 301 0 "-" "Mozilla/5.0 (compatible; AhrefsBot/7.0; +http://ahrefs.com/robot/)"
190.237.61.251 - - [11/Jun/2025:02:29:11 -0400] "GET /manga/wotakoi-love-is-hard-for-otaku-chapter-0/ HTTP/1.1" 200 41956 "https://wotaku-manga.com/manga/wotakoi-love-is-hard-for-otaku-chapter-86/" "Mozilla/5.0 (Linux; Android 10; K) AppleWebKit/537.36 (KHTML, like Gecko) Chrome/137.0.0.0 Mobile Safari/537.36"
51.222.253.18 - - [11/Jun/2025:02:29:13 -0400] "GET /sitemap-child-2923.xml HTTP/1.1" 200 11311 "-" "Mozilla/5.0 (compatible; AhrefsBot/7.0; +http://ahrefs.com/robot/)"
51.222.253.19 - - [11/Jun/2025:02:29:25 -0400] "GET /sitemap-child-2936.xml HTTP/1.1" 200 11293 "-" "Mozilla/5.0 (compatible; AhrefsBot/7.0; +http://ahrefs.com/robot/)"
162.0.232.193 - - [11/Jun/2025:02:29:32 -0400] "POST /wp-cron.php?doing_wp_cron=1749623371.7277550697326660156250 HTTP/1.1" 200 0 "-" "WordPress/6.8.1; https://wotaku-manga.com"
51.222.253.15 - - [11/Jun/2025:02:29:30 -0400] "GET /am1206458746.shtm HTTP/1.1" 301 0 "-" "Mozilla/5.0 (compatible; AhrefsBot/7.0; +http://ahrefs.com/robot/)"
51.222.253.16 - - [11/Jun/2025:02:29:33 -0400] "GET /sitemap-child-2943.xml HTTP/1.1" 200 11350 "-" "Mozilla/5.0 (compatible; AhrefsBot/7.0; +http://ahrefs.com/robot/)"
51.222.253.12 - - [11/Jun/2025:02:29:39 -0400] "GET /am250599738.shtm HTTP/1.1" 301 0 "-" "Mozilla/5.0 (compatible; AhrefsBot/7.0; +http://ahrefs.com/robot/)"
2001:861:5102:35a0:c470:ce66:2e63:60e9 - - [11/Jun/2025:02:29:40 -0400] "GET /wp-includes/js/jquery/jquery-migrate.min.js?ver=3.4.1 HTTP/1.1" 304 0 "https://wotaku-manga.com/manga/wotakoi-love-is-hard-for-otaku-chapter-87/" "Mozilla/5.0 (Windows NT 10.0; Win64; x64) AppleWebKit/537.36 (KHTML, like Gecko) Chrome/137.0.0.0 Safari/537.36"
2001:861:5102:35a0:c470:ce66:2e63:60e9 - - [11/Jun/2025:02:29:42 -0400] "GET /wp-content/themes/toivo-lite/js/responsive-nav.min.js?ver=1.2.0 HTTP/1.1" 304 0 "https://wotaku-manga.com/manga/wotakoi-love-is-hard-for-otaku-chapter-87/" "Mozilla/5.0 (Windows NT 10.0; Win64; x64) AppleWebKit/537.36 (KHTML, like Gecko) Chrome/137.0.0.0 Safari/537.36"
2001:861:5102:35a0:c470:ce66:2e63:60e9 - - [11/Jun/2025:02:29:42 -0400] "GET /wp-content/cache/min/1/wp-content/plugins/simple-social-buttons/assets/js/front.js?ver=1684511167 HTTP/1.1" 304 0 "https://wotaku-manga.com/manga/wotakoi-love-is-hard-for-otaku-chapter-87/" "Mozilla/5.0 (Windows NT 10.0; Win64; x64) AppleWebKit/537.36 (KHTML, like Gecko) Chrome/137.0.0.0 Safari/537.36"
2001:861:5102:35a0:c470:ce66:2e63:60e9 - - [11/Jun/2025:02:29:42 -0400] "GET /wp-includes/js/comment-reply.min.js?ver=6.8.1 HTTP/1.1" 304 0 "https://wotaku-manga.com/manga/wotakoi-love-is-hard-for-otaku-chapter-87/" "Mozilla/5.0 (Windows NT 10.0; Win64; x64) AppleWebKit/537.36 (KHTML, like Gecko) Chrome/137.0.0.0 Safari/537.36"
51.222.253.3 - - [11/Jun/2025:02:29:42 -0400] "GET /sitemap-child-3061.xml HTTP/1.1" 200 11253 "-" "Mozilla/5.0 (compatible; AhrefsBot/7.0; +http://ahrefs.com/robot/)"
162.0.232.193 - - [11/Jun/2025:02:29:52 -0400] "POST /wp-cron.php?doing_wp_cron=1749623392.0613861083984375000000 HTTP/1.1" 200 0 "-" "WordPress/6.8.1; https://wotaku-manga.com"
51.222.253.18 - - [11/Jun/2025:02:29:50 -0400] "GET /am513996066.shtm HTTP/1.1" 301 0 "-" "Mozilla/5.0 (compatible; AhrefsBot/7.0; +http://ahrefs.com/robot/)"
51.222.253.14 - - [11/Jun/2025:02:29:53 -0400] "GET /sitemap-child-3087.xml HTTP/1.1" 200 11475 "-" "Mozilla/5.0 (compatible; AhrefsBot/7.0; +http://ahrefs.com/robot/)"
51.222.253.7 - - [11/Jun/2025:02:30:05 -0400] "GET /aq/982807998.shtm HTTP/1.1" 301 0 "-" "Mozilla/5.0 (compatible; AhrefsBot/7.0; +http://ahrefs.com/robot/)"
162.0.232.193 - - [11/Jun/2025:02:30:10 -0400] "POST /wp-cron.php?doing_wp_cron=1749623407.9722959995269775390625 HTTP/1.1" 200 0 "-" "WordPress/6.8.1; https://wotaku-manga.com"
51.222.253.13 - - [11/Jun/2025:02:30:16 -0400] "GET /aq885345724.shtm HTTP/1.1" 301 0 "-" "Mozilla/5.0 (compatible; AhrefsBot/7.0; +http://ahrefs.com/robot/)"
51.222.253.19 - - [11/Jun/2025:02:30:21 -0400] "GET /as/174718484.shtm HTTP/1.1" 301 0 "-" "Mozilla/5.0 (compatible; AhrefsBot/7.0; +http://ahrefs.com/robot/)"
51.222.253.18 - - [11/Jun/2025:02:30:29 -0400] "GET /as610561606.shtm HTTP/1.1" 301 0 "-" "Mozilla/5.0 (compatible; AhrefsBot/7.0; +http://ahrefs.com/robot/)"
51.222.253.14 - - [11/Jun/2025:02:30:43 -0400] "GET /as812826188.shtm HTTP/1.1" 301 0 "-" "Mozilla/5.0 (compatible; AhrefsBot/7.0; +http://ahrefs.com/robot/)"
51.222.253.20 - - [11/Jun/2025:02:30:45 -0400] "GET /as85353442.shtm HTTP/1.1" 301 0 "-" "Mozilla/5.0 (compatible; AhrefsBot/7.0; +http://ahrefs.com/robot/)"
51.222.253.9 - - [11/Jun/2025:02:30:52 -0400] "GET /au335406182.shtm HTTP/1.1" 301 0 "-" "Mozilla/5.0 (compatible; AhrefsBot/7.0; +http://ahrefs.com/robot/)"
51.222.253.3 - - [11/Jun/2025:02:31:00 -0400] "GET /avk940880730.shtm HTTP/1.1" 301 0 "-" "Mozilla/5.0 (compatible; AhrefsBot/7.0; +http://ahrefs.com/robot/)"
162.0.232.193 - - [11/Jun/2025:02:31:09 -0400] "POST /wp-cron.php?doing_wp_cron=1749623468.4537060260772705078125 HTTP/1.1" 200 0 "-" "WordPress/6.8.1; https://wotaku-manga.com"
51.222.253.8 - - [11/Jun/2025:02:31:07 -0400] "GET /aw1777819858.shtm HTTP/1.1" 301 0 "-" "Mozilla/5.0 (compatible; AhrefsBot/7.0; +http://ahrefs.com/robot/)"
20.245.238.242 - - [11/Jun/2025:02:31:24 -0400] "POST /xmlrpc.php HTTP/1.1" 200 186 "https://wotaku-manga.com" "Mozilla/5.0 (Macintosh; Intel Mac OS X 14_6) AppleWebKit/605.1.15 (KHTML, like Gecko) Version/17.5 Safari/605.1.15"
162.0.232.193 - - [11/Jun/2025:02:31:27 -0400] "POST /wp-cron.php?doing_wp_cron=1749623486.1408500671386718750000 HTTP/1.1" 200 0 "-" "WordPress/6.8.1; https://wotaku-manga.com"
51.222.253.5 - - [11/Jun/2025:02:31:42 -0400] "GET /aw250442344.shtm HTTP/1.1" 301 0 "-" "Mozilla/5.0 (compatible; AhrefsBot/7.0; +http://ahrefs.com/robot/)"
51.222.253.13 - - [11/Jun/2025:02:32:04 -0400] "GET /aw309936272.shtm HTTP/1.1" 301 0 "-" "Mozilla/5.0 (compatible; AhrefsBot/7.0; +http://ahrefs.com/robot/)"
51.222.253.13 - - [11/Jun/2025:02:32:16 -0400] "GET /b/1265620771.shtm HTTP/1.1" 301 0 "-" "Mozilla/5.0 (compatible; AhrefsBot/7.0; +http://ahrefs.com/robot/)"
162.0.232.193 - - [11/Jun/2025:02:32:42 -0400] "POST /wp-cron.php?doing_wp_cron=1749623562.0196640491485595703125 HTTP/1.1" 200 0 "-" "WordPress/6.8.1; https://wotaku-manga.com"
51.222.253.17 - - [11/Jun/2025:02:32:40 -0400] "GET /b/1379751307.shtm HTTP/1.1" 301 0 "-" "Mozilla/5.0 (compatible; AhrefsBot/7.0; +http://ahrefs.com/robot/)"
162.0.232.193 - - [11/Jun/2025:02:32:51 -0400] "POST /wp-cron.php?doing_wp_cron=1749623570.9328000545501708984375 HTTP/1.1" 200 0 "-" "WordPress/6.8.1; https://wotaku-manga.com"
51.222.253.18 - - [11/Jun/2025:02:32:50 -0400] "GET /b/1905682297.shtm HTTP/1.1" 301 0 "-" "Mozilla/5.0 (compatible; AhrefsBot/7.0; +http://ahrefs.com/robot/)"
162.0.232.193 - - [11/Jun/2025:02:32:59 -0400] "POST /wp-cron.php?doing_wp_cron=1749623578.8599810600280761718750 HTTP/1.1" 200 0 "-" "WordPress/6.8.1; https://wotaku-manga.com"
51.222.253.6 - - [11/Jun/2025:02:32:57 -0400] "GET /b/1943156123.shtm HTTP/1.1" 301 0 "-" "Mozilla/5.0 (compatible; AhrefsBot/7.0; +http://ahrefs.com/robot/)"
51.222.253.13 - - [11/Jun/2025:02:33:04 -0400] "GET /b/410708465.shtm HTTP/1.1" 301 0 "-" "Mozilla/5.0 (compatible; AhrefsBot/7.0; +http://ahrefs.com/robot/)"
51.222.253.8 - - [11/Jun/2025:02:33:10 -0400] "GET /b/426972457.shtm HTTP/1.1" 301 0 "-" "Mozilla/5.0 (compatible; AhrefsBot/7.0; +http://ahrefs.com/robot/)"
162.0.232.193 - - [11/Jun/2025:02:33:21 -0400] "POST /wp-cron.php?doing_wp_cron=1749623600.6608059406280517578125 HTTP/1.1" 200 0 "-" "WordPress/6.8.1; https://wotaku-manga.com"
51.222.253.15 - - [11/Jun/2025:02:33:19 -0400] "GET /b/813337389.shtm HTTP/1.1" 301 0 "-" "Mozilla/5.0 (compatible; AhrefsBot/7.0; +http://ahrefs.com/robot/)"
51.222.253.3 - - [11/Jun/2025:02:33:27 -0400] "GET /b/85389269.shtm HTTP/1.1" 301 0 "-" "Mozilla/5.0 (compatible; AhrefsBot/7.0; +http://ahrefs.com/robot/)"
51.222.253.15 - - [11/Jun/2025:02:33:36 -0400] "GET /b/911433335.shtm HTTP/1.1" 301 0 "-" "Mozilla/5.0 (compatible; AhrefsBot/7.0; +http://ahrefs.com/robot/)"
162.0.232.193 - - [11/Jun/2025:02:33:49 -0400] "POST /wp-cron.php?doing_wp_cron=1749623629.0156409740447998046875 HTTP/1.1" 200 0 "-" "WordPress/6.8.1; https://wotaku-manga.com"
51.222.253.1 - - [11/Jun/2025:02:33:48 -0400] "GET /b/945685795.shtm HTTP/1.1" 301 0 "-" "Mozilla/5.0 (compatible; AhrefsBot/7.0; +http://ahrefs.com/robot/)"
162.0.232.193 - - [11/Jun/2025:02:34:01 -0400] "POST /wp-cron.php?doing_wp_cron=1749623641.0366909503936767578125 HTTP/1.1" 200 0 "-" "WordPress/6.8.1; https://wotaku-manga.com"
51.222.253.4 - - [11/Jun/2025:02:34:00 -0400] "GET /b/945844477.shtm HTTP/1.1" 301 0 "-" "Mozilla/5.0 (compatible; AhrefsBot/7.0; +http://ahrefs.com/robot/)"
207.161.51.90 - - [11/Jun/2025:02:34:00 -0400] "GET /manga/wotaku-ni-koi-wa-muzukashii-chapter-31/ HTTP/1.1" 200 41793 "https://www.google.com/" "Mozilla/5.0 (Linux; Android 14; CPH2409 Build/UKQ1.230924.001) AppleWebKit/537.36 (KHTML, like Gecko) Chrome/136.0.7103.127 Mobile Safari/537.36 OPX/2.8"
207.161.51.90 - - [11/Jun/2025:02:34:05 -0400] "GET /manga/wotaku-ni-koi-wa-muzukashii-chapter-31/ HTTP/1.1" 200 41793 "https://www.google.com/" "Mozilla/5.0 (Linux; Android 14; CPH2409 Build/UKQ1.230924.001) AppleWebKit/537.36 (KHTML, like Gecko) Chrome/136.0.7103.127 Mobile Safari/537.36 OPX/2.8"
207.161.51.90 - - [11/Jun/2025:02:34:09 -0400] "GET /wp-content/plugins/simple-social-buttons/assets/fonts/ssb-icon.ttf?eahqa2 HTTP/1.1" 200 7412 "https://wotaku-manga.com/manga/wotaku-ni-koi-wa-muzukashii-chapter-31/" "Mozilla/5.0 (Linux; Android 14; CPH2409 Build/UKQ1.230924.001) AppleWebKit/537.36 (KHTML, like Gecko) Chrome/136.0.7103.127 Mobile Safari/537.36 OPX/2.8"
207.161.51.90 - - [11/Jun/2025:02:34:09 -0400] "GET /wp-content/uploads/2022/03/cropped-3612526.webp HTTP/1.1" 200 72576 "https://wotaku-manga.com/manga/wotaku-ni-koi-wa-muzukashii-chapter-31/" "Mozilla/5.0 (Linux; Android 14; CPH2409 Build/UKQ1.230924.001) AppleWebKit/537.36 (KHTML, like Gecko) Chrome/136.0.7103.127 Mobile Safari/537.36 OPX/2.8"
207.161.51.90 - - [11/Jun/2025:02:34:09 -0400] "GET /wp-includes/js/comment-reply.min.js?ver=6.8.1 HTTP/1.1" 200 1247 "https://wotaku-manga.com/manga/wotaku-ni-koi-wa-muzukashii-chapter-31/" "Mozilla/5.0 (Linux; Android 14; CPH2409 Build/UKQ1.230924.001) AppleWebKit/537.36 (KHTML, like Gecko) Chrome/136.0.7103.127 Mobile Safari/537.36 OPX/2.8"
207.161.51.90 - - [11/Jun/2025:02:34:09 -0400] "GET /wp-content/themes/toivo-lite/js/functions.min.js?ver=1.2.0 HTTP/1.1" 200 593 "https://wotaku-manga.com/manga/wotaku-ni-koi-wa-muzukashii-chapter-31/" "Mozilla/5.0 (Linux; Android 14; CPH2409 Build/UKQ1.230924.001) AppleWebKit/537.36 (KHTML, like Gecko) Chrome/136.0.7103.127 Mobile Safari/537.36 OPX/2.8"
207.161.51.90 - - [11/Jun/2025:02:34:10 -0400] "GET /wp-content/uploads/2021/11/cropped-stsmall507x507-pad600x600f8f8f8-1-192x192.jpeg HTTP/1.1" 200 7055 "https://wotaku-manga.com/manga/wotaku-ni-koi-wa-muzukashii-chapter-31/" "Mozilla/5.0 (Linux; Android 14; CPH2409 Build/UKQ1.230924.001) AppleWebKit/537.36 (KHTML, like Gecko) Chrome/136.0.7103.127 Mobile Safari/537.36 OPX/2.8"
51.222.253.15 - - [11/Jun/2025:02:34:14 -0400] "GET /b/945862079.shtm HTTP/1.1" 301 0 "-" "Mozilla/5.0 (compatible; AhrefsBot/7.0; +http://ahrefs.com/robot/)"
162.0.232.193 - - [11/Jun/2025:02:34:26 -0400] "POST /wp-cron.php?doing_wp_cron=1749623665.2587969303131103515625 HTTP/1.1" 200 0 "-" "WordPress/6.8.1; https://wotaku-manga.com"
51.222.253.3 - - [11/Jun/2025:02:34:22 -0400] "GET /b1022430515.shtm HTTP/1.1" 301 0 "-" "Mozilla/5.0 (compatible; AhrefsBot/7.0; +http://ahrefs.com/robot/)"
2a03:2880:f800:a:: - - [11/Jun/2025:02:34:25 -0400] "GET /category/wotakoi-love-is-hard-for-otaku-manga-volumes/ HTTP/1.1" 200 45356 "-" "meta-externalagent/1.1 (+https://developers.facebook.com/docs/sharing/webmasters/crawler)"
51.222.253.10 - - [11/Jun/2025:02:34:30 -0400] "GET /b126400897.shtm HTTP/1.1" 301 0 "-" "Mozilla/5.0 (compatible; AhrefsBot/7.0; +http://ahrefs.com/robot/)"
51.222.253.17 - - [11/Jun/2025:02:34:37 -0400] "GET /b1289506629.shtm HTTP/1.1" 301 0 "-" "Mozilla/5.0 (compatible; AhrefsBot/7.0; +http://ahrefs.com/robot/)"
51.222.253.9 - - [11/Jun/2025:02:34:48 -0400] "GET /b140588885.shtm HTTP/1.1" 301 0 "-" "Mozilla/5.0 (compatible; AhrefsBot/7.0; +http://ahrefs.com/robot/)"
162.0.232.193 - - [11/Jun/2025:02:34:51 -0400] "POST /wp-cron.php?doing_wp_cron=1749623690.2130799293518066406250 HTTP/1.1" 200 0 "-" "WordPress/6.8.1; https://wotaku-manga.com"
51.222.253.8 - - [11/Jun/2025:02:35:05 -0400] "GET /b1502014551.shtm HTTP/1.1" 301 0 "-" "Mozilla/5.0 (compatible; AhrefsBot/7.0; +http://ahrefs.com/robot/)"
51.222.253.8 - - [11/Jun/2025:02:36:33 -0400] "GET /b235198859.shtm HTTP/1.1" 301 0 "-" "Mozilla/5.0 (compatible; AhrefsBot/7.0; +http://ahrefs.com/robot/)"
207.161.51.90 - - [11/Jun/2025:02:36:34 -0400] "GET /tag/wotaku-ni-koi-wa-muzukashii/ HTTP/1.1" 301 0 "https://wotaku-manga.com/manga/wotaku-ni-koi-wa-muzukashii-chapter-31/" "Mozilla/5.0 (Linux; Android 14; CPH2409 Build/UKQ1.230924.001; wv) AppleWebKit/537.36 (KHTML, like Gecko) Version/4.0 Chrome/136.0.7103.127 Mobile Safari/537.36"
207.161.51.90 - - [11/Jun/2025:02:36:35 -0400] "GET /manga/wotaku-ni-koi-wa-muzukashii-chapter-30-5/ HTTP/1.1" 200 42749 "https://wotaku-manga.com/manga/wotaku-ni-koi-wa-muzukashii-chapter-31/" "Mozilla/5.0 (Linux; Android 14; CPH2409 Build/UKQ1.230924.001) AppleWebKit/537.36 (KHTML, like Gecko) Chrome/136.0.7103.127 Mobile Safari/537.36 OPX/2.8"
207.161.51.90 - - [11/Jun/2025:02:36:38 -0400] "GET /manga/wotaku-ni-koi-wa-muzukashii-chapter-32/ HTTP/1.1" 200 42279 "https://wotaku-manga.com/manga/wotaku-ni-koi-wa-muzukashii-chapter-31/" "Mozilla/5.0 (Linux; Android 14; CPH2409 Build/UKQ1.230924.001) AppleWebKit/537.36 (KHTML, like Gecko) Chrome/136.0.7103.127 Mobile Safari/537.36 OPX/2.8"
51.222.253.2 - - [11/Jun/2025:02:36:41 -0400] "GET /b309602513.shtm HTTP/1.1" 301 0 "-" "Mozilla/5.0 (compatible; AhrefsBot/7.0; +http://ahrefs.com/robot/)"
207.161.51.90 - - [11/Jun/2025:02:36:37 -0400] "GET / HTTP/1.1" 200 37915 "https://wotaku-manga.com/manga/wotaku-ni-koi-wa-muzukashii-chapter-31/" "Mozilla/5.0 (Linux; Android 14; CPH2409 Build/UKQ1.230924.001; wv) AppleWebKit/537.36 (KHTML, like Gecko) Version/4.0 Chrome/136.0.7103.127 Mobile Safari/537.36"
207.161.51.90 - - [11/Jun/2025:02:36:42 -0400] "GET /manga/wotaku-ni-koi-wa-muzukashii-chapter-32/ HTTP/1.1" 200 42279 "https://wotaku-manga.com/manga/wotaku-ni-koi-wa-muzukashii-chapter-31/" "Mozilla/5.0 (Linux; Android 14; CPH2409 Build/UKQ1.230924.001) AppleWebKit/537.36 (KHTML, like Gecko) Chrome/136.0.7103.127 Mobile Safari/537.36 OPX/2.8"
207.161.51.90 - - [11/Jun/2025:02:36:44 -0400] "GET /manga/wotaku-ni-koi-wa-muzukashii-chapter-30-5/ HTTP/1.1" 200 42749 "https://wotaku-manga.com/manga/wotaku-ni-koi-wa-muzukashii-chapter-31/" "Mozilla/5.0 (Linux; Android 14; CPH2409 Build/UKQ1.230924.001; wv) AppleWebKit/537.36 (KHTML, like Gecko) Version/4.0 Chrome/136.0.7103.127 Mobile Safari/537.36"
207.161.51.90 - - [11/Jun/2025:02:36:44 -0400] "GET / HTTP/1.1" 200 37915 "https://wotaku-manga.com/manga/wotaku-ni-koi-wa-muzukashii-chapter-31/" "Mozilla/5.0 (Linux; Android 14; CPH2409 Build/UKQ1.230924.001) AppleWebKit/537.36 (KHTML, like Gecko) Chrome/136.0.7103.127 Mobile Safari/537.36 OPX/2.8"
207.161.51.90 - - [11/Jun/2025:02:36:44 -0400] "GET /manga/wotaku-ni-koi-wa-muzukashii-chapter-32/ HTTP/1.1" 200 42279 "https://wotaku-manga.com/manga/wotaku-ni-koi-wa-muzukashii-chapter-31/" "Mozilla/5.0 (Linux; Android 14; CPH2409 Build/UKQ1.230924.001) AppleWebKit/537.36 (KHTML, like Gecko) Chrome/136.0.7103.127 Mobile Safari/537.36 OPX/2.8"
51.222.253.18 - - [11/Jun/2025:02:36:47 -0400] "GET /b309690523.shtm HTTP/1.1" 301 0 "-" "Mozilla/5.0 (compatible; AhrefsBot/7.0; +http://ahrefs.com/robot/)"
207.161.51.90 - - [11/Jun/2025:02:36:47 -0400] "GET /manga/wotaku-ni-koi-wa-muzukashii-chapter-32/ HTTP/1.1" 200 42279 "https://wotaku-manga.com/manga/wotaku-ni-koi-wa-muzukashii-chapter-31/" "Mozilla/5.0 (Linux; Android 14; CPH2409 Build/UKQ1.230924.001; wv) AppleWebKit/537.36 (KHTML, like Gecko) Version/4.0 Chrome/136.0.7103.127 Mobile Safari/537.36"
51.222.253.1 - - [11/Jun/2025:02:36:57 -0400] "GET /b309762019.shtm HTTP/1.1" 301 0 "-" "Mozilla/5.0 (compatible; AhrefsBot/7.0; +http://ahrefs.com/robot/)"
2603:8081:6700:18ee:b57d:b008:8c23:ef65 - - [11/Jun/2025:02:37:01 -0400] "GET /manga/wotaku-ni-koi-wa-muzukashii-chapter-35/ HTTP/1.1" 200 42143 "https://wotaku-manga.com/manga/wotaku-ni-koi-wa-muzukashii-chapter-36/" "Mozilla/5.0 (iPhone; CPU iPhone OS 12_4_4 like Mac OS X) AppleWebKit/605.1.15 (KHTML, like Gecko) Version/12.1.2 Mobile/15E148 Safari/604.1"
51.222.253.3 - - [11/Jun/2025:02:37:08 -0400] "GET /b491115425.shtm HTTP/1.1" 301 0 "-" "Mozilla/5.0 (compatible; AhrefsBot/7.0; +http://ahrefs.com/robot/)"
51.222.253.4 - - [11/Jun/2025:02:37:14 -0400] "GET /b789116013.shtm HTTP/1.1" 301 0 "-" "Mozilla/5.0 (compatible; AhrefsBot/7.0; +http://ahrefs.com/robot/)"
51.222.253.3 - - [11/Jun/2025:02:37:27 -0400] "GET /b85124279.shtm HTTP/1.1" 301 0 "-" "Mozilla/5.0 (compatible; AhrefsBot/7.0; +http://ahrefs.com/robot/)"
162.0.232.193 - - [11/Jun/2025:02:37:30 -0400] "POST /wp-cron.php?doing_wp_cron=1749623848.6797358989715576171875 HTTP/1.1" 200 0 "-" "WordPress/6.8.1; https://wotaku-manga.com"
51.222.253.3 - - [11/Jun/2025:02:37:38 -0400] "GET /b85335439.shtm HTTP/1.1" 301 0 "-" "Mozilla/5.0 (compatible; AhrefsBot/7.0; +http://ahrefs.com/robot/)"
51.222.253.7 - - [11/Jun/2025:02:37:50 -0400] "GET /b854542647.shtm HTTP/1.1" 301 0 "-" "Mozilla/5.0 (compatible; AhrefsBot/7.0; +http://ahrefs.com/robot/)"
51.222.253.15 - - [11/Jun/2025:02:37:57 -0400] "GET /b911397355.shtm HTTP/1.1" 301 0 "-" "Mozilla/5.0 (compatible; AhrefsBot/7.0; +http://ahrefs.com/robot/)"
2603:8081:6700:18ee:b57d:b008:8c23:ef65 - - [11/Jun/2025:02:38:06 -0400] "GET /wp-includes/js/jquery/jquery-migrate.min.js?ver=3.4.1 HTTP/1.1" 304 0 "https://wotaku-manga.com/manga/wotaku-ni-koi-wa-muzukashii-chapter-35/" "Mozilla/5.0 (iPhone; CPU iPhone OS 12_4_4 like Mac OS X) AppleWebKit/605.1.15 (KHTML, like Gecko) Version/12.1.2 Mobile/15E148 Safari/604.1"
51.222.253.20 - - [11/Jun/2025:02:38:05 -0400] "GET /b914619225.shtm HTTP/1.1" 301 0 "-" "Mozilla/5.0 (compatible; AhrefsBot/7.0; +http://ahrefs.com/robot/)"
51.222.253.9 - - [11/Jun/2025:02:38:21 -0400] "GET /b941057693.shtm HTTP/1.1" 301 0 "-" "Mozilla/5.0 (compatible; AhrefsBot/7.0; +http://ahrefs.com/robot/)"
51.222.253.18 - - [11/Jun/2025:02:38:36 -0400] "GET /bd1424248907.shtm HTTP/1.1" 301 0 "-" "Mozilla/5.0 (compatible; AhrefsBot/7.0; +http://ahrefs.com/robot/)"
162.0.232.193 - - [11/Jun/2025:02:38:38 -0400] "POST /wp-cron.php?doing_wp_cron=1749623917.3295609951019287109375 HTTP/1.1" 200 0 "-" "WordPress/6.8.1; https://wotaku-manga.com"
51.222.253.4 - - [11/Jun/2025:02:38:44 -0400] "GET /bd309850037.shtm HTTP/1.1" 301 0 "-" "Mozilla/5.0 (compatible; AhrefsBot/7.0; +http://ahrefs.com/robot/)"
51.222.253.11 - - [11/Jun/2025:02:38:51 -0400] "GET /bd314285741.shtm HTTP/1.1" 301 0 "-" "Mozilla/5.0 (compatible; AhrefsBot/7.0; +http://ahrefs.com/robot/)"
51.222.253.7 - - [11/Jun/2025:02:39:02 -0400] "GET /bd319107337.shtm HTTP/1.1" 301 0 "-" "Mozilla/5.0 (compatible; AhrefsBot/7.0; +http://ahrefs.com/robot/)"
51.222.253.9 - - [11/Jun/2025:02:39:16 -0400] "GET /bd373743945.shtm HTTP/1.1" 301 0 "-" "Mozilla/5.0 (compatible; AhrefsBot/7.0; +http://ahrefs.com/robot/)"
2603:8081:6700:18ee:b57d:b008:8c23:ef65 - - [11/Jun/2025:02:39:19 -0400] "GET /manga/wotaku-ni-koi-wa-muzukashii-chapter-36/ HTTP/1.1" 200 42297 "https://wotaku-manga.com/manga/wotaku-ni-koi-wa-muzukashii-chapter-35/" "Mozilla/5.0 (iPhone; CPU iPhone OS 12_4_4 like Mac OS X) AppleWebKit/605.1.15 (KHTML, like Gecko) Version/12.1.2 Mobile/15E148 Safari/604.1"
51.222.253.20 - - [11/Jun/2025:02:39:31 -0400] "GET /bd835234533.shtm HTTP/1.1" 301 0 "-" "Mozilla/5.0 (compatible; AhrefsBot/7.0; +http://ahrefs.com/robot/)"
162.0.232.193 - - [11/Jun/2025:02:39:47 -0400] "POST /wp-cron.php?doing_wp_cron=1749623987.2037589550018310546875 HTTP/1.1" 200 0 "-" "WordPress/6.8.1; https://wotaku-manga.com"
51.222.253.4 - - [11/Jun/2025:02:39:46 -0400] "GET /bd85178109.shtm HTTP/1.1" 301 0 "-" "Mozilla/5.0 (compatible; AhrefsBot/7.0; +http://ahrefs.com/robot/)"
51.222.253.12 - - [11/Jun/2025:02:39:54 -0400] "GET /bd911345581.shtm HTTP/1.1" 301 0 "-" "Mozilla/5.0 (compatible; AhrefsBot/7.0; +http://ahrefs.com/robot/)"
2401:4900:38cf:9538:66a5:10c5:f450:3a02 - - [11/Jun/2025:02:40:00 -0400] "GET /tag/chapters/ HTTP/1.1" 301 0 "https://wotaku-manga.com/manga/wotakoi-love-is-hard-for-otaku-chapter-86/" "Mozilla/5.0 (Linux; Android 10; K) AppleWebKit/537.36 (KHTML, like Gecko) Chrome/136.0.0.0 Mobile Safari/537.36"
51.222.253.8 - - [11/Jun/2025:02:35:15 -0400] "GET /b174524837.shtm HTTP/1.1" 301 0 "-" "Mozilla/5.0 (compatible; AhrefsBot/7.0; +http://ahrefs.com/robot/)"
51.222.253.20 - - [11/Jun/2025:02:35:26 -0400] "GET /b1747880631.shtm HTTP/1.1" 301 0 "-" "Mozilla/5.0 (compatible; AhrefsBot/7.0; +http://ahrefs.com/robot/)"
51.222.253.13 - - [11/Jun/2025:02:35:33 -0400] "GET /b1850922731.shtm HTTP/1.1" 301 0 "-" "Mozilla/5.0 (compatible; AhrefsBot/7.0; +http://ahrefs.com/robot/)"
51.222.253.15 - - [11/Jun/2025:02:35:40 -0400] "GET /b1911454921.shtm HTTP/1.1" 301 0 "-" "Mozilla/5.0 (compatible; AhrefsBot/7.0; +http://ahrefs.com/robot/)"
51.222.253.12 - - [11/Jun/2025:02:35:49 -0400] "GET /b1956550997.shtm HTTP/1.1" 301 0 "-" "Mozilla/5.0 (compatible; AhrefsBot/7.0; +http://ahrefs.com/robot/)"
162.0.232.193 - - [11/Jun/2025:02:35:52 -0400] "POST /wp-cron.php?doing_wp_cron=1749623752.0155169963836669921875 HTTP/1.1" 200 0 "-" "WordPress/6.8.1; https://wotaku-manga.com"
220.181.108.104 - - [11/Jun/2025:02:35:50 -0400] "GET / HTTP/1.1" 200 37240 "-" "Mozilla/5.0 (compatible; Baiduspider/2.0; +http://www.baidu.com/search/spider.html)"
162.0.232.193 - - [11/Jun/2025:02:35:59 -0400] "POST /wp-cron.php?doing_wp_cron=1749623758.7400929927825927734375 HTTP/1.1" 200 0 "-" "WordPress/6.8.1; https://wotaku-manga.com"
51.222.253.5 - - [11/Jun/2025:02:35:57 -0400] "GET /b1956780911.shtm HTTP/1.1" 301 0 "-" "Mozilla/5.0 (compatible; AhrefsBot/7.0; +http://ahrefs.com/robot/)"
51.222.253.13 - - [11/Jun/2025:02:36:05 -0400] "GET /b1966127765.shtm HTTP/1.1" 301 0 "-" "Mozilla/5.0 (compatible; AhrefsBot/7.0; +http://ahrefs.com/robot/)"
162.0.232.193 - - [11/Jun/2025:02:36:20 -0400] "POST /wp-cron.php?doing_wp_cron=1749623779.3183479309082031250000 HTTP/1.1" 200 0 "-" "WordPress/6.8.1; https://wotaku-manga.com"
51.222.253.15 - - [11/Jun/2025:02:36:17 -0400] "GET /b1966179539.shtm HTTP/1.1" 301 0 "-" "Mozilla/5.0 (compatible; AhrefsBot/7.0; +http://ahrefs.com/robot/)"
2401:4900:38cf:9538:66a5:10c5:f450:3a02 - - [11/Jun/2025:02:40:00 -0400] "GET /tag/chapter/ HTTP/1.1" 301 0 "https://wotaku-manga.com/manga/wotakoi-love-is-hard-for-otaku-chapter-86/" "Mozilla/5.0 (Linux; Android 10; K) AppleWebKit/537.36 (KHTML, like Gecko) Chrome/136.0.0.0 Mobile Safari/537.36"
2401:4900:38cf:9538:66a5:10c5:f450:3a02 - - [11/Jun/2025:02:40:01 -0400] "GET /tag/hanako-koyanagi/ HTTP/1.1" 301 0 "https://wotaku-manga.com/manga/wotakoi-love-is-hard-for-otaku-chapter-86/" "Mozilla/5.0 (Linux; Android 10; K) AppleWebKit/537.36 (KHTML, like Gecko) Chrome/136.0.0.0 Mobile Safari/537.36"
162.0.232.193 - - [11/Jun/2025:02:40:06 -0400] "POST /wp-cron.php?doing_wp_cron=1749624004.0905139446258544921875 HTTP/1.1" 200 0 "-" "WordPress/6.8.1; https://wotaku-manga.com"
2401:4900:38cf:9538:66a5:10c5:f450:3a02 - - [11/Jun/2025:02:40:03 -0400] "GET /manga/wotakoi-love-is-hard-for-otaku-chapter-85/ HTTP/1.1" 200 43868 "https://wotaku-manga.com/manga/wotakoi-love-is-hard-for-otaku-chapter-86/" "Mozilla/5.0 (Linux; Android 10; K) AppleWebKit/537.36 (KHTML, like Gecko) Chrome/136.0.0.0 Mobile Safari/537.36"
2401:4900:38cf:9538:66a5:10c5:f450:3a02 - - [11/Jun/2025:02:40:02 -0400] "GET / HTTP/1.1" 200 37904 "https://wotaku-manga.com/manga/wotakoi-love-is-hard-for-otaku-chapter-86/" "Mozilla/5.0 (Linux; Android 10; K) AppleWebKit/537.36 (KHTML, like Gecko) Chrome/136.0.0.0 Mobile Safari/537.36"
2401:4900:38cf:9538:66a5:10c5:f450:3a02 - - [11/Jun/2025:02:40:09 -0400] "GET / HTTP/1.1" 200 37904 "https://wotaku-manga.com/manga/wotakoi-love-is-hard-for-otaku-chapter-86/" "Mozilla/5.0 (Linux; Android 10; K) AppleWebKit/537.36 (KHTML, like Gecko) Chrome/136.0.0.0 Mobile Safari/537.36"
51.222.253.3 - - [11/Jun/2025:02:40:12 -0400] "GET /bhd84984487.shtm HTTP/1.1" 301 0 "-" "Mozilla/5.0 (compatible; AhrefsBot/7.0; +http://ahrefs.com/robot/)"
2401:4900:38cf:9538:66a5:10c5:f450:3a02 - - [11/Jun/2025:02:40:14 -0400] "GET / HTTP/1.1" 200 37904 "https://wotaku-manga.com/manga/wotakoi-love-is-hard-for-otaku-chapter-86/" "Mozilla/5.0 (Linux; Android 10; K) AppleWebKit/537.36 (KHTML, like Gecko) Chrome/136.0.0.0 Mobile Safari/537.36"
2401:4900:38cf:9538:66a5:10c5:f450:3a02 - - [11/Jun/2025:02:40:18 -0400] "GET / HTTP/1.1" 200 37904 "https://wotaku-manga.com/manga/wotakoi-love-is-hard-for-otaku-chapter-86/" "Mozilla/5.0 (Linux; Android 10; K) AppleWebKit/537.36 (KHTML, like Gecko) Chrome/136.0.0.0 Mobile Safari/537.36"
51.222.253.5 - - [11/Jun/2025:02:40:21 -0400] "GET /bj/37423811.shtm HTTP/1.1" 301 0 "-" "Mozilla/5.0 (compatible; AhrefsBot/7.0; +http://ahrefs.com/robot/)"
51.222.253.14 - - [11/Jun/2025:02:40:28 -0400] "GET /bj413261715.shtm HTTP/1.1" 301 0 "-" "Mozilla/5.0 (compatible; AhrefsBot/7.0; +http://ahrefs.com/robot/)"
51.222.253.3 - - [11/Jun/2025:02:40:36 -0400] "GET /bj940899267.shtm HTTP/1.1" 301 0 "-" "Mozilla/5.0 (compatible; AhrefsBot/7.0; +http://ahrefs.com/robot/)"
51.222.253.1 - - [11/Jun/2025:02:40:43 -0400] "GET /bl115733837.shtm HTTP/1.1" 301 0 "-" "Mozilla/5.0 (compatible; AhrefsBot/7.0; +http://ahrefs.com/robot/)"
51.222.253.4 - - [11/Jun/2025:02:40:52 -0400] "GET /bl1660591281.shtm HTTP/1.1" 301 0 "-" "Mozilla/5.0 (compatible; AhrefsBot/7.0; +http://ahrefs.com/robot/)"
51.222.253.7 - - [11/Jun/2025:02:40:59 -0400] "GET /bln427184641.shtm HTTP/1.1" 301 0 "-" "Mozilla/5.0 (compatible; AhrefsBot/7.0; +http://ahrefs.com/robot/)"
162.0.232.193 - - [11/Jun/2025:02:41:14 -0400] "POST /wp-cron.php?doing_wp_cron=1749624073.6170659065246582031250 HTTP/1.1" 200 0 "-" "WordPress/6.8.1; https://wotaku-manga.com"
51.222.253.14 - - [11/Jun/2025:02:41:12 -0400] "GET /bp294552611.shtm HTTP/1.1" 301 0 "-" "Mozilla/5.0 (compatible; AhrefsBot/7.0; +http://ahrefs.com/robot/)"
162.0.232.193 - - [11/Jun/2025:02:41:26 -0400] "POST /wp-cron.php?doing_wp_cron=1749624085.3084430694580078125000 HTTP/1.1" 200 0 "-" "WordPress/6.8.1; https://wotaku-manga.com"
51.222.253.15 - - [11/Jun/2025:02:41:24 -0400] "GET /br610791367.shtm HTTP/1.1" 301 0 "-" "Mozilla/5.0 (compatible; AhrefsBot/7.0; +http://ahrefs.com/robot/)"
51.222.253.10 - - [11/Jun/2025:02:41:30 -0400] "GET /br835604111.shtm HTTP/1.1" 301 0 "-" "Mozilla/5.0 (compatible; AhrefsBot/7.0; +http://ahrefs.com/robot/)"
51.222.253.18 - - [11/Jun/2025:02:41:38 -0400] "GET /bt126312959.shtm HTTP/1.1" 301 0 "-" "Mozilla/5.0 (compatible; AhrefsBot/7.0; +http://ahrefs.com/robot/)"
51.222.253.8 - - [11/Jun/2025:02:41:54 -0400] "GET /btj973762201.shtm HTTP/1.1" 301 0 "-" "Mozilla/5.0 (compatible; AhrefsBot/7.0; +http://ahrefs.com/robot/)"
162.0.232.193 - - [11/Jun/2025:02:41:59 -0400] "POST /wp-cron.php?doing_wp_cron=1749624116.6381120681762695312500 HTTP/1.1" 200 0 "-" "WordPress/6.8.1; https://wotaku-manga.com"
51.222.253.16 - - [11/Jun/2025:02:42:03 -0400] "GET /bv309585687.shtm HTTP/1.1" 301 0 "-" "Mozilla/5.0 (compatible; AhrefsBot/7.0; +http://ahrefs.com/robot/)"
51.222.253.15 - - [11/Jun/2025:02:42:09 -0400] "GET /bx1329286189.shtm HTTP/1.1" 301 0 "-" "Mozilla/5.0 (compatible; AhrefsBot/7.0; +http://ahrefs.com/robot/)"
51.222.253.18 - - [11/Jun/2025:02:42:18 -0400] "GET /bx881579319.shtm HTTP/1.1" 301 0 "-" "Mozilla/5.0 (compatible; AhrefsBot/7.0; +http://ahrefs.com/robot/)"
51.222.253.2 - - [11/Jun/2025:02:42:34 -0400] "GET /bxl335794353.shtm HTTP/1.1" 301 0 "-" "Mozilla/5.0 (compatible; AhrefsBot/7.0; +http://ahrefs.com/robot/)"
51.222.253.3 - - [11/Jun/2025:02:42:40 -0400] "GET /bz/37916475.shtm HTTP/1.1" 301 0 "-" "Mozilla/5.0 (compatible; AhrefsBot/7.0; +http://ahrefs.com/robot/)"
51.222.253.10 - - [11/Jun/2025:02:42:46 -0400] "GET /bz206472395.shtm HTTP/1.1" 301 0 "-" "Mozilla/5.0 (compatible; AhrefsBot/7.0; +http://ahrefs.com/robot/)"
2603:8081:6700:18ee:b57d:b008:8c23:ef65 - - [11/Jun/2025:02:42:53 -0400] "GET /manga/wotaku-ni-koi-wa-muzukashii-chapter-37/ HTTP/1.1" 200 42858 "https://wotaku-manga.com/manga/wotaku-ni-koi-wa-muzukashii-chapter-36/" "Mozilla/5.0 (iPhone; CPU iPhone OS 12_4_4 like Mac OS X) AppleWebKit/605.1.15 (KHTML, like Gecko) Version/12.1.2 Mobile/15E148 Safari/604.1"
162.0.232.193 - - [11/Jun/2025:02:43:00 -0400] "POST /wp-cron.php?doing_wp_cron=1749624179.8028769493103027343750 HTTP/1.1" 200 0 "-" "WordPress/6.8.1; https://wotaku-manga.com"
51.222.253.13 - - [11/Jun/2025:02:42:57 -0400] "GET /bz776901241.shtm HTTP/1.1" 301 0 "-" "Mozilla/5.0 (compatible; AhrefsBot/7.0; +http://ahrefs.com/robot/)"
51.222.253.6 - - [11/Jun/2025:02:43:04 -0400] "GET /bz851058467.shtm HTTP/1.1" 301 0 "-" "Mozilla/5.0 (compatible; AhrefsBot/7.0; +http://ahrefs.com/robot/)"
51.222.253.19 - - [11/Jun/2025:02:43:10 -0400] "GET /bz914777707.shtm HTTP/1.1" 301 0 "-" "Mozilla/5.0 (compatible; AhrefsBot/7.0; +http://ahrefs.com/robot/)"
162.0.232.193 - - [11/Jun/2025:02:43:19 -0400] "POST /wp-cron.php?doing_wp_cron=1749624199.1583340167999267578125 HTTP/1.1" 200 0 "-" "WordPress/6.8.1; https://wotaku-manga.com"
51.222.253.12 - - [11/Jun/2025:02:43:18 -0400] "GET /c/103096532.shtm HTTP/1.1" 301 0 "-" "Mozilla/5.0 (compatible; AhrefsBot/7.0; +http://ahrefs.com/robot/)"
51.222.253.11 - - [11/Jun/2025:02:43:27 -0400] "GET /c/103272608.shtm HTTP/1.1" 301 0 "-" "Mozilla/5.0 (compatible; AhrefsBot/7.0; +http://ahrefs.com/robot/)"
