51.222.253.15 - - [11/Jun/2025:10:14:02 -0400] "GET /td945715527.shtm HTTP/1.1" 301 0 "-" "Mozilla/5.0 (compatible; AhrefsBot/7.0; +http://ahrefs.com/robot/)"
49.145.240.187 - - [11/Jun/2025:10:14:07 -0400] "GET /manga/wotaku-ni-koi-wa-muzukashii-chapter-51/ HTTP/1.1" 200 42159 "-" "Mozilla/5.0 (X11; Linux x86_64) AppleWebKit/537.36 (KHTML, like Gecko) Chrome/137.0.0.0 Safari/537.36"
49.145.240.187 - - [11/Jun/2025:10:14:09 -0400] "GET /manga/wotaku-ni-koi-wa-muzukashii-chapter-51/ HTTP/1.1" 304 0 "https://wotaku-manga.com/manga/wotaku-ni-koi-wa-muzukashii-chapter-50/" "Mozilla/5.0 (X11; Linux x86_64) AppleWebKit/537.36 (KHTML, like Gecko) Chrome/137.0.0.0 Safari/537.36"
51.222.253.3 - - [11/Jun/2025:10:14:08 -0400] "GET /tdv90275921.shtm HTTP/1.1" 301 0 "-" "Mozilla/5.0 (compatible; AhrefsBot/7.0; +http://ahrefs.com/robot/)"
51.222.253.4 - - [11/Jun/2025:10:14:16 -0400] "GET /tf200606281.shtm HTTP/1.1" 301 0 "-" "Mozilla/5.0 (compatible; AhrefsBot/7.0; +http://ahrefs.com/robot/)"
51.222.253.20 - - [11/Jun/2025:10:14:27 -0400] "GET /tf787052115.shtm HTTP/1.1" 301 0 "-" "Mozilla/5.0 (compatible; AhrefsBot/7.0; +http://ahrefs.com/robot/)"
49.145.240.187 - - [11/Jun/2025:10:14:29 -0400] "GET /manga/wotaku-ni-koi-wa-muzukashii-chapter-52/ HTTP/1.1" 200 42268 "-" "Mozilla/5.0 (X11; Linux x86_64) AppleWebKit/537.36 (KHTML, like Gecko) Chrome/137.0.0.0 Safari/537.36"
49.145.240.187 - - [11/Jun/2025:10:14:32 -0400] "GET /manga/wotaku-ni-koi-wa-muzukashii-chapter-52/ HTTP/1.1" 304 0 "https://wotaku-manga.com/manga/wotaku-ni-koi-wa-muzukashii-chapter-51/" "Mozilla/5.0 (X11; Linux x86_64) AppleWebKit/537.36 (KHTML, like Gecko) Chrome/137.0.0.0 Safari/537.36"
112.215.122.253 - - [11/Jun/2025:10:14:34 -0400] "GET /manga/wotakoi-love-is-hard-for-otaku-chapter-0/ HTTP/1.1" 200 42453 "https://wotaku-manga.com/manga/wotaku-ni-koi-wa-muzukashii-chapter-35/" "Mozilla/5.0 (Linux; Android 10; K) AppleWebKit/537.36 (KHTML, like Gecko) Chrome/136.0.0.0 Mobile Safari/537.36"
112.215.122.253 - - [11/Jun/2025:10:14:34 -0400] "POST /wp-admin/admin-ajax.php HTTP/1.1" 200 61 "https://wotaku-manga.com/manga/wotaku-ni-koi-wa-muzukashii-chapter-35/" "Mozilla/5.0 (Linux; Android 10; K) AppleWebKit/537.36 (KHTML, like Gecko) Chrome/136.0.0.0 Mobile Safari/537.36"
51.222.253.7 - - [11/Jun/2025:10:14:39 -0400] "GET /tn/55090867.shtm HTTP/1.1" 301 0 "-" "Mozilla/5.0 (compatible; AhrefsBot/7.0; +http://ahrefs.com/robot/)"
112.215.122.253 - - [11/Jun/2025:10:14:42 -0400] "GET /category/wotakoi-love-is-hard-for-otaku-manga-chapters/ HTTP/1.1" 200 46540 "https://wotaku-manga.com/manga/wotaku-ni-koi-wa-muzukashii-chapter-35/" "Mozilla/5.0 (Linux; Android 10; K) AppleWebKit/537.36 (KHTML, like Gecko) Chrome/136.0.0.0 Mobile Safari/537.36"
112.215.122.253 - - [11/Jun/2025:10:14:42 -0400] "GET /tag/narumi-momose/ HTTP/1.1" 301 0 "https://wotaku-manga.com/manga/wotaku-ni-koi-wa-muzukashii-chapter-35/" "Mozilla/5.0 (Linux; Android 10; K) AppleWebKit/537.36 (KHTML, like Gecko) Chrome/136.0.0.0 Mobile Safari/537.36"
162.0.232.193 - - [11/Jun/2025:10:14:46 -0400] "POST /wp-cron.php?doing_wp_cron=1749651286.2188539505004882812500 HTTP/1.1" 200 0 "-" "WordPress/6.8.1; https://wotaku-manga.com"
51.222.253.18 - - [11/Jun/2025:10:14:45 -0400] "GET /tn253852651.shtm HTTP/1.1" 301 0 "-" "Mozilla/5.0 (compatible; AhrefsBot/7.0; +http://ahrefs.com/robot/)"
49.145.240.187 - - [11/Jun/2025:10:14:53 -0400] "POST /wp-admin/admin-ajax.php HTTP/1.1" 200 61 "https://wotaku-manga.com/manga/wotaku-ni-koi-wa-muzukashii-chapter-52/" "Mozilla/5.0 (X11; Linux x86_64) AppleWebKit/537.36 (KHTML, like Gecko) Chrome/137.0.0.0 Safari/537.36"
162.0.232.193 - - [11/Jun/2025:10:15:02 -0400] "POST /wp-cron.php?doing_wp_cron=1749651301.0089430809020996093750 HTTP/1.1" 200 0 "-" "WordPress/6.8.1; https://wotaku-manga.com"
51.222.253.14 - - [11/Jun/2025:10:15:00 -0400] "GET /tn508694095.shtm HTTP/1.1" 301 0 "-" "Mozilla/5.0 (compatible; AhrefsBot/7.0; +http://ahrefs.com/robot/)"
49.145.240.187 - - [11/Jun/2025:10:15:02 -0400] "GET /manga/wotaku-ni-koi-wa-muzukashii-chapter-53/ HTTP/1.1" 200 42734 "-" "Mozilla/5.0 (X11; Linux x86_64) AppleWebKit/537.36 (KHTML, like Gecko) Chrome/137.0.0.0 Safari/537.36"
49.145.240.187 - - [11/Jun/2025:10:15:07 -0400] "GET /manga/wotaku-ni-koi-wa-muzukashii-chapter-53/ HTTP/1.1" 304 0 "https://wotaku-manga.com/manga/wotaku-ni-koi-wa-muzukashii-chapter-52/" "Mozilla/5.0 (X11; Linux x86_64) AppleWebKit/537.36 (KHTML, like Gecko) Chrome/137.0.0.0 Safari/537.36"
51.222.253.2 - - [11/Jun/2025:10:15:07 -0400] "GET /tn530538489.shtm HTTP/1.1" 301 0 "-" "Mozilla/5.0 (compatible; AhrefsBot/7.0; +http://ahrefs.com/robot/)"
51.222.253.12 - - [11/Jun/2025:10:15:17 -0400] "GET /tn791769771.shtm HTTP/1.1" 301 0 "-" "Mozilla/5.0 (compatible; AhrefsBot/7.0; +http://ahrefs.com/robot/)"
51.222.253.4 - - [11/Jun/2025:10:15:31 -0400] "GET /tn791892985.shtm HTTP/1.1" 301 0 "-" "Mozilla/5.0 (compatible; AhrefsBot/7.0; +http://ahrefs.com/robot/)"
112.215.122.253 - - [11/Jun/2025:10:15:36 -0400] "GET /manga/wotaku-ni-koi-wa-muzukashii-chapter-37/ HTTP/1.1" 200 42060 "https://wotaku-manga.com/manga/wotaku-ni-koi-wa-muzukashii-chapter-36/" "Mozilla/5.0 (Linux; Android 10; K) AppleWebKit/537.36 (KHTML, like Gecko) Chrome/136.0.0.0 Mobile Safari/537.36"
51.222.253.12 - - [11/Jun/2025:10:15:38 -0400] "GET /tn839470879.shtm HTTP/1.1" 301 0 "-" "Mozilla/5.0 (compatible; AhrefsBot/7.0; +http://ahrefs.com/robot/)"
2a03:2880:f800:: - - [11/Jun/2025:10:15:43 -0400] "GET /shopdetail/35466335 HTTP/1.1" 301 0 "-" "meta-externalagent/1.1 (+https://developers.facebook.com/docs/sharing/webmasters/crawler)"
2a03:2880:f800:f:: - - [11/Jun/2025:10:15:47 -0400] "GET / HTTP/1.1" 200 37330 "-" "meta-externalagent/1.1 (+https://developers.facebook.com/docs/sharing/webmasters/crawler)"
51.222.253.1 - - [11/Jun/2025:10:15:53 -0400] "GET /tr321795283.shtm HTTP/1.1" 301 0 "-" "Mozilla/5.0 (compatible; AhrefsBot/7.0; +http://ahrefs.com/robot/)"
66.249.75.173 - - [11/Jun/2025:10:16:01 -0400] "GET /p/1722278111.shtm HTTP/1.1" 200 81192 "-" "Mozilla/5.0 (Linux; Android 6.0.1; Nexus 5X Build/MMB29P) AppleWebKit/537.36 (KHTML, like Gecko) Chrome/136.0.7103.113 Mobile Safari/537.36 (compatible; GoogleOther)"
162.0.232.193 - - [11/Jun/2025:10:16:03 -0400] "POST /wp-cron.php?doing_wp_cron=1749651362.8456170558929443359375 HTTP/1.1" 200 0 "-" "WordPress/6.8.1; https://wotaku-manga.com"
51.222.253.5 - - [11/Jun/2025:10:16:02 -0400] "GET /tr486338779.shtm HTTP/1.1" 301 0 "-" "Mozilla/5.0 (compatible; AhrefsBot/7.0; +http://ahrefs.com/robot/)"
2a03:2880:f800:4:: - - [11/Jun/2025:10:16:07 -0400] "GET /shopdetail/322562635 HTTP/1.1" 301 0 "-" "meta-externalagent/1.1 (+https://developers.facebook.com/docs/sharing/webmasters/crawler)"
2a03:2880:f800:5:: - - [11/Jun/2025:10:16:09 -0400] "GET / HTTP/1.1" 200 37330 "-" "meta-externalagent/1.1 (+https://developers.facebook.com/docs/sharing/webmasters/crawler)"
51.222.253.10 - - [11/Jun/2025:10:16:10 -0400] "GET /tr536803713.shtm HTTP/1.1" 301 0 "-" "Mozilla/5.0 (compatible; AhrefsBot/7.0; +http://ahrefs.com/robot/)"
162.0.232.193 - - [11/Jun/2025:10:16:24 -0400] "POST /wp-cron.php?doing_wp_cron=1749651384.0703239440917968750000 HTTP/1.1" 200 0 "-" "WordPress/6.8.1; https://wotaku-manga.com"
51.222.253.8 - - [11/Jun/2025:10:16:23 -0400] "GET /tr683956433.shtm HTTP/1.1" 301 0 "-" "Mozilla/5.0 (compatible; AhrefsBot/7.0; +http://ahrefs.com/robot/)"
51.222.253.2 - - [11/Jun/2025:10:16:31 -0400] "GET /tr839417297.shtm HTTP/1.1" 301 0 "-" "Mozilla/5.0 (compatible; AhrefsBot/7.0; +http://ahrefs.com/robot/)"
51.222.253.14 - - [11/Jun/2025:10:16:39 -0400] "GET /tv224896017.shtm HTTP/1.1" 301 0 "-" "Mozilla/5.0 (compatible; AhrefsBot/7.0; +http://ahrefs.com/robot/)"
162.0.232.193 - - [11/Jun/2025:10:16:52 -0400] "POST /wp-cron.php?doing_wp_cron=1749651412.2815198898315429687500 HTTP/1.1" 200 0 "-" "WordPress/6.8.1; https://wotaku-manga.com"
51.222.253.4 - - [11/Jun/2025:10:16:51 -0400] "GET /tv321636609.shtm HTTP/1.1" 301 0 "-" "Mozilla/5.0 (compatible; AhrefsBot/7.0; +http://ahrefs.com/robot/)"
162.0.232.193 - - [11/Jun/2025:10:16:59 -0400] "POST /wp-cron.php?doing_wp_cron=1749651419.4147179126739501953125 HTTP/1.1" 200 0 "-" "WordPress/6.8.1; https://wotaku-manga.com"
51.222.253.18 - - [11/Jun/2025:10:16:57 -0400] "GET /tv36783443.shtm HTTP/1.1" 301 0 "-" "Mozilla/5.0 (compatible; AhrefsBot/7.0; +http://ahrefs.com/robot/)"
51.222.253.14 - - [11/Jun/2025:10:17:06 -0400] "GET /tv549654269.shtm HTTP/1.1" 301 0 "-" "Mozilla/5.0 (compatible; AhrefsBot/7.0; +http://ahrefs.com/robot/)"
51.222.253.2 - - [11/Jun/2025:10:17:13 -0400] "GET /tv632454077.shtm HTTP/1.1" 301 0 "-" "Mozilla/5.0 (compatible; AhrefsBot/7.0; +http://ahrefs.com/robot/)"
2a03:2880:f800:a:: - - [11/Jun/2025:10:17:15 -0400] "GET /shopdetail/72125435 HTTP/1.1" 301 0 "-" "meta-externalagent/1.1 (+https://developers.facebook.com/docs/sharing/webmasters/crawler)"
2a03:2880:f800:4:: - - [11/Jun/2025:10:17:18 -0400] "GET / HTTP/1.1" 200 37330 "-" "meta-externalagent/1.1 (+https://developers.facebook.com/docs/sharing/webmasters/crawler)"
112.215.122.253 - - [11/Jun/2025:10:17:20 -0400] "GET /manga/wotaku-ni-koi-wa-muzukashii-chapter-36/ HTTP/1.1" 200 42390 "https://wotaku-manga.com/manga/wotaku-ni-koi-wa-muzukashii-chapter-37/" "Mozilla/5.0 (Linux; Android 10; K) AppleWebKit/537.36 (KHTML, like Gecko) Chrome/136.0.0.0 Mobile Safari/537.36"
112.215.122.253 - - [11/Jun/2025:10:17:20 -0400] "GET /manga/wotaku-ni-koi-wa-muzukashii-chapter-37-5/ HTTP/1.1" 200 42558 "https://wotaku-manga.com/manga/wotaku-ni-koi-wa-muzukashii-chapter-37/" "Mozilla/5.0 (Linux; Android 10; K) AppleWebKit/537.36 (KHTML, like Gecko) Chrome/136.0.0.0 Mobile Safari/537.36"
112.215.122.253 - - [11/Jun/2025:10:17:20 -0400] "GET /category/wotakoi-love-is-hard-for-otaku-manga-set/ HTTP/1.1" 200 46177 "https://wotaku-manga.com/manga/wotaku-ni-koi-wa-muzukashii-chapter-37/" "Mozilla/5.0 (Linux; Android 10; K) AppleWebKit/537.36 (KHTML, like Gecko) Chrome/136.0.0.0 Mobile Safari/537.36"
162.0.232.193 - - [11/Jun/2025:10:17:25 -0400] "POST /wp-cron.php?doing_wp_cron=1749651445.3288478851318359375000 HTTP/1.1" 200 0 "-" "WordPress/6.8.1; https://wotaku-manga.com"
51.222.253.10 - - [11/Jun/2025:10:17:24 -0400] "GET /tv967948197.shtm HTTP/1.1" 301 0 "-" "Mozilla/5.0 (compatible; AhrefsBot/7.0; +http://ahrefs.com/robot/)"
51.222.253.19 - - [11/Jun/2025:10:17:32 -0400] "GET /tz979494021.shtm HTTP/1.1" 301 0 "-" "Mozilla/5.0 (compatible; AhrefsBot/7.0; +http://ahrefs.com/robot/)"
2a03:2880:f800:9:: - - [11/Jun/2025:10:17:34 -0400] "GET /shopdetail/198881335 HTTP/1.1" 301 0 "-" "meta-externalagent/1.1 (+https://developers.facebook.com/docs/sharing/webmasters/crawler)"
2a03:2880:f800:a:: - - [11/Jun/2025:10:17:36 -0400] "GET / HTTP/1.1" 200 37330 "-" "meta-externalagent/1.1 (+https://developers.facebook.com/docs/sharing/webmasters/crawler)"
51.222.253.16 - - [11/Jun/2025:10:17:42 -0400] "GET /u/120940304.shtm HTTP/1.1" 301 0 "-" "Mozilla/5.0 (compatible; AhrefsBot/7.0; +http://ahrefs.com/robot/)"
162.0.232.193 - - [11/Jun/2025:10:17:49 -0400] "POST /wp-cron.php?doing_wp_cron=1749651469.1814479827880859375000 HTTP/1.1" 200 0 "-" "WordPress/6.8.1; https://wotaku-manga.com"
51.222.253.20 - - [11/Jun/2025:10:17:48 -0400] "GET /u/138120176.shtm HTTP/1.1" 301 0 "-" "Mozilla/5.0 (compatible; AhrefsBot/7.0; +http://ahrefs.com/robot/)"
112.215.122.253 - - [11/Jun/2025:10:17:57 -0400] "GET /tag/wotaku-ni-koi-wa-muzukashii/ HTTP/1.1" 301 0 "https://wotaku-manga.com/manga/wotaku-ni-koi-wa-muzukashii-chapter-37-5/" "Mozilla/5.0 (Linux; Android 10; K) AppleWebKit/537.36 (KHTML, like Gecko) Chrome/136.0.0.0 Mobile Safari/537.36"
112.215.122.253 - - [11/Jun/2025:10:17:57 -0400] "GET /manga/wotaku-ni-koi-wa-muzukashii-chapter-38/ HTTP/1.1" 200 42264 "https://wotaku-manga.com/manga/wotaku-ni-koi-wa-muzukashii-chapter-37-5/" "Mozilla/5.0 (Linux; Android 10; K) AppleWebKit/537.36 (KHTML, like Gecko) Chrome/136.0.0.0 Mobile Safari/537.36"
112.215.122.253 - - [11/Jun/2025:10:17:58 -0400] "GET / HTTP/1.1" 200 38005 "https://wotaku-manga.com/manga/wotaku-ni-koi-wa-muzukashii-chapter-37-5/" "Mozilla/5.0 (Linux; Android 10; K) AppleWebKit/537.36 (KHTML, like Gecko) Chrome/136.0.0.0 Mobile Safari/537.36"
162.0.232.193 - - [11/Jun/2025:10:18:07 -0400] "POST /wp-cron.php?doing_wp_cron=1749651487.7023439407348632812500 HTTP/1.1" 200 0 "-" "WordPress/6.8.1; https://wotaku-manga.com"
51.222.253.2 - - [11/Jun/2025:10:18:07 -0400] "GET /u/146972710.shtm HTTP/1.1" 301 0 "-" "Mozilla/5.0 (compatible; AhrefsBot/7.0; +http://ahrefs.com/robot/)"
112.215.122.253 - - [11/Jun/2025:10:18:09 -0400] "GET /category/wotakoi-love-is-hard-for-otaku-manga-read-online/ HTTP/1.1" 200 46294 "https://wotaku-manga.com/manga/wotaku-ni-koi-wa-muzukashii-chapter-38/" "Mozilla/5.0 (Linux; Android 10; K) AppleWebKit/537.36 (KHTML, like Gecko) Chrome/136.0.0.0 Mobile Safari/537.36"
112.215.122.253 - - [11/Jun/2025:10:18:10 -0400] "GET /manga/wotaku-ni-koi-wa-muzukashii-chapter-38-5/ HTTP/1.1" 200 44718 "https://wotaku-manga.com/manga/wotaku-ni-koi-wa-muzukashii-chapter-38/" "Mozilla/5.0 (Linux; Android 10; K) AppleWebKit/537.36 (KHTML, like Gecko) Chrome/136.0.0.0 Mobile Safari/537.36"
112.215.122.253 - - [11/Jun/2025:10:18:10 -0400] "GET /tag/romance/ HTTP/1.1" 301 0 "https://wotaku-manga.com/manga/wotaku-ni-koi-wa-muzukashii-chapter-38/" "Mozilla/5.0 (Linux; Android 10; K) AppleWebKit/537.36 (KHTML, like Gecko) Chrome/136.0.0.0 Mobile Safari/537.36"
162.0.232.193 - - [11/Jun/2025:10:18:26 -0400] "POST /wp-cron.php?doing_wp_cron=1749651506.7917289733886718750000 HTTP/1.1" 200 0 "-" "WordPress/6.8.1; https://wotaku-manga.com"
51.222.253.9 - - [11/Jun/2025:10:18:26 -0400] "GET /u/21083142.shtm HTTP/1.1" 301 0 "-" "Mozilla/5.0 (compatible; AhrefsBot/7.0; +http://ahrefs.com/robot/)"
51.222.253.4 - - [11/Jun/2025:10:18:35 -0400] "GET /u/225355688.shtm HTTP/1.1" 301 0 "-" "Mozilla/5.0 (compatible; AhrefsBot/7.0; +http://ahrefs.com/robot/)"
2a03:2880:f800:18:: - - [11/Jun/2025:10:18:41 -0400] "GET /shopdetail/305815435 HTTP/1.1" 301 0 "-" "meta-externalagent/1.1 (+https://developers.facebook.com/docs/sharing/webmasters/crawler)"
2a03:2880:f800:11:: - - [11/Jun/2025:10:18:45 -0400] "GET / HTTP/1.1" 200 37330 "-" "meta-externalagent/1.1 (+https://developers.facebook.com/docs/sharing/webmasters/crawler)"
162.0.232.193 - - [11/Jun/2025:10:18:48 -0400] "POST /wp-cron.php?doing_wp_cron=1749651528.3867759704589843750000 HTTP/1.1" 200 0 "-" "WordPress/6.8.1; https://wotaku-manga.com"
51.222.253.2 - - [11/Jun/2025:10:18:47 -0400] "GET /u/397045348.shtm HTTP/1.1" 301 0 "-" "Mozilla/5.0 (compatible; AhrefsBot/7.0; +http://ahrefs.com/robot/)"
162.0.232.193 - - [11/Jun/2025:10:19:01 -0400] "POST /wp-cron.php?doing_wp_cron=1749651540.9645071029663085937500 HTTP/1.1" 200 0 "-" "WordPress/6.8.1; https://wotaku-manga.com"
51.222.253.18 - - [11/Jun/2025:10:19:00 -0400] "GET /u/397273150.shtm HTTP/1.1" 301 0 "-" "Mozilla/5.0 (compatible; AhrefsBot/7.0; +http://ahrefs.com/robot/)"
51.222.253.11 - - [11/Jun/2025:10:19:04 -0400] "GET /u/531171820.shtm HTTP/1.1" 301 0 "-" "Mozilla/5.0 (compatible; AhrefsBot/7.0; +http://ahrefs.com/robot/)"
2a03:2880:f800:5:: - - [11/Jun/2025:10:19:06 -0400] "GET /shopdetail/425669135 HTTP/1.1" 301 0 "-" "meta-externalagent/1.1 (+https://developers.facebook.com/docs/sharing/webmasters/crawler)"
2a03:2880:f800:5:: - - [11/Jun/2025:10:19:09 -0400] "GET / HTTP/1.1" 200 37330 "-" "meta-externalagent/1.1 (+https://developers.facebook.com/docs/sharing/webmasters/crawler)"
51.222.253.15 - - [11/Jun/2025:10:19:14 -0400] "GET /u/610575202.shtm HTTP/1.1" 301 0 "-" "Mozilla/5.0 (compatible; AhrefsBot/7.0; +http://ahrefs.com/robot/)"
162.0.232.193 - - [11/Jun/2025:10:19:19 -0400] "POST /wp-cron.php?doing_wp_cron=1749651559.5529029369354248046875 HTTP/1.1" 200 0 "-" "WordPress/6.8.1; https://wotaku-manga.com"
81.88.53.143 - - [11/Jun/2025:10:19:19 -0400] "POST /wp-login.php HTTP/1.1" 200 2037 "https://wotaku-manga.com" "Mozilla/5.0 (Macintosh; Intel Mac OS X 13_3) AppleWebKit/537.36 (KHTML, like Gecko) Chrome/126.0.0.0 Safari/537.36 Edg/126.0.0.0"
112.215.167.114 - - [11/Jun/2025:10:19:24 -0400] "GET /manga/wotaku-ni-koi-wa-muzukashii-chapter-39/ HTTP/1.1" 200 42041 "https://wotaku-manga.com/manga/wotaku-ni-koi-wa-muzukashii-chapter-38-5/" "Mozilla/5.0 (Linux; Android 10; K) AppleWebKit/537.36 (KHTML, like Gecko) Chrome/136.0.0.0 Mobile Safari/537.36"
51.222.253.6 - - [11/Jun/2025:10:19:23 -0400] "GET /u/620184878.shtm HTTP/1.1" 301 0 "-" "Mozilla/5.0 (compatible; AhrefsBot/7.0; +http://ahrefs.com/robot/)"
51.222.253.1 - - [11/Jun/2025:10:19:33 -0400] "GET /u/760948064.shtm HTTP/1.1" 301 0 "-" "Mozilla/5.0 (compatible; AhrefsBot/7.0; +http://ahrefs.com/robot/)"
112.215.167.114 - - [11/Jun/2025:10:19:36 -0400] "GET /manga/wotaku-ni-koi-wa-muzukashii-chapter-40/ HTTP/1.1" 200 42620 "https://wotaku-manga.com/manga/wotaku-ni-koi-wa-muzukashii-chapter-39/" "Mozilla/5.0 (Linux; Android 10; K) AppleWebKit/537.36 (KHTML, like Gecko) Chrome/136.0.0.0 Mobile Safari/537.36"
112.215.167.114 - - [11/Jun/2025:10:19:35 -0400] "GET /category/wotakoi-love-is-hard-for-otaku-manga-volumes/ HTTP/1.1" 200 46171 "https://wotaku-manga.com/manga/wotaku-ni-koi-wa-muzukashii-chapter-39/" "Mozilla/5.0 (Linux; Android 10; K) AppleWebKit/537.36 (KHTML, like Gecko) Chrome/136.0.0.0 Mobile Safari/537.36"
51.222.253.10 - - [11/Jun/2025:10:19:43 -0400] "GET /u/848077908.shtm HTTP/1.1" 301 0 "-" "Mozilla/5.0 (compatible; AhrefsBot/7.0; +http://ahrefs.com/robot/)"
162.0.232.193 - - [11/Jun/2025:10:19:52 -0400] "POST /wp-cron.php?doing_wp_cron=1749651591.1937940120697021484375 HTTP/1.1" 200 0 "-" "WordPress/6.8.1; https://wotaku-manga.com"
51.222.253.15 - - [11/Jun/2025:10:19:50 -0400] "GET /u/867547056.shtm HTTP/1.1" 301 0 "-" "Mozilla/5.0 (compatible; AhrefsBot/7.0; +http://ahrefs.com/robot/)"
51.222.253.18 - - [11/Jun/2025:10:19:56 -0400] "GET /u/881857418.shtm HTTP/1.1" 301 0 "-" "Mozilla/5.0 (compatible; AhrefsBot/7.0; +http://ahrefs.com/robot/)"
112.215.167.114 - - [11/Jun/2025:10:20:03 -0400] "GET /tag/manga/ HTTP/1.1" 301 0 "https://wotaku-manga.com/manga/wotaku-ni-koi-wa-muzukashii-chapter-40/" "Mozilla/5.0 (Linux; Android 10; K) AppleWebKit/537.36 (KHTML, like Gecko) Chrome/136.0.0.0 Mobile Safari/537.36"
112.215.167.114 - - [11/Jun/2025:10:20:03 -0400] "GET /manga/wotaku-ni-koi-wa-muzukashii-chapter-41/ HTTP/1.1" 200 42080 "https://wotaku-manga.com/manga/wotaku-ni-koi-wa-muzukashii-chapter-40/" "Mozilla/5.0 (Linux; Android 10; K) AppleWebKit/537.36 (KHTML, like Gecko) Chrome/136.0.0.0 Mobile Safari/537.36"
51.222.253.9 - - [11/Jun/2025:10:20:03 -0400] "GET /u/884004614.shtm HTTP/1.1" 301 0 "-" "Mozilla/5.0 (compatible; AhrefsBot/7.0; +http://ahrefs.com/robot/)"
2a03:2880:f800:15:: - - [11/Jun/2025:10:20:03 -0400] "GET /shopdetail/347665235 HTTP/1.1" 301 0 "-" "meta-externalagent/1.1 (+https://developers.facebook.com/docs/sharing/webmasters/crawler)"
192.178.6.34 - - [11/Jun/2025:10:20:03 -0400] "GET /rnf55176243.shtm HTTP/1.1" 200 82676 "-" "Mozilla/5.0 (Linux; Android 6.0.1; Nexus 5X Build/MMB29P) AppleWebKit/537.36 (KHTML, like Gecko) Chrome/136.0.7103.113 Mobile Safari/537.36 (compatible; Googlebot/2.1; +http://www.google.com/bot.html)"
2a03:2880:f800:2:: - - [11/Jun/2025:10:20:09 -0400] "GET / HTTP/1.1" 200 37330 "-" "meta-externalagent/1.1 (+https://developers.facebook.com/docs/sharing/webmasters/crawler)"
51.222.253.1 - - [11/Jun/2025:10:20:12 -0400] "GET /u/933043778.shtm HTTP/1.1" 301 0 "-" "Mozilla/5.0 (compatible; AhrefsBot/7.0; +http://ahrefs.com/robot/)"
51.222.253.9 - - [11/Jun/2025:10:20:19 -0400] "GET /u1061239464.shtm HTTP/1.1" 301 0 "-" "Mozilla/5.0 (compatible; AhrefsBot/7.0; +http://ahrefs.com/robot/)"
112.215.167.114 - - [11/Jun/2025:10:20:25 -0400] "GET /manga/wotaku-ni-koi-wa-muzukashii-chapter-41-5/ HTTP/1.1" 200 42243 "https://wotaku-manga.com/manga/wotaku-ni-koi-wa-muzukashii-chapter-41/" "Mozilla/5.0 (Linux; Android 10; K) AppleWebKit/537.36 (KHTML, like Gecko) Chrome/136.0.0.0 Mobile Safari/537.36"
112.215.167.114 - - [11/Jun/2025:10:20:28 -0400] "GET /manga/wotaku-ni-koi-wa-muzukashii-chapter-41-5/ HTTP/1.1" 304 0 "https://wotaku-manga.com/manga/wotaku-ni-koi-wa-muzukashii-chapter-41/" "Mozilla/5.0 (Linux; Android 10; K) AppleWebKit/537.36 (KHTML, like Gecko) Chrome/136.0.0.0 Mobile Safari/537.36"
51.222.253.14 - - [11/Jun/2025:10:20:31 -0400] "GET /u1067875098.shtm HTTP/1.1" 301 0 "-" "Mozilla/5.0 (compatible; AhrefsBot/7.0; +http://ahrefs.com/robot/)"
112.215.167.114 - - [11/Jun/2025:10:20:35 -0400] "GET /manga/wotaku-ni-koi-wa-muzukashii-chapter-41-5/ HTTP/1.1" 304 0 "https://wotaku-manga.com/manga/wotaku-ni-koi-wa-muzukashii-chapter-41-5/" "Mozilla/5.0 (Linux; Android 10; K) AppleWebKit/537.36 (KHTML, like Gecko) Chrome/136.0.0.0 Mobile Safari/537.36"
51.222.253.18 - - [11/Jun/2025:10:20:36 -0400] "GET /u1168328752.shtm HTTP/1.1" 301 0 "-" "Mozilla/5.0 (compatible; AhrefsBot/7.0; +http://ahrefs.com/robot/)"
112.215.167.114 - - [11/Jun/2025:10:20:43 -0400] "GET /tag/naoya-nifuji/ HTTP/1.1" 301 0 "https://wotaku-manga.com/manga/wotaku-ni-koi-wa-muzukashii-chapter-41-5/" "Mozilla/5.0 (Linux; Android 10; K) AppleWebKit/537.36 (KHTML, like Gecko) Chrome/136.0.0.0 Mobile Safari/537.36"
112.215.167.114 - - [11/Jun/2025:10:20:44 -0400] "GET /manga/wotaku-ni-koi-wa-muzukashii-chapter-42/ HTTP/1.1" 200 42568 "https://wotaku-manga.com/manga/wotaku-ni-koi-wa-muzukashii-chapter-41-5/" "Mozilla/5.0 (Linux; Android 10; K) AppleWebKit/537.36 (KHTML, like Gecko) Chrome/136.0.0.0 Mobile Safari/537.36"
51.222.253.3 - - [11/Jun/2025:10:20:45 -0400] "GET /u1176726186.shtm HTTP/1.1" 301 0 "-" "Mozilla/5.0 (compatible; AhrefsBot/7.0; +http://ahrefs.com/robot/)"
51.222.253.5 - - [11/Jun/2025:10:15:46 -0400] "GET /tr224262601.shtm HTTP/1.1" 301 0 "-" "Mozilla/5.0 (compatible; AhrefsBot/7.0; +http://ahrefs.com/robot/)"
112.215.167.114 - - [11/Jun/2025:10:20:46 -0400] "GET /manga/wotaku-ni-koi-wa-muzukashii-chapter-42/ HTTP/1.1" 304 0 "https://wotaku-manga.com/manga/wotaku-ni-koi-wa-muzukashii-chapter-41-5/" "Mozilla/5.0 (Linux; Android 10; K) AppleWebKit/537.36 (KHTML, like Gecko) Chrome/136.0.0.0 Mobile Safari/537.36"
51.222.253.18 - - [11/Jun/2025:10:20:50 -0400] "GET /u121133230.shtm HTTP/1.1" 301 0 "-" "Mozilla/5.0 (compatible; AhrefsBot/7.0; +http://ahrefs.com/robot/)"
162.0.232.193 - - [11/Jun/2025:10:20:56 -0400] "POST /wp-cron.php?doing_wp_cron=1749651655.6235380172729492187500 HTTP/1.1" 200 0 "-" "WordPress/6.8.1; https://wotaku-manga.com"
2a03:2880:f800:: - - [11/Jun/2025:10:20:55 -0400] "GET /shopdetail/285635935 HTTP/1.1" 301 0 "-" "meta-externalagent/1.1 (+https://developers.facebook.com/docs/sharing/webmasters/crawler)"
2a03:2880:f800:: - - [11/Jun/2025:10:20:58 -0400] "GET / HTTP/1.1" 200 37330 "-" "meta-externalagent/1.1 (+https://developers.facebook.com/docs/sharing/webmasters/crawler)"
162.0.232.193 - - [11/Jun/2025:10:21:00 -0400] "POST /wp-cron.php?doing_wp_cron=1749651659.9210529327392578125000 HTTP/1.1" 200 0 "-" "WordPress/6.8.1; https://wotaku-manga.com"
51.222.253.14 - - [11/Jun/2025:10:20:59 -0400] "GET /u1232259152.shtm HTTP/1.1" 301 0 "-" "Mozilla/5.0 (compatible; AhrefsBot/7.0; +http://ahrefs.com/robot/)"
51.222.253.11 - - [11/Jun/2025:10:21:06 -0400] "GET /u1307789342.shtm HTTP/1.1" 301 0 "-" "Mozilla/5.0 (compatible; AhrefsBot/7.0; +http://ahrefs.com/robot/)"
162.0.232.193 - - [11/Jun/2025:10:21:19 -0400] "POST /wp-cron.php?doing_wp_cron=1749651678.9804019927978515625000 HTTP/1.1" 200 0 "-" "WordPress/6.8.1; https://wotaku-manga.com"
51.222.253.7 - - [11/Jun/2025:10:21:18 -0400] "GET /u1332732456.shtm HTTP/1.1" 301 0 "-" "Mozilla/5.0 (compatible; AhrefsBot/7.0; +http://ahrefs.com/robot/)"
51.222.253.16 - - [11/Jun/2025:10:21:26 -0400] "GET /u1332838332.shtm HTTP/1.1" 301 0 "-" "Mozilla/5.0 (compatible; AhrefsBot/7.0; +http://ahrefs.com/robot/)"
4.227.36.62 - - [11/Jun/2025:10:21:33 -0400] "GET /robots.txt HTTP/1.1" 200 129 "-" "Mozilla/5.0 AppleWebKit/537.36 (KHTML, like Gecko; compatible; GPTBot/1.2; +https://openai.com/gptbot)"
20.171.207.29 - - [11/Jun/2025:10:21:33 -0400] "GET /wp-admin/about.php HTTP/1.1" 403 1242 "-" "Mozilla/5.0 AppleWebKit/537.36 (KHTML, like Gecko; compatible; GPTBot/1.2; +https://openai.com/gptbot)"
20.171.207.29 - - [11/Jun/2025:10:21:37 -0400] "GET /wp-admin/update-core.php HTTP/1.1" 403 1242 "-" "Mozilla/5.0 AppleWebKit/537.36 (KHTML, like Gecko; compatible; GPTBot/1.2; +https://openai.com/gptbot)"
51.222.253.13 - - [11/Jun/2025:10:21:37 -0400] "GET /u1415865622.shtm HTTP/1.1" 301 0 "-" "Mozilla/5.0 (compatible; AhrefsBot/7.0; +http://ahrefs.com/robot/)"
2a03:2880:f800:6:: - - [11/Jun/2025:10:21:38 -0400] "GET /shopdetail/104174935 HTTP/1.1" 301 0 "-" "meta-externalagent/1.1 (+https://developers.facebook.com/docs/sharing/webmasters/crawler)"
2a03:2880:f800:5:: - - [11/Jun/2025:10:21:41 -0400] "GET / HTTP/1.1" 200 37330 "-" "meta-externalagent/1.1 (+https://developers.facebook.com/docs/sharing/webmasters/crawler)"
162.0.232.193 - - [11/Jun/2025:10:21:47 -0400] "POST /wp-cron.php?doing_wp_cron=1749651706.6573719978332519531250 HTTP/1.1" 200 0 "-" "WordPress/6.8.1; https://wotaku-manga.com"
51.222.253.7 - - [11/Jun/2025:10:21:45 -0400] "GET /u163166486.shtm HTTP/1.1" 301 0 "-" "Mozilla/5.0 (compatible; AhrefsBot/7.0; +http://ahrefs.com/robot/)"
51.222.253.2 - - [11/Jun/2025:10:21:51 -0400] "GET /u163396392.shtm HTTP/1.1" 301 0 "-" "Mozilla/5.0 (compatible; AhrefsBot/7.0; +http://ahrefs.com/robot/)"
2600:387:15:271b::5 - - [11/Jun/2025:10:22:01 -0400] "GET / HTTP/1.1" 200 38005 "-" "Mozilla/5.0 (iPhone; CPU iPhone OS 18_5 like Mac OS X) AppleWebKit/605.1.15 (KHTML, like Gecko) Mobile/15E148"
51.222.253.19 - - [11/Jun/2025:10:22:05 -0400] "GET /u1846217168.shtm HTTP/1.1" 301 0 "-" "Mozilla/5.0 (compatible; AhrefsBot/7.0; +http://ahrefs.com/robot/)"
192.178.6.33 - - [11/Jun/2025:10:22:06 -0400] "GET /p48205713.shtm HTTP/1.1" 200 81278 "-" "Mozilla/5.0 (Linux; Android 6.0.1; Nexus 5X Build/MMB29P) AppleWebKit/537.36 (KHTML, like Gecko) Chrome/136.0.7103.113 Mobile Safari/537.36 (compatible; Googlebot/2.1; +http://www.google.com/bot.html)"
51.222.253.12 - - [11/Jun/2025:10:22:09 -0400] "GET /u1846270750.shtm HTTP/1.1" 301 0 "-" "Mozilla/5.0 (compatible; AhrefsBot/7.0; +http://ahrefs.com/robot/)"
112.215.122.253 - - [11/Jun/2025:10:22:10 -0400] "GET /manga/wotaku-ni-koi-wa-muzukashii-chapter-43/ HTTP/1.1" 200 42992 "https://wotaku-manga.com/manga/wotaku-ni-koi-wa-muzukashii-chapter-42/" "Mozilla/5.0 (Linux; Android 10; K) AppleWebKit/537.36 (KHTML, like Gecko) Chrome/136.0.0.0 Mobile Safari/537.36"
51.222.253.2 - - [11/Jun/2025:10:22:17 -0400] "GET /u1950561632.shtm HTTP/1.1" 301 0 "-" "Mozilla/5.0 (compatible; AhrefsBot/7.0; +http://ahrefs.com/robot/)"
51.222.253.16 - - [11/Jun/2025:10:22:25 -0400] "GET /u1950649642.shtm HTTP/1.1" 301 0 "-" "Mozilla/5.0 (compatible; AhrefsBot/7.0; +http://ahrefs.com/robot/)"
51.222.253.1 - - [11/Jun/2025:10:22:32 -0400] "GET /u1950985040.shtm HTTP/1.1" 301 0 "-" "Mozilla/5.0 (compatible; AhrefsBot/7.0; +http://ahrefs.com/robot/)"
49.145.240.187 - - [11/Jun/2025:10:22:32 -0400] "POST /wp-admin/admin-ajax.php HTTP/1.1" 200 61 "https://wotaku-manga.com/manga/wotaku-ni-koi-wa-muzukashii-chapter-53/" "Mozilla/5.0 (X11; Linux x86_64) AppleWebKit/537.36 (KHTML, like Gecko) Chrome/137.0.0.0 Safari/537.36"
112.215.122.253 - - [11/Jun/2025:10:22:33 -0400] "GET /tag/wotakoi-love-is-hard-for-otaku/ HTTP/1.1" 301 0 "https://wotaku-manga.com/manga/wotaku-ni-koi-wa-muzukashii-chapter-43/" "Mozilla/5.0 (Linux; Android 10; K) AppleWebKit/537.36 (KHTML, like Gecko) Chrome/136.0.0.0 Mobile Safari/537.36"
112.215.122.253 - - [11/Jun/2025:10:22:35 -0400] "GET / HTTP/1.1" 200 38005 "https://wotaku-manga.com/manga/wotaku-ni-koi-wa-muzukashii-chapter-43/" "Mozilla/5.0 (Linux; Android 10; K) AppleWebKit/537.36 (KHTML, like Gecko) Chrome/136.0.0.0 Mobile Safari/537.36"
112.215.122.253 - - [11/Jun/2025:10:22:34 -0400] "GET /manga/wotaku-ni-koi-wa-muzukashii-chapter-43-5/ HTTP/1.1" 200 42249 "https://wotaku-manga.com/manga/wotaku-ni-koi-wa-muzukashii-chapter-43/" "Mozilla/5.0 (Linux; Android 10; K) AppleWebKit/537.36 (KHTML, like Gecko) Chrome/136.0.0.0 Mobile Safari/537.36"
112.215.122.253 - - [11/Jun/2025:10:22:36 -0400] "GET /manga/wotaku-ni-koi-wa-muzukashii-chapter-43-5/ HTTP/1.1" 304 0 "https://wotaku-manga.com/manga/wotaku-ni-koi-wa-muzukashii-chapter-43/" "Mozilla/5.0 (Linux; Android 10; K) AppleWebKit/537.36 (KHTML, like Gecko) Chrome/136.0.0.0 Mobile Safari/537.36"
51.222.253.9 - - [11/Jun/2025:10:22:42 -0400] "GET /u1951055448.shtm HTTP/1.1" 301 0 "-" "Mozilla/5.0 (compatible; AhrefsBot/7.0; +http://ahrefs.com/robot/)"
162.0.232.193 - - [11/Jun/2025:10:22:50 -0400] "POST /wp-cron.php?doing_wp_cron=1749651769.2334051132202148437500 HTTP/1.1" 200 0 "-" "WordPress/6.8.1; https://wotaku-manga.com"
51.222.253.18 - - [11/Jun/2025:10:22:48 -0400] "GET /u263761980.shtm HTTP/1.1" 301 0 "-" "Mozilla/5.0 (compatible; AhrefsBot/7.0; +http://ahrefs.com/robot/)"
112.215.122.253 - - [11/Jun/2025:10:22:50 -0400] "GET /manga/ HTTP/1.1" 301 0 "https://wotaku-manga.com/manga/wotaku-ni-koi-wa-muzukashii-chapter-43-5/" "Mozilla/5.0 (Linux; Android 10; K) AppleWebKit/537.36 (KHTML, like Gecko) Chrome/136.0.0.0 Mobile Safari/537.36"
112.215.122.253 - - [11/Jun/2025:10:22:54 -0400] "GET /category/wotakoi-love-is-hard-for-otaku-manga-volumes/ HTTP/1.1" 200 46196 "https://wotaku-manga.com/manga/wotaku-ni-koi-wa-muzukashii-chapter-43-5/" "Mozilla/5.0 (Linux; Android 10; K) AppleWebKit/537.36 (KHTML, like Gecko) Chrome/136.0.0.0 Mobile Safari/537.36"
51.222.253.8 - - [11/Jun/2025:10:22:54 -0400] "GET /u264115044.shtm HTTP/1.1" 301 0 "-" "Mozilla/5.0 (compatible; AhrefsBot/7.0; +http://ahrefs.com/robot/)"
112.215.122.253 - - [11/Jun/2025:10:22:55 -0400] "GET /manga/wotaku-ni-koi-wa-muzukashii-chapter-44/ HTTP/1.1" 200 41686 "https://wotaku-manga.com/manga/wotaku-ni-koi-wa-muzukashii-chapter-43-5/" "Mozilla/5.0 (Linux; Android 10; K) AppleWebKit/537.36 (KHTML, like Gecko) Chrome/136.0.0.0 Mobile Safari/537.36"
2a03:2880:f800:b:: - - [11/Jun/2025:10:23:00 -0400] "GET /shopdetail/283039235 HTTP/1.1" 301 0 "-" "meta-externalagent/1.1 (+https://developers.facebook.com/docs/sharing/webmasters/crawler)"
2a03:2880:f800:: - - [11/Jun/2025:10:23:03 -0400] "GET / HTTP/1.1" 200 37330 "-" "meta-externalagent/1.1 (+https://developers.facebook.com/docs/sharing/webmasters/crawler)"
51.222.253.6 - - [11/Jun/2025:10:23:05 -0400] "GET /u321603168.shtm HTTP/1.1" 301 0 "-" "Mozilla/5.0 (compatible; AhrefsBot/7.0; +http://ahrefs.com/robot/)"
51.222.253.12 - - [11/Jun/2025:10:23:11 -0400] "GET /u505437688.shtm HTTP/1.1" 301 0 "-" "Mozilla/5.0 (compatible; AhrefsBot/7.0; +http://ahrefs.com/robot/)"
112.215.122.253 - - [11/Jun/2025:10:23:15 -0400] "GET /category/wotakoi-love-is-hard-for-otaku-manga-read-online/ HTTP/1.1" 200 46294 "https://wotaku-manga.com/manga/wotaku-ni-koi-wa-muzukashii-chapter-44/" "Mozilla/5.0 (Linux; Android 10; K) AppleWebKit/537.36 (KHTML, like Gecko) Chrome/136.0.0.0 Mobile Safari/537.36"
112.215.122.253 - - [11/Jun/2025:10:23:16 -0400] "GET /manga/wotaku-ni-koi-wa-muzukashii-chapter-45/ HTTP/1.1" 200 42143 "https://wotaku-manga.com/manga/wotaku-ni-koi-wa-muzukashii-chapter-44/" "Mozilla/5.0 (Linux; Android 10; K) AppleWebKit/537.36 (KHTML, like Gecko) Chrome/136.0.0.0 Mobile Safari/537.36"
51.222.253.7 - - [11/Jun/2025:10:23:18 -0400] "GET /u531453388.shtm HTTP/1.1" 301 0 "-" "Mozilla/5.0 (compatible; AhrefsBot/7.0; +http://ahrefs.com/robot/)"
51.222.253.9 - - [11/Jun/2025:10:23:24 -0400] "GET /u536839656.shtm HTTP/1.1" 301 0 "-" "Mozilla/5.0 (compatible; AhrefsBot/7.0; +http://ahrefs.com/robot/)"
51.222.253.13 - - [11/Jun/2025:10:23:30 -0400] "GET /u550077320.shtm HTTP/1.1" 301 0 "-" "Mozilla/5.0 (compatible; AhrefsBot/7.0; +http://ahrefs.com/robot/)"
112.215.122.253 - - [11/Jun/2025:10:23:37 -0400] "GET / HTTP/1.1" 200 38005 "https://wotaku-manga.com/manga/wotaku-ni-koi-wa-muzukashii-chapter-45/" "Mozilla/5.0 (Linux; Android 10; K) AppleWebKit/537.36 (KHTML, like Gecko) Chrome/136.0.0.0 Mobile Safari/537.36"
112.215.122.253 - - [11/Jun/2025:10:23:37 -0400] "GET /manga/wotaku-ni-koi-wa-muzukashii-chapter-45/ HTTP/1.1" 200 42143 "https://wotaku-manga.com/manga/wotaku-ni-koi-wa-muzukashii-chapter-45/" "Mozilla/5.0 (Linux; Android 10; K) AppleWebKit/537.36 (KHTML, like Gecko) Chrome/136.0.0.0 Mobile Safari/537.36"
49.145.240.187 - - [11/Jun/2025:10:23:49 -0400] "GET /tag/naoya-nifuji/ HTTP/1.1" 301 0 "-" "Mozilla/5.0 (X11; Linux x86_64) AppleWebKit/537.36 (KHTML, like Gecko) Chrome/137.0.0.0 Safari/537.36"
162.0.232.193 - - [11/Jun/2025:10:23:50 -0400] "POST /wp-cron.php?doing_wp_cron=1749651829.8521258831024169921875 HTTP/1.1" 200 0 "-" "WordPress/6.8.1; https://wotaku-manga.com"
162.0.232.193 - - [11/Jun/2025:10:23:50 -0400] "POST /wp-cron.php?doing_wp_cron=1749651830.2598841190338134765625 HTTP/1.1" 200 0 "-" "WordPress/6.8.1; https://wotaku-manga.com"
51.222.253.1 - - [11/Jun/2025:10:23:49 -0400] "GET /u595471670.shtm HTTP/1.1" 301 0 "-" "Mozilla/5.0 (compatible; AhrefsBot/7.0; +http://ahrefs.com/robot/)"
49.145.240.187 - - [11/Jun/2025:10:23:49 -0400] "GET /manga/wotaku-ni-koi-wa-muzukashii-chapter-54/ HTTP/1.1" 200 41638 "-" "Mozilla/5.0 (X11; Linux x86_64) AppleWebKit/537.36 (KHTML, like Gecko) Chrome/137.0.0.0 Safari/537.36"
49.145.240.187 - - [11/Jun/2025:10:23:51 -0400] "GET /manga/wotaku-ni-koi-wa-muzukashii-chapter-54/ HTTP/1.1" 304 0 "https://wotaku-manga.com/manga/wotaku-ni-koi-wa-muzukashii-chapter-53/" "Mozilla/5.0 (X11; Linux x86_64) AppleWebKit/537.36 (KHTML, like Gecko) Chrome/137.0.0.0 Safari/537.36"
162.0.232.193 - - [11/Jun/2025:10:23:59 -0400] "POST /wp-cron.php?doing_wp_cron=1749651839.1740460395812988281250 HTTP/1.1" 200 0 "-" "WordPress/6.8.1; https://wotaku-manga.com"
51.222.253.3 - - [11/Jun/2025:10:23:58 -0400] "GET /u839665168.shtm HTTP/1.1" 301 0 "-" "Mozilla/5.0 (compatible; AhrefsBot/7.0; +http://ahrefs.com/robot/)"
51.222.253.14 - - [11/Jun/2025:10:24:06 -0400] "GET /u90030168.shtm HTTP/1.1" 301 0 "-" "Mozilla/5.0 (compatible; AhrefsBot/7.0; +http://ahrefs.com/robot/)"
51.222.253.12 - - [11/Jun/2025:10:24:15 -0400] "GET /u933026432.shtm HTTP/1.1" 301 0 "-" "Mozilla/5.0 (compatible; AhrefsBot/7.0; +http://ahrefs.com/robot/)"
162.0.232.193 - - [11/Jun/2025:10:24:21 -0400] "POST /wp-cron.php?doing_wp_cron=1749651861.6543960571289062500000 HTTP/1.1" 200 0 "-" "WordPress/6.8.1; https://wotaku-manga.com"
51.222.253.20 - - [11/Jun/2025:10:24:20 -0400] "GET /u967542930.shtm HTTP/1.1" 301 0 "-" "Mozilla/5.0 (compatible; AhrefsBot/7.0; +http://ahrefs.com/robot/)"
51.222.253.18 - - [11/Jun/2025:10:24:28 -0400] "GET /u997008494.shtm HTTP/1.1" 301 0 "-" "Mozilla/5.0 (compatible; AhrefsBot/7.0; +http://ahrefs.com/robot/)"
20.171.207.29 - - [11/Jun/2025:10:24:32 -0400] "GET /wp-admin/ HTTP/1.1" 200 186 "-" "Mozilla/5.0 AppleWebKit/537.36 (KHTML, like Gecko; compatible; GPTBot/1.2; +https://openai.com/gptbot)"
51.222.253.19 - - [11/Jun/2025:10:24:35 -0400] "GET /ua396869512.shtm HTTP/1.1" 301 0 "-" "Mozilla/5.0 (compatible; AhrefsBot/7.0; +http://ahrefs.com/robot/)"
51.222.253.4 - - [11/Jun/2025:10:24:42 -0400] "GET /ua573311960.shtm HTTP/1.1" 301 0 "-" "Mozilla/5.0 (compatible; AhrefsBot/7.0; +http://ahrefs.com/robot/)"
112.215.122.253 - - [11/Jun/2025:10:24:48 -0400] "GET /category/wotakoi-love-is-hard-for-otaku-manga-chapters/ HTTP/1.1" 200 46540 "https://wotaku-manga.com/manga/wotaku-ni-koi-wa-muzukashii-chapter-45/" "Mozilla/5.0 (Linux; Android 10; K) AppleWebKit/537.36 (KHTML, like Gecko) Chrome/136.0.0.0 Mobile Safari/537.36"
112.215.122.253 - - [11/Jun/2025:10:24:50 -0400] "GET /manga/wotaku-ni-koi-wa-muzukashii-chapter-46/ HTTP/1.1" 200 41569 "https://wotaku-manga.com/manga/wotaku-ni-koi-wa-muzukashii-chapter-45/" "Mozilla/5.0 (Linux; Android 10; K) AppleWebKit/537.36 (KHTML, like Gecko) Chrome/136.0.0.0 Mobile Safari/537.36"
162.0.232.193 - - [11/Jun/2025:10:24:53 -0400] "POST /wp-cron.php?doing_wp_cron=1749651892.9514420032501220703125 HTTP/1.1" 200 0 "-" "WordPress/6.8.1; https://wotaku-manga.com"
51.222.253.11 - - [11/Jun/2025:10:24:52 -0400] "GET /ua620485320.shtm HTTP/1.1" 301 0 "-" "Mozilla/5.0 (compatible; AhrefsBot/7.0; +http://ahrefs.com/robot/)"
112.215.122.253 - - [11/Jun/2025:10:24:59 -0400] "GET /wotakoi-volume-list/ HTTP/1.1" 200 40556 "https://wotaku-manga.com/manga/wotaku-ni-koi-wa-muzukashii-chapter-46/" "Mozilla/5.0 (Linux; Android 10; K) AppleWebKit/537.36 (KHTML, like Gecko) Chrome/136.0.0.0 Mobile Safari/537.36"
112.215.122.253 - - [11/Jun/2025:10:24:59 -0400] "GET /privacy-policy/ HTTP/1.1" 200 38626 "https://wotaku-manga.com/manga/wotaku-ni-koi-wa-muzukashii-chapter-46/" "Mozilla/5.0 (Linux; Android 10; K) AppleWebKit/537.36 (KHTML, like Gecko) Chrome/136.0.0.0 Mobile Safari/537.36"
162.0.232.193 - - [11/Jun/2025:10:25:00 -0400] "POST /wp-cron.php?doing_wp_cron=1749651900.6610488891601562500000 HTTP/1.1" 200 0 "-" "WordPress/6.8.1; https://wotaku-manga.com"
51.222.253.12 - - [11/Jun/2025:10:25:00 -0400] "GET /uc347195396.shtm HTTP/1.1" 301 0 "-" "Mozilla/5.0 (compatible; AhrefsBot/7.0; +http://ahrefs.com/robot/)"
112.215.122.253 - - [11/Jun/2025:10:25:06 -0400] "GET /manga/wotaku-ni-koi-wa-muzukashii-chapter-47/ HTTP/1.1" 200 41502 "https://wotaku-manga.com/manga/wotaku-ni-koi-wa-muzukashii-chapter-46/" "Mozilla/5.0 (Linux; Android 10; K) AppleWebKit/537.36 (KHTML, like Gecko) Chrome/136.0.0.0 Mobile Safari/537.36"
51.222.253.5 - - [11/Jun/2025:10:25:07 -0400] "GET /uc485916758.shtm HTTP/1.1" 301 0 "-" "Mozilla/5.0 (compatible; AhrefsBot/7.0; +http://ahrefs.com/robot/)"
51.222.253.18 - - [11/Jun/2025:10:25:16 -0400] "GET /uc505226464.shtm HTTP/1.1" 301 0 "-" "Mozilla/5.0 (compatible; AhrefsBot/7.0; +http://ahrefs.com/robot/)"
162.0.232.193 - - [11/Jun/2025:10:25:27 -0400] "POST /wp-cron.php?doing_wp_cron=1749651926.5190670490264892578125 HTTP/1.1" 200 0 "-" "WordPress/6.8.1; https://wotaku-manga.com"
51.222.253.14 - - [11/Jun/2025:10:25:25 -0400] "GET /uc519536890.shtm HTTP/1.1" 301 0 "-" "Mozilla/5.0 (compatible; AhrefsBot/7.0; +http://ahrefs.com/robot/)"
51.222.253.10 - - [11/Jun/2025:10:25:31 -0400] "GET /uc620466446.shtm HTTP/1.1" 301 0 "-" "Mozilla/5.0 (compatible; AhrefsBot/7.0; +http://ahrefs.com/robot/)"
51.222.253.15 - - [11/Jun/2025:10:25:37 -0400] "GET /uc847902200.shtm HTTP/1.1" 301 0 "-" "Mozilla/5.0 (compatible; AhrefsBot/7.0; +http://ahrefs.com/robot/)"
162.0.232.193 - - [11/Jun/2025:10:25:46 -0400] "POST /wp-cron.php?doing_wp_cron=1749651945.9860119819641113281250 HTTP/1.1" 200 0 "-" "WordPress/6.8.1; https://wotaku-manga.com"
51.222.253.4 - - [11/Jun/2025:10:25:45 -0400] "GET /ue835229464.shtm HTTP/1.1" 301 0 "-" "Mozilla/5.0 (compatible; AhrefsBot/7.0; +http://ahrefs.com/robot/)"
51.222.253.9 - - [11/Jun/2025:10:25:53 -0400] "GET /ug508676200.shtm HTTP/1.1" 301 0 "-" "Mozilla/5.0 (compatible; AhrefsBot/7.0; +http://ahrefs.com/robot/)"
2a03:2880:f800:8:: - - [11/Jun/2025:10:25:55 -0400] "GET /shopdetail/414117135 HTTP/1.1" 301 0 "-" "meta-externalagent/1.1 (+https://developers.facebook.com/docs/sharing/webmasters/crawler)"
2a03:2880:f800:9:: - - [11/Jun/2025:10:25:58 -0400] "GET / HTTP/1.1" 200 37330 "-" "meta-externalagent/1.1 (+https://developers.facebook.com/docs/sharing/webmasters/crawler)"
162.0.232.193 - - [11/Jun/2025:10:26:08 -0400] "POST /wp-cron.php?doing_wp_cron=1749651967.8181059360504150390625 HTTP/1.1" 200 0 "-" "WordPress/6.8.1; https://wotaku-manga.com"
51.222.253.19 - - [11/Jun/2025:10:26:06 -0400] "GET /ug748010594.shtm HTTP/1.1" 301 0 "-" "Mozilla/5.0 (compatible; AhrefsBot/7.0; +http://ahrefs.com/robot/)"
51.222.253.18 - - [11/Jun/2025:10:26:16 -0400] "GET /ug97018226.shtm HTTP/1.1" 301 0 "-" "Mozilla/5.0 (compatible; AhrefsBot/7.0; +http://ahrefs.com/robot/)"
162.0.232.193 - - [11/Jun/2025:10:26:21 -0400] "POST /wp-cron.php?doing_wp_cron=1749651981.6534938812255859375000 HTTP/1.1" 200 0 "-" "WordPress/6.8.1; https://wotaku-manga.com"
49.145.240.187 - - [11/Jun/2025:10:26:21 -0400] "POST /wp-admin/admin-ajax.php HTTP/1.1" 200 61 "https://wotaku-manga.com/manga/wotaku-ni-koi-wa-muzukashii-chapter-54/" "Mozilla/5.0 (X11; Linux x86_64) AppleWebKit/537.36 (KHTML, like Gecko) Chrome/137.0.0.0 Safari/537.36"
49.145.240.187 - - [11/Jun/2025:10:26:27 -0400] "GET /manga/wotaku-ni-koi-wa-muzukashii-chapter-55/ HTTP/1.1" 200 41461 "-" "Mozilla/5.0 (X11; Linux x86_64) AppleWebKit/537.36 (KHTML, like Gecko) Chrome/137.0.0.0 Safari/537.36"
51.222.253.19 - - [11/Jun/2025:10:26:27 -0400] "GET /ug986253664.shtm HTTP/1.1" 301 0 "-" "Mozilla/5.0 (compatible; AhrefsBot/7.0; +http://ahrefs.com/robot/)"
51.222.253.17 - - [11/Jun/2025:10:26:34 -0400] "GET /ui126414790.shtm HTTP/1.1" 301 0 "-" "Mozilla/5.0 (compatible; AhrefsBot/7.0; +http://ahrefs.com/robot/)"
51.222.253.11 - - [11/Jun/2025:10:26:42 -0400] "GET /ui350787484.shtm HTTP/1.1" 301 0 "-" "Mozilla/5.0 (compatible; AhrefsBot/7.0; +http://ahrefs.com/robot/)"
51.222.253.20 - - [11/Jun/2025:10:27:04 -0400] "GET /uk122805420.shtm HTTP/1.1" 301 0 "-" "Mozilla/5.0 (compatible; AhrefsBot/7.0; +http://ahrefs.com/robot/)"
162.0.232.193 - - [11/Jun/2025:10:27:05 -0400] "POST /wp-cron.php?doing_wp_cron=1749652024.8797171115875244140625 HTTP/1.1" 200 0 "-" "WordPress/6.8.1; https://wotaku-manga.com"
51.222.253.10 - - [11/Jun/2025:10:27:04 -0400] "GET /ui883441606.shtm HTTP/1.1" 301 0 "-" "Mozilla/5.0 (compatible; AhrefsBot/7.0; +http://ahrefs.com/robot/)"
51.222.253.6 - - [11/Jun/2025:10:27:12 -0400] "GET /um174344780.shtm HTTP/1.1" 301 0 "-" "Mozilla/5.0 (compatible; AhrefsBot/7.0; +http://ahrefs.com/robot/)"
162.0.232.193 - - [11/Jun/2025:10:27:23 -0400] "POST /wp-cron.php?doing_wp_cron=1749652043.6232860088348388671875 HTTP/1.1" 200 0 "-" "WordPress/6.8.1; https://wotaku-manga.com"
51.222.253.17 - - [11/Jun/2025:10:27:22 -0400] "GET /um189306792.shtm HTTP/1.1" 301 0 "-" "Mozilla/5.0 (compatible; AhrefsBot/7.0; +http://ahrefs.com/robot/)"
51.222.253.4 - - [11/Jun/2025:10:27:32 -0400] "GET /um235124486.shtm HTTP/1.1" 301 0 "-" "Mozilla/5.0 (compatible; AhrefsBot/7.0; +http://ahrefs.com/robot/)"
51.222.253.11 - - [11/Jun/2025:10:27:38 -0400] "GET /um248766036.shtm HTTP/1.1" 301 0 "-" "Mozilla/5.0 (compatible; AhrefsBot/7.0; +http://ahrefs.com/robot/)"
112.215.122.253 - - [11/Jun/2025:10:27:43 -0400] "GET /manga/wotaku-ni-koi-wa-muzukashii-chapter-48/ HTTP/1.1" 200 42374 "https://wotaku-manga.com/manga/wotaku-ni-koi-wa-muzukashii-chapter-47/" "Mozilla/5.0 (Linux; Android 10; K) AppleWebKit/537.36 (KHTML, like Gecko) Chrome/136.0.0.0 Mobile Safari/537.36"
162.0.232.193 - - [11/Jun/2025:10:27:46 -0400] "POST /wp-cron.php?doing_wp_cron=1749652065.8910150527954101562500 HTTP/1.1" 200 0 "-" "WordPress/6.8.1; https://wotaku-manga.com"
112.215.122.253 - - [11/Jun/2025:10:27:45 -0400] "POST /wp-admin/admin-ajax.php HTTP/1.1" 200 61 "https://wotaku-manga.com/manga/wotaku-ni-koi-wa-muzukashii-chapter-48/" "Mozilla/5.0 (Linux; Android 10; K) AppleWebKit/537.36 (KHTML, like Gecko) Chrome/136.0.0.0 Mobile Safari/537.36"
51.222.253.10 - - [11/Jun/2025:10:27:47 -0400] "GET /um410687146.shtm HTTP/1.1" 301 0 "-" "Mozilla/5.0 (compatible; AhrefsBot/7.0; +http://ahrefs.com/robot/)"
51.222.253.13 - - [11/Jun/2025:10:27:56 -0400] "GET /um495898116.shtm HTTP/1.1" 301 0 "-" "Mozilla/5.0 (compatible; AhrefsBot/7.0; +http://ahrefs.com/robot/)"
66.249.75.160 - - [11/Jun/2025:10:28:01 -0400] "GET /tkz/melicratory/1724411493.shtm HTTP/1.1" 200 81822 "-" "Mozilla/5.0 (Linux; Android 6.0.1; Nexus 5X Build/MMB29P) AppleWebKit/537.36 (KHTML, like Gecko) Chrome/136.0.7103.113 Mobile Safari/537.36 (compatible; GoogleOther)"
162.0.232.193 - - [11/Jun/2025:10:28:05 -0400] "POST /wp-cron.php?doing_wp_cron=1749652085.2918848991394042968750 HTTP/1.1" 200 0 "-" "WordPress/6.8.1; https://wotaku-manga.com"
51.222.253.17 - - [11/Jun/2025:10:28:04 -0400] "GET /um513922564.shtm HTTP/1.1" 301 0 "-" "Mozilla/5.0 (compatible; AhrefsBot/7.0; +http://ahrefs.com/robot/)"
49.145.240.187 - - [11/Jun/2025:10:28:06 -0400] "GET /manga/wotaku-ni-koi-wa-muzukashii-chapter-56/ HTTP/1.1" 200 42073 "-" "Mozilla/5.0 (X11; Linux x86_64) AppleWebKit/537.36 (KHTML, like Gecko) Chrome/137.0.0.0 Safari/537.36"
112.215.122.253 - - [11/Jun/2025:10:28:08 -0400] "GET /tag/volumes/ HTTP/1.1" 301 0 "https://wotaku-manga.com/manga/wotaku-ni-koi-wa-muzukashii-chapter-48/" "Mozilla/5.0 (Linux; Android 10; K) AppleWebKit/537.36 (KHTML, like Gecko) Chrome/136.0.0.0 Mobile Safari/537.36"
112.215.122.253 - - [11/Jun/2025:10:28:09 -0400] "GET /manga/wotaku-ni-koi-wa-muzukashii-chapter-49/ HTTP/1.1" 200 42522 "https://wotaku-manga.com/manga/wotaku-ni-koi-wa-muzukashii-chapter-48/" "Mozilla/5.0 (Linux; Android 10; K) AppleWebKit/537.36 (KHTML, like Gecko) Chrome/136.0.0.0 Mobile Safari/537.36"
112.215.122.253 - - [11/Jun/2025:10:28:09 -0400] "GET / HTTP/1.1" 200 38005 "https://wotaku-manga.com/manga/wotaku-ni-koi-wa-muzukashii-chapter-48/" "Mozilla/5.0 (Linux; Android 10; K) AppleWebKit/537.36 (KHTML, like Gecko) Chrome/136.0.0.0 Mobile Safari/537.36"
112.215.122.253 - - [11/Jun/2025:10:28:11 -0400] "POST /wp-admin/admin-ajax.php HTTP/1.1" 200 61 "https://wotaku-manga.com/manga/wotaku-ni-koi-wa-muzukashii-chapter-49/" "Mozilla/5.0 (Linux; Android 10; K) AppleWebKit/537.36 (KHTML, like Gecko) Chrome/136.0.0.0 Mobile Safari/537.36"
51.222.253.11 - - [11/Jun/2025:10:28:11 -0400] "GET /um61269532.shtm HTTP/1.1" 301 0 "-" "Mozilla/5.0 (compatible; AhrefsBot/7.0; +http://ahrefs.com/robot/)"
162.0.232.193 - - [11/Jun/2025:10:28:20 -0400] "POST /wp-cron.php?doing_wp_cron=1749652099.9132089614868164062500 HTTP/1.1" 200 0 "-" "WordPress/6.8.1; https://wotaku-manga.com"
51.222.253.4 - - [11/Jun/2025:10:28:19 -0400] "GET /um632120306.shtm HTTP/1.1" 301 0 "-" "Mozilla/5.0 (compatible; AhrefsBot/7.0; +http://ahrefs.com/robot/)"
51.222.253.1 - - [11/Jun/2025:10:28:24 -0400] "GET /um662589368.shtm HTTP/1.1" 301 0 "-" "Mozilla/5.0 (compatible; AhrefsBot/7.0; +http://ahrefs.com/robot/)"
49.145.240.187 - - [11/Jun/2025:10:28:25 -0400] "GET /manga/wotaku-ni-koi-wa-muzukashii-chapter-57/ HTTP/1.1" 200 41492 "-" "Mozilla/5.0 (X11; Linux x86_64) AppleWebKit/537.36 (KHTML, like Gecko) Chrome/137.0.0.0 Safari/537.36"
112.215.122.253 - - [11/Jun/2025:10:28:31 -0400] "GET /manga/wotaku-ni-koi-wa-muzukashii-chapter-50/ HTTP/1.1" 200 42555 "https://wotaku-manga.com/manga/wotaku-ni-koi-wa-muzukashii-chapter-49/" "Mozilla/5.0 (Linux; Android 10; K) AppleWebKit/537.36 (KHTML, like Gecko) Chrome/136.0.0.0 Mobile Safari/537.36"
112.215.122.253 - - [11/Jun/2025:10:28:31 -0400] "GET /tag/wotaku-ni-koi-wa-muzukashii/ HTTP/1.1" 301 0 "https://wotaku-manga.com/manga/wotaku-ni-koi-wa-muzukashii-chapter-49/" "Mozilla/5.0 (Linux; Android 10; K) AppleWebKit/537.36 (KHTML, like Gecko) Chrome/136.0.0.0 Mobile Safari/537.36"
112.215.122.253 - - [11/Jun/2025:10:28:39 -0400] "POST /wp-admin/admin-ajax.php HTTP/1.1" 200 61 "https://wotaku-manga.com/manga/wotaku-ni-koi-wa-muzukashii-chapter-50/" "Mozilla/5.0 (Linux; Android 10; K) AppleWebKit/537.36 (KHTML, like Gecko) Chrome/136.0.0.0 Mobile Safari/537.36"
49.145.240.187 - - [11/Jun/2025:10:28:42 -0400] "GET /manga/wotaku-ni-koi-wa-muzukashii-chapter-57-2/ HTTP/1.1" 200 41880 "-" "Mozilla/5.0 (X11; Linux x86_64) AppleWebKit/537.36 (KHTML, like Gecko) Chrome/137.0.0.0 Safari/537.36"
51.222.253.15 - - [11/Jun/2025:10:28:43 -0400] "GET /um751127116.shtm HTTP/1.1" 301 0 "-" "Mozilla/5.0 (compatible; AhrefsBot/7.0; +http://ahrefs.com/robot/)"
49.145.240.187 - - [11/Jun/2025:10:28:45 -0400] "GET /manga/wotaku-ni-koi-wa-muzukashii-chapter-57-2/ HTTP/1.1" 304 0 "https://wotaku-manga.com/manga/wotaku-ni-koi-wa-muzukashii-chapter-57/" "Mozilla/5.0 (X11; Linux x86_64) AppleWebKit/537.36 (KHTML, like Gecko) Chrome/137.0.0.0 Safari/537.36"
162.0.232.193 - - [11/Jun/2025:10:28:48 -0400] "POST /wp-cron.php?doing_wp_cron=1749652127.9157180786132812500000 HTTP/1.1" 200 0 "-" "WordPress/6.8.1; https://wotaku-manga.com"
49.145.240.187 - - [11/Jun/2025:10:28:47 -0400] "POST /wp-admin/admin-ajax.php HTTP/1.1" 200 61 "https://wotaku-manga.com/manga/wotaku-ni-koi-wa-muzukashii-chapter-57-2/" "Mozilla/5.0 (X11; Linux x86_64) AppleWebKit/537.36 (KHTML, like Gecko) Chrome/137.0.0.0 Safari/537.36"
51.222.253.3 - - [11/Jun/2025:10:28:48 -0400] "GET /um791629318.shtm HTTP/1.1" 301 0 "-" "Mozilla/5.0 (compatible; AhrefsBot/7.0; +http://ahrefs.com/robot/)"
112.215.122.253 - - [11/Jun/2025:10:28:51 -0400] "GET /manga/wotaku-ni-koi-wa-muzukashii-chapter-51/ HTTP/1.1" 200 42162 "https://wotaku-manga.com/manga/wotaku-ni-koi-wa-muzukashii-chapter-50/" "Mozilla/5.0 (Linux; Android 10; K) AppleWebKit/537.36 (KHTML, like Gecko) Chrome/136.0.0.0 Mobile Safari/537.36"
162.0.232.193 - - [11/Jun/2025:10:28:58 -0400] "POST /wp-cron.php?doing_wp_cron=1749652138.3604190349578857421875 HTTP/1.1" 200 0 "-" "WordPress/6.8.1; https://wotaku-manga.com"
51.222.253.14 - - [11/Jun/2025:10:28:57 -0400] "GET /um861597268.shtm HTTP/1.1" 301 0 "-" "Mozilla/5.0 (compatible; AhrefsBot/7.0; +http://ahrefs.com/robot/)"
51.222.253.5 - - [11/Jun/2025:10:29:01 -0400] "GET /um90172328.shtm HTTP/1.1" 301 0 "-" "Mozilla/5.0 (compatible; AhrefsBot/7.0; +http://ahrefs.com/robot/)"
2a03:2880:f800:1:: - - [11/Jun/2025:10:29:02 -0400] "GET /shopdetail/128442535 HTTP/1.1" 301 0 "-" "meta-externalagent/1.1 (+https://developers.facebook.com/docs/sharing/webmasters/crawler)"
49.145.240.187 - - [11/Jun/2025:10:29:02 -0400] "GET /manga/wotaku-ni-koi-wa-muzukashii-chapter-58/ HTTP/1.1" 200 42055 "-" "Mozilla/5.0 (X11; Linux x86_64) AppleWebKit/537.36 (KHTML, like Gecko) Chrome/137.0.0.0 Safari/537.36"
49.145.240.187 - - [11/Jun/2025:10:29:03 -0400] "GET /manga/wotaku-ni-koi-wa-muzukashii-chapter-58/ HTTP/1.1" 304 0 "https://wotaku-manga.com/manga/wotaku-ni-koi-wa-muzukashii-chapter-57-2/" "Mozilla/5.0 (X11; Linux x86_64) AppleWebKit/537.36 (KHTML, like Gecko) Chrome/137.0.0.0 Safari/537.36"
