Current File : /home/honehdyv/access-logs/wotaku-manga.honesthings.com-ssl_log
216.73.216.68 - - [13/Jun/2025:08:09:33 -0400] "GET /sitemap-child-1024.xml HTTP/1.1" 200 11358 "-" "Mozilla/5.0 AppleWebKit/537.36 (KHTML, like Gecko; compatible; ClaudeBot/1.0; [email protected])"
180.195.255.52 - - [13/Jun/2025:08:09:48 -0400] "GET /manga/wotakoi-love-is-hard-for-otaku-chapter-84/ HTTP/1.1" 200 44990 "-" "Mozilla/5.0 (X11; Linux x86_64) AppleWebKit/537.36 (KHTML, like Gecko) Chrome/137.0.0.0 Safari/537.36"
188.217.48.158 - - [13/Jun/2025:08:09:58 -0400] "GET /manga/wotakoi-love-is-hard-for-otaku-chapter-86/ HTTP/1.1" 304 0 "-" "Mozilla/5.0 (Linux; Android 15; SM-A536B Build/AP3A.240905.015.A2; wv) AppleWebKit/537.36 (KHTML, like Gecko) Version/4.0 Chrome/137.0.7151.88 Mobile Safari/537.36"
188.217.48.158 - - [13/Jun/2025:08:10:00 -0400] "GET / HTTP/1.1" 304 0 "-" "Mozilla/5.0 (Linux; Android 15; SM-A536B Build/AP3A.240905.015.A2; wv) AppleWebKit/537.36 (KHTML, like Gecko) Version/4.0 Chrome/137.0.7151.88 Mobile Safari/537.36"
162.0.232.193 - - [13/Jun/2025:08:10:12 -0400] "POST /wp-cron.php?doing_wp_cron=1749816612.1956250667572021484375 HTTP/1.1" 200 0 "-" "WordPress/6.8.1; https://wotaku-manga.com"
2a03:2880:f800:1b:: - - [13/Jun/2025:08:10:10 -0400] "GET /shopdetail/114277335 HTTP/1.1" 301 0 "-" "meta-externalagent/1.1 (+https://developers.facebook.com/docs/sharing/webmasters/crawler)"
2a03:2880:f800:1b:: - - [13/Jun/2025:08:10:15 -0400] "GET / HTTP/1.1" 200 37331 "-" "meta-externalagent/1.1 (+https://developers.facebook.com/docs/sharing/webmasters/crawler)"
216.73.216.68 - - [13/Jun/2025:08:10:27 -0400] "GET /sitemap-child-2614.xml HTTP/1.1" 200 11441 "-" "Mozilla/5.0 AppleWebKit/537.36 (KHTML, like Gecko; compatible; ClaudeBot/1.0; [email protected])"
66.249.66.39 - - [13/Jun/2025:08:11:07 -0400] "GET /djp/vicargeneral2017333073.shtm HTTP/1.1" 200 82174 "-" "Mozilla/5.0 (Linux; Android 6.0.1; Nexus 5X Build/MMB29P) AppleWebKit/537.36 (KHTML, like Gecko) Chrome/136.0.7103.113 Mobile Safari/537.36 (compatible; Googlebot/2.1; +http://www.google.com/bot.html)"
113.190.42.194 - - [13/Jun/2025:08:11:51 -0400] "GET / HTTP/1.1" 200 37331 "https://coccoc.com/search?query=wotaku+ni+koi+wa+muzukashii+wotakoi+chap+1&spos=1" "Mozilla/5.0 (Windows NT 10.0; Win64; x64) AppleWebKit/537.36 (KHTML, like Gecko) Chrome/136.0.0.0 Safari/537.36"
113.190.42.194 - - [13/Jun/2025:08:11:58 -0400] "GET /manga/wotaku-ni-koi-wa-muzukashii-chapter-40/ HTTP/1.1" 200 41803 "https://wotaku-manga.com/" "Mozilla/5.0 (Windows NT 10.0; Win64; x64) AppleWebKit/537.36 (KHTML, like Gecko) Chrome/136.0.0.0 Safari/537.36"
66.249.66.15 - - [13/Jun/2025:08:12:00 -0400] "GET /h/isthmuses/1453261065.shtm HTTP/1.1" 200 81736 "-" "Mozilla/5.0 (Linux; Android 6.0.1; Nexus 5X Build/MMB29P) AppleWebKit/537.36 (KHTML, like Gecko) Chrome/136.0.7103.113 Mobile Safari/537.36 (compatible; GoogleOther)"
122.148.52.219 - - [13/Jun/2025:08:12:09 -0400] "GET /manga/wotaku-ni-koi-wa-muzukashii-chapter-49/ HTTP/1.1" 200 42515 "-" "Mozilla/5.0 (Linux; U; Android 2.0; en-us;) AppleWebKit/538.1 (KHTML, like Gecko) Version/4.0 Mobile Safari/538.1 (Kobo Touch 0386/4.38.23171)"
66.249.66.36 - - [13/Jun/2025:08:12:20 -0400] "GET /ke/50031726.shtm HTTP/1.1" 200 81318 "-" "Mozilla/5.0 (Linux; Android 6.0.1; Nexus 5X Build/MMB29P) AppleWebKit/537.36 (KHTML, like Gecko) Chrome/136.0.7103.113 Mobile Safari/537.36 (compatible; Googlebot/2.1; +http://www.google.com/bot.html)"
66.249.66.3 - - [13/Jun/2025:08:12:22 -0400] "GET /ee/overdate58794740.shtm HTTP/1.1" 200 81792 "-" "Mozilla/5.0 (Linux; Android 6.0.1; Nexus 5X Build/MMB29P) AppleWebKit/537.36 (KHTML, like Gecko) Chrome/136.0.7103.113 Mobile Safari/537.36 (compatible; Googlebot/2.1; +http://www.google.com/bot.html)"
86.27.117.33 - - [13/Jun/2025:08:12:26 -0400] "GET /manga/wotakoi-love-is-hard-for-otaku-chapter-86/ HTTP/1.1" 200 45294 "https://wotaku-manga.com/manga/wotakoi-love-is-hard-for-otaku-chapter-85/" "Mozilla/5.0 (Linux; Android 10; K) AppleWebKit/537.36 (KHTML, like Gecko) Chrome/137.0.0.0 Mobile Safari/537.36"
86.27.117.33 - - [13/Jun/2025:08:12:25 -0400] "GET /tag/wotaku-ni-koi-wa-muzukashii/ HTTP/1.1" 301 0 "https://wotaku-manga.com/manga/wotakoi-love-is-hard-for-otaku-chapter-85/" "Mozilla/5.0 (Linux; Android 10; K) AppleWebKit/537.36 (KHTML, like Gecko) Chrome/137.0.0.0 Mobile Safari/537.36"
162.0.232.193 - - [13/Jun/2025:08:12:28 -0400] "POST /wp-cron.php?doing_wp_cron=1749816748.9065830707550048828125 HTTP/1.1" 200 0 "-" "WordPress/6.8.1; https://wotaku-manga.com"
86.27.117.33 - - [13/Jun/2025:08:12:28 -0400] "POST /wp-admin/admin-ajax.php HTTP/1.1" 200 61 "https://wotaku-manga.com/manga/wotakoi-love-is-hard-for-otaku-chapter-86/" "Mozilla/5.0 (Linux; Android 10; K) AppleWebKit/537.36 (KHTML, like Gecko) Chrome/137.0.0.0 Mobile Safari/537.36"
66.249.66.14 - - [13/Jun/2025:08:12:59 -0400] "GET /l/2017513493.shtm HTTP/1.1" 200 82392 "-" "Mozilla/5.0 (Linux; Android 6.0.1; Nexus 5X Build/MMB29P) AppleWebKit/537.36 (KHTML, like Gecko) Chrome/136.0.7103.113 Mobile Safari/537.36 (compatible; Googlebot/2.1; +http://www.google.com/bot.html)"
66.249.66.1 - - [13/Jun/2025:08:12:59 -0400] "GET /saw/59736868.shtm HTTP/1.1" 200 81821 "-" "Mozilla/5.0 (Linux; Android 6.0.1; Nexus 5X Build/MMB29P) AppleWebKit/537.36 (KHTML, like Gecko) Chrome/136.0.7103.113 Mobile Safari/537.36 (compatible; Googlebot/2.1; +http://www.google.com/bot.html)"
66.249.66.64 - - [13/Jun/2025:08:13:36 -0400] "GET /v45710291.shtm HTTP/1.1" 200 81243 "-" "Mozilla/5.0 (Linux; Android 6.0.1; Nexus 5X Build/MMB29P) AppleWebKit/537.36 (KHTML, like Gecko) Chrome/136.0.7103.113 Mobile Safari/537.36 (compatible; Googlebot/2.1; +http://www.google.com/bot.html)"
66.249.66.64 - - [13/Jun/2025:08:13:37 -0400] "GET /s/detail/hoplite50037078.shtm HTTP/1.1" 200 81626 "-" "Mozilla/5.0 (Linux; Android 6.0.1; Nexus 5X Build/MMB29P) AppleWebKit/537.36 (KHTML, like Gecko) Chrome/136.0.7103.113 Mobile Safari/537.36 (compatible; Googlebot/2.1; +http://www.google.com/bot.html)"
66.249.66.64 - - [13/Jun/2025:08:13:38 -0400] "GET /uwu/51430334.shtm HTTP/1.1" 200 81955 "-" "Mozilla/5.0 (Linux; Android 6.0.1; Nexus 5X Build/MMB29P) AppleWebKit/537.36 (KHTML, like Gecko) Chrome/136.0.7103.113 Mobile Safari/537.36 (compatible; Googlebot/2.1; +http://www.google.com/bot.html)"
2601:402:c202:460:cc55:b951:cdc7:6c6e - - [13/Jun/2025:08:14:50 -0400] "GET /category/wotakoi-love-is-hard-for-otaku-manga-ending/ HTTP/1.1" 304 0 "https://wotaku-manga.com/manga/wotaku-ni-koi-wa-muzukashii-chapter-36/" "Mozilla/5.0 (Linux; Android 10; K) AppleWebKit/537.36 (KHTML, like Gecko) Chrome/137.0.0.0 Mobile Safari/537.36"
2601:402:c202:460:cc55:b951:cdc7:6c6e - - [13/Jun/2025:08:14:50 -0400] "GET /category/wotakoi-love-is-hard-for-otaku-manga-ending/ HTTP/1.1" 304 0 "https://wotaku-manga.com/manga/wotaku-ni-koi-wa-muzukashii-chapter-36/" "Mozilla/5.0 (Linux; Android 10; K) AppleWebKit/537.36 (KHTML, like Gecko) Chrome/137.0.0.0 Mobile Safari/537.36"
66.249.66.78 - - [13/Jun/2025:08:14:50 -0400] "GET /io/heathendom2017477528.shtm HTTP/1.1" 200 81797 "-" "Mozilla/5.0 (Linux; Android 6.0.1; Nexus 5X Build/MMB29P) AppleWebKit/537.36 (KHTML, like Gecko) Chrome/136.0.7103.113 Mobile Safari/537.36 (compatible; Googlebot/2.1; +http://www.google.com/bot.html)"
2601:402:c202:460:cc55:b951:cdc7:6c6e - - [13/Jun/2025:08:14:51 -0400] "GET /manga/wotaku-ni-koi-wa-muzukashii-chapter-37/ HTTP/1.1" 200 42964 "https://wotaku-manga.com/manga/wotaku-ni-koi-wa-muzukashii-chapter-36/" "Mozilla/5.0 (Linux; Android 10; K) AppleWebKit/537.36 (KHTML, like Gecko) Chrome/137.0.0.0 Mobile Safari/537.36"
66.249.66.66 - - [13/Jun/2025:08:14:51 -0400] "GET /y49250066.shtm HTTP/1.1" 200 83796 "-" "Mozilla/5.0 (Linux; Android 6.0.1; Nexus 5X Build/MMB29P) AppleWebKit/537.36 (KHTML, like Gecko) Chrome/136.0.7103.113 Mobile Safari/537.36 (compatible; Googlebot/2.1; +http://www.google.com/bot.html)"
216.73.216.68 - - [13/Jun/2025:08:15:16 -0400] "GET /sitemap-child-1476.xml HTTP/1.1" 200 11224 "-" "Mozilla/5.0 AppleWebKit/537.36 (KHTML, like Gecko; compatible; ClaudeBot/1.0; [email protected])"
162.0.232.193 - - [13/Jun/2025:08:15:25 -0400] "POST /wp-cron.php?doing_wp_cron=1749816925.2315189838409423828125 HTTP/1.1" 200 0 "-" "WordPress/6.8.1; https://wotaku-manga.com"
2a03:2880:f800:8:: - - [13/Jun/2025:08:15:24 -0400] "GET /shopdetail/263734535 HTTP/1.1" 301 0 "-" "meta-externalagent/1.1 (+https://developers.facebook.com/docs/sharing/webmasters/crawler)"
66.249.66.78 - - [13/Jun/2025:08:15:28 -0400] "GET /n1295234371.shtm HTTP/1.1" 200 81290 "-" "Mozilla/5.0 (Linux; Android 6.0.1; Nexus 5X Build/MMB29P) AppleWebKit/537.36 (KHTML, like Gecko) Chrome/136.0.7103.113 Mobile Safari/537.36 (compatible; Googlebot/2.1; +http://www.google.com/bot.html)"
2a03:2880:f800:13:: - - [13/Jun/2025:08:15:30 -0400] "GET /shopdetail/128403335 HTTP/1.1" 301 0 "-" "meta-externalagent/1.1 (+https://developers.facebook.com/docs/sharing/webmasters/crawler)"
2a03:2880:f800:4:: - - [13/Jun/2025:08:15:32 -0400] "GET / HTTP/1.1" 200 37331 "-" "meta-externalagent/1.1 (+https://developers.facebook.com/docs/sharing/webmasters/crawler)"
122.148.52.155 - - [13/Jun/2025:08:15:51 -0400] "GET /manga/wotaku-ni-koi-wa-muzukashii-chapter-50/ HTTP/1.1" 200 41393 "-" "Mozilla/5.0 (Linux; U; Android 2.0; en-us;) AppleWebKit/538.1 (KHTML, like Gecko) Version/4.0 Mobile Safari/538.1 (Kobo Touch 0386/4.38.23171)"
180.195.255.52 - - [13/Jun/2025:08:16:13 -0400] "GET /manga/wotakoi-love-is-hard-for-otaku-chapter-85/ HTTP/1.1" 200 43103 "-" "Mozilla/5.0 (X11; Linux x86_64) AppleWebKit/537.36 (KHTML, like Gecko) Chrome/137.0.0.0 Safari/537.36"
66.249.66.77 - - [13/Jun/2025:08:16:40 -0400] "GET /fwd/2017387297.shtm HTTP/1.1" 200 81753 "-" "Mozilla/5.0 (Linux; Android 6.0.1; Nexus 5X Build/MMB29P) AppleWebKit/537.36 (KHTML, like Gecko) Chrome/136.0.7103.113 Mobile Safari/537.36 (compatible; Googlebot/2.1; +http://www.google.com/bot.html)"
182.1.69.76 - - [13/Jun/2025:08:16:51 -0400] "GET / HTTP/1.1" 200 37993 "https://wotaku-manga.com/manga/wotakoi-love-is-hard-for-otaku-chapter-65/" "Mozilla/5.0 (Linux; Android 10; K) AppleWebKit/537.36 (KHTML, like Gecko) Chrome/136.0.0.0 Mobile Safari/537.36"
162.0.232.193 - - [13/Jun/2025:08:17:09 -0400] "POST /wp-cron.php?doing_wp_cron=1749817029.1346869468688964843750 HTTP/1.1" 200 0 "-" "WordPress/6.8.1; https://wotaku-manga.com"
2a03:2880:f800:15:: - - [13/Jun/2025:08:17:08 -0400] "GET /shopdetail/320130435 HTTP/1.1" 301 0 "-" "meta-externalagent/1.1 (+https://developers.facebook.com/docs/sharing/webmasters/crawler)"
86.27.117.33 - - [13/Jun/2025:08:17:09 -0400] "GET /category/wotakoi-love-is-hard-for-otaku-manga-read-online/ HTTP/1.1" 304 0 "https://wotaku-manga.com/manga/wotakoi-love-is-hard-for-otaku-chapter-86/" "Mozilla/5.0 (Linux; Android 10; K) AppleWebKit/537.36 (KHTML, like Gecko) Chrome/137.0.0.0 Mobile Safari/537.36"
86.27.117.33 - - [13/Jun/2025:08:17:09 -0400] "GET /category/wotakoi-love-is-hard-for-otaku-manga-read-online/ HTTP/1.1" 304 0 "https://wotaku-manga.com/manga/wotakoi-love-is-hard-for-otaku-chapter-86/" "Mozilla/5.0 (Linux; Android 10; K) AppleWebKit/537.36 (KHTML, like Gecko) Chrome/137.0.0.0 Mobile Safari/537.36"
86.27.117.33 - - [13/Jun/2025:08:17:10 -0400] "GET /manga/wotakoi-love-is-hard-for-otaku-chapter-87/ HTTP/1.1" 200 40745 "https://wotaku-manga.com/manga/wotakoi-love-is-hard-for-otaku-chapter-86/" "Mozilla/5.0 (Linux; Android 10; K) AppleWebKit/537.36 (KHTML, like Gecko) Chrome/137.0.0.0 Mobile Safari/537.36"
2a03:2880:f800:b:: - - [13/Jun/2025:08:17:10 -0400] "GET / HTTP/1.1" 200 37331 "-" "meta-externalagent/1.1 (+https://developers.facebook.com/docs/sharing/webmasters/crawler)"
66.249.66.72 - - [13/Jun/2025:08:17:16 -0400] "GET /dp/detail/rustcolored/1722693195.shtm HTTP/1.1" 200 81405 "-" "Mozilla/5.0 (Linux; Android 6.0.1; Nexus 5X Build/MMB29P) AppleWebKit/537.36 (KHTML, like Gecko) Chrome/136.0.7103.113 Mobile Safari/537.36 (compatible; Googlebot/2.1; +http://www.google.com/bot.html)"
66.249.66.64 - - [13/Jun/2025:08:17:19 -0400] "GET /v59861019.shtm HTTP/1.1" 200 81556 "-" "Mozilla/5.0 (Linux; Android 6.0.1; Nexus 5X Build/MMB29P) AppleWebKit/537.36 (KHTML, like Gecko) Chrome/136.0.7103.113 Mobile Safari/537.36 (compatible; Googlebot/2.1; +http://www.google.com/bot.html)"
182.1.69.76 - - [13/Jun/2025:08:17:59 -0400] "GET /category/wotakoi-love-is-hard-for-otaku-manga-set/ HTTP/1.1" 200 46514 "https://wotaku-manga.com/manga/wotakoi-love-is-hard-for-otaku-chapter-65/" "Mozilla/5.0 (Linux; Android 10; K) AppleWebKit/537.36 (KHTML, like Gecko) Chrome/136.0.0.0 Mobile Safari/537.36"
182.1.69.76 - - [13/Jun/2025:08:17:59 -0400] "GET /manga/wotaku-ni-koi-wa-muzukashii-chapter-65-2/ HTTP/1.1" 200 42946 "https://wotaku-manga.com/manga/wotakoi-love-is-hard-for-otaku-chapter-65/" "Mozilla/5.0 (Linux; Android 10; K) AppleWebKit/537.36 (KHTML, like Gecko) Chrome/136.0.0.0 Mobile Safari/537.36"
162.0.232.193 - - [13/Jun/2025:08:18:03 -0400] "POST /wp-cron.php?doing_wp_cron=1749817083.4354710578918457031250 HTTP/1.1" 200 0 "-" "WordPress/6.8.1; https://wotaku-manga.com"
182.1.69.76 - - [13/Jun/2025:08:18:03 -0400] "POST /wp-admin/admin-ajax.php HTTP/1.1" 200 61 "https://wotaku-manga.com/manga/wotaku-ni-koi-wa-muzukashii-chapter-65-2/" "Mozilla/5.0 (Linux; Android 10; K) AppleWebKit/537.36 (KHTML, like Gecko) Chrome/136.0.0.0 Mobile Safari/537.36"
182.1.69.76 - - [13/Jun/2025:08:18:04 -0400] "GET /wotakoi-story/ HTTP/1.1" 200 40799 "https://wotaku-manga.com/manga/wotaku-ni-koi-wa-muzukashii-chapter-65-2/" "Mozilla/5.0 (Linux; Android 10; K) AppleWebKit/537.36 (KHTML, like Gecko) Chrome/136.0.0.0 Mobile Safari/537.36"
2601:402:c202:460:cc55:b951:cdc7:6c6e - - [13/Jun/2025:08:18:20 -0400] "GET /category/wotakoi-love-is-hard-for-otaku-manga-set/ HTTP/1.1" 200 46514 "https://wotaku-manga.com/manga/wotaku-ni-koi-wa-muzukashii-chapter-37/" "Mozilla/5.0 (Linux; Android 10; K) AppleWebKit/537.36 (KHTML, like Gecko) Chrome/137.0.0.0 Mobile Safari/537.36"
2601:402:c202:460:cc55:b951:cdc7:6c6e - - [13/Jun/2025:08:18:21 -0400] "GET /tag/read-wotakoi/ HTTP/1.1" 301 0 "https://wotaku-manga.com/manga/wotaku-ni-koi-wa-muzukashii-chapter-37/" "Mozilla/5.0 (Linux; Android 10; K) AppleWebKit/537.36 (KHTML, like Gecko) Chrome/137.0.0.0 Mobile Safari/537.36"
2601:402:c202:460:cc55:b951:cdc7:6c6e - - [13/Jun/2025:08:18:22 -0400] "GET /manga/wotaku-ni-koi-wa-muzukashii-chapter-37-5/ HTTP/1.1" 200 42596 "https://wotaku-manga.com/manga/wotaku-ni-koi-wa-muzukashii-chapter-37/" "Mozilla/5.0 (Linux; Android 10; K) AppleWebKit/537.36 (KHTML, like Gecko) Chrome/137.0.0.0 Mobile Safari/537.36"
2601:402:c202:460:cc55:b951:cdc7:6c6e - - [13/Jun/2025:08:18:22 -0400] "GET / HTTP/1.1" 200 37993 "https://wotaku-manga.com/manga/wotaku-ni-koi-wa-muzukashii-chapter-37/" "Mozilla/5.0 (Linux; Android 10; K) AppleWebKit/537.36 (KHTML, like Gecko) Chrome/137.0.0.0 Mobile Safari/537.36"
2601:402:c202:460:cc55:b951:cdc7:6c6e - - [13/Jun/2025:08:18:23 -0400] "GET /wotakoi-volume-list/ HTTP/1.1" 200 40170 "https://wotaku-manga.com/manga/wotaku-ni-koi-wa-muzukashii-chapter-37-5/" "Mozilla/5.0 (Linux; Android 10; K) AppleWebKit/537.36 (KHTML, like Gecko) Chrome/137.0.0.0 Mobile Safari/537.36"
66.249.66.72 - - [13/Jun/2025:08:18:31 -0400] "GET /egs/2017633246.shtm HTTP/1.1" 200 80740 "-" "Mozilla/5.0 (Linux; Android 6.0.1; Nexus 5X Build/MMB29P) AppleWebKit/537.36 (KHTML, like Gecko) Chrome/136.0.7103.113 Mobile Safari/537.36 (compatible; Googlebot/2.1; +http://www.google.com/bot.html)"
66.249.66.75 - - [13/Jun/2025:08:18:32 -0400] "GET /xkv/53861179.shtm HTTP/1.1" 200 81650 "-" "Mozilla/5.0 (Linux; Android 6.0.1; Nexus 5X Build/MMB29P) AppleWebKit/537.36 (KHTML, like Gecko) Chrome/136.0.7103.113 Mobile Safari/537.36 (compatible; Googlebot/2.1; +http://www.google.com/bot.html)"
122.148.52.205 - - [13/Jun/2025:08:18:46 -0400] "GET /manga/wotaku-ni-koi-wa-muzukashii-chapter-50/ HTTP/1.1" 200 41393 "-" "Mozilla/5.0 (Linux; U; Android 2.0; en-us;) AppleWebKit/538.1 (KHTML, like Gecko) Version/4.0 Mobile Safari/538.1 (Kobo Touch 0386/4.38.23171)"
180.195.255.52 - - [13/Jun/2025:08:18:51 -0400] "GET /manga/wotakoi-love-is-hard-for-otaku-chapter-86/ HTTP/1.1" 200 44050 "-" "Mozilla/5.0 (X11; Linux x86_64) AppleWebKit/537.36 (KHTML, like Gecko) Chrome/137.0.0.0 Safari/537.36"
182.1.69.76 - - [13/Jun/2025:08:19:02 -0400] "GET /category/wotakoi-love-is-hard-for-otaku-manga-ending/ HTTP/1.1" 200 46206 "https://wotaku-manga.com/manga/wotaku-ni-koi-wa-muzukashii-chapter-65-2/" "Mozilla/5.0 (Linux; Android 10; K) AppleWebKit/537.36 (KHTML, like Gecko) Chrome/136.0.0.0 Mobile Safari/537.36"
182.1.69.76 - - [13/Jun/2025:08:19:02 -0400] "GET /manga/wotaku-ni-koi-wa-muzukashii-chapter-65-3/ HTTP/1.1" 200 43129 "https://wotaku-manga.com/manga/wotaku-ni-koi-wa-muzukashii-chapter-65-2/" "Mozilla/5.0 (Linux; Android 10; K) AppleWebKit/537.36 (KHTML, like Gecko) Chrome/136.0.0.0 Mobile Safari/537.36"
182.1.69.76 - - [13/Jun/2025:08:19:09 -0400] "GET / HTTP/1.1" 200 37993 "https://wotaku-manga.com/manga/wotaku-ni-koi-wa-muzukashii-chapter-65-3/" "Mozilla/5.0 (Linux; Android 10; K) AppleWebKit/537.36 (KHTML, like Gecko) Chrome/136.0.0.0 Mobile Safari/537.36"
122.148.52.101 - - [13/Jun/2025:08:19:10 -0400] "GET /manga/wotaku-ni-koi-wa-muzukashii-chapter-51/ HTTP/1.1" 200 42182 "-" "Mozilla/5.0 (Linux; U; Android 2.0; en-us;) AppleWebKit/538.1 (KHTML, like Gecko) Version/4.0 Mobile Safari/538.1 (Kobo Touch 0386/4.38.23171)"
182.1.69.76 - - [13/Jun/2025:08:19:16 -0400] "GET /tag/wotaku-ni-koi-wa-muzukashii/ HTTP/1.1" 301 0 "https://wotaku-manga.com/manga/wotaku-ni-koi-wa-muzukashii-chapter-65-2/" "Mozilla/5.0 (Linux; Android 10; K) AppleWebKit/537.36 (KHTML, like Gecko) Chrome/136.0.0.0 Mobile Safari/537.36"
216.73.216.68 - - [13/Jun/2025:08:19:37 -0400] "GET /sitemap-child-572.xml HTTP/1.1" 200 11400 "-" "Mozilla/5.0 AppleWebKit/537.36 (KHTML, like Gecko; compatible; ClaudeBot/1.0; [email protected])"
216.73.216.68 - - [13/Jun/2025:08:19:37 -0400] "GET /sitemap-child-1835.xml HTTP/1.1" 200 11400 "-" "Mozilla/5.0 AppleWebKit/537.36 (KHTML, like Gecko; compatible; ClaudeBot/1.0; [email protected])"
216.73.216.68 - - [13/Jun/2025:08:19:37 -0400] "GET /sitemap-child-1114.xml HTTP/1.1" 200 11400 "-" "Mozilla/5.0 AppleWebKit/537.36 (KHTML, like Gecko; compatible; ClaudeBot/1.0; [email protected])"
66.249.66.74 - - [13/Jun/2025:08:19:44 -0400] "GET /au/commendam65039462.shtm HTTP/1.1" 200 81659 "-" "Mozilla/5.0 (Linux; Android 6.0.1; Nexus 5X Build/MMB29P) AppleWebKit/537.36 (KHTML, like Gecko) Chrome/136.0.7103.113 Mobile Safari/537.36 (compatible; Googlebot/2.1; +http://www.google.com/bot.html)"
66.249.66.74 - - [13/Jun/2025:08:19:45 -0400] "GET /p/flawy56355511.shtm HTTP/1.1" 200 81687 "-" "Mozilla/5.0 (Linux; Android 6.0.1; Nexus 5X Build/MMB29P) AppleWebKit/537.36 (KHTML, like Gecko) Chrome/136.0.7103.113 Mobile Safari/537.36 (compatible; Googlebot/2.1; +http://www.google.com/bot.html)"
66.249.66.70 - - [13/Jun/2025:08:19:47 -0400] "GET /q/remugient/1722297156.shtm HTTP/1.1" 200 81443 "-" "Mozilla/5.0 (Linux; Android 6.0.1; Nexus 5X Build/MMB29P) AppleWebKit/537.36 (KHTML, like Gecko) Chrome/136.0.7103.113 Mobile Safari/537.36 (compatible; Googlebot/2.1; +http://www.google.com/bot.html)"
182.1.69.76 - - [13/Jun/2025:08:20:12 -0400] "GET /category/wotakoi-love-is-hard-for-otaku-manga-set/ HTTP/1.1" 200 46514 "https://wotaku-manga.com/manga/wotaku-ni-koi-wa-muzukashii-chapter-65-2/" "Mozilla/5.0 (Linux; Android 10; K) AppleWebKit/537.36 (KHTML, like Gecko) Chrome/136.0.0.0 Mobile Safari/537.36"
182.1.69.76 - - [13/Jun/2025:08:20:12 -0400] "GET /tag/wotakoi-love-is-hard-for-otaku/ HTTP/1.1" 301 0 "https://wotaku-manga.com/manga/wotaku-ni-koi-wa-muzukashii-chapter-65-2/" "Mozilla/5.0 (Linux; Android 10; K) AppleWebKit/537.36 (KHTML, like Gecko) Chrome/136.0.0.0 Mobile Safari/537.36"
5.189.188.40 - - [13/Jun/2025:08:20:19 -0400] "GET /wp-content/plugins/HelloDollyV2/hello_dolly_v2.php HTTP/1.1" 200 0 "www.google.com" "Mozlila/5.0 (Linux; Android 7.0; SM-G892A Bulid/NRD90M; wv) AppleWebKit/537.36 (KHTML, like Gecko) Version/4.0 Chrome/60.0.3112.107 Moblie Safari/537.36"
66.249.66.71 - - [13/Jun/2025:08:20:23 -0400] "GET /pwv/1722419759.shtm HTTP/1.1" 200 82428 "-" "Mozilla/5.0 (Linux; Android 6.0.1; Nexus 5X Build/MMB29P) AppleWebKit/537.36 (KHTML, like Gecko) Chrome/136.0.7103.113 Mobile Safari/537.36 (compatible; Googlebot/2.1; +http://www.google.com/bot.html)"
66.249.66.74 - - [13/Jun/2025:08:20:24 -0400] "GET /nyf/stoccade/88969639.shtm HTTP/1.1" 200 81369 "-" "Mozilla/5.0 (Linux; Android 6.0.1; Nexus 5X Build/MMB29P) AppleWebKit/537.36 (KHTML, like Gecko) Chrome/136.0.7103.113 Mobile Safari/537.36 (compatible; Googlebot/2.1; +http://www.google.com/bot.html)"
47.82.60.14 - - [13/Jun/2025:08:20:50 -0400] "GET /wp-includes/sodium_compat/namespaced/Core/Curve25519/Ge/error_log HTTP/1.1" 403 1242 "https://wotaku-manga.com/wp-includes/sodium_compat/namespaced/Core/Curve25519/Ge/error_log" "Mozilla/5.0 (Windows NT 10.0; Win64; x64) AppleWebKit/537.36 (KHTML, like Gecko) Chrome/114.0.0.0 Safari/537.36 Edg/114.0.1823.43"
216.73.216.68 - - [13/Jun/2025:08:21:00 -0400] "GET /sitemap-hot-2996995.xml HTTP/1.1" 200 11289 "-" "Mozilla/5.0 AppleWebKit/537.36 (KHTML, like Gecko; compatible; ClaudeBot/1.0; [email protected])"
66.249.66.73 - - [13/Jun/2025:08:21:01 -0400] "GET /woo/58736198.shtm HTTP/1.1" 200 81676 "-" "Mozilla/5.0 (Linux; Android 6.0.1; Nexus 5X Build/MMB29P) AppleWebKit/537.36 (KHTML, like Gecko) Chrome/136.0.7103.113 Mobile Safari/537.36 (compatible; Googlebot/2.1; +http://www.google.com/bot.html)"
180.195.255.52 - - [13/Jun/2025:08:21:26 -0400] "GET /manga/wotakoi-love-is-hard-for-otaku-chapter-87/ HTTP/1.1" 200 40072 "-" "Mozilla/5.0 (X11; Linux x86_64) AppleWebKit/537.36 (KHTML, like Gecko) Chrome/137.0.0.0 Safari/537.36"
162.0.232.193 - - [13/Jun/2025:08:21:58 -0400] "POST /wp-cron.php?doing_wp_cron=1749817318.7274060249328613281250 HTTP/1.1" 200 0 "-" "WordPress/6.8.1; https://wotaku-manga.com"
2a03:2880:f800:5:: - - [13/Jun/2025:08:21:58 -0400] "GET /shopdetail/412819335 HTTP/1.1" 301 0 "-" "meta-externalagent/1.1 (+https://developers.facebook.com/docs/sharing/webmasters/crawler)"
2a03:2880:f800:11:: - - [13/Jun/2025:08:22:00 -0400] "GET / HTTP/1.1" 200 37430 "-" "meta-externalagent/1.1 (+https://developers.facebook.com/docs/sharing/webmasters/crawler)"
66.249.66.70 - - [13/Jun/2025:08:22:13 -0400] "GET /ck/connivance/2017718622.shtm HTTP/1.1" 200 81636 "-" "Mozilla/5.0 (Linux; Android 6.0.1; Nexus 5X Build/MMB29P) AppleWebKit/537.36 (KHTML, like Gecko) Chrome/136.0.7103.113 Mobile Safari/537.36 (compatible; Googlebot/2.1; +http://www.google.com/bot.html)"
66.249.66.70 - - [13/Jun/2025:08:22:14 -0400] "GET /q/backward/1722313734.shtm HTTP/1.1" 200 81706 "-" "Mozilla/5.0 (Linux; Android 6.0.1; Nexus 5X Build/MMB29P) AppleWebKit/537.36 (KHTML, like Gecko) Chrome/136.0.7103.113 Mobile Safari/537.36 (compatible; Googlebot/2.1; +http://www.google.com/bot.html)"
162.0.232.193 - - [13/Jun/2025:08:22:28 -0400] "POST /wp-cron.php?doing_wp_cron=1749817348.8984150886535644531250 HTTP/1.1" 200 0 "-" "WordPress/6.8.1; https://wotaku-manga.com"
2604:a880:800:a1::17f:d001 - - [13/Jun/2025:08:22:28 -0400] "POST /xmlrpc.php HTTP/1.1" 200 186 "-" "Mozilla/5.0 (Windows NT 10.0; Win64; x64; rv:76.0) Gecko/20100101 Firefox/76.0"
66.249.66.70 - - [13/Jun/2025:08:24:02 -0400] "GET /d/detail/abrotanum2017491555.shtm HTTP/1.1" 200 81883 "-" "Mozilla/5.0 (Linux; Android 6.0.1; Nexus 5X Build/MMB29P) AppleWebKit/537.36 (KHTML, like Gecko) Chrome/136.0.7103.113 Mobile Safari/537.36 (compatible; Googlebot/2.1; +http://www.google.com/bot.html)"
66.249.66.72 - - [13/Jun/2025:08:24:04 -0400] "GET /jl/product/communicating/1722239933.shtm HTTP/1.1" 200 81237 "-" "Mozilla/5.0 (Linux; Android 6.0.1; Nexus 5X Build/MMB29P) AppleWebKit/537.36 (KHTML, like Gecko) Chrome/136.0.7103.113 Mobile Safari/537.36 (compatible; Googlebot/2.1; +http://www.google.com/bot.html)"
122.148.52.101 - - [13/Jun/2025:08:24:04 -0400] "GET /tag/manga/ HTTP/1.1" 200 0 "-" "Mozilla/5.0 (Linux; U; Android 2.0; en-us;) AppleWebKit/538.1 (KHTML, like Gecko) Version/4.0 Mobile Safari/538.1 (Kobo Touch 0386/4.38.23171)"
122.148.52.101 - - [13/Jun/2025:08:24:20 -0400] "GET /manga/wotaku-ni-koi-wa-muzukashii-chapter-52/ HTTP/1.1" 200 0 "-" "Mozilla/5.0 (Linux; U; Android 2.0; en-us;) AppleWebKit/538.1 (KHTML, like Gecko) Version/4.0 Mobile Safari/538.1 (Kobo Touch 0386/4.38.23171)"
122.148.52.219 - - [13/Jun/2025:08:24:24 -0400] "GET /manga/wotaku-ni-koi-wa-muzukashii-chapter-52/ HTTP/1.1" 200 42290 "-" "Mozilla/5.0 (Linux; U; Android 2.0; en-us;) AppleWebKit/538.1 (KHTML, like Gecko) Version/4.0 Mobile Safari/538.1 (Kobo Touch 0386/4.38.23171)"
182.1.69.76 - - [13/Jun/2025:08:24:35 -0400] "GET /manga/wotaku-ni-koi-wa-muzukashii-chapter-65-2/ HTTP/1.1" 200 42946 "https://wotaku-manga.com/manga/wotaku-ni-koi-wa-muzukashii-chapter-65-3/" "Mozilla/5.0 (Linux; Android 10; K) AppleWebKit/537.36 (KHTML, like Gecko) Chrome/136.0.0.0 Mobile Safari/537.36"
182.1.69.76 - - [13/Jun/2025:08:24:35 -0400] "GET /manga/wotakoi-love-is-hard-for-otaku-chapter-66/ HTTP/1.1" 200 43186 "https://wotaku-manga.com/manga/wotaku-ni-koi-wa-muzukashii-chapter-65-3/" "Mozilla/5.0 (Linux; Android 10; K) AppleWebKit/537.36 (KHTML, like Gecko) Chrome/136.0.0.0 Mobile Safari/537.36"
182.1.69.76 - - [13/Jun/2025:08:24:35 -0400] "GET /tag/narumi-momose/ HTTP/1.1" 301 0 "https://wotaku-manga.com/manga/wotaku-ni-koi-wa-muzukashii-chapter-65-3/" "Mozilla/5.0 (Linux; Android 10; K) AppleWebKit/537.36 (KHTML, like Gecko) Chrome/136.0.0.0 Mobile Safari/537.36"
2804:2dd4:200f:8000:488f:7866:7424:2a2d - - [13/Jun/2025:08:24:36 -0400] "GET /manga/wotakoi-love-is-hard-for-otaku-chapter-0/ HTTP/1.1" 200 42047 "https://www.google.com/" "Mozilla/5.0 (Linux; Android 10; K) AppleWebKit/537.36 (KHTML, like Gecko) Chrome/137.0.0.0 Mobile Safari/537.36"
2804:2dd4:200f:8000:488f:7866:7424:2a2d - - [13/Jun/2025:08:24:39 -0400] "GET /wp-content/uploads/2021/11/cropped-stsmall507x507-pad600x600f8f8f8-1-180x180.jpeg HTTP/1.1" 200 6663 "https://wotaku-manga.com/manga/wotakoi-love-is-hard-for-otaku-chapter-0/" "Mozilla/5.0 (Linux; Android 10; K) AppleWebKit/537.36 (KHTML, like Gecko) Chrome/137.0.0.0 Mobile Safari/537.36"
2804:2dd4:200f:8000:488f:7866:7424:2a2d - - [13/Jun/2025:08:24:39 -0400] "GET /wp-content/themes/toivo-lite/js/functions.min.js?ver=1.2.0 HTTP/1.1" 304 0 "https://wotaku-manga.com/manga/wotakoi-love-is-hard-for-otaku-chapter-0/" "Mozilla/5.0 (Linux; Android 10; K) AppleWebKit/537.36 (KHTML, like Gecko) Chrome/137.0.0.0 Mobile Safari/537.36"
2804:2dd4:200f:8000:488f:7866:7424:2a2d - - [13/Jun/2025:08:24:39 -0400] "GET /wp-includes/js/jquery/jquery.min.js?ver=3.7.1 HTTP/1.1" 200 29744 "https://wotaku-manga.com/manga/wotakoi-love-is-hard-for-otaku-chapter-0/" "Mozilla/5.0 (Linux; Android 10; K) AppleWebKit/537.36 (KHTML, like Gecko) Chrome/137.0.0.0 Mobile Safari/537.36"
2804:2dd4:200f:8000:488f:7866:7424:2a2d - - [13/Jun/2025:08:24:39 -0400] "GET /wp-includes/js/jquery/jquery-migrate.min.js?ver=3.4.1 HTTP/1.1" 304 0 "https://wotaku-manga.com/manga/wotakoi-love-is-hard-for-otaku-chapter-0/" "Mozilla/5.0 (Linux; Android 10; K) AppleWebKit/537.36 (KHTML, like Gecko) Chrome/137.0.0.0 Mobile Safari/537.36"
2804:2dd4:200f:8000:488f:7866:7424:2a2d - - [13/Jun/2025:08:24:39 -0400] "GET /wp-content/plugins/simple-social-buttons/assets/js/frontend-blocks.js?ver=6.1.0 HTTP/1.1" 304 0 "https://wotaku-manga.com/manga/wotakoi-love-is-hard-for-otaku-chapter-0/" "Mozilla/5.0 (Linux; Android 10; K) AppleWebKit/537.36 (KHTML, like Gecko) Chrome/137.0.0.0 Mobile Safari/537.36"
2804:2dd4:200f:8000:488f:7866:7424:2a2d - - [13/Jun/2025:08:24:39 -0400] "GET /manga/wotakoi-love-is-hard-for-otaku-chapter-0/ HTTP/1.1" 200 42047 "https://wotaku-manga.com/manga/wotakoi-love-is-hard-for-otaku-chapter-0/" "Mozilla/5.0 (Linux; Android 10; K) AppleWebKit/537.36 (KHTML, like Gecko) Chrome/137.0.0.0 Mobile Safari/537.36"
162.0.232.193 - - [13/Jun/2025:08:24:42 -0400] "POST /wp-cron.php?doing_wp_cron=1749817482.5946569442749023437500 HTTP/1.1" 200 0 "-" "WordPress/6.8.1; https://wotaku-manga.com"
182.1.69.76 - - [13/Jun/2025:08:24:38 -0400] "POST /wp-admin/admin-ajax.php HTTP/1.1" 200 61 "https://wotaku-manga.com/manga/wotakoi-love-is-hard-for-otaku-chapter-66/" "Mozilla/5.0 (Linux; Android 10; K) AppleWebKit/537.36 (KHTML, like Gecko) Chrome/136.0.0.0 Mobile Safari/537.36"
162.0.232.193 - - [13/Jun/2025:08:24:48 -0400] "POST /wp-cron.php?doing_wp_cron=1749817487.8888270854949951171875 HTTP/1.1" 200 0 "-" "WordPress/6.8.1; https://wotaku-manga.com"
2a03:2880:f800:19:: - - [13/Jun/2025:08:24:46 -0400] "GET /shopdetail/433742935 HTTP/1.1" 301 0 "-" "meta-externalagent/1.1 (+https://developers.facebook.com/docs/sharing/webmasters/crawler)"
2a03:2880:f800:4:: - - [13/Jun/2025:08:24:49 -0400] "GET / HTTP/1.1" 200 37331 "-" "meta-externalagent/1.1 (+https://developers.facebook.com/docs/sharing/webmasters/crawler)"
2804:2dd4:200f:8000:488f:7866:7424:2a2d - - [13/Jun/2025:08:24:55 -0400] "GET /manga/wotakoi-love-is-hard-for-otaku-chapter-81/ HTTP/1.1" 200 42655 "https://wotaku-manga.com/manga/wotakoi-love-is-hard-for-otaku-chapter-0/" "Mozilla/5.0 (Linux; Android 10; K) AppleWebKit/537.36 (KHTML, like Gecko) Chrome/137.0.0.0 Mobile Safari/537.36"
2804:2dd4:200f:8000:488f:7866:7424:2a2d - - [13/Jun/2025:08:25:02 -0400] "GET /manga/wotakoi-love-is-hard-for-otaku-chapter-87/ HTTP/1.1" 200 40745 "https://wotaku-manga.com/manga/wotakoi-love-is-hard-for-otaku-chapter-0/" "Mozilla/5.0 (Linux; Android 10; K) AppleWebKit/537.36 (KHTML, like Gecko) Chrome/137.0.0.0 Mobile Safari/537.36"
2804:2dd4:200f:8000:488f:7866:7424:2a2d - - [13/Jun/2025:08:25:04 -0400] "GET /wp-content/uploads/2022/04/8mxi1g8v17821.webp HTTP/1.1" 200 57108 "https://wotaku-manga.com/manga/wotakoi-love-is-hard-for-otaku-chapter-87/" "Mozilla/5.0 (Linux; Android 10; K) AppleWebKit/537.36 (KHTML, like Gecko) Chrome/137.0.0.0 Mobile Safari/537.36"
2804:2dd4:200f:8000:488f:7866:7424:2a2d - - [13/Jun/2025:08:25:11 -0400] "GET /tag/volumes/ HTTP/1.1" 301 0 "https://wotaku-manga.com/manga/wotakoi-love-is-hard-for-otaku-chapter-87/" "Mozilla/5.0 (Linux; Android 10; K) AppleWebKit/537.36 (KHTML, like Gecko) Chrome/137.0.0.0 Mobile Safari/537.36"
2804:2dd4:200f:8000:488f:7866:7424:2a2d - - [13/Jun/2025:08:25:13 -0400] "GET / HTTP/1.1" 200 37993 "https://wotaku-manga.com/manga/wotakoi-love-is-hard-for-otaku-chapter-87/" "Mozilla/5.0 (Linux; Android 10; K) AppleWebKit/537.36 (KHTML, like Gecko) Chrome/137.0.0.0 Mobile Safari/537.36"
2804:2dd4:200f:8000:488f:7866:7424:2a2d - - [13/Jun/2025:08:25:13 -0400] "GET /manga/wotakoi-love-is-hard-for-otaku-chapter-85/ HTTP/1.1" 200 44355 "https://wotaku-manga.com/manga/wotakoi-love-is-hard-for-otaku-chapter-87/" "Mozilla/5.0 (Linux; Android 10; K) AppleWebKit/537.36 (KHTML, like Gecko) Chrome/137.0.0.0 Mobile Safari/537.36"
2806:267:6402:8bd1:c830:f55e:9b9e:8f08 - - [13/Jun/2025:08:25:31 -0400] "GET /wp-includes/js/comment-reply.min.js?ver=6.8.1 HTTP/1.1" 304 0 "https://wotaku-manga.com/manga/wotaku-ni-koi-wa-muzukashii-chapter-57/" "Mozilla/5.0 (iPhone; CPU iPhone OS 18_5 like Mac OS X) AppleWebKit/605.1.15 (KHTML, like Gecko) Version/18.5 Mobile/15E148 Safari/604.1"
162.0.232.193 - - [13/Jun/2025:08:25:33 -0400] "POST /wp-cron.php?doing_wp_cron=1749817533.8071570396423339843750 HTTP/1.1" 200 0 "-" "WordPress/6.8.1; https://wotaku-manga.com"
2806:267:6402:8bd1:c830:f55e:9b9e:8f08 - - [13/Jun/2025:08:25:32 -0400] "POST /wp-admin/admin-ajax.php HTTP/1.1" 200 61 "https://wotaku-manga.com/manga/wotaku-ni-koi-wa-muzukashii-chapter-57/" "Mozilla/5.0 (iPhone; CPU iPhone OS 18_5 like Mac OS X) AppleWebKit/605.1.15 (KHTML, like Gecko) Version/18.5 Mobile/15E148 Safari/604.1"
66.249.66.71 - - [13/Jun/2025:08:25:52 -0400] "GET /ea/items/jovially2017245802.shtm HTTP/1.1" 200 81307 "-" "Mozilla/5.0 (Linux; Android 6.0.1; Nexus 5X Build/MMB29P) AppleWebKit/537.36 (KHTML, like Gecko) Chrome/136.0.7103.113 Mobile Safari/537.36 (compatible; Googlebot/2.1; +http://www.google.com/bot.html)"
162.0.232.193 - - [13/Jun/2025:08:26:29 -0400] "POST /wp-cron.php?doing_wp_cron=1749817589.7848579883575439453125 HTTP/1.1" 200 0 "-" "WordPress/6.8.1; https://wotaku-manga.com"
2a03:2880:f800:d:: - - [13/Jun/2025:08:26:28 -0400] "GET /shopdetail/413846835 HTTP/1.1" 301 0 "-" "meta-externalagent/1.1 (+https://developers.facebook.com/docs/sharing/webmasters/crawler)"
2a03:2880:f800:5:: - - [13/Jun/2025:08:26:32 -0400] "GET / HTTP/1.1" 200 37331 "-" "meta-externalagent/1.1 (+https://developers.facebook.com/docs/sharing/webmasters/crawler)"
106.154.146.157 - - [13/Jun/2025:08:26:48 -0400] "GET /manga/wotakoi-love-is-hard-for-otaku-chapter-69-5/ HTTP/1.1" 200 41371 "-" "Mozilla/5.0 (iPad; CPU OS 18_5 like Mac OS X) AppleWebKit/605.1.15 (KHTML, like Gecko) Version/18.5 Mobile/15E148 Safari/604.1"
47.82.60.238 - - [13/Jun/2025:08:27:15 -0400] "GET /wp-includes/js/tinymce/skins/wordpress/images/script.svg HTTP/1.1" 200 506 "https://wotaku-manga.com/wp-includes/js/tinymce/skins/wordpress/images/script.svg" "Mozilla/5.0 (Windows NT 10.0; Win64; x64) AppleWebKit/537.36 (KHTML, like Gecko) Chrome/114.0.0.0 Safari/537.36 Edg/114.0.1823.43"
162.0.232.193 - - [13/Jun/2025:08:27:16 -0400] "POST /wp-cron.php?doing_wp_cron=1749817635.9094140529632568359375 HTTP/1.1" 200 0 "-" "WordPress/6.8.1; https://wotaku-manga.com"
106.154.146.157 - - [13/Jun/2025:08:27:14 -0400] "POST /wp-admin/admin-ajax.php HTTP/1.1" 200 61 "https://wotaku-manga.com/manga/wotakoi-love-is-hard-for-otaku-chapter-69-5/" "Mozilla/5.0 (iPad; CPU OS 18_5 like Mac OS X) AppleWebKit/605.1.15 (KHTML, like Gecko) Version/18.5 Mobile/15E148 Safari/604.1"
162.0.232.193 - - [13/Jun/2025:08:27:29 -0400] "POST /wp-cron.php?doing_wp_cron=1749817649.4900650978088378906250 HTTP/1.1" 200 0 "-" "WordPress/6.8.1; https://wotaku-manga.com"
178.128.250.184 - - [13/Jun/2025:08:27:29 -0400] "POST /xmlrpc.php HTTP/1.1" 200 186 "-" "Mozilla/5.0 (Windows NT 10.0; Win64; x64; rv:83.0) Gecko/20100101 Firefox/83.0"
66.249.66.75 - - [13/Jun/2025:08:27:39 -0400] "GET /zf51415863.shtm HTTP/1.1" 200 81802 "-" "Mozilla/5.0 (Linux; Android 6.0.1; Nexus 5X Build/MMB29P) AppleWebKit/537.36 (KHTML, like Gecko) Chrome/136.0.7103.113 Mobile Safari/537.36 (compatible; Googlebot/2.1; +http://www.google.com/bot.html)"
216.73.216.68 - - [13/Jun/2025:08:28:15 -0400] "GET /sitemap-child-906.xml HTTP/1.1" 200 11196 "-" "Mozilla/5.0 AppleWebKit/537.36 (KHTML, like Gecko; compatible; ClaudeBot/1.0; [email protected])"
196.77.34.12 - - [13/Jun/2025:08:28:31 -0400] "GET /wp-admin/ HTTP/1.1" 200 186 "-" "Mozilla/5.0 (Macintosh; Intel Mac OS X 10_15_7) AppleWebKit/537.36 (KHTML, like Gecko) Chrome/136.0.0.0 Safari/537.36"
17.241.219.49 - - [13/Jun/2025:08:28:31 -0400] "GET /robots.txt HTTP/1.1" 200 129 "-" "Mozilla/5.0 (Macintosh; Intel Mac OS X 10_15_7) AppleWebKit/605.1.15 (KHTML, like Gecko) Version/17.4 Safari/605.1.15 (Applebot/0.1; +http://www.apple.com/go/applebot)"
17.241.219.49 - - [13/Jun/2025:08:28:32 -0400] "GET /manga/wotakoi-love-is-hard-for-otaku-chapter-87/ HTTP/1.1" 200 40072 "-" "Mozilla/5.0 (Macintosh; Intel Mac OS X 10_15_7) AppleWebKit/605.1.15 (KHTML, like Gecko) Version/17.4 Safari/605.1.15 (Applebot/0.1; +http://www.apple.com/go/applebot)"
182.1.69.76 - - [13/Jun/2025:08:29:20 -0400] "GET /manga/wotaku-ni-koi-wa-muzukashii-chapter-65-3/ HTTP/1.1" 200 43129 "https://wotaku-manga.com/manga/wotaku-ni-koi-wa-muzukashii-chapter-65-2/" "Mozilla/5.0 (Linux; Android 10; K) AppleWebKit/537.36 (KHTML, like Gecko) Chrome/136.0.0.0 Mobile Safari/537.36"
66.249.66.75 - - [13/Jun/2025:08:29:25 -0400] "GET /jkt/46915745.shtm HTTP/1.1" 200 81520 "-" "Mozilla/5.0 (Linux; Android 6.0.1; Nexus 5X Build/MMB29P) AppleWebKit/537.36 (KHTML, like Gecko) Chrome/136.0.7103.113 Mobile Safari/537.36 (compatible; Googlebot/2.1; +http://www.google.com/bot.html)"
182.1.69.76 - - [13/Jun/2025:08:29:27 -0400] "GET / HTTP/1.1" 200 37993 "https://wotaku-manga.com/manga/wotaku-ni-koi-wa-muzukashii-chapter-65-3/" "Mozilla/5.0 (Linux; Android 10; K) AppleWebKit/537.36 (KHTML, like Gecko) Chrome/136.0.0.0 Mobile Safari/537.36"
182.1.69.76 - - [13/Jun/2025:08:29:31 -0400] "GET /manga/wotakoi-love-is-hard-for-otaku-chapter-66/ HTTP/1.1" 200 43186 "https://wotaku-manga.com/manga/wotaku-ni-koi-wa-muzukashii-chapter-65-3/" "Mozilla/5.0 (Linux; Android 10; K) AppleWebKit/537.36 (KHTML, like Gecko) Chrome/136.0.0.0 Mobile Safari/537.36"
162.0.232.193 - - [13/Jun/2025:08:29:35 -0400] "POST /wp-cron.php?doing_wp_cron=1749817775.1946580410003662109375 HTTP/1.1" 200 0 "-" "WordPress/6.8.1; https://wotaku-manga.com"
182.1.69.76 - - [13/Jun/2025:08:29:34 -0400] "POST /wp-admin/admin-ajax.php HTTP/1.1" 200 61 "https://wotaku-manga.com/manga/wotakoi-love-is-hard-for-otaku-chapter-66/" "Mozilla/5.0 (Linux; Android 10; K) AppleWebKit/537.36 (KHTML, like Gecko) Chrome/136.0.0.0 Mobile Safari/537.36"
182.1.69.76 - - [13/Jun/2025:08:29:38 -0400] "GET /manga/wotaku-ni-koi-wa-muzukashii-chapter-66/ HTTP/1.1" 301 0 "https://wotaku-manga.com/manga/wotakoi-love-is-hard-for-otaku-chapter-66/" "Mozilla/5.0 (Linux; Android 10; K) AppleWebKit/537.36 (KHTML, like Gecko) Chrome/136.0.0.0 Mobile Safari/537.36"
216.73.216.68 - - [13/Jun/2025:08:29:54 -0400] "GET /sitemap-child-2948.xml HTTP/1.1" 200 11305 "-" "Mozilla/5.0 AppleWebKit/537.36 (KHTML, like Gecko; compatible; ClaudeBot/1.0; [email protected])"
66.249.66.73 - - [13/Jun/2025:08:30:01 -0400] "GET /aca/quantivalent/89013314.shtm HTTP/1.1" 200 81372 "-" "Mozilla/5.0 (Linux; Android 6.0.1; Nexus 5X Build/MMB29P) AppleWebKit/537.36 (KHTML, like Gecko) Chrome/136.0.7103.113 Mobile Safari/537.36 (compatible; Googlebot/2.1; +http://www.google.com/bot.html)"
66.249.66.71 - - [13/Jun/2025:08:30:02 -0400] "GET /manga/wotakoi-love-is-hard-for-otaku-chapter-78/ HTTP/1.1" 200 81448 "-" "Mozilla/5.0 (Linux; Android 6.0.1; Nexus 5X Build/MMB29P) AppleWebKit/537.36 (KHTML, like Gecko) Chrome/136.0.7103.113 Mobile Safari/537.36 (compatible; Googlebot/2.1; +http://www.google.com/bot.html)"
122.148.52.205 - - [13/Jun/2025:08:30:09 -0400] "GET /manga/wotaku-ni-koi-wa-muzukashii-chapter-52/ HTTP/1.1" 200 42290 "-" "Mozilla/5.0 (Linux; U; Android 2.0; en-us;) AppleWebKit/538.1 (KHTML, like Gecko) Version/4.0 Mobile Safari/538.1 (Kobo Touch 0386/4.38.23171)"
66.249.66.193 - - [13/Jun/2025:08:30:39 -0400] "GET /p/caucasicum/84237015.shtm HTTP/1.1" 200 81614 "-" "Mozilla/5.0 (Linux; Android 6.0.1; Nexus 5X Build/MMB29P) AppleWebKit/537.36 (KHTML, like Gecko) Chrome/136.0.7103.113 Mobile Safari/537.36 (compatible; Googlebot/2.1; +http://www.google.com/bot.html)"
182.1.69.76 - - [13/Jun/2025:08:30:54 -0400] "GET /manga/wotaku-ni-koi-wa-muzukashii-chapter-67/ HTTP/1.1" 200 42930 "https://wotaku-manga.com/manga/wotakoi-love-is-hard-for-otaku-chapter-66/" "Mozilla/5.0 (Linux; Android 10; K) AppleWebKit/537.36 (KHTML, like Gecko) Chrome/136.0.0.0 Mobile Safari/537.36"
66.249.66.70 - - [13/Jun/2025:08:31:16 -0400] "GET /y546981060.shtm HTTP/1.1" 200 81347 "-" "Mozilla/5.0 (Linux; Android 6.0.1; Nexus 5X Build/MMB29P) AppleWebKit/537.36 (KHTML, like Gecko) Chrome/136.0.7103.113 Mobile Safari/537.36 (compatible; Googlebot/2.1; +http://www.google.com/bot.html)"
66.249.66.45 - - [13/Jun/2025:08:31:17 -0400] "GET /ei/75551588.shtm HTTP/1.1" 200 81695 "-" "Mozilla/5.0 (Linux; Android 6.0.1; Nexus 5X Build/MMB29P) AppleWebKit/537.36 (KHTML, like Gecko) Chrome/136.0.7103.113 Mobile Safari/537.36 (compatible; Googlebot/2.1; +http://www.google.com/bot.html)"
196.77.34.12 - - [13/Jun/2025:08:31:22 -0400] "GET /manga/wotakoi-love-is-hard-for-otaku-chapter-0/ HTTP/1.1" 200 42023 "https://wotaku-manga.com/" "Mozilla/5.0 (Macintosh; Intel Mac OS X 10_15_7) AppleWebKit/537.36 (KHTML, like Gecko) Chrome/136.0.0.0 Safari/537.36"
162.0.232.193 - - [13/Jun/2025:08:31:23 -0400] "POST /wp-cron.php?doing_wp_cron=1749817882.8946070671081542968750 HTTP/1.1" 200 0 "-" "WordPress/6.8.1; https://wotaku-manga.com"
106.154.146.157 - - [13/Jun/2025:08:31:22 -0400] "GET /manga/wotakoi-love-is-hard-for-otaku-chapter-71/ HTTP/1.1" 200 41954 "-" "Mozilla/5.0 (iPad; CPU OS 18_5 like Mac OS X) AppleWebKit/605.1.15 (KHTML, like Gecko) Version/18.5 Mobile/15E148 Safari/604.1"
182.1.69.76 - - [13/Jun/2025:08:31:09 -0400] "POST /wp-admin/admin-ajax.php HTTP/1.1" 200 61 "https://wotaku-manga.com/manga/wotaku-ni-koi-wa-muzukashii-chapter-67/" "Mozilla/5.0 (Linux; Android 10; K) AppleWebKit/537.36 (KHTML, like Gecko) Chrome/136.0.0.0 Mobile Safari/537.36"
196.77.34.12 - - [13/Jun/2025:08:31:37 -0400] "GET /manga/wotakoi-love-is-hard-for-otaku-chapter-78/ HTTP/1.1" 200 41387 "https://wotaku-manga.com/" "Mozilla/5.0 (Macintosh; Intel Mac OS X 10_15_7) AppleWebKit/537.36 (KHTML, like Gecko) Chrome/136.0.0.0 Safari/537.36"
196.77.34.12 - - [13/Jun/2025:08:31:37 -0400] "GET /manga/wotakoi-love-is-hard-for-otaku-chapter-86/ HTTP/1.1" 200 44050 "https://wotaku-manga.com/" "Mozilla/5.0 (Macintosh; Intel Mac OS X 10_15_7) AppleWebKit/537.36 (KHTML, like Gecko) Chrome/136.0.0.0 Safari/537.36"
196.77.34.12 - - [13/Jun/2025:08:31:37 -0400] "GET /manga/wotakoi-love-is-hard-for-otaku-chapter-87/ HTTP/1.1" 200 40072 "https://wotaku-manga.com/" "Mozilla/5.0 (Macintosh; Intel Mac OS X 10_15_7) AppleWebKit/537.36 (KHTML, like Gecko) Chrome/136.0.0.0 Safari/537.36"
196.77.34.12 - - [13/Jun/2025:08:31:39 -0400] "GET /wp-content/uploads/2022/04/8mxi1g8v17821.webp HTTP/1.1" 200 57108 "https://wotaku-manga.com/manga/wotakoi-love-is-hard-for-otaku-chapter-87/" "Mozilla/5.0 (Macintosh; Intel Mac OS X 10_15_7) AppleWebKit/537.36 (KHTML, like Gecko) Chrome/136.0.0.0 Safari/537.36"
2a03:2880:f800:10:: - - [13/Jun/2025:08:31:42 -0400] "GET /shopdetail/259107335 HTTP/1.1" 301 0 "-" "meta-externalagent/1.1 (+https://developers.facebook.com/docs/sharing/webmasters/crawler)"
2a03:2880:f800:16:: - - [13/Jun/2025:08:31:45 -0400] "GET / HTTP/1.1" 200 37331 "-" "meta-externalagent/1.1 (+https://developers.facebook.com/docs/sharing/webmasters/crawler)"
162.0.232.193 - - [13/Jun/2025:08:31:50 -0400] "POST /wp-cron.php?doing_wp_cron=1749817910.4217500686645507812500 HTTP/1.1" 200 0 "-" "WordPress/6.8.1; https://wotaku-manga.com"
2a03:2880:f800:4:: - - [13/Jun/2025:08:31:49 -0400] "GET /shopdetail/322663935 HTTP/1.1" 301 0 "-" "meta-externalagent/1.1 (+https://developers.facebook.com/docs/sharing/webmasters/crawler)"
2a03:2880:f800:3:: - - [13/Jun/2025:08:31:52 -0400] "GET / HTTP/1.1" 200 37430 "-" "meta-externalagent/1.1 (+https://developers.facebook.com/docs/sharing/webmasters/crawler)"
66.249.66.165 - - [13/Jun/2025:08:31:54 -0400] "GET /yi/horologe63190850.shtm HTTP/1.1" 200 81529 "-" "Mozilla/5.0 (Linux; Android 6.0.1; Nexus 5X Build/MMB29P) AppleWebKit/537.36 (KHTML, like Gecko) Chrome/136.0.7103.113 Mobile Safari/537.36 (compatible; Googlebot/2.1; +http://www.google.com/bot.html)"
66.249.66.74 - - [13/Jun/2025:08:31:55 -0400] "GET /r/altos60352455.shtm HTTP/1.1" 200 82252 "-" "Mozilla/5.0 (Linux; Android 6.0.1; Nexus 5X Build/MMB29P) AppleWebKit/537.36 (KHTML, like Gecko) Chrome/136.0.7103.113 Mobile Safari/537.36 (compatible; Googlebot/2.1; +http://www.google.com/bot.html)"
196.77.34.12 - - [13/Jun/2025:08:31:57 -0400] "GET /privacy-policy/ HTTP/1.1" 200 37920 "https://wotaku-manga.com/manga/wotakoi-love-is-hard-for-otaku-chapter-86/" "Mozilla/5.0 (Macintosh; Intel Mac OS X 10_15_7) AppleWebKit/537.36 (KHTML, like Gecko) Chrome/136.0.0.0 Safari/537.36"
162.0.232.193 - - [13/Jun/2025:08:32:03 -0400] "POST /wp-cron.php?doing_wp_cron=1749817923.6954550743103027343750 HTTP/1.1" 200 0 "-" "WordPress/6.8.1; https://wotaku-manga.com"
2a03:2880:f800:1b:: - - [13/Jun/2025:08:32:03 -0400] "GET /shopdetail/356070935 HTTP/1.1" 301 0 "-" "meta-externalagent/1.1 (+https://developers.facebook.com/docs/sharing/webmasters/crawler)"
2a03:2880:f800:c:: - - [13/Jun/2025:08:32:05 -0400] "GET / HTTP/1.1" 200 37430 "-" "meta-externalagent/1.1 (+https://developers.facebook.com/docs/sharing/webmasters/crawler)"
216.73.216.68 - - [13/Jun/2025:08:32:17 -0400] "GET /sitemap-hot-2970995.xml HTTP/1.1" 200 11380 "-" "Mozilla/5.0 AppleWebKit/537.36 (KHTML, like Gecko; compatible; ClaudeBot/1.0; [email protected])"
66.249.66.75 - - [13/Jun/2025:08:33:07 -0400] "GET /sro/masora65139842.shtm HTTP/1.1" 200 81476 "-" "Mozilla/5.0 (Linux; Android 6.0.1; Nexus 5X Build/MMB29P) AppleWebKit/537.36 (KHTML, like Gecko) Chrome/136.0.7103.113 Mobile Safari/537.36 (compatible; Googlebot/2.1; +http://www.google.com/bot.html)"
66.249.66.73 - - [13/Jun/2025:08:33:44 -0400] "GET /kc79093588.shtm HTTP/1.1" 200 81769 "-" "Mozilla/5.0 (Linux; Android 6.0.1; Nexus 5X Build/MMB29P) AppleWebKit/537.36 (KHTML, like Gecko) Chrome/136.0.7103.113 Mobile Safari/537.36 (compatible; Googlebot/2.1; +http://www.google.com/bot.html)"
66.249.66.74 - - [13/Jun/2025:08:33:45 -0400] "GET /e/pileorhiza56136518.shtm HTTP/1.1" 200 81994 "-" "Mozilla/5.0 (Linux; Android 6.0.1; Nexus 5X Build/MMB29P) AppleWebKit/537.36 (KHTML, like Gecko) Chrome/136.0.7103.113 Mobile Safari/537.36 (compatible; Googlebot/2.1; +http://www.google.com/bot.html)"
122.148.52.155 - - [13/Jun/2025:08:33:46 -0400] "GET /manga/wotaku-ni-koi-wa-muzukashii-chapter-52/ HTTP/1.1" 200 42290 "-" "Mozilla/5.0 (Linux; U; Android 2.0; en-us;) AppleWebKit/538.1 (KHTML, like Gecko) Version/4.0 Mobile Safari/538.1 (Kobo Touch 0386/4.38.23171)"
216.73.216.68 - - [13/Jun/2025:08:34:18 -0400] "GET /sitemap-hot-2988995.xml HTTP/1.1" 200 11331 "-" "Mozilla/5.0 AppleWebKit/537.36 (KHTML, like Gecko; compatible; ClaudeBot/1.0; [email protected])"
66.249.66.74 - - [13/Jun/2025:08:35:32 -0400] "GET /x/goodscode/independentism82217169.shtm HTTP/1.1" 200 81467 "-" "Mozilla/5.0 (Linux; Android 6.0.1; Nexus 5X Build/MMB29P) AppleWebKit/537.36 (KHTML, like Gecko) Chrome/136.0.7103.113 Mobile Safari/537.36 (compatible; Googlebot/2.1; +http://www.google.com/bot.html)"
66.249.66.73 - - [13/Jun/2025:08:35:33 -0400] "GET /g53955472.shtm HTTP/1.1" 200 83079 "-" "Mozilla/5.0 (Linux; Android 6.0.1; Nexus 5X Build/MMB29P) AppleWebKit/537.36 (KHTML, like Gecko) Chrome/136.0.7103.113 Mobile Safari/537.36 (compatible; Googlebot/2.1; +http://www.google.com/bot.html)"
66.249.66.75 - - [13/Jun/2025:08:35:34 -0400] "GET /c/shrubless/52490526.shtm HTTP/1.1" 200 81302 "-" "Mozilla/5.0 (Linux; Android 6.0.1; Nexus 5X Build/MMB29P) AppleWebKit/537.36 (KHTML, like Gecko) Chrome/136.0.7103.113 Mobile Safari/537.36 (compatible; Googlebot/2.1; +http://www.google.com/bot.html)"
66.249.66.73 - - [13/Jun/2025:08:35:35 -0400] "GET /ko/items/shoebill65804142.shtm HTTP/1.1" 200 81661 "-" "Mozilla/5.0 (Linux; Android 6.0.1; Nexus 5X Build/MMB29P) AppleWebKit/537.36 (KHTML, like Gecko) Chrome/136.0.7103.113 Mobile Safari/537.36 (compatible; Googlebot/2.1; +http://www.google.com/bot.html)"
66.249.66.74 - - [13/Jun/2025:08:35:37 -0400] "GET /luh/57143613.shtm HTTP/1.1" 200 81875 "-" "Mozilla/5.0 (Linux; Android 6.0.1; Nexus 5X Build/MMB29P) AppleWebKit/537.36 (KHTML, like Gecko) Chrome/136.0.7103.113 Mobile Safari/537.36 (compatible; Googlebot/2.1; +http://www.google.com/bot.html)"
66.249.66.77 - - [13/Jun/2025:08:35:38 -0400] "GET /dmca HTTP/1.1" 200 81738 "-" "Mozilla/5.0 (Linux; Android 6.0.1; Nexus 5X Build/MMB29P) AppleWebKit/537.36 (KHTML, like Gecko) Chrome/136.0.7103.113 Mobile Safari/537.36 (compatible; Googlebot/2.1; +http://www.google.com/bot.html)"
2601:402:c202:460:cc55:b951:cdc7:6c6e - - [13/Jun/2025:08:35:53 -0400] "GET /category/wotakoi-love-is-hard-for-otaku-manga-ending/ HTTP/1.1" 304 0 "https://wotaku-manga.com/manga/wotaku-ni-koi-wa-muzukashii-chapter-37-5/" "Mozilla/5.0 (Linux; Android 10; K) AppleWebKit/537.36 (KHTML, like Gecko) Chrome/137.0.0.0 Mobile Safari/537.36"
2601:402:c202:460:cc55:b951:cdc7:6c6e - - [13/Jun/2025:08:35:54 -0400] "GET /category/wotakoi-love-is-hard-for-otaku-manga-ending/ HTTP/1.1" 304 0 "https://wotaku-manga.com/manga/wotaku-ni-koi-wa-muzukashii-chapter-37-5/" "Mozilla/5.0 (Linux; Android 10; K) AppleWebKit/537.36 (KHTML, like Gecko) Chrome/137.0.0.0 Mobile Safari/537.36"
2601:402:c202:460:cc55:b951:cdc7:6c6e - - [13/Jun/2025:08:35:54 -0400] "GET /manga/wotaku-ni-koi-wa-muzukashii-chapter-38/ HTTP/1.1" 200 42252 "https://wotaku-manga.com/manga/wotaku-ni-koi-wa-muzukashii-chapter-37-5/" "Mozilla/5.0 (Linux; Android 10; K) AppleWebKit/537.36 (KHTML, like Gecko) Chrome/137.0.0.0 Mobile Safari/537.36"
182.1.69.76 - - [13/Jun/2025:08:36:01 -0400] "GET /tag/wotakoi-love-is-hard-for-otaku/ HTTP/1.1" 301 0 "https://wotaku-manga.com/manga/wotaku-ni-koi-wa-muzukashii-chapter-67/" "Mozilla/5.0 (Linux; Android 10; K) AppleWebKit/537.36 (KHTML, like Gecko) Chrome/136.0.0.0 Mobile Safari/537.36"
182.1.69.76 - - [13/Jun/2025:08:36:01 -0400] "GET /category/wotakoi-manga/ HTTP/1.1" 200 46240 "https://wotaku-manga.com/manga/wotaku-ni-koi-wa-muzukashii-chapter-67/" "Mozilla/5.0 (Linux; Android 10; K) AppleWebKit/537.36 (KHTML, like Gecko) Chrome/136.0.0.0 Mobile Safari/537.36"
182.1.69.76 - - [13/Jun/2025:08:36:02 -0400] "GET /manga/wotakoi-love-is-hard-for-otaku-chapter-68/ HTTP/1.1" 200 42851 "https://wotaku-manga.com/manga/wotaku-ni-koi-wa-muzukashii-chapter-67/" "Mozilla/5.0 (Linux; Android 10; K) AppleWebKit/537.36 (KHTML, like Gecko) Chrome/136.0.0.0 Mobile Safari/537.36"
162.0.232.193 - - [13/Jun/2025:08:36:06 -0400] "POST /wp-cron.php?doing_wp_cron=1749818166.7372019290924072265625 HTTP/1.1" 200 0 "-" "WordPress/6.8.1; https://wotaku-manga.com"
182.1.69.76 - - [13/Jun/2025:08:36:06 -0400] "POST /wp-admin/admin-ajax.php HTTP/1.1" 200 61 "https://wotaku-manga.com/manga/wotakoi-love-is-hard-for-otaku-chapter-68/" "Mozilla/5.0 (Linux; Android 10; K) AppleWebKit/537.36 (KHTML, like Gecko) Chrome/136.0.0.0 Mobile Safari/537.36"
2a03:2880:f800:17:: - - [13/Jun/2025:08:36:13 -0400] "GET /shopdetail/189362435 HTTP/1.1" 301 0 "-" "meta-externalagent/1.1 (+https://developers.facebook.com/docs/sharing/webmasters/crawler)"
