136.226.68.247 - - [11/Jun/2025:11:00:53 -0400] "GET /wp-content/cache/min/1/sdks/web/v16/OneSignalSDK.page.js?ver=1746023449 HTTP/1.1" 200 544 "https://wotaku-manga.com/manga/wotakoi-love-is-hard-for-otaku-chapter-0/" "Mozilla/5.0 (Windows NT 10.0; Win64; x64) AppleWebKit/537.36 (KHTML, like Gecko) Chrome/136.0.0.0 Safari/537.36 Edg/136.0.0.0"
136.226.68.247 - - [11/Jun/2025:11:00:53 -0400] "GET /wp-includes/js/comment-reply.min.js?ver=6.8.1 HTTP/1.1" 200 1247 "https://wotaku-manga.com/manga/wotakoi-love-is-hard-for-otaku-chapter-0/" "Mozilla/5.0 (Windows NT 10.0; Win64; x64) AppleWebKit/537.36 (KHTML, like Gecko) Chrome/136.0.0.0 Safari/537.36 Edg/136.0.0.0"
51.222.253.19 - - [11/Jun/2025:11:00:53 -0400] "GET /b1566138637.shtm HTTP/1.1" 301 0 "-" "Mozilla/5.0 (compatible; AhrefsBot/7.0; +http://ahrefs.com/robot/)"
136.226.68.247 - - [11/Jun/2025:11:00:55 -0400] "GET /manga/wotaku-ni-koi-wa-muzukashii-chapter-0/ HTTP/1.1" 301 0 "https://wotaku-manga.com/manga/wotakoi-love-is-hard-for-otaku-chapter-0/" "Mozilla/5.0 (Windows NT 10.0; Win64; x64) AppleWebKit/537.36 (KHTML, like Gecko) Chrome/136.0.0.0 Safari/537.36 Edg/136.0.0.0"
136.226.68.247 - - [11/Jun/2025:11:00:56 -0400] "GET / HTTP/1.1" 200 37330 "https://wotaku-manga.com/manga/wotakoi-love-is-hard-for-otaku-chapter-0/" "Mozilla/5.0 (Windows NT 10.0; Win64; x64) AppleWebKit/537.36 (KHTML, like Gecko) Chrome/136.0.0.0 Safari/537.36 Edg/136.0.0.0"
136.226.68.247 - - [11/Jun/2025:11:00:56 -0400] "GET /manga/wotaku-ni-koi-wa-muzukashii-chapter-0/ HTTP/1.1" 301 0 "https://wotaku-manga.com/manga/wotakoi-love-is-hard-for-otaku-chapter-0/" "Mozilla/5.0 (Windows NT 10.0; Win64; x64) AppleWebKit/537.36 (KHTML, like Gecko) Chrome/136.0.0.0 Safari/537.36 Edg/136.0.0.0"
162.0.232.193 - - [11/Jun/2025:11:01:03 -0400] "POST /wp-cron.php?doing_wp_cron=1749654063.2001600265502929687500 HTTP/1.1" 200 0 "-" "WordPress/6.8.1; https://wotaku-manga.com"
51.222.253.6 - - [11/Jun/2025:11:01:02 -0400] "GET /b1605690579.shtm HTTP/1.1" 301 0 "-" "Mozilla/5.0 (compatible; AhrefsBot/7.0; +http://ahrefs.com/robot/)"
136.226.68.247 - - [11/Jun/2025:11:01:08 -0400] "GET /manga/wotaku-ni-koi-wa-muzukashii-chapter-46/ HTTP/1.1" 200 41611 "https://wotaku-manga.com/" "Mozilla/5.0 (Windows NT 10.0; Win64; x64) AppleWebKit/537.36 (KHTML, like Gecko) Chrome/136.0.0.0 Safari/537.36 Edg/136.0.0.0"
136.226.68.247 - - [11/Jun/2025:11:01:08 -0400] "GET /manga/wotaku-ni-koi-wa-muzukashii-chapter-44/ HTTP/1.1" 200 41647 "https://wotaku-manga.com/" "Mozilla/5.0 (Windows NT 10.0; Win64; x64) AppleWebKit/537.36 (KHTML, like Gecko) Chrome/136.0.0.0 Safari/537.36 Edg/136.0.0.0"
51.222.253.19 - - [11/Jun/2025:11:01:11 -0400] "GET /b163188829.shtm HTTP/1.1" 301 0 "-" "Mozilla/5.0 (compatible; AhrefsBot/7.0; +http://ahrefs.com/robot/)"
162.0.232.193 - - [11/Jun/2025:11:01:22 -0400] "POST /wp-cron.php?doing_wp_cron=1749654082.3927390575408935546875 HTTP/1.1" 200 0 "-" "WordPress/6.8.1; https://wotaku-manga.com"
51.222.253.10 - - [11/Jun/2025:11:01:21 -0400] "GET /b1687751111.shtm HTTP/1.1" 301 0 "-" "Mozilla/5.0 (compatible; AhrefsBot/7.0; +http://ahrefs.com/robot/)"
51.222.253.17 - - [11/Jun/2025:11:01:30 -0400] "GET /b1698417723.shtm HTTP/1.1" 301 0 "-" "Mozilla/5.0 (compatible; AhrefsBot/7.0; +http://ahrefs.com/robot/)"
136.226.68.247 - - [11/Jun/2025:11:01:32 -0400] "GET /manga/wotaku-ni-koi-wa-muzukashii-chapter-45/ HTTP/1.1" 200 42152 "https://wotaku-manga.com/manga/wotaku-ni-koi-wa-muzukashii-chapter-44/" "Mozilla/5.0 (Windows NT 10.0; Win64; x64) AppleWebKit/537.36 (KHTML, like Gecko) Chrome/136.0.0.0 Safari/537.36 Edg/136.0.0.0"
51.222.253.19 - - [11/Jun/2025:11:01:37 -0400] "GET /b1739852839.shtm HTTP/1.1" 301 0 "-" "Mozilla/5.0 (compatible; AhrefsBot/7.0; +http://ahrefs.com/robot/)"
162.0.232.193 - - [11/Jun/2025:11:01:45 -0400] "POST /wp-cron.php?doing_wp_cron=1749654105.3350000381469726562500 HTTP/1.1" 200 0 "-" "WordPress/6.8.1; https://wotaku-manga.com"
51.222.253.15 - - [11/Jun/2025:11:01:45 -0400] "GET /b1836524239.shtm HTTP/1.1" 301 0 "-" "Mozilla/5.0 (compatible; AhrefsBot/7.0; +http://ahrefs.com/robot/)"
2a03:2880:f800:16:: - - [11/Jun/2025:11:01:44 -0400] "GET /shopdetail/338266735 HTTP/1.1" 301 0 "-" "meta-externalagent/1.1 (+https://developers.facebook.com/docs/sharing/webmasters/crawler)"
2a03:2880:f800:6:: - - [11/Jun/2025:11:01:47 -0400] "GET / HTTP/1.1" 200 37330 "-" "meta-externalagent/1.1 (+https://developers.facebook.com/docs/sharing/webmasters/crawler)"
136.226.68.247 - - [11/Jun/2025:11:01:50 -0400] "GET /manga/wotaku-ni-koi-wa-muzukashii-chapter-48/ HTTP/1.1" 200 41989 "-" "Mozilla/5.0 (Windows NT 10.0; Win64; x64) AppleWebKit/537.36 (KHTML, like Gecko) Chrome/136.0.0.0 Safari/537.36 Edg/136.0.0.0"
51.222.253.12 - - [11/Jun/2025:11:01:52 -0400] "GET /b1845147931.shtm HTTP/1.1" 301 0 "-" "Mozilla/5.0 (compatible; AhrefsBot/7.0; +http://ahrefs.com/robot/)"
162.0.232.193 - - [11/Jun/2025:11:02:01 -0400] "POST /wp-cron.php?doing_wp_cron=1749654121.3657450675964355468750 HTTP/1.1" 200 0 "-" "WordPress/6.8.1; https://wotaku-manga.com"
51.222.253.20 - - [11/Jun/2025:11:02:00 -0400] "GET /b1964455575.shtm HTTP/1.1" 301 0 "-" "Mozilla/5.0 (compatible; AhrefsBot/7.0; +http://ahrefs.com/robot/)"
51.222.253.19 - - [11/Jun/2025:11:02:07 -0400] "GET /b200383135.shtm HTTP/1.1" 301 0 "-" "Mozilla/5.0 (compatible; AhrefsBot/7.0; +http://ahrefs.com/robot/)"
51.222.253.3 - - [11/Jun/2025:11:02:14 -0400] "GET /b2015148055.shtm HTTP/1.1" 301 0 "-" "Mozilla/5.0 (compatible; AhrefsBot/7.0; +http://ahrefs.com/robot/)"
162.0.232.193 - - [11/Jun/2025:11:02:22 -0400] "POST /wp-cron.php?doing_wp_cron=1749654142.5789229869842529296875 HTTP/1.1" 200 0 "-" "WordPress/6.8.1; https://wotaku-manga.com"
51.222.253.8 - - [11/Jun/2025:11:02:22 -0400] "GET /b2021433241.shtm HTTP/1.1" 301 0 "-" "Mozilla/5.0 (compatible; AhrefsBot/7.0; +http://ahrefs.com/robot/)"
51.222.253.4 - - [11/Jun/2025:11:02:28 -0400] "GET /b2027276913.shtm HTTP/1.1" 301 0 "-" "Mozilla/5.0 (compatible; AhrefsBot/7.0; +http://ahrefs.com/robot/)"
51.222.253.18 - - [11/Jun/2025:11:02:36 -0400] "GET /b318932669.shtm HTTP/1.1" 301 0 "-" "Mozilla/5.0 (compatible; AhrefsBot/7.0; +http://ahrefs.com/robot/)"
162.0.232.193 - - [11/Jun/2025:11:02:46 -0400] "POST /wp-cron.php?doing_wp_cron=1749654166.2374119758605957031250 HTTP/1.1" 200 0 "-" "WordPress/6.8.1; https://wotaku-manga.com"
51.222.253.17 - - [11/Jun/2025:11:02:45 -0400] "GET /b326835967.shtm HTTP/1.1" 301 0 "-" "Mozilla/5.0 (compatible; AhrefsBot/7.0; +http://ahrefs.com/robot/)"
51.222.253.9 - - [11/Jun/2025:11:02:51 -0400] "GET /b326975695.shtm HTTP/1.1" 301 0 "-" "Mozilla/5.0 (compatible; AhrefsBot/7.0; +http://ahrefs.com/robot/)"
162.0.232.193 - - [11/Jun/2025:11:03:02 -0400] "POST /wp-cron.php?doing_wp_cron=1749654182.3651208877563476562500 HTTP/1.1" 200 0 "-" "WordPress/6.8.1; https://wotaku-manga.com"
51.222.253.10 - - [11/Jun/2025:11:03:01 -0400] "GET /b541350261.shtm HTTP/1.1" 301 0 "-" "Mozilla/5.0 (compatible; AhrefsBot/7.0; +http://ahrefs.com/robot/)"
51.222.253.12 - - [11/Jun/2025:11:03:07 -0400] "GET /b566785151.shtm HTTP/1.1" 301 0 "-" "Mozilla/5.0 (compatible; AhrefsBot/7.0; +http://ahrefs.com/robot/)"
51.222.253.11 - - [11/Jun/2025:11:03:15 -0400] "GET /b620542867.shtm HTTP/1.1" 301 0 "-" "Mozilla/5.0 (compatible; AhrefsBot/7.0; +http://ahrefs.com/robot/)"
162.0.232.193 - - [11/Jun/2025:11:03:23 -0400] "POST /wp-cron.php?doing_wp_cron=1749654203.3842620849609375000000 HTTP/1.1" 200 0 "-" "WordPress/6.8.1; https://wotaku-manga.com"
51.222.253.16 - - [11/Jun/2025:11:03:22 -0400] "GET /b835673495.shtm HTTP/1.1" 301 0 "-" "Mozilla/5.0 (compatible; AhrefsBot/7.0; +http://ahrefs.com/robot/)"
51.222.253.5 - - [11/Jun/2025:11:03:31 -0400] "GET /b836202315.shtm HTTP/1.1" 301 0 "-" "Mozilla/5.0 (compatible; AhrefsBot/7.0; +http://ahrefs.com/robot/)"
51.222.253.18 - - [11/Jun/2025:11:03:41 -0400] "GET /b967847737.shtm HTTP/1.1" 301 0 "-" "Mozilla/5.0 (compatible; AhrefsBot/7.0; +http://ahrefs.com/robot/)"
162.0.232.193 - - [11/Jun/2025:11:03:48 -0400] "POST /wp-cron.php?doing_wp_cron=1749654228.2350881099700927734375 HTTP/1.1" 200 0 "-" "WordPress/6.8.1; https://wotaku-manga.com"
2a03:2880:f800:13:: - - [11/Jun/2025:11:03:47 -0400] "GET /shopdetail/203073135 HTTP/1.1" 301 0 "-" "meta-externalagent/1.1 (+https://developers.facebook.com/docs/sharing/webmasters/crawler)"
51.222.253.8 - - [11/Jun/2025:11:03:48 -0400] "GET /b986381619.shtm HTTP/1.1" 301 0 "-" "Mozilla/5.0 (compatible; AhrefsBot/7.0; +http://ahrefs.com/robot/)"
2a03:2880:f800:16:: - - [11/Jun/2025:11:03:50 -0400] "GET / HTTP/1.1" 200 37330 "-" "meta-externalagent/1.1 (+https://developers.facebook.com/docs/sharing/webmasters/crawler)"
51.222.253.9 - - [11/Jun/2025:11:03:56 -0400] "GET /b996678733.shtm HTTP/1.1" 301 0 "-" "Mozilla/5.0 (compatible; AhrefsBot/7.0; +http://ahrefs.com/robot/)"
20.171.207.29 - - [11/Jun/2025:11:03:57 -0400] "GET /wp-admin/user/about.php HTTP/1.1" 403 1242 "-" "Mozilla/5.0 AppleWebKit/537.36 (KHTML, like Gecko; compatible; GPTBot/1.2; +https://openai.com/gptbot)"
20.171.207.29 - - [11/Jun/2025:11:04:01 -0400] "GET /wp-login.php?action=enter_recovery_mode&rm_key=uNiZUUoinlVnmy87H7Mv6r&rm_token=7MZURz27s9oX8aCQyjmZdU HTTP/1.1" 500 951 "-" "Mozilla/5.0 AppleWebKit/537.36 (KHTML, like Gecko; compatible; GPTBot/1.2; +https://openai.com/gptbot)"
66.249.75.174 - - [11/Jun/2025:11:04:00 -0400] "GET /q/detail/disastrous/1724566790.shtm HTTP/1.1" 200 81187 "-" "Mozilla/5.0 (Linux; Android 6.0.1; Nexus 5X Build/MMB29P) AppleWebKit/537.36 (KHTML, like Gecko) Chrome/136.0.7103.113 Mobile Safari/537.36 (compatible; GoogleOther)"
162.0.232.193 - - [11/Jun/2025:11:04:05 -0400] "POST /wp-cron.php?doing_wp_cron=1749654244.9807291030883789062500 HTTP/1.1" 200 0 "-" "WordPress/6.8.1; https://wotaku-manga.com"
51.222.253.2 - - [11/Jun/2025:11:04:04 -0400] "GET /bj567032787.shtm HTTP/1.1" 301 0 "-" "Mozilla/5.0 (compatible; AhrefsBot/7.0; +http://ahrefs.com/robot/)"
51.222.253.3 - - [11/Jun/2025:11:04:13 -0400] "GET /bj662699657.shtm HTTP/1.1" 301 0 "-" "Mozilla/5.0 (compatible; AhrefsBot/7.0; +http://ahrefs.com/robot/)"
2001:4451:1345:9500:793d:1b5e:6ede:e550 - - [11/Jun/2025:11:04:18 -0400] "GET /favicon.ico HTTP/1.1" 404 1251 "-" "NetworkingExtension/8619.2.8.10.7 Network/4277.42.2 iOS/18.1"
162.0.232.193 - - [11/Jun/2025:11:04:18 -0400] "POST /wp-cron.php?doing_wp_cron=1749654258.2912108898162841796875 HTTP/1.1" 200 0 "-" "WordPress/6.8.1; https://wotaku-manga.com"
2001:4451:1345:9500:793d:1b5e:6ede:e550 - - [11/Jun/2025:11:04:18 -0400] "GET /apple-touch-icon.png HTTP/1.1" 301 0 "-" "NetworkingExtension/8619.2.8.10.7 Network/4277.42.2 iOS/18.1"
2001:4451:1345:9500:793d:1b5e:6ede:e550 - - [11/Jun/2025:11:04:18 -0400] "GET /apple-touch-icon-precomposed.png HTTP/1.1" 301 0 "-" "NetworkingExtension/8619.2.8.10.7 Network/4277.42.2 iOS/18.1"
2001:4451:1345:9500:793d:1b5e:6ede:e550 - - [11/Jun/2025:11:04:18 -0400] "GET /manga/wotaku-ni-koi-wa-muzukashii-chapter-53/ HTTP/1.1" 200 17033 "-" "Mozilla/5.0 (Macintosh; Intel Mac OS X 10_11_1) AppleWebKit/601.2.4 (KHTML, like Gecko) Version/9.0.1 Safari/601.2.4 facebookexternalhit/1.1 Facebot Twitterbot/1.0"
2001:4451:1345:9500:793d:1b5e:6ede:e550 - - [11/Jun/2025:11:04:19 -0400] "GET / HTTP/1.1" 200 37330 "-" "NetworkingExtension/8619.2.8.10.7 Network/4277.42.2 iOS/18.1"
2001:4451:1345:9500:793d:1b5e:6ede:e550 - - [11/Jun/2025:11:04:19 -0400] "GET / HTTP/1.1" 200 37330 "-" "NetworkingExtension/8619.2.8.10.7 Network/4277.42.2 iOS/18.1"
2001:4451:1345:9500:793d:1b5e:6ede:e550 - - [11/Jun/2025:11:04:20 -0400] "GET /wp-content/uploads/2021/11/cropped-stsmall507x507-pad600x600f8f8f8-1-180x180.jpeg HTTP/1.1" 200 6663 "-" "NetworkingExtension/8619.2.8.10.7 Network/4277.42.2 iOS/18.1"
51.222.253.17 - - [11/Jun/2025:11:04:21 -0400] "GET /bl7288227.shtm HTTP/1.1" 301 0 "-" "Mozilla/5.0 (compatible; AhrefsBot/7.0; +http://ahrefs.com/robot/)"
2405:5700:301:f240:7402:f691:609f:b0ef - - [11/Jun/2025:11:04:24 -0400] "GET /manga/wotaku-ni-koi-wa-muzukashii-chapter-30/ HTTP/1.1" 200 43439 "https://www.google.com/url?q=https://wotaku-manga.com/manga/wotaku-ni-koi-wa-muzukashii-chapter-30/&sa=U&sqi=2&ved=2ahUKEwjY6JyE0umNAxVXlK8BHTmQM4gQFnoECCIQAQ&usg=AOvVaw1IWTScbBAMBSG-bfmUR6Kx" "Mozilla/5.0 (iPhone; CPU iPhone OS 18_5_0 like Mac OS X) AppleWebKit/605.1.15 (KHTML, like Gecko) GSA/371.0.763199552 Mobile/15E148 Safari/604.1"
2405:5700:301:f240:7402:f691:609f:b0ef - - [11/Jun/2025:11:04:25 -0400] "GET /wp-content/plugins/simple-social-buttons/assets/fonts/ssb-icon.ttf?eahqa2 HTTP/1.1" 200 7412 "https://wotaku-manga.com/manga/wotaku-ni-koi-wa-muzukashii-chapter-30/" "Mozilla/5.0 (iPhone; CPU iPhone OS 18_5_0 like Mac OS X) AppleWebKit/605.1.15 (KHTML, like Gecko) GSA/371.0.763199552 Mobile/15E148 Safari/604.1"
2405:5700:301:f240:7402:f691:609f:b0ef - - [11/Jun/2025:11:04:25 -0400] "GET /wp-content/uploads/2022/03/cropped-3612526.webp HTTP/1.1" 200 72576 "https://wotaku-manga.com/manga/wotaku-ni-koi-wa-muzukashii-chapter-30/" "Mozilla/5.0 (iPhone; CPU iPhone OS 18_5_0 like Mac OS X) AppleWebKit/605.1.15 (KHTML, like Gecko) GSA/371.0.763199552 Mobile/15E148 Safari/604.1"
51.222.253.10 - - [11/Jun/2025:11:04:30 -0400] "GET /blj55078617.shtm HTTP/1.1" 301 0 "-" "Mozilla/5.0 (compatible; AhrefsBot/7.0; +http://ahrefs.com/robot/)"
2405:5700:301:f240:7402:f691:609f:b0ef - - [11/Jun/2025:11:04:36 -0400] "GET /wp-includes/js/comment-reply.min.js?ver=6.8.1 HTTP/1.1" 200 1247 "https://wotaku-manga.com/manga/wotaku-ni-koi-wa-muzukashii-chapter-30/" "Mozilla/5.0 (iPhone; CPU iPhone OS 18_5_0 like Mac OS X) AppleWebKit/605.1.15 (KHTML, like Gecko) GSA/371.0.763199552 Mobile/15E148 Safari/604.1"
2405:5700:301:f240:7402:f691:609f:b0ef - - [11/Jun/2025:11:04:36 -0400] "GET /wp-content/plugins/simple-social-buttons/assets/js/frontend-blocks.js?ver=6.1.0 HTTP/1.1" 200 0 "https://wotaku-manga.com/manga/wotaku-ni-koi-wa-muzukashii-chapter-30/" "Mozilla/5.0 (iPhone; CPU iPhone OS 18_5_0 like Mac OS X) AppleWebKit/605.1.15 (KHTML, like Gecko) GSA/371.0.763199552 Mobile/15E148 Safari/604.1"
2405:5700:301:f240:7402:f691:609f:b0ef - - [11/Jun/2025:11:04:36 -0400] "GET /wp-content/cache/min/1/sdks/web/v16/OneSignalSDK.page.js?ver=1746023449 HTTP/1.1" 200 544 "https://wotaku-manga.com/manga/wotaku-ni-koi-wa-muzukashii-chapter-30/" "Mozilla/5.0 (iPhone; CPU iPhone OS 18_5_0 like Mac OS X) AppleWebKit/605.1.15 (KHTML, like Gecko) GSA/371.0.763199552 Mobile/15E148 Safari/604.1"
2405:5700:301:f240:7402:f691:609f:b0ef - - [11/Jun/2025:11:04:36 -0400] "GET /wp-content/cache/min/1/wp-content/plugins/simple-social-buttons/assets/js/front.js?ver=1684511167 HTTP/1.1" 200 1198 "https://wotaku-manga.com/manga/wotaku-ni-koi-wa-muzukashii-chapter-30/" "Mozilla/5.0 (iPhone; CPU iPhone OS 18_5_0 like Mac OS X) AppleWebKit/605.1.15 (KHTML, like Gecko) GSA/371.0.763199552 Mobile/15E148 Safari/604.1"
2405:5700:301:f240:7402:f691:609f:b0ef - - [11/Jun/2025:11:04:36 -0400] "GET /wp-content/themes/toivo-lite/js/responsive-nav.min.js?ver=1.2.0 HTTP/1.1" 200 2102 "https://wotaku-manga.com/manga/wotaku-ni-koi-wa-muzukashii-chapter-30/" "Mozilla/5.0 (iPhone; CPU iPhone OS 18_5_0 like Mac OS X) AppleWebKit/605.1.15 (KHTML, like Gecko) GSA/371.0.763199552 Mobile/15E148 Safari/604.1"
2405:5700:301:f240:7402:f691:609f:b0ef - - [11/Jun/2025:11:04:36 -0400] "GET /wp-content/themes/toivo-lite/js/settings.min.js?ver=1.2.0 HTTP/1.1" 200 307 "https://wotaku-manga.com/manga/wotaku-ni-koi-wa-muzukashii-chapter-30/" "Mozilla/5.0 (iPhone; CPU iPhone OS 18_5_0 like Mac OS X) AppleWebKit/605.1.15 (KHTML, like Gecko) GSA/371.0.763199552 Mobile/15E148 Safari/604.1"
2405:5700:301:f240:7402:f691:609f:b0ef - - [11/Jun/2025:11:04:36 -0400] "GET /wp-includes/js/jquery/jquery-migrate.min.js?ver=3.4.1 HTTP/1.1" 200 4678 "https://wotaku-manga.com/manga/wotaku-ni-koi-wa-muzukashii-chapter-30/" "Mozilla/5.0 (iPhone; CPU iPhone OS 18_5_0 like Mac OS X) AppleWebKit/605.1.15 (KHTML, like Gecko) GSA/371.0.763199552 Mobile/15E148 Safari/604.1"
2405:5700:301:f240:7402:f691:609f:b0ef - - [11/Jun/2025:11:04:36 -0400] "GET /wp-content/cache/min/1/wp-content/plugins/comic-easel/js/keynav.js?ver=1684511167 HTTP/1.1" 200 221 "https://wotaku-manga.com/manga/wotaku-ni-koi-wa-muzukashii-chapter-30/" "Mozilla/5.0 (iPhone; CPU iPhone OS 18_5_0 like Mac OS X) AppleWebKit/605.1.15 (KHTML, like Gecko) GSA/371.0.763199552 Mobile/15E148 Safari/604.1"
2405:5700:301:f240:7402:f691:609f:b0ef - - [11/Jun/2025:11:04:36 -0400] "GET /wp-content/cache/min/1/wp-content/plugins/disqus-comment-system/public/js/comment_count.js?ver=1684511264 HTTP/1.1" 200 308 "https://wotaku-manga.com/manga/wotaku-ni-koi-wa-muzukashii-chapter-30/" "Mozilla/5.0 (iPhone; CPU iPhone OS 18_5_0 like Mac OS X) AppleWebKit/605.1.15 (KHTML, like Gecko) GSA/371.0.763199552 Mobile/15E148 Safari/604.1"
2405:5700:301:f240:7402:f691:609f:b0ef - - [11/Jun/2025:11:04:36 -0400] "GET /wp-content/cache/min/1/wp-content/plugins/disqus-comment-system/public/js/comment_embed.js?ver=1684511264 HTTP/1.1" 200 313 "https://wotaku-manga.com/manga/wotaku-ni-koi-wa-muzukashii-chapter-30/" "Mozilla/5.0 (iPhone; CPU iPhone OS 18_5_0 like Mac OS X) AppleWebKit/605.1.15 (KHTML, like Gecko) GSA/371.0.763199552 Mobile/15E148 Safari/604.1"
2405:5700:301:f240:7402:f691:609f:b0ef - - [11/Jun/2025:11:04:36 -0400] "GET /wp-includes/js/jquery/jquery.min.js?ver=3.7.1 HTTP/1.1" 200 29744 "https://wotaku-manga.com/manga/wotaku-ni-koi-wa-muzukashii-chapter-30/" "Mozilla/5.0 (iPhone; CPU iPhone OS 18_5_0 like Mac OS X) AppleWebKit/605.1.15 (KHTML, like Gecko) GSA/371.0.763199552 Mobile/15E148 Safari/604.1"
2405:5700:301:f240:7402:f691:609f:b0ef - - [11/Jun/2025:11:04:37 -0400] "POST /wp-admin/admin-ajax.php HTTP/1.1" 200 61 "https://wotaku-manga.com/manga/wotaku-ni-koi-wa-muzukashii-chapter-30/" "Mozilla/5.0 (iPhone; CPU iPhone OS 18_5_0 like Mac OS X) AppleWebKit/605.1.15 (KHTML, like Gecko) GSA/371.0.763199552 Mobile/15E148 Safari/604.1"
51.222.253.12 - - [11/Jun/2025:11:04:42 -0400] "GET /bp224127009.shtm HTTP/1.1" 301 0 "-" "Mozilla/5.0 (compatible; AhrefsBot/7.0; +http://ahrefs.com/robot/)"
162.0.232.193 - - [11/Jun/2025:11:04:52 -0400] "POST /wp-cron.php?doing_wp_cron=1749654292.1547389030456542968750 HTTP/1.1" 200 0 "-" "WordPress/6.8.1; https://wotaku-manga.com"
2a03:2880:f800:b:: - - [11/Jun/2025:11:04:51 -0400] "GET /shopdetail/147826735 HTTP/1.1" 301 0 "-" "meta-externalagent/1.1 (+https://developers.facebook.com/docs/sharing/webmasters/crawler)"
2a03:2880:f800:14:: - - [11/Jun/2025:11:04:54 -0400] "GET / HTTP/1.1" 200 37330 "-" "meta-externalagent/1.1 (+https://developers.facebook.com/docs/sharing/webmasters/crawler)"
51.222.253.7 - - [11/Jun/2025:11:04:54 -0400] "GET /br761394079.shtm HTTP/1.1" 301 0 "-" "Mozilla/5.0 (compatible; AhrefsBot/7.0; +http://ahrefs.com/robot/)"
162.0.232.193 - - [11/Jun/2025:11:05:05 -0400] "POST /wp-cron.php?doing_wp_cron=1749654304.9182848930358886718750 HTTP/1.1" 200 0 "-" "WordPress/6.8.1; https://wotaku-manga.com"
51.222.253.18 - - [11/Jun/2025:11:05:04 -0400] "GET /bt96459967.shtm HTTP/1.1" 301 0 "-" "Mozilla/5.0 (compatible; AhrefsBot/7.0; +http://ahrefs.com/robot/)"
2a03:2880:f800:1a:: - - [11/Jun/2025:11:05:05 -0400] "GET /shopdetail/7997035 HTTP/1.1" 301 0 "-" "meta-externalagent/1.1 (+https://developers.facebook.com/docs/sharing/webmasters/crawler)"
2a03:2880:f800:12:: - - [11/Jun/2025:11:05:09 -0400] "GET / HTTP/1.1" 200 37330 "-" "meta-externalagent/1.1 (+https://developers.facebook.com/docs/sharing/webmasters/crawler)"
51.222.253.12 - - [11/Jun/2025:11:05:12 -0400] "GET /bv519542343.shtm HTTP/1.1" 301 0 "-" "Mozilla/5.0 (compatible; AhrefsBot/7.0; +http://ahrefs.com/robot/)"
51.222.253.20 - - [11/Jun/2025:11:05:20 -0400] "GET /bx146924645.shtm HTTP/1.1" 301 0 "-" "Mozilla/5.0 (compatible; AhrefsBot/7.0; +http://ahrefs.com/robot/)"
162.0.232.193 - - [11/Jun/2025:11:05:21 -0400] "POST /wp-cron.php?doing_wp_cron=1749654320.7154181003570556640625 HTTP/1.1" 200 0 "-" "WordPress/6.8.1; https://wotaku-manga.com"
51.222.253.16 - - [11/Jun/2025:11:05:28 -0400] "GET /bx426884455.shtm HTTP/1.1" 301 0 "-" "Mozilla/5.0 (compatible; AhrefsBot/7.0; +http://ahrefs.com/robot/)"
2a03:2880:f800:8:: - - [11/Jun/2025:11:05:32 -0400] "GET /shopdetail/304256935 HTTP/1.1" 301 0 "-" "meta-externalagent/1.1 (+https://developers.facebook.com/docs/sharing/webmasters/crawler)"
2a03:2880:f800:11:: - - [11/Jun/2025:11:05:36 -0400] "GET / HTTP/1.1" 200 37330 "-" "meta-externalagent/1.1 (+https://developers.facebook.com/docs/sharing/webmasters/crawler)"
51.222.253.18 - - [11/Jun/2025:11:05:36 -0400] "GET /bz541526465.shtm HTTP/1.1" 301 0 "-" "Mozilla/5.0 (compatible; AhrefsBot/7.0; +http://ahrefs.com/robot/)"
51.222.253.20 - - [11/Jun/2025:11:05:44 -0400] "GET /c/115771060.shtm HTTP/1.1" 301 0 "-" "Mozilla/5.0 (compatible; AhrefsBot/7.0; +http://ahrefs.com/robot/)"
51.222.253.11 - - [11/Jun/2025:11:05:49 -0400] "GET /c/129658718.shtm HTTP/1.1" 301 0 "-" "Mozilla/5.0 (compatible; AhrefsBot/7.0; +http://ahrefs.com/robot/)"
2405:5700:301:f240:7402:f691:609f:b0ef - - [11/Jun/2025:11:05:55 -0400] "GET /manga/wotaku-ni-koi-wa-muzukashii-chapter-30-5/ HTTP/1.1" 200 42816 "https://wotaku-manga.com/manga/wotaku-ni-koi-wa-muzukashii-chapter-30/" "Mozilla/5.0 (iPhone; CPU iPhone OS 18_5_0 like Mac OS X) AppleWebKit/605.1.15 (KHTML, like Gecko) GSA/371.0.763199552 Mobile/15E148 Safari/604.1"
2405:5700:301:f240:7402:f691:609f:b0ef - - [11/Jun/2025:11:05:57 -0400] "GET /manga/wotaku-ni-koi-wa-muzukashii-chapter-30-5/ HTTP/1.1" 200 42816 "https://wotaku-manga.com/manga/wotaku-ni-koi-wa-muzukashii-chapter-30/" "Mozilla/5.0 (iPhone; CPU iPhone OS 18_5_0 like Mac OS X) AppleWebKit/605.1.15 (KHTML, like Gecko) GSA/371.0.763199552 Mobile/15E148 Safari/604.1"
51.222.253.12 - - [11/Jun/2025:11:06:01 -0400] "GET /c/167432858.shtm HTTP/1.1" 301 0 "-" "Mozilla/5.0 (compatible; AhrefsBot/7.0; +http://ahrefs.com/robot/)"
2405:5700:301:f240:7402:f691:609f:b0ef - - [11/Jun/2025:11:06:06 -0400] "GET / HTTP/1.1" 200 38005 "https://wotaku-manga.com/manga/wotaku-ni-koi-wa-muzukashii-chapter-30-5/" "Mozilla/5.0 (iPhone; CPU iPhone OS 18_5_0 like Mac OS X) AppleWebKit/605.1.15 (KHTML, like Gecko) GSA/371.0.763199552 Mobile/15E148 Safari/604.1"
2405:5700:301:f240:7402:f691:609f:b0ef - - [11/Jun/2025:11:06:08 -0400] "GET /wp-content/uploads/2021/11/Wotaku_ni_Koi_wa_Muzukashii-11-jp-1-1260x1790.jpg HTTP/1.1" 200 231008 "https://wotaku-manga.com/" "Mozilla/5.0 (iPhone; CPU iPhone OS 18_5_0 like Mac OS X) AppleWebKit/605.1.15 (KHTML, like Gecko) GSA/371.0.763199552 Mobile/15E148 Safari/604.1"
2405:5700:301:f240:7402:f691:609f:b0ef - - [11/Jun/2025:11:06:08 -0400] "GET /wp-content/uploads/2021/11/Volume_1_English-1260x1817.jpg HTTP/1.1" 200 200550 "https://wotaku-manga.com/" "Mozilla/5.0 (iPhone; CPU iPhone OS 18_5_0 like Mac OS X) AppleWebKit/605.1.15 (KHTML, like Gecko) GSA/371.0.763199552 Mobile/15E148 Safari/604.1"
51.222.253.6 - - [11/Jun/2025:11:06:09 -0400] "GET /c/188924716.shtm HTTP/1.1" 301 0 "-" "Mozilla/5.0 (compatible; AhrefsBot/7.0; +http://ahrefs.com/robot/)"
136.226.68.247 - - [11/Jun/2025:11:06:14 -0400] "GET /manga/wotaku-ni-koi-wa-muzukashii-chapter-55/ HTTP/1.1" 200 41461 "-" "Mozilla/5.0 (Windows NT 10.0; Win64; x64) AppleWebKit/537.36 (KHTML, like Gecko) Chrome/136.0.0.0 Safari/537.36 Edg/136.0.0.0"
2405:5700:301:f240:7402:f691:609f:b0ef - - [11/Jun/2025:11:06:17 -0400] "GET /manga/wotaku-ni-koi-wa-muzukashii-chapter-40/ HTTP/1.1" 200 42620 "https://wotaku-manga.com/" "Mozilla/5.0 (iPhone; CPU iPhone OS 18_5_0 like Mac OS X) AppleWebKit/605.1.15 (KHTML, like Gecko) GSA/371.0.763199552 Mobile/15E148 Safari/604.1"
162.0.232.193 - - [11/Jun/2025:11:06:27 -0400] "POST /wp-cron.php?doing_wp_cron=1749654386.2497029304504394531250 HTTP/1.1" 200 0 "-" "WordPress/6.8.1; https://wotaku-manga.com"
136.226.68.247 - - [11/Jun/2025:11:06:26 -0400] "GET /manga/wotaku-ni-koi-wa-muzukashii-chapter-50/ HTTP/1.1" 200 41395 "-" "Mozilla/5.0 (Windows NT 10.0; Win64; x64) AppleWebKit/537.36 (KHTML, like Gecko) Chrome/136.0.0.0 Safari/537.36 Edg/136.0.0.0"
51.222.253.17 - - [11/Jun/2025:11:06:25 -0400] "GET /c/205980030.shtm HTTP/1.1" 301 0 "-" "Mozilla/5.0 (compatible; AhrefsBot/7.0; +http://ahrefs.com/robot/)"
2a03:2880:f800:e:: - - [11/Jun/2025:11:06:30 -0400] "GET /shopdetail/372299035 HTTP/1.1" 301 0 "-" "meta-externalagent/1.1 (+https://developers.facebook.com/docs/sharing/webmasters/crawler)"
2a03:2880:f800:7:: - - [11/Jun/2025:11:06:32 -0400] "GET / HTTP/1.1" 200 37330 "-" "meta-externalagent/1.1 (+https://developers.facebook.com/docs/sharing/webmasters/crawler)"
51.222.253.3 - - [11/Jun/2025:11:06:36 -0400] "GET /c/229267668.shtm HTTP/1.1" 301 0 "-" "Mozilla/5.0 (compatible; AhrefsBot/7.0; +http://ahrefs.com/robot/)"
136.226.68.247 - - [11/Jun/2025:11:06:37 -0400] "GET /manga/wotaku-ni-koi-wa-muzukashii-chapter-59/ HTTP/1.1" 200 42231 "-" "Mozilla/5.0 (Windows NT 10.0; Win64; x64) AppleWebKit/537.36 (KHTML, like Gecko) Chrome/136.0.0.0 Safari/537.36 Edg/136.0.0.0"
2405:5700:301:f240:7402:f691:609f:b0ef - - [11/Jun/2025:11:06:38 -0400] "GET /manga/wotaku-ni-koi-wa-muzukashii-chapter-41/ HTTP/1.1" 200 42080 "https://wotaku-manga.com/manga/wotaku-ni-koi-wa-muzukashii-chapter-40/" "Mozilla/5.0 (iPhone; CPU iPhone OS 18_5_0 like Mac OS X) AppleWebKit/605.1.15 (KHTML, like Gecko) GSA/371.0.763199552 Mobile/15E148 Safari/604.1"
136.226.68.247 - - [11/Jun/2025:11:06:43 -0400] "GET /manga/wotaku-ni-koi-wa-muzukashii-chapter-49/ HTTP/1.1" 200 42126 "-" "Mozilla/5.0 (Windows NT 10.0; Win64; x64) AppleWebKit/537.36 (KHTML, like Gecko) Chrome/136.0.0.0 Safari/537.36 Edg/136.0.0.0"
136.226.107.73 - - [11/Jun/2025:11:06:43 -0400] "POST /wp-admin/admin-ajax.php HTTP/1.1" 200 61 "https://wotaku-manga.com/manga/wotaku-ni-koi-wa-muzukashii-chapter-59/" "Mozilla/5.0 (Windows NT 10.0; Win64; x64) AppleWebKit/537.36 (KHTML, like Gecko) Chrome/136.0.0.0 Safari/537.36 Edg/136.0.0.0"
162.0.232.193 - - [11/Jun/2025:11:06:46 -0400] "POST /wp-cron.php?doing_wp_cron=1749654405.9956870079040527343750 HTTP/1.1" 200 0 "-" "WordPress/6.8.1; https://wotaku-manga.com"
51.222.253.18 - - [11/Jun/2025:11:06:45 -0400] "GET /c/229427174.shtm HTTP/1.1" 301 0 "-" "Mozilla/5.0 (compatible; AhrefsBot/7.0; +http://ahrefs.com/robot/)"
2a03:2880:f800:1c:: - - [11/Jun/2025:11:06:54 -0400] "GET /shopdetail/161186235 HTTP/1.1" 301 0 "-" "meta-externalagent/1.1 (+https://developers.facebook.com/docs/sharing/webmasters/crawler)"
51.222.253.19 - - [11/Jun/2025:11:06:55 -0400] "GET /c/319161906.shtm HTTP/1.1" 301 0 "-" "Mozilla/5.0 (compatible; AhrefsBot/7.0; +http://ahrefs.com/robot/)"
2a03:2880:f800:2:: - - [11/Jun/2025:11:06:58 -0400] "GET / HTTP/1.1" 200 37330 "-" "meta-externalagent/1.1 (+https://developers.facebook.com/docs/sharing/webmasters/crawler)"
66.249.75.160 - - [11/Jun/2025:11:07:00 -0400] "GET /j/shopbrand/mastoid1722185847.shtm HTTP/1.1" 200 81535 "-" "Mozilla/5.0 (Linux; Android 6.0.1; Nexus 5X Build/MMB29P) AppleWebKit/537.36 (KHTML, like Gecko) Chrome/136.0.7103.113 Mobile Safari/537.36 (compatible; Googlebot/2.1; +http://www.google.com/bot.html)"
2405:5700:301:f240:7402:f691:609f:b0ef - - [11/Jun/2025:11:07:01 -0400] "GET /manga/wotaku-ni-koi-wa-muzukashii-chapter-35/ HTTP/1.1" 200 42620 "https://wotaku-manga.com/" "Mozilla/5.0 (iPhone; CPU iPhone OS 18_5_0 like Mac OS X) AppleWebKit/605.1.15 (KHTML, like Gecko) GSA/371.0.763199552 Mobile/15E148 Safari/604.1"
162.0.232.193 - - [11/Jun/2025:11:07:03 -0400] "POST /wp-cron.php?doing_wp_cron=1749654423.2757999897003173828125 HTTP/1.1" 200 0 "-" "WordPress/6.8.1; https://wotaku-manga.com"
2405:5700:301:f240:7402:f691:609f:b0ef - - [11/Jun/2025:11:07:02 -0400] "POST /wp-admin/admin-ajax.php HTTP/1.1" 200 61 "https://wotaku-manga.com/manga/wotaku-ni-koi-wa-muzukashii-chapter-35/" "Mozilla/5.0 (iPhone; CPU iPhone OS 18_5_0 like Mac OS X) AppleWebKit/605.1.15 (KHTML, like Gecko) GSA/371.0.763199552 Mobile/15E148 Safari/604.1"
51.222.253.5 - - [11/Jun/2025:11:07:06 -0400] "GET /c/427818036.shtm HTTP/1.1" 301 0 "-" "Mozilla/5.0 (compatible; AhrefsBot/7.0; +http://ahrefs.com/robot/)"
51.222.253.7 - - [11/Jun/2025:11:07:17 -0400] "GET /c/469270930.shtm HTTP/1.1" 301 0 "-" "Mozilla/5.0 (compatible; AhrefsBot/7.0; +http://ahrefs.com/robot/)"
2405:5700:301:f240:7402:f691:609f:b0ef - - [11/Jun/2025:11:07:20 -0400] "GET /manga/wotaku-ni-koi-wa-muzukashii-chapter-33/ HTTP/1.1" 200 43205 "https://wotaku-manga.com/" "Mozilla/5.0 (iPhone; CPU iPhone OS 18_5_0 like Mac OS X) AppleWebKit/605.1.15 (KHTML, like Gecko) GSA/371.0.763199552 Mobile/15E148 Safari/604.1"
162.0.232.193 - - [11/Jun/2025:11:07:23 -0400] "POST /wp-cron.php?doing_wp_cron=1749654443.2807331085205078125000 HTTP/1.1" 200 0 "-" "WordPress/6.8.1; https://wotaku-manga.com"
2405:5700:301:f240:7402:f691:609f:b0ef - - [11/Jun/2025:11:07:22 -0400] "POST /wp-admin/admin-ajax.php HTTP/1.1" 200 61 "https://wotaku-manga.com/manga/wotaku-ni-koi-wa-muzukashii-chapter-33/" "Mozilla/5.0 (iPhone; CPU iPhone OS 18_5_0 like Mac OS X) AppleWebKit/605.1.15 (KHTML, like Gecko) GSA/371.0.763199552 Mobile/15E148 Safari/604.1"
51.222.253.14 - - [11/Jun/2025:11:07:27 -0400] "GET /c/491678028.shtm HTTP/1.1" 301 0 "-" "Mozilla/5.0 (compatible; AhrefsBot/7.0; +http://ahrefs.com/robot/)"
2001:4860:7:512::2 - - [11/Jun/2025:11:07:33 -0400] "GET / HTTP/1.1" 200 37330 "https://www.google.com/" "Mozilla/5.0 (Windows NT 10.0; Win64; x64) AppleWebKit/537.36 (KHTML, like Gecko) Chrome/137.0.0.0 Safari/537.36"
2405:5700:301:f240:7402:f691:609f:b0ef - - [11/Jun/2025:11:07:36 -0400] "GET /manga/wotaku-ni-koi-wa-muzukashii-chapter-29/ HTTP/1.1" 200 42881 "https://wotaku-manga.com/" "Mozilla/5.0 (iPhone; CPU iPhone OS 18_5_0 like Mac OS X) AppleWebKit/605.1.15 (KHTML, like Gecko) GSA/371.0.763199552 Mobile/15E148 Safari/604.1"
2405:5700:301:f240:7402:f691:609f:b0ef - - [11/Jun/2025:11:07:38 -0400] "GET /manga/wotaku-ni-koi-wa-muzukashii-chapter-29/ HTTP/1.1" 200 42906 "https://wotaku-manga.com/" "Mozilla/5.0 (iPhone; CPU iPhone OS 18_5_0 like Mac OS X) AppleWebKit/605.1.15 (KHTML, like Gecko) GSA/371.0.763199552 Mobile/15E148 Safari/604.1"
14.248.128.188 - - [11/Jun/2025:11:07:39 -0400] "GET /wp-content/cache/min/1/sdks/web/v16/OneSignalSDK.page.js?ver=1746023449 HTTP/1.1" 304 0 "https://wotaku-manga.com/" "Mozilla/5.0 (Windows NT 10.0; Win64; x64) AppleWebKit/537.36 (KHTML, like Gecko) Chrome/137.0.0.0 Safari/537.36"
14.248.128.188 - - [11/Jun/2025:11:07:39 -0400] "GET /wp-content/cache/min/1/wp-content/plugins/comic-easel/js/keynav.js?ver=1684511167 HTTP/1.1" 304 0 "https://wotaku-manga.com/" "Mozilla/5.0 (Windows NT 10.0; Win64; x64) AppleWebKit/537.36 (KHTML, like Gecko) Chrome/137.0.0.0 Safari/537.36"
2405:5700:301:f240:7402:f691:609f:b0ef - - [11/Jun/2025:11:07:39 -0400] "POST /wp-admin/admin-ajax.php HTTP/1.1" 200 61 "https://wotaku-manga.com/manga/wotaku-ni-koi-wa-muzukashii-chapter-29/" "Mozilla/5.0 (iPhone; CPU iPhone OS 18_5_0 like Mac OS X) AppleWebKit/605.1.15 (KHTML, like Gecko) GSA/371.0.763199552 Mobile/15E148 Safari/604.1"
51.222.253.3 - - [11/Jun/2025:11:07:43 -0400] "GET /c/662716726.shtm HTTP/1.1" 301 0 "-" "Mozilla/5.0 (compatible; AhrefsBot/7.0; +http://ahrefs.com/robot/)"
162.0.232.193 - - [11/Jun/2025:11:07:53 -0400] "POST /wp-cron.php?doing_wp_cron=1749654473.2695519924163818359375 HTTP/1.1" 200 0 "-" "WordPress/6.8.1; https://wotaku-manga.com"
51.222.253.5 - - [11/Jun/2025:11:07:52 -0400] "GET /c/77134350.shtm HTTP/1.1" 301 0 "-" "Mozilla/5.0 (compatible; AhrefsBot/7.0; +http://ahrefs.com/robot/)"
192.178.6.32 - - [11/Jun/2025:11:08:01 -0400] "GET /fdt55185721.shtm HTTP/1.1" 200 81363 "-" "Mozilla/5.0 (Linux; Android 6.0.1; Nexus 5X Build/MMB29P) AppleWebKit/537.36 (KHTML, like Gecko) Chrome/136.0.7103.113 Mobile Safari/537.36 (compatible; Googlebot/2.1; +http://www.google.com/bot.html)"
162.0.232.193 - - [11/Jun/2025:11:08:03 -0400] "POST /wp-cron.php?doing_wp_cron=1749654483.1131470203399658203125 HTTP/1.1" 200 0 "-" "WordPress/6.8.1; https://wotaku-manga.com"
51.222.253.20 - - [11/Jun/2025:11:08:01 -0400] "GET /c/776883226.shtm HTTP/1.1" 301 0 "-" "Mozilla/5.0 (compatible; AhrefsBot/7.0; +http://ahrefs.com/robot/)"
2405:5700:301:f240:7402:f691:609f:b0ef - - [11/Jun/2025:11:08:10 -0400] "GET / HTTP/1.1" 200 38005 "-" "Mozilla/5.0 (iPhone; CPU iPhone OS 18_5 like Mac OS X) AppleWebKit/605.1.15 (KHTML, like Gecko) Version/18.5 Mobile/15E148 Safari/604.1"
51.222.253.12 - - [11/Jun/2025:11:08:13 -0400] "GET /c/787075872.shtm HTTP/1.1" 301 0 "-" "Mozilla/5.0 (compatible; AhrefsBot/7.0; +http://ahrefs.com/robot/)"
162.0.232.193 - - [11/Jun/2025:11:08:22 -0400] "POST /wp-cron.php?doing_wp_cron=1749654501.9667720794677734375000 HTTP/1.1" 200 0 "-" "WordPress/6.8.1; https://wotaku-manga.com"
51.222.253.15 - - [11/Jun/2025:11:08:21 -0400] "GET /c/799151044.shtm HTTP/1.1" 301 0 "-" "Mozilla/5.0 (compatible; AhrefsBot/7.0; +http://ahrefs.com/robot/)"
2a03:2880:f800:e:: - - [11/Jun/2025:11:08:30 -0400] "GET /shopdetail/93377735 HTTP/1.1" 301 0 "-" "meta-externalagent/1.1 (+https://developers.facebook.com/docs/sharing/webmasters/crawler)"
51.222.253.10 - - [11/Jun/2025:11:08:33 -0400] "GET /c/883199306.shtm HTTP/1.1" 301 0 "-" "Mozilla/5.0 (compatible; AhrefsBot/7.0; +http://ahrefs.com/robot/)"
2a03:2880:f800:6:: - - [11/Jun/2025:11:08:34 -0400] "GET / HTTP/1.1" 200 37330 "-" "meta-externalagent/1.1 (+https://developers.facebook.com/docs/sharing/webmasters/crawler)"
51.222.253.15 - - [11/Jun/2025:11:08:42 -0400] "GET /c/996820280.shtm HTTP/1.1" 301 0 "-" "Mozilla/5.0 (compatible; AhrefsBot/7.0; +http://ahrefs.com/robot/)"
46.252.225.54 - - [11/Jun/2025:11:08:48 -0400] "GET /manga/wotakoi-love-is-hard-for-otaku-chapter-86/ HTTP/1.1" 200 44091 "https://wotaku-manga.com/manga/wotakoi-love-is-hard-for-otaku-chapter-85/" "Mozilla/5.0 (Windows NT 10.0; Win64; x64) AppleWebKit/537.36 (KHTML, like Gecko) Chrome/137.0.0.0 Safari/537.36"
162.0.232.193 - - [11/Jun/2025:11:08:49 -0400] "POST /wp-cron.php?doing_wp_cron=1749654529.4812660217285156250000 HTTP/1.1" 200 0 "-" "WordPress/6.8.1; https://wotaku-manga.com"
51.222.253.19 - - [11/Jun/2025:11:08:48 -0400] "GET /c1040191608.shtm HTTP/1.1" 301 0 "-" "Mozilla/5.0 (compatible; AhrefsBot/7.0; +http://ahrefs.com/robot/)"
46.252.225.54 - - [11/Jun/2025:11:08:50 -0400] "GET /wp-content/uploads/2022/03/cropped-3612526.webp HTTP/1.1" 200 72576 "https://wotaku-manga.com/manga/wotakoi-love-is-hard-for-otaku-chapter-86/" "Mozilla/5.0 (Windows NT 10.0; Win64; x64) AppleWebKit/537.36 (KHTML, like Gecko) Chrome/137.0.0.0 Safari/537.36"
46.252.225.54 - - [11/Jun/2025:11:08:57 -0400] "GET /wp-content/uploads/2021/11/cropped-stsmall507x507-pad600x600f8f8f8-1-32x32.jpeg HTTP/1.1" 200 814 "https://wotaku-manga.com/manga/wotakoi-love-is-hard-for-otaku-chapter-86/" "Mozilla/5.0 (Windows NT 10.0; Win64; x64) AppleWebKit/537.36 (KHTML, like Gecko) Chrome/137.0.0.0 Safari/537.36"
162.0.232.193 - - [11/Jun/2025:11:09:11 -0400] "POST /wp-cron.php?doing_wp_cron=1749654551.1546740531921386718750 HTTP/1.1" 200 0 "-" "WordPress/6.8.1; https://wotaku-manga.com"
51.222.253.11 - - [11/Jun/2025:11:09:10 -0400] "GET /c1054996106.shtm HTTP/1.1" 301 0 "-" "Mozilla/5.0 (compatible; AhrefsBot/7.0; +http://ahrefs.com/robot/)"
162.0.232.193 - - [11/Jun/2025:11:09:21 -0400] "POST /wp-cron.php?doing_wp_cron=1749654561.2192380428314208984375 HTTP/1.1" 200 0 "-" "WordPress/6.8.1; https://wotaku-manga.com"
51.222.253.7 - - [11/Jun/2025:11:09:20 -0400] "GET /c1148444108.shtm HTTP/1.1" 301 0 "-" "Mozilla/5.0 (compatible; AhrefsBot/7.0; +http://ahrefs.com/robot/)"
51.222.253.19 - - [11/Jun/2025:11:09:27 -0400] "GET /c1279298136.shtm HTTP/1.1" 301 0 "-" "Mozilla/5.0 (compatible; AhrefsBot/7.0; +http://ahrefs.com/robot/)"
51.222.253.18 - - [11/Jun/2025:11:09:43 -0400] "GET /c1397179050.shtm HTTP/1.1" 301 0 "-" "Mozilla/5.0 (compatible; AhrefsBot/7.0; +http://ahrefs.com/robot/)"
162.0.232.193 - - [11/Jun/2025:11:09:52 -0400] "POST /wp-cron.php?doing_wp_cron=1749654592.5258209705352783203125 HTTP/1.1" 200 0 "-" "WordPress/6.8.1; https://wotaku-manga.com"
51.222.253.19 - - [11/Jun/2025:11:09:51 -0400] "GET /c1483075722.shtm HTTP/1.1" 301 0 "-" "Mozilla/5.0 (compatible; AhrefsBot/7.0; +http://ahrefs.com/robot/)"
162.0.232.193 - - [11/Jun/2025:11:10:00 -0400] "POST /wp-cron.php?doing_wp_cron=1749654599.3662140369415283203125 HTTP/1.1" 200 0 "-" "WordPress/6.8.1; https://wotaku-manga.com"
51.222.253.15 - - [11/Jun/2025:11:09:58 -0400] "GET /c1911120910.shtm HTTP/1.1" 301 0 "-" "Mozilla/5.0 (compatible; AhrefsBot/7.0; +http://ahrefs.com/robot/)"
51.222.253.3 - - [11/Jun/2025:11:10:08 -0400] "GET /c200330812.shtm HTTP/1.1" 301 0 "-" "Mozilla/5.0 (compatible; AhrefsBot/7.0; +http://ahrefs.com/robot/)"
136.226.68.247 - - [11/Jun/2025:11:10:10 -0400] "GET /wotakoi-story/ HTTP/1.1" 200 40375 "https://wotaku-manga.com/manga/wotaku-ni-koi-wa-muzukashii-chapter-50/" "Mozilla/5.0 (Windows NT 10.0; Win64; x64) AppleWebKit/537.36 (KHTML, like Gecko) Chrome/136.0.0.0 Safari/537.36 Edg/136.0.0.0"
162.0.232.193 - - [11/Jun/2025:11:10:20 -0400] "POST /wp-cron.php?doing_wp_cron=1749654619.3055551052093505859375 HTTP/1.1" 200 0 "-" "WordPress/6.8.1; https://wotaku-manga.com"
51.222.253.15 - - [11/Jun/2025:11:10:18 -0400] "GET /c227419258.shtm HTTP/1.1" 301 0 "-" "Mozilla/5.0 (compatible; AhrefsBot/7.0; +http://ahrefs.com/robot/)"
51.222.253.3 - - [11/Jun/2025:11:10:25 -0400] "GET /c253611226.shtm HTTP/1.1" 301 0 "-" "Mozilla/5.0 (compatible; AhrefsBot/7.0; +http://ahrefs.com/robot/)"
2a03:2880:f800:10:: - - [11/Jun/2025:11:10:31 -0400] "GET /shopdetail/217507435 HTTP/1.1" 301 0 "-" "meta-externalagent/1.1 (+https://developers.facebook.com/docs/sharing/webmasters/crawler)"
51.222.253.6 - - [11/Jun/2025:11:10:33 -0400] "GET /c369644378.shtm HTTP/1.1" 301 0 "-" "Mozilla/5.0 (compatible; AhrefsBot/7.0; +http://ahrefs.com/robot/)"
2a03:2880:f800:e:: - - [11/Jun/2025:11:10:34 -0400] "GET / HTTP/1.1" 200 37330 "-" "meta-externalagent/1.1 (+https://developers.facebook.com/docs/sharing/webmasters/crawler)"
2a03:2880:f800:e:: - - [11/Jun/2025:11:10:34 -0400] "GET /shopdetail/414012835 HTTP/1.1" 301 0 "-" "meta-externalagent/1.1 (+https://developers.facebook.com/docs/sharing/webmasters/crawler)"
2a03:2880:f800:8:: - - [11/Jun/2025:11:10:37 -0400] "GET / HTTP/1.1" 200 37330 "-" "meta-externalagent/1.1 (+https://developers.facebook.com/docs/sharing/webmasters/crawler)"
51.222.253.11 - - [11/Jun/2025:11:10:40 -0400] "GET /c491449514.shtm HTTP/1.1" 301 0 "-" "Mozilla/5.0 (compatible; AhrefsBot/7.0; +http://ahrefs.com/robot/)"
51.222.253.16 - - [11/Jun/2025:11:10:47 -0400] "GET /c757416510.shtm HTTP/1.1" 301 0 "-" "Mozilla/5.0 (compatible; AhrefsBot/7.0; +http://ahrefs.com/robot/)"
2a03:2880:f800:d:: - - [11/Jun/2025:11:10:51 -0400] "GET /shopdetail/419991635 HTTP/1.1" 301 0 "-" "meta-externalagent/1.1 (+https://developers.facebook.com/docs/sharing/webmasters/crawler)"
2a03:2880:f800:c:: - - [11/Jun/2025:11:10:54 -0400] "GET / HTTP/1.1" 200 37330 "-" "meta-externalagent/1.1 (+https://developers.facebook.com/docs/sharing/webmasters/crawler)"
51.222.253.16 - - [11/Jun/2025:11:10:56 -0400] "GET /c761306800.shtm HTTP/1.1" 301 0 "-" "Mozilla/5.0 (compatible; AhrefsBot/7.0; +http://ahrefs.com/robot/)"
51.222.253.9 - - [11/Jun/2025:11:11:03 -0400] "GET /c824901802.shtm HTTP/1.1" 301 0 "-" "Mozilla/5.0 (compatible; AhrefsBot/7.0; +http://ahrefs.com/robot/)"
51.222.253.19 - - [11/Jun/2025:11:11:15 -0400] "GET /c90018246.shtm HTTP/1.1" 301 0 "-" "Mozilla/5.0 (compatible; AhrefsBot/7.0; +http://ahrefs.com/robot/)"
162.0.232.193 - - [11/Jun/2025:11:11:24 -0400] "POST /wp-cron.php?doing_wp_cron=1749654684.1902120113372802734375 HTTP/1.1" 200 0 "-" "WordPress/6.8.1; https://wotaku-manga.com"
51.222.253.10 - - [11/Jun/2025:11:11:23 -0400] "GET /c951496346.shtm HTTP/1.1" 301 0 "-" "Mozilla/5.0 (compatible; AhrefsBot/7.0; +http://ahrefs.com/robot/)"
51.222.253.1 - - [11/Jun/2025:11:11:33 -0400] "GET /cc263028040.shtm HTTP/1.1" 301 0 "-" "Mozilla/5.0 (compatible; AhrefsBot/7.0; +http://ahrefs.com/robot/)"
2a03:2880:f800:1a:: - - [11/Jun/2025:11:11:36 -0400] "GET /shopdetail/195158835 HTTP/1.1" 301 0 "-" "meta-externalagent/1.1 (+https://developers.facebook.com/docs/sharing/webmasters/crawler)"
2a03:2880:f800:9:: - - [11/Jun/2025:11:11:38 -0400] "GET / HTTP/1.1" 200 37330 "-" "meta-externalagent/1.1 (+https://developers.facebook.com/docs/sharing/webmasters/crawler)"
51.222.253.6 - - [11/Jun/2025:11:11:40 -0400] "GET /cg263979644.shtm HTTP/1.1" 301 0 "-" "Mozilla/5.0 (compatible; AhrefsBot/7.0; +http://ahrefs.com/robot/)"
162.0.232.193 - - [11/Jun/2025:11:11:51 -0400] "POST /wp-cron.php?doing_wp_cron=1749654710.7305901050567626953125 HTTP/1.1" 200 0 "-" "WordPress/6.8.1; https://wotaku-manga.com"
51.222.253.12 - - [11/Jun/2025:11:11:49 -0400] "GET /ck126436840.shtm HTTP/1.1" 301 0 "-" "Mozilla/5.0 (compatible; AhrefsBot/7.0; +http://ahrefs.com/robot/)"
2a03:2880:f800:e:: - - [11/Jun/2025:11:11:53 -0400] "GET /shopdetail/366000935 HTTP/1.1" 301 0 "-" "meta-externalagent/1.1 (+https://developers.facebook.com/docs/sharing/webmasters/crawler)"
136.226.68.247 - - [11/Jun/2025:11:11:56 -0400] "GET /manga/wotaku-ni-koi-wa-muzukashii-chapter-51/ HTTP/1.1" 200 42183 "https://wotaku-manga.com/manga/wotaku-ni-koi-wa-muzukashii-chapter-50/" "Mozilla/5.0 (Windows NT 10.0; Win64; x64) AppleWebKit/537.36 (KHTML, like Gecko) Chrome/136.0.0.0 Safari/537.36 Edg/136.0.0.0"
162.0.232.193 - - [11/Jun/2025:11:11:58 -0400] "POST /wp-cron.php?doing_wp_cron=1749654718.0955688953399658203125 HTTP/1.1" 200 0 "-" "WordPress/6.8.1; https://wotaku-manga.com"
2a03:2880:f800:9:: - - [11/Jun/2025:11:11:58 -0400] "GET / HTTP/1.1" 200 37330 "-" "meta-externalagent/1.1 (+https://developers.facebook.com/docs/sharing/webmasters/crawler)"
51.222.253.6 - - [11/Jun/2025:11:11:57 -0400] "GET /ck229443744.shtm HTTP/1.1" 301 0 "-" "Mozilla/5.0 (compatible; AhrefsBot/7.0; +http://ahrefs.com/robot/)"
51.222.253.18 - - [11/Jun/2025:11:12:05 -0400] "GET /ck839124218.shtm HTTP/1.1" 301 0 "-" "Mozilla/5.0 (compatible; AhrefsBot/7.0; +http://ahrefs.com/robot/)"
51.222.253.4 - - [11/Jun/2025:11:12:14 -0400] "GET /cm121086536.shtm HTTP/1.1" 301 0 "-" "Mozilla/5.0 (compatible; AhrefsBot/7.0; +http://ahrefs.com/robot/)"
162.0.232.193 - - [11/Jun/2025:11:12:24 -0400] "POST /wp-cron.php?doing_wp_cron=1749654744.7730259895324707031250 HTTP/1.1" 200 0 "-" "WordPress/6.8.1; https://wotaku-manga.com"
51.222.253.4 - - [11/Jun/2025:11:12:24 -0400] "GET /cm883129922.shtm HTTP/1.1" 301 0 "-" "Mozilla/5.0 (compatible; AhrefsBot/7.0; +http://ahrefs.com/robot/)"
51.222.253.15 - - [11/Jun/2025:11:12:33 -0400] "GET /cm986189632.shtm HTTP/1.1" 301 0 "-" "Mozilla/5.0 (compatible; AhrefsBot/7.0; +http://ahrefs.com/robot/)"
51.222.253.11 - - [11/Jun/2025:11:12:41 -0400] "GET /co861988960.shtm HTTP/1.1" 301 0 "-" "Mozilla/5.0 (compatible; AhrefsBot/7.0; +http://ahrefs.com/robot/)"
162.0.232.193 - - [11/Jun/2025:11:12:50 -0400] "POST /wp-cron.php?doing_wp_cron=1749654770.6017079353332519531250 HTTP/1.1" 200 0 "-" "WordPress/6.8.1; https://wotaku-manga.com"
51.222.253.15 - - [11/Jun/2025:11:12:49 -0400] "GET /cs102902974.shtm HTTP/1.1" 301 0 "-" "Mozilla/5.0 (compatible; AhrefsBot/7.0; +http://ahrefs.com/robot/)"
194.195.113.17 - - [11/Jun/2025:11:12:52 -0400] "POST /wp-login.php HTTP/1.1" 200 2037 "https://wotaku-manga.com" "Mozilla/5.0 (Macintosh; Intel Mac OS X 14_6) AppleWebKit/605.1.15 (KHTML, like Gecko) Version/17.5 Safari/605.1.15"
162.0.232.193 - - [11/Jun/2025:11:13:02 -0400] "POST /wp-cron.php?doing_wp_cron=1749654782.6492791175842285156250 HTTP/1.1" 200 0 "-" "WordPress/6.8.1; https://wotaku-manga.com"
51.222.253.10 - - [11/Jun/2025:11:13:02 -0400] "GET /cu786776582.shtm HTTP/1.1" 301 0 "-" "Mozilla/5.0 (compatible; AhrefsBot/7.0; +http://ahrefs.com/robot/)"
2a03:2880:f800:1b:: - - [11/Jun/2025:11:13:02 -0400] "GET /shopdetail/50115035 HTTP/1.1" 301 0 "-" "meta-externalagent/1.1 (+https://developers.facebook.com/docs/sharing/webmasters/crawler)"
2a03:2880:f800:5:: - - [11/Jun/2025:11:13:05 -0400] "GET / HTTP/1.1" 200 37330 "-" "meta-externalagent/1.1 (+https://developers.facebook.com/docs/sharing/webmasters/crawler)"
51.222.253.16 - - [11/Jun/2025:11:13:07 -0400] "GET /cw223793254.shtm HTTP/1.1" 301 0 "-" "Mozilla/5.0 (compatible; AhrefsBot/7.0; +http://ahrefs.com/robot/)"
162.0.232.193 - - [11/Jun/2025:11:13:18 -0400] "POST /wp-cron.php?doing_wp_cron=1749654798.5443260669708251953125 HTTP/1.1" 200 0 "-" "WordPress/6.8.1; https://wotaku-manga.com"
51.222.253.7 - - [11/Jun/2025:11:13:18 -0400] "GET /cw293215542.shtm HTTP/1.1" 301 0 "-" "Mozilla/5.0 (compatible; AhrefsBot/7.0; +http://ahrefs.com/robot/)"
51.222.253.8 - - [11/Jun/2025:11:13:24 -0400] "GET /cy200576400.shtm HTTP/1.1" 301 0 "-" "Mozilla/5.0 (compatible; AhrefsBot/7.0; +http://ahrefs.com/robot/)"
2a03:2880:f800:17:: - - [11/Jun/2025:11:13:24 -0400] "GET /shopdetail/99822535 HTTP/1.1" 301 0 "-" "meta-externalagent/1.1 (+https://developers.facebook.com/docs/sharing/webmasters/crawler)"
2a03:2880:f800:6:: - - [11/Jun/2025:11:13:26 -0400] "GET / HTTP/1.1" 200 37330 "-" "meta-externalagent/1.1 (+https://developers.facebook.com/docs/sharing/webmasters/crawler)"
51.222.253.10 - - [11/Jun/2025:11:13:35 -0400] "GET /cy486310498.shtm HTTP/1.1" 301 0 "-" "Mozilla/5.0 (compatible; AhrefsBot/7.0; +http://ahrefs.com/robot/)"
51.222.253.5 - - [11/Jun/2025:11:13:44 -0400] "GET /d/103238019.shtm HTTP/1.1" 301 0 "-" "Mozilla/5.0 (compatible; AhrefsBot/7.0; +http://ahrefs.com/robot/)"
162.0.232.193 - - [11/Jun/2025:11:13:54 -0400] "POST /wp-cron.php?doing_wp_cron=1749654834.7945110797882080078125 HTTP/1.1" 200 0 "-" "WordPress/6.8.1; https://wotaku-manga.com"
51.222.253.15 - - [11/Jun/2025:11:13:54 -0400] "GET /d/146874209.shtm HTTP/1.1" 301 0 "-" "Mozilla/5.0 (compatible; AhrefsBot/7.0; +http://ahrefs.com/robot/)"
162.0.232.193 - - [11/Jun/2025:11:14:03 -0400] "POST /wp-cron.php?doing_wp_cron=1749654843.1690669059753417968750 HTTP/1.1" 200 0 "-" "WordPress/6.8.1; https://wotaku-manga.com"
51.222.253.16 - - [11/Jun/2025:11:14:02 -0400] "GET /d/250197125.shtm HTTP/1.1" 301 0 "-" "Mozilla/5.0 (compatible; AhrefsBot/7.0; +http://ahrefs.com/robot/)"
162.0.232.193 - - [11/Jun/2025:11:14:13 -0400] "POST /wp-cron.php?doing_wp_cron=1749654852.8967330455780029296875 HTTP/1.1" 200 0 "-" "WordPress/6.8.1; https://wotaku-manga.com"
51.222.253.8 - - [11/Jun/2025:11:14:12 -0400] "GET /d/314480397.shtm HTTP/1.1" 301 0 "-" "Mozilla/5.0 (compatible; AhrefsBot/7.0; +http://ahrefs.com/robot/)"
162.0.232.193 - - [11/Jun/2025:11:14:19 -0400] "POST /wp-cron.php?doing_wp_cron=1749654859.4522540569305419921875 HTTP/1.1" 200 0 "-" "WordPress/6.8.1; https://wotaku-manga.com"
51.222.253.9 - - [11/Jun/2025:11:14:18 -0400] "GET /d/367444815.shtm HTTP/1.1" 301 0 "-" "Mozilla/5.0 (compatible; AhrefsBot/7.0; +http://ahrefs.com/robot/)"
51.222.253.15 - - [11/Jun/2025:11:14:25 -0400] "GET /d/413631695.shtm HTTP/1.1" 301 0 "-" "Mozilla/5.0 (compatible; AhrefsBot/7.0; +http://ahrefs.com/robot/)"
51.222.253.15 - - [11/Jun/2025:11:14:33 -0400] "GET /d/508630769.shtm HTTP/1.1" 301 0 "-" "Mozilla/5.0 (compatible; AhrefsBot/7.0; +http://ahrefs.com/robot/)"
51.222.253.7 - - [11/Jun/2025:11:14:40 -0400] "GET /d/530438631.shtm HTTP/1.1" 301 0 "-" "Mozilla/5.0 (compatible; AhrefsBot/7.0; +http://ahrefs.com/robot/)"
162.0.232.193 - - [11/Jun/2025:11:14:52 -0400] "POST /wp-cron.php?doing_wp_cron=1749654892.2819540500640869140625 HTTP/1.1" 200 0 "-" "WordPress/6.8.1; https://wotaku-manga.com"
51.222.253.15 - - [11/Jun/2025:11:14:51 -0400] "GET /d/55025957.shtm HTTP/1.1" 301 0 "-" "Mozilla/5.0 (compatible; AhrefsBot/7.0; +http://ahrefs.com/robot/)"
162.0.232.193 - - [11/Jun/2025:11:15:00 -0400] "POST /wp-cron.php?doing_wp_cron=1749654900.7926790714263916015625 HTTP/1.1" 200 0 "-" "WordPress/6.8.1; https://wotaku-manga.com"
51.222.253.2 - - [11/Jun/2025:11:15:00 -0400] "GET /d/775634227.shtm HTTP/1.1" 301 0 "-" "Mozilla/5.0 (compatible; AhrefsBot/7.0; +http://ahrefs.com/robot/)"
2a03:2880:f800:17:: - - [11/Jun/2025:11:15:09 -0400] "GET /shopdetail/210079335 HTTP/1.1" 301 0 "-" "meta-externalagent/1.1 (+https://developers.facebook.com/docs/sharing/webmasters/crawler)"
51.222.253.1 - - [11/Jun/2025:11:15:10 -0400] "GET /d/850725583.shtm HTTP/1.1" 301 0 "-" "Mozilla/5.0 (compatible; AhrefsBot/7.0; +http://ahrefs.com/robot/)"
2a03:2880:f800:18:: - - [11/Jun/2025:11:15:13 -0400] "GET / HTTP/1.1" 200 37330 "-" "meta-externalagent/1.1 (+https://developers.facebook.com/docs/sharing/webmasters/crawler)"
51.222.253.7 - - [11/Jun/2025:11:15:28 -0400] "GET /d/996768089.shtm HTTP/1.1" 301 0 "-" "Mozilla/5.0 (compatible; AhrefsBot/7.0; +http://ahrefs.com/robot/)"
51.222.253.6 - - [11/Jun/2025:11:15:19 -0400] "GET /d/881334501.shtm HTTP/1.1" 301 0 "-" "Mozilla/5.0 (compatible; AhrefsBot/7.0; +http://ahrefs.com/robot/)"
51.222.253.13 - - [11/Jun/2025:11:15:35 -0400] "GET /d1028434415.shtm HTTP/1.1" 301 0 "-" "Mozilla/5.0 (compatible; AhrefsBot/7.0; +http://ahrefs.com/robot/)"
2a03:2880:f800:19:: - - [11/Jun/2025:11:15:38 -0400] "GET /shopdetail/145591735 HTTP/1.1" 301 0 "-" "meta-externalagent/1.1 (+https://developers.facebook.com/docs/sharing/webmasters/crawler)"
2a03:2880:f800:: - - [11/Jun/2025:11:15:40 -0400] "GET / HTTP/1.1" 200 37330 "-" "meta-externalagent/1.1 (+https://developers.facebook.com/docs/sharing/webmasters/crawler)"
51.222.253.6 - - [11/Jun/2025:11:15:41 -0400] "GET /d1049205543.shtm HTTP/1.1" 301 0 "-" "Mozilla/5.0 (compatible; AhrefsBot/7.0; +http://ahrefs.com/robot/)"
51.222.253.13 - - [11/Jun/2025:11:15:47 -0400] "GET /d1087347989.shtm HTTP/1.1" 301 0 "-" "Mozilla/5.0 (compatible; AhrefsBot/7.0; +http://ahrefs.com/robot/)"
51.222.253.9 - - [11/Jun/2025:11:15:53 -0400] "GET /d1107396723.shtm HTTP/1.1" 301 0 "-" "Mozilla/5.0 (compatible; AhrefsBot/7.0; +http://ahrefs.com/robot/)"
51.222.253.13 - - [11/Jun/2025:11:16:00 -0400] "GET /d1145575469.shtm HTTP/1.1" 301 0 "-" "Mozilla/5.0 (compatible; AhrefsBot/7.0; +http://ahrefs.com/robot/)"
