193.111.248.52 - - [13/Jun/2025:13:54:26 -0400] "GET //shop/ HTTP/1.1" 301 0 "-" "-"
193.111.248.52 - - [13/Jun/2025:13:54:28 -0400] "GET / HTTP/1.1" 200 37330 "-" "-"
193.111.248.52 - - [13/Jun/2025:13:54:29 -0400] "GET //plugins/ HTTP/1.1" 301 0 "-" "-"
193.111.248.52 - - [13/Jun/2025:13:54:31 -0400] "GET / HTTP/1.1" 200 37330 "-" "-"
193.111.248.52 - - [13/Jun/2025:13:54:32 -0400] "GET //wp-includes/SimplePie/Content/Type/ HTTP/1.1" 301 0 "-" "-"
193.111.248.52 - - [13/Jun/2025:13:54:35 -0400] "GET / HTTP/1.1" 200 37330 "-" "-"
193.111.248.52 - - [13/Jun/2025:13:54:36 -0400] "GET //wp-includes/Requests/Transport/ HTTP/1.1" 301 0 "-" "-"
193.111.248.52 - - [13/Jun/2025:13:54:38 -0400] "GET / HTTP/1.1" 200 37330 "-" "-"
193.111.248.52 - - [13/Jun/2025:13:54:38 -0400] "GET //wp-includes/Requests/Utility/ HTTP/1.1" 301 0 "-" "-"
193.111.248.52 - - [13/Jun/2025:13:54:41 -0400] "GET / HTTP/1.1" 200 37330 "-" "-"
54.36.148.209 - - [13/Jun/2025:13:54:39 -0400] "GET /p2010950719.shtm HTTP/1.1" 301 0 "-" "Mozilla/5.0 (compatible; AhrefsBot/7.0; +http://ahrefs.com/robot/)"
193.111.248.52 - - [13/Jun/2025:13:54:42 -0400] "GET //wp-includes/Requests/Exception/HTTP/ HTTP/1.1" 301 0 "-" "-"
193.111.248.52 - - [13/Jun/2025:13:54:45 -0400] "GET / HTTP/1.1" 200 37393 "-" "-"
162.0.232.193 - - [13/Jun/2025:13:54:48 -0400] "POST /wp-cron.php?doing_wp_cron=1749837288.2879889011383056640625 HTTP/1.1" 200 0 "-" "WordPress/6.8.1; https://wotaku-manga.com"
193.111.248.52 - - [13/Jun/2025:13:54:45 -0400] "GET //wp-includes/Requests/Auth/ HTTP/1.1" 301 0 "-" "-"
193.111.248.52 - - [13/Jun/2025:13:54:49 -0400] "GET / HTTP/1.1" 200 37330 "-" "-"
193.111.248.52 - - [13/Jun/2025:13:54:50 -0400] "GET //wp-includes/sodium_compat/src/ HTTP/1.1" 200 1201 "-" "-"
193.111.248.52 - - [13/Jun/2025:13:54:50 -0400] "GET //wp-includes/html-api/ HTTP/1.1" 200 1354 "-" "-"
193.111.248.52 - - [13/Jun/2025:13:54:50 -0400] "GET //wp-includes/js/ HTTP/1.1" 200 3490 "-" "-"
193.111.248.52 - - [13/Jun/2025:13:54:50 -0400] "GET //wp-includes/php-compat/ HTTP/1.1" 200 629 "-" "-"
193.111.248.52 - - [13/Jun/2025:13:54:51 -0400] "GET //wp-includes/random_compat/ HTTP/1.1" 301 0 "-" "-"
193.111.248.52 - - [13/Jun/2025:13:54:54 -0400] "GET / HTTP/1.1" 200 37330 "-" "-"
193.111.248.52 - - [13/Jun/2025:13:54:54 -0400] "GET //admin/images/slider/ HTTP/1.1" 301 0 "-" "-"
193.111.248.52 - - [13/Jun/2025:13:54:57 -0400] "GET / HTTP/1.1" 200 37330 "-" "-"
162.0.232.193 - - [13/Jun/2025:13:55:00 -0400] "POST /wp-cron.php?doing_wp_cron=1749837300.1974809169769287109375 HTTP/1.1" 200 0 "-" "WordPress/6.8.1; https://wotaku-manga.com"
193.111.248.52 - - [13/Jun/2025:13:54:57 -0400] "GET //admin/fckeditor/editor/filemanager/ HTTP/1.1" 301 0 "-" "-"
193.111.248.52 - - [13/Jun/2025:13:55:01 -0400] "GET / HTTP/1.1" 200 37330 "-" "-"
193.111.248.52 - - [13/Jun/2025:13:55:01 -0400] "GET //sites/default/files/ HTTP/1.1" 301 0 "-" "-"
193.111.248.52 - - [13/Jun/2025:13:55:04 -0400] "GET / HTTP/1.1" 200 37330 "-" "-"
162.0.232.193 - - [13/Jun/2025:13:55:05 -0400] "GET /manga/wotakoi-love-is-hard-for-otaku-chapter-77-5/ HTTP/1.1" 200 0 "-" "WP Rocket/Preload"
162.0.232.193 - - [13/Jun/2025:13:55:06 -0400] "GET /manga/wotakoi-love-is-hard-for-otaku-chapter-77-5/ HTTP/1.1" 200 44736 "-" "WP Rocket/Preload Mozilla/5.0 (iPhone; CPU iPhone OS 9_1 like Mac OS X) AppleWebKit/601.1.46 (KHTML, like Gecko) Version/9.0 Mobile/13B143 Safari/601.1"
193.111.248.52 - - [13/Jun/2025:13:55:04 -0400] "GET //admin/controller/extension/extension/ HTTP/1.1" 301 0 "-" "-"
193.111.248.52 - - [13/Jun/2025:13:55:07 -0400] "GET / HTTP/1.1" 200 37351 "-" "-"
162.0.232.193 - - [13/Jun/2025:13:55:08 -0400] "GET /manga/wotakoi-love-is-hard-for-otaku-chapter-77/ HTTP/1.1" 200 0 "-" "WP Rocket/Preload"
193.111.248.52 - - [13/Jun/2025:13:55:08 -0400] "GET //components/ HTTP/1.1" 301 0 "-" "-"
162.0.232.193 - - [13/Jun/2025:13:55:09 -0400] "GET /manga/wotakoi-love-is-hard-for-otaku-chapter-77/ HTTP/1.1" 200 42939 "-" "WP Rocket/Preload Mozilla/5.0 (iPhone; CPU iPhone OS 9_1 like Mac OS X) AppleWebKit/601.1.46 (KHTML, like Gecko) Version/9.0 Mobile/13B143 Safari/601.1"
193.111.248.52 - - [13/Jun/2025:13:55:10 -0400] "GET / HTTP/1.1" 200 37330 "-" "-"
193.111.248.52 - - [13/Jun/2025:13:55:11 -0400] "GET //admin/uploads/images/ HTTP/1.1" 301 0 "-" "-"
193.111.248.52 - - [13/Jun/2025:13:55:15 -0400] "GET / HTTP/1.1" 200 37330 "-" "-"
193.111.248.52 - - [13/Jun/2025:13:55:16 -0400] "GET //wp-admin/meta/ HTTP/1.1" 200 186 "-" "-"
162.0.232.193 - - [13/Jun/2025:13:55:11 -0400] "GET /manga/wotakoi-love-is-hard-for-otaku-chapter-76/ HTTP/1.1" 200 42178 "-" "WP Rocket/Preload"
193.111.248.52 - - [13/Jun/2025:13:55:16 -0400] "GET //meta.php HTTP/1.1" 301 0 "-" "-"
193.111.248.52 - - [13/Jun/2025:13:55:18 -0400] "GET / HTTP/1.1" 200 37330 "-" "-"
162.0.232.193 - - [13/Jun/2025:13:55:18 -0400] "GET /manga/wotakoi-love-is-hard-for-otaku-chapter-76/ HTTP/1.1" 200 0 "-" "WP Rocket/Preload Mozilla/5.0 (iPhone; CPU iPhone OS 9_1 like Mac OS X) AppleWebKit/601.1.46 (KHTML, like Gecko) Version/9.0 Mobile/13B143 Safari/601.1"
66.249.66.66 - - [13/Jun/2025:13:55:18 -0400] "GET /o/58624394.shtm HTTP/1.1" 200 81580 "-" "Mozilla/5.0 (Linux; Android 6.0.1; Nexus 5X Build/MMB29P) AppleWebKit/537.36 (KHTML, like Gecko) Chrome/136.0.7103.113 Mobile Safari/537.36 (compatible; Googlebot/2.1; +http://www.google.com/bot.html)"
66.249.66.66 - - [13/Jun/2025:13:55:19 -0400] "GET /t/46764801.shtm HTTP/1.1" 200 82095 "-" "Mozilla/5.0 (Linux; Android 6.0.1; Nexus 5X Build/MMB29P) AppleWebKit/537.36 (KHTML, like Gecko) Chrome/136.0.7103.113 Mobile Safari/537.36 (compatible; Googlebot/2.1; +http://www.google.com/bot.html)"
193.111.248.52 - - [13/Jun/2025:13:55:19 -0400] "GET //yindu.php HTTP/1.1" 301 0 "-" "-"
66.249.66.65 - - [13/Jun/2025:13:55:21 -0400] "GET /fp48039253.shtm HTTP/1.1" 200 82133 "-" "Mozilla/5.0 (Linux; Android 6.0.1; Nexus 5X Build/MMB29P) AppleWebKit/537.36 (KHTML, like Gecko) Chrome/136.0.7103.113 Mobile Safari/537.36 (compatible; Googlebot/2.1; +http://www.google.com/bot.html)"
193.111.248.52 - - [13/Jun/2025:13:55:21 -0400] "GET / HTTP/1.1" 200 37330 "-" "-"
66.249.66.72 - - [13/Jun/2025:13:55:22 -0400] "GET /m/608298104.shtm HTTP/1.1" 200 82207 "-" "Mozilla/5.0 (Linux; Android 6.0.1; Nexus 5X Build/MMB29P) AppleWebKit/537.36 (KHTML, like Gecko) Chrome/136.0.7103.113 Mobile Safari/537.36 (compatible; Googlebot/2.1; +http://www.google.com/bot.html)"
162.0.232.193 - - [13/Jun/2025:13:55:23 -0400] "POST /wp-cron.php?doing_wp_cron=1749837323.5353391170501708984375 HTTP/1.1" 200 0 "-" "WordPress/6.8.1; https://wotaku-manga.com"
2a03:2880:f800:1a:: - - [13/Jun/2025:13:55:20 -0400] "GET /shopdetail/325140135 HTTP/1.1" 301 0 "-" "meta-externalagent/1.1 (+https://developers.facebook.com/docs/sharing/webmasters/crawler)"
66.249.66.64 - - [13/Jun/2025:13:55:24 -0400] "GET /yo/syren55040428.shtm HTTP/1.1" 200 81753 "-" "Mozilla/5.0 (Linux; Android 6.0.1; Nexus 5X Build/MMB29P) AppleWebKit/537.36 (KHTML, like Gecko) Chrome/136.0.7103.113 Mobile Safari/537.36 (compatible; Googlebot/2.1; +http://www.google.com/bot.html)"
193.111.248.52 - - [13/Jun/2025:13:55:22 -0400] "GET //functions.php HTTP/1.1" 301 0 "-" "-"
193.111.248.52 - - [13/Jun/2025:13:55:25 -0400] "GET / HTTP/1.1" 200 37330 "-" "-"
2a03:2880:f800:13:: - - [13/Jun/2025:13:55:25 -0400] "GET / HTTP/1.1" 200 37330 "-" "meta-externalagent/1.1 (+https://developers.facebook.com/docs/sharing/webmasters/crawler)"
2a03:2880:f800:d:: - - [13/Jun/2025:13:55:22 -0400] "GET /shopdetail/202587935 HTTP/1.1" 301 0 "-" "meta-externalagent/1.1 (+https://developers.facebook.com/docs/sharing/webmasters/crawler)"
193.111.248.52 - - [13/Jun/2025:13:55:25 -0400] "GET //cron.php HTTP/1.1" 301 0 "-" "-"
193.111.248.52 - - [13/Jun/2025:13:55:28 -0400] "GET / HTTP/1.1" 200 37330 "-" "-"
2a03:2880:f800:1a:: - - [13/Jun/2025:13:55:29 -0400] "GET / HTTP/1.1" 200 37330 "-" "meta-externalagent/1.1 (+https://developers.facebook.com/docs/sharing/webmasters/crawler)"
193.111.248.52 - - [13/Jun/2025:13:55:29 -0400] "GET //gecko-new.php HTTP/1.1" 301 0 "-" "-"
193.111.248.52 - - [13/Jun/2025:13:55:32 -0400] "GET / HTTP/1.1" 200 37330 "-" "-"
193.111.248.52 - - [13/Jun/2025:13:55:33 -0400] "GET //cookie.php HTTP/1.1" 301 0 "-" "-"
193.111.248.52 - - [13/Jun/2025:13:55:36 -0400] "GET / HTTP/1.1" 200 37330 "-" "-"
193.111.248.52 - - [13/Jun/2025:13:55:36 -0400] "GET //spip.php HTTP/1.1" 301 0 "-" "-"
193.111.248.52 - - [13/Jun/2025:13:55:38 -0400] "GET / HTTP/1.1" 200 37330 "-" "-"
66.249.66.65 - - [13/Jun/2025:13:55:39 -0400] "GET /mci/98209938.shtm HTTP/1.1" 200 81762 "-" "Mozilla/5.0 (Linux; Android 6.0.1; Nexus 5X Build/MMB29P) AppleWebKit/537.36 (KHTML, like Gecko) Chrome/136.0.7103.113 Mobile Safari/537.36 (compatible; Googlebot/2.1; +http://www.google.com/bot.html)"
193.111.248.52 - - [13/Jun/2025:13:55:39 -0400] "GET //22.php HTTP/1.1" 301 0 "-" "-"
193.111.248.52 - - [13/Jun/2025:13:55:42 -0400] "GET / HTTP/1.1" 200 37330 "-" "-"
193.111.248.52 - - [13/Jun/2025:13:55:42 -0400] "GET //room.php HTTP/1.1" 301 0 "-" "-"
193.111.248.52 - - [13/Jun/2025:13:55:45 -0400] "GET / HTTP/1.1" 200 37330 "-" "-"
162.0.232.193 - - [13/Jun/2025:13:55:49 -0400] "POST /wp-cron.php?doing_wp_cron=1749837348.6989359855651855468750 HTTP/1.1" 200 0 "-" "WordPress/6.8.1; https://wotaku-manga.com"
193.111.248.52 - - [13/Jun/2025:13:55:46 -0400] "GET //feeds.php HTTP/1.1" 301 0 "-" "-"
193.111.248.52 - - [13/Jun/2025:13:55:49 -0400] "GET / HTTP/1.1" 200 37330 "-" "-"
193.111.248.52 - - [13/Jun/2025:13:55:50 -0400] "GET //colors.php HTTP/1.1" 301 0 "-" "-"
193.111.248.52 - - [13/Jun/2025:13:55:52 -0400] "GET / HTTP/1.1" 200 37330 "-" "-"
193.111.248.52 - - [13/Jun/2025:13:55:53 -0400] "GET //alfa-rex1.php HTTP/1.1" 301 0 "-" "-"
193.111.248.52 - - [13/Jun/2025:13:55:55 -0400] "GET / HTTP/1.1" 200 37330 "-" "-"
162.0.232.193 - - [13/Jun/2025:13:55:58 -0400] "POST /wp-cron.php?doing_wp_cron=1749837358.4846038818359375000000 HTTP/1.1" 200 0 "-" "WordPress/6.8.1; https://wotaku-manga.com"
193.111.248.52 - - [13/Jun/2025:13:55:56 -0400] "GET //wxo.php HTTP/1.1" 301 0 "-" "-"
193.111.248.52 - - [13/Jun/2025:13:55:59 -0400] "GET / HTTP/1.1" 200 37330 "-" "-"
193.111.248.52 - - [13/Jun/2025:13:56:00 -0400] "GET //colour.php HTTP/1.1" 301 0 "-" "-"
66.249.66.66 - - [13/Jun/2025:13:56:01 -0400] "GET /lj/shopping/amygdaliferous92595057.shtm HTTP/1.1" 200 81912 "-" "Mozilla/5.0 (Linux; Android 6.0.1; Nexus 5X Build/MMB29P) AppleWebKit/537.36 (KHTML, like Gecko) Chrome/136.0.7103.113 Mobile Safari/537.36 (compatible; Googlebot/2.1; +http://www.google.com/bot.html)"
193.111.248.52 - - [13/Jun/2025:13:56:02 -0400] "GET / HTTP/1.1" 200 37330 "-" "-"
162.0.232.193 - - [13/Jun/2025:13:56:03 -0400] "GET /manga/wotakoi-love-is-hard-for-otaku-chapter-75-5/ HTTP/1.1" 200 0 "-" "WP Rocket/Preload"
193.111.248.52 - - [13/Jun/2025:13:56:03 -0400] "GET //files.php HTTP/1.1" 301 0 "-" "-"
193.111.248.52 - - [13/Jun/2025:13:56:04 -0400] "GET / HTTP/1.1" 200 37330 "-" "-"
162.0.232.193 - - [13/Jun/2025:13:56:04 -0400] "GET /manga/wotakoi-love-is-hard-for-otaku-chapter-75-5/ HTTP/1.1" 200 0 "-" "WP Rocket/Preload Mozilla/5.0 (iPhone; CPU iPhone OS 9_1 like Mac OS X) AppleWebKit/601.1.46 (KHTML, like Gecko) Version/9.0 Mobile/13B143 Safari/601.1"
193.111.248.52 - - [13/Jun/2025:13:56:05 -0400] "GET //wp-contentt.php HTTP/1.1" 301 0 "-" "-"
162.0.232.193 - - [13/Jun/2025:13:56:06 -0400] "GET /manga/wotakoi-love-is-hard-for-otaku-chapter-75/ HTTP/1.1" 200 0 "-" "WP Rocket/Preload"
193.111.248.52 - - [13/Jun/2025:13:56:07 -0400] "GET / HTTP/1.1" 200 37330 "-" "-"
162.0.232.193 - - [13/Jun/2025:13:56:08 -0400] "GET /manga/wotakoi-love-is-hard-for-otaku-chapter-75/ HTTP/1.1" 200 0 "-" "WP Rocket/Preload Mozilla/5.0 (iPhone; CPU iPhone OS 9_1 like Mac OS X) AppleWebKit/601.1.46 (KHTML, like Gecko) Version/9.0 Mobile/13B143 Safari/601.1"
193.111.248.52 - - [13/Jun/2025:13:56:08 -0400] "GET //config.php7 HTTP/1.1" 301 0 "-" "-"
162.0.232.193 - - [13/Jun/2025:13:56:09 -0400] "GET /manga/wotakoi-love-is-hard-for-otaku-chapter-74/ HTTP/1.1" 200 0 "-" "WP Rocket/Preload"
193.111.248.52 - - [13/Jun/2025:13:56:10 -0400] "GET / HTTP/1.1" 200 37330 "-" "-"
162.0.232.193 - - [13/Jun/2025:13:56:11 -0400] "GET /manga/wotakoi-love-is-hard-for-otaku-chapter-74/ HTTP/1.1" 200 0 "-" "WP Rocket/Preload Mozilla/5.0 (iPhone; CPU iPhone OS 9_1 like Mac OS X) AppleWebKit/601.1.46 (KHTML, like Gecko) Version/9.0 Mobile/13B143 Safari/601.1"
54.36.148.214 - - [13/Jun/2025:13:56:11 -0400] "GET /p537962545.shtm HTTP/1.1" 301 0 "-" "Mozilla/5.0 (compatible; AhrefsBot/7.0; +http://ahrefs.com/robot/)"
193.111.248.52 - - [13/Jun/2025:13:56:11 -0400] "GET //theme.php HTTP/1.1" 301 0 "-" "-"
162.0.232.193 - - [13/Jun/2025:13:56:13 -0400] "GET /manga/wotakoi-love-is-hard-for-otaku-chapter-73/ HTTP/1.1" 200 0 "-" "WP Rocket/Preload"
193.111.248.52 - - [13/Jun/2025:13:56:13 -0400] "GET / HTTP/1.1" 200 37330 "-" "-"
162.0.232.193 - - [13/Jun/2025:13:56:14 -0400] "GET /manga/wotakoi-love-is-hard-for-otaku-chapter-73/ HTTP/1.1" 200 0 "-" "WP Rocket/Preload Mozilla/5.0 (iPhone; CPU iPhone OS 9_1 like Mac OS X) AppleWebKit/601.1.46 (KHTML, like Gecko) Version/9.0 Mobile/13B143 Safari/601.1"
193.111.248.52 - - [13/Jun/2025:13:56:14 -0400] "GET //block-bindings.php HTTP/1.1" 301 0 "-" "-"
193.111.248.52 - - [13/Jun/2025:13:56:16 -0400] "GET / HTTP/1.1" 200 37330 "-" "-"
162.0.232.193 - - [13/Jun/2025:13:56:16 -0400] "GET /manga/wotakoi-love-is-hard-for-otaku-chapter-72/ HTTP/1.1" 200 0 "-" "WP Rocket/Preload"
162.0.232.193 - - [13/Jun/2025:13:56:18 -0400] "GET /manga/wotakoi-love-is-hard-for-otaku-chapter-72/ HTTP/1.1" 200 0 "-" "WP Rocket/Preload Mozilla/5.0 (iPhone; CPU iPhone OS 9_1 like Mac OS X) AppleWebKit/601.1.46 (KHTML, like Gecko) Version/9.0 Mobile/13B143 Safari/601.1"
193.111.248.52 - - [13/Jun/2025:13:56:17 -0400] "GET //class_api.php HTTP/1.1" 301 0 "-" "-"
193.111.248.52 - - [13/Jun/2025:13:56:19 -0400] "GET / HTTP/1.1" 200 37330 "-" "-"
162.0.232.193 - - [13/Jun/2025:13:56:22 -0400] "POST /wp-cron.php?doing_wp_cron=1749837382.6898639202117919921875 HTTP/1.1" 200 0 "-" "WordPress/6.8.1; https://wotaku-manga.com"
193.111.248.52 - - [13/Jun/2025:13:56:20 -0400] "GET //root.php HTTP/1.1" 301 0 "-" "-"
193.111.248.52 - - [13/Jun/2025:13:56:23 -0400] "GET / HTTP/1.1" 200 37330 "-" "-"
193.111.248.52 - - [13/Jun/2025:13:56:24 -0400] "GET //configs.php HTTP/1.1" 301 0 "-" "-"
193.111.248.52 - - [13/Jun/2025:13:56:25 -0400] "GET / HTTP/1.1" 200 37330 "-" "-"
193.111.248.52 - - [13/Jun/2025:13:56:25 -0400] "GET //update.php HTTP/1.1" 301 0 "-" "-"
193.111.248.52 - - [13/Jun/2025:13:56:27 -0400] "GET / HTTP/1.1" 200 37330 "-" "-"
193.111.248.52 - - [13/Jun/2025:13:56:27 -0400] "GET //aaa.php HTTP/1.1" 301 0 "-" "-"
193.111.248.52 - - [13/Jun/2025:13:56:29 -0400] "GET / HTTP/1.1" 200 37330 "-" "-"
193.111.248.52 - - [13/Jun/2025:13:56:30 -0400] "GET //wp-includes/ HTTP/1.1" 200 7452 "-" "-"
193.111.248.52 - - [13/Jun/2025:13:56:30 -0400] "GET //wp-includes/css/ HTTP/1.1" 200 1827 "-" "-"
193.111.248.52 - - [13/Jun/2025:13:56:31 -0400] "GET //wp-includes/IXR/ HTTP/1.1" 200 1226 "-" "-"
193.111.248.52 - - [13/Jun/2025:13:56:31 -0400] "GET //wp-includes/Requests/ HTTP/1.1" 200 642 "-" "-"
193.111.248.52 - - [13/Jun/2025:13:56:31 -0400] "GET //wp-includes/SimplePie/ HTTP/1.1" 200 758 "-" "-"
193.111.248.52 - - [13/Jun/2025:13:56:31 -0400] "GET //wp-includes/Text/ HTTP/1.1" 200 712 "-" "-"
193.111.248.52 - - [13/Jun/2025:13:56:31 -0400] "GET //wp-includes/Text/Diff/Renderer/ HTTP/1.1" 200 634 "-" "-"
54.36.148.23 - - [13/Jun/2025:13:56:30 -0400] "GET /p623702855.shtm HTTP/1.1" 301 0 "-" "Mozilla/5.0 (compatible; AhrefsBot/7.0; +http://ahrefs.com/robot/)"
193.111.248.52 - - [13/Jun/2025:13:56:32 -0400] "GET //wp-includes/blocks/ HTTP/1.1" 403 1242 "-" "-"
193.111.248.52 - - [13/Jun/2025:13:56:32 -0400] "GET //wp-includes/certificates/ HTTP/1.1" 200 622 "-" "-"
193.111.248.52 - - [13/Jun/2025:13:56:32 -0400] "GET //wp-includes/customize/ HTTP/1.1" 200 2010 "-" "-"
193.111.248.52 - - [13/Jun/2025:13:56:32 -0400] "GET //wp-includes/images/ HTTP/1.1" 200 1606 "-" "-"
193.111.248.52 - - [13/Jun/2025:13:56:32 -0400] "GET //.well-known/ HTTP/1.1" 200 620 "-" "-"
193.111.248.52 - - [13/Jun/2025:13:56:33 -0400] "GET //.well-known/acme-challenge/ HTTP/1.1" 301 0 "-" "-"
193.111.248.52 - - [13/Jun/2025:13:56:35 -0400] "GET / HTTP/1.1" 200 37330 "-" "-"
193.111.248.52 - - [13/Jun/2025:13:56:35 -0400] "GET //upload/ HTTP/1.1" 301 0 "-" "-"
193.111.248.52 - - [13/Jun/2025:13:56:37 -0400] "GET / HTTP/1.1" 200 37330 "-" "-"
193.111.248.52 - - [13/Jun/2025:13:56:37 -0400] "GET //admin/ HTTP/1.1" 301 0 "-" "-"
193.111.248.52 - - [13/Jun/2025:13:56:39 -0400] "GET / HTTP/1.1" 200 37330 "-" "-"
193.111.248.52 - - [13/Jun/2025:13:56:40 -0400] "GET //vendor/phpunit/phpunit/src/Util/PHP/ HTTP/1.1" 301 0 "-" "-"
193.111.248.52 - - [13/Jun/2025:13:56:41 -0400] "GET / HTTP/1.1" 200 37393 "-" "-"
193.111.248.52 - - [13/Jun/2025:13:56:41 -0400] "GET //assets/images/ HTTP/1.1" 301 0 "-" "-"
193.111.248.52 - - [13/Jun/2025:13:56:43 -0400] "GET / HTTP/1.1" 200 37330 "-" "-"
2a03:2880:f800:15:: - - [13/Jun/2025:13:56:43 -0400] "GET /shopdetail/271800135 HTTP/1.1" 301 0 "-" "meta-externalagent/1.1 (+https://developers.facebook.com/docs/sharing/webmasters/crawler)"
54.36.148.149 - - [13/Jun/2025:13:56:44 -0400] "GET /p634580115.shtm HTTP/1.1" 301 0 "-" "Mozilla/5.0 (compatible; AhrefsBot/7.0; +http://ahrefs.com/robot/)"
162.0.232.193 - - [13/Jun/2025:13:56:46 -0400] "POST /wp-cron.php?doing_wp_cron=1749837406.3213999271392822265625 HTTP/1.1" 200 0 "-" "WordPress/6.8.1; https://wotaku-manga.com"
2a03:2880:f800:: - - [13/Jun/2025:13:56:46 -0400] "GET / HTTP/1.1" 200 37330 "-" "meta-externalagent/1.1 (+https://developers.facebook.com/docs/sharing/webmasters/crawler)"
193.111.248.52 - - [13/Jun/2025:13:56:44 -0400] "GET //files/ HTTP/1.1" 301 0 "-" "-"
193.111.248.52 - - [13/Jun/2025:13:56:47 -0400] "GET / HTTP/1.1" 200 37330 "-" "-"
2a03:2880:f800:15:: - - [13/Jun/2025:13:56:47 -0400] "GET /shopdetail/144658435 HTTP/1.1" 301 0 "-" "meta-externalagent/1.1 (+https://developers.facebook.com/docs/sharing/webmasters/crawler)"
193.111.248.52 - - [13/Jun/2025:13:56:47 -0400] "GET //admin/editor/ HTTP/1.1" 301 0 "-" "-"
193.111.248.52 - - [13/Jun/2025:13:56:50 -0400] "GET / HTTP/1.1" 200 37330 "-" "-"
2a03:2880:f800:1b:: - - [13/Jun/2025:13:56:51 -0400] "GET / HTTP/1.1" 200 37330 "-" "meta-externalagent/1.1 (+https://developers.facebook.com/docs/sharing/webmasters/crawler)"
193.111.248.52 - - [13/Jun/2025:13:56:51 -0400] "GET //include/ HTTP/1.1" 301 0 "-" "-"
66.249.66.64 - - [13/Jun/2025:13:56:53 -0400] "GET /p/98211971.shtm HTTP/1.1" 200 81467 "-" "Mozilla/5.0 (Linux; Android 6.0.1; Nexus 5X Build/MMB29P) AppleWebKit/537.36 (KHTML, like Gecko) Chrome/136.0.7103.113 Mobile Safari/537.36 (compatible; Googlebot/2.1; +http://www.google.com/bot.html)"
193.111.248.52 - - [13/Jun/2025:13:56:54 -0400] "GET / HTTP/1.1" 200 37330 "-" "-"
193.111.248.52 - - [13/Jun/2025:13:56:54 -0400] "GET //wp-includes/assets/ HTTP/1.1" 200 1095 "-" "-"
193.111.248.52 - - [13/Jun/2025:13:56:55 -0400] "GET //wp-includes/Text/Diff/Engine/ HTTP/1.1" 200 752 "-" "-"
193.111.248.52 - - [13/Jun/2025:13:56:55 -0400] "GET //wp-includes/Text/Diff/ HTTP/1.1" 200 704 "-" "-"
193.111.248.52 - - [13/Jun/2025:13:56:55 -0400] "GET //wp-includes/block-supports/ HTTP/1.1" 200 1427 "-" "-"
193.111.248.52 - - [13/Jun/2025:13:56:55 -0400] "GET //wp-includes/SimplePie/Cache/ HTTP/1.1" 301 0 "-" "-"
193.111.248.52 - - [13/Jun/2025:13:56:57 -0400] "GET / HTTP/1.1" 200 37330 "-" "-"
162.0.232.193 - - [13/Jun/2025:13:56:58 -0400] "POST /wp-cron.php?doing_wp_cron=1749837418.5205430984497070312500 HTTP/1.1" 200 0 "-" "WordPress/6.8.1; https://wotaku-manga.com"
193.111.248.52 - - [13/Jun/2025:13:56:57 -0400] "GET //wp-includes/SimplePie/Content/ HTTP/1.1" 301 0 "-" "-"
193.111.248.52 - - [13/Jun/2025:13:56:58 -0400] "GET / HTTP/1.1" 200 37330 "-" "-"
193.111.248.52 - - [13/Jun/2025:13:56:59 -0400] "GET //wp-includes/rest-api/endpoints/ HTTP/1.1" 200 2047 "-" "-"
193.111.248.52 - - [13/Jun/2025:13:56:59 -0400] "GET //wp-includes/rest-api/fields/ HTTP/1.1" 200 1099 "-" "-"
193.111.248.52 - - [13/Jun/2025:13:57:00 -0400] "GET //wp-includes/Requests/Cookie/ HTTP/1.1" 301 0 "-" "-"
162.0.232.193 - - [13/Jun/2025:13:57:00 -0400] "GET /manga/wotakoi-love-is-hard-for-otaku-chapter-71/ HTTP/1.1" 200 41933 "-" "WP Rocket/Preload"
193.111.248.52 - - [13/Jun/2025:13:57:01 -0400] "GET / HTTP/1.1" 200 37330 "-" "-"
193.111.248.52 - - [13/Jun/2025:13:57:01 -0400] "GET //wp-includes/Requests/Proxy/ HTTP/1.1" 301 0 "-" "-"
193.111.248.52 - - [13/Jun/2025:13:57:02 -0400] "GET / HTTP/1.1" 200 37330 "-" "-"
162.0.232.193 - - [13/Jun/2025:13:57:01 -0400] "GET /manga/wotakoi-love-is-hard-for-otaku-chapter-71/ HTTP/1.1" 200 0 "-" "WP Rocket/Preload Mozilla/5.0 (iPhone; CPU iPhone OS 9_1 like Mac OS X) AppleWebKit/601.1.46 (KHTML, like Gecko) Version/9.0 Mobile/13B143 Safari/601.1"
193.111.248.52 - - [13/Jun/2025:13:57:03 -0400] "GET //wp-includes/Requests/Response/ HTTP/1.1" 301 0 "-" "-"
162.0.232.193 - - [13/Jun/2025:13:57:03 -0400] "GET /manga/wotakoi-love-is-hard-for-otaku-chapter-70/ HTTP/1.1" 200 0 "-" "WP Rocket/Preload"
193.111.248.52 - - [13/Jun/2025:13:57:04 -0400] "GET / HTTP/1.1" 200 37330 "-" "-"
193.111.248.52 - - [13/Jun/2025:13:57:04 -0400] "GET //wp-includes/js/crop/ HTTP/1.1" 200 717 "-" "-"
193.111.248.52 - - [13/Jun/2025:13:57:05 -0400] "GET //wp-includes/images/media/ HTTP/1.1" 200 1281 "-" "-"
193.111.248.52 - - [13/Jun/2025:13:57:05 -0400] "GET //wp-includes/images/smilies/ HTTP/1.1" 200 1426 "-" "-"
162.0.232.193 - - [13/Jun/2025:13:57:04 -0400] "GET /manga/wotakoi-love-is-hard-for-otaku-chapter-70/ HTTP/1.1" 200 0 "-" "WP Rocket/Preload Mozilla/5.0 (iPhone; CPU iPhone OS 9_1 like Mac OS X) AppleWebKit/601.1.46 (KHTML, like Gecko) Version/9.0 Mobile/13B143 Safari/601.1"
193.111.248.52 - - [13/Jun/2025:13:57:05 -0400] "GET //wp-includes/images/wlw/ HTTP/1.1" 301 0 "-" "-"
193.111.248.52 - - [13/Jun/2025:13:57:06 -0400] "GET / HTTP/1.1" 200 37330 "-" "-"
162.0.232.193 - - [13/Jun/2025:13:57:06 -0400] "GET /manga/wotakoi-love-is-hard-for-otaku-chapter-69-5/ HTTP/1.1" 200 0 "-" "WP Rocket/Preload"
193.111.248.52 - - [13/Jun/2025:13:57:07 -0400] "GET //wp-includes/Requests/Exception/ HTTP/1.1" 301 0 "-" "-"
193.111.248.52 - - [13/Jun/2025:13:57:08 -0400] "GET / HTTP/1.1" 200 37330 "-" "-"
193.111.248.52 - - [13/Jun/2025:13:57:08 -0400] "GET //wp-includes/sitemaps/providers/ HTTP/1.1" 200 780 "-" "-"
162.0.232.193 - - [13/Jun/2025:13:57:08 -0400] "GET /manga/wotakoi-love-is-hard-for-otaku-chapter-69-5/ HTTP/1.1" 200 0 "-" "WP Rocket/Preload Mozilla/5.0 (iPhone; CPU iPhone OS 9_1 like Mac OS X) AppleWebKit/601.1.46 (KHTML, like Gecko) Version/9.0 Mobile/13B143 Safari/601.1"
193.111.248.52 - - [13/Jun/2025:13:57:09 -0400] "GET //wp-includes/Text/Diff/Engine/Engine/ HTTP/1.1" 301 0 "-" "-"
54.36.148.237 - - [13/Jun/2025:13:57:09 -0400] "GET /p651390793.shtm HTTP/1.1" 301 0 "-" "Mozilla/5.0 (compatible; AhrefsBot/7.0; +http://ahrefs.com/robot/)"
193.111.248.52 - - [13/Jun/2025:13:57:09 -0400] "GET / HTTP/1.1" 200 37330 "-" "-"
193.111.248.52 - - [13/Jun/2025:13:57:10 -0400] "GET //wp-includes/PHPMailer/ HTTP/1.1" 200 693 "-" "-"
162.0.232.193 - - [13/Jun/2025:13:57:09 -0400] "GET /manga/wotakoi-love-is-hard-for-otaku-chapter-69/ HTTP/1.1" 200 0 "-" "WP Rocket/Preload"
193.111.248.52 - - [13/Jun/2025:13:57:10 -0400] "GET //wp-includes/rest-api/ HTTP/1.1" 403 1242 "-" "-"
193.111.248.52 - - [13/Jun/2025:13:57:10 -0400] "GET //wp-includes/sitemaps/ HTTP/1.1" 200 1141 "-" "-"
193.111.248.52 - - [13/Jun/2025:13:57:11 -0400] "GET //wp-includes/sodium_compat/ HTTP/1.1" 200 1141 "-" "-"
193.111.248.52 - - [13/Jun/2025:13:57:11 -0400] "GET //wp-includes/theme-compat/ HTTP/1.1" 200 1243 "-" "-"
193.111.248.52 - - [13/Jun/2025:13:57:11 -0400] "GET //wp-admin/css/colors/ectoplasm/ HTTP/1.1" 200 718 "-" "-"
193.111.248.52 - - [13/Jun/2025:13:57:11 -0400] "GET //wp-admin/css/colors/ HTTP/1.1" 200 1129 "-" "-"
162.0.232.193 - - [13/Jun/2025:13:57:11 -0400] "GET /manga/wotakoi-love-is-hard-for-otaku-chapter-69/ HTTP/1.1" 200 0 "-" "WP Rocket/Preload Mozilla/5.0 (iPhone; CPU iPhone OS 9_1 like Mac OS X) AppleWebKit/601.1.46 (KHTML, like Gecko) Version/9.0 Mobile/13B143 Safari/601.1"
162.0.232.193 - - [13/Jun/2025:13:57:12 -0400] "GET /manga/wotakoi-love-is-hard-for-otaku-chapter-68/ HTTP/1.1" 200 0 "-" "WP Rocket/Preload"
193.111.248.52 - - [13/Jun/2025:13:57:12 -0400] "GET //modules/mod_simplefileuploadv1.3/elements/ HTTP/1.1" 301 0 "-" "-"
193.111.248.52 - - [13/Jun/2025:13:57:14 -0400] "GET / HTTP/1.1" 200 37330 "-" "-"
162.0.232.193 - - [13/Jun/2025:13:57:14 -0400] "GET /manga/wotakoi-love-is-hard-for-otaku-chapter-68/ HTTP/1.1" 200 0 "-" "WP Rocket/Preload Mozilla/5.0 (iPhone; CPU iPhone OS 9_1 like Mac OS X) AppleWebKit/601.1.46 (KHTML, like Gecko) Version/9.0 Mobile/13B143 Safari/601.1"
193.111.248.52 - - [13/Jun/2025:13:57:15 -0400] "GET //wp-admin/css/ HTTP/1.1" 200 2783 "-" "-"
193.111.248.52 - - [13/Jun/2025:13:57:15 -0400] "GET //wp-admin/images/ HTTP/1.1" 200 2501 "-" "-"
193.111.248.52 - - [13/Jun/2025:13:57:16 -0400] "GET //wp-admin/maint/ HTTP/1.1" 200 628 "-" "-"
193.111.248.52 - - [13/Jun/2025:13:57:16 -0400] "GET //wp-admin/network/ HTTP/1.1" 403 1242 "-" "-"
193.111.248.52 - - [13/Jun/2025:13:57:16 -0400] "GET //wp-admin/user/ HTTP/1.1" 403 1242 "-" "-"
162.0.232.193 - - [13/Jun/2025:13:57:16 -0400] "GET /manga/wotakoi-love-is-hard-for-otaku-chapter-66/ HTTP/1.1" 200 0 "-" "WP Rocket/Preload"
193.111.248.52 - - [13/Jun/2025:13:57:17 -0400] "GET //wp-admin/includes/ HTTP/1.1" 200 3633 "-" "-"
162.0.232.193 - - [13/Jun/2025:13:57:17 -0400] "GET /manga/wotakoi-love-is-hard-for-otaku-chapter-66/ HTTP/1.1" 200 0 "-" "WP Rocket/Preload Mozilla/5.0 (iPhone; CPU iPhone OS 9_1 like Mac OS X) AppleWebKit/601.1.46 (KHTML, like Gecko) Version/9.0 Mobile/13B143 Safari/601.1"
193.111.248.52 - - [13/Jun/2025:13:57:17 -0400] "GET //1.php HTTP/1.1" 301 0 "-" "-"
193.111.248.52 - - [13/Jun/2025:13:57:20 -0400] "GET / HTTP/1.1" 200 37330 "-" "-"
162.0.232.193 - - [13/Jun/2025:13:57:23 -0400] "POST /wp-cron.php?doing_wp_cron=1749837442.9851009845733642578125 HTTP/1.1" 200 0 "-" "WordPress/6.8.1; https://wotaku-manga.com"
193.111.248.52 - - [13/Jun/2025:13:57:20 -0400] "GET //hehe.php HTTP/1.1" 301 0 "-" "-"
193.111.248.52 - - [13/Jun/2025:13:57:23 -0400] "GET / HTTP/1.1" 200 37330 "-" "-"
193.111.248.52 - - [13/Jun/2025:13:57:24 -0400] "GET //user.php HTTP/1.1" 301 0 "-" "-"
193.111.248.52 - - [13/Jun/2025:13:57:26 -0400] "GET / HTTP/1.1" 200 37330 "-" "-"
193.111.248.52 - - [13/Jun/2025:13:57:26 -0400] "GET //wp-2019.php HTTP/1.1" 301 0 "-" "-"
193.111.248.52 - - [13/Jun/2025:13:57:28 -0400] "GET / HTTP/1.1" 200 37330 "-" "-"
193.111.248.52 - - [13/Jun/2025:13:57:29 -0400] "GET //disagreed.php HTTP/1.1" 301 0 "-" "-"
193.111.248.52 - - [13/Jun/2025:13:57:31 -0400] "GET / HTTP/1.1" 200 37393 "-" "-"
193.111.248.52 - - [13/Jun/2025:13:57:32 -0400] "GET //text.php HTTP/1.1" 301 0 "-" "-"
193.111.248.52 - - [13/Jun/2025:13:57:33 -0400] "GET / HTTP/1.1" 200 37330 "-" "-"
193.111.248.52 - - [13/Jun/2025:13:57:33 -0400] "GET //alfa-rex.php HTTP/1.1" 301 0 "-" "-"
193.111.248.52 - - [13/Jun/2025:13:57:35 -0400] "GET / HTTP/1.1" 200 37330 "-" "-"
193.111.248.52 - - [13/Jun/2025:13:57:36 -0400] "GET //radio.php HTTP/1.1" 301 0 "-" "-"
193.111.248.52 - - [13/Jun/2025:13:57:37 -0400] "GET / HTTP/1.1" 200 37330 "-" "-"
193.111.248.52 - - [13/Jun/2025:13:57:38 -0400] "GET //defaults.php HTTP/1.1" 301 0 "-" "-"
193.111.248.52 - - [13/Jun/2025:13:57:39 -0400] "GET / HTTP/1.1" 200 37377 "-" "-"
193.111.248.52 - - [13/Jun/2025:13:57:40 -0400] "GET //updates.php HTTP/1.1" 301 0 "-" "-"
193.111.248.52 - - [13/Jun/2025:13:57:42 -0400] "GET / HTTP/1.1" 200 37330 "-" "-"
54.36.148.181 - - [13/Jun/2025:13:57:42 -0400] "GET /p655474457.shtm HTTP/1.1" 301 0 "-" "Mozilla/5.0 (compatible; AhrefsBot/7.0; +http://ahrefs.com/robot/)"
193.111.248.52 - - [13/Jun/2025:13:57:42 -0400] "GET //wp-index.php HTTP/1.1" 301 0 "-" "-"
2a03:2880:f800:14:: - - [13/Jun/2025:13:57:43 -0400] "GET /shopdetail/203613635 HTTP/1.1" 301 0 "-" "meta-externalagent/1.1 (+https://developers.facebook.com/docs/sharing/webmasters/crawler)"
193.111.248.52 - - [13/Jun/2025:13:57:44 -0400] "GET / HTTP/1.1" 200 37330 "-" "-"
162.0.232.193 - - [13/Jun/2025:13:57:46 -0400] "POST /wp-cron.php?doing_wp_cron=1749837466.0117750167846679687500 HTTP/1.1" 200 0 "-" "WordPress/6.8.1; https://wotaku-manga.com"
193.111.248.52 - - [13/Jun/2025:13:57:44 -0400] "GET //alfanew.php7 HTTP/1.1" 301 0 "-" "-"
193.111.248.52 - - [13/Jun/2025:13:57:46 -0400] "GET / HTTP/1.1" 200 37330 "-" "-"
2a03:2880:f800:9:: - - [13/Jun/2025:13:57:47 -0400] "GET / HTTP/1.1" 200 37330 "-" "meta-externalagent/1.1 (+https://developers.facebook.com/docs/sharing/webmasters/crawler)"
193.111.248.52 - - [13/Jun/2025:13:57:47 -0400] "GET //locale.php HTTP/1.1" 301 0 "-" "-"
193.111.248.52 - - [13/Jun/2025:13:57:48 -0400] "GET / HTTP/1.1" 200 37330 "-" "-"
193.111.248.52 - - [13/Jun/2025:13:57:48 -0400] "GET //inputs.php HTTP/1.1" 301 0 "-" "-"
193.111.248.52 - - [13/Jun/2025:13:57:50 -0400] "GET / HTTP/1.1" 200 37330 "-" "-"
193.111.248.52 - - [13/Jun/2025:13:57:50 -0400] "GET //menu.php HTTP/1.1" 301 0 "-" "-"
193.111.248.52 - - [13/Jun/2025:13:57:51 -0400] "GET / HTTP/1.1" 200 37330 "-" "-"
193.111.248.52 - - [13/Jun/2025:13:57:52 -0400] "GET //plugin.php HTTP/1.1" 301 0 "-" "-"
66.249.66.66 - - [13/Jun/2025:13:57:52 -0400] "GET /s/48083312.shtm HTTP/1.1" 200 82630 "-" "Mozilla/5.0 (Linux; Android 6.0.1; Nexus 5X Build/MMB29P) AppleWebKit/537.36 (KHTML, like Gecko) Chrome/136.0.7103.113 Mobile Safari/537.36 (compatible; Googlebot/2.1; +http://www.google.com/bot.html)"
193.111.248.52 - - [13/Jun/2025:13:57:53 -0400] "GET / HTTP/1.1" 200 37330 "-" "-"
193.111.248.52 - - [13/Jun/2025:13:57:54 -0400] "GET //cloud.php HTTP/1.1" 301 0 "-" "-"
193.111.248.52 - - [13/Jun/2025:13:57:54 -0400] "GET / HTTP/1.1" 200 37429 "-" "-"
193.111.248.52 - - [13/Jun/2025:13:57:55 -0400] "GET //2.php HTTP/1.1" 301 0 "-" "-"
193.111.248.52 - - [13/Jun/2025:13:57:56 -0400] "GET / HTTP/1.1" 200 37330 "-" "-"
54.36.149.87 - - [13/Jun/2025:13:57:56 -0400] "GET /p676050235.shtm HTTP/1.1" 301 0 "-" "Mozilla/5.0 (compatible; AhrefsBot/7.0; +http://ahrefs.com/robot/)"
193.111.248.52 - - [13/Jun/2025:13:57:56 -0400] "GET //input.php HTTP/1.1" 301 0 "-" "-"
193.111.248.52 - - [13/Jun/2025:13:57:57 -0400] "GET / HTTP/1.1" 200 37330 "-" "-"
193.111.248.52 - - [13/Jun/2025:13:57:57 -0400] "GET //images/ HTTP/1.1" 200 668 "-" "-"
162.0.232.193 - - [13/Jun/2025:13:57:58 -0400] "POST /wp-cron.php?doing_wp_cron=1749837478.5209228992462158203125 HTTP/1.1" 200 0 "-" "WordPress/6.8.1; https://wotaku-manga.com"
193.111.248.52 - - [13/Jun/2025:13:57:58 -0400] "GET //assets/ HTTP/1.1" 301 0 "-" "-"
193.111.248.52 - - [13/Jun/2025:13:57:58 -0400] "GET / HTTP/1.1" 200 37330 "-" "-"
193.111.248.52 - - [13/Jun/2025:13:57:59 -0400] "GET //Public/ HTTP/1.1" 301 0 "-" "-"
162.0.232.193 - - [13/Jun/2025:13:57:59 -0400] "GET /manga/wotakoi-love-is-hard-for-otaku-chapter-65/ HTTP/1.1" 200 0 "-" "WP Rocket/Preload"
193.111.248.52 - - [13/Jun/2025:13:58:00 -0400] "GET / HTTP/1.1" 200 37330 "-" "-"
162.0.232.193 - - [13/Jun/2025:13:58:01 -0400] "GET /manga/wotakoi-love-is-hard-for-otaku-chapter-65/ HTTP/1.1" 200 0 "-" "WP Rocket/Preload Mozilla/5.0 (iPhone; CPU iPhone OS 9_1 like Mac OS X) AppleWebKit/601.1.46 (KHTML, like Gecko) Version/9.0 Mobile/13B143 Safari/601.1"
193.111.248.52 - - [13/Jun/2025:13:58:01 -0400] "GET //Site/ HTTP/1.1" 301 0 "-" "-"
193.111.248.52 - - [13/Jun/2025:13:58:02 -0400] "GET / HTTP/1.1" 200 37330 "-" "-"
2a01:4f8:201:131d::2 - - [13/Jun/2025:13:58:03 -0400] "GET /wp-login.php HTTP/1.1" 200 1915 "-" "Mozilla/5.0 (X11; Ubuntu; Linux x86_64; rv:85.0) Gecko/20100101 Firefox/91.0"
162.0.232.193 - - [13/Jun/2025:13:58:02 -0400] "GET /manga/wotakoi-love-is-hard-for-otaku-chapter-64/ HTTP/1.1" 200 41488 "-" "WP Rocket/Preload"
193.111.248.52 - - [13/Jun/2025:13:58:03 -0400] "GET //Assets/ HTTP/1.1" 301 0 "-" "-"
193.111.248.52 - - [13/Jun/2025:13:58:04 -0400] "GET / HTTP/1.1" 200 37393 "-" "-"
2a01:4f8:201:131d::2 - - [13/Jun/2025:13:58:04 -0400] "POST /wp-login.php HTTP/1.1" 200 2036 "-" "Mozilla/5.0 (X11; Ubuntu; Linux x86_64; rv:85.0) Gecko/20100101 Firefox/91.0"
193.111.248.52 - - [13/Jun/2025:13:58:05 -0400] "GET //images/stories/ HTTP/1.1" 301 0 "-" "-"
162.0.232.193 - - [13/Jun/2025:13:58:05 -0400] "GET /manga/wotakoi-love-is-hard-for-otaku-chapter-64/ HTTP/1.1" 200 42188 "-" "WP Rocket/Preload Mozilla/5.0 (iPhone; CPU iPhone OS 9_1 like Mac OS X) AppleWebKit/601.1.46 (KHTML, like Gecko) Version/9.0 Mobile/13B143 Safari/601.1"
193.111.248.52 - - [13/Jun/2025:13:58:06 -0400] "GET / HTTP/1.1" 200 37393 "-" "-"
162.0.232.193 - - [13/Jun/2025:13:58:07 -0400] "GET /manga/wotakoi-love-is-hard-for-otaku-chapter-63/ HTTP/1.1" 200 0 "-" "WP Rocket/Preload"
193.111.248.52 - - [13/Jun/2025:13:58:06 -0400] "GET //php/ HTTP/1.1" 301 0 "-" "-"
66.249.66.70 - - [13/Jun/2025:13:58:07 -0400] "GET /f697077863.shtm HTTP/1.1" 200 81734 "-" "Mozilla/5.0 (Linux; Android 6.0.1; Nexus 5X Build/MMB29P) AppleWebKit/537.36 (KHTML, like Gecko) Chrome/136.0.7103.113 Mobile Safari/537.36 (compatible; Googlebot/2.1; +http://www.google.com/bot.html)"
216.73.216.68 - - [13/Jun/2025:13:58:08 -0400] "GET /sitemap-child-1020.xml HTTP/1.1" 200 11150 "-" "Mozilla/5.0 AppleWebKit/537.36 (KHTML, like Gecko; compatible; ClaudeBot/1.0; [email protected])"
216.73.216.68 - - [13/Jun/2025:13:58:08 -0400] "GET /sitemap-child-1762.xml HTTP/1.1" 200 11150 "-" "Mozilla/5.0 AppleWebKit/537.36 (KHTML, like Gecko; compatible; ClaudeBot/1.0; [email protected])"
193.111.248.52 - - [13/Jun/2025:13:58:08 -0400] "GET / HTTP/1.1" 200 37330 "-" "-"
193.111.248.52 - - [13/Jun/2025:13:58:09 -0400] "GET //wp-includes/rest-api/search/ HTTP/1.1" 200 802 "-" "-"
162.0.232.193 - - [13/Jun/2025:13:58:08 -0400] "GET /manga/wotakoi-love-is-hard-for-otaku-chapter-63/ HTTP/1.1" 200 0 "-" "WP Rocket/Preload Mozilla/5.0 (iPhone; CPU iPhone OS 9_1 like Mac OS X) AppleWebKit/601.1.46 (KHTML, like Gecko) Version/9.0 Mobile/13B143 Safari/601.1"
66.249.66.64 - - [13/Jun/2025:13:58:09 -0400] "GET /is/indign46968576.shtm HTTP/1.1" 200 82151 "-" "Mozilla/5.0 (Linux; Android 6.0.1; Nexus 5X Build/MMB29P) AppleWebKit/537.36 (KHTML, like Gecko) Chrome/136.0.7103.113 Mobile Safari/537.36 (compatible; Googlebot/2.1; +http://www.google.com/bot.html)"
162.0.232.193 - - [13/Jun/2025:13:58:10 -0400] "GET /category/manga/ HTTP/1.1" 200 0 "-" "WP Rocket/Preload"
162.0.232.193 - - [13/Jun/2025:13:58:11 -0400] "GET /category/manga/ HTTP/1.1" 200 0 "-" "WP Rocket/Preload Mozilla/5.0 (iPhone; CPU iPhone OS 9_1 like Mac OS X) AppleWebKit/601.1.46 (KHTML, like Gecko) Version/9.0 Mobile/13B143 Safari/601.1"
162.0.232.193 - - [13/Jun/2025:13:58:13 -0400] "GET /category/wotakoi-manga/ HTTP/1.1" 200 0 "-" "WP Rocket/Preload"
162.0.232.193 - - [13/Jun/2025:13:58:14 -0400] "GET /category/wotakoi-manga/ HTTP/1.1" 200 0 "-" "WP Rocket/Preload Mozilla/5.0 (iPhone; CPU iPhone OS 9_1 like Mac OS X) AppleWebKit/601.1.46 (KHTML, like Gecko) Version/9.0 Mobile/13B143 Safari/601.1"
162.0.232.193 - - [13/Jun/2025:13:58:16 -0400] "GET /category/wotakoi-love-is-hard-for-otaku-manga-chapters/ HTTP/1.1" 200 0 "-" "WP Rocket/Preload"
162.0.232.193 - - [13/Jun/2025:13:58:17 -0400] "GET /category/wotakoi-love-is-hard-for-otaku-manga-chapters/ HTTP/1.1" 200 46540 "-" "WP Rocket/Preload Mozilla/5.0 (iPhone; CPU iPhone OS 9_1 like Mac OS X) AppleWebKit/601.1.46 (KHTML, like Gecko) Version/9.0 Mobile/13B143 Safari/601.1"
162.0.232.193 - - [13/Jun/2025:13:58:18 -0400] "GET /category/wotakoi-love-is-hard-for-otaku-manga-ending/ HTTP/1.1" 200 0 "-" "WP Rocket/Preload"
162.0.232.193 - - [13/Jun/2025:13:58:20 -0400] "GET /category/wotakoi-love-is-hard-for-otaku-manga-ending/ HTTP/1.1" 200 0 "-" "WP Rocket/Preload Mozilla/5.0 (iPhone; CPU iPhone OS 9_1 like Mac OS X) AppleWebKit/601.1.46 (KHTML, like Gecko) Version/9.0 Mobile/13B143 Safari/601.1"
54.36.148.0 - - [13/Jun/2025:13:58:20 -0400] "GET /p83478905.shtm HTTP/1.1" 301 0 "-" "Mozilla/5.0 (compatible; AhrefsBot/7.0; +http://ahrefs.com/robot/)"
162.0.232.193 - - [13/Jun/2025:13:58:33 -0400] "POST /wp-cron.php?doing_wp_cron=1749837513.6247570514678955078125 HTTP/1.1" 200 0 "-" "WordPress/6.8.1; https://wotaku-manga.com"
54.36.148.51 - - [13/Jun/2025:13:58:33 -0400] "GET /p855310219.shtm HTTP/1.1" 301 0 "-" "Mozilla/5.0 (compatible; AhrefsBot/7.0; +http://ahrefs.com/robot/)"
217.16.8.101 - - [13/Jun/2025:13:58:33 -0400] "POST /xmlrpc.php HTTP/1.1" 200 186 "-" "Mozilla/5.0 (Windows NT 10.0; Win64; x64; rv:75.0) Gecko/20100101 Firefox/75.0"
66.249.66.65 - - [13/Jun/2025:13:58:46 -0400] "GET /yyo/shopdetail/pacificator/42226172.shtm HTTP/1.1" 200 81925 "-" "Mozilla/5.0 (Linux; Android 6.0.1; Nexus 5X Build/MMB29P) AppleWebKit/537.36 (KHTML, like Gecko) Chrome/136.0.7103.113 Mobile Safari/537.36 (compatible; Googlebot/2.1; +http://www.google.com/bot.html)"
162.0.232.193 - - [13/Jun/2025:13:58:52 -0400] "POST /wp-cron.php?doing_wp_cron=1749837531.8492419719696044921875 HTTP/1.1" 200 0 "-" "WordPress/6.8.1; https://wotaku-manga.com"
54.36.149.61 - - [13/Jun/2025:13:58:51 -0400] "GET /p8706569.shtm HTTP/1.1" 301 0 "-" "Mozilla/5.0 (compatible; AhrefsBot/7.0; +http://ahrefs.com/robot/)"
162.0.232.193 - - [13/Jun/2025:13:59:06 -0400] "POST /wp-cron.php?doing_wp_cron=1749837546.5867140293121337890625 HTTP/1.1" 200 0 "-" "WordPress/6.8.1; https://wotaku-manga.com"
54.36.148.145 - - [13/Jun/2025:13:59:05 -0400] "GET /p881993891.shtm HTTP/1.1" 301 0 "-" "Mozilla/5.0 (compatible; AhrefsBot/7.0; +http://ahrefs.com/robot/)"
162.0.232.193 - - [13/Jun/2025:13:59:07 -0400] "GET /category/wotakoi-love-is-hard-for-otaku-manga-read-online/ HTTP/1.1" 200 45775 "-" "WP Rocket/Preload"
162.0.232.193 - - [13/Jun/2025:13:59:09 -0400] "GET /category/wotakoi-love-is-hard-for-otaku-manga-read-online/ HTTP/1.1" 200 46233 "-" "WP Rocket/Preload Mozilla/5.0 (iPhone; CPU iPhone OS 9_1 like Mac OS X) AppleWebKit/601.1.46 (KHTML, like Gecko) Version/9.0 Mobile/13B143 Safari/601.1"
162.0.232.193 - - [13/Jun/2025:13:59:10 -0400] "GET /category/wotakoi-love-is-hard-for-otaku-manga-set/ HTTP/1.1" 200 0 "-" "WP Rocket/Preload"
162.0.232.193 - - [13/Jun/2025:13:59:12 -0400] "GET /category/wotakoi-love-is-hard-for-otaku-manga-set/ HTTP/1.1" 200 0 "-" "WP Rocket/Preload Mozilla/5.0 (iPhone; CPU iPhone OS 9_1 like Mac OS X) AppleWebKit/601.1.46 (KHTML, like Gecko) Version/9.0 Mobile/13B143 Safari/601.1"
162.0.232.193 - - [13/Jun/2025:13:59:13 -0400] "GET /category/wotakoi-love-is-hard-for-otaku-manga-volumes/ HTTP/1.1" 200 45420 "-" "WP Rocket/Preload"
162.0.232.193 - - [13/Jun/2025:13:59:15 -0400] "GET /category/wotakoi-love-is-hard-for-otaku-manga-volumes/ HTTP/1.1" 200 0 "-" "WP Rocket/Preload Mozilla/5.0 (iPhone; CPU iPhone OS 9_1 like Mac OS X) AppleWebKit/601.1.46 (KHTML, like Gecko) Version/9.0 Mobile/13B143 Safari/601.1"
162.0.232.193 - - [13/Jun/2025:13:59:17 -0400] "GET /author/admin/ HTTP/1.1" 200 0 "-" "WP Rocket/Preload"
162.0.232.193 - - [13/Jun/2025:13:59:18 -0400] "GET /author/admin/ HTTP/1.1" 200 0 "-" "WP Rocket/Preload Mozilla/5.0 (iPhone; CPU iPhone OS 9_1 like Mac OS X) AppleWebKit/601.1.46 (KHTML, like Gecko) Version/9.0 Mobile/13B143 Safari/601.1"
162.0.232.193 - - [13/Jun/2025:13:59:20 -0400] "GET /manga/wotakoi-love-is-hard-for-otaku-chapter-75.5/ HTTP/1.1" 200 0 "-" "WP Rocket/Preload"
2409:40f4:34:940a:8000:: - - [13/Jun/2025:13:59:21 -0400] "GET /manga/wotakoi-love-is-hard-for-otaku-chapter-3/ HTTP/1.1" 200 42951 "https://wotaku-manga.com/manga/wotakoi-love-is-hard-for-otaku-chapter-2/" "Mozilla/5.0 (Linux; Android 10; K) AppleWebKit/537.36 (KHTML, like Gecko) Chrome/137.0.0.0 Mobile Safari/537.36"
2409:40f4:34:940a:8000:: - - [13/Jun/2025:13:59:21 -0400] "GET /tag/narumi-momose/ HTTP/1.1" 301 0 "https://wotaku-manga.com/manga/wotakoi-love-is-hard-for-otaku-chapter-2/" "Mozilla/5.0 (Linux; Android 10; K) AppleWebKit/537.36 (KHTML, like Gecko) Chrome/137.0.0.0 Mobile Safari/537.36"
162.0.232.193 - - [13/Jun/2025:13:59:21 -0400] "GET /manga/wotakoi-love-is-hard-for-otaku-chapter-75.5/ HTTP/1.1" 200 0 "-" "WP Rocket/Preload Mozilla/5.0 (iPhone; CPU iPhone OS 9_1 like Mac OS X) AppleWebKit/601.1.46 (KHTML, like Gecko) Version/9.0 Mobile/13B143 Safari/601.1"
2409:40f4:34:940a:8000:: - - [13/Jun/2025:13:59:22 -0400] "GET / HTTP/1.1" 304 0 "https://wotaku-manga.com/manga/wotakoi-love-is-hard-for-otaku-chapter-2/" "Mozilla/5.0 (Linux; Android 10; K) AppleWebKit/537.36 (KHTML, like Gecko) Chrome/137.0.0.0 Mobile Safari/537.36"
162.0.232.193 - - [13/Jun/2025:13:59:23 -0400] "GET /manga/wotaku-ni-koi-wa-muzukashii-chapter-50/ HTTP/1.1" 200 41368 "-" "WP Rocket/Preload"
66.249.66.72 - - [13/Jun/2025:13:59:24 -0400] "GET /tfp697087341.shtm HTTP/1.1" 200 81346 "-" "Mozilla/5.0 (Linux; Android 6.0.1; Nexus 5X Build/MMB29P) AppleWebKit/537.36 (KHTML, like Gecko) Chrome/136.0.7103.113 Mobile Safari/537.36 (compatible; Googlebot/2.1; +http://www.google.com/bot.html)"
162.0.232.193 - - [13/Jun/2025:13:59:24 -0400] "GET /manga/wotaku-ni-koi-wa-muzukashii-chapter-50/ HTTP/1.1" 200 0 "-" "WP Rocket/Preload Mozilla/5.0 (iPhone; CPU iPhone OS 9_1 like Mac OS X) AppleWebKit/601.1.46 (KHTML, like Gecko) Version/9.0 Mobile/13B143 Safari/601.1"
162.0.232.193 - - [13/Jun/2025:13:59:26 -0400] "GET /manga/wotaku-ni-koi-wa-muzukashii-chapter-41.5/ HTTP/1.1" 200 0 "-" "WP Rocket/Preload"
2409:40f4:34:940a:8000:: - - [13/Jun/2025:13:59:26 -0400] "GET /manga/wotaku-ni-koi-wa-muzukashii-chapter-3/ HTTP/1.1" 301 0 "https://wotaku-manga.com/manga/wotakoi-love-is-hard-for-otaku-chapter-3/" "Mozilla/5.0 (Linux; Android 10; K) AppleWebKit/537.36 (KHTML, like Gecko) Chrome/137.0.0.0 Mobile Safari/537.36"
54.36.148.201 - - [13/Jun/2025:13:59:27 -0400] "GET /p894174411.shtm HTTP/1.1" 301 0 "-" "Mozilla/5.0 (compatible; AhrefsBot/7.0; +http://ahrefs.com/robot/)"
162.0.232.193 - - [13/Jun/2025:13:59:27 -0400] "GET /manga/wotaku-ni-koi-wa-muzukashii-chapter-41.5/ HTTP/1.1" 200 0 "-" "WP Rocket/Preload Mozilla/5.0 (iPhone; CPU iPhone OS 9_1 like Mac OS X) AppleWebKit/601.1.46 (KHTML, like Gecko) Version/9.0 Mobile/13B143 Safari/601.1"
2409:40f4:34:940a:8000:: - - [13/Jun/2025:13:59:28 -0400] "GET / HTTP/1.1" 200 37993 "https://wotaku-manga.com/manga/wotakoi-love-is-hard-for-otaku-chapter-3/" "Mozilla/5.0 (Linux; Android 10; K) AppleWebKit/537.36 (KHTML, like Gecko) Chrome/137.0.0.0 Mobile Safari/537.36"
2409:40f4:34:940a:8000:: - - [13/Jun/2025:13:59:28 -0400] "GET /manga/wotaku-ni-koi-wa-muzukashii-chapter-3/ HTTP/1.1" 301 0 "https://wotaku-manga.com/manga/wotakoi-love-is-hard-for-otaku-chapter-3/" "Mozilla/5.0 (Linux; Android 10; K) AppleWebKit/537.36 (KHTML, like Gecko) Chrome/137.0.0.0 Mobile Safari/537.36"
66.249.66.71 - - [13/Jun/2025:13:59:31 -0400] "GET /tsz/1176301983.shtm HTTP/1.1" 200 81405 "-" "Mozilla/5.0 (Linux; Android 6.0.1; Nexus 5X Build/MMB29P) AppleWebKit/537.36 (KHTML, like Gecko) Chrome/136.0.7103.113 Mobile Safari/537.36 (compatible; GoogleOther)"
66.249.66.70 - - [13/Jun/2025:13:59:41 -0400] "GET /y/thyroid1762715740.shtm HTTP/1.1" 200 81613 "-" "Mozilla/5.0 (Linux; Android 6.0.1; Nexus 5X Build/MMB29P) AppleWebKit/537.36 (KHTML, like Gecko) Chrome/136.0.7103.113 Mobile Safari/537.36 (compatible; GoogleOther)"
138.246.253.24 - - [13/Jun/2025:13:59:44 -0400] "GET /robots.txt HTTP/1.1" 304 0 "-" "Mozilla/5.0 (Windows NT 10.0; Win64; x64) AppleWebKit/537.36 (KHTML, like Gecko) Chrome/103.0.5060.134 Safari/537.36"
162.0.232.193 - - [13/Jun/2025:13:59:44 -0400] "POST /wp-cron.php?doing_wp_cron=1749837584.8180649280548095703125 HTTP/1.1" 200 0 "-" "WordPress/6.8.1; https://wotaku-manga.com"
54.36.148.150 - - [13/Jun/2025:13:59:44 -0400] "GET /p903733065.shtm HTTP/1.1" 301 0 "-" "Mozilla/5.0 (compatible; AhrefsBot/7.0; +http://ahrefs.com/robot/)"
66.249.66.70 - - [13/Jun/2025:13:59:52 -0400] "GET /z/electropolar953042341.shtm HTTP/1.1" 200 81361 "-" "Mozilla/5.0 (Linux; Android 6.0.1; Nexus 5X Build/MMB29P) AppleWebKit/537.36 (KHTML, like Gecko) Chrome/136.0.7103.113 Mobile Safari/537.36 (compatible; GoogleOther)"
66.249.66.70 - - [13/Jun/2025:14:00:02 -0400] "GET /psv/1176334479.shtm HTTP/1.1" 200 81497 "-" "Mozilla/5.0 (Linux; Android 6.0.1; Nexus 5X Build/MMB29P) AppleWebKit/537.36 (KHTML, like Gecko) Chrome/136.0.7103.113 Mobile Safari/537.36 (compatible; GoogleOther)"
162.0.232.193 - - [13/Jun/2025:14:00:08 -0400] "POST /wp-cron.php?doing_wp_cron=1749837608.1156189441680908203125 HTTP/1.1" 200 0 "-" "WordPress/6.8.1; https://wotaku-manga.com"
54.36.148.209 - - [13/Jun/2025:14:00:07 -0400] "GET /p946311607.shtm HTTP/1.1" 301 0 "-" "Mozilla/5.0 (compatible; AhrefsBot/7.0; +http://ahrefs.com/robot/)"
162.0.232.193 - - [13/Jun/2025:14:00:09 -0400] "GET /manga/wotaku-ni-koi-wa-muzukashii-chapter-38.5/ HTTP/1.1" 200 0 "-" "WP Rocket/Preload"
162.0.232.193 - - [13/Jun/2025:14:00:10 -0400] "GET /manga/wotaku-ni-koi-wa-muzukashii-chapter-38.5/ HTTP/1.1" 200 0 "-" "WP Rocket/Preload Mozilla/5.0 (iPhone; CPU iPhone OS 9_1 like Mac OS X) AppleWebKit/601.1.46 (KHTML, like Gecko) Version/9.0 Mobile/13B143 Safari/601.1"
66.249.66.71 - - [13/Jun/2025:14:00:13 -0400] "GET /mrq/nasalization1176262038.shtm HTTP/1.1" 200 81582 "-" "Mozilla/5.0 (Linux; Android 6.0.1; Nexus 5X Build/MMB29P) AppleWebKit/537.36 (KHTML, like Gecko) Chrome/136.0.7103.113 Mobile Safari/537.36 (compatible; GoogleOther)"
162.0.232.193 - - [13/Jun/2025:14:00:12 -0400] "GET /manga/wotaku-ni-koi-wa-muzukashii-chapter-61.5/ HTTP/1.1" 200 42831 "-" "WP Rocket/Preload"
162.0.232.193 - - [13/Jun/2025:14:00:15 -0400] "GET /manga/wotaku-ni-koi-wa-muzukashii-chapter-61.5/ HTTP/1.1" 200 0 "-" "WP Rocket/Preload Mozilla/5.0 (iPhone; CPU iPhone OS 9_1 like Mac OS X) AppleWebKit/601.1.46 (KHTML, like Gecko) Version/9.0 Mobile/13B143 Safari/601.1"
54.36.148.44 - - [13/Jun/2025:14:00:16 -0400] "GET /pd8934435.shtm HTTP/1.1" 301 0 "-" "Mozilla/5.0 (compatible; AhrefsBot/7.0; +http://ahrefs.com/robot/)"
162.0.232.193 - - [13/Jun/2025:14:00:17 -0400] "GET /manga/wotaku-ni-koi-wa-muzukashii-chapter-30/ HTTP/1.1" 200 0 "-" "WP Rocket/Preload"
162.0.232.193 - - [13/Jun/2025:14:00:18 -0400] "GET /manga/wotaku-ni-koi-wa-muzukashii-chapter-30/ HTTP/1.1" 200 0 "-" "WP Rocket/Preload Mozilla/5.0 (iPhone; CPU iPhone OS 9_1 like Mac OS X) AppleWebKit/601.1.46 (KHTML, like Gecko) Version/9.0 Mobile/13B143 Safari/601.1"
162.0.232.193 - - [13/Jun/2025:14:00:20 -0400] "GET /manga/wotaku-ni-koi-wa-muzukashii-chapter-23/ HTTP/1.1" 200 0 "-" "WP Rocket/Preload"
162.0.232.193 - - [13/Jun/2025:14:00:22 -0400] "GET /manga/wotaku-ni-koi-wa-muzukashii-chapter-23/ HTTP/1.1" 200 0 "-" "WP Rocket/Preload Mozilla/5.0 (iPhone; CPU iPhone OS 9_1 like Mac OS X) AppleWebKit/601.1.46 (KHTML, like Gecko) Version/9.0 Mobile/13B143 Safari/601.1"
162.0.232.193 - - [13/Jun/2025:14:00:24 -0400] "GET /manga/wotaku-ni-koi-wa-muzukashii-chapter-43.5/ HTTP/1.1" 200 0 "-" "WP Rocket/Preload"
66.249.66.70 - - [13/Jun/2025:14:00:24 -0400] "GET /p1176300035.shtm HTTP/1.1" 200 81211 "-" "Mozilla/5.0 (Linux; Android 6.0.1; Nexus 5X Build/MMB29P) AppleWebKit/537.36 (KHTML, like Gecko) Chrome/136.0.7103.113 Mobile Safari/537.36 (compatible; GoogleOther)"
162.0.232.193 - - [13/Jun/2025:14:00:25 -0400] "GET /manga/wotaku-ni-koi-wa-muzukashii-chapter-43.5/ HTTP/1.1" 200 0 "-" "WP Rocket/Preload Mozilla/5.0 (iPhone; CPU iPhone OS 9_1 like Mac OS X) AppleWebKit/601.1.46 (KHTML, like Gecko) Version/9.0 Mobile/13B143 Safari/601.1"
162.0.232.193 - - [13/Jun/2025:14:00:27 -0400] "GET /manga/wotakoi-love-is-hard-for-otaku-chapter-10/ HTTP/1.1" 200 0 "-" "WP Rocket/Preload"
54.36.148.26 - - [13/Jun/2025:14:00:24 -0400] "GET /pf207451015.shtm HTTP/1.1" 301 0 "-" "Mozilla/5.0 (compatible; AhrefsBot/7.0; +http://ahrefs.com/robot/)"
216.73.216.68 - - [13/Jun/2025:14:00:28 -0400] "GET /sitemap-child-443.xml HTTP/1.1" 200 11287 "-" "Mozilla/5.0 AppleWebKit/537.36 (KHTML, like Gecko; compatible; ClaudeBot/1.0; [email protected])"
162.0.232.193 - - [13/Jun/2025:14:00:28 -0400] "GET /manga/wotakoi-love-is-hard-for-otaku-chapter-10/ HTTP/1.1" 200 0 "-" "WP Rocket/Preload Mozilla/5.0 (iPhone; CPU iPhone OS 9_1 like Mac OS X) AppleWebKit/601.1.46 (KHTML, like Gecko) Version/9.0 Mobile/13B143 Safari/601.1"
216.73.216.68 - - [13/Jun/2025:14:00:28 -0400] "GET /sitemap-child-619.xml HTTP/1.1" 200 11287 "-" "Mozilla/5.0 AppleWebKit/537.36 (KHTML, like Gecko; compatible; ClaudeBot/1.0; [email protected])"
66.249.66.70 - - [13/Jun/2025:14:00:34 -0400] "GET /yik/254065978.shtm HTTP/1.1" 200 81288 "-" "Mozilla/5.0 (Linux; Android 6.0.1; Nexus 5X Build/MMB29P) AppleWebKit/537.36 (KHTML, like Gecko) Chrome/136.0.7103.113 Mobile Safari/537.36 (compatible; GoogleOther)"
162.0.232.193 - - [13/Jun/2025:14:00:35 -0400] "POST /wp-cron.php?doing_wp_cron=1749837635.3941559791564941406250 HTTP/1.1" 200 0 "-" "WordPress/6.8.1; https://wotaku-manga.com"
2a03:2880:f800:11:: - - [13/Jun/2025:14:00:33 -0400] "GET /shopdetail/199340535 HTTP/1.1" 301 0 "-" "meta-externalagent/1.1 (+https://developers.facebook.com/docs/sharing/webmasters/crawler)"
2a03:2880:f800:17:: - - [13/Jun/2025:14:00:38 -0400] "GET / HTTP/1.1" 200 37330 "-" "meta-externalagent/1.1 (+https://developers.facebook.com/docs/sharing/webmasters/crawler)"
2a03:2880:f800:19:: - - [13/Jun/2025:14:00:36 -0400] "GET /shopdetail/376948435 HTTP/1.1" 301 0 "-" "meta-externalagent/1.1 (+https://developers.facebook.com/docs/sharing/webmasters/crawler)"
2a03:2880:f800:7:: - - [13/Jun/2025:14:00:40 -0400] "GET / HTTP/1.1" 200 37330 "-" "meta-externalagent/1.1 (+https://developers.facebook.com/docs/sharing/webmasters/crawler)"
