2a03:2880:f800:7:: - - [19/Jun/2025:11:17:57 -0400] "GET /shopping/2483261620.phtml HTTP/1.1" 301 0 "-" "meta-externalagent/1.1 (+https://developers.facebook.com/docs/sharing/webmasters/crawler)"
162.0.232.193 - - [19/Jun/2025:11:18:01 -0400] "POST /wp-cron.php?doing_wp_cron=1750346281.2921609878540039062500 HTTP/1.1" 200 0 "-" "WordPress/6.7.2; https://w4.junglejuicewebtoon.com"
2a03:2880:f800:c:: - - [19/Jun/2025:11:18:00 -0400] "GET /shopping/2472979040.phtml HTTP/1.1" 301 0 "-" "meta-externalagent/1.1 (+https://developers.facebook.com/docs/sharing/webmasters/crawler)"
2a03:2880:f800:10:: - - [19/Jun/2025:11:18:01 -0400] "GET /shopping/1347734138.phtml HTTP/1.1" 301 0 "-" "meta-externalagent/1.1 (+https://developers.facebook.com/docs/sharing/webmasters/crawler)"
162.0.232.193 - - [19/Jun/2025:11:18:02 -0400] "POST /wp-admin/admin-ajax.php?action=async_litespeed&nonce=sw63MbA8PLB4TVV7JBYP9JvYsVObdA3n&litespeed_type=imgoptm HTTP/1.1" 200 5 "-" "WordPress/6.7.2; https://w4.junglejuicewebtoon.com"
2a03:2880:f800:1:: - - [19/Jun/2025:11:18:02 -0400] "GET /shopping/2315364006.phtml HTTP/1.1" 301 0 "-" "meta-externalagent/1.1 (+https://developers.facebook.com/docs/sharing/webmasters/crawler)"
2a03:2880:f800:19:: - - [19/Jun/2025:11:18:03 -0400] "GET /shopping/2315905726.phtml HTTP/1.1" 301 0 "-" "meta-externalagent/1.1 (+https://developers.facebook.com/docs/sharing/webmasters/crawler)"
2a03:2880:f800:14:: - - [19/Jun/2025:11:18:04 -0400] "GET /shopping/2235289124.phtml HTTP/1.1" 301 0 "-" "meta-externalagent/1.1 (+https://developers.facebook.com/docs/sharing/webmasters/crawler)"
2a03:2880:f800:16:: - - [19/Jun/2025:11:18:04 -0400] "GET /shopping/1980458680.phtml HTTP/1.1" 301 0 "-" "meta-externalagent/1.1 (+https://developers.facebook.com/docs/sharing/webmasters/crawler)"
2a03:2880:f800:c:: - - [19/Jun/2025:11:18:05 -0400] "GET /shopping/2315381236.phtml HTTP/1.1" 301 0 "-" "meta-externalagent/1.1 (+https://developers.facebook.com/docs/sharing/webmasters/crawler)"
2a03:2880:f800:1a:: - - [19/Jun/2025:11:18:05 -0400] "GET /shopping/2387862520.phtml HTTP/1.1" 301 0 "-" "meta-externalagent/1.1 (+https://developers.facebook.com/docs/sharing/webmasters/crawler)"
2a03:2880:f800:1d:: - - [19/Jun/2025:11:18:05 -0400] "GET /shopping/13610670.phtml HTTP/1.1" 301 0 "-" "meta-externalagent/1.1 (+https://developers.facebook.com/docs/sharing/webmasters/crawler)"
2a03:2880:f800:1d:: - - [19/Jun/2025:11:18:07 -0400] "GET /shopping/2533991506.phtml HTTP/1.1" 301 0 "-" "meta-externalagent/1.1 (+https://developers.facebook.com/docs/sharing/webmasters/crawler)"
2a03:2880:f800:17:: - - [19/Jun/2025:11:18:07 -0400] "GET /shopping/2315389070.phtml HTTP/1.1" 301 0 "-" "meta-externalagent/1.1 (+https://developers.facebook.com/docs/sharing/webmasters/crawler)"
2a03:2880:f800:1b:: - - [19/Jun/2025:11:18:08 -0400] "GET /shopping/1960280138.phtml HTTP/1.1" 301 0 "-" "meta-externalagent/1.1 (+https://developers.facebook.com/docs/sharing/webmasters/crawler)"
2a03:2880:f800:16:: - - [19/Jun/2025:11:18:08 -0400] "GET /shopping/1348365436.phtml HTTP/1.1" 301 0 "-" "meta-externalagent/1.1 (+https://developers.facebook.com/docs/sharing/webmasters/crawler)"
2a03:2880:f800:9:: - - [19/Jun/2025:11:18:09 -0400] "GET /shopping/2387250668.phtml HTTP/1.1" 301 0 "-" "meta-externalagent/1.1 (+https://developers.facebook.com/docs/sharing/webmasters/crawler)"
2a03:2880:f800:7:: - - [19/Jun/2025:11:18:09 -0400] "GET /shopping/1980122030.phtml HTTP/1.1" 301 0 "-" "meta-externalagent/1.1 (+https://developers.facebook.com/docs/sharing/webmasters/crawler)"
2a03:2880:f800:e:: - - [19/Jun/2025:11:18:10 -0400] "GET /shopping/2472947228.phtml HTTP/1.1" 301 0 "-" "meta-externalagent/1.1 (+https://developers.facebook.com/docs/sharing/webmasters/crawler)"
2a03:2880:f800:7:: - - [19/Jun/2025:11:18:10 -0400] "GET /shopping/2387209828.phtml HTTP/1.1" 301 0 "-" "meta-externalagent/1.1 (+https://developers.facebook.com/docs/sharing/webmasters/crawler)"
2a03:2880:f800:18:: - - [19/Jun/2025:11:18:12 -0400] "GET /shopping/1347828220.phtml HTTP/1.1" 301 0 "-" "meta-externalagent/1.1 (+https://developers.facebook.com/docs/sharing/webmasters/crawler)"
2a03:2880:f800:13:: - - [19/Jun/2025:11:18:12 -0400] "GET /shopping/1836419502.phtml HTTP/1.1" 301 0 "-" "meta-externalagent/1.1 (+https://developers.facebook.com/docs/sharing/webmasters/crawler)"
2a03:2880:f800:8:: - - [19/Jun/2025:11:18:13 -0400] "GET /shopping/1980336500.phtml HTTP/1.1" 301 0 "-" "meta-externalagent/1.1 (+https://developers.facebook.com/docs/sharing/webmasters/crawler)"
2a03:2880:f800:16:: - - [19/Jun/2025:11:18:13 -0400] "GET /shopping/2378140850.phtml HTTP/1.1" 301 0 "-" "meta-externalagent/1.1 (+https://developers.facebook.com/docs/sharing/webmasters/crawler)"
162.0.232.193 - - [19/Jun/2025:11:18:14 -0400] "POST /wp-cron.php?doing_wp_cron=1750346294.3192958831787109375000 HTTP/1.1" 200 0 "-" "WordPress/6.7.2; https://w4.junglejuicewebtoon.com"
2a03:2880:f800:1c:: - - [19/Jun/2025:11:18:13 -0400] "GET /shopping/1960026154.phtml HTTP/1.1" 301 0 "-" "meta-externalagent/1.1 (+https://developers.facebook.com/docs/sharing/webmasters/crawler)"
2a03:2880:f800:5:: - - [19/Jun/2025:11:18:14 -0400] "GET /shopping/2534350568.phtml HTTP/1.1" 301 0 "-" "meta-externalagent/1.1 (+https://developers.facebook.com/docs/sharing/webmasters/crawler)"
2a03:2880:f800:1d:: - - [19/Jun/2025:11:18:15 -0400] "GET /shopping/2473370078.phtml HTTP/1.1" 301 0 "-" "meta-externalagent/1.1 (+https://developers.facebook.com/docs/sharing/webmasters/crawler)"
2a03:2880:f800:19:: - - [19/Jun/2025:11:18:15 -0400] "GET /shopping/1917656178.phtml HTTP/1.1" 301 0 "-" "meta-externalagent/1.1 (+https://developers.facebook.com/docs/sharing/webmasters/crawler)"
187.62.66.89 - - [19/Jun/2025:11:18:15 -0400] "GET /manga1/jungle-juice-chapter-8/ HTTP/1.1" 200 10829 "-" "Mozilla/5.0 (Windows NT 10.0; Win64; x64) AppleWebKit/537.36 (KHTML, like Gecko) Chrome/121.0.0.0 Safari/537.36 Edg/121.0.0.0"
2a03:2880:f800:2:: - - [19/Jun/2025:11:18:17 -0400] "GET /shopping/2534431006.phtml HTTP/1.1" 301 0 "-" "meta-externalagent/1.1 (+https://developers.facebook.com/docs/sharing/webmasters/crawler)"
2a03:2880:f800:13:: - - [19/Jun/2025:11:18:17 -0400] "GET /shopping/2046544464.phtml HTTP/1.1" 301 0 "-" "meta-externalagent/1.1 (+https://developers.facebook.com/docs/sharing/webmasters/crawler)"
162.0.232.193 - - [19/Jun/2025:11:18:17 -0400] "GET /wp-content/uploads/36f5b53d6c6d3d6b1e9dd0027baac2ed_1435.xml HTTP/1.1" 200 1298 "-" "Mozilla/5.0 (X11; Linux x86_64) AppleWebKit/537.36 (KHTML, like Gecko) Ubuntu Chromium/41.0.2272.76"
2a03:2880:f800:19:: - - [19/Jun/2025:11:18:18 -0400] "GET /shopping/2534532966.phtml HTTP/1.1" 301 0 "-" "meta-externalagent/1.1 (+https://developers.facebook.com/docs/sharing/webmasters/crawler)"
2a03:2880:f800:8:: - - [19/Jun/2025:11:18:18 -0400] "GET /shopping/2378476190.phtml HTTP/1.1" 301 0 "-" "meta-externalagent/1.1 (+https://developers.facebook.com/docs/sharing/webmasters/crawler)"
2a03:2880:f800:7:: - - [19/Jun/2025:11:18:19 -0400] "GET /shopping/2394463370.phtml HTTP/1.1" 301 0 "-" "meta-externalagent/1.1 (+https://developers.facebook.com/docs/sharing/webmasters/crawler)"
2a03:2880:f800:9:: - - [19/Jun/2025:11:18:19 -0400] "GET /shopping/1960080526.phtml HTTP/1.1" 301 0 "-" "meta-externalagent/1.1 (+https://developers.facebook.com/docs/sharing/webmasters/crawler)"
2a03:2880:f800:9:: - - [19/Jun/2025:11:18:21 -0400] "GET /shopping/2394722924.phtml HTTP/1.1" 301 0 "-" "meta-externalagent/1.1 (+https://developers.facebook.com/docs/sharing/webmasters/crawler)"
2a03:2880:f800:f:: - - [19/Jun/2025:11:18:21 -0400] "GET /shopping/875224924.phtml HTTP/1.1" 301 0 "-" "meta-externalagent/1.1 (+https://developers.facebook.com/docs/sharing/webmasters/crawler)"
2a03:2880:f800:14:: - - [19/Jun/2025:11:18:22 -0400] "GET /shopping/1740252218.phtml HTTP/1.1" 301 0 "-" "meta-externalagent/1.1 (+https://developers.facebook.com/docs/sharing/webmasters/crawler)"
2a03:2880:f800:7:: - - [19/Jun/2025:11:18:23 -0400] "GET /shopping/1098480108.phtml HTTP/1.1" 301 0 "-" "meta-externalagent/1.1 (+https://developers.facebook.com/docs/sharing/webmasters/crawler)"
2a03:2880:f800:8:: - - [19/Jun/2025:11:18:23 -0400] "GET /shopping/2046900236.phtml HTTP/1.1" 301 0 "-" "meta-externalagent/1.1 (+https://developers.facebook.com/docs/sharing/webmasters/crawler)"
2a03:2880:f800:10:: - - [19/Jun/2025:11:18:23 -0400] "GET /shopping/2378066066.phtml HTTP/1.1" 301 0 "-" "meta-externalagent/1.1 (+https://developers.facebook.com/docs/sharing/webmasters/crawler)"
2a03:2880:f800:b:: - - [19/Jun/2025:11:18:25 -0400] "GET /shopping/2387257564.phtml HTTP/1.1" 301 0 "-" "meta-externalagent/1.1 (+https://developers.facebook.com/docs/sharing/webmasters/crawler)"
2a03:2880:f800:c:: - - [19/Jun/2025:11:18:25 -0400] "GET /shopping/1930770328.phtml HTTP/1.1" 301 0 "-" "meta-externalagent/1.1 (+https://developers.facebook.com/docs/sharing/webmasters/crawler)"
2a03:2880:f800:10:: - - [19/Jun/2025:11:18:25 -0400] "GET /shopping/2378343788.phtml HTTP/1.1" 301 0 "-" "meta-externalagent/1.1 (+https://developers.facebook.com/docs/sharing/webmasters/crawler)"
2a03:2880:f800:a:: - - [19/Jun/2025:11:18:26 -0400] "GET /shopping/1930788496.phtml HTTP/1.1" 301 0 "-" "meta-externalagent/1.1 (+https://developers.facebook.com/docs/sharing/webmasters/crawler)"
2a03:2880:f800:11:: - - [19/Jun/2025:11:18:26 -0400] "GET /shopping/2254505936.phtml HTTP/1.1" 301 0 "-" "meta-externalagent/1.1 (+https://developers.facebook.com/docs/sharing/webmasters/crawler)"
2a03:2880:f800:14:: - - [19/Jun/2025:11:18:27 -0400] "GET /shopping/1917942588.phtml HTTP/1.1" 301 0 "-" "meta-externalagent/1.1 (+https://developers.facebook.com/docs/sharing/webmasters/crawler)"
2a03:2880:f800:11:: - - [19/Jun/2025:11:18:28 -0400] "GET /shopping/2095585758.phtml HTTP/1.1" 301 0 "-" "meta-externalagent/1.1 (+https://developers.facebook.com/docs/sharing/webmasters/crawler)"
66.249.79.228 - - [19/Jun/2025:11:18:28 -0400] "GET /shopping/445411000.phtml HTTP/1.1" 200 19320 "-" "Mozilla/5.0 (Linux; Android 6.0.1; Nexus 5X Build/MMB29P) AppleWebKit/537.36 (KHTML, like Gecko) Chrome/137.0.7151.103 Mobile Safari/537.36 (compatible; Googlebot/2.1; +http://www.google.com/bot.html)"
2a03:2880:f800:c:: - - [19/Jun/2025:11:18:29 -0400] "GET /shopping/1917883840.phtml HTTP/1.1" 301 0 "-" "meta-externalagent/1.1 (+https://developers.facebook.com/docs/sharing/webmasters/crawler)"
2a03:2880:f800:17:: - - [19/Jun/2025:11:18:28 -0400] "GET /shopping/2046755108.phtml HTTP/1.1" 301 0 "-" "meta-externalagent/1.1 (+https://developers.facebook.com/docs/sharing/webmasters/crawler)"
2a03:2880:f800:5:: - - [19/Jun/2025:11:18:29 -0400] "GET /shopping/1541011786.phtml HTTP/1.1" 301 0 "-" "meta-externalagent/1.1 (+https://developers.facebook.com/docs/sharing/webmasters/crawler)"
2a03:2880:f800:16:: - - [19/Jun/2025:11:18:30 -0400] "GET /shopping/2203639080.phtml HTTP/1.1" 301 0 "-" "meta-externalagent/1.1 (+https://developers.facebook.com/docs/sharing/webmasters/crawler)"
2a03:2880:f800:8:: - - [19/Jun/2025:11:18:31 -0400] "GET /shopping/2534313122.phtml HTTP/1.1" 301 0 "-" "meta-externalagent/1.1 (+https://developers.facebook.com/docs/sharing/webmasters/crawler)"
2a03:2880:f800:a:: - - [19/Jun/2025:11:18:31 -0400] "GET /shopping/1917624430.phtml HTTP/1.1" 301 0 "-" "meta-externalagent/1.1 (+https://developers.facebook.com/docs/sharing/webmasters/crawler)"
2a03:2880:f800:1a:: - - [19/Jun/2025:11:18:32 -0400] "GET /shopping/13357138.phtml HTTP/1.1" 301 0 "-" "meta-externalagent/1.1 (+https://developers.facebook.com/docs/sharing/webmasters/crawler)"
2a03:2880:f800:1d:: - - [19/Jun/2025:11:18:32 -0400] "GET /shopping/2387158718.phtml HTTP/1.1" 301 0 "-" "meta-externalagent/1.1 (+https://developers.facebook.com/docs/sharing/webmasters/crawler)"
2a03:2880:f800:9:: - - [19/Jun/2025:11:18:33 -0400] "GET /shopping/2473053696.phtml HTTP/1.1" 301 0 "-" "meta-externalagent/1.1 (+https://developers.facebook.com/docs/sharing/webmasters/crawler)"
2a03:2880:f800:6:: - - [19/Jun/2025:11:18:34 -0400] "GET /shopping/1917652528.phtml HTTP/1.1" 301 0 "-" "meta-externalagent/1.1 (+https://developers.facebook.com/docs/sharing/webmasters/crawler)"
2a03:2880:f800:1:: - - [19/Jun/2025:11:18:34 -0400] "GET /shopping/2263377758.phtml HTTP/1.1" 301 0 "-" "meta-externalagent/1.1 (+https://developers.facebook.com/docs/sharing/webmasters/crawler)"
2a03:2880:f800:14:: - - [19/Jun/2025:11:18:35 -0400] "GET /shopping/2046954720.phtml HTTP/1.1" 301 0 "-" "meta-externalagent/1.1 (+https://developers.facebook.com/docs/sharing/webmasters/crawler)"
2a03:2880:f800:18:: - - [19/Jun/2025:11:18:36 -0400] "GET /shopping/281159060.phtml HTTP/1.1" 301 0 "-" "meta-externalagent/1.1 (+https://developers.facebook.com/docs/sharing/webmasters/crawler)"
2a03:2880:f800:: - - [19/Jun/2025:11:18:36 -0400] "GET /shopping/2360838108.phtml HTTP/1.1" 301 0 "-" "meta-externalagent/1.1 (+https://developers.facebook.com/docs/sharing/webmasters/crawler)"
2a03:2880:f800:10:: - - [19/Jun/2025:11:18:37 -0400] "GET /shopping/2646147164.phtml HTTP/1.1" 301 0 "-" "meta-externalagent/1.1 (+https://developers.facebook.com/docs/sharing/webmasters/crawler)"
2a03:2880:f800:8:: - - [19/Jun/2025:11:18:38 -0400] "GET /shopping/1347662664.phtml HTTP/1.1" 301 0 "-" "meta-externalagent/1.1 (+https://developers.facebook.com/docs/sharing/webmasters/crawler)"
2a03:2880:f800:b:: - - [19/Jun/2025:11:18:38 -0400] "GET /shopping/794487064.phtml HTTP/1.1" 301 0 "-" "meta-externalagent/1.1 (+https://developers.facebook.com/docs/sharing/webmasters/crawler)"
2a03:2880:f800:8:: - - [19/Jun/2025:11:18:39 -0400] "GET /shopping/1892695280.phtml HTTP/1.1" 301 0 "-" "meta-externalagent/1.1 (+https://developers.facebook.com/docs/sharing/webmasters/crawler)"
2a03:2880:f800:1b:: - - [19/Jun/2025:11:18:39 -0400] "GET /shopping/2203058844.phtml HTTP/1.1" 301 0 "-" "meta-externalagent/1.1 (+https://developers.facebook.com/docs/sharing/webmasters/crawler)"
2a03:2880:f800:11:: - - [19/Jun/2025:11:18:40 -0400] "GET /shopping/1334568666.phtml HTTP/1.1" 301 0 "-" "meta-externalagent/1.1 (+https://developers.facebook.com/docs/sharing/webmasters/crawler)"
2a03:2880:f800:d:: - - [19/Jun/2025:11:18:40 -0400] "GET /shopping/2646616280.phtml HTTP/1.1" 301 0 "-" "meta-externalagent/1.1 (+https://developers.facebook.com/docs/sharing/webmasters/crawler)"
2a03:2880:f800:11:: - - [19/Jun/2025:11:18:41 -0400] "GET /shopping/1364950564.phtml HTTP/1.1" 301 0 "-" "meta-externalagent/1.1 (+https://developers.facebook.com/docs/sharing/webmasters/crawler)"
2a03:2880:f800:1a:: - - [19/Jun/2025:11:18:41 -0400] "GET /shopping/794494024.phtml HTTP/1.1" 301 0 "-" "meta-externalagent/1.1 (+https://developers.facebook.com/docs/sharing/webmasters/crawler)"
2a03:2880:f800:8:: - - [19/Jun/2025:11:18:42 -0400] "GET /shopping/2568455164.phtml HTTP/1.1" 301 0 "-" "meta-externalagent/1.1 (+https://developers.facebook.com/docs/sharing/webmasters/crawler)"
2a03:2880:f800:14:: - - [19/Jun/2025:11:18:43 -0400] "GET /shopping/2203129124.phtml HTTP/1.1" 301 0 "-" "meta-externalagent/1.1 (+https://developers.facebook.com/docs/sharing/webmasters/crawler)"
2a03:2880:f800:7:: - - [19/Jun/2025:11:18:43 -0400] "GET /shopping/80935164.phtml HTTP/1.1" 301 0 "-" "meta-externalagent/1.1 (+https://developers.facebook.com/docs/sharing/webmasters/crawler)"
2a03:2880:f800:3:: - - [19/Jun/2025:11:18:44 -0400] "GET /shopping/840273770.phtml HTTP/1.1" 301 0 "-" "meta-externalagent/1.1 (+https://developers.facebook.com/docs/sharing/webmasters/crawler)"
54.36.148.75 - - [19/Jun/2025:11:18:46 -0400] "GET /manga1/jungle-juice-chapter-58/ HTTP/1.1" 200 10336 "-" "Mozilla/5.0 (compatible; AhrefsBot/7.0; +http://ahrefs.com/robot/)"
176.126.103.148 - - [19/Jun/2025:11:18:50 -0400] "GET / HTTP/1.1" 200 10323 "https://w3.junglejuicewebtoon.com/" "Mozilla/5.0 (X11; Linux x86_64) AppleWebKit/537.36 Chrome/113.0.0.0 Safari/537.36"
176.126.103.148 - - [19/Jun/2025:11:18:52 -0400] "GET /wp-includes/js/jquery/jquery.min.js?ver=3.7.1 HTTP/1.1" 200 29744 "-" "Mozilla/5.0 (Macintosh; Intel Mac OS X 10_15_7) AppleWebKit/605.1.15 (KHTML, like Gecko) Version/15.1 Safari/605.1.15"
176.126.103.148 - - [19/Jun/2025:11:18:53 -0400] "GET /wp-includes/js/jquery/jquery-migrate.min.js?ver=3.4.1 HTTP/1.1" 200 4678 "-" "Mozilla/5.0 (Windows NT 10.0; Win64; x64) AppleWebKit/537.36 Chrome/114.0.5735.110 Safari/537.36"
176.126.103.148 - - [19/Jun/2025:11:18:53 -0400] "GET /wp-content/plugins/simple-social-buttons/assets/js/front.js?ver=5.3.1 HTTP/1.1" 200 1932 "-" "Mozilla/5.0 (X11; Linux x86_64) AppleWebKit/537.36 Chrome/113.0.0.0 Safari/537.36"
176.126.103.148 - - [19/Jun/2025:11:18:54 -0400] "GET /wp-content/plugins/comic-easel/js/keynav.js HTTP/1.1" 200 302 "-" "Mozilla/5.0 (Macintosh; Intel Mac OS X 10_15_7) AppleWebKit/605.1.15 (KHTML, like Gecko) Version/15.1 Safari/605.1.15"
176.126.103.148 - - [19/Jun/2025:11:18:55 -0400] "GET /wp-content/themes/toivo-lite/js/functions.min.js?ver=1.2.0 HTTP/1.1" 200 593 "-" "Mozilla/5.0 (X11; Linux x86_64) AppleWebKit/537.36 Chrome/113.0.0.0 Safari/537.36"
176.126.103.148 - - [19/Jun/2025:11:18:55 -0400] "GET /wp-content/plugins/simple-social-buttons/assets/js/frontend-blocks.js?ver=5.3.1 HTTP/1.1" 200 0 "-" "Mozilla/5.0 (X11; Linux x86_64) AppleWebKit/537.36 Chrome/113.0.0.0 Safari/537.36"
176.126.103.148 - - [19/Jun/2025:11:18:56 -0400] "GET /wp-content/plugins/links-auto-replacer/public/js/lar-public.js?ver=2.0.0 HTTP/1.1" 200 393 "-" "Mozilla/5.0 (Macintosh; Intel Mac OS X 10_15_7) AppleWebKit/605.1.15 (KHTML, like Gecko) Version/15.1 Safari/605.1.15"
176.126.103.148 - - [19/Jun/2025:11:18:57 -0400] "GET /wp-content/themes/toivo-lite/js/responsive-nav.min.js?ver=1.2.0 HTTP/1.1" 200 2102 "-" "Mozilla/5.0 (Windows NT 10.0; Win64; x64) AppleWebKit/537.36 Chrome/114.0.5735.110 Safari/537.36"
176.126.103.148 - - [19/Jun/2025:11:18:58 -0400] "GET /wp-content/themes/toivo-lite/js/settings.min.js?ver=1.2.0 HTTP/1.1" 200 307 "-" "Mozilla/5.0 (X11; Linux x86_64) AppleWebKit/537.36 Chrome/113.0.0.0 Safari/537.36"
2a03:2880:f800:9:: - - [19/Jun/2025:11:18:58 -0400] "GET /shopping/905751950.phtml HTTP/1.1" 301 0 "-" "meta-externalagent/1.1 (+https://developers.facebook.com/docs/sharing/webmasters/crawler)"
2a03:2880:f800:1a:: - - [19/Jun/2025:11:19:01 -0400] "GET /shopping/1098270402.phtml HTTP/1.1" 301 0 "-" "meta-externalagent/1.1 (+https://developers.facebook.com/docs/sharing/webmasters/crawler)"
95.25.247.175 - - [19/Jun/2025:11:19:11 -0400] "GET /manga1/jungle-juice-chapter-130-2/ HTTP/1.1" 200 10892 "-" "Mozilla/5.0 (Windows NT 10.0; Win64; x64) AppleWebKit/537.36 (KHTML, like Gecko) Chrome/122.0.0.0 Safari/537.36"
66.249.79.227 - - [19/Jun/2025:11:19:35 -0400] "GET /shopping/2413065938.phtml HTTP/1.1" 200 19245 "-" "Mozilla/5.0 (Linux; Android 6.0.1; Nexus 5X Build/MMB29P) AppleWebKit/537.36 (KHTML, like Gecko) Chrome/137.0.7151.103 Mobile Safari/537.36 (compatible; Googlebot/2.1; +http://www.google.com/bot.html)"
162.0.232.193 - - [19/Jun/2025:11:19:45 -0400] "POST /wp-cron.php?doing_wp_cron=1750346384.9905478954315185546875 HTTP/1.1" 200 0 "-" "WordPress/6.7.2; https://w4.junglejuicewebtoon.com"
2a03:2880:f800:5:: - - [19/Jun/2025:11:19:44 -0400] "GET /shopping/2079960016.phtml HTTP/1.1" 301 0 "-" "meta-externalagent/1.1 (+https://developers.facebook.com/docs/sharing/webmasters/crawler)"
2a03:2880:f800:14:: - - [19/Jun/2025:11:19:45 -0400] "GET /shopping/1012602024.phtml HTTP/1.1" 301 0 "-" "meta-externalagent/1.1 (+https://developers.facebook.com/docs/sharing/webmasters/crawler)"
162.0.232.193 - - [19/Jun/2025:11:19:46 -0400] "POST /wp-admin/admin-ajax.php?action=async_litespeed&nonce=6s5oxdDwBSZfAkTWZ9OWCEXkSPmidyxQ&litespeed_type=imgoptm HTTP/1.1" 200 0 "-" "WordPress/6.7.2; https://w4.junglejuicewebtoon.com"
2a03:2880:f800:6:: - - [19/Jun/2025:11:19:45 -0400] "GET /shopping/1348365096.phtml HTTP/1.1" 301 0 "-" "meta-externalagent/1.1 (+https://developers.facebook.com/docs/sharing/webmasters/crawler)"
2a03:2880:f800:3:: - - [19/Jun/2025:11:19:45 -0400] "GET /shopping/2534747180.phtml HTTP/1.1" 301 0 "-" "meta-externalagent/1.1 (+https://developers.facebook.com/docs/sharing/webmasters/crawler)"
2a03:2880:f800:a:: - - [19/Jun/2025:11:19:46 -0400] "GET /shopping/1347803028.phtml HTTP/1.1" 301 0 "-" "meta-externalagent/1.1 (+https://developers.facebook.com/docs/sharing/webmasters/crawler)"
2a03:2880:f800:1c:: - - [19/Jun/2025:11:19:47 -0400] "GET /shopping/1980409024.phtml HTTP/1.1" 301 0 "-" "meta-externalagent/1.1 (+https://developers.facebook.com/docs/sharing/webmasters/crawler)"
2a03:2880:f800:11:: - - [19/Jun/2025:11:19:47 -0400] "GET /shopping/13757040.phtml HTTP/1.1" 301 0 "-" "meta-externalagent/1.1 (+https://developers.facebook.com/docs/sharing/webmasters/crawler)"
66.249.79.226 - - [19/Jun/2025:11:19:48 -0400] "GET /shopping/1723870626.phtml HTTP/1.1" 200 19819 "-" "Mozilla/5.0 (Linux; Android 6.0.1; Nexus 5X Build/MMB29P) AppleWebKit/537.36 (KHTML, like Gecko) Chrome/137.0.7151.103 Mobile Safari/537.36 (compatible; Googlebot/2.1; +http://www.google.com/bot.html)"
162.0.232.193 - - [19/Jun/2025:11:19:48 -0400] "GET /wp-content/uploads/36f5b53d6c6d3d6b1e9dd0027baac2ed_1435.xml HTTP/1.1" 200 1298 "-" "Mozilla/5.0 (X11; Linux x86_64) AppleWebKit/537.36 (KHTML, like Gecko) Ubuntu Chromium/41.0.2272.76"
2a03:2880:f800:12:: - - [19/Jun/2025:11:19:49 -0400] "GET /shopping/1098682790.phtml HTTP/1.1" 301 0 "-" "meta-externalagent/1.1 (+https://developers.facebook.com/docs/sharing/webmasters/crawler)"
2a03:2880:f800:14:: - - [19/Jun/2025:11:19:49 -0400] "GET /shopping/2235220106.phtml HTTP/1.1" 301 0 "-" "meta-externalagent/1.1 (+https://developers.facebook.com/docs/sharing/webmasters/crawler)"
2a03:2880:f800:11:: - - [19/Jun/2025:11:19:49 -0400] "GET /shopping/2263372060.phtml HTTP/1.1" 301 0 "-" "meta-externalagent/1.1 (+https://developers.facebook.com/docs/sharing/webmasters/crawler)"
2a03:2880:f800:1a:: - - [19/Jun/2025:11:19:50 -0400] "GET /shopping/2712651680.phtml HTTP/1.1" 301 0 "-" "meta-externalagent/1.1 (+https://developers.facebook.com/docs/sharing/webmasters/crawler)"
2a03:2880:f800:17:: - - [19/Jun/2025:11:19:51 -0400] "GET /shopping/527718342.phtml HTTP/1.1" 301 0 "-" "meta-externalagent/1.1 (+https://developers.facebook.com/docs/sharing/webmasters/crawler)"
2a03:2880:f800:9:: - - [19/Jun/2025:11:19:51 -0400] "GET /shopping/2387204130.phtml HTTP/1.1" 301 0 "-" "meta-externalagent/1.1 (+https://developers.facebook.com/docs/sharing/webmasters/crawler)"
2a03:2880:f800:b:: - - [19/Jun/2025:11:19:52 -0400] "GET /shopping/1214482844.phtml HTTP/1.1" 301 0 "-" "meta-externalagent/1.1 (+https://developers.facebook.com/docs/sharing/webmasters/crawler)"
2a03:2880:f800:11:: - - [19/Jun/2025:11:19:52 -0400] "GET /shopping/527125836.phtml HTTP/1.1" 301 0 "-" "meta-externalagent/1.1 (+https://developers.facebook.com/docs/sharing/webmasters/crawler)"
2a03:2880:f800:19:: - - [19/Jun/2025:11:19:53 -0400] "GET /shopping/2315842214.phtml HTTP/1.1" 301 0 "-" "meta-externalagent/1.1 (+https://developers.facebook.com/docs/sharing/webmasters/crawler)"
2a03:2880:f800:3:: - - [19/Jun/2025:11:19:54 -0400] "GET /shopping/2472906388.phtml HTTP/1.1" 301 0 "-" "meta-externalagent/1.1 (+https://developers.facebook.com/docs/sharing/webmasters/crawler)"
2a03:2880:f800:e:: - - [19/Jun/2025:11:19:54 -0400] "GET /shopping/1347863294.phtml HTTP/1.1" 301 0 "-" "meta-externalagent/1.1 (+https://developers.facebook.com/docs/sharing/webmasters/crawler)"
2a03:2880:f800:6:: - - [19/Jun/2025:11:19:55 -0400] "GET /shopping/2095626406.phtml HTTP/1.1" 301 0 "-" "meta-externalagent/1.1 (+https://developers.facebook.com/docs/sharing/webmasters/crawler)"
2a03:2880:f800:4:: - - [19/Jun/2025:11:19:55 -0400] "GET /shopping/875033258.phtml HTTP/1.1" 301 0 "-" "meta-externalagent/1.1 (+https://developers.facebook.com/docs/sharing/webmasters/crawler)"
2a03:2880:f800:2:: - - [19/Jun/2025:11:19:56 -0400] "GET /shopping/2046204488.phtml HTTP/1.1" 301 0 "-" "meta-externalagent/1.1 (+https://developers.facebook.com/docs/sharing/webmasters/crawler)"
2a03:2880:f800:15:: - - [19/Jun/2025:11:19:57 -0400] "GET /shopping/2378210998.phtml HTTP/1.1" 301 0 "-" "meta-externalagent/1.1 (+https://developers.facebook.com/docs/sharing/webmasters/crawler)"
2a03:2880:f800:19:: - - [19/Jun/2025:11:19:57 -0400] "GET /shopping/2035118342.phtml HTTP/1.1" 301 0 "-" "meta-externalagent/1.1 (+https://developers.facebook.com/docs/sharing/webmasters/crawler)"
2a03:2880:f800:1a:: - - [19/Jun/2025:11:19:58 -0400] "GET /shopping/2387906690.phtml HTTP/1.1" 301 0 "-" "meta-externalagent/1.1 (+https://developers.facebook.com/docs/sharing/webmasters/crawler)"
2a03:2880:f800:1:: - - [19/Jun/2025:11:19:59 -0400] "GET /shopping/2473405136.phtml HTTP/1.1" 301 0 "-" "meta-externalagent/1.1 (+https://developers.facebook.com/docs/sharing/webmasters/crawler)"
2a03:2880:f800:1c:: - - [19/Jun/2025:11:19:59 -0400] "GET /shopping/1348195440.phtml HTTP/1.1" 301 0 "-" "meta-externalagent/1.1 (+https://developers.facebook.com/docs/sharing/webmasters/crawler)"
2a03:2880:f800:e:: - - [19/Jun/2025:11:19:59 -0400] "GET /shopping/1930718364.phtml HTTP/1.1" 301 0 "-" "meta-externalagent/1.1 (+https://developers.facebook.com/docs/sharing/webmasters/crawler)"
2a03:2880:f800:15:: - - [19/Jun/2025:11:20:00 -0400] "GET /shopping/1930974528.phtml HTTP/1.1" 301 0 "-" "meta-externalagent/1.1 (+https://developers.facebook.com/docs/sharing/webmasters/crawler)"
2a03:2880:f800:d:: - - [19/Jun/2025:11:20:01 -0400] "GET /shopping/1347672758.phtml HTTP/1.1" 301 0 "-" "meta-externalagent/1.1 (+https://developers.facebook.com/docs/sharing/webmasters/crawler)"
2a03:2880:f800:10:: - - [19/Jun/2025:11:20:01 -0400] "GET /shopping/2338695480.phtml HTTP/1.1" 301 0 "-" "meta-externalagent/1.1 (+https://developers.facebook.com/docs/sharing/webmasters/crawler)"
2a03:2880:f800:8:: - - [19/Jun/2025:11:20:02 -0400] "GET /shopping/13660586.phtml HTTP/1.1" 301 0 "-" "meta-externalagent/1.1 (+https://developers.facebook.com/docs/sharing/webmasters/crawler)"
2a03:2880:f800:15:: - - [19/Jun/2025:11:20:03 -0400] "GET /shopping/875134236.phtml HTTP/1.1" 301 0 "-" "meta-externalagent/1.1 (+https://developers.facebook.com/docs/sharing/webmasters/crawler)"
2a03:2880:f800:14:: - - [19/Jun/2025:11:20:03 -0400] "GET /shopping/1979940910.phtml HTTP/1.1" 301 0 "-" "meta-externalagent/1.1 (+https://developers.facebook.com/docs/sharing/webmasters/crawler)"
2a03:2880:f800:18:: - - [19/Jun/2025:11:20:05 -0400] "GET /shopping/1980248990.phtml HTTP/1.1" 301 0 "-" "meta-externalagent/1.1 (+https://developers.facebook.com/docs/sharing/webmasters/crawler)"
2a03:2880:f800:7:: - - [19/Jun/2025:11:20:04 -0400] "GET /shopping/2338628658.phtml HTTP/1.1" 301 0 "-" "meta-externalagent/1.1 (+https://developers.facebook.com/docs/sharing/webmasters/crawler)"
2a03:2880:f800:a:: - - [19/Jun/2025:11:20:05 -0400] "GET /shopping/2046475270.phtml HTTP/1.1" 301 0 "-" "meta-externalagent/1.1 (+https://developers.facebook.com/docs/sharing/webmasters/crawler)"
2a03:2880:f800:19:: - - [19/Jun/2025:11:20:06 -0400] "GET /shopping/2473425436.phtml HTTP/1.1" 301 0 "-" "meta-externalagent/1.1 (+https://developers.facebook.com/docs/sharing/webmasters/crawler)"
2a03:2880:f800:c:: - - [19/Jun/2025:11:20:06 -0400] "GET /shopping/2534113766.phtml HTTP/1.1" 301 0 "-" "meta-externalagent/1.1 (+https://developers.facebook.com/docs/sharing/webmasters/crawler)"
2a03:2880:f800:4:: - - [19/Jun/2025:11:20:07 -0400] "GET /shopping/1348239266.phtml HTTP/1.1" 301 0 "-" "meta-externalagent/1.1 (+https://developers.facebook.com/docs/sharing/webmasters/crawler)"
2a03:2880:f800:18:: - - [19/Jun/2025:11:20:08 -0400] "GET /shopping/1917676394.phtml HTTP/1.1" 301 0 "-" "meta-externalagent/1.1 (+https://developers.facebook.com/docs/sharing/webmasters/crawler)"
2a03:2880:f800:1b:: - - [19/Jun/2025:11:20:08 -0400] "GET /shopping/2263306480.phtml HTTP/1.1" 301 0 "-" "meta-externalagent/1.1 (+https://developers.facebook.com/docs/sharing/webmasters/crawler)"
2a03:2880:f800:1b:: - - [19/Jun/2025:11:20:08 -0400] "GET /shopping/2378104450.phtml HTTP/1.1" 301 0 "-" "meta-externalagent/1.1 (+https://developers.facebook.com/docs/sharing/webmasters/crawler)"
2a03:2880:f800:12:: - - [19/Jun/2025:11:20:09 -0400] "GET /shopping/1098380328.phtml HTTP/1.1" 301 0 "-" "meta-externalagent/1.1 (+https://developers.facebook.com/docs/sharing/webmasters/crawler)"
2a03:2880:f800:: - - [19/Jun/2025:11:20:10 -0400] "GET /shopping/2080219590.phtml HTTP/1.1" 301 0 "-" "meta-externalagent/1.1 (+https://developers.facebook.com/docs/sharing/webmasters/crawler)"
2a03:2880:f800:15:: - - [19/Jun/2025:11:20:10 -0400] "GET /shopping/2433099628.phtml HTTP/1.1" 301 0 "-" "meta-externalagent/1.1 (+https://developers.facebook.com/docs/sharing/webmasters/crawler)"
2a03:2880:f800:14:: - - [19/Jun/2025:11:20:11 -0400] "GET /shopping/2387277780.phtml HTTP/1.1" 301 0 "-" "meta-externalagent/1.1 (+https://developers.facebook.com/docs/sharing/webmasters/crawler)"
2a03:2880:f800:15:: - - [19/Jun/2025:11:20:11 -0400] "GET /shopping/2473452680.phtml HTTP/1.1" 301 0 "-" "meta-externalagent/1.1 (+https://developers.facebook.com/docs/sharing/webmasters/crawler)"
2a03:2880:f800:f:: - - [19/Jun/2025:11:20:12 -0400] "GET /shopping/2712972570.phtml HTTP/1.1" 301 0 "-" "meta-externalagent/1.1 (+https://developers.facebook.com/docs/sharing/webmasters/crawler)"
2a03:2880:f800:2:: - - [19/Jun/2025:11:20:13 -0400] "GET /shopping/2377889190.phtml HTTP/1.1" 301 0 "-" "meta-externalagent/1.1 (+https://developers.facebook.com/docs/sharing/webmasters/crawler)"
2a03:2880:f800:1b:: - - [19/Jun/2025:11:20:13 -0400] "GET /shopping/2473463030.phtml HTTP/1.1" 301 0 "-" "meta-externalagent/1.1 (+https://developers.facebook.com/docs/sharing/webmasters/crawler)"
2a03:2880:f800:16:: - - [19/Jun/2025:11:20:14 -0400] "GET /shopping/2533998206.phtml HTTP/1.1" 301 0 "-" "meta-externalagent/1.1 (+https://developers.facebook.com/docs/sharing/webmasters/crawler)"
2a03:2880:f800:: - - [19/Jun/2025:11:20:15 -0400] "GET /shopping/2387269966.phtml HTTP/1.1" 301 0 "-" "meta-externalagent/1.1 (+https://developers.facebook.com/docs/sharing/webmasters/crawler)"
2a03:2880:f800:9:: - - [19/Jun/2025:11:20:15 -0400] "GET /shopping/281497906.phtml HTTP/1.1" 301 0 "-" "meta-externalagent/1.1 (+https://developers.facebook.com/docs/sharing/webmasters/crawler)"
2a03:2880:f800:a:: - - [19/Jun/2025:11:20:16 -0400] "GET /shopping/1347689924.phtml HTTP/1.1" 301 0 "-" "meta-externalagent/1.1 (+https://developers.facebook.com/docs/sharing/webmasters/crawler)"
2a03:2880:f800:a:: - - [19/Jun/2025:11:20:17 -0400] "GET /shopping/875449408.phtml HTTP/1.1" 301 0 "-" "meta-externalagent/1.1 (+https://developers.facebook.com/docs/sharing/webmasters/crawler)"
2a03:2880:f800:6:: - - [19/Jun/2025:11:20:17 -0400] "GET /shopping/2378117240.phtml HTTP/1.1" 301 0 "-" "meta-externalagent/1.1 (+https://developers.facebook.com/docs/sharing/webmasters/crawler)"
2a03:2880:f800:1b:: - - [19/Jun/2025:11:20:18 -0400] "GET /shopping/2378334696.phtml HTTP/1.1" 301 0 "-" "meta-externalagent/1.1 (+https://developers.facebook.com/docs/sharing/webmasters/crawler)"
2a03:2880:f800:6:: - - [19/Jun/2025:11:20:18 -0400] "GET /shopping/2262699132.phtml HTTP/1.1" 301 0 "-" "meta-externalagent/1.1 (+https://developers.facebook.com/docs/sharing/webmasters/crawler)"
43.135.133.194 - - [19/Jun/2025:11:20:17 -0400] "GET / HTTP/1.1" 200 10323 "https://w3.junglejuicewebtoon.com/" "Mozilla/5.0 (iPhone; CPU iPhone OS 13_2_3 like Mac OS X) AppleWebKit/605.1.15 (KHTML, like Gecko) Version/13.0.3 Mobile/15E148 Safari/604.1"
2a03:2880:f800:5:: - - [19/Jun/2025:11:20:19 -0400] "GET /shopping/527849938.phtml HTTP/1.1" 301 0 "-" "meta-externalagent/1.1 (+https://developers.facebook.com/docs/sharing/webmasters/crawler)"
2a03:2880:f800:19:: - - [19/Jun/2025:11:20:19 -0400] "GET /shopping/1980535856.phtml HTTP/1.1" 301 0 "-" "meta-externalagent/1.1 (+https://developers.facebook.com/docs/sharing/webmasters/crawler)"
2a03:2880:f800:4:: - - [19/Jun/2025:11:20:21 -0400] "GET /shopping/1957554564.phtml HTTP/1.1" 301 0 "-" "meta-externalagent/1.1 (+https://developers.facebook.com/docs/sharing/webmasters/crawler)"
4.216.143.228 - - [19/Jun/2025:11:20:35 -0400] "GET /wp-login.php?redirect_to=https%3A%2F%2Fw3.junglejuicewebtoon.com%2Fwp-admin%2Fincludes%2Findex.php&reauth=1 HTTP/1.1" 200 1861 "-" "-"
162.0.232.193 - - [19/Jun/2025:11:21:17 -0400] "POST /wp-cron.php?doing_wp_cron=1750346477.8014080524444580078125 HTTP/1.1" 200 0 "-" "WordPress/6.7.2; https://w4.junglejuicewebtoon.com"
2a03:2880:f800:a:: - - [19/Jun/2025:11:21:17 -0400] "GET /shopping/2034693424.phtml HTTP/1.1" 301 0 "-" "meta-externalagent/1.1 (+https://developers.facebook.com/docs/sharing/webmasters/crawler)"
162.0.232.193 - - [19/Jun/2025:11:21:18 -0400] "POST /wp-admin/admin-ajax.php?action=async_litespeed&nonce=0gOWEfKshJ2UyKRVYbsoVIkuBwGYiKZU&litespeed_type=imgoptm HTTP/1.1" 200 5 "-" "WordPress/6.7.2; https://w4.junglejuicewebtoon.com"
162.0.232.193 - - [19/Jun/2025:11:21:20 -0400] "GET /wp-content/uploads/36f5b53d6c6d3d6b1e9dd0027baac2ed_1435.xml HTTP/1.1" 200 1298 "-" "Mozilla/5.0 (X11; Linux x86_64) AppleWebKit/537.36 (KHTML, like Gecko) Ubuntu Chromium/41.0.2272.76"
2a03:2880:f800:17:: - - [19/Jun/2025:11:21:40 -0400] "GET /shopping/2034987924.phtml HTTP/1.1" 301 0 "-" "meta-externalagent/1.1 (+https://developers.facebook.com/docs/sharing/webmasters/crawler)"
2a03:2880:f800:4:: - - [19/Jun/2025:11:21:41 -0400] "GET /shopping/1960072692.phtml HTTP/1.1" 301 0 "-" "meta-externalagent/1.1 (+https://developers.facebook.com/docs/sharing/webmasters/crawler)"
2a03:2880:f800:13:: - - [19/Jun/2025:11:21:42 -0400] "GET /shopping/2263083258.phtml HTTP/1.1" 301 0 "-" "meta-externalagent/1.1 (+https://developers.facebook.com/docs/sharing/webmasters/crawler)"
2a03:2880:f800:1:: - - [19/Jun/2025:11:21:43 -0400] "GET /shopping/1931019680.phtml HTTP/1.1" 301 0 "-" "meta-externalagent/1.1 (+https://developers.facebook.com/docs/sharing/webmasters/crawler)"
2a03:2880:f800:16:: - - [19/Jun/2025:11:21:51 -0400] "GET /shopping/2046178506.phtml HTTP/1.1" 301 0 "-" "meta-externalagent/1.1 (+https://developers.facebook.com/docs/sharing/webmasters/crawler)"
2a03:2880:f800:18:: - - [19/Jun/2025:11:21:52 -0400] "GET /shopping/2534700766.phtml HTTP/1.1" 301 0 "-" "meta-externalagent/1.1 (+https://developers.facebook.com/docs/sharing/webmasters/crawler)"
2a03:2880:f800:1:: - - [19/Jun/2025:11:22:00 -0400] "GET /shopping/2712947506.phtml HTTP/1.1" 301 0 "-" "meta-externalagent/1.1 (+https://developers.facebook.com/docs/sharing/webmasters/crawler)"
2a03:2880:f800:16:: - - [19/Jun/2025:11:22:02 -0400] "GET /shopping/2377986774.phtml HTTP/1.1" 301 0 "-" "meta-externalagent/1.1 (+https://developers.facebook.com/docs/sharing/webmasters/crawler)"
2a03:2880:f800:1c:: - - [19/Jun/2025:11:22:03 -0400] "GET /shopping/1917621910.phtml HTTP/1.1" 301 0 "-" "meta-externalagent/1.1 (+https://developers.facebook.com/docs/sharing/webmasters/crawler)"
2a03:2880:f800:13:: - - [19/Jun/2025:11:22:03 -0400] "GET /shopping/2263418406.phtml HTTP/1.1" 301 0 "-" "meta-externalagent/1.1 (+https://developers.facebook.com/docs/sharing/webmasters/crawler)"
66.249.79.237 - - [19/Jun/2025:11:22:04 -0400] "GET /shopping/445387342.phtml HTTP/1.1" 200 18793 "-" "Mozilla/5.0 (Linux; Android 6.0.1; Nexus 5X Build/MMB29P) AppleWebKit/537.36 (KHTML, like Gecko) Chrome/137.0.7151.103 Mobile Safari/537.36 (compatible; Googlebot/2.1; +http://www.google.com/bot.html)"
2a03:2880:f800:15:: - - [19/Jun/2025:11:22:05 -0400] "GET /shopping/1980687620.phtml HTTP/1.1" 301 0 "-" "meta-externalagent/1.1 (+https://developers.facebook.com/docs/sharing/webmasters/crawler)"
2a03:2880:f800:7:: - - [19/Jun/2025:11:22:05 -0400] "GET /shopping/1980247860.phtml HTTP/1.1" 301 0 "-" "meta-externalagent/1.1 (+https://developers.facebook.com/docs/sharing/webmasters/crawler)"
2a03:2880:f800:1a:: - - [19/Jun/2025:11:22:12 -0400] "GET /shopping/281385656.phtml HTTP/1.1" 301 0 "-" "meta-externalagent/1.1 (+https://developers.facebook.com/docs/sharing/webmasters/crawler)"
2a03:2880:f800:19:: - - [19/Jun/2025:11:22:13 -0400] "GET /shopping/1917961886.phtml HTTP/1.1" 301 0 "-" "meta-externalagent/1.1 (+https://developers.facebook.com/docs/sharing/webmasters/crawler)"
2a03:2880:f800:6:: - - [19/Jun/2025:11:22:14 -0400] "GET /shopping/2046952200.phtml HTTP/1.1" 301 0 "-" "meta-externalagent/1.1 (+https://developers.facebook.com/docs/sharing/webmasters/crawler)"
2a03:2880:f800:1d:: - - [19/Jun/2025:11:22:14 -0400] "GET /shopping/2534808236.phtml HTTP/1.1" 301 0 "-" "meta-externalagent/1.1 (+https://developers.facebook.com/docs/sharing/webmasters/crawler)"
2a03:2880:f800:16:: - - [19/Jun/2025:11:22:14 -0400] "GET /shopping/2534424110.phtml HTTP/1.1" 301 0 "-" "meta-externalagent/1.1 (+https://developers.facebook.com/docs/sharing/webmasters/crawler)"
2a03:2880:f800:10:: - - [19/Jun/2025:11:22:15 -0400] "GET /shopping/2378118178.phtml HTTP/1.1" 301 0 "-" "meta-externalagent/1.1 (+https://developers.facebook.com/docs/sharing/webmasters/crawler)"
2a03:2880:f800:10:: - - [19/Jun/2025:11:22:15 -0400] "GET /shopping/2378534068.phtml HTTP/1.1" 301 0 "-" "meta-externalagent/1.1 (+https://developers.facebook.com/docs/sharing/webmasters/crawler)"
162.0.232.193 - - [19/Jun/2025:11:22:18 -0400] "POST /wp-cron.php?doing_wp_cron=1750346537.9790570735931396484375 HTTP/1.1" 200 0 "-" "WordPress/6.7.2; https://w4.junglejuicewebtoon.com"
2a03:2880:f800:1:: - - [19/Jun/2025:11:22:16 -0400] "GET /shopping/1918187480.phtml HTTP/1.1" 301 0 "-" "meta-externalagent/1.1 (+https://developers.facebook.com/docs/sharing/webmasters/crawler)"
162.0.232.193 - - [19/Jun/2025:11:22:18 -0400] "POST /wp-admin/admin-ajax.php?action=async_litespeed&nonce=NOs2aCMx6JfUPMjFKkVSzDlzSTJbI3dH&litespeed_type=imgoptm HTTP/1.1" 200 0 "-" "WordPress/6.7.2; https://w4.junglejuicewebtoon.com"
2a03:2880:f800:c:: - - [19/Jun/2025:11:22:20 -0400] "GET /shopping/1836692640.phtml HTTP/1.1" 301 0 "-" "meta-externalagent/1.1 (+https://developers.facebook.com/docs/sharing/webmasters/crawler)"
2a03:2880:f800:1:: - - [19/Jun/2025:11:22:20 -0400] "GET /shopping/2046931984.phtml HTTP/1.1" 301 0 "-" "meta-externalagent/1.1 (+https://developers.facebook.com/docs/sharing/webmasters/crawler)"
2a03:2880:f800:4:: - - [19/Jun/2025:11:22:21 -0400] "GET /shopping/1957482024.phtml HTTP/1.1" 301 0 "-" "meta-externalagent/1.1 (+https://developers.facebook.com/docs/sharing/webmasters/crawler)"
2a03:2880:f800:1c:: - - [19/Jun/2025:11:22:21 -0400] "GET /shopping/1930963128.phtml HTTP/1.1" 301 0 "-" "meta-externalagent/1.1 (+https://developers.facebook.com/docs/sharing/webmasters/crawler)"
2a03:2880:f800:10:: - - [19/Jun/2025:11:22:22 -0400] "GET /shopping/2472939330.phtml HTTP/1.1" 301 0 "-" "meta-externalagent/1.1 (+https://developers.facebook.com/docs/sharing/webmasters/crawler)"
2a03:2880:f800:c:: - - [19/Jun/2025:11:22:22 -0400] "GET /shopping/1012081990.phtml HTTP/1.1" 301 0 "-" "meta-externalagent/1.1 (+https://developers.facebook.com/docs/sharing/webmasters/crawler)"
2a03:2880:f800:a:: - - [19/Jun/2025:11:22:23 -0400] "GET /shopping/2035168258.phtml HTTP/1.1" 301 0 "-" "meta-externalagent/1.1 (+https://developers.facebook.com/docs/sharing/webmasters/crawler)"
2a03:2880:f800:9:: - - [19/Jun/2025:11:22:23 -0400] "GET /shopping/2034978980.phtml HTTP/1.1" 301 0 "-" "meta-externalagent/1.1 (+https://developers.facebook.com/docs/sharing/webmasters/crawler)"
2a03:2880:f800:1:: - - [19/Jun/2025:11:22:37 -0400] "GET /shopping/2378500124.phtml HTTP/1.1" 301 0 "-" "meta-externalagent/1.1 (+https://developers.facebook.com/docs/sharing/webmasters/crawler)"
2a03:2880:f800:2:: - - [19/Jun/2025:11:22:38 -0400] "GET /shopping/2095684136.phtml HTTP/1.1" 301 0 "-" "meta-externalagent/1.1 (+https://developers.facebook.com/docs/sharing/webmasters/crawler)"
2a03:2880:f800:19:: - - [19/Jun/2025:11:22:39 -0400] "GET /shopping/1347856594.phtml HTTP/1.1" 301 0 "-" "meta-externalagent/1.1 (+https://developers.facebook.com/docs/sharing/webmasters/crawler)"
2a03:2880:f800:3:: - - [19/Jun/2025:11:22:39 -0400] "GET /shopping/2387400108.phtml HTTP/1.1" 301 0 "-" "meta-externalagent/1.1 (+https://developers.facebook.com/docs/sharing/webmasters/crawler)"
2a03:2880:f800:17:: - - [19/Jun/2025:11:22:40 -0400] "GET /shopping/2473462690.phtml HTTP/1.1" 301 0 "-" "meta-externalagent/1.1 (+https://developers.facebook.com/docs/sharing/webmasters/crawler)"
2a03:2880:f800:12:: - - [19/Jun/2025:11:22:41 -0400] "GET /shopping/13742266.phtml HTTP/1.1" 301 0 "-" "meta-externalagent/1.1 (+https://developers.facebook.com/docs/sharing/webmasters/crawler)"
2a03:2880:f800:2:: - - [19/Jun/2025:11:22:41 -0400] "GET /shopping/2378106838.phtml HTTP/1.1" 301 0 "-" "meta-externalagent/1.1 (+https://developers.facebook.com/docs/sharing/webmasters/crawler)"
2a03:2880:f800:9:: - - [19/Jun/2025:11:22:42 -0400] "GET /shopping/13683258.phtml HTTP/1.1" 301 0 "-" "meta-externalagent/1.1 (+https://developers.facebook.com/docs/sharing/webmasters/crawler)"
2a03:2880:f800:11:: - - [19/Jun/2025:11:22:43 -0400] "GET /shopping/2473478678.phtml HTTP/1.1" 301 0 "-" "meta-externalagent/1.1 (+https://developers.facebook.com/docs/sharing/webmasters/crawler)"
2a03:2880:f800:12:: - - [19/Jun/2025:11:22:43 -0400] "GET /shopping/2378552088.phtml HTTP/1.1" 301 0 "-" "meta-externalagent/1.1 (+https://developers.facebook.com/docs/sharing/webmasters/crawler)"
2a03:2880:f800:10:: - - [19/Jun/2025:11:22:43 -0400] "GET /shopping/1917982426.phtml HTTP/1.1" 301 0 "-" "meta-externalagent/1.1 (+https://developers.facebook.com/docs/sharing/webmasters/crawler)"
2a03:2880:f800:1d:: - - [19/Jun/2025:11:22:44 -0400] "GET /shopping/2378350344.phtml HTTP/1.1" 301 0 "-" "meta-externalagent/1.1 (+https://developers.facebook.com/docs/sharing/webmasters/crawler)"
2a03:2880:f800:18:: - - [19/Jun/2025:11:22:44 -0400] "GET /shopping/1918102490.phtml HTTP/1.1" 301 0 "-" "meta-externalagent/1.1 (+https://developers.facebook.com/docs/sharing/webmasters/crawler)"
2a03:2880:f800:7:: - - [19/Jun/2025:11:22:45 -0400] "GET /shopping/1918279190.phtml HTTP/1.1" 301 0 "-" "meta-externalagent/1.1 (+https://developers.facebook.com/docs/sharing/webmasters/crawler)"
2a03:2880:f800:16:: - - [19/Jun/2025:11:22:46 -0400] "GET /shopping/13868028.phtml HTTP/1.1" 301 0 "-" "meta-externalagent/1.1 (+https://developers.facebook.com/docs/sharing/webmasters/crawler)"
2a03:2880:f800:1d:: - - [19/Jun/2025:11:22:46 -0400] "GET /shopping/2387224538.phtml HTTP/1.1" 301 0 "-" "meta-externalagent/1.1 (+https://developers.facebook.com/docs/sharing/webmasters/crawler)"
2a03:2880:f800:9:: - - [19/Jun/2025:11:22:47 -0400] "GET /shopping/13363838.phtml HTTP/1.1" 301 0 "-" "meta-externalagent/1.1 (+https://developers.facebook.com/docs/sharing/webmasters/crawler)"
2a03:2880:f800:f:: - - [19/Jun/2025:11:22:55 -0400] "GET /shopping/2315834576.phtml HTTP/1.1" 301 0 "-" "meta-externalagent/1.1 (+https://developers.facebook.com/docs/sharing/webmasters/crawler)"
2a03:2880:f800:11:: - - [19/Jun/2025:11:22:56 -0400] "GET /shopping/2315847980.phtml HTTP/1.1" 301 0 "-" "meta-externalagent/1.1 (+https://developers.facebook.com/docs/sharing/webmasters/crawler)"
2a03:2880:f800:b:: - - [19/Jun/2025:11:22:58 -0400] "GET /shopping/2387863458.phtml HTTP/1.1" 301 0 "-" "meta-externalagent/1.1 (+https://developers.facebook.com/docs/sharing/webmasters/crawler)"
2a03:2880:f800:11:: - - [19/Jun/2025:11:22:58 -0400] "GET /shopping/2473446914.phtml HTTP/1.1" 301 0 "-" "meta-externalagent/1.1 (+https://developers.facebook.com/docs/sharing/webmasters/crawler)"
162.0.232.193 - - [19/Jun/2025:11:23:00 -0400] "POST /wp-cron.php?doing_wp_cron=1750346579.9988119602203369140625 HTTP/1.1" 200 0 "-" "WordPress/6.7.2; https://w4.junglejuicewebtoon.com"
2a03:2880:f800:12:: - - [19/Jun/2025:11:22:59 -0400] "GET /shopping/2378145290.phtml HTTP/1.1" 301 0 "-" "meta-externalagent/1.1 (+https://developers.facebook.com/docs/sharing/webmasters/crawler)"
2a03:2880:f800:1b:: - - [19/Jun/2025:11:22:59 -0400] "GET /shopping/527301258.phtml HTTP/1.1" 301 0 "-" "meta-externalagent/1.1 (+https://developers.facebook.com/docs/sharing/webmasters/crawler)"
2a03:2880:f800:1d:: - - [19/Jun/2025:11:23:00 -0400] "GET /shopping/2378177054.phtml HTTP/1.1" 301 0 "-" "meta-externalagent/1.1 (+https://developers.facebook.com/docs/sharing/webmasters/crawler)"
162.0.232.193 - - [19/Jun/2025:11:23:00 -0400] "POST /wp-admin/admin-ajax.php?action=async_litespeed&nonce=4XkG4dkznfFaE493TF5x2UXxlbmsA8vE&litespeed_type=imgoptm HTTP/1.1" 200 5 "-" "WordPress/6.7.2; https://w4.junglejuicewebtoon.com"
2a03:2880:f800:f:: - - [19/Jun/2025:11:23:01 -0400] "GET /shopping/1918152230.phtml HTTP/1.1" 301 0 "-" "meta-externalagent/1.1 (+https://developers.facebook.com/docs/sharing/webmasters/crawler)"
2a03:2880:f800:13:: - - [19/Jun/2025:11:23:01 -0400] "GET /shopping/1930385072.phtml HTTP/1.1" 301 0 "-" "meta-externalagent/1.1 (+https://developers.facebook.com/docs/sharing/webmasters/crawler)"
2a03:2880:f800:4:: - - [19/Jun/2025:11:23:02 -0400] "GET /shopping/13743460.phtml HTTP/1.1" 301 0 "-" "meta-externalagent/1.1 (+https://developers.facebook.com/docs/sharing/webmasters/crawler)"
2a03:2880:f800:14:: - - [19/Jun/2025:11:23:03 -0400] "GET /shopping/2534068358.phtml HTTP/1.1" 301 0 "-" "meta-externalagent/1.1 (+https://developers.facebook.com/docs/sharing/webmasters/crawler)"
2a03:2880:f800:18:: - - [19/Jun/2025:11:23:03 -0400] "GET /shopping/1959838006.phtml HTTP/1.1" 301 0 "-" "meta-externalagent/1.1 (+https://developers.facebook.com/docs/sharing/webmasters/crawler)"
2a03:2880:f800:8:: - - [19/Jun/2025:11:23:03 -0400] "GET /shopping/1214438758.phtml HTTP/1.1" 301 0 "-" "meta-externalagent/1.1 (+https://developers.facebook.com/docs/sharing/webmasters/crawler)"
2a03:2880:f800:f:: - - [19/Jun/2025:11:23:07 -0400] "GET /shopping/2315601148.phtml HTTP/1.1" 301 0 "-" "meta-externalagent/1.1 (+https://developers.facebook.com/docs/sharing/webmasters/crawler)"
2a03:2880:f800:f:: - - [19/Jun/2025:11:23:07 -0400] "GET /shopping/1917635638.phtml HTTP/1.1" 301 0 "-" "meta-externalagent/1.1 (+https://developers.facebook.com/docs/sharing/webmasters/crawler)"
2a03:2880:f800:17:: - - [19/Jun/2025:11:23:08 -0400] "GET /shopping/2473414228.phtml HTTP/1.1" 301 0 "-" "meta-externalagent/1.1 (+https://developers.facebook.com/docs/sharing/webmasters/crawler)"
2a03:2880:f800:10:: - - [19/Jun/2025:11:23:09 -0400] "GET /shopping/281594360.phtml HTTP/1.1" 301 0 "-" "meta-externalagent/1.1 (+https://developers.facebook.com/docs/sharing/webmasters/crawler)"
2a03:2880:f800:15:: - - [19/Jun/2025:11:23:09 -0400] "GET /shopping/2378340478.phtml HTTP/1.1" 301 0 "-" "meta-externalagent/1.1 (+https://developers.facebook.com/docs/sharing/webmasters/crawler)"
2a03:2880:f800:9:: - - [19/Jun/2025:11:23:10 -0400] "GET /shopping/2315474060.phtml HTTP/1.1" 301 0 "-" "meta-externalagent/1.1 (+https://developers.facebook.com/docs/sharing/webmasters/crawler)"
2a03:2880:f800:14:: - - [19/Jun/2025:11:23:10 -0400] "GET /shopping/875708706.phtml HTTP/1.1" 301 0 "-" "meta-externalagent/1.1 (+https://developers.facebook.com/docs/sharing/webmasters/crawler)"
66.249.79.237 - - [19/Jun/2025:11:23:11 -0400] "GET /shopping/262302764.phtml HTTP/1.1" 200 21306 "-" "Mozilla/5.0 (Linux; Android 6.0.1; Nexus 5X Build/MMB29P) AppleWebKit/537.36 (KHTML, like Gecko) Chrome/137.0.7151.103 Mobile Safari/537.36 (compatible; Googlebot/2.1; +http://www.google.com/bot.html)"
2a03:2880:f800:14:: - - [19/Jun/2025:11:23:11 -0400] "GET /shopping/1930589140.phtml HTTP/1.1" 301 0 "-" "meta-externalagent/1.1 (+https://developers.facebook.com/docs/sharing/webmasters/crawler)"
2a03:2880:f800:16:: - - [19/Jun/2025:11:23:12 -0400] "GET /shopping/1957467506.phtml HTTP/1.1" 301 0 "-" "meta-externalagent/1.1 (+https://developers.facebook.com/docs/sharing/webmasters/crawler)"
2a03:2880:f800:18:: - - [19/Jun/2025:11:23:13 -0400] "GET /shopping/1836223524.phtml HTTP/1.1" 301 0 "-" "meta-externalagent/1.1 (+https://developers.facebook.com/docs/sharing/webmasters/crawler)"
2a03:2880:f800:11:: - - [19/Jun/2025:11:23:12 -0400] "GET /shopping/13490606.phtml HTTP/1.1" 301 0 "-" "meta-externalagent/1.1 (+https://developers.facebook.com/docs/sharing/webmasters/crawler)"
162.0.232.193 - - [19/Jun/2025:11:23:15 -0400] "POST /wp-cron.php?doing_wp_cron=1750346594.9742429256439208984375 HTTP/1.1" 200 0 "-" "WordPress/6.7.2; https://w4.junglejuicewebtoon.com"
2a03:2880:f800:17:: - - [19/Jun/2025:11:23:14 -0400] "GET /shopping/2472973358.phtml HTTP/1.1" 301 0 "-" "meta-externalagent/1.1 (+https://developers.facebook.com/docs/sharing/webmasters/crawler)"
2a03:2880:f800:: - - [19/Jun/2025:11:23:14 -0400] "GET /shopping/2712774200.phtml HTTP/1.1" 301 0 "-" "meta-externalagent/1.1 (+https://developers.facebook.com/docs/sharing/webmasters/crawler)"
2a03:2880:f800:e:: - - [19/Jun/2025:11:23:14 -0400] "GET /shopping/2534795834.phtml HTTP/1.1" 301 0 "-" "meta-externalagent/1.1 (+https://developers.facebook.com/docs/sharing/webmasters/crawler)"
2a03:2880:f800:4:: - - [19/Jun/2025:11:23:15 -0400] "GET /shopping/1980408764.phtml HTTP/1.1" 301 0 "-" "meta-externalagent/1.1 (+https://developers.facebook.com/docs/sharing/webmasters/crawler)"
2a03:2880:f800:1b:: - - [19/Jun/2025:11:23:16 -0400] "GET /shopping/2534798158.phtml HTTP/1.1" 301 0 "-" "meta-externalagent/1.1 (+https://developers.facebook.com/docs/sharing/webmasters/crawler)"
162.0.232.193 - - [19/Jun/2025:11:23:18 -0400] "GET /wp-content/uploads/36f5b53d6c6d3d6b1e9dd0027baac2ed_1435.xml HTTP/1.1" 200 1057 "-" "Mozilla/5.0 (X11; Linux x86_64) AppleWebKit/537.36 (KHTML, like Gecko) Ubuntu Chromium/41.0.2272.76"
2a03:2880:f800:8:: - - [19/Jun/2025:11:23:17 -0400] "GET /shopping/13797880.phtml HTTP/1.1" 301 0 "-" "meta-externalagent/1.1 (+https://developers.facebook.com/docs/sharing/webmasters/crawler)"
