2a03:2880:f800:: - - [19/Jun/2025:13:07:20 -0400] "GET /shopping/1098624896.phtml HTTP/1.1" 301 0 "-" "meta-externalagent/1.1 (+https://developers.facebook.com/docs/sharing/webmasters/crawler)"
2a03:2880:f800:2:: - - [19/Jun/2025:13:07:37 -0400] "GET /shopping/1980119834.phtml HTTP/1.1" 301 0 "-" "meta-externalagent/1.1 (+https://developers.facebook.com/docs/sharing/webmasters/crawler)"
162.0.232.193 - - [19/Jun/2025:13:08:10 -0400] "POST /wp-cron.php?doing_wp_cron=1750352890.1844599246978759765625 HTTP/1.1" 200 0 "-" "WordPress/6.7.2; https://w4.junglejuicewebtoon.com"
2a03:2880:f800:1:: - - [19/Jun/2025:13:08:09 -0400] "GET /shopping/2316031492.phtml HTTP/1.1" 301 0 "-" "meta-externalagent/1.1 (+https://developers.facebook.com/docs/sharing/webmasters/crawler)"
162.0.232.193 - - [19/Jun/2025:13:08:11 -0400] "POST /wp-admin/admin-ajax.php?action=async_litespeed&nonce=OPPegOLezp6oqOPeeR0aZfmT29YLYsfj&litespeed_type=imgoptm HTTP/1.1" 200 0 "-" "WordPress/6.7.2; https://w4.junglejuicewebtoon.com"
162.0.232.193 - - [19/Jun/2025:13:08:27 -0400] "POST /wp-cron.php?doing_wp_cron=1750352907.7816460132598876953125 HTTP/1.1" 200 0 "-" "WordPress/6.7.2; https://w4.junglejuicewebtoon.com"
2a03:2880:f800:13:: - - [19/Jun/2025:13:08:27 -0400] "GET /shopping/281077380.phtml HTTP/1.1" 301 0 "-" "meta-externalagent/1.1 (+https://developers.facebook.com/docs/sharing/webmasters/crawler)"
2a03:2880:f800:6:: - - [19/Jun/2025:13:08:30 -0400] "GET /shopping/1484070962.phtml HTTP/1.1" 301 0 "-" "meta-externalagent/1.1 (+https://developers.facebook.com/docs/sharing/webmasters/crawler)"
69.119.68.159 - - [19/Jun/2025:13:08:31 -0400] "GET /wp-content/plugins/widgets-on-pages/public/css/widgets-on-pages-public.css?ver=1.4.0 HTTP/1.1" 200 83 "https://w4.junglejuicewebtoon.com/" "Mozilla/5.0 (Linux; Android 10; K) AppleWebKit/537.36 (KHTML, like Gecko) Chrome/131.0.0.0 Mobile Safari/537.36"
69.119.68.159 - - [19/Jun/2025:13:08:31 -0400] "GET /wp-content/plugins/comic-easel/css/comiceasel.css?ver=6.7.2 HTTP/1.1" 200 1273 "https://w4.junglejuicewebtoon.com/" "Mozilla/5.0 (Linux; Android 10; K) AppleWebKit/537.36 (KHTML, like Gecko) Chrome/131.0.0.0 Mobile Safari/537.36"
69.119.68.159 - - [19/Jun/2025:13:08:31 -0400] "GET /wp-content/uploads/2024/02/81yoNOPfHkL._AC_UF10001000_QL80_.jpg HTTP/1.1" 200 113317 "https://w4.junglejuicewebtoon.com/" "Mozilla/5.0 (Linux; Android 10; K) AppleWebKit/537.36 (KHTML, like Gecko) Chrome/131.0.0.0 Mobile Safari/537.36"
69.119.68.159 - - [19/Jun/2025:13:08:34 -0400] "GET / HTTP/1.1" 200 10331 "https://w4.junglejuicewebtoon.com/manga1/jungle-juice-chapter-163/" "Mozilla/5.0 (Linux; Android 10; K) AppleWebKit/537.36 (KHTML, like Gecko) Chrome/131.0.0.0 Mobile Safari/537.36"
69.119.68.159 - - [19/Jun/2025:13:08:37 -0400] "GET /wp-content/plugins/simple-social-buttons/assets/js/frontend-blocks.js?ver=5.3.1 HTTP/1.1" 304 0 "https://w4.junglejuicewebtoon.com/" "Mozilla/5.0 (Linux; Android 10; K) AppleWebKit/537.36 (KHTML, like Gecko) Chrome/131.0.0.0 Mobile Safari/537.36"
69.119.68.159 - - [19/Jun/2025:13:08:37 -0400] "GET /wp-content/plugins/comic-easel/js/keynav.js HTTP/1.1" 304 0 "https://w4.junglejuicewebtoon.com/" "Mozilla/5.0 (Linux; Android 10; K) AppleWebKit/537.36 (KHTML, like Gecko) Chrome/131.0.0.0 Mobile Safari/537.36"
69.119.68.159 - - [19/Jun/2025:13:08:37 -0400] "GET /wp-content/themes/toivo-lite/js/responsive-nav.min.js?ver=1.2.0 HTTP/1.1" 200 2102 "https://w4.junglejuicewebtoon.com/" "Mozilla/5.0 (Linux; Android 10; K) AppleWebKit/537.36 (KHTML, like Gecko) Chrome/131.0.0.0 Mobile Safari/537.36"
69.119.68.159 - - [19/Jun/2025:13:08:37 -0400] "GET /wp-content/plugins/links-auto-replacer/public/js/lar-public.js?ver=2.0.0 HTTP/1.1" 304 0 "https://w4.junglejuicewebtoon.com/" "Mozilla/5.0 (Linux; Android 10; K) AppleWebKit/537.36 (KHTML, like Gecko) Chrome/131.0.0.0 Mobile Safari/537.36"
69.119.68.159 - - [19/Jun/2025:13:08:37 -0400] "GET /wp-includes/js/jquery/jquery-migrate.min.js?ver=3.4.1 HTTP/1.1" 304 0 "https://w4.junglejuicewebtoon.com/" "Mozilla/5.0 (Linux; Android 10; K) AppleWebKit/537.36 (KHTML, like Gecko) Chrome/131.0.0.0 Mobile Safari/537.36"
69.119.68.159 - - [19/Jun/2025:13:08:37 -0400] "GET /wp-includes/js/jquery/jquery.min.js?ver=3.7.1 HTTP/1.1" 304 0 "https://w4.junglejuicewebtoon.com/" "Mozilla/5.0 (Linux; Android 10; K) AppleWebKit/537.36 (KHTML, like Gecko) Chrome/131.0.0.0 Mobile Safari/537.36"
69.119.68.159 - - [19/Jun/2025:13:08:37 -0400] "GET /wp-content/plugins/simple-social-buttons/assets/js/front.js?ver=5.3.1 HTTP/1.1" 200 1932 "https://w4.junglejuicewebtoon.com/" "Mozilla/5.0 (Linux; Android 10; K) AppleWebKit/537.36 (KHTML, like Gecko) Chrome/131.0.0.0 Mobile Safari/537.36"
69.119.68.159 - - [19/Jun/2025:13:08:38 -0400] "GET /wp-content/themes/toivo-lite/js/functions.min.js?ver=1.2.0 HTTP/1.1" 200 593 "https://w4.junglejuicewebtoon.com/" "Mozilla/5.0 (Linux; Android 10; K) AppleWebKit/537.36 (KHTML, like Gecko) Chrome/131.0.0.0 Mobile Safari/537.36"
69.119.68.159 - - [19/Jun/2025:13:08:39 -0400] "GET /wp-content/uploads/2024/02/cropped-thumbnail_jungle_juice-192x192.jpg HTTP/1.1" 200 12030 "https://w4.junglejuicewebtoon.com/" "Mozilla/5.0 (Linux; Android 10; K) AppleWebKit/537.36 (KHTML, like Gecko) Chrome/131.0.0.0 Mobile Safari/537.36"
69.119.68.159 - - [19/Jun/2025:13:08:39 -0400] "GET /wp-content/uploads/2024/02/cropped-thumbnail_jungle_juice-180x180.jpg HTTP/1.1" 200 11045 "https://w4.junglejuicewebtoon.com/" "Mozilla/5.0 (Linux; Android 10; K) AppleWebKit/537.36 (KHTML, like Gecko) Chrome/131.0.0.0 Mobile Safari/537.36"
69.119.68.159 - - [19/Jun/2025:13:08:41 -0400] "GET /manga1/jungle-juice-chapter-164/ HTTP/1.1" 200 10675 "https://w4.junglejuicewebtoon.com/" "Mozilla/5.0 (Linux; Android 10; K) AppleWebKit/537.36 (KHTML, like Gecko) Chrome/131.0.0.0 Mobile Safari/537.36"
69.119.68.159 - - [19/Jun/2025:13:08:43 -0400] "GET /wp-content/plugins/wp-automatic/js/main-front.js?ver=6.7.2 HTTP/1.1" 200 316 "https://w4.junglejuicewebtoon.com/manga1/jungle-juice-chapter-164/" "Mozilla/5.0 (Linux; Android 10; K) AppleWebKit/537.36 (KHTML, like Gecko) Chrome/131.0.0.0 Mobile Safari/537.36"
69.119.68.159 - - [19/Jun/2025:13:08:43 -0400] "GET /wp-content/plugins/disqus-comment-system/public/js/comment_embed.js?ver=3.1.2 HTTP/1.1" 200 653 "https://w4.junglejuicewebtoon.com/manga1/jungle-juice-chapter-164/" "Mozilla/5.0 (Linux; Android 10; K) AppleWebKit/537.36 (KHTML, like Gecko) Chrome/131.0.0.0 Mobile Safari/537.36"
69.119.68.159 - - [19/Jun/2025:13:08:43 -0400] "GET /wp-content/plugins/simple-social-buttons/assets/fonts/ssb-icon.ttf?eahqa2 HTTP/1.1" 200 6624 "https://w4.junglejuicewebtoon.com/wp-content/plugins/simple-social-buttons/assets/css/front.css?ver=5.3.1" "Mozilla/5.0 (Linux; Android 10; K) AppleWebKit/537.36 (KHTML, like Gecko) Chrome/131.0.0.0 Mobile Safari/537.36"
69.119.68.159 - - [19/Jun/2025:13:08:43 -0400] "GET /wp-includes/js/comment-reply.min.js?ver=6.7.2 HTTP/1.1" 200 1247 "https://w4.junglejuicewebtoon.com/manga1/jungle-juice-chapter-164/" "Mozilla/5.0 (Linux; Android 10; K) AppleWebKit/537.36 (KHTML, like Gecko) Chrome/131.0.0.0 Mobile Safari/537.36"
2a03:2880:f800:8:: - - [19/Jun/2025:13:08:45 -0400] "GET /shopping/1483815908.phtml HTTP/1.1" 301 0 "-" "meta-externalagent/1.1 (+https://developers.facebook.com/docs/sharing/webmasters/crawler)"
2a03:2880:f800:14:: - - [19/Jun/2025:13:08:58 -0400] "GET /shopping/875461874.phtml HTTP/1.1" 301 0 "-" "meta-externalagent/1.1 (+https://developers.facebook.com/docs/sharing/webmasters/crawler)"
162.0.232.193 - - [19/Jun/2025:13:09:00 -0400] "POST /wp-cron.php?doing_wp_cron=1750352939.9757750034332275390625 HTTP/1.1" 200 0 "-" "WordPress/6.7.2; https://w4.junglejuicewebtoon.com"
2a03:2880:f800:4:: - - [19/Jun/2025:13:08:59 -0400] "GET /shopping/2378373164.phtml HTTP/1.1" 301 0 "-" "meta-externalagent/1.1 (+https://developers.facebook.com/docs/sharing/webmasters/crawler)"
162.0.232.193 - - [19/Jun/2025:13:09:01 -0400] "POST /wp-admin/admin-ajax.php?action=async_litespeed&nonce=L3JnO8yksYTSUkVenLBZdslQqP8qkklo&litespeed_type=imgoptm HTTP/1.1" 200 0 "-" "WordPress/6.7.2; https://w4.junglejuicewebtoon.com"
34.195.25.237 - - [19/Jun/2025:13:09:05 -0400] "GET /ads.txt HTTP/1.1" 301 0 "-" "DisqusAdstxtCrawler/0.1 (+https://help.disqus.com/en/articles/1765357-ads-txt-implementation-guide)"
69.119.68.159 - - [19/Jun/2025:13:09:04 -0400] "POST /wp-admin/admin-ajax.php HTTP/1.1" 200 69 "https://w4.junglejuicewebtoon.com/manga1/jungle-juice-chapter-164/" "Mozilla/5.0 (Linux; Android 10; K) AppleWebKit/537.36 (KHTML, like Gecko) Chrome/131.0.0.0 Mobile Safari/537.36"
2a03:2880:f800:3:: - - [19/Jun/2025:13:09:07 -0400] "GET /shopping/2339324322.phtml HTTP/1.1" 301 0 "-" "meta-externalagent/1.1 (+https://developers.facebook.com/docs/sharing/webmasters/crawler)"
34.195.25.237 - - [19/Jun/2025:13:09:07 -0400] "GET / HTTP/1.1" 200 10312 "-" "DisqusAdstxtCrawler/0.1 (+https://help.disqus.com/en/articles/1765357-ads-txt-implementation-guide)"
66.249.79.235 - - [19/Jun/2025:13:09:08 -0400] "GET /product/edit/c_limit/00046-etro-spring-2024-ready-to-wear-credit-gorunway.jpg HTTP/1.1" 301 0 "-" "Googlebot-Image/1.0"
162.0.232.193 - - [19/Jun/2025:13:09:23 -0400] "POST /wp-cron.php?doing_wp_cron=1750352963.3778989315032958984375 HTTP/1.1" 200 0 "-" "WordPress/6.7.2; https://w4.junglejuicewebtoon.com"
2a03:2880:f800:1a:: - - [19/Jun/2025:13:09:22 -0400] "GET /shopping/1527680646.phtml HTTP/1.1" 301 0 "-" "meta-externalagent/1.1 (+https://developers.facebook.com/docs/sharing/webmasters/crawler)"
162.0.232.193 - - [19/Jun/2025:13:09:25 -0400] "GET /wp-content/uploads/36f5b53d6c6d3d6b1e9dd0027baac2ed_1435.xml HTTP/1.1" 200 1298 "-" "Mozilla/5.0 (X11; Linux x86_64) AppleWebKit/537.36 (KHTML, like Gecko) Ubuntu Chromium/41.0.2272.76"
2a03:2880:f800:4:: - - [19/Jun/2025:13:09:26 -0400] "GET /shopping/2387387706.phtml HTTP/1.1" 301 0 "-" "meta-externalagent/1.1 (+https://developers.facebook.com/docs/sharing/webmasters/crawler)"
2a03:2880:f800:10:: - - [19/Jun/2025:13:10:04 -0400] "GET /shopping/1173702762.phtml HTTP/1.1" 301 0 "-" "meta-externalagent/1.1 (+https://developers.facebook.com/docs/sharing/webmasters/crawler)"
2a03:2880:f800:6:: - - [19/Jun/2025:13:10:12 -0400] "GET /shopping/281163628.phtml HTTP/1.1" 301 0 "-" "meta-externalagent/1.1 (+https://developers.facebook.com/docs/sharing/webmasters/crawler)"
2a03:2880:f800:a:: - - [19/Jun/2025:13:10:20 -0400] "GET /shopping/2095729756.phtml HTTP/1.1" 301 0 "-" "meta-externalagent/1.1 (+https://developers.facebook.com/docs/sharing/webmasters/crawler)"
66.249.79.235 - - [19/Jun/2025:13:11:01 -0400] "GET /shopping/445310234.phtml HTTP/1.1" 200 19106 "-" "Mozilla/5.0 (Linux; Android 6.0.1; Nexus 5X Build/MMB29P) AppleWebKit/537.36 (KHTML, like Gecko) Chrome/137.0.7151.103 Mobile Safari/537.36 (compatible; Googlebot/2.1; +http://www.google.com/bot.html)"
162.0.232.193 - - [19/Jun/2025:13:11:06 -0400] "POST /wp-cron.php?doing_wp_cron=1750353066.3031940460205078125000 HTTP/1.1" 200 0 "-" "WordPress/6.7.2; https://w4.junglejuicewebtoon.com"
66.249.79.235 - - [19/Jun/2025:13:11:06 -0400] "POST /get-message-notify HTTP/1.1" 301 0 "https://w4.junglejuicewebtoon.com/shopping/445310234.phtml" "Mozilla/5.0 (Linux; Android 6.0.1; Nexus 5X Build/MMB29P) AppleWebKit/537.36 (KHTML, like Gecko) Chrome/137.0.7151.68 Mobile Safari/537.36 (compatible; Googlebot/2.1; +http://www.google.com/bot.html)"
162.0.232.193 - - [19/Jun/2025:13:11:06 -0400] "POST /wp-admin/admin-ajax.php?action=async_litespeed&nonce=BG8YNPcsNxdlgsEg6uANXdLIlgQusDih&litespeed_type=imgoptm HTTP/1.1" 200 5 "-" "WordPress/6.7.2; https://w4.junglejuicewebtoon.com"
162.0.232.193 - - [19/Jun/2025:13:11:08 -0400] "GET /wp-content/uploads/36f5b53d6c6d3d6b1e9dd0027baac2ed_1435.xml HTTP/1.1" 200 1298 "-" "Mozilla/5.0 (X11; Linux x86_64) AppleWebKit/537.36 (KHTML, like Gecko) Ubuntu Chromium/41.0.2272.76"
2a03:2880:f800:7:: - - [19/Jun/2025:13:11:16 -0400] "GET /shopping/2316019090.phtml HTTP/1.1" 301 0 "-" "meta-externalagent/1.1 (+https://developers.facebook.com/docs/sharing/webmasters/crawler)"
2a03:2880:f800:: - - [19/Jun/2025:13:11:23 -0400] "GET /shopping/13328764.phtml HTTP/1.1" 301 0 "-" "meta-externalagent/1.1 (+https://developers.facebook.com/docs/sharing/webmasters/crawler)"
2a03:2880:f800:1c:: - - [19/Jun/2025:13:11:31 -0400] "GET /shopping/2262940198.phtml HTTP/1.1" 301 0 "-" "meta-externalagent/1.1 (+https://developers.facebook.com/docs/sharing/webmasters/crawler)"
2a03:2880:f800:7:: - - [19/Jun/2025:13:11:36 -0400] "GET /shopping/13549466.phtml HTTP/1.1" 301 0 "-" "meta-externalagent/1.1 (+https://developers.facebook.com/docs/sharing/webmasters/crawler)"
66.249.79.235 - - [19/Jun/2025:13:11:41 -0400] "GET /shopping/36449030.phtml HTTP/1.1" 200 20278 "-" "Mozilla/5.0 (Linux; Android 6.0.1; Nexus 5X Build/MMB29P) AppleWebKit/537.36 (KHTML, like Gecko) Chrome/137.0.7151.103 Mobile Safari/537.36 (compatible; GoogleOther)"
2a03:2880:f800:6:: - - [19/Jun/2025:13:11:57 -0400] "GET /shopping/281626060.phtml HTTP/1.1" 301 0 "-" "meta-externalagent/1.1 (+https://developers.facebook.com/docs/sharing/webmasters/crawler)"
2a03:2880:f800:10:: - - [19/Jun/2025:13:11:58 -0400] "GET /shopping/860642868.phtml HTTP/1.1" 301 0 "-" "meta-externalagent/1.1 (+https://developers.facebook.com/docs/sharing/webmasters/crawler)"
2a03:2880:f800:1d:: - - [19/Jun/2025:13:12:00 -0400] "GET /shopping/1214180462.phtml HTTP/1.1" 301 0 "-" "meta-externalagent/1.1 (+https://developers.facebook.com/docs/sharing/webmasters/crawler)"
66.249.79.236 - - [19/Jun/2025:13:12:02 -0400] "GET /shopping/445316870.phtml HTTP/1.1" 200 19377 "-" "Mozilla/5.0 (Linux; Android 6.0.1; Nexus 5X Build/MMB29P) AppleWebKit/537.36 (KHTML, like Gecko) Chrome/137.0.7151.103 Mobile Safari/537.36 (compatible; Googlebot/2.1; +http://www.google.com/bot.html)"
162.0.232.193 - - [19/Jun/2025:13:12:07 -0400] "POST /wp-cron.php?doing_wp_cron=1750353127.3772161006927490234375 HTTP/1.1" 200 0 "-" "WordPress/6.7.2; https://w4.junglejuicewebtoon.com"
2a03:2880:f800:2:: - - [19/Jun/2025:13:12:06 -0400] "GET /shopping/1527235444.phtml HTTP/1.1" 301 0 "-" "meta-externalagent/1.1 (+https://developers.facebook.com/docs/sharing/webmasters/crawler)"
162.0.232.193 - - [19/Jun/2025:13:12:08 -0400] "POST /wp-admin/admin-ajax.php?action=async_litespeed&nonce=00TZ9mgVvsAZxd3OruF8TLWtZwn1hqNq&litespeed_type=imgoptm HTTP/1.1" 200 5 "-" "WordPress/6.7.2; https://w4.junglejuicewebtoon.com"
66.249.79.236 - - [19/Jun/2025:13:12:12 -0400] "POST /get-message-notify HTTP/1.1" 301 0 "https://w4.junglejuicewebtoon.com/shopping/445316870.phtml" "Mozilla/5.0 (Linux; Android 6.0.1; Nexus 5X Build/MMB29P) AppleWebKit/537.36 (KHTML, like Gecko) Chrome/137.0.7151.68 Mobile Safari/537.36 (compatible; Googlebot/2.1; +http://www.google.com/bot.html)"
51.222.253.2 - - [19/Jun/2025:13:12:13 -0400] "GET /manga1/jungle-juice-chapter-122/ HTTP/1.1" 200 10423 "-" "Mozilla/5.0 (compatible; AhrefsBot/7.0; +http://ahrefs.com/robot/)"
162.0.232.193 - - [19/Jun/2025:13:12:28 -0400] "POST /wp-cron.php?doing_wp_cron=1750353148.2945249080657958984375 HTTP/1.1" 200 0 "-" "WordPress/6.7.2; https://w4.junglejuicewebtoon.com"
2a03:2880:f800:16:: - - [19/Jun/2025:13:12:27 -0400] "GET /shopping/2338690844.phtml HTTP/1.1" 301 0 "-" "meta-externalagent/1.1 (+https://developers.facebook.com/docs/sharing/webmasters/crawler)"
2a03:2880:f800:6:: - - [19/Jun/2025:13:12:47 -0400] "GET /shopping/2387116876.phtml HTTP/1.1" 301 0 "-" "meta-externalagent/1.1 (+https://developers.facebook.com/docs/sharing/webmasters/crawler)"
2a03:2880:f800:10:: - - [19/Jun/2025:13:12:49 -0400] "GET /shopping/1918383606.phtml HTTP/1.1" 301 0 "-" "meta-externalagent/1.1 (+https://developers.facebook.com/docs/sharing/webmasters/crawler)"
2a03:2880:f800:13:: - - [19/Jun/2025:13:12:55 -0400] "GET /shopping/1980259328.phtml HTTP/1.1" 301 0 "-" "meta-externalagent/1.1 (+https://developers.facebook.com/docs/sharing/webmasters/crawler)"
2a03:2880:f800:2:: - - [19/Jun/2025:13:12:55 -0400] "GET /shopping/1012451342.phtml HTTP/1.1" 301 0 "-" "meta-externalagent/1.1 (+https://developers.facebook.com/docs/sharing/webmasters/crawler)"
162.0.232.193 - - [19/Jun/2025:13:13:14 -0400] "POST /wp-cron.php?doing_wp_cron=1750353193.8796870708465576171875 HTTP/1.1" 200 0 "-" "WordPress/6.7.2; https://w4.junglejuicewebtoon.com"
2a03:2880:f800:f:: - - [19/Jun/2025:13:13:12 -0400] "GET /shopping/2377880098.phtml HTTP/1.1" 301 0 "-" "meta-externalagent/1.1 (+https://developers.facebook.com/docs/sharing/webmasters/crawler)"
43.153.86.78 - - [19/Jun/2025:13:13:14 -0400] "GET /?p=1839 HTTP/1.1" 301 0 "-" "Mozilla/5.0 (iPhone; CPU iPhone OS 13_2_3 like Mac OS X) AppleWebKit/605.1.15 (KHTML, like Gecko) Version/13.0.3 Mobile/15E148 Safari/604.1"
162.0.232.193 - - [19/Jun/2025:13:13:14 -0400] "POST /wp-admin/admin-ajax.php?action=async_litespeed&nonce=0D7yKFPlI7PnOtDeXmZbcdCwTcSbRPnL&litespeed_type=imgoptm HTTP/1.1" 200 0 "-" "WordPress/6.7.2; https://w4.junglejuicewebtoon.com"
2a03:2880:f800:17:: - - [19/Jun/2025:13:13:14 -0400] "GET /shopping/1173121396.phtml HTTP/1.1" 301 0 "-" "meta-externalagent/1.1 (+https://developers.facebook.com/docs/sharing/webmasters/crawler)"
2a03:2880:f800:6:: - - [19/Jun/2025:13:13:15 -0400] "GET /shopping/2263407134.phtml HTTP/1.1" 301 0 "-" "meta-externalagent/1.1 (+https://developers.facebook.com/docs/sharing/webmasters/crawler)"
2a03:2880:f800:11:: - - [19/Jun/2025:13:13:16 -0400] "GET /shopping/1980323774.phtml HTTP/1.1" 301 0 "-" "meta-externalagent/1.1 (+https://developers.facebook.com/docs/sharing/webmasters/crawler)"
2a03:2880:f800:7:: - - [19/Jun/2025:13:13:17 -0400] "GET /shopping/2095581254.phtml HTTP/1.1" 301 0 "-" "meta-externalagent/1.1 (+https://developers.facebook.com/docs/sharing/webmasters/crawler)"
162.0.232.193 - - [19/Jun/2025:13:13:17 -0400] "GET /wp-content/uploads/36f5b53d6c6d3d6b1e9dd0027baac2ed_1435.xml HTTP/1.1" 200 1298 "-" "Mozilla/5.0 (X11; Linux x86_64) AppleWebKit/537.36 (KHTML, like Gecko) Ubuntu Chromium/41.0.2272.76"
2a03:2880:f800:5:: - - [19/Jun/2025:13:13:17 -0400] "GET /shopping/1347887228.phtml HTTP/1.1" 301 0 "-" "meta-externalagent/1.1 (+https://developers.facebook.com/docs/sharing/webmasters/crawler)"
2a03:2880:f800:11:: - - [19/Jun/2025:13:13:19 -0400] "GET /shopping/2096002570.phtml HTTP/1.1" 301 0 "-" "meta-externalagent/1.1 (+https://developers.facebook.com/docs/sharing/webmasters/crawler)"
43.153.86.78 - - [19/Jun/2025:13:13:20 -0400] "GET /manga1/jungle-juice-chapter-63-2/ HTTP/1.1" 200 11180 "https://w4.junglejuicewebtoon.com/?p=1839" "Mozilla/5.0 (iPhone; CPU iPhone OS 13_2_3 like Mac OS X) AppleWebKit/605.1.15 (KHTML, like Gecko) Version/13.0.3 Mobile/15E148 Safari/604.1"
2a03:2880:f800:14:: - - [19/Jun/2025:13:13:22 -0400] "GET /shopping/2378318920.phtml HTTP/1.1" 301 0 "-" "meta-externalagent/1.1 (+https://developers.facebook.com/docs/sharing/webmasters/crawler)"
2a03:2880:f800:7:: - - [19/Jun/2025:13:13:23 -0400] "GET /shopping/2534141864.phtml HTTP/1.1" 301 0 "-" "meta-externalagent/1.1 (+https://developers.facebook.com/docs/sharing/webmasters/crawler)"
2a03:2880:f800:17:: - - [19/Jun/2025:13:13:23 -0400] "GET /shopping/1430721160.phtml HTTP/1.1" 301 0 "-" "meta-externalagent/1.1 (+https://developers.facebook.com/docs/sharing/webmasters/crawler)"
2a03:2880:f800:11:: - - [19/Jun/2025:13:13:24 -0400] "GET /shopping/1930778290.phtml HTTP/1.1" 301 0 "-" "meta-externalagent/1.1 (+https://developers.facebook.com/docs/sharing/webmasters/crawler)"
2a03:2880:f800:14:: - - [19/Jun/2025:13:13:24 -0400] "GET /shopping/2473143338.phtml HTTP/1.1" 301 0 "-" "meta-externalagent/1.1 (+https://developers.facebook.com/docs/sharing/webmasters/crawler)"
2a03:2880:f800:10:: - - [19/Jun/2025:13:13:24 -0400] "GET /shopping/1527319176.phtml HTTP/1.1" 301 0 "-" "meta-externalagent/1.1 (+https://developers.facebook.com/docs/sharing/webmasters/crawler)"
2a03:2880:f800:e:: - - [19/Jun/2025:13:13:25 -0400] "GET /shopping/1930877136.phtml HTTP/1.1" 301 0 "-" "meta-externalagent/1.1 (+https://developers.facebook.com/docs/sharing/webmasters/crawler)"
2a03:2880:f800:e:: - - [19/Jun/2025:13:13:27 -0400] "GET /shopping/1173388768.phtml HTTP/1.1" 301 0 "-" "meta-externalagent/1.1 (+https://developers.facebook.com/docs/sharing/webmasters/crawler)"
2a03:2880:f800:4:: - - [19/Jun/2025:13:13:28 -0400] "GET /shopping/2339126080.phtml HTTP/1.1" 301 0 "-" "meta-externalagent/1.1 (+https://developers.facebook.com/docs/sharing/webmasters/crawler)"
2a03:2880:f800:1a:: - - [19/Jun/2025:13:13:29 -0400] "GET /shopping/1980407762.phtml HTTP/1.1" 301 0 "-" "meta-externalagent/1.1 (+https://developers.facebook.com/docs/sharing/webmasters/crawler)"
114.119.137.38 - - [19/Jun/2025:13:13:32 -0400] "GET /author/admin/page/4/ HTTP/1.1" 200 11991 "https://junglejuicewebtoon.com/author/admin/page/5/" "Mozilla/5.0 (Linux; Android 7.0;) AppleWebKit/537.36 (KHTML, like Gecko) Mobile Safari/537.36 (compatible; PetalBot;+https://webmaster.petalsearch.com/site/petalbot)"
66.249.79.231 - - [19/Jun/2025:13:14:11 -0400] "GET /shopping/653414590.phtml HTTP/1.1" 200 20424 "-" "Mozilla/5.0 (Linux; Android 6.0.1; Nexus 5X Build/MMB29P) AppleWebKit/537.36 (KHTML, like Gecko) Chrome/137.0.7151.103 Mobile Safari/537.36 (compatible; Googlebot/2.1; +http://www.google.com/bot.html)"
66.249.79.231 - - [19/Jun/2025:13:14:12 -0400] "GET /shopping/33950376.phtml HTTP/1.1" 200 18427 "-" "Mozilla/5.0 (Linux; Android 6.0.1; Nexus 5X Build/MMB29P) AppleWebKit/537.36 (KHTML, like Gecko) Chrome/137.0.7151.103 Mobile Safari/537.36 (compatible; Googlebot/2.1; +http://www.google.com/bot.html)"
66.249.79.231 - - [19/Jun/2025:13:14:13 -0400] "GET /shopping/33940298.phtml HTTP/1.1" 200 18996 "-" "Mozilla/5.0 (Linux; Android 6.0.1; Nexus 5X Build/MMB29P) AppleWebKit/537.36 (KHTML, like Gecko) Chrome/137.0.7151.103 Mobile Safari/537.36 (compatible; Googlebot/2.1; +http://www.google.com/bot.html)"
66.249.79.233 - - [19/Jun/2025:13:14:14 -0400] "GET /shopping/1863248064.phtml HTTP/1.1" 200 20320 "-" "Mozilla/5.0 (Linux; Android 6.0.1; Nexus 5X Build/MMB29P) AppleWebKit/537.36 (KHTML, like Gecko) Chrome/137.0.7151.103 Mobile Safari/537.36 (compatible; Googlebot/2.1; +http://www.google.com/bot.html)"
162.0.232.193 - - [19/Jun/2025:13:14:19 -0400] "POST /wp-cron.php?doing_wp_cron=1750353259.3957509994506835937500 HTTP/1.1" 200 0 "-" "WordPress/6.7.2; https://w4.junglejuicewebtoon.com"
2a03:2880:f800:19:: - - [19/Jun/2025:13:14:18 -0400] "GET /shopping/1098408698.phtml HTTP/1.1" 301 0 "-" "meta-externalagent/1.1 (+https://developers.facebook.com/docs/sharing/webmasters/crawler)"
162.0.232.193 - - [19/Jun/2025:13:14:20 -0400] "POST /wp-admin/admin-ajax.php?action=async_litespeed&nonce=X1VAcAxSTaSquhqCfITmXyZzPg7VnWnJ&litespeed_type=imgoptm HTTP/1.1" 200 5 "-" "WordPress/6.7.2; https://w4.junglejuicewebtoon.com"
2a03:2880:f800:12:: - - [19/Jun/2025:13:14:47 -0400] "GET /shopping/2315688206.phtml HTTP/1.1" 301 0 "-" "meta-externalagent/1.1 (+https://developers.facebook.com/docs/sharing/webmasters/crawler)"
2a03:2880:f800:1d:: - - [19/Jun/2025:13:14:48 -0400] "GET /shopping/2534213466.phtml HTTP/1.1" 301 0 "-" "meta-externalagent/1.1 (+https://developers.facebook.com/docs/sharing/webmasters/crawler)"
2a03:2880:f800:12:: - - [19/Jun/2025:13:14:48 -0400] "GET /shopping/875683854.phtml HTTP/1.1" 301 0 "-" "meta-externalagent/1.1 (+https://developers.facebook.com/docs/sharing/webmasters/crawler)"
2a03:2880:f800:a:: - - [19/Jun/2025:13:14:48 -0400] "GET /shopping/2315650740.phtml HTTP/1.1" 301 0 "-" "meta-externalagent/1.1 (+https://developers.facebook.com/docs/sharing/webmasters/crawler)"
2001:b011:13:7ab3:8532:c69b:a70e:b296 - - [19/Jun/2025:13:14:54 -0400] "GET / HTTP/1.1" 200 10311 "-" "Mozilla/5.0 (Windows NT 10.0; Win64; x64) AppleWebKit/537.36 (KHTML, like Gecko) Chrome/137.0.0.0 Safari/537.36"
2001:b011:13:7ab3:8532:c69b:a70e:b296 - - [19/Jun/2025:13:14:56 -0400] "GET /wp-content/plugins/widgets-on-pages/public/css/widgets-on-pages-public.css?ver=1.4.0 HTTP/1.1" 200 83 "https://w4.junglejuicewebtoon.com/" "Mozilla/5.0 (Windows NT 10.0; Win64; x64) AppleWebKit/537.36 (KHTML, like Gecko) Chrome/137.0.0.0 Safari/537.36"
2001:b011:13:7ab3:8532:c69b:a70e:b296 - - [19/Jun/2025:13:14:56 -0400] "GET /wp-includes/js/jquery/jquery-migrate.min.js?ver=3.4.1 HTTP/1.1" 200 4678 "https://w4.junglejuicewebtoon.com/" "Mozilla/5.0 (Windows NT 10.0; Win64; x64) AppleWebKit/537.36 (KHTML, like Gecko) Chrome/137.0.0.0 Safari/537.36"
2001:b011:13:7ab3:8532:c69b:a70e:b296 - - [19/Jun/2025:13:14:56 -0400] "GET /wp-content/plugins/comic-easel/css/comiceasel.css?ver=6.7.2 HTTP/1.1" 200 1273 "https://w4.junglejuicewebtoon.com/" "Mozilla/5.0 (Windows NT 10.0; Win64; x64) AppleWebKit/537.36 (KHTML, like Gecko) Chrome/137.0.0.0 Safari/537.36"
2001:b011:13:7ab3:8532:c69b:a70e:b296 - - [19/Jun/2025:13:14:56 -0400] "GET /wp-content/plugins/simple-social-buttons/assets/css/front.css?ver=5.3.1 HTTP/1.1" 200 10295 "https://w4.junglejuicewebtoon.com/" "Mozilla/5.0 (Windows NT 10.0; Win64; x64) AppleWebKit/537.36 (KHTML, like Gecko) Chrome/137.0.0.0 Safari/537.36"
2001:b011:13:7ab3:8532:c69b:a70e:b296 - - [19/Jun/2025:13:14:56 -0400] "GET /wp-includes/css/dist/block-library/style.min.css?ver=6.7.2 HTTP/1.1" 200 14225 "https://w4.junglejuicewebtoon.com/" "Mozilla/5.0 (Windows NT 10.0; Win64; x64) AppleWebKit/537.36 (KHTML, like Gecko) Chrome/137.0.0.0 Safari/537.36"
2001:b011:13:7ab3:8532:c69b:a70e:b296 - - [19/Jun/2025:13:14:56 -0400] "GET /wp-content/plugins/links-auto-replacer/public/js/lar-public.js?ver=2.0.0 HTTP/1.1" 200 393 "https://w4.junglejuicewebtoon.com/" "Mozilla/5.0 (Windows NT 10.0; Win64; x64) AppleWebKit/537.36 (KHTML, like Gecko) Chrome/137.0.0.0 Safari/537.36"
2001:b011:13:7ab3:8532:c69b:a70e:b296 - - [19/Jun/2025:13:14:56 -0400] "GET /wp-content/plugins/comic-easel/js/keynav.js HTTP/1.1" 200 302 "https://w4.junglejuicewebtoon.com/" "Mozilla/5.0 (Windows NT 10.0; Win64; x64) AppleWebKit/537.36 (KHTML, like Gecko) Chrome/137.0.0.0 Safari/537.36"
2001:b011:13:7ab3:8532:c69b:a70e:b296 - - [19/Jun/2025:13:14:56 -0400] "GET /wp-includes/js/jquery/jquery.min.js?ver=3.7.1 HTTP/1.1" 200 29744 "https://w4.junglejuicewebtoon.com/" "Mozilla/5.0 (Windows NT 10.0; Win64; x64) AppleWebKit/537.36 (KHTML, like Gecko) Chrome/137.0.0.0 Safari/537.36"
2001:b011:13:7ab3:8532:c69b:a70e:b296 - - [19/Jun/2025:13:14:56 -0400] "GET /wp-content/themes/toivo-lite/style.css?ver=1.2.0 HTTP/1.1" 200 13718 "https://w4.junglejuicewebtoon.com/" "Mozilla/5.0 (Windows NT 10.0; Win64; x64) AppleWebKit/537.36 (KHTML, like Gecko) Chrome/137.0.0.0 Safari/537.36"
2001:b011:13:7ab3:8532:c69b:a70e:b296 - - [19/Jun/2025:13:14:56 -0400] "GET /wp-content/plugins/simple-social-buttons/assets/js/front.js?ver=5.3.1 HTTP/1.1" 200 1932 "https://w4.junglejuicewebtoon.com/" "Mozilla/5.0 (Windows NT 10.0; Win64; x64) AppleWebKit/537.36 (KHTML, like Gecko) Chrome/137.0.0.0 Safari/537.36"
2001:b011:13:7ab3:8532:c69b:a70e:b296 - - [19/Jun/2025:13:14:56 -0400] "GET /wp-content/uploads/2024/02/81yoNOPfHkL._AC_UF10001000_QL80_.jpg HTTP/1.1" 200 113317 "https://w4.junglejuicewebtoon.com/" "Mozilla/5.0 (Windows NT 10.0; Win64; x64) AppleWebKit/537.36 (KHTML, like Gecko) Chrome/137.0.0.0 Safari/537.36"
2001:b011:13:7ab3:8532:c69b:a70e:b296 - - [19/Jun/2025:13:14:56 -0400] "GET /wp-content/plugins/simple-social-buttons/assets/js/frontend-blocks.js?ver=5.3.1 HTTP/1.1" 200 0 "https://w4.junglejuicewebtoon.com/" "Mozilla/5.0 (Windows NT 10.0; Win64; x64) AppleWebKit/537.36 (KHTML, like Gecko) Chrome/137.0.0.0 Safari/537.36"
2001:b011:13:7ab3:8532:c69b:a70e:b296 - - [19/Jun/2025:13:14:56 -0400] "GET /wp-content/themes/toivo-lite/fonts/genericons/genericons/genericons.min.css?ver=3.3 HTTP/1.1" 200 15959 "https://w4.junglejuicewebtoon.com/" "Mozilla/5.0 (Windows NT 10.0; Win64; x64) AppleWebKit/537.36 (KHTML, like Gecko) Chrome/137.0.0.0 Safari/537.36"
2001:b011:13:7ab3:8532:c69b:a70e:b296 - - [19/Jun/2025:13:14:56 -0400] "GET /wp-content/uploads/2024/02/Jungle_Juice_Webtoon_Infobox.png HTTP/1.1" 200 742626 "https://w4.junglejuicewebtoon.com/" "Mozilla/5.0 (Windows NT 10.0; Win64; x64) AppleWebKit/537.36 (KHTML, like Gecko) Chrome/137.0.0.0 Safari/537.36"
2001:b011:13:7ab3:8532:c69b:a70e:b296 - - [19/Jun/2025:13:14:56 -0400] "GET /wp-content/themes/toivo-lite/js/responsive-nav.min.js?ver=1.2.0 HTTP/1.1" 200 2102 "https://w4.junglejuicewebtoon.com/" "Mozilla/5.0 (Windows NT 10.0; Win64; x64) AppleWebKit/537.36 (KHTML, like Gecko) Chrome/137.0.0.0 Safari/537.36"
2001:b011:13:7ab3:8532:c69b:a70e:b296 - - [19/Jun/2025:13:14:56 -0400] "GET /wp-content/themes/toivo-lite/js/functions.min.js?ver=1.2.0 HTTP/1.1" 200 593 "https://w4.junglejuicewebtoon.com/" "Mozilla/5.0 (Windows NT 10.0; Win64; x64) AppleWebKit/537.36 (KHTML, like Gecko) Chrome/137.0.0.0 Safari/537.36"
2001:b011:13:7ab3:8532:c69b:a70e:b296 - - [19/Jun/2025:13:14:56 -0400] "GET /wp-content/themes/toivo-lite/js/settings.min.js?ver=1.2.0 HTTP/1.1" 200 307 "https://w4.junglejuicewebtoon.com/" "Mozilla/5.0 (Windows NT 10.0; Win64; x64) AppleWebKit/537.36 (KHTML, like Gecko) Chrome/137.0.0.0 Safari/537.36"
2001:b011:13:7ab3:8532:c69b:a70e:b296 - - [19/Jun/2025:13:14:57 -0400] "GET /wp-includes/js/wp-emoji-release.min.js?ver=6.7.2 HTTP/1.1" 200 4676 "https://w4.junglejuicewebtoon.com/" "Mozilla/5.0 (Windows NT 10.0; Win64; x64) AppleWebKit/537.36 (KHTML, like Gecko) Chrome/137.0.0.0 Safari/537.36"
2a03:2880:f800:10:: - - [19/Jun/2025:13:14:57 -0400] "GET /shopping/2315501300.phtml HTTP/1.1" 301 0 "-" "meta-externalagent/1.1 (+https://developers.facebook.com/docs/sharing/webmasters/crawler)"
162.0.232.193 - - [19/Jun/2025:13:14:59 -0400] "POST /wp-cron.php?doing_wp_cron=1750353299.7163810729980468750000 HTTP/1.1" 200 0 "-" "WordPress/6.7.2; https://w4.junglejuicewebtoon.com"
2a03:2880:f800:: - - [19/Jun/2025:13:14:59 -0400] "GET /shopping/1140655236.phtml HTTP/1.1" 301 0 "-" "meta-externalagent/1.1 (+https://developers.facebook.com/docs/sharing/webmasters/crawler)"
162.0.232.193 - - [19/Jun/2025:13:15:00 -0400] "POST /wp-admin/admin-ajax.php?action=async_litespeed&nonce=GnLNJjR832tdPCO0TMtbe8qI9sPfAa2K&litespeed_type=imgoptm HTTP/1.1" 200 5 "-" "WordPress/6.7.2; https://w4.junglejuicewebtoon.com"
2001:b011:13:7ab3:8532:c69b:a70e:b296 - - [19/Jun/2025:13:15:00 -0400] "GET /manga1/jungle-juice-chapter-164/ HTTP/1.1" 200 10281 "https://w4.junglejuicewebtoon.com/" "Mozilla/5.0 (Windows NT 10.0; Win64; x64) AppleWebKit/537.36 (KHTML, like Gecko) Chrome/137.0.0.0 Safari/537.36"
2001:b011:13:7ab3:8532:c69b:a70e:b296 - - [19/Jun/2025:13:15:01 -0400] "GET /wp-content/plugins/wp-automatic/css/wp-automatic.css?ver=1.0.0 HTTP/1.1" 200 537 "https://w4.junglejuicewebtoon.com/manga1/jungle-juice-chapter-164/" "Mozilla/5.0 (Windows NT 10.0; Win64; x64) AppleWebKit/537.36 (KHTML, like Gecko) Chrome/137.0.0.0 Safari/537.36"
2001:b011:13:7ab3:8532:c69b:a70e:b296 - - [19/Jun/2025:13:15:01 -0400] "GET /wp-content/plugins/wp-automatic/js/main-front.js?ver=6.7.2 HTTP/1.1" 200 316 "https://w4.junglejuicewebtoon.com/manga1/jungle-juice-chapter-164/" "Mozilla/5.0 (Windows NT 10.0; Win64; x64) AppleWebKit/537.36 (KHTML, like Gecko) Chrome/137.0.0.0 Safari/537.36"
2001:b011:13:7ab3:8532:c69b:a70e:b296 - - [19/Jun/2025:13:15:01 -0400] "GET /wp-includes/js/comment-reply.min.js?ver=6.7.2 HTTP/1.1" 200 1247 "https://w4.junglejuicewebtoon.com/manga1/jungle-juice-chapter-164/" "Mozilla/5.0 (Windows NT 10.0; Win64; x64) AppleWebKit/537.36 (KHTML, like Gecko) Chrome/137.0.0.0 Safari/537.36"
2001:b011:13:7ab3:8532:c69b:a70e:b296 - - [19/Jun/2025:13:15:01 -0400] "GET /wp-content/plugins/disqus-comment-system/public/js/comment_count.js?ver=3.1.2 HTTP/1.1" 200 354 "https://w4.junglejuicewebtoon.com/manga1/jungle-juice-chapter-164/" "Mozilla/5.0 (Windows NT 10.0; Win64; x64) AppleWebKit/537.36 (KHTML, like Gecko) Chrome/137.0.0.0 Safari/537.36"
2001:b011:13:7ab3:8532:c69b:a70e:b296 - - [19/Jun/2025:13:15:01 -0400] "GET /wp-content/plugins/simple-social-buttons/assets/fonts/ssb-icon.ttf?eahqa2 HTTP/1.1" 200 6624 "https://w4.junglejuicewebtoon.com/wp-content/plugins/simple-social-buttons/assets/css/front.css?ver=5.3.1" "Mozilla/5.0 (Windows NT 10.0; Win64; x64) AppleWebKit/537.36 (KHTML, like Gecko) Chrome/137.0.0.0 Safari/537.36"
2001:b011:13:7ab3:8532:c69b:a70e:b296 - - [19/Jun/2025:13:15:01 -0400] "GET /wp-content/plugins/disqus-comment-system/public/js/comment_embed.js?ver=3.1.2 HTTP/1.1" 200 653 "https://w4.junglejuicewebtoon.com/manga1/jungle-juice-chapter-164/" "Mozilla/5.0 (Windows NT 10.0; Win64; x64) AppleWebKit/537.36 (KHTML, like Gecko) Chrome/137.0.0.0 Safari/537.36"
2a03:2880:f800:8:: - - [19/Jun/2025:13:15:01 -0400] "GET /shopping/2080292178.phtml HTTP/1.1" 301 0 "-" "meta-externalagent/1.1 (+https://developers.facebook.com/docs/sharing/webmasters/crawler)"
2a03:2880:f800:1d:: - - [19/Jun/2025:13:15:01 -0400] "GET /shopping/1348250814.phtml HTTP/1.1" 301 0 "-" "meta-externalagent/1.1 (+https://developers.facebook.com/docs/sharing/webmasters/crawler)"
2a03:2880:f800:6:: - - [19/Jun/2025:13:15:02 -0400] "GET /shopping/2387273340.phtml HTTP/1.1" 301 0 "-" "meta-externalagent/1.1 (+https://developers.facebook.com/docs/sharing/webmasters/crawler)"
2a03:2880:f800:1b:: - - [19/Jun/2025:13:15:03 -0400] "GET /shopping/2378393380.phtml HTTP/1.1" 301 0 "-" "meta-externalagent/1.1 (+https://developers.facebook.com/docs/sharing/webmasters/crawler)"
2a03:2880:f800:1c:: - - [19/Jun/2025:13:15:03 -0400] "GET /shopping/1917909838.phtml HTTP/1.1" 301 0 "-" "meta-externalagent/1.1 (+https://developers.facebook.com/docs/sharing/webmasters/crawler)"
2001:b011:13:7ab3:8532:c69b:a70e:b296 - - [19/Jun/2025:13:15:04 -0400] "GET /wp-content/uploads/2024/02/cropped-thumbnail_jungle_juice-32x32.jpg HTTP/1.1" 200 869 "https://w4.junglejuicewebtoon.com/manga1/jungle-juice-chapter-164/" "Mozilla/5.0 (Windows NT 10.0; Win64; x64) AppleWebKit/537.36 (KHTML, like Gecko) Chrome/137.0.0.0 Safari/537.36"
2a03:2880:f800:9:: - - [19/Jun/2025:13:15:04 -0400] "GET /shopping/875768824.phtml HTTP/1.1" 301 0 "-" "meta-externalagent/1.1 (+https://developers.facebook.com/docs/sharing/webmasters/crawler)"
2a03:2880:f800:1c:: - - [19/Jun/2025:13:15:04 -0400] "GET /shopping/2472951864.phtml HTTP/1.1" 301 0 "-" "meta-externalagent/1.1 (+https://developers.facebook.com/docs/sharing/webmasters/crawler)"
2a03:2880:f800:4:: - - [19/Jun/2025:13:15:05 -0400] "GET /shopping/2387139680.phtml HTTP/1.1" 301 0 "-" "meta-externalagent/1.1 (+https://developers.facebook.com/docs/sharing/webmasters/crawler)"
2a03:2880:f800:d:: - - [19/Jun/2025:13:15:05 -0400] "GET /shopping/2046692790.phtml HTTP/1.1" 301 0 "-" "meta-externalagent/1.1 (+https://developers.facebook.com/docs/sharing/webmasters/crawler)"
2a03:2880:f800:1d:: - - [19/Jun/2025:13:15:06 -0400] "GET /shopping/2338618580.phtml HTTP/1.1" 301 0 "-" "meta-externalagent/1.1 (+https://developers.facebook.com/docs/sharing/webmasters/crawler)"
2a03:2880:f800:1c:: - - [19/Jun/2025:13:15:07 -0400] "GET /shopping/2534086506.phtml HTTP/1.1" 301 0 "-" "meta-externalagent/1.1 (+https://developers.facebook.com/docs/sharing/webmasters/crawler)"
2a03:2880:f800:14:: - - [19/Jun/2025:13:15:07 -0400] "GET /shopping/1930972136.phtml HTTP/1.1" 301 0 "-" "meta-externalagent/1.1 (+https://developers.facebook.com/docs/sharing/webmasters/crawler)"
2a03:2880:f800:1d:: - - [19/Jun/2025:13:15:07 -0400] "GET /shopping/1980425930.phtml HTTP/1.1" 301 0 "-" "meta-externalagent/1.1 (+https://developers.facebook.com/docs/sharing/webmasters/crawler)"
2a03:2880:f800:1b:: - - [19/Jun/2025:13:15:08 -0400] "GET /shopping/2377999224.phtml HTTP/1.1" 301 0 "-" "meta-externalagent/1.1 (+https://developers.facebook.com/docs/sharing/webmasters/crawler)"
2a03:2880:f800:18:: - - [19/Jun/2025:13:15:09 -0400] "GET /shopping/2472940656.phtml HTTP/1.1" 301 0 "-" "meta-externalagent/1.1 (+https://developers.facebook.com/docs/sharing/webmasters/crawler)"
2a03:2880:f800:f:: - - [19/Jun/2025:13:15:09 -0400] "GET /shopping/2533981300.phtml HTTP/1.1" 301 0 "-" "meta-externalagent/1.1 (+https://developers.facebook.com/docs/sharing/webmasters/crawler)"
2a03:2880:f800:3:: - - [19/Jun/2025:13:15:09 -0400] "GET /shopping/2534233830.phtml HTTP/1.1" 301 0 "-" "meta-externalagent/1.1 (+https://developers.facebook.com/docs/sharing/webmasters/crawler)"
2a03:2880:f800:: - - [19/Jun/2025:13:15:10 -0400] "GET /shopping/1540292188.phtml HTTP/1.1" 301 0 "-" "meta-externalagent/1.1 (+https://developers.facebook.com/docs/sharing/webmasters/crawler)"
2a03:2880:f800:4:: - - [19/Jun/2025:13:15:10 -0400] "GET /shopping/1917740844.phtml HTTP/1.1" 301 0 "-" "meta-externalagent/1.1 (+https://developers.facebook.com/docs/sharing/webmasters/crawler)"
2a03:2880:f800:13:: - - [19/Jun/2025:13:15:10 -0400] "GET /shopping/1980369186.phtml HTTP/1.1" 301 0 "-" "meta-externalagent/1.1 (+https://developers.facebook.com/docs/sharing/webmasters/crawler)"
2a03:2880:f800:a:: - - [19/Jun/2025:13:15:11 -0400] "GET /shopping/1917697808.phtml HTTP/1.1" 301 0 "-" "meta-externalagent/1.1 (+https://developers.facebook.com/docs/sharing/webmasters/crawler)"
2a03:2880:f800:18:: - - [19/Jun/2025:13:15:12 -0400] "GET /shopping/1918166086.phtml HTTP/1.1" 301 0 "-" "meta-externalagent/1.1 (+https://developers.facebook.com/docs/sharing/webmasters/crawler)"
2a03:2880:f800:6:: - - [19/Jun/2025:13:15:13 -0400] "GET /shopping/2534683860.phtml HTTP/1.1" 301 0 "-" "meta-externalagent/1.1 (+https://developers.facebook.com/docs/sharing/webmasters/crawler)"
2a03:2880:f800:1c:: - - [19/Jun/2025:13:15:13 -0400] "GET /shopping/1540228676.phtml HTTP/1.1" 301 0 "-" "meta-externalagent/1.1 (+https://developers.facebook.com/docs/sharing/webmasters/crawler)"
66.249.79.231 - - [19/Jun/2025:13:15:15 -0400] "GET /shopping/36435498.phtml HTTP/1.1" 200 19121 "-" "Mozilla/5.0 (Linux; Android 6.0.1; Nexus 5X Build/MMB29P) AppleWebKit/537.36 (KHTML, like Gecko) Chrome/137.0.7151.103 Mobile Safari/537.36 (compatible; Googlebot/2.1; +http://www.google.com/bot.html)"
162.0.232.193 - - [19/Jun/2025:13:15:17 -0400] "POST /wp-cron.php?doing_wp_cron=1750353317.0895590782165527343750 HTTP/1.1" 200 0 "-" "WordPress/6.7.2; https://w4.junglejuicewebtoon.com"
2a03:2880:f800:6:: - - [19/Jun/2025:13:15:16 -0400] "GET /shopping/527091764.phtml HTTP/1.1" 301 0 "-" "meta-externalagent/1.1 (+https://developers.facebook.com/docs/sharing/webmasters/crawler)"
162.0.232.193 - - [19/Jun/2025:13:15:19 -0400] "GET /wp-content/uploads/36f5b53d6c6d3d6b1e9dd0027baac2ed_1435.xml HTTP/1.1" 200 1298 "-" "Mozilla/5.0 (X11; Linux x86_64) AppleWebKit/537.36 (KHTML, like Gecko) Ubuntu Chromium/41.0.2272.76"
2a03:2880:f800:14:: - - [19/Jun/2025:13:15:21 -0400] "GET /shopping/2378628066.phtml HTTP/1.1" 301 0 "-" "meta-externalagent/1.1 (+https://developers.facebook.com/docs/sharing/webmasters/crawler)"
2a03:2880:f800:d:: - - [19/Jun/2025:13:15:22 -0400] "GET /shopping/2614080906.phtml HTTP/1.1" 301 0 "-" "meta-externalagent/1.1 (+https://developers.facebook.com/docs/sharing/webmasters/crawler)"
2a03:2880:f800:18:: - - [19/Jun/2025:13:15:22 -0400] "GET /shopping/527730876.phtml HTTP/1.1" 301 0 "-" "meta-externalagent/1.1 (+https://developers.facebook.com/docs/sharing/webmasters/crawler)"
2a03:2880:f800:e:: - - [19/Jun/2025:13:15:23 -0400] "GET /shopping/2712539770.phtml HTTP/1.1" 301 0 "-" "meta-externalagent/1.1 (+https://developers.facebook.com/docs/sharing/webmasters/crawler)"
2a03:2880:f800:17:: - - [19/Jun/2025:13:15:24 -0400] "GET /shopping/1980333980.phtml HTTP/1.1" 301 0 "-" "meta-externalagent/1.1 (+https://developers.facebook.com/docs/sharing/webmasters/crawler)"
2a03:2880:f800:a:: - - [19/Jun/2025:13:15:24 -0400] "GET /shopping/2315867278.phtml HTTP/1.1" 301 0 "-" "meta-externalagent/1.1 (+https://developers.facebook.com/docs/sharing/webmasters/crawler)"
2a03:2880:f800:e:: - - [19/Jun/2025:13:15:25 -0400] "GET /shopping/2712672236.phtml HTTP/1.1" 301 0 "-" "meta-externalagent/1.1 (+https://developers.facebook.com/docs/sharing/webmasters/crawler)"
2a03:2880:f800:6:: - - [19/Jun/2025:13:15:25 -0400] "GET /shopping/1917625544.phtml HTTP/1.1" 301 0 "-" "meta-externalagent/1.1 (+https://developers.facebook.com/docs/sharing/webmasters/crawler)"
2a03:2880:f800:17:: - - [19/Jun/2025:13:15:32 -0400] "GET /shopping/2339255236.phtml HTTP/1.1" 301 0 "-" "meta-externalagent/1.1 (+https://developers.facebook.com/docs/sharing/webmasters/crawler)"
2a03:2880:f800:1d:: - - [19/Jun/2025:13:15:33 -0400] "GET /shopping/2046201178.phtml HTTP/1.1" 301 0 "-" "meta-externalagent/1.1 (+https://developers.facebook.com/docs/sharing/webmasters/crawler)"
2a03:2880:f800:4:: - - [19/Jun/2025:13:15:34 -0400] "GET /shopping/2534268824.phtml HTTP/1.1" 301 0 "-" "meta-externalagent/1.1 (+https://developers.facebook.com/docs/sharing/webmasters/crawler)"
2a03:2880:f800:15:: - - [19/Jun/2025:13:15:34 -0400] "GET /shopping/503867936.phtml HTTP/1.1" 301 0 "-" "meta-externalagent/1.1 (+https://developers.facebook.com/docs/sharing/webmasters/crawler)"
2a03:2880:f800:4:: - - [19/Jun/2025:13:15:35 -0400] "GET /shopping/1917640078.phtml HTTP/1.1" 301 0 "-" "meta-externalagent/1.1 (+https://developers.facebook.com/docs/sharing/webmasters/crawler)"
2a03:2880:f800:11:: - - [19/Jun/2025:13:15:35 -0400] "GET /shopping/2339256238.phtml HTTP/1.1" 301 0 "-" "meta-externalagent/1.1 (+https://developers.facebook.com/docs/sharing/webmasters/crawler)"
2a03:2880:f800:2:: - - [19/Jun/2025:13:15:35 -0400] "GET /shopping/2378508002.phtml HTTP/1.1" 301 0 "-" "meta-externalagent/1.1 (+https://developers.facebook.com/docs/sharing/webmasters/crawler)"
2a03:2880:f800:1a:: - - [19/Jun/2025:13:15:36 -0400] "GET /shopping/13783038.phtml HTTP/1.1" 301 0 "-" "meta-externalagent/1.1 (+https://developers.facebook.com/docs/sharing/webmasters/crawler)"
2a03:2880:f800:17:: - - [19/Jun/2025:13:15:37 -0400] "GET /shopping/281170524.phtml HTTP/1.1" 301 0 "-" "meta-externalagent/1.1 (+https://developers.facebook.com/docs/sharing/webmasters/crawler)"
2a03:2880:f800:14:: - - [19/Jun/2025:13:15:37 -0400] "GET /shopping/1608447076.phtml HTTP/1.1" 301 0 "-" "meta-externalagent/1.1 (+https://developers.facebook.com/docs/sharing/webmasters/crawler)"
2a03:2880:f800:1a:: - - [19/Jun/2025:13:15:44 -0400] "GET /shopping/1980565164.phtml HTTP/1.1" 301 0 "-" "meta-externalagent/1.1 (+https://developers.facebook.com/docs/sharing/webmasters/crawler)"
2a03:2880:f800:7:: - - [19/Jun/2025:13:15:46 -0400] "GET /shopping/2387504396.phtml HTTP/1.1" 301 0 "-" "meta-externalagent/1.1 (+https://developers.facebook.com/docs/sharing/webmasters/crawler)"
162.0.232.193 - - [19/Jun/2025:13:16:22 -0400] "POST /wp-cron.php?doing_wp_cron=1750353381.9058649539947509765625 HTTP/1.1" 200 0 "-" "WordPress/6.7.2; https://w4.junglejuicewebtoon.com"
2a03:2880:f800:1:: - - [19/Jun/2025:13:16:21 -0400] "GET /shopping/2712672304.phtml HTTP/1.1" 301 0 "-" "meta-externalagent/1.1 (+https://developers.facebook.com/docs/sharing/webmasters/crawler)"
162.0.232.193 - - [19/Jun/2025:13:16:22 -0400] "POST /wp-admin/admin-ajax.php?action=async_litespeed&nonce=9QPk7Z32tf9i25qRfqZyF7CkLPp0dNyS&litespeed_type=imgoptm HTTP/1.1" 200 5 "-" "WordPress/6.7.2; https://w4.junglejuicewebtoon.com"
2a03:2880:f800:1b:: - - [19/Jun/2025:13:16:26 -0400] "GET /shopping/1836414060.phtml HTTP/1.1" 301 0 "-" "meta-externalagent/1.1 (+https://developers.facebook.com/docs/sharing/webmasters/crawler)"
2a03:2880:f800:14:: - - [19/Jun/2025:13:16:30 -0400] "GET /shopping/2534800274.phtml HTTP/1.1" 301 0 "-" "meta-externalagent/1.1 (+https://developers.facebook.com/docs/sharing/webmasters/crawler)"
2a03:2880:f800:1c:: - - [19/Jun/2025:13:16:31 -0400] "GET /shopping/2387189464.phtml HTTP/1.1" 301 0 "-" "meta-externalagent/1.1 (+https://developers.facebook.com/docs/sharing/webmasters/crawler)"
2a03:2880:f800:1:: - - [19/Jun/2025:13:16:31 -0400] "GET /shopping/2338698806.phtml HTTP/1.1" 301 0 "-" "meta-externalagent/1.1 (+https://developers.facebook.com/docs/sharing/webmasters/crawler)"
2a03:2880:f800:1b:: - - [19/Jun/2025:13:16:31 -0400] "GET /shopping/2534705078.phtml HTTP/1.1" 301 0 "-" "meta-externalagent/1.1 (+https://developers.facebook.com/docs/sharing/webmasters/crawler)"
2a03:2880:f800:7:: - - [19/Jun/2025:13:16:32 -0400] "GET /shopping/2263168248.phtml HTTP/1.1" 301 0 "-" "meta-externalagent/1.1 (+https://developers.facebook.com/docs/sharing/webmasters/crawler)"
2a03:2880:f800:2:: - - [19/Jun/2025:13:16:33 -0400] "GET /shopping/2046540024.phtml HTTP/1.1" 301 0 "-" "meta-externalagent/1.1 (+https://developers.facebook.com/docs/sharing/webmasters/crawler)"
2a03:2880:f800:d:: - - [19/Jun/2025:13:16:33 -0400] "GET /shopping/1527216018.phtml HTTP/1.1" 301 0 "-" "meta-externalagent/1.1 (+https://developers.facebook.com/docs/sharing/webmasters/crawler)"
2a03:2880:f800:15:: - - [19/Jun/2025:13:16:34 -0400] "GET /shopping/2315682488.phtml HTTP/1.1" 301 0 "-" "meta-externalagent/1.1 (+https://developers.facebook.com/docs/sharing/webmasters/crawler)"
2a03:2880:f800:d:: - - [19/Jun/2025:13:16:35 -0400] "GET /shopping/2046756238.phtml HTTP/1.1" 301 0 "-" "meta-externalagent/1.1 (+https://developers.facebook.com/docs/sharing/webmasters/crawler)"
2a03:2880:f800:6:: - - [19/Jun/2025:13:16:35 -0400] "GET /shopping/1347798588.phtml HTTP/1.1" 301 0 "-" "meta-externalagent/1.1 (+https://developers.facebook.com/docs/sharing/webmasters/crawler)"
2a03:2880:f800:15:: - - [19/Jun/2025:13:16:35 -0400] "GET /shopping/2263390144.phtml HTTP/1.1" 301 0 "-" "meta-externalagent/1.1 (+https://developers.facebook.com/docs/sharing/webmasters/crawler)"
66.249.79.232 - - [19/Jun/2025:13:16:35 -0400] "POST /get-message-notify HTTP/1.1" 301 0 "https://w4.junglejuicewebtoon.com/shopping/33940298.phtml" "Mozilla/5.0 (Linux; Android 6.0.1; Nexus 5X Build/MMB29P) AppleWebKit/537.36 (KHTML, like Gecko) Chrome/137.0.7151.68 Mobile Safari/537.36 (compatible; Googlebot/2.1; +http://www.google.com/bot.html)"
2a03:2880:f800:9:: - - [19/Jun/2025:13:16:36 -0400] "GET /shopping/2046930786.phtml HTTP/1.1" 301 0 "-" "meta-externalagent/1.1 (+https://developers.facebook.com/docs/sharing/webmasters/crawler)"
2a03:2880:f800:d:: - - [19/Jun/2025:13:16:36 -0400] "GET /shopping/1917659488.phtml HTTP/1.1" 301 0 "-" "meta-externalagent/1.1 (+https://developers.facebook.com/docs/sharing/webmasters/crawler)"
2a03:2880:f800:15:: - - [19/Jun/2025:13:16:36 -0400] "GET /shopping/2534244036.phtml HTTP/1.1" 301 0 "-" "meta-externalagent/1.1 (+https://developers.facebook.com/docs/sharing/webmasters/crawler)"
2a03:2880:f800:f:: - - [19/Jun/2025:13:16:37 -0400] "GET /shopping/281122788.phtml HTTP/1.1" 301 0 "-" "meta-externalagent/1.1 (+https://developers.facebook.com/docs/sharing/webmasters/crawler)"
2a03:2880:f800:18:: - - [19/Jun/2025:13:16:38 -0400] "GET /shopping/1347873500.phtml HTTP/1.1" 301 0 "-" "meta-externalagent/1.1 (+https://developers.facebook.com/docs/sharing/webmasters/crawler)"
2a03:2880:f800:10:: - - [19/Jun/2025:13:16:38 -0400] "GET /shopping/2378114784.phtml HTTP/1.1" 301 0 "-" "meta-externalagent/1.1 (+https://developers.facebook.com/docs/sharing/webmasters/crawler)"
2a03:2880:f800:9:: - - [19/Jun/2025:13:16:39 -0400] "GET /shopping/1980618406.phtml HTTP/1.1" 301 0 "-" "meta-externalagent/1.1 (+https://developers.facebook.com/docs/sharing/webmasters/crawler)"
2a03:2880:f800:11:: - - [19/Jun/2025:13:16:39 -0400] "GET /shopping/2712576106.phtml HTTP/1.1" 301 0 "-" "meta-externalagent/1.1 (+https://developers.facebook.com/docs/sharing/webmasters/crawler)"
2a03:2880:f800:f:: - - [19/Jun/2025:13:16:44 -0400] "GET /shopping/1430831358.phtml HTTP/1.1" 301 0 "-" "meta-externalagent/1.1 (+https://developers.facebook.com/docs/sharing/webmasters/crawler)"
2a03:2880:f800:1:: - - [19/Jun/2025:13:16:45 -0400] "GET /shopping/1918130736.phtml HTTP/1.1" 301 0 "-" "meta-externalagent/1.1 (+https://developers.facebook.com/docs/sharing/webmasters/crawler)"
2a03:2880:f800:15:: - - [19/Jun/2025:13:16:45 -0400] "GET /shopping/2712974766.phtml HTTP/1.1" 301 0 "-" "meta-externalagent/1.1 (+https://developers.facebook.com/docs/sharing/webmasters/crawler)"
2a03:2880:f800:c:: - - [19/Jun/2025:13:16:46 -0400] "GET /shopping/13691348.phtml HTTP/1.1" 301 0 "-" "meta-externalagent/1.1 (+https://developers.facebook.com/docs/sharing/webmasters/crawler)"
2a03:2880:f800:15:: - - [19/Jun/2025:13:16:46 -0400] "GET /shopping/1012639486.phtml HTTP/1.1" 301 0 "-" "meta-externalagent/1.1 (+https://developers.facebook.com/docs/sharing/webmasters/crawler)"
2a03:2880:f800:14:: - - [19/Jun/2025:13:16:46 -0400] "GET /shopping/2534280436.phtml HTTP/1.1" 301 0 "-" "meta-externalagent/1.1 (+https://developers.facebook.com/docs/sharing/webmasters/crawler)"
2a03:2880:f800:10:: - - [19/Jun/2025:13:16:47 -0400] "GET /shopping/13489604.phtml HTTP/1.1" 301 0 "-" "meta-externalagent/1.1 (+https://developers.facebook.com/docs/sharing/webmasters/crawler)"
2a03:2880:f800:10:: - - [19/Jun/2025:13:16:48 -0400] "GET /shopping/13836264.phtml HTTP/1.1" 301 0 "-" "meta-externalagent/1.1 (+https://developers.facebook.com/docs/sharing/webmasters/crawler)"
2a03:2880:f800:19:: - - [19/Jun/2025:13:16:48 -0400] "GET /shopping/2377965088.phtml HTTP/1.1" 301 0 "-" "meta-externalagent/1.1 (+https://developers.facebook.com/docs/sharing/webmasters/crawler)"
2a03:2880:f800:2:: - - [19/Jun/2025:13:16:48 -0400] "GET /shopping/2534331158.phtml HTTP/1.1" 301 0 "-" "meta-externalagent/1.1 (+https://developers.facebook.com/docs/sharing/webmasters/crawler)"
2a03:2880:f800:3:: - - [19/Jun/2025:13:16:48 -0400] "GET /shopping/1930795456.phtml HTTP/1.1" 301 0 "-" "meta-externalagent/1.1 (+https://developers.facebook.com/docs/sharing/webmasters/crawler)"
2a03:2880:f800:4:: - - [19/Jun/2025:13:16:50 -0400] "GET /shopping/2234965120.phtml HTTP/1.1" 301 0 "-" "meta-externalagent/1.1 (+https://developers.facebook.com/docs/sharing/webmasters/crawler)"
2a03:2880:f800:11:: - - [19/Jun/2025:13:16:50 -0400] "GET /shopping/1836284580.phtml HTTP/1.1" 301 0 "-" "meta-externalagent/1.1 (+https://developers.facebook.com/docs/sharing/webmasters/crawler)"
