66.249.79.227 - - [19/Jun/2025:13:49:13 -0400] "GET /shopping/445320568.phtml HTTP/1.1" 200 19486 "-" "Mozilla/5.0 (Linux; Android 6.0.1; Nexus 5X Build/MMB29P) AppleWebKit/537.36 (KHTML, like Gecko) Chrome/137.0.7151.103 Mobile Safari/537.36 (compatible; Googlebot/2.1; +http://www.google.com/bot.html)"
162.0.232.193 - - [19/Jun/2025:13:49:14 -0400] "POST /wp-cron.php?doing_wp_cron=1750355354.4172561168670654296875 HTTP/1.1" 200 0 "-" "WordPress/6.7.2; https://w4.junglejuicewebtoon.com"
114.119.136.160 - - [19/Jun/2025:13:49:14 -0400] "GET /category/jungle-juice/page/17/ HTTP/1.1" 200 11183 "https://w4.junglejuicewebtoon.com/category/jungle-juice/page/17/" "Mozilla/5.0 (Linux; Android 7.0;) AppleWebKit/537.36 (KHTML, like Gecko) Mobile Safari/537.36 (compatible; PetalBot;+https://webmaster.petalsearch.com/site/petalbot)"
162.0.232.193 - - [19/Jun/2025:13:49:17 -0400] "GET /wp-content/uploads/36f5b53d6c6d3d6b1e9dd0027baac2ed_1435.xml HTTP/1.1" 200 1057 "-" "Mozilla/5.0 (X11; Linux x86_64) AppleWebKit/537.36 (KHTML, like Gecko) Ubuntu Chromium/41.0.2272.76"
43.157.170.126 - - [19/Jun/2025:13:49:19 -0400] "GET /manga1/jungle-juice-chapter-40-2/embed/ HTTP/1.1" 200 6289 "-" "Mozilla/5.0 (iPhone; CPU iPhone OS 13_2_3 like Mac OS X) AppleWebKit/605.1.15 (KHTML, like Gecko) Version/13.0.3 Mobile/15E148 Safari/604.1"
2a03:2880:f800:10:: - - [19/Jun/2025:13:49:25 -0400] "GET /shopping/1930398604.phtml HTTP/1.1" 301 0 "-" "meta-externalagent/1.1 (+https://developers.facebook.com/docs/sharing/webmasters/crawler)"
2a03:2880:f800:: - - [19/Jun/2025:13:49:25 -0400] "GET /shopping/1836094236.phtml HTTP/1.1" 301 0 "-" "meta-externalagent/1.1 (+https://developers.facebook.com/docs/sharing/webmasters/crawler)"
2a03:2880:f800:14:: - - [19/Jun/2025:13:49:26 -0400] "GET /shopping/1960285580.phtml HTTP/1.1" 301 0 "-" "meta-externalagent/1.1 (+https://developers.facebook.com/docs/sharing/webmasters/crawler)"
2a03:2880:f800:3:: - - [19/Jun/2025:13:49:27 -0400] "GET /shopping/2712606528.phtml HTTP/1.1" 301 0 "-" "meta-externalagent/1.1 (+https://developers.facebook.com/docs/sharing/webmasters/crawler)"
2a03:2880:f800:13:: - - [19/Jun/2025:13:49:39 -0400] "GET /shopping/2315275690.phtml HTTP/1.1" 301 0 "-" "meta-externalagent/1.1 (+https://developers.facebook.com/docs/sharing/webmasters/crawler)"
2a03:2880:f800:3:: - - [19/Jun/2025:13:49:39 -0400] "GET /shopping/2387305024.phtml HTTP/1.1" 301 0 "-" "meta-externalagent/1.1 (+https://developers.facebook.com/docs/sharing/webmasters/crawler)"
2a03:2880:f800:19:: - - [19/Jun/2025:13:49:39 -0400] "GET /shopping/2315537636.phtml HTTP/1.1" 301 0 "-" "meta-externalagent/1.1 (+https://developers.facebook.com/docs/sharing/webmasters/crawler)"
2a03:2880:f800:b:: - - [19/Jun/2025:13:49:39 -0400] "GET /shopping/1931046002.phtml HTTP/1.1" 301 0 "-" "meta-externalagent/1.1 (+https://developers.facebook.com/docs/sharing/webmasters/crawler)"
2a03:2880:f800:e:: - - [19/Jun/2025:13:49:40 -0400] "GET /shopping/527746780.phtml HTTP/1.1" 301 0 "-" "meta-externalagent/1.1 (+https://developers.facebook.com/docs/sharing/webmasters/crawler)"
2a03:2880:f800:2:: - - [19/Jun/2025:13:49:41 -0400] "GET /shopping/2315538766.phtml HTTP/1.1" 301 0 "-" "meta-externalagent/1.1 (+https://developers.facebook.com/docs/sharing/webmasters/crawler)"
2a03:2880:f800:3:: - - [19/Jun/2025:13:49:42 -0400] "GET /shopping/1540760190.phtml HTTP/1.1" 301 0 "-" "meta-externalagent/1.1 (+https://developers.facebook.com/docs/sharing/webmasters/crawler)"
2a03:2880:f800:18:: - - [19/Jun/2025:13:49:42 -0400] "GET /shopping/1430442580.phtml HTTP/1.1" 301 0 "-" "meta-externalagent/1.1 (+https://developers.facebook.com/docs/sharing/webmasters/crawler)"
2a03:2880:f800:6:: - - [19/Jun/2025:13:49:42 -0400] "GET /shopping/1348216786.phtml HTTP/1.1" 301 0 "-" "meta-externalagent/1.1 (+https://developers.facebook.com/docs/sharing/webmasters/crawler)"
2a03:2880:f800:19:: - - [19/Jun/2025:13:49:43 -0400] "GET /shopping/2315808270.phtml HTTP/1.1" 301 0 "-" "meta-externalagent/1.1 (+https://developers.facebook.com/docs/sharing/webmasters/crawler)"
2a03:2880:f800:10:: - - [19/Jun/2025:13:49:43 -0400] "GET /shopping/13954280.phtml HTTP/1.1" 301 0 "-" "meta-externalagent/1.1 (+https://developers.facebook.com/docs/sharing/webmasters/crawler)"
2a03:2880:f800:1c:: - - [19/Jun/2025:13:49:44 -0400] "GET /shopping/2387780924.phtml HTTP/1.1" 301 0 "-" "meta-externalagent/1.1 (+https://developers.facebook.com/docs/sharing/webmasters/crawler)"
2a03:2880:f800:9:: - - [19/Jun/2025:13:49:44 -0400] "GET /shopping/1917856596.phtml HTTP/1.1" 301 0 "-" "meta-externalagent/1.1 (+https://developers.facebook.com/docs/sharing/webmasters/crawler)"
2a03:2880:f800:e:: - - [19/Jun/2025:13:49:45 -0400] "GET /shopping/2534576198.phtml HTTP/1.1" 301 0 "-" "meta-externalagent/1.1 (+https://developers.facebook.com/docs/sharing/webmasters/crawler)"
2a03:2880:f800:18:: - - [19/Jun/2025:13:49:45 -0400] "GET /shopping/2534675770.phtml HTTP/1.1" 301 0 "-" "meta-externalagent/1.1 (+https://developers.facebook.com/docs/sharing/webmasters/crawler)"
2a03:2880:f800:1:: - - [19/Jun/2025:13:49:45 -0400] "GET /shopping/2387587270.phtml HTTP/1.1" 301 0 "-" "meta-externalagent/1.1 (+https://developers.facebook.com/docs/sharing/webmasters/crawler)"
2a03:2880:f800:b:: - - [19/Jun/2025:13:49:46 -0400] "GET /shopping/2080063190.phtml HTTP/1.1" 301 0 "-" "meta-externalagent/1.1 (+https://developers.facebook.com/docs/sharing/webmasters/crawler)"
2a03:2880:f800:1a:: - - [19/Jun/2025:13:49:47 -0400] "GET /shopping/1836084290.phtml HTTP/1.1" 301 0 "-" "meta-externalagent/1.1 (+https://developers.facebook.com/docs/sharing/webmasters/crawler)"
2a03:2880:f800:19:: - - [19/Jun/2025:13:49:48 -0400] "GET /shopping/1918315506.phtml HTTP/1.1" 301 0 "-" "meta-externalagent/1.1 (+https://developers.facebook.com/docs/sharing/webmasters/crawler)"
2a03:2880:f800:: - - [19/Jun/2025:13:49:48 -0400] "GET /shopping/13796638.phtml HTTP/1.1" 301 0 "-" "meta-externalagent/1.1 (+https://developers.facebook.com/docs/sharing/webmasters/crawler)"
2a03:2880:f800:17:: - - [19/Jun/2025:13:49:49 -0400] "GET /shopping/2378245138.phtml HTTP/1.1" 301 0 "-" "meta-externalagent/1.1 (+https://developers.facebook.com/docs/sharing/webmasters/crawler)"
2a03:2880:f800:6:: - - [19/Jun/2025:13:49:49 -0400] "GET /shopping/13308208.phtml HTTP/1.1" 301 0 "-" "meta-externalagent/1.1 (+https://developers.facebook.com/docs/sharing/webmasters/crawler)"
2a03:2880:f800:13:: - - [19/Jun/2025:13:49:54 -0400] "GET /shopping/2387682206.phtml HTTP/1.1" 301 0 "-" "meta-externalagent/1.1 (+https://developers.facebook.com/docs/sharing/webmasters/crawler)"
2a03:2880:f800:7:: - - [19/Jun/2025:13:49:54 -0400] "GET /shopping/2387596410.phtml HTTP/1.1" 301 0 "-" "meta-externalagent/1.1 (+https://developers.facebook.com/docs/sharing/webmasters/crawler)"
2a03:2880:f800:12:: - - [19/Jun/2025:13:49:55 -0400] "GET /shopping/1173056690.phtml HTTP/1.1" 301 0 "-" "meta-externalagent/1.1 (+https://developers.facebook.com/docs/sharing/webmasters/crawler)"
2a03:2880:f800:1d:: - - [19/Jun/2025:13:49:54 -0400] "GET /shopping/875045852.phtml HTTP/1.1" 301 0 "-" "meta-externalagent/1.1 (+https://developers.facebook.com/docs/sharing/webmasters/crawler)"
2a03:2880:f800:3:: - - [19/Jun/2025:13:49:56 -0400] "GET /shopping/1930517878.phtml HTTP/1.1" 301 0 "-" "meta-externalagent/1.1 (+https://developers.facebook.com/docs/sharing/webmasters/crawler)"
2a03:2880:f800:1a:: - - [19/Jun/2025:13:49:59 -0400] "GET /shopping/2034963184.phtml HTTP/1.1" 301 0 "-" "meta-externalagent/1.1 (+https://developers.facebook.com/docs/sharing/webmasters/crawler)"
2a03:2880:f800:8:: - - [19/Jun/2025:13:50:02 -0400] "GET /shopping/2378408238.phtml HTTP/1.1" 301 0 "-" "meta-externalagent/1.1 (+https://developers.facebook.com/docs/sharing/webmasters/crawler)"
2a03:2880:f800:18:: - - [19/Jun/2025:13:50:02 -0400] "GET /shopping/2387148624.phtml HTTP/1.1" 301 0 "-" "meta-externalagent/1.1 (+https://developers.facebook.com/docs/sharing/webmasters/crawler)"
2a03:2880:f800:15:: - - [19/Jun/2025:13:50:03 -0400] "GET /shopping/2378514898.phtml HTTP/1.1" 301 0 "-" "meta-externalagent/1.1 (+https://developers.facebook.com/docs/sharing/webmasters/crawler)"
2a03:2880:f800:: - - [19/Jun/2025:13:50:03 -0400] "GET /shopping/2387464814.phtml HTTP/1.1" 301 0 "-" "meta-externalagent/1.1 (+https://developers.facebook.com/docs/sharing/webmasters/crawler)"
2a03:2880:f800:1:: - - [19/Jun/2025:13:50:04 -0400] "GET /shopping/2315824046.phtml HTTP/1.1" 301 0 "-" "meta-externalagent/1.1 (+https://developers.facebook.com/docs/sharing/webmasters/crawler)"
2a03:2880:f800:1:: - - [19/Jun/2025:13:50:04 -0400] "GET /shopping/2387257224.phtml HTTP/1.1" 301 0 "-" "meta-externalagent/1.1 (+https://developers.facebook.com/docs/sharing/webmasters/crawler)"
2a03:2880:f800:8:: - - [19/Jun/2025:13:50:05 -0400] "GET /shopping/2046390328.phtml HTTP/1.1" 301 0 "-" "meta-externalagent/1.1 (+https://developers.facebook.com/docs/sharing/webmasters/crawler)"
2a03:2880:f800:8:: - - [19/Jun/2025:13:50:06 -0400] "GET /shopping/2534136438.phtml HTTP/1.1" 301 0 "-" "meta-externalagent/1.1 (+https://developers.facebook.com/docs/sharing/webmasters/crawler)"
2a03:2880:f800:15:: - - [19/Jun/2025:13:50:05 -0400] "GET /shopping/2034950734.phtml HTTP/1.1" 301 0 "-" "meta-externalagent/1.1 (+https://developers.facebook.com/docs/sharing/webmasters/crawler)"
2a03:2880:f800:1a:: - - [19/Jun/2025:13:50:06 -0400] "GET /shopping/1930969764.phtml HTTP/1.1" 301 0 "-" "meta-externalagent/1.1 (+https://developers.facebook.com/docs/sharing/webmasters/crawler)"
2a03:2880:f800:5:: - - [19/Jun/2025:13:50:07 -0400] "GET /shopping/2378573906.phtml HTTP/1.1" 301 0 "-" "meta-externalagent/1.1 (+https://developers.facebook.com/docs/sharing/webmasters/crawler)"
2a03:2880:f800:17:: - - [19/Jun/2025:13:50:07 -0400] "GET /shopping/1930515358.phtml HTTP/1.1" 301 0 "-" "meta-externalagent/1.1 (+https://developers.facebook.com/docs/sharing/webmasters/crawler)"
2a03:2880:f800:: - - [19/Jun/2025:13:50:08 -0400] "GET /shopping/2387331090.phtml HTTP/1.1" 301 0 "-" "meta-externalagent/1.1 (+https://developers.facebook.com/docs/sharing/webmasters/crawler)"
2a03:2880:f800:e:: - - [19/Jun/2025:13:50:08 -0400] "GET /shopping/1430466190.phtml HTTP/1.1" 301 0 "-" "meta-externalagent/1.1 (+https://developers.facebook.com/docs/sharing/webmasters/crawler)"
2a03:2880:f800:c:: - - [19/Jun/2025:13:50:08 -0400] "GET /shopping/875704070.phtml HTTP/1.1" 301 0 "-" "meta-externalagent/1.1 (+https://developers.facebook.com/docs/sharing/webmasters/crawler)"
2a03:2880:f800:3:: - - [19/Jun/2025:13:50:09 -0400] "GET /shopping/13720724.phtml HTTP/1.1" 301 0 "-" "meta-externalagent/1.1 (+https://developers.facebook.com/docs/sharing/webmasters/crawler)"
2a03:2880:f800:17:: - - [19/Jun/2025:13:50:10 -0400] "GET /shopping/875489924.phtml HTTP/1.1" 301 0 "-" "meta-externalagent/1.1 (+https://developers.facebook.com/docs/sharing/webmasters/crawler)"
2a03:2880:f800:11:: - - [19/Jun/2025:13:50:10 -0400] "GET /shopping/1980423558.phtml HTTP/1.1" 301 0 "-" "meta-externalagent/1.1 (+https://developers.facebook.com/docs/sharing/webmasters/crawler)"
2a03:2880:f800:2:: - - [19/Jun/2025:13:50:11 -0400] "GET /shopping/1917683290.phtml HTTP/1.1" 301 0 "-" "meta-externalagent/1.1 (+https://developers.facebook.com/docs/sharing/webmasters/crawler)"
2a03:2880:f800:b:: - - [19/Jun/2025:13:50:12 -0400] "GET /shopping/2387787884.phtml HTTP/1.1" 301 0 "-" "meta-externalagent/1.1 (+https://developers.facebook.com/docs/sharing/webmasters/crawler)"
2a03:2880:f800:16:: - - [19/Jun/2025:13:50:12 -0400] "GET /shopping/1931059534.phtml HTTP/1.1" 301 0 "-" "meta-externalagent/1.1 (+https://developers.facebook.com/docs/sharing/webmasters/crawler)"
2a03:2880:f800:14:: - - [19/Jun/2025:13:50:12 -0400] "GET /shopping/2315429910.phtml HTTP/1.1" 301 0 "-" "meta-externalagent/1.1 (+https://developers.facebook.com/docs/sharing/webmasters/crawler)"
2a03:2880:f800:d:: - - [19/Jun/2025:13:50:13 -0400] "GET /shopping/2534522680.phtml HTTP/1.1" 301 0 "-" "meta-externalagent/1.1 (+https://developers.facebook.com/docs/sharing/webmasters/crawler)"
2a03:2880:f800:12:: - - [19/Jun/2025:13:50:13 -0400] "GET /shopping/2262690040.phtml HTTP/1.1" 301 0 "-" "meta-externalagent/1.1 (+https://developers.facebook.com/docs/sharing/webmasters/crawler)"
162.0.232.193 - - [19/Jun/2025:13:50:15 -0400] "POST /wp-cron.php?doing_wp_cron=1750355414.7061769962310791015625 HTTP/1.1" 200 0 "-" "WordPress/6.7.2; https://w4.junglejuicewebtoon.com"
2a03:2880:f800:2:: - - [19/Jun/2025:13:50:13 -0400] "GET /shopping/2387253914.phtml HTTP/1.1" 301 0 "-" "meta-externalagent/1.1 (+https://developers.facebook.com/docs/sharing/webmasters/crawler)"
162.0.232.193 - - [19/Jun/2025:13:50:15 -0400] "POST /wp-cron.php?doing_wp_cron=1750355414.9907789230346679687500 HTTP/1.1" 200 0 "-" "WordPress/6.7.2; https://w4.junglejuicewebtoon.com"
2a03:2880:f800:4:: - - [19/Jun/2025:13:50:14 -0400] "GET /shopping/1918039980.phtml HTTP/1.1" 301 0 "-" "meta-externalagent/1.1 (+https://developers.facebook.com/docs/sharing/webmasters/crawler)"
2a03:2880:f800:1a:: - - [19/Jun/2025:13:50:15 -0400] "GET /shopping/1527021298.phtml HTTP/1.1" 301 0 "-" "meta-externalagent/1.1 (+https://developers.facebook.com/docs/sharing/webmasters/crawler)"
162.0.232.193 - - [19/Jun/2025:13:50:15 -0400] "POST /wp-admin/admin-ajax.php?action=async_litespeed&nonce=O7y7KItUzCFlMHn05YLPWC5STuoGD7x2&litespeed_type=imgoptm HTTP/1.1" 200 5 "-" "WordPress/6.7.2; https://w4.junglejuicewebtoon.com"
2a03:2880:f800:4:: - - [19/Jun/2025:13:50:18 -0400] "GET /shopping/1214550860.phtml HTTP/1.1" 301 0 "-" "meta-externalagent/1.1 (+https://developers.facebook.com/docs/sharing/webmasters/crawler)"
2a03:2880:f800:19:: - - [19/Jun/2025:13:50:23 -0400] "GET /shopping/2712977138.phtml HTTP/1.1" 301 0 "-" "meta-externalagent/1.1 (+https://developers.facebook.com/docs/sharing/webmasters/crawler)"
2a03:2880:f800:b:: - - [19/Jun/2025:13:50:23 -0400] "GET /shopping/2387519170.phtml HTTP/1.1" 301 0 "-" "meta-externalagent/1.1 (+https://developers.facebook.com/docs/sharing/webmasters/crawler)"
2a03:2880:f800:4:: - - [19/Jun/2025:13:50:24 -0400] "GET /shopping/2473432396.phtml HTTP/1.1" 301 0 "-" "meta-externalagent/1.1 (+https://developers.facebook.com/docs/sharing/webmasters/crawler)"
2a03:2880:f800:15:: - - [19/Jun/2025:13:50:26 -0400] "GET /shopping/1012457024.phtml HTTP/1.1" 301 0 "-" "meta-externalagent/1.1 (+https://developers.facebook.com/docs/sharing/webmasters/crawler)"
2a03:2880:f800:11:: - - [19/Jun/2025:13:50:26 -0400] "GET /shopping/2046156836.phtml HTTP/1.1" 301 0 "-" "meta-externalagent/1.1 (+https://developers.facebook.com/docs/sharing/webmasters/crawler)"
2a03:2880:f800:7:: - - [19/Jun/2025:13:50:26 -0400] "GET /shopping/2387542844.phtml HTTP/1.1" 301 0 "-" "meta-externalagent/1.1 (+https://developers.facebook.com/docs/sharing/webmasters/crawler)"
2a03:2880:f800:19:: - - [19/Jun/2025:13:50:28 -0400] "GET /shopping/1980246858.phtml HTTP/1.1" 301 0 "-" "meta-externalagent/1.1 (+https://developers.facebook.com/docs/sharing/webmasters/crawler)"
2a03:2880:f800:1a:: - - [19/Jun/2025:13:50:29 -0400] "GET /shopping/2315663466.phtml HTTP/1.1" 301 0 "-" "meta-externalagent/1.1 (+https://developers.facebook.com/docs/sharing/webmasters/crawler)"
2a03:2880:f800:b:: - - [19/Jun/2025:13:50:33 -0400] "GET /shopping/2387223408.phtml HTTP/1.1" 301 0 "-" "meta-externalagent/1.1 (+https://developers.facebook.com/docs/sharing/webmasters/crawler)"
2a03:2880:f800:d:: - - [19/Jun/2025:13:50:34 -0400] "GET /shopping/2534067080.phtml HTTP/1.1" 301 0 "-" "meta-externalagent/1.1 (+https://developers.facebook.com/docs/sharing/webmasters/crawler)"
2a03:2880:f800:1d:: - - [19/Jun/2025:13:50:34 -0400] "GET /shopping/2263167924.phtml HTTP/1.1" 301 0 "-" "meta-externalagent/1.1 (+https://developers.facebook.com/docs/sharing/webmasters/crawler)"
2a03:2880:f800:4:: - - [19/Jun/2025:13:50:35 -0400] "GET /shopping/1347872370.phtml HTTP/1.1" 301 0 "-" "meta-externalagent/1.1 (+https://developers.facebook.com/docs/sharing/webmasters/crawler)"
2a03:2880:f800:17:: - - [19/Jun/2025:13:50:35 -0400] "GET /shopping/2712921524.phtml HTTP/1.1" 301 0 "-" "meta-externalagent/1.1 (+https://developers.facebook.com/docs/sharing/webmasters/crawler)"
2a03:2880:f800:13:: - - [19/Jun/2025:13:50:36 -0400] "GET /shopping/2378535198.phtml HTTP/1.1" 301 0 "-" "meta-externalagent/1.1 (+https://developers.facebook.com/docs/sharing/webmasters/crawler)"
2a03:2880:f800:10:: - - [19/Jun/2025:13:50:37 -0400] "GET /shopping/2339302844.phtml HTTP/1.1" 301 0 "-" "meta-externalagent/1.1 (+https://developers.facebook.com/docs/sharing/webmasters/crawler)"
2a03:2880:f800:1c:: - - [19/Jun/2025:13:50:37 -0400] "GET /shopping/2378555738.phtml HTTP/1.1" 301 0 "-" "meta-externalagent/1.1 (+https://developers.facebook.com/docs/sharing/webmasters/crawler)"
2a03:2880:f800:1:: - - [19/Jun/2025:13:50:37 -0400] "GET /shopping/1930934690.phtml HTTP/1.1" 301 0 "-" "meta-externalagent/1.1 (+https://developers.facebook.com/docs/sharing/webmasters/crawler)"
2a03:2880:f800:1d:: - - [19/Jun/2025:13:50:39 -0400] "GET /shopping/2034608434.phtml HTTP/1.1" 301 0 "-" "meta-externalagent/1.1 (+https://developers.facebook.com/docs/sharing/webmasters/crawler)"
2a03:2880:f800:1b:: - - [19/Jun/2025:13:50:39 -0400] "GET /shopping/1930671758.phtml HTTP/1.1" 301 0 "-" "meta-externalagent/1.1 (+https://developers.facebook.com/docs/sharing/webmasters/crawler)"
2a03:2880:f800:14:: - - [19/Jun/2025:13:50:39 -0400] "GET /shopping/2234933436.phtml HTTP/1.1" 301 0 "-" "meta-externalagent/1.1 (+https://developers.facebook.com/docs/sharing/webmasters/crawler)"
2a03:2880:f800:d:: - - [19/Jun/2025:13:50:39 -0400] "GET /shopping/1931038040.phtml HTTP/1.1" 301 0 "-" "meta-externalagent/1.1 (+https://developers.facebook.com/docs/sharing/webmasters/crawler)"
2a03:2880:f800:18:: - - [19/Jun/2025:13:50:40 -0400] "GET /shopping/2712685836.phtml HTTP/1.1" 301 0 "-" "meta-externalagent/1.1 (+https://developers.facebook.com/docs/sharing/webmasters/crawler)"
2a03:2880:f800:1c:: - - [19/Jun/2025:13:50:40 -0400] "GET /shopping/2034657024.phtml HTTP/1.1" 301 0 "-" "meta-externalagent/1.1 (+https://developers.facebook.com/docs/sharing/webmasters/crawler)"
2a03:2880:f800:18:: - - [19/Jun/2025:13:50:41 -0400] "GET /shopping/2378003812.phtml HTTP/1.1" 301 0 "-" "meta-externalagent/1.1 (+https://developers.facebook.com/docs/sharing/webmasters/crawler)"
2a03:2880:f800:14:: - - [19/Jun/2025:13:50:42 -0400] "GET /shopping/1980437138.phtml HTTP/1.1" 301 0 "-" "meta-externalagent/1.1 (+https://developers.facebook.com/docs/sharing/webmasters/crawler)"
2a03:2880:f800:3:: - - [19/Jun/2025:13:50:42 -0400] "GET /shopping/2387434180.phtml HTTP/1.1" 301 0 "-" "meta-externalagent/1.1 (+https://developers.facebook.com/docs/sharing/webmasters/crawler)"
2a03:2880:f800:1:: - - [19/Jun/2025:13:50:43 -0400] "GET /shopping/2387242706.phtml HTTP/1.1" 301 0 "-" "meta-externalagent/1.1 (+https://developers.facebook.com/docs/sharing/webmasters/crawler)"
2a03:2880:f800:7:: - - [19/Jun/2025:13:50:42 -0400] "GET /shopping/1347770150.phtml HTTP/1.1" 301 0 "-" "meta-externalagent/1.1 (+https://developers.facebook.com/docs/sharing/webmasters/crawler)"
2a03:2880:f800:a:: - - [19/Jun/2025:13:50:44 -0400] "GET /shopping/1348254124.phtml HTTP/1.1" 301 0 "-" "meta-externalagent/1.1 (+https://developers.facebook.com/docs/sharing/webmasters/crawler)"
2a03:2880:f800:11:: - - [19/Jun/2025:13:50:44 -0400] "GET /shopping/2534702946.phtml HTTP/1.1" 301 0 "-" "meta-externalagent/1.1 (+https://developers.facebook.com/docs/sharing/webmasters/crawler)"
2a03:2880:f800:e:: - - [19/Jun/2025:13:50:47 -0400] "GET /shopping/1740342906.phtml HTTP/1.1" 301 0 "-" "meta-externalagent/1.1 (+https://developers.facebook.com/docs/sharing/webmasters/crawler)"
2a03:2880:f800:14:: - - [19/Jun/2025:13:50:48 -0400] "GET /shopping/1918409588.phtml HTTP/1.1" 301 0 "-" "meta-externalagent/1.1 (+https://developers.facebook.com/docs/sharing/webmasters/crawler)"
2a03:2880:f800:18:: - - [19/Jun/2025:13:50:49 -0400] "GET /shopping/1960149720.phtml HTTP/1.1" 301 0 "-" "meta-externalagent/1.1 (+https://developers.facebook.com/docs/sharing/webmasters/crawler)"
2a03:2880:f800:6:: - - [19/Jun/2025:13:50:52 -0400] "GET /shopping/875574914.phtml HTTP/1.1" 301 0 "-" "meta-externalagent/1.1 (+https://developers.facebook.com/docs/sharing/webmasters/crawler)"
114.119.154.6 - - [19/Jun/2025:13:50:53 -0400] "GET /category/jungle-juice-manhwa/page/19/ HTTP/1.1" 200 11467 "https://w4.junglejuicewebtoon.com/category/jungle-juice-manhwa/page/20/" "Mozilla/5.0 (Linux; Android 7.0;) AppleWebKit/537.36 (KHTML, like Gecko) Mobile Safari/537.36 (compatible; PetalBot;+https://webmaster.petalsearch.com/site/petalbot)"
2a03:2880:f800:10:: - - [19/Jun/2025:13:50:55 -0400] "GET /shopping/2534679080.phtml HTTP/1.1" 301 0 "-" "meta-externalagent/1.1 (+https://developers.facebook.com/docs/sharing/webmasters/crawler)"
2a03:2880:f800:d:: - - [19/Jun/2025:13:50:55 -0400] "GET /shopping/1930786380.phtml HTTP/1.1" 301 0 "-" "meta-externalagent/1.1 (+https://developers.facebook.com/docs/sharing/webmasters/crawler)"
2a03:2880:f800:5:: - - [19/Jun/2025:13:50:57 -0400] "GET /shopping/875757636.phtml HTTP/1.1" 301 0 "-" "meta-externalagent/1.1 (+https://developers.facebook.com/docs/sharing/webmasters/crawler)"
2a03:2880:f800:14:: - - [19/Jun/2025:13:50:57 -0400] "GET /shopping/2095676190.phtml HTTP/1.1" 301 0 "-" "meta-externalagent/1.1 (+https://developers.facebook.com/docs/sharing/webmasters/crawler)"
162.0.232.193 - - [19/Jun/2025:13:51:00 -0400] "POST /wp-cron.php?doing_wp_cron=1750355460.2968690395355224609375 HTTP/1.1" 200 0 "-" "WordPress/6.7.2; https://w4.junglejuicewebtoon.com"
2a03:2880:f800:3:: - - [19/Jun/2025:13:50:59 -0400] "GET /shopping/1980440788.phtml HTTP/1.1" 301 0 "-" "meta-externalagent/1.1 (+https://developers.facebook.com/docs/sharing/webmasters/crawler)"
162.0.232.193 - - [19/Jun/2025:13:51:00 -0400] "POST /wp-admin/admin-ajax.php?action=async_litespeed&nonce=btsLwjbqG6Q0NaP7V45nScKbcRk1QWqg&litespeed_type=imgoptm HTTP/1.1" 200 5 "-" "WordPress/6.7.2; https://w4.junglejuicewebtoon.com"
2a03:2880:f800:1b:: - - [19/Jun/2025:13:51:13 -0400] "GET /shopping/1348405936.phtml HTTP/1.1" 301 0 "-" "meta-externalagent/1.1 (+https://developers.facebook.com/docs/sharing/webmasters/crawler)"
162.0.232.193 - - [19/Jun/2025:13:51:27 -0400] "POST /wp-cron.php?doing_wp_cron=1750355487.5044670104980468750000 HTTP/1.1" 200 0 "-" "WordPress/6.7.2; https://w4.junglejuicewebtoon.com"
2a03:2880:f800:3:: - - [19/Jun/2025:13:51:27 -0400] "GET /shopping/2534505790.phtml HTTP/1.1" 301 0 "-" "meta-externalagent/1.1 (+https://developers.facebook.com/docs/sharing/webmasters/crawler)"
162.0.232.193 - - [19/Jun/2025:13:51:30 -0400] "GET /wp-content/uploads/36f5b53d6c6d3d6b1e9dd0027baac2ed_1435.xml HTTP/1.1" 200 1057 "-" "Mozilla/5.0 (X11; Linux x86_64) AppleWebKit/537.36 (KHTML, like Gecko) Ubuntu Chromium/41.0.2272.76"
51.222.253.20 - - [19/Jun/2025:13:51:39 -0400] "GET /manga1/jungle-juice-chapter-143/ HTTP/1.1" 200 10338 "-" "Mozilla/5.0 (compatible; AhrefsBot/7.0; +http://ahrefs.com/robot/)"
2a03:2880:f800:6:: - - [19/Jun/2025:13:51:56 -0400] "GET /shopping/2712999746.phtml HTTP/1.1" 301 0 "-" "meta-externalagent/1.1 (+https://developers.facebook.com/docs/sharing/webmasters/crawler)"
162.0.232.193 - - [19/Jun/2025:13:52:28 -0400] "POST /wp-cron.php?doing_wp_cron=1750355547.8735499382019042968750 HTTP/1.1" 200 0 "-" "WordPress/6.7.2; https://w4.junglejuicewebtoon.com"
2a03:2880:f800:2:: - - [19/Jun/2025:13:52:26 -0400] "GET /shopping/1012324234.phtml HTTP/1.1" 301 0 "-" "meta-externalagent/1.1 (+https://developers.facebook.com/docs/sharing/webmasters/crawler)"
162.0.232.193 - - [19/Jun/2025:13:52:29 -0400] "POST /wp-admin/admin-ajax.php?action=async_litespeed&nonce=wIh52hMwhwMPnU6xrLhSLifiHKKCAJKC&litespeed_type=imgoptm HTTP/1.1" 200 0 "-" "WordPress/6.7.2; https://w4.junglejuicewebtoon.com"
2a03:2880:f800:15:: - - [19/Jun/2025:13:52:28 -0400] "GET /shopping/1012386616.phtml HTTP/1.1" 301 0 "-" "meta-externalagent/1.1 (+https://developers.facebook.com/docs/sharing/webmasters/crawler)"
66.249.79.227 - - [19/Jun/2025:13:52:32 -0400] "POST /get-message-notify HTTP/1.1" 301 0 "https://w4.junglejuicewebtoon.com/shopping/445320568.phtml" "Mozilla/5.0 (Linux; Android 6.0.1; Nexus 5X Build/MMB29P) AppleWebKit/537.36 (KHTML, like Gecko) Chrome/137.0.7151.68 Mobile Safari/537.36 (compatible; Googlebot/2.1; +http://www.google.com/bot.html)"
2a03:2880:f800:1d:: - - [19/Jun/2025:13:52:37 -0400] "GET /shopping/527312722.phtml HTTP/1.1" 301 0 "-" "meta-externalagent/1.1 (+https://developers.facebook.com/docs/sharing/webmasters/crawler)"
66.249.79.226 - - [19/Jun/2025:13:52:45 -0400] "POST /get-message-notify HTTP/1.1" 301 0 "https://w4.junglejuicewebtoon.com/?zhHant/product/surugaya/W16787785?campaign_uid=f64d716db5e979ed2f947dbaf4296895b951ae7f" "Mozilla/5.0 (Linux; Android 6.0.1; Nexus 5X Build/MMB29P) AppleWebKit/537.36 (KHTML, like Gecko) Chrome/137.0.7151.68 Mobile Safari/537.36 (compatible; Googlebot/2.1; +http://www.google.com/bot.html)"
2a03:2880:f800:13:: - - [19/Jun/2025:13:52:49 -0400] "GET /shopping/2565821608.phtml HTTP/1.1" 301 0 "-" "meta-externalagent/1.1 (+https://developers.facebook.com/docs/sharing/webmasters/crawler)"
114.119.157.54 - - [19/Jun/2025:13:52:55 -0400] "GET /category/jungle-juice-manhwa/page/14/ HTTP/1.1" 200 11530 "https://w4.junglejuicewebtoon.com/category/jungle-juice-manhwa/page/13/" "Mozilla/5.0 (Linux; Android 7.0;) AppleWebKit/537.36 (KHTML, like Gecko) Mobile Safari/537.36 (compatible; PetalBot;+https://webmaster.petalsearch.com/site/petalbot)"
162.0.232.193 - - [19/Jun/2025:13:52:59 -0400] "POST /wp-cron.php?doing_wp_cron=1750355579.7062869071960449218750 HTTP/1.1" 200 0 "-" "WordPress/6.7.2; https://w4.junglejuicewebtoon.com"
2a03:2880:f800:14:: - - [19/Jun/2025:13:52:59 -0400] "GET /shopping/2378090934.phtml HTTP/1.1" 301 0 "-" "meta-externalagent/1.1 (+https://developers.facebook.com/docs/sharing/webmasters/crawler)"
162.0.232.193 - - [19/Jun/2025:13:53:00 -0400] "POST /wp-admin/admin-ajax.php?action=async_litespeed&nonce=TqXADCNRLN1DaqsBST6qz8swE4q8ztEi&litespeed_type=imgoptm HTTP/1.1" 200 5 "-" "WordPress/6.7.2; https://w4.junglejuicewebtoon.com"
2a03:2880:f800:7:: - - [19/Jun/2025:13:53:07 -0400] "GET /shopping/969769488.phtml HTTP/1.1" 301 0 "-" "meta-externalagent/1.1 (+https://developers.facebook.com/docs/sharing/webmasters/crawler)"
2a03:2880:f800:a:: - - [19/Jun/2025:13:53:10 -0400] "GET /shopping/1347765838.phtml HTTP/1.1" 301 0 "-" "meta-externalagent/1.1 (+https://developers.facebook.com/docs/sharing/webmasters/crawler)"
162.0.232.193 - - [19/Jun/2025:13:53:14 -0400] "POST /wp-cron.php?doing_wp_cron=1750355594.3772270679473876953125 HTTP/1.1" 200 0 "-" "WordPress/6.7.2; https://w4.junglejuicewebtoon.com"
2a03:2880:f800:3:: - - [19/Jun/2025:13:53:14 -0400] "GET /shopping/1918343880.phtml HTTP/1.1" 301 0 "-" "meta-externalagent/1.1 (+https://developers.facebook.com/docs/sharing/webmasters/crawler)"
162.0.232.193 - - [19/Jun/2025:13:53:18 -0400] "GET /wp-content/uploads/36f5b53d6c6d3d6b1e9dd0027baac2ed_1435.xml HTTP/1.1" 200 1057 "-" "Mozilla/5.0 (X11; Linux x86_64) AppleWebKit/537.36 (KHTML, like Gecko) Ubuntu Chromium/41.0.2272.76"
2a03:2880:f800:18:: - - [19/Jun/2025:13:53:41 -0400] "GET /shopping/1210174448.phtml HTTP/1.1" 301 0 "-" "meta-externalagent/1.1 (+https://developers.facebook.com/docs/sharing/webmasters/crawler)"
114.119.157.54 - - [19/Jun/2025:13:53:56 -0400] "GET /category/jungle-juice-webtoon/page/23/ HTTP/1.1" 200 11216 "https://w4.junglejuicewebtoon.com/category/jungle-juice-webtoon/page/22/" "Mozilla/5.0 (Linux; Android 7.0;) AppleWebKit/537.36 (KHTML, like Gecko) Mobile Safari/537.36 (compatible; PetalBot;+https://webmaster.petalsearch.com/site/petalbot)"
2a03:2880:f800:9:: - - [19/Jun/2025:13:54:07 -0400] "GET /shopping/2234584368.phtml HTTP/1.1" 301 0 "-" "meta-externalagent/1.1 (+https://developers.facebook.com/docs/sharing/webmasters/crawler)"
2a03:2880:f800:2:: - - [19/Jun/2025:13:54:11 -0400] "GET /shopping/1012059382.phtml HTTP/1.1" 301 0 "-" "meta-externalagent/1.1 (+https://developers.facebook.com/docs/sharing/webmasters/crawler)"
2a03:2880:f800:1a:: - - [19/Jun/2025:13:54:11 -0400] "GET /shopping/2263051510.phtml HTTP/1.1" 301 0 "-" "meta-externalagent/1.1 (+https://developers.facebook.com/docs/sharing/webmasters/crawler)"
162.0.232.193 - - [19/Jun/2025:13:54:27 -0400] "POST /wp-cron.php?doing_wp_cron=1750355667.3816781044006347656250 HTTP/1.1" 200 0 "-" "WordPress/6.7.2; https://w4.junglejuicewebtoon.com"
2a03:2880:f800:15:: - - [19/Jun/2025:13:54:26 -0400] "GET /shopping/2377924440.phtml HTTP/1.1" 301 0 "-" "meta-externalagent/1.1 (+https://developers.facebook.com/docs/sharing/webmasters/crawler)"
162.0.232.193 - - [19/Jun/2025:13:54:28 -0400] "POST /wp-admin/admin-ajax.php?action=async_litespeed&nonce=9kSzukx3Ok0sTU0I88YvT2NvoKIXNqVi&litespeed_type=imgoptm HTTP/1.1" 200 5 "-" "WordPress/6.7.2; https://w4.junglejuicewebtoon.com"
2a03:2880:f800:3:: - - [19/Jun/2025:13:54:29 -0400] "GET /shopping/1930898354.phtml HTTP/1.1" 301 0 "-" "meta-externalagent/1.1 (+https://developers.facebook.com/docs/sharing/webmasters/crawler)"
2a03:2880:f800:12:: - - [19/Jun/2025:13:54:31 -0400] "GET /shopping/1540634344.phtml HTTP/1.1" 301 0 "-" "meta-externalagent/1.1 (+https://developers.facebook.com/docs/sharing/webmasters/crawler)"
66.249.79.226 - - [19/Jun/2025:13:54:32 -0400] "GET /shopping/36500204.phtml HTTP/1.1" 200 18612 "-" "Mozilla/5.0 (Linux; Android 6.0.1; Nexus 5X Build/MMB29P) AppleWebKit/537.36 (KHTML, like Gecko) Chrome/137.0.7151.103 Mobile Safari/537.36 (compatible; GoogleOther)"
2a03:2880:f800:3:: - - [19/Jun/2025:13:54:39 -0400] "GET /shopping/2473414228.phtml HTTP/1.1" 301 0 "-" "meta-externalagent/1.1 (+https://developers.facebook.com/docs/sharing/webmasters/crawler)"
2a03:2880:f800:1:: - - [19/Jun/2025:13:54:41 -0400] "GET /shopping/2046638546.phtml HTTP/1.1" 301 0 "-" "meta-externalagent/1.1 (+https://developers.facebook.com/docs/sharing/webmasters/crawler)"
2a03:2880:f800:19:: - - [19/Jun/2025:13:54:41 -0400] "GET /shopping/2712872722.phtml HTTP/1.1" 301 0 "-" "meta-externalagent/1.1 (+https://developers.facebook.com/docs/sharing/webmasters/crawler)"
162.0.232.193 - - [19/Jun/2025:13:55:44 -0400] "POST /wp-cron.php?doing_wp_cron=1750355744.3322079181671142578125 HTTP/1.1" 200 0 "-" "WordPress/6.7.2; https://w4.junglejuicewebtoon.com"
2a03:2880:f800:a:: - - [19/Jun/2025:13:55:44 -0400] "GET /shopping/861007972.phtml HTTP/1.1" 301 0 "-" "meta-externalagent/1.1 (+https://developers.facebook.com/docs/sharing/webmasters/crawler)"
162.0.232.193 - - [19/Jun/2025:13:55:45 -0400] "POST /wp-admin/admin-ajax.php?action=async_litespeed&nonce=1TuGRWOwkhg3vvjBCC1VD1Dlq0KzXYLY&litespeed_type=imgoptm HTTP/1.1" 200 0 "-" "WordPress/6.7.2; https://w4.junglejuicewebtoon.com"
162.0.232.193 - - [19/Jun/2025:13:55:48 -0400] "GET /wp-content/uploads/36f5b53d6c6d3d6b1e9dd0027baac2ed_1435.xml HTTP/1.1" 200 1057 "-" "Mozilla/5.0 (X11; Linux x86_64) AppleWebKit/537.36 (KHTML, like Gecko) Ubuntu Chromium/41.0.2272.76"
2a03:2880:f800:1c:: - - [19/Jun/2025:13:55:55 -0400] "GET /shopping/1483623516.phtml HTTP/1.1" 301 0 "-" "meta-externalagent/1.1 (+https://developers.facebook.com/docs/sharing/webmasters/crawler)"
2a03:2880:f800:c:: - - [19/Jun/2025:13:55:58 -0400] "GET /shopping/2338575416.phtml HTTP/1.1" 301 0 "-" "meta-externalagent/1.1 (+https://developers.facebook.com/docs/sharing/webmasters/crawler)"
2a03:2880:f800:19:: - - [19/Jun/2025:13:55:59 -0400] "GET /shopping/2566110666.phtml HTTP/1.1" 301 0 "-" "meta-externalagent/1.1 (+https://developers.facebook.com/docs/sharing/webmasters/crawler)"
66.249.79.226 - - [19/Jun/2025:13:56:00 -0400] "GET /shopping/650751590.phtml HTTP/1.1" 200 18387 "-" "Mozilla/5.0 (Linux; Android 6.0.1; Nexus 5X Build/MMB29P) AppleWebKit/537.36 (KHTML, like Gecko) Chrome/137.0.7151.103 Mobile Safari/537.36 (compatible; Googlebot/2.1; +http://www.google.com/bot.html)"
2a03:2880:f800:14:: - - [19/Jun/2025:13:56:09 -0400] "GET /shopping/1527341848.phtml HTTP/1.1" 301 0 "-" "meta-externalagent/1.1 (+https://developers.facebook.com/docs/sharing/webmasters/crawler)"
2001:ee0:429d:3f6:ad59:3c69:f654:d30d - - [19/Jun/2025:13:56:32 -0400] "GET /manga1/jungle-juice-chapter-120/ HTTP/1.1" 200 10809 "-" "Mozilla/5.0 (Windows NT 10.0; Win64; x64) AppleWebKit/537.36 (KHTML, like Gecko) Chrome/122.0.0.0 Safari/537.36"
162.0.232.193 - - [19/Jun/2025:13:56:47 -0400] "POST /wp-cron.php?doing_wp_cron=1750355807.3157689571380615234375 HTTP/1.1" 200 0 "-" "WordPress/6.7.2; https://w4.junglejuicewebtoon.com"
2a03:2880:f800:1d:: - - [19/Jun/2025:13:56:46 -0400] "GET /shopping/2080435852.phtml HTTP/1.1" 301 0 "-" "meta-externalagent/1.1 (+https://developers.facebook.com/docs/sharing/webmasters/crawler)"
162.0.232.193 - - [19/Jun/2025:13:56:48 -0400] "POST /wp-admin/admin-ajax.php?action=async_litespeed&nonce=yrxijNeIWExsmq0lx2CvMyB7XEYOccL7&litespeed_type=imgoptm HTTP/1.1" 200 5 "-" "WordPress/6.7.2; https://w4.junglejuicewebtoon.com"
2a03:2880:f800:10:: - - [19/Jun/2025:13:56:48 -0400] "GET /shopping/2263123774.phtml HTTP/1.1" 301 0 "-" "meta-externalagent/1.1 (+https://developers.facebook.com/docs/sharing/webmasters/crawler)"
2a03:2880:f800:1:: - - [19/Jun/2025:13:56:49 -0400] "GET /shopping/2387221036.phtml HTTP/1.1" 301 0 "-" "meta-externalagent/1.1 (+https://developers.facebook.com/docs/sharing/webmasters/crawler)"
162.0.232.193 - - [19/Jun/2025:13:56:50 -0400] "POST /wp-cron.php?doing_wp_cron=1750355810.6208438873291015625000 HTTP/1.1" 200 0 "-" "WordPress/6.7.2; https://w4.junglejuicewebtoon.com"
2a03:2880:f800:9:: - - [19/Jun/2025:13:56:50 -0400] "GET /shopping/1980057580.phtml HTTP/1.1" 301 0 "-" "meta-externalagent/1.1 (+https://developers.facebook.com/docs/sharing/webmasters/crawler)"
2a03:2880:f800:4:: - - [19/Jun/2025:13:56:50 -0400] "GET /shopping/1917693368.phtml HTTP/1.1" 301 0 "-" "meta-externalagent/1.1 (+https://developers.facebook.com/docs/sharing/webmasters/crawler)"
2a03:2880:f800:12:: - - [19/Jun/2025:13:56:51 -0400] "GET /shopping/2046939878.phtml HTTP/1.1" 301 0 "-" "meta-externalagent/1.1 (+https://developers.facebook.com/docs/sharing/webmasters/crawler)"
2a03:2880:f800:b:: - - [19/Jun/2025:13:56:52 -0400] "GET /shopping/2378161406.phtml HTTP/1.1" 301 0 "-" "meta-externalagent/1.1 (+https://developers.facebook.com/docs/sharing/webmasters/crawler)"
2a03:2880:f800:8:: - - [19/Jun/2025:13:56:54 -0400] "GET /shopping/1918364180.phtml HTTP/1.1" 301 0 "-" "meta-externalagent/1.1 (+https://developers.facebook.com/docs/sharing/webmasters/crawler)"
2a03:2880:f800:1b:: - - [19/Jun/2025:13:56:57 -0400] "GET /shopping/2315315528.phtml HTTP/1.1" 301 0 "-" "meta-externalagent/1.1 (+https://developers.facebook.com/docs/sharing/webmasters/crawler)"
2a03:2880:f800:12:: - - [19/Jun/2025:13:56:57 -0400] "GET /shopping/2387659858.phtml HTTP/1.1" 301 0 "-" "meta-externalagent/1.1 (+https://developers.facebook.com/docs/sharing/webmasters/crawler)"
162.0.232.193 - - [19/Jun/2025:13:56:59 -0400] "POST /wp-cron.php?doing_wp_cron=1750355819.2735769748687744140625 HTTP/1.1" 200 0 "-" "WordPress/6.7.2; https://w4.junglejuicewebtoon.com"
2a03:2880:f800:14:: - - [19/Jun/2025:13:56:58 -0400] "GET /shopping/2315644040.phtml HTTP/1.1" 301 0 "-" "meta-externalagent/1.1 (+https://developers.facebook.com/docs/sharing/webmasters/crawler)"
2a03:2880:f800:5:: - - [19/Jun/2025:13:56:59 -0400] "GET /shopping/2534470716.phtml HTTP/1.1" 301 0 "-" "meta-externalagent/1.1 (+https://developers.facebook.com/docs/sharing/webmasters/crawler)"
2a03:2880:f800:c:: - - [19/Jun/2025:13:56:59 -0400] "GET /shopping/1980226318.phtml HTTP/1.1" 301 0 "-" "meta-externalagent/1.1 (+https://developers.facebook.com/docs/sharing/webmasters/crawler)"
162.0.232.193 - - [19/Jun/2025:13:56:59 -0400] "POST /wp-admin/admin-ajax.php?action=async_litespeed&nonce=4l750pCKkhD8BojBCE8jA2XFZH3DPTTT&litespeed_type=imgoptm HTTP/1.1" 200 5 "-" "WordPress/6.7.2; https://w4.junglejuicewebtoon.com"
2a03:2880:f800:d:: - - [19/Jun/2025:13:57:00 -0400] "GET /shopping/2473459380.phtml HTTP/1.1" 301 0 "-" "meta-externalagent/1.1 (+https://developers.facebook.com/docs/sharing/webmasters/crawler)"
2a03:2880:f800:13:: - - [19/Jun/2025:13:57:00 -0400] "GET /shopping/1918016370.phtml HTTP/1.1" 301 0 "-" "meta-externalagent/1.1 (+https://developers.facebook.com/docs/sharing/webmasters/crawler)"
2a03:2880:f800:5:: - - [19/Jun/2025:13:57:01 -0400] "GET /shopping/2387405806.phtml HTTP/1.1" 301 0 "-" "meta-externalagent/1.1 (+https://developers.facebook.com/docs/sharing/webmasters/crawler)"
2a03:2880:f800:13:: - - [19/Jun/2025:13:57:02 -0400] "GET /shopping/2095322682.phtml HTTP/1.1" 301 0 "-" "meta-externalagent/1.1 (+https://developers.facebook.com/docs/sharing/webmasters/crawler)"
2a03:2880:f800:1a:: - - [19/Jun/2025:13:57:01 -0400] "GET /shopping/1980468966.phtml HTTP/1.1" 301 0 "-" "meta-externalagent/1.1 (+https://developers.facebook.com/docs/sharing/webmasters/crawler)"
2a03:2880:f800:d:: - - [19/Jun/2025:13:57:02 -0400] "GET /shopping/1430347368.phtml HTTP/1.1" 301 0 "-" "meta-externalagent/1.1 (+https://developers.facebook.com/docs/sharing/webmasters/crawler)"
66.249.79.224 - - [19/Jun/2025:13:57:03 -0400] "GET /shopping/445286432.phtml HTTP/1.1" 200 19771 "-" "Mozilla/5.0 (Linux; Android 6.0.1; Nexus 5X Build/MMB29P) AppleWebKit/537.36 (KHTML, like Gecko) Chrome/137.0.7151.103 Mobile Safari/537.36 (compatible; Googlebot/2.1; +http://www.google.com/bot.html)"
2a03:2880:f800:1:: - - [19/Jun/2025:13:57:10 -0400] "GET /shopping/527411440.phtml HTTP/1.1" 301 0 "-" "meta-externalagent/1.1 (+https://developers.facebook.com/docs/sharing/webmasters/crawler)"
66.249.79.225 - - [19/Jun/2025:13:57:12 -0400] "POST /get-message-notify HTTP/1.1" 301 0 "https://w4.junglejuicewebtoon.com/shopping/445286432.phtml" "Mozilla/5.0 (Linux; Android 6.0.1; Nexus 5X Build/MMB29P) AppleWebKit/537.36 (KHTML, like Gecko) Chrome/137.0.7151.68 Mobile Safari/537.36 (compatible; Googlebot/2.1; +http://www.google.com/bot.html)"
162.0.232.193 - - [19/Jun/2025:13:57:19 -0400] "POST /wp-cron.php?doing_wp_cron=1750355839.3532280921936035156250 HTTP/1.1" 200 0 "-" "WordPress/6.7.2; https://w4.junglejuicewebtoon.com"
2a03:2880:f800:c:: - - [19/Jun/2025:13:57:19 -0400] "GET /shopping/2614469600.phtml HTTP/1.1" 301 0 "-" "meta-externalagent/1.1 (+https://developers.facebook.com/docs/sharing/webmasters/crawler)"
162.0.232.193 - - [19/Jun/2025:13:57:21 -0400] "GET /wp-content/uploads/36f5b53d6c6d3d6b1e9dd0027baac2ed_1435.xml HTTP/1.1" 200 1298 "-" "Mozilla/5.0 (X11; Linux x86_64) AppleWebKit/537.36 (KHTML, like Gecko) Ubuntu Chromium/41.0.2272.76"
114.119.154.6 - - [19/Jun/2025:13:57:44 -0400] "GET / HTTP/1.1" 200 10321 "https://junglejuicewebtoon.com/tag/jungle-juice-characters/" "Mozilla/5.0 (Linux; Android 7.0;) AppleWebKit/537.36 (KHTML, like Gecko) Mobile Safari/537.36 (compatible; PetalBot;+https://webmaster.petalsearch.com/site/petalbot)"
2a03:2880:f800:d:: - - [19/Jun/2025:13:57:46 -0400] "GET /shopping/1527028002.phtml HTTP/1.1" 301 0 "-" "meta-externalagent/1.1 (+https://developers.facebook.com/docs/sharing/webmasters/crawler)"
2a03:2880:f800:11:: - - [19/Jun/2025:13:57:47 -0400] "GET /shopping/2035060576.phtml HTTP/1.1" 301 0 "-" "meta-externalagent/1.1 (+https://developers.facebook.com/docs/sharing/webmasters/crawler)"
162.0.232.193 - - [19/Jun/2025:13:58:24 -0400] "POST /wp-cron.php?doing_wp_cron=1750355903.8816509246826171875000 HTTP/1.1" 200 0 "-" "WordPress/6.7.2; https://w4.junglejuicewebtoon.com"
2a03:2880:f800:1a:: - - [19/Jun/2025:13:58:23 -0400] "GET /shopping/1214488674.phtml HTTP/1.1" 301 0 "-" "meta-externalagent/1.1 (+https://developers.facebook.com/docs/sharing/webmasters/crawler)"
162.0.232.193 - - [19/Jun/2025:13:58:25 -0400] "POST /wp-admin/admin-ajax.php?action=async_litespeed&nonce=nyqc1RrrRS6Lyr4WWXELCGM1kzqdRezR&litespeed_type=imgoptm HTTP/1.1" 200 5 "-" "WordPress/6.7.2; https://w4.junglejuicewebtoon.com"
2a03:2880:f800:e:: - - [19/Jun/2025:13:58:28 -0400] "GET /shopping/2315247444.phtml HTTP/1.1" 301 0 "-" "meta-externalagent/1.1 (+https://developers.facebook.com/docs/sharing/webmasters/crawler)"
2a03:2880:f800:11:: - - [19/Jun/2025:13:58:39 -0400] "GET /shopping/1740605726.phtml HTTP/1.1" 301 0 "-" "meta-externalagent/1.1 (+https://developers.facebook.com/docs/sharing/webmasters/crawler)"
2a03:2880:f800:7:: - - [19/Jun/2025:13:58:54 -0400] "GET /shopping/1930955246.phtml HTTP/1.1" 301 0 "-" "meta-externalagent/1.1 (+https://developers.facebook.com/docs/sharing/webmasters/crawler)"
162.0.232.193 - - [19/Jun/2025:13:58:59 -0400] "POST /wp-cron.php?doing_wp_cron=1750355939.5060780048370361328125 HTTP/1.1" 200 0 "-" "WordPress/6.7.2; https://w4.junglejuicewebtoon.com"
2a03:2880:f800:3:: - - [19/Jun/2025:13:58:59 -0400] "GET /shopping/1959988816.phtml HTTP/1.1" 301 0 "-" "meta-externalagent/1.1 (+https://developers.facebook.com/docs/sharing/webmasters/crawler)"
162.0.232.193 - - [19/Jun/2025:13:59:00 -0400] "POST /wp-admin/admin-ajax.php?action=async_litespeed&nonce=vE5YBHH27dVI2WIucPif7DJccy2EENKa&litespeed_type=imgoptm HTTP/1.1" 200 5 "-" "WordPress/6.7.2; https://w4.junglejuicewebtoon.com"
162.0.232.193 - - [19/Jun/2025:13:59:15 -0400] "POST /wp-cron.php?doing_wp_cron=1750355954.8986370563507080078125 HTTP/1.1" 200 0 "-" "WordPress/6.7.2; https://w4.junglejuicewebtoon.com"
47.128.121.226 - - [19/Jun/2025:13:59:14 -0400] "GET / HTTP/1.1" 200 10312 "-" "Mozilla/5.0 (Linux; Android 5.0) AppleWebKit/537.36 (KHTML, like Gecko) Mobile Safari/537.36 (compatible; Bytespider; [email protected])"
162.0.232.193 - - [19/Jun/2025:13:59:17 -0400] "GET /wp-content/uploads/36f5b53d6c6d3d6b1e9dd0027baac2ed_1435.xml HTTP/1.1" 200 1298 "-" "Mozilla/5.0 (X11; Linux x86_64) AppleWebKit/537.36 (KHTML, like Gecko) Ubuntu Chromium/41.0.2272.76"
51.222.253.20 - - [19/Jun/2025:13:59:35 -0400] "GET /manga1/jungle-juice-chapter-67/ HTTP/1.1" 200 10388 "-" "Mozilla/5.0 (compatible; AhrefsBot/7.0; +http://ahrefs.com/robot/)"
2a03:2880:f800:7:: - - [19/Jun/2025:13:59:42 -0400] "GET /shopping/1348325726.phtml HTTP/1.1" 301 0 "-" "meta-externalagent/1.1 (+https://developers.facebook.com/docs/sharing/webmasters/crawler)"
2a03:2880:f800:9:: - - [19/Jun/2025:13:59:57 -0400] "GET /shopping/2235250656.phtml HTTP/1.1" 301 0 "-" "meta-externalagent/1.1 (+https://developers.facebook.com/docs/sharing/webmasters/crawler)"
2a03:2880:f800:13:: - - [19/Jun/2025:14:00:12 -0400] "GET /shopping/1527476834.phtml HTTP/1.1" 301 0 "-" "meta-externalagent/1.1 (+https://developers.facebook.com/docs/sharing/webmasters/crawler)"
162.0.232.193 - - [19/Jun/2025:14:00:17 -0400] "POST /wp-cron.php?doing_wp_cron=1750356017.1872310638427734375000 HTTP/1.1" 200 0 "-" "WordPress/6.7.2; https://w4.junglejuicewebtoon.com"
162.0.232.193 - - [19/Jun/2025:14:00:18 -0400] "POST /wp-admin/admin-ajax.php?action=async_litespeed&nonce=qNKrOdPjBk6GUAb1Dj6KCukjNzSOfYrV&litespeed_type=imgoptm HTTP/1.1" 200 0 "-" "WordPress/6.7.2; https://w4.junglejuicewebtoon.com"
2a03:2880:f800:1:: - - [19/Jun/2025:14:00:24 -0400] "GET /shopping/2080479064.phtml HTTP/1.1" 301 0 "-" "meta-externalagent/1.1 (+https://developers.facebook.com/docs/sharing/webmasters/crawler)"
162.0.232.193 - - [19/Jun/2025:14:00:35 -0400] "POST /wp-cron.php?doing_wp_cron=1750356035.2907729148864746093750 HTTP/1.1" 200 0 "-" "WordPress/6.7.2; https://w4.junglejuicewebtoon.com"
2a03:2880:f800:a:: - - [19/Jun/2025:14:00:34 -0400] "GET /shopping/1836083028.phtml HTTP/1.1" 301 0 "-" "meta-externalagent/1.1 (+https://developers.facebook.com/docs/sharing/webmasters/crawler)"
162.0.232.193 - - [19/Jun/2025:14:01:12 -0400] "POST /wp-cron.php?doing_wp_cron=1750356071.3197450637817382812500 HTTP/1.1" 200 0 "-" "WordPress/6.7.2; https://w4.junglejuicewebtoon.com"
2a03:2880:f800:19:: - - [19/Jun/2025:14:01:09 -0400] "GET /shopping/2712725546.phtml HTTP/1.1" 301 0 "-" "meta-externalagent/1.1 (+https://developers.facebook.com/docs/sharing/webmasters/crawler)"
162.0.232.193 - - [19/Jun/2025:14:01:15 -0400] "POST /wp-admin/admin-ajax.php?action=async_litespeed&nonce=QkoD5L7uG8HhrvM4Vq0N3yp4yVSdxs2N&litespeed_type=imgoptm HTTP/1.1" 200 0 "-" "WordPress/6.7.2; https://w4.junglejuicewebtoon.com"
162.0.232.193 - - [19/Jun/2025:14:01:18 -0400] "GET /wp-content/uploads/36f5b53d6c6d3d6b1e9dd0027baac2ed_1435.xml HTTP/1.1" 200 1298 "-" "Mozilla/5.0 (X11; Linux x86_64) AppleWebKit/537.36 (KHTML, like Gecko) Ubuntu Chromium/41.0.2272.76"
2a03:2880:f800:5:: - - [19/Jun/2025:14:01:37 -0400] "GET /shopping/1214318546.phtml HTTP/1.1" 301 0 "-" "meta-externalagent/1.1 (+https://developers.facebook.com/docs/sharing/webmasters/crawler)"
2a03:2880:f800:15:: - - [19/Jun/2025:14:01:45 -0400] "GET /shopping/1930832662.phtml HTTP/1.1" 301 0 "-" "meta-externalagent/1.1 (+https://developers.facebook.com/docs/sharing/webmasters/crawler)"
162.0.232.193 - - [19/Jun/2025:14:02:25 -0400] "POST /wp-cron.php?doing_wp_cron=1750356144.8743560314178466796875 HTTP/1.1" 200 0 "-" "WordPress/6.7.2; https://w4.junglejuicewebtoon.com"
2a03:2880:f800:14:: - - [19/Jun/2025:14:02:23 -0400] "GET /shopping/1214090820.phtml HTTP/1.1" 301 0 "-" "meta-externalagent/1.1 (+https://developers.facebook.com/docs/sharing/webmasters/crawler)"
162.0.232.193 - - [19/Jun/2025:14:02:26 -0400] "POST /wp-admin/admin-ajax.php?action=async_litespeed&nonce=GEvSyhT8zdzSZGmObDntGnsGlP991Cjn&litespeed_type=imgoptm HTTP/1.1" 200 0 "-" "WordPress/6.7.2; https://w4.junglejuicewebtoon.com"
2a03:2880:f800:8:: - - [19/Jun/2025:14:02:32 -0400] "GET /shopping/1213953590.phtml HTTP/1.1" 301 0 "-" "meta-externalagent/1.1 (+https://developers.facebook.com/docs/sharing/webmasters/crawler)"
2a03:2880:f800:4:: - - [19/Jun/2025:14:02:42 -0400] "GET /shopping/2713134668.phtml HTTP/1.1" 301 0 "-" "meta-externalagent/1.1 (+https://developers.facebook.com/docs/sharing/webmasters/crawler)"
162.0.232.193 - - [19/Jun/2025:14:03:02 -0400] "POST /wp-cron.php?doing_wp_cron=1750356182.7229769229888916015625 HTTP/1.1" 200 0 "-" "WordPress/6.7.2; https://w4.junglejuicewebtoon.com"
2a03:2880:f800:1d:: - - [19/Jun/2025:14:03:02 -0400] "GET /shopping/2712500998.phtml HTTP/1.1" 301 0 "-" "meta-externalagent/1.1 (+https://developers.facebook.com/docs/sharing/webmasters/crawler)"
162.0.232.193 - - [19/Jun/2025:14:03:03 -0400] "POST /wp-admin/admin-ajax.php?action=async_litespeed&nonce=eMg3WHMx0L4cOcYJIcp1wuDrzkRgqZPP&litespeed_type=imgoptm HTTP/1.1" 200 5 "-" "WordPress/6.7.2; https://w4.junglejuicewebtoon.com"
66.249.79.232 - - [19/Jun/2025:14:03:07 -0400] "GET /shopping/36559212.phtml HTTP/1.1" 200 20354 "-" "Mozilla/5.0 (Linux; Android 6.0.1; Nexus 5X Build/MMB29P) AppleWebKit/537.36 (KHTML, like Gecko) Chrome/137.0.7151.103 Mobile Safari/537.36 (compatible; GoogleOther)"
162.0.232.193 - - [19/Jun/2025:14:03:23 -0400] "POST /wp-cron.php?doing_wp_cron=1750356203.3845820426940917968750 HTTP/1.1" 200 0 "-" "WordPress/6.7.2; https://w4.junglejuicewebtoon.com"
2a03:2880:f800:13:: - - [19/Jun/2025:14:03:22 -0400] "GET /shopping/2339101100.phtml HTTP/1.1" 301 0 "-" "meta-externalagent/1.1 (+https://developers.facebook.com/docs/sharing/webmasters/crawler)"
162.0.232.193 - - [19/Jun/2025:14:03:27 -0400] "GET /wp-content/uploads/36f5b53d6c6d3d6b1e9dd0027baac2ed_1435.xml HTTP/1.1" 200 1298 "-" "Mozilla/5.0 (X11; Linux x86_64) AppleWebKit/537.36 (KHTML, like Gecko) Ubuntu Chromium/41.0.2272.76"
2a03:2880:f800:14:: - - [19/Jun/2025:14:03:30 -0400] "GET /shopping/969965466.phtml HTTP/1.1" 301 0 "-" "meta-externalagent/1.1 (+https://developers.facebook.com/docs/sharing/webmasters/crawler)"
2a03:2880:f800:1c:: - - [19/Jun/2025:14:03:38 -0400] "GET /shopping/2095241342.phtml HTTP/1.1" 301 0 "-" "meta-externalagent/1.1 (+https://developers.facebook.com/docs/sharing/webmasters/crawler)"
2a03:2880:f800:18:: - - [19/Jun/2025:14:03:42 -0400] "GET /shopping/1918155800.phtml HTTP/1.1" 301 0 "-" "meta-externalagent/1.1 (+https://developers.facebook.com/docs/sharing/webmasters/crawler)"
2a03:2880:f800:f:: - - [19/Jun/2025:14:03:42 -0400] "GET /shopping/1527469874.phtml HTTP/1.1" 301 0 "-" "meta-externalagent/1.1 (+https://developers.facebook.com/docs/sharing/webmasters/crawler)"
66.249.79.233 - - [19/Jun/2025:14:04:52 -0400] "GET /shopping/445364734.phtml HTTP/1.1" 200 18635 "-" "Mozilla/5.0 (Linux; Android 6.0.1; Nexus 5X Build/MMB29P) AppleWebKit/537.36 (KHTML, like Gecko) Chrome/137.0.7151.103 Mobile Safari/537.36 (compatible; Googlebot/2.1; +http://www.google.com/bot.html)"
162.0.232.193 - - [19/Jun/2025:14:05:00 -0400] "POST /wp-cron.php?doing_wp_cron=1750356300.4000329971313476562500 HTTP/1.1" 200 0 "-" "WordPress/6.7.2; https://w4.junglejuicewebtoon.com"
2a03:2880:f800:10:: - - [19/Jun/2025:14:05:00 -0400] "GET /shopping/1012229038.phtml HTTP/1.1" 301 0 "-" "meta-externalagent/1.1 (+https://developers.facebook.com/docs/sharing/webmasters/crawler)"
162.0.232.193 - - [19/Jun/2025:14:05:00 -0400] "POST /wp-admin/admin-ajax.php?action=async_litespeed&nonce=h0QQCQnrVkAFoqel5vv4zZug2cQYSVX6&litespeed_type=imgoptm HTTP/1.1" 200 0 "-" "WordPress/6.7.2; https://w4.junglejuicewebtoon.com"
162.0.232.193 - - [19/Jun/2025:14:05:05 -0400] "GET /wp-content/uploads/36f5b53d6c6d3d6b1e9dd0027baac2ed_1435.xml HTTP/1.1" 200 1298 "-" "Mozilla/5.0 (X11; Linux x86_64) AppleWebKit/537.36 (KHTML, like Gecko) Ubuntu Chromium/41.0.2272.76"
2a03:2880:f800:1d:: - - [19/Jun/2025:14:05:04 -0400] "GET /shopping/1483733374.phtml HTTP/1.1" 301 0 "-" "meta-externalagent/1.1 (+https://developers.facebook.com/docs/sharing/webmasters/crawler)"
43.159.128.155 - - [19/Jun/2025:14:05:34 -0400] "GET /manga1/jungle-juice-chapter-162/ HTTP/1.1" 200 10620 "-" "Mozilla/5.0 (iPhone; CPU iPhone OS 13_2_3 like Mac OS X) AppleWebKit/605.1.15 (KHTML, like Gecko) Version/13.0.3 Mobile/15E148 Safari/604.1"
