2a03:2880:f800:13:: - - [19/Jun/2025:10:32:21 -0400] "GET /shopping/531503234.phtml HTTP/1.1" 301 0 "-" "meta-externalagent/1.1 (+https://developers.facebook.com/docs/sharing/webmasters/crawler)"
2a03:2880:f800:1b:: - - [19/Jun/2025:10:32:21 -0400] "GET /shopping/2567948586.phtml HTTP/1.1" 301 0 "-" "meta-externalagent/1.1 (+https://developers.facebook.com/docs/sharing/webmasters/crawler)"
2a03:2880:f800:1:: - - [19/Jun/2025:10:32:22 -0400] "GET /shopping/794719378.phtml HTTP/1.1" 301 0 "-" "meta-externalagent/1.1 (+https://developers.facebook.com/docs/sharing/webmasters/crawler)"
2a03:2880:f800:6:: - - [19/Jun/2025:10:32:23 -0400] "GET /shopping/727061932.phtml HTTP/1.1" 301 0 "-" "meta-externalagent/1.1 (+https://developers.facebook.com/docs/sharing/webmasters/crawler)"
2a03:2880:f800:5:: - - [19/Jun/2025:10:32:23 -0400] "GET /shopping/62096888.phtml HTTP/1.1" 301 0 "-" "meta-externalagent/1.1 (+https://developers.facebook.com/docs/sharing/webmasters/crawler)"
2a03:2880:f800:18:: - - [19/Jun/2025:10:32:24 -0400] "GET /shopping/1076390590.phtml HTTP/1.1" 301 0 "-" "meta-externalagent/1.1 (+https://developers.facebook.com/docs/sharing/webmasters/crawler)"
2a03:2880:f800:16:: - - [19/Jun/2025:10:32:25 -0400] "GET /shopping/372001606.phtml HTTP/1.1" 301 0 "-" "meta-externalagent/1.1 (+https://developers.facebook.com/docs/sharing/webmasters/crawler)"
2a03:2880:f800:10:: - - [19/Jun/2025:10:32:26 -0400] "GET /shopping/217529022.phtml HTTP/1.1" 301 0 "-" "meta-externalagent/1.1 (+https://developers.facebook.com/docs/sharing/webmasters/crawler)"
2a03:2880:f800:12:: - - [19/Jun/2025:10:32:27 -0400] "GET /shopping/786095662.phtml HTTP/1.1" 301 0 "-" "meta-externalagent/1.1 (+https://developers.facebook.com/docs/sharing/webmasters/crawler)"
2a03:2880:f800:8:: - - [19/Jun/2025:10:32:27 -0400] "GET /shopping/743502448.phtml HTTP/1.1" 301 0 "-" "meta-externalagent/1.1 (+https://developers.facebook.com/docs/sharing/webmasters/crawler)"
54.36.149.73 - - [19/Jun/2025:10:32:26 -0400] "GET /manga1/jungle-juice-chapter-118/ HTTP/1.1" 200 10410 "-" "Mozilla/5.0 (compatible; AhrefsBot/7.0; +http://ahrefs.com/robot/)"
2a03:2880:f800:d:: - - [19/Jun/2025:10:32:28 -0400] "GET /shopping/2523057172.phtml HTTP/1.1" 301 0 "-" "meta-externalagent/1.1 (+https://developers.facebook.com/docs/sharing/webmasters/crawler)"
2a03:2880:f800:16:: - - [19/Jun/2025:10:32:28 -0400] "GET /shopping/2482940942.phtml HTTP/1.1" 301 0 "-" "meta-externalagent/1.1 (+https://developers.facebook.com/docs/sharing/webmasters/crawler)"
2a03:2880:f800:b:: - - [19/Jun/2025:10:32:29 -0400] "GET /shopping/1061118680.phtml HTTP/1.1" 301 0 "-" "meta-externalagent/1.1 (+https://developers.facebook.com/docs/sharing/webmasters/crawler)"
66.249.79.238 - - [19/Jun/2025:10:32:47 -0400] "GET /shopping/33995996.phtml HTTP/1.1" 200 19502 "-" "Mozilla/5.0 (Linux; Android 6.0.1; Nexus 5X Build/MMB29P) AppleWebKit/537.36 (KHTML, like Gecko) Chrome/137.0.7151.103 Mobile Safari/537.36 (compatible; GoogleOther)"
66.249.79.224 - - [19/Jun/2025:10:32:48 -0400] "GET /shopping/442867146.phtml HTTP/1.1" 200 18499 "-" "Mozilla/5.0 (Linux; Android 6.0.1; Nexus 5X Build/MMB29P) AppleWebKit/537.36 (KHTML, like Gecko) Chrome/137.0.7151.103 Mobile Safari/537.36 (compatible; Googlebot/2.1; +http://www.google.com/bot.html)"
162.0.232.193 - - [19/Jun/2025:10:32:55 -0400] "POST /wp-cron.php?doing_wp_cron=1750343575.5749249458312988281250 HTTP/1.1" 200 0 "-" "WordPress/6.7.2; https://w4.junglejuicewebtoon.com"
162.0.232.193 - - [19/Jun/2025:10:32:56 -0400] "POST /wp-admin/admin-ajax.php?action=async_litespeed&nonce=FWw7SIqqS3T4KTITUn3EH9DA4WaWAsZo&litespeed_type=imgoptm HTTP/1.1" 200 5 "-" "WordPress/6.7.2; https://w4.junglejuicewebtoon.com"
162.0.232.193 - - [19/Jun/2025:10:35:21 -0400] "POST /wp-cron.php?doing_wp_cron=1750343721.3800549507141113281250 HTTP/1.1" 200 0 "-" "WordPress/6.7.2; https://w4.junglejuicewebtoon.com"
162.0.232.193 - - [19/Jun/2025:10:35:34 -0400] "POST /wp-admin/admin-ajax.php?action=async_litespeed&nonce=V3HieaxeknsgkcrK4vnI4qPojYxc3M3H&litespeed_type=imgoptm HTTP/1.1" 200 0 "-" "WordPress/6.7.2; https://w4.junglejuicewebtoon.com"
45.226.75.235 - - [19/Jun/2025:10:35:22 -0400] "GET /manga1/jungle-juice-chapter-47/ HTTP/1.1" 200 10769 "-" "Mozilla/5.0 (X11; Linux x86_64; rv:123.0) Gecko/20100101 Firefox/123.0"
162.0.232.193 - - [19/Jun/2025:10:35:39 -0400] "GET /wp-content/uploads/36f5b53d6c6d3d6b1e9dd0027baac2ed_1435.xml HTTP/1.1" 200 1057 "-" "Mozilla/5.0 (X11; Linux x86_64) AppleWebKit/537.36 (KHTML, like Gecko) Ubuntu Chromium/41.0.2272.76"
66.249.79.237 - - [19/Jun/2025:10:36:23 -0400] "GET /shopping/442846606.phtml HTTP/1.1" 200 18643 "-" "Mozilla/5.0 (Linux; Android 6.0.1; Nexus 5X Build/MMB29P) AppleWebKit/537.36 (KHTML, like Gecko) Chrome/137.0.7151.103 Mobile Safari/537.36 (compatible; Googlebot/2.1; +http://www.google.com/bot.html)"
162.0.232.193 - - [19/Jun/2025:10:38:27 -0400] "POST /wp-cron.php?doing_wp_cron=1750343906.8898611068725585937500 HTTP/1.1" 200 0 "-" "WordPress/6.7.2; https://w4.junglejuicewebtoon.com"
162.0.232.193 - - [19/Jun/2025:10:38:27 -0400] "POST /wp-cron.php?doing_wp_cron=1750343906.8872420787811279296875 HTTP/1.1" 200 0 "-" "WordPress/6.7.2; https://w4.junglejuicewebtoon.com"
162.0.232.193 - - [19/Jun/2025:10:38:27 -0400] "POST /wp-cron.php?doing_wp_cron=1750343906.8912749290466308593750 HTTP/1.1" 200 0 "-" "WordPress/6.7.2; https://w4.junglejuicewebtoon.com"
162.0.232.193 - - [19/Jun/2025:10:38:27 -0400] "POST /wp-cron.php?doing_wp_cron=1750343906.9867069721221923828125 HTTP/1.1" 200 0 "-" "WordPress/6.7.2; https://w4.junglejuicewebtoon.com"
2a03:2880:f800:1c:: - - [19/Jun/2025:10:38:18 -0400] "GET /shopping/2534182980.phtml HTTP/1.1" 301 0 "-" "meta-externalagent/1.1 (+https://developers.facebook.com/docs/sharing/webmasters/crawler)"
162.0.232.193 - - [19/Jun/2025:10:38:27 -0400] "POST /wp-cron.php?doing_wp_cron=1750343907.2821660041809082031250 HTTP/1.1" 200 0 "-" "WordPress/6.7.2; https://w4.junglejuicewebtoon.com"
2a03:2880:f800:5:: - - [19/Jun/2025:10:38:17 -0400] "GET /shopping/2534699636.phtml HTTP/1.1" 301 0 "-" "meta-externalagent/1.1 (+https://developers.facebook.com/docs/sharing/webmasters/crawler)"
2a03:2880:f800:6:: - - [19/Jun/2025:10:38:24 -0400] "GET /shopping/2387465928.phtml HTTP/1.1" 301 0 "-" "meta-externalagent/1.1 (+https://developers.facebook.com/docs/sharing/webmasters/crawler)"
2a03:2880:f800:15:: - - [19/Jun/2025:10:38:25 -0400] "GET /shopping/794871270.phtml HTTP/1.1" 301 0 "-" "meta-externalagent/1.1 (+https://developers.facebook.com/docs/sharing/webmasters/crawler)"
2a03:2880:f800:1a:: - - [19/Jun/2025:10:38:26 -0400] "GET /shopping/2534710844.phtml HTTP/1.1" 301 0 "-" "meta-externalagent/1.1 (+https://developers.facebook.com/docs/sharing/webmasters/crawler)"
2a03:2880:f800:c:: - - [19/Jun/2025:10:38:26 -0400] "GET /shopping/2378197594.phtml HTTP/1.1" 301 0 "-" "meta-externalagent/1.1 (+https://developers.facebook.com/docs/sharing/webmasters/crawler)"
2a03:2880:f800:11:: - - [19/Jun/2025:10:38:27 -0400] "GET /shopping/2638904830.phtml HTTP/1.1" 301 0 "-" "meta-externalagent/1.1 (+https://developers.facebook.com/docs/sharing/webmasters/crawler)"
2a03:2880:f800:2:: - - [19/Jun/2025:10:38:28 -0400] "GET /shopping/2339334528.phtml HTTP/1.1" 301 0 "-" "meta-externalagent/1.1 (+https://developers.facebook.com/docs/sharing/webmasters/crawler)"
2a03:2880:f800:8:: - - [19/Jun/2025:10:38:28 -0400] "GET /shopping/1957451406.phtml HTTP/1.1" 301 0 "-" "meta-externalagent/1.1 (+https://developers.facebook.com/docs/sharing/webmasters/crawler)"
162.0.232.193 - - [19/Jun/2025:10:38:28 -0400] "POST /wp-admin/admin-ajax.php?action=async_litespeed&nonce=9mv0xR61JUaY2BKu7UB2mB05PtW7Esnf&litespeed_type=imgoptm HTTP/1.1" 200 0 "-" "WordPress/6.7.2; https://w4.junglejuicewebtoon.com"
2a03:2880:f800:18:: - - [19/Jun/2025:10:38:29 -0400] "GET /shopping/2534797028.phtml HTTP/1.1" 301 0 "-" "meta-externalagent/1.1 (+https://developers.facebook.com/docs/sharing/webmasters/crawler)"
2a03:2880:f800:5:: - - [19/Jun/2025:10:38:30 -0400] "GET /shopping/1364812332.phtml HTTP/1.1" 301 0 "-" "meta-externalagent/1.1 (+https://developers.facebook.com/docs/sharing/webmasters/crawler)"
2a03:2880:f800:16:: - - [19/Jun/2025:10:38:30 -0400] "GET /shopping/1348220180.phtml HTTP/1.1" 301 0 "-" "meta-externalagent/1.1 (+https://developers.facebook.com/docs/sharing/webmasters/crawler)"
162.0.232.193 - - [19/Jun/2025:10:38:32 -0400] "GET /wp-content/uploads/36f5b53d6c6d3d6b1e9dd0027baac2ed_1435.xml HTTP/1.1" 200 1057 "-" "Mozilla/5.0 (X11; Linux x86_64) AppleWebKit/537.36 (KHTML, like Gecko) Ubuntu Chromium/41.0.2272.76"
2a03:2880:f800:16:: - - [19/Jun/2025:10:38:32 -0400] "GET /shopping/2646370386.phtml HTTP/1.1" 301 0 "-" "meta-externalagent/1.1 (+https://developers.facebook.com/docs/sharing/webmasters/crawler)"
2a03:2880:f800:: - - [19/Jun/2025:10:38:31 -0400] "GET /shopping/2102467364.phtml HTTP/1.1" 301 0 "-" "meta-externalagent/1.1 (+https://developers.facebook.com/docs/sharing/webmasters/crawler)"
2a03:2880:f800:e:: - - [19/Jun/2025:10:38:32 -0400] "GET /shopping/1265770034.phtml HTTP/1.1" 301 0 "-" "meta-externalagent/1.1 (+https://developers.facebook.com/docs/sharing/webmasters/crawler)"
2a03:2880:f800:: - - [19/Jun/2025:10:38:33 -0400] "GET /shopping/1881309850.phtml HTTP/1.1" 301 0 "-" "meta-externalagent/1.1 (+https://developers.facebook.com/docs/sharing/webmasters/crawler)"
2a03:2880:f800:4:: - - [19/Jun/2025:10:38:33 -0400] "GET /shopping/2646196756.phtml HTTP/1.1" 301 0 "-" "meta-externalagent/1.1 (+https://developers.facebook.com/docs/sharing/webmasters/crawler)"
43.157.53.115 - - [19/Jun/2025:10:39:14 -0400] "GET /manga1/jungle-juice-chapter-164/ HTTP/1.1" 200 10670 "-" "Mozilla/5.0 (iPhone; CPU iPhone OS 13_2_3 like Mac OS X) AppleWebKit/605.1.15 (KHTML, like Gecko) Version/13.0.3 Mobile/15E148 Safari/604.1"
66.249.79.235 - - [19/Jun/2025:10:39:59 -0400] "GET /shopping/442842166.phtml HTTP/1.1" 200 18693 "-" "Mozilla/5.0 (Linux; Android 6.0.1; Nexus 5X Build/MMB29P) AppleWebKit/537.36 (KHTML, like Gecko) Chrome/137.0.7151.103 Mobile Safari/537.36 (compatible; Googlebot/2.1; +http://www.google.com/bot.html)"
162.0.232.193 - - [19/Jun/2025:10:40:02 -0400] "POST /wp-cron.php?doing_wp_cron=1750344001.8748691082000732421875 HTTP/1.1" 200 0 "-" "WordPress/6.7.2; https://w4.junglejuicewebtoon.com"
54.36.148.149 - - [19/Jun/2025:10:40:00 -0400] "GET /manga1/jungle-juice-chapter-103/ HTTP/1.1" 200 10475 "-" "Mozilla/5.0 (compatible; AhrefsBot/7.0; +http://ahrefs.com/robot/)"
162.0.232.193 - - [19/Jun/2025:10:40:03 -0400] "POST /wp-admin/admin-ajax.php?action=async_litespeed&nonce=THa1A66SPHzPqzy3ube8K53nEZTDWyeM&litespeed_type=imgoptm HTTP/1.1" 200 0 "-" "WordPress/6.7.2; https://w4.junglejuicewebtoon.com"
162.0.232.193 - - [19/Jun/2025:10:40:07 -0400] "GET /wp-content/uploads/36f5b53d6c6d3d6b1e9dd0027baac2ed_1435.xml HTTP/1.1" 200 1057 "-" "Mozilla/5.0 (X11; Linux x86_64) AppleWebKit/537.36 (KHTML, like Gecko) Ubuntu Chromium/41.0.2272.76"
162.0.232.193 - - [19/Jun/2025:10:42:27 -0400] "POST /wp-cron.php?doing_wp_cron=1750344147.2772328853607177734375 HTTP/1.1" 200 0 "-" "WordPress/6.7.2; https://w4.junglejuicewebtoon.com"
2a03:2880:f800:3:: - - [19/Jun/2025:10:42:41 -0400] "GET /shopping/2534469390.phtml HTTP/1.1" 301 0 "-" "meta-externalagent/1.1 (+https://developers.facebook.com/docs/sharing/webmasters/crawler)"
2a03:2880:f800:1d:: - - [19/Jun/2025:10:42:42 -0400] "GET /shopping/2339055948.phtml HTTP/1.1" 301 0 "-" "meta-externalagent/1.1 (+https://developers.facebook.com/docs/sharing/webmasters/crawler)"
2a03:2880:f800:18:: - - [19/Jun/2025:10:42:43 -0400] "GET /shopping/1960042058.phtml HTTP/1.1" 301 0 "-" "meta-externalagent/1.1 (+https://developers.facebook.com/docs/sharing/webmasters/crawler)"
2a03:2880:f800:1a:: - - [19/Jun/2025:10:42:43 -0400] "GET /shopping/2378147678.phtml HTTP/1.1" 301 0 "-" "meta-externalagent/1.1 (+https://developers.facebook.com/docs/sharing/webmasters/crawler)"
162.0.232.193 - - [19/Jun/2025:10:42:44 -0400] "GET /wp-content/uploads/36f5b53d6c6d3d6b1e9dd0027baac2ed_1435.xml HTTP/1.1" 200 1298 "-" "Mozilla/5.0 (X11; Linux x86_64) AppleWebKit/537.36 (KHTML, like Gecko) Ubuntu Chromium/41.0.2272.76"
66.249.79.238 - - [19/Jun/2025:10:43:35 -0400] "GET /shopping/442861380.phtml HTTP/1.1" 200 19153 "-" "Mozilla/5.0 (Linux; Android 6.0.1; Nexus 5X Build/MMB29P) AppleWebKit/537.36 (KHTML, like Gecko) Chrome/137.0.7151.103 Mobile Safari/537.36 (compatible; Googlebot/2.1; +http://www.google.com/bot.html)"
162.0.232.193 - - [19/Jun/2025:10:43:45 -0400] "POST /wp-cron.php?doing_wp_cron=1750344225.5826458930969238281250 HTTP/1.1" 200 0 "-" "WordPress/6.7.2; https://w4.junglejuicewebtoon.com"
187.88.45.246 - - [19/Jun/2025:10:43:44 -0400] "GET /manga1/jungle-juice-chapter-90-2/ HTTP/1.1" 200 11165 "-" "Mozilla/5.0 (Windows NT 10.0; Win64; x64) AppleWebKit/537.36 (KHTML, like Gecko) Chrome/121.0.0.0 Safari/537.36 Edg/121.0.0.0 GLS/100.10.9415.94"
162.0.232.193 - - [19/Jun/2025:10:43:46 -0400] "POST /wp-admin/admin-ajax.php?action=async_litespeed&nonce=SIvuD6MOLvkiq83P2kqZ4wWhdhVQeI44&litespeed_type=imgoptm HTTP/1.1" 200 0 "-" "WordPress/6.7.2; https://w4.junglejuicewebtoon.com"
66.249.79.237 - - [19/Jun/2025:10:43:52 -0400] "GET /shopping/445372552.phtml HTTP/1.1" 200 18306 "-" "Mozilla/5.0 (Linux; Android 6.0.1; Nexus 5X Build/MMB29P) AppleWebKit/537.36 (KHTML, like Gecko) Chrome/137.0.7151.103 Mobile Safari/537.36 (compatible; Googlebot/2.1; +http://www.google.com/bot.html)"
162.0.232.193 - - [19/Jun/2025:10:44:24 -0400] "POST /wp-cron.php?doing_wp_cron=1750344264.0076639652252197265625 HTTP/1.1" 200 0 "-" "WordPress/6.7.2; https://w4.junglejuicewebtoon.com"
2a03:2880:f800:: - - [19/Jun/2025:10:44:23 -0400] "GET /shopping/2263501200.phtml HTTP/1.1" 301 0 "-" "meta-externalagent/1.1 (+https://developers.facebook.com/docs/sharing/webmasters/crawler)"
162.0.232.193 - - [19/Jun/2025:10:44:24 -0400] "POST /wp-admin/admin-ajax.php?action=async_litespeed&nonce=3aLpz4jEhItTzubpG0rU44iQYob2pJH4&litespeed_type=imgoptm HTTP/1.1" 200 0 "-" "WordPress/6.7.2; https://w4.junglejuicewebtoon.com"
2a03:2880:f800:1d:: - - [19/Jun/2025:10:44:24 -0400] "GET /shopping/2534672376.phtml HTTP/1.1" 301 0 "-" "meta-externalagent/1.1 (+https://developers.facebook.com/docs/sharing/webmasters/crawler)"
2a03:2880:f800:18:: - - [19/Jun/2025:10:44:25 -0400] "GET /shopping/1917632244.phtml HTTP/1.1" 301 0 "-" "meta-externalagent/1.1 (+https://developers.facebook.com/docs/sharing/webmasters/crawler)"
2a03:2880:f800:13:: - - [19/Jun/2025:10:44:26 -0400] "GET /shopping/2095381690.phtml HTTP/1.1" 301 0 "-" "meta-externalagent/1.1 (+https://developers.facebook.com/docs/sharing/webmasters/crawler)"
162.0.232.193 - - [19/Jun/2025:10:44:27 -0400] "GET /wp-content/uploads/36f5b53d6c6d3d6b1e9dd0027baac2ed_1435.xml HTTP/1.1" 200 1298 "-" "Mozilla/5.0 (X11; Linux x86_64) AppleWebKit/537.36 (KHTML, like Gecko) Ubuntu Chromium/41.0.2272.76"
2a03:2880:f800:1a:: - - [19/Jun/2025:10:44:27 -0400] "GET /shopping/13995120.phtml HTTP/1.1" 301 0 "-" "meta-externalagent/1.1 (+https://developers.facebook.com/docs/sharing/webmasters/crawler)"
2a03:2880:f800:a:: - - [19/Jun/2025:10:44:26 -0400] "GET /shopping/1541001580.phtml HTTP/1.1" 301 0 "-" "meta-externalagent/1.1 (+https://developers.facebook.com/docs/sharing/webmasters/crawler)"
2a03:2880:f800:16:: - - [19/Jun/2025:10:44:28 -0400] "GET /shopping/2378002618.phtml HTTP/1.1" 301 0 "-" "meta-externalagent/1.1 (+https://developers.facebook.com/docs/sharing/webmasters/crawler)"
137.184.64.22 - - [19/Jun/2025:10:44:36 -0400] "POST /xmlrpc.php HTTP/1.1" 200 186 "-" "Mozilla/5.0 (Windows NT 10.0; Win64; x64; rv:73.0) Gecko/20100101 Firefox/73.0"
2a03:2880:f800:11:: - - [19/Jun/2025:10:44:37 -0400] "GET /shopping/2534362906.phtml HTTP/1.1" 301 0 "-" "meta-externalagent/1.1 (+https://developers.facebook.com/docs/sharing/webmasters/crawler)"
2a03:2880:f800:b:: - - [19/Jun/2025:10:44:37 -0400] "GET /shopping/2534109178.phtml HTTP/1.1" 301 0 "-" "meta-externalagent/1.1 (+https://developers.facebook.com/docs/sharing/webmasters/crawler)"
2a03:2880:f800:9:: - - [19/Jun/2025:10:44:38 -0400] "GET /shopping/1540918706.phtml HTTP/1.1" 301 0 "-" "meta-externalagent/1.1 (+https://developers.facebook.com/docs/sharing/webmasters/crawler)"
2a03:2880:f800:5:: - - [19/Jun/2025:10:44:39 -0400] "GET /shopping/2534438884.phtml HTTP/1.1" 301 0 "-" "meta-externalagent/1.1 (+https://developers.facebook.com/docs/sharing/webmasters/crawler)"
2a03:2880:f800:: - - [19/Jun/2025:10:44:39 -0400] "GET /shopping/2315272380.phtml HTTP/1.1" 301 0 "-" "meta-externalagent/1.1 (+https://developers.facebook.com/docs/sharing/webmasters/crawler)"
2a03:2880:f800:1a:: - - [19/Jun/2025:10:44:39 -0400] "GET /shopping/2712554564.phtml HTTP/1.1" 301 0 "-" "meta-externalagent/1.1 (+https://developers.facebook.com/docs/sharing/webmasters/crawler)"
2a03:2880:f800:18:: - - [19/Jun/2025:10:45:13 -0400] "GET /shopping/1957689486.phtml HTTP/1.1" 301 0 "-" "meta-externalagent/1.1 (+https://developers.facebook.com/docs/sharing/webmasters/crawler)"
2a03:2880:f800:19:: - - [19/Jun/2025:10:45:13 -0400] "GET /shopping/2534534164.phtml HTTP/1.1" 301 0 "-" "meta-externalagent/1.1 (+https://developers.facebook.com/docs/sharing/webmasters/crawler)"
2a03:2880:f800:7:: - - [19/Jun/2025:10:45:14 -0400] "GET /shopping/2378537378.phtml HTTP/1.1" 301 0 "-" "meta-externalagent/1.1 (+https://developers.facebook.com/docs/sharing/webmasters/crawler)"
2a03:2880:f800:9:: - - [19/Jun/2025:10:45:14 -0400] "GET /shopping/2235336860.phtml HTTP/1.1" 301 0 "-" "meta-externalagent/1.1 (+https://developers.facebook.com/docs/sharing/webmasters/crawler)"
2a03:2880:f800:5:: - - [19/Jun/2025:10:45:16 -0400] "GET /shopping/2378077530.phtml HTTP/1.1" 301 0 "-" "meta-externalagent/1.1 (+https://developers.facebook.com/docs/sharing/webmasters/crawler)"
2a03:2880:f800:9:: - - [19/Jun/2025:10:45:16 -0400] "GET /shopping/1931036926.phtml HTTP/1.1" 301 0 "-" "meta-externalagent/1.1 (+https://developers.facebook.com/docs/sharing/webmasters/crawler)"
2a03:2880:f800:9:: - - [19/Jun/2025:10:45:16 -0400] "GET /shopping/2378398144.phtml HTTP/1.1" 301 0 "-" "meta-externalagent/1.1 (+https://developers.facebook.com/docs/sharing/webmasters/crawler)"
2a03:2880:f800:18:: - - [19/Jun/2025:10:45:17 -0400] "GET /shopping/1012681248.phtml HTTP/1.1" 301 0 "-" "meta-externalagent/1.1 (+https://developers.facebook.com/docs/sharing/webmasters/crawler)"
2a03:2880:f800:f:: - - [19/Jun/2025:10:45:18 -0400] "GET /shopping/1011953836.phtml HTTP/1.1" 301 0 "-" "meta-externalagent/1.1 (+https://developers.facebook.com/docs/sharing/webmasters/crawler)"
2a03:2880:f800:7:: - - [19/Jun/2025:10:45:19 -0400] "GET /shopping/2378163458.phtml HTTP/1.1" 301 0 "-" "meta-externalagent/1.1 (+https://developers.facebook.com/docs/sharing/webmasters/crawler)"
2a03:2880:f800:18:: - - [19/Jun/2025:10:45:20 -0400] "GET /shopping/1836239428.phtml HTTP/1.1" 301 0 "-" "meta-externalagent/1.1 (+https://developers.facebook.com/docs/sharing/webmasters/crawler)"
2a03:2880:f800:f:: - - [19/Jun/2025:10:45:21 -0400] "GET /shopping/2387797766.phtml HTTP/1.1" 301 0 "-" "meta-externalagent/1.1 (+https://developers.facebook.com/docs/sharing/webmasters/crawler)"
162.0.232.193 - - [19/Jun/2025:10:45:44 -0400] "POST /wp-cron.php?doing_wp_cron=1750344344.6899640560150146484375 HTTP/1.1" 200 0 "-" "WordPress/6.7.2; https://w4.junglejuicewebtoon.com"
66.249.79.237 - - [19/Jun/2025:10:45:43 -0400] "POST /get-message-notify HTTP/1.1" 301 0 "https://w4.junglejuicewebtoon.com/shopping/442839902.phtml" "Mozilla/5.0 (Linux; Android 6.0.1; Nexus 5X Build/MMB29P) AppleWebKit/537.36 (KHTML, like Gecko) Chrome/137.0.7151.68 Mobile Safari/537.36 (compatible; Googlebot/2.1; +http://www.google.com/bot.html)"
162.0.232.193 - - [19/Jun/2025:10:45:45 -0400] "POST /wp-admin/admin-ajax.php?action=async_litespeed&nonce=OGDYsM3WGJMVjYi8QM28F8cr6OQwa6GQ&litespeed_type=imgoptm HTTP/1.1" 200 5 "-" "WordPress/6.7.2; https://w4.junglejuicewebtoon.com"
66.249.79.224 - - [19/Jun/2025:10:46:37 -0400] "GET /shopping/34041148.phtml HTTP/1.1" 200 20007 "-" "Mozilla/5.0 (Linux; Android 6.0.1; Nexus 5X Build/MMB29P) AppleWebKit/537.36 (KHTML, like Gecko) Chrome/137.0.7151.103 Mobile Safari/537.36 (compatible; GoogleOther)"
66.249.79.238 - - [19/Jun/2025:10:47:11 -0400] "GET /shopping/442833074.phtml HTTP/1.1" 200 20711 "-" "Mozilla/5.0 (Linux; Android 6.0.1; Nexus 5X Build/MMB29P) AppleWebKit/537.36 (KHTML, like Gecko) Chrome/137.0.7151.103 Mobile Safari/537.36 (compatible; Googlebot/2.1; +http://www.google.com/bot.html)"
162.0.232.193 - - [19/Jun/2025:10:49:09 -0400] "POST /wp-cron.php?doing_wp_cron=1750344548.8768460750579833984375 HTTP/1.1" 200 0 "-" "WordPress/6.7.2; https://w4.junglejuicewebtoon.com"
2a03:2880:f800:1c:: - - [19/Jun/2025:10:48:58 -0400] "GET /shopping/1011926576.phtml HTTP/1.1" 301 0 "-" "meta-externalagent/1.1 (+https://developers.facebook.com/docs/sharing/webmasters/crawler)"
2a03:2880:f800:7:: - - [19/Jun/2025:10:48:58 -0400] "GET /shopping/2387264248.phtml HTTP/1.1" 301 0 "-" "meta-externalagent/1.1 (+https://developers.facebook.com/docs/sharing/webmasters/crawler)"
162.0.232.193 - - [19/Jun/2025:10:49:10 -0400] "POST /wp-admin/admin-ajax.php?action=async_litespeed&nonce=rfiIY6GcKCaKVstshYrjqv39bQ2aWRjK&litespeed_type=imgoptm HTTP/1.1" 200 0 "-" "WordPress/6.7.2; https://w4.junglejuicewebtoon.com"
162.0.232.193 - - [19/Jun/2025:10:49:14 -0400] "GET /wp-content/uploads/36f5b53d6c6d3d6b1e9dd0027baac2ed_1435.xml HTTP/1.1" 200 1057 "-" "Mozilla/5.0 (X11; Linux x86_64) AppleWebKit/537.36 (KHTML, like Gecko) Ubuntu Chromium/41.0.2272.76"
43.130.91.95 - - [19/Jun/2025:10:49:16 -0400] "GET /manga1/jungle-juice-chapter-36/ HTTP/1.1" 200 10786 "-" "Mozilla/5.0 (iPhone; CPU iPhone OS 13_2_3 like Mac OS X) AppleWebKit/605.1.15 (KHTML, like Gecko) Version/13.0.3 Mobile/15E148 Safari/604.1"
2a03:2880:f800:4:: - - [19/Jun/2025:10:49:30 -0400] "GET /shopping/743416200.phtml HTTP/1.1" 301 0 "-" "meta-externalagent/1.1 (+https://developers.facebook.com/docs/sharing/webmasters/crawler)"
2a03:2880:f800:1a:: - - [19/Jun/2025:10:49:41 -0400] "GET /shopping/498808406.phtml HTTP/1.1" 301 0 "-" "meta-externalagent/1.1 (+https://developers.facebook.com/docs/sharing/webmasters/crawler)"
2a03:2880:f800:1:: - - [19/Jun/2025:10:49:41 -0400] "GET /shopping/1061119618.phtml HTTP/1.1" 301 0 "-" "meta-externalagent/1.1 (+https://developers.facebook.com/docs/sharing/webmasters/crawler)"
2a03:2880:f800:1:: - - [19/Jun/2025:10:49:42 -0400] "GET /shopping/456222898.phtml HTTP/1.1" 301 0 "-" "meta-externalagent/1.1 (+https://developers.facebook.com/docs/sharing/webmasters/crawler)"
2a03:2880:f800:15:: - - [19/Jun/2025:10:49:43 -0400] "GET /shopping/2350613166.phtml HTTP/1.1" 301 0 "-" "meta-externalagent/1.1 (+https://developers.facebook.com/docs/sharing/webmasters/crawler)"
2a03:2880:f800:18:: - - [19/Jun/2025:10:49:44 -0400] "GET /shopping/1334995828.phtml HTTP/1.1" 301 0 "-" "meta-externalagent/1.1 (+https://developers.facebook.com/docs/sharing/webmasters/crawler)"
2a03:2880:f800:3:: - - [19/Jun/2025:10:49:54 -0400] "GET /shopping/2254336024.phtml HTTP/1.1" 301 0 "-" "meta-externalagent/1.1 (+https://developers.facebook.com/docs/sharing/webmasters/crawler)"
2a03:2880:f800:1:: - - [19/Jun/2025:10:49:57 -0400] "GET /shopping/1892502480.phtml HTTP/1.1" 301 0 "-" "meta-externalagent/1.1 (+https://developers.facebook.com/docs/sharing/webmasters/crawler)"
2a03:2880:f800:19:: - - [19/Jun/2025:10:49:58 -0400] "GET /shopping/2350001490.phtml HTTP/1.1" 301 0 "-" "meta-externalagent/1.1 (+https://developers.facebook.com/docs/sharing/webmasters/crawler)"
162.0.232.193 - - [19/Jun/2025:10:50:11 -0400] "POST /wp-cron.php?doing_wp_cron=1750344611.5810918807983398437500 HTTP/1.1" 200 0 "-" "WordPress/6.7.2; https://w4.junglejuicewebtoon.com"
162.0.232.193 - - [19/Jun/2025:10:50:12 -0400] "POST /wp-admin/admin-ajax.php?action=async_litespeed&nonce=FD0RQ4fMHHJ2JSMDc4AWQwv3zP8iTPYT&litespeed_type=imgoptm HTTP/1.1" 200 5 "-" "WordPress/6.7.2; https://w4.junglejuicewebtoon.com"
54.36.149.63 - - [19/Jun/2025:10:50:11 -0400] "GET /manga1/jungle-juice-chapter-121/ HTTP/1.1" 200 10452 "-" "Mozilla/5.0 (compatible; AhrefsBot/7.0; +http://ahrefs.com/robot/)"
162.0.232.193 - - [19/Jun/2025:10:50:25 -0400] "POST /wp-cron.php?doing_wp_cron=1750344625.3823390007019042968750 HTTP/1.1" 200 0 "-" "WordPress/6.7.2; https://w4.junglejuicewebtoon.com"
2a03:2880:f800:10:: - - [19/Jun/2025:10:50:24 -0400] "GET /shopping/1061347492.phtml HTTP/1.1" 301 0 "-" "meta-externalagent/1.1 (+https://developers.facebook.com/docs/sharing/webmasters/crawler)"
2a03:2880:f800:: - - [19/Jun/2025:10:50:25 -0400] "GET /shopping/2522643330.phtml HTTP/1.1" 301 0 "-" "meta-externalagent/1.1 (+https://developers.facebook.com/docs/sharing/webmasters/crawler)"
2a03:2880:f800:17:: - - [19/Jun/2025:10:50:25 -0400] "GET /shopping/971325454.phtml HTTP/1.1" 301 0 "-" "meta-externalagent/1.1 (+https://developers.facebook.com/docs/sharing/webmasters/crawler)"
2a03:2880:f800:1a:: - - [19/Jun/2025:10:50:26 -0400] "GET /shopping/456245506.phtml HTTP/1.1" 301 0 "-" "meta-externalagent/1.1 (+https://developers.facebook.com/docs/sharing/webmasters/crawler)"
2a03:2880:f800:14:: - - [19/Jun/2025:10:50:27 -0400] "GET /shopping/840019914.phtml HTTP/1.1" 301 0 "-" "meta-externalagent/1.1 (+https://developers.facebook.com/docs/sharing/webmasters/crawler)"
2a03:2880:f800:19:: - - [19/Jun/2025:10:50:27 -0400] "GET /shopping/1956215264.phtml HTTP/1.1" 301 0 "-" "meta-externalagent/1.1 (+https://developers.facebook.com/docs/sharing/webmasters/crawler)"
2a03:2880:f800:: - - [19/Jun/2025:10:50:28 -0400] "GET /shopping/839868102.phtml HTTP/1.1" 301 0 "-" "meta-externalagent/1.1 (+https://developers.facebook.com/docs/sharing/webmasters/crawler)"
2a03:2880:f800:f:: - - [19/Jun/2025:10:50:28 -0400] "GET /shopping/841879504.phtml HTTP/1.1" 301 0 "-" "meta-externalagent/1.1 (+https://developers.facebook.com/docs/sharing/webmasters/crawler)"
2a03:2880:f800:c:: - - [19/Jun/2025:10:50:29 -0400] "GET /shopping/2102169682.phtml HTTP/1.1" 301 0 "-" "meta-externalagent/1.1 (+https://developers.facebook.com/docs/sharing/webmasters/crawler)"
2a03:2880:f800:19:: - - [19/Jun/2025:10:50:31 -0400] "GET /shopping/80603002.phtml HTTP/1.1" 301 0 "-" "meta-externalagent/1.1 (+https://developers.facebook.com/docs/sharing/webmasters/crawler)"
2a03:2880:f800:8:: - - [19/Jun/2025:10:50:31 -0400] "GET /shopping/2638329166.phtml HTTP/1.1" 301 0 "-" "meta-externalagent/1.1 (+https://developers.facebook.com/docs/sharing/webmasters/crawler)"
2a03:2880:f800:2:: - - [19/Jun/2025:10:50:31 -0400] "GET /shopping/2646901560.phtml HTTP/1.1" 301 0 "-" "meta-externalagent/1.1 (+https://developers.facebook.com/docs/sharing/webmasters/crawler)"
2a03:2880:f800:8:: - - [19/Jun/2025:10:50:32 -0400] "GET /shopping/795124060.phtml HTTP/1.1" 301 0 "-" "meta-externalagent/1.1 (+https://developers.facebook.com/docs/sharing/webmasters/crawler)"
2a03:2880:f800:f:: - - [19/Jun/2025:10:50:33 -0400] "GET /shopping/970893768.phtml HTTP/1.1" 301 0 "-" "meta-externalagent/1.1 (+https://developers.facebook.com/docs/sharing/webmasters/crawler)"
2a03:2880:f800:1b:: - - [19/Jun/2025:10:50:33 -0400] "GET /shopping/2203659636.phtml HTTP/1.1" 301 0 "-" "meta-externalagent/1.1 (+https://developers.facebook.com/docs/sharing/webmasters/crawler)"
2a03:2880:f800:6:: - - [19/Jun/2025:10:50:35 -0400] "GET /shopping/371883658.phtml HTTP/1.1" 301 0 "-" "meta-externalagent/1.1 (+https://developers.facebook.com/docs/sharing/webmasters/crawler)"
2a03:2880:f800:8:: - - [19/Jun/2025:10:50:35 -0400] "GET /shopping/1459962320.phtml HTTP/1.1" 301 0 "-" "meta-externalagent/1.1 (+https://developers.facebook.com/docs/sharing/webmasters/crawler)"
2a03:2880:f800:16:: - - [19/Jun/2025:10:50:36 -0400] "GET /shopping/498433356.phtml HTTP/1.1" 301 0 "-" "meta-externalagent/1.1 (+https://developers.facebook.com/docs/sharing/webmasters/crawler)"
2a03:2880:f800:8:: - - [19/Jun/2025:10:50:36 -0400] "GET /shopping/840319134.phtml HTTP/1.1" 301 0 "-" "meta-externalagent/1.1 (+https://developers.facebook.com/docs/sharing/webmasters/crawler)"
2a03:2880:f800:17:: - - [19/Jun/2025:10:50:37 -0400] "GET /shopping/217533786.phtml HTTP/1.1" 301 0 "-" "meta-externalagent/1.1 (+https://developers.facebook.com/docs/sharing/webmasters/crawler)"
2a03:2880:f800:: - - [19/Jun/2025:10:50:38 -0400] "GET /shopping/1061447192.phtml HTTP/1.1" 301 0 "-" "meta-externalagent/1.1 (+https://developers.facebook.com/docs/sharing/webmasters/crawler)"
2a03:2880:f800:18:: - - [19/Jun/2025:10:50:38 -0400] "GET /shopping/794492762.phtml HTTP/1.1" 301 0 "-" "meta-externalagent/1.1 (+https://developers.facebook.com/docs/sharing/webmasters/crawler)"
2a03:2880:f800:c:: - - [19/Jun/2025:10:50:39 -0400] "GET /shopping/2103021486.phtml HTTP/1.1" 301 0 "-" "meta-externalagent/1.1 (+https://developers.facebook.com/docs/sharing/webmasters/crawler)"
2a03:2880:f800:f:: - - [19/Jun/2025:10:50:40 -0400] "GET /shopping/590941646.phtml HTTP/1.1" 301 0 "-" "meta-externalagent/1.1 (+https://developers.facebook.com/docs/sharing/webmasters/crawler)"
2a03:2880:f800:14:: - - [19/Jun/2025:10:50:40 -0400] "GET /shopping/2109956850.phtml HTTP/1.1" 301 0 "-" "meta-externalagent/1.1 (+https://developers.facebook.com/docs/sharing/webmasters/crawler)"
2a03:2880:f800:3:: - - [19/Jun/2025:10:50:41 -0400] "GET /shopping/839972262.phtml HTTP/1.1" 301 0 "-" "meta-externalagent/1.1 (+https://developers.facebook.com/docs/sharing/webmasters/crawler)"
2a03:2880:f800:7:: - - [19/Jun/2025:10:50:42 -0400] "GET /shopping/637035370.phtml HTTP/1.1" 301 0 "-" "meta-externalagent/1.1 (+https://developers.facebook.com/docs/sharing/webmasters/crawler)"
2a03:2880:f800:1b:: - - [19/Jun/2025:10:50:42 -0400] "GET /shopping/2277618776.phtml HTTP/1.1" 301 0 "-" "meta-externalagent/1.1 (+https://developers.facebook.com/docs/sharing/webmasters/crawler)"
2a03:2880:f800:3:: - - [19/Jun/2025:10:50:43 -0400] "GET /shopping/2288629962.phtml HTTP/1.1" 301 0 "-" "meta-externalagent/1.1 (+https://developers.facebook.com/docs/sharing/webmasters/crawler)"
2a03:2880:f800:1b:: - - [19/Jun/2025:10:50:44 -0400] "GET /shopping/1955945504.phtml HTTP/1.1" 301 0 "-" "meta-externalagent/1.1 (+https://developers.facebook.com/docs/sharing/webmasters/crawler)"
2a03:2880:f800:a:: - - [19/Jun/2025:10:50:44 -0400] "GET /shopping/2526596082.phtml HTTP/1.1" 301 0 "-" "meta-externalagent/1.1 (+https://developers.facebook.com/docs/sharing/webmasters/crawler)"
2a03:2880:f800:9:: - - [19/Jun/2025:10:50:45 -0400] "GET /shopping/2360433426.phtml HTTP/1.1" 301 0 "-" "meta-externalagent/1.1 (+https://developers.facebook.com/docs/sharing/webmasters/crawler)"
2a03:2880:f800:12:: - - [19/Jun/2025:10:50:46 -0400] "GET /shopping/2102307590.phtml HTTP/1.1" 301 0 "-" "meta-externalagent/1.1 (+https://developers.facebook.com/docs/sharing/webmasters/crawler)"
2a03:2880:f800:1a:: - - [19/Jun/2025:10:50:47 -0400] "GET /shopping/637558942.phtml HTTP/1.1" 301 0 "-" "meta-externalagent/1.1 (+https://developers.facebook.com/docs/sharing/webmasters/crawler)"
2a03:2880:f800:14:: - - [19/Jun/2025:10:50:47 -0400] "GET /shopping/1459996264.phtml HTTP/1.1" 301 0 "-" "meta-externalagent/1.1 (+https://developers.facebook.com/docs/sharing/webmasters/crawler)"
2a03:2880:f800:18:: - - [19/Jun/2025:10:50:47 -0400] "GET /shopping/2360295194.phtml HTTP/1.1" 301 0 "-" "meta-externalagent/1.1 (+https://developers.facebook.com/docs/sharing/webmasters/crawler)"
66.249.79.237 - - [19/Jun/2025:10:50:47 -0400] "GET /shopping/442844538.phtml HTTP/1.1" 200 22593 "-" "Mozilla/5.0 (Linux; Android 6.0.1; Nexus 5X Build/MMB29P) AppleWebKit/537.36 (KHTML, like Gecko) Chrome/137.0.7151.103 Mobile Safari/537.36 (compatible; Googlebot/2.1; +http://www.google.com/bot.html)"
2a03:2880:f800:1:: - - [19/Jun/2025:10:50:48 -0400] "GET /shopping/456031360.phtml HTTP/1.1" 301 0 "-" "meta-externalagent/1.1 (+https://developers.facebook.com/docs/sharing/webmasters/crawler)"
2a03:2880:f800:17:: - - [19/Jun/2025:10:50:49 -0400] "GET /shopping/2683330310.phtml HTTP/1.1" 301 0 "-" "meta-externalagent/1.1 (+https://developers.facebook.com/docs/sharing/webmasters/crawler)"
2a03:2880:f800:15:: - - [19/Jun/2025:10:50:50 -0400] "GET /shopping/2568328400.phtml HTTP/1.1" 301 0 "-" "meta-externalagent/1.1 (+https://developers.facebook.com/docs/sharing/webmasters/crawler)"
2a03:2880:f800:c:: - - [19/Jun/2025:10:50:50 -0400] "GET /shopping/727118676.phtml HTTP/1.1" 301 0 "-" "meta-externalagent/1.1 (+https://developers.facebook.com/docs/sharing/webmasters/crawler)"
2a03:2880:f800:14:: - - [19/Jun/2025:10:50:51 -0400] "GET /shopping/1335205406.phtml HTTP/1.1" 301 0 "-" "meta-externalagent/1.1 (+https://developers.facebook.com/docs/sharing/webmasters/crawler)"
2a03:2880:f800:14:: - - [19/Jun/2025:10:50:51 -0400] "GET /shopping/2350261918.phtml HTTP/1.1" 301 0 "-" "meta-externalagent/1.1 (+https://developers.facebook.com/docs/sharing/webmasters/crawler)"
66.249.79.224 - - [19/Jun/2025:10:54:23 -0400] "GET /shopping/442838772.phtml HTTP/1.1" 200 21700 "-" "Mozilla/5.0 (Linux; Android 6.0.1; Nexus 5X Build/MMB29P) AppleWebKit/537.36 (KHTML, like Gecko) Chrome/137.0.7151.103 Mobile Safari/537.36 (compatible; Googlebot/2.1; +http://www.google.com/bot.html)"
66.249.79.237 - - [19/Jun/2025:10:54:40 -0400] "POST /get-message-notify HTTP/1.1" 200 0 "https://w4.junglejuicewebtoon.com/shopping/442861380.phtml" "Mozilla/5.0 (Linux; Android 6.0.1; Nexus 5X Build/MMB29P) AppleWebKit/537.36 (KHTML, like Gecko) Chrome/137.0.7151.68 Mobile Safari/537.36 (compatible; Googlebot/2.1; +http://www.google.com/bot.html)"
162.0.232.193 - - [19/Jun/2025:10:54:53 -0400] "POST /wp-cron.php?doing_wp_cron=1750344893.1842451095581054687500 HTTP/1.1" 200 0 "-" "WordPress/6.7.2; https://w4.junglejuicewebtoon.com"
162.0.232.193 - - [19/Jun/2025:10:54:55 -0400] "POST /wp-admin/admin-ajax.php?action=async_litespeed&nonce=R7LGoLLxsc5fgkGZ4pzYx7MJ72pSKoZm&litespeed_type=imgoptm HTTP/1.1" 200 0 "-" "WordPress/6.7.2; https://w4.junglejuicewebtoon.com"
2a03:2880:f800:e:: - - [19/Jun/2025:10:54:54 -0400] "GET /shopping/1956062190.phtml HTTP/1.1" 301 0 "-" "meta-externalagent/1.1 (+https://developers.facebook.com/docs/sharing/webmasters/crawler)"
2a03:2880:f800:c:: - - [19/Jun/2025:10:54:55 -0400] "GET /shopping/2203533806.phtml HTTP/1.1" 301 0 "-" "meta-externalagent/1.1 (+https://developers.facebook.com/docs/sharing/webmasters/crawler)"
2a03:2880:f800:19:: - - [19/Jun/2025:10:54:56 -0400] "GET /shopping/62162532.phtml HTTP/1.1" 301 0 "-" "meta-externalagent/1.1 (+https://developers.facebook.com/docs/sharing/webmasters/crawler)"
2a03:2880:f800:19:: - - [19/Jun/2025:10:54:56 -0400] "GET /shopping/1761957286.phtml HTTP/1.1" 301 0 "-" "meta-externalagent/1.1 (+https://developers.facebook.com/docs/sharing/webmasters/crawler)"
2a03:2880:f800:8:: - - [19/Jun/2025:10:54:57 -0400] "GET /shopping/2394424918.phtml HTTP/1.1" 301 0 "-" "meta-externalagent/1.1 (+https://developers.facebook.com/docs/sharing/webmasters/crawler)"
2a03:2880:f800:8:: - - [19/Jun/2025:10:54:58 -0400] "GET /shopping/2277365986.phtml HTTP/1.1" 301 0 "-" "meta-externalagent/1.1 (+https://developers.facebook.com/docs/sharing/webmasters/crawler)"
162.0.232.193 - - [19/Jun/2025:10:54:59 -0400] "GET /wp-content/uploads/36f5b53d6c6d3d6b1e9dd0027baac2ed_1435.xml HTTP/1.1" 200 1298 "-" "Mozilla/5.0 (X11; Linux x86_64) AppleWebKit/537.36 (KHTML, like Gecko) Ubuntu Chromium/41.0.2272.76"
2a03:2880:f800:c:: - - [19/Jun/2025:10:54:58 -0400] "GET /shopping/1427840704.phtml HTTP/1.1" 301 0 "-" "meta-externalagent/1.1 (+https://developers.facebook.com/docs/sharing/webmasters/crawler)"
2a03:2880:f800:17:: - - [19/Jun/2025:10:54:59 -0400] "GET /shopping/1956430540.phtml HTTP/1.1" 301 0 "-" "meta-externalagent/1.1 (+https://developers.facebook.com/docs/sharing/webmasters/crawler)"
2a03:2880:f800:17:: - - [19/Jun/2025:10:55:00 -0400] "GET /shopping/2277867996.phtml HTTP/1.1" 301 0 "-" "meta-externalagent/1.1 (+https://developers.facebook.com/docs/sharing/webmasters/crawler)"
2a03:2880:f800:18:: - - [19/Jun/2025:10:55:00 -0400] "GET /shopping/270702060.phtml HTTP/1.1" 301 0 "-" "meta-externalagent/1.1 (+https://developers.facebook.com/docs/sharing/webmasters/crawler)"
2a03:2880:f800:15:: - - [19/Jun/2025:10:55:01 -0400] "GET /shopping/2350117114.phtml HTTP/1.1" 301 0 "-" "meta-externalagent/1.1 (+https://developers.facebook.com/docs/sharing/webmasters/crawler)"
2a03:2880:f800:12:: - - [19/Jun/2025:10:55:02 -0400] "GET /shopping/80604264.phtml HTTP/1.1" 301 0 "-" "meta-externalagent/1.1 (+https://developers.facebook.com/docs/sharing/webmasters/crawler)"
2a03:2880:f800:7:: - - [19/Jun/2025:10:55:02 -0400] "GET /shopping/842430124.phtml HTTP/1.1" 301 0 "-" "meta-externalagent/1.1 (+https://developers.facebook.com/docs/sharing/webmasters/crawler)"
2a03:2880:f800:1c:: - - [19/Jun/2025:10:55:03 -0400] "GET /shopping/371470156.phtml HTTP/1.1" 301 0 "-" "meta-externalagent/1.1 (+https://developers.facebook.com/docs/sharing/webmasters/crawler)"
2a03:2880:f800:: - - [19/Jun/2025:10:55:04 -0400] "GET /shopping/371474792.phtml HTTP/1.1" 301 0 "-" "meta-externalagent/1.1 (+https://developers.facebook.com/docs/sharing/webmasters/crawler)"
2a03:2880:f800:a:: - - [19/Jun/2025:10:55:05 -0400] "GET /shopping/2070569246.phtml HTTP/1.1" 301 0 "-" "meta-externalagent/1.1 (+https://developers.facebook.com/docs/sharing/webmasters/crawler)"
2a03:2880:f800:2:: - - [19/Jun/2025:10:55:05 -0400] "GET /shopping/81008622.phtml HTTP/1.1" 301 0 "-" "meta-externalagent/1.1 (+https://developers.facebook.com/docs/sharing/webmasters/crawler)"
2a03:2880:f800:18:: - - [19/Jun/2025:10:55:06 -0400] "GET /shopping/1076424730.phtml HTTP/1.1" 301 0 "-" "meta-externalagent/1.1 (+https://developers.facebook.com/docs/sharing/webmasters/crawler)"
2a03:2880:f800:1c:: - - [19/Jun/2025:10:55:06 -0400] "GET /shopping/80593930.phtml HTTP/1.1" 301 0 "-" "meta-externalagent/1.1 (+https://developers.facebook.com/docs/sharing/webmasters/crawler)"
2a03:2880:f800:17:: - - [19/Jun/2025:10:55:07 -0400] "GET /shopping/371727406.phtml HTTP/1.1" 301 0 "-" "meta-externalagent/1.1 (+https://developers.facebook.com/docs/sharing/webmasters/crawler)"
2a03:2880:f800:9:: - - [19/Jun/2025:10:55:08 -0400] "GET /shopping/2646340754.phtml HTTP/1.1" 301 0 "-" "meta-externalagent/1.1 (+https://developers.facebook.com/docs/sharing/webmasters/crawler)"
2a03:2880:f800:7:: - - [19/Jun/2025:10:55:08 -0400] "GET /shopping/2638998896.phtml HTTP/1.1" 301 0 "-" "meta-externalagent/1.1 (+https://developers.facebook.com/docs/sharing/webmasters/crawler)"
2a03:2880:f800:9:: - - [19/Jun/2025:10:55:10 -0400] "GET /shopping/1762215774.phtml HTTP/1.1" 301 0 "-" "meta-externalagent/1.1 (+https://developers.facebook.com/docs/sharing/webmasters/crawler)"
2a03:2880:f800:1a:: - - [19/Jun/2025:10:55:10 -0400] "GET /shopping/355390156.phtml HTTP/1.1" 301 0 "-" "meta-externalagent/1.1 (+https://developers.facebook.com/docs/sharing/webmasters/crawler)"
2a03:2880:f800:6:: - - [19/Jun/2025:10:55:11 -0400] "GET /shopping/2109842552.phtml HTTP/1.1" 301 0 "-" "meta-externalagent/1.1 (+https://developers.facebook.com/docs/sharing/webmasters/crawler)"
2a03:2880:f800:: - - [19/Jun/2025:10:55:11 -0400] "GET /shopping/2102844806.phtml HTTP/1.1" 301 0 "-" "meta-externalagent/1.1 (+https://developers.facebook.com/docs/sharing/webmasters/crawler)"
2a03:2880:f800:17:: - - [19/Jun/2025:10:55:12 -0400] "GET /shopping/1492496240.phtml HTTP/1.1" 301 0 "-" "meta-externalagent/1.1 (+https://developers.facebook.com/docs/sharing/webmasters/crawler)"
2a03:2880:f800:a:: - - [19/Jun/2025:10:55:12 -0400] "GET /shopping/971315100.phtml HTTP/1.1" 301 0 "-" "meta-externalagent/1.1 (+https://developers.facebook.com/docs/sharing/webmasters/crawler)"
2a03:2880:f800:15:: - - [19/Jun/2025:10:55:13 -0400] "GET /shopping/217448796.phtml HTTP/1.1" 301 0 "-" "meta-externalagent/1.1 (+https://developers.facebook.com/docs/sharing/webmasters/crawler)"
2a03:2880:f800:1a:: - - [19/Jun/2025:10:55:13 -0400] "GET /shopping/794885980.phtml HTTP/1.1" 301 0 "-" "meta-externalagent/1.1 (+https://developers.facebook.com/docs/sharing/webmasters/crawler)"
2a03:2880:f800:13:: - - [19/Jun/2025:10:55:14 -0400] "GET /shopping/840243136.phtml HTTP/1.1" 301 0 "-" "meta-externalagent/1.1 (+https://developers.facebook.com/docs/sharing/webmasters/crawler)"
2a03:2880:f800:15:: - - [19/Jun/2025:10:55:15 -0400] "GET /shopping/1761835026.phtml HTTP/1.1" 301 0 "-" "meta-externalagent/1.1 (+https://developers.facebook.com/docs/sharing/webmasters/crawler)"
2a03:2880:f800:5:: - - [19/Jun/2025:10:55:16 -0400] "GET /shopping/2277339856.phtml HTTP/1.1" 301 0 "-" "meta-externalagent/1.1 (+https://developers.facebook.com/docs/sharing/webmasters/crawler)"
2a03:2880:f800:13:: - - [19/Jun/2025:10:55:17 -0400] "GET /shopping/727238808.phtml HTTP/1.1" 301 0 "-" "meta-externalagent/1.1 (+https://developers.facebook.com/docs/sharing/webmasters/crawler)"
2a03:2880:f800:17:: - - [19/Jun/2025:10:55:17 -0400] "GET /shopping/2567880826.phtml HTTP/1.1" 301 0 "-" "meta-externalagent/1.1 (+https://developers.facebook.com/docs/sharing/webmasters/crawler)"
2a03:2880:f800:7:: - - [19/Jun/2025:10:55:17 -0400] "GET /shopping/1265252116.phtml HTTP/1.1" 301 0 "-" "meta-externalagent/1.1 (+https://developers.facebook.com/docs/sharing/webmasters/crawler)"
2a03:2880:f800:6:: - - [19/Jun/2025:10:55:18 -0400] "GET /shopping/2394809044.phtml HTTP/1.1" 301 0 "-" "meta-externalagent/1.1 (+https://developers.facebook.com/docs/sharing/webmasters/crawler)"
66.249.79.224 - - [19/Jun/2025:10:57:59 -0400] "GET /shopping/445378250.phtml HTTP/1.1" 200 20883 "-" "Mozilla/5.0 (Linux; Android 6.0.1; Nexus 5X Build/MMB29P) AppleWebKit/537.36 (KHTML, like Gecko) Chrome/137.0.7151.103 Mobile Safari/537.36 (compatible; Googlebot/2.1; +http://www.google.com/bot.html)"
196.251.72.18 - - [19/Jun/2025:10:58:02 -0400] "GET /wp-content/themes/seotheme/db.php?u HTTP/1.1" 200 0 "www.google.com" "Mozlila/5.0 (Linux; Android 7.0; SM-G892A Bulid/NRD90M; wv) AppleWebKit/537.36 (KHTML, like Gecko) Version/4.0 Chrome/60.0.3112.107 Moblie Safari/537.36"
196.251.72.18 - - [19/Jun/2025:10:58:03 -0400] "GET /wp-content/themes/seotheme/db.php?u HTTP/1.1" 200 0 "www.google.com" "Mozlila/5.0 (Linux; Android 7.0; SM-G892A Bulid/NRD90M; wv) AppleWebKit/537.36 (KHTML, like Gecko) Version/4.0 Chrome/60.0.3112.107 Moblie Safari/537.36"
196.251.72.18 - - [19/Jun/2025:10:58:00 -0400] "POST /wp-plain.php HTTP/1.1" 200 0 "www.google.com" "Mozilla/5.0 (Linux; Android 7.0; SM-G892A Bulid/NRD90M; wv) AppleWebKit/537.36 (KHTML, like Gecko) Version/4.0 Chrome/60.0.3112.107 Moblie Safari/537.36"
196.251.72.18 - - [19/Jun/2025:10:58:01 -0400] "GET / HTTP/1.1" 200 0 "-" "Mozlila/5.0 (Linux; Android 7.0; SM-G892A Bulid/NRD90M; wv) AppleWebKit/537.36 (KHTML, like Gecko) Version/4.0 Chrome/60.0.3112.107 Moblie Safari/537.36"
196.251.72.18 - - [19/Jun/2025:10:58:06 -0400] "GET / HTTP/1.1" 200 0 "-" "Mozlila/5.0 (Linux; Android 7.0; SM-G892A Bulid/NRD90M; wv) AppleWebKit/537.36 (KHTML, like Gecko) Version/4.0 Chrome/60.0.3112.107 Moblie Safari/537.36"
162.0.232.193 - - [19/Jun/2025:10:58:14 -0400] "POST /wp-cron.php?doing_wp_cron=1750345093.9823069572448730468750 HTTP/1.1" 200 0 "-" "WordPress/6.7.2; https://w4.junglejuicewebtoon.com"
162.0.232.193 - - [19/Jun/2025:10:58:14 -0400] "POST /wp-cron.php?doing_wp_cron=1750345094.0752849578857421875000 HTTP/1.1" 200 0 "-" "WordPress/6.7.2; https://w4.junglejuicewebtoon.com"
162.0.232.193 - - [19/Jun/2025:10:58:14 -0400] "POST /wp-cron.php?doing_wp_cron=1750345094.1771070957183837890625 HTTP/1.1" 200 0 "-" "WordPress/6.7.2; https://w4.junglejuicewebtoon.com"
162.0.232.193 - - [19/Jun/2025:10:58:14 -0400] "POST /wp-cron.php?doing_wp_cron=1750345094.1848940849304199218750 HTTP/1.1" 200 0 "-" "WordPress/6.7.2; https://w4.junglejuicewebtoon.com"
196.251.72.18 - - [19/Jun/2025:10:58:03 -0400] "POST /ALFA_DATA/alfacgiapi/perl.alfa HTTP/1.1" 301 0 "www.google.com" "Mozlila/5.0 (Linux; Android 7.0; SM-G892A Bulid/NRD90M; wv) AppleWebKit/537.36 (KHTML, like Gecko) Version/4.0 Chrome/60.0.3112.107 Moblie Safari/537.36"
162.0.232.193 - - [19/Jun/2025:10:58:16 -0400] "POST /wp-cron.php?doing_wp_cron=1750345096.0734078884124755859375 HTTP/1.1" 200 0 "-" "WordPress/6.7.2; https://w4.junglejuicewebtoon.com"
196.251.72.18 - - [19/Jun/2025:10:58:13 -0400] "GET / HTTP/1.1" 200 0 "-" "Mozlila/5.0 (Linux; Android 7.0; SM-G892A Bulid/NRD90M; wv) AppleWebKit/537.36 (KHTML, like Gecko) Version/4.0 Chrome/60.0.3112.107 Moblie Safari/537.36"
162.0.232.193 - - [19/Jun/2025:10:58:17 -0400] "POST /wp-admin/admin-ajax.php?action=async_litespeed&nonce=G1dSNZi3N3aSqnVSgIij6PQR6cX3vY8S&litespeed_type=imgoptm HTTP/1.1" 200 0 "-" "WordPress/6.7.2; https://w4.junglejuicewebtoon.com"
162.0.232.193 - - [19/Jun/2025:10:58:22 -0400] "GET /wp-content/uploads/36f5b53d6c6d3d6b1e9dd0027baac2ed_1435.xml HTTP/1.1" 200 1057 "-" "Mozilla/5.0 (X11; Linux x86_64) AppleWebKit/537.36 (KHTML, like Gecko) Ubuntu Chromium/41.0.2272.76"
196.251.72.18 - - [19/Jun/2025:10:58:22 -0400] "GET / HTTP/1.1" 200 10312 "-" "Mozlila/5.0 (Linux; Android 7.0; SM-G892A Bulid/NRD90M; wv) AppleWebKit/537.36 (KHTML, like Gecko) Version/4.0 Chrome/60.0.3112.107 Moblie Safari/537.36"
196.251.72.18 - - [19/Jun/2025:10:58:29 -0400] "GET / HTTP/1.1" 200 0 "-" "Mozlila/5.0 (Linux; Android 7.0; SM-G892A Bulid/NRD90M; wv) AppleWebKit/537.36 (KHTML, like Gecko) Version/4.0 Chrome/60.0.3112.107 Moblie Safari/537.36"
196.251.72.18 - - [19/Jun/2025:10:58:42 -0400] "POST /alfacgiapi/perl.alfa HTTP/1.1" 301 0 "www.google.com" "Mozlila/5.0 (Linux; Android 7.0; SM-G892A Bulid/NRD90M; wv) AppleWebKit/537.36 (KHTML, like Gecko) Version/4.0 Chrome/60.0.3112.107 Moblie Safari/537.36"
162.0.232.193 - - [19/Jun/2025:10:59:52 -0400] "POST /wp-cron.php?doing_wp_cron=1750345192.6787879467010498046875 HTTP/1.1" 200 0 "-" "WordPress/6.7.2; https://w4.junglejuicewebtoon.com"
162.0.232.193 - - [19/Jun/2025:10:59:54 -0400] "POST /wp-admin/admin-ajax.php?action=async_litespeed&nonce=iOzFZ3B17JC2rqQxWrIapzxyolKC36KF&litespeed_type=imgoptm HTTP/1.1" 200 5 "-" "WordPress/6.7.2; https://w4.junglejuicewebtoon.com"
162.0.232.193 - - [19/Jun/2025:10:59:56 -0400] "GET /wp-content/uploads/36f5b53d6c6d3d6b1e9dd0027baac2ed_1435.xml HTTP/1.1" 200 1298 "-" "Mozilla/5.0 (X11; Linux x86_64) AppleWebKit/537.36 (KHTML, like Gecko) Ubuntu Chromium/41.0.2272.76"
66.249.79.225 - - [19/Jun/2025:11:00:28 -0400] "GET /shopping/34017214.phtml HTTP/1.1" 200 19677 "-" "Mozilla/5.0 (Linux; Android 6.0.1; Nexus 5X Build/MMB29P) AppleWebKit/537.36 (KHTML, like Gecko) Chrome/137.0.7151.103 Mobile Safari/537.36 (compatible; GoogleOther)"
43.159.149.56 - - [19/Jun/2025:11:00:32 -0400] "GET /wp-json/oembed/1.0/embed?url=https%3A%2F%2Fw4.junglejuicewebtoon.com%2Fmanga1%2Fjungle-juice-chapter-56%2F HTTP/1.1" 200 2530 "-" "Mozilla/5.0 (iPhone; CPU iPhone OS 13_2_3 like Mac OS X) AppleWebKit/605.1.15 (KHTML, like Gecko) Version/13.0.3 Mobile/15E148 Safari/604.1"
43.157.50.58 - - [19/Jun/2025:11:00:49 -0400] "GET / HTTP/1.1" 200 10322 "https://www.junglejuicewebtoon.com/" "Mozilla/5.0 (iPhone; CPU iPhone OS 13_2_3 like Mac OS X) AppleWebKit/605.1.15 (KHTML, like Gecko) Version/13.0.3 Mobile/15E148 Safari/604.1"
162.0.232.193 - - [19/Jun/2025:11:00:53 -0400] "POST /wp-cron.php?doing_wp_cron=1750345253.5876419544219970703125 HTTP/1.1" 200 0 "-" "WordPress/6.7.2; https://w4.junglejuicewebtoon.com"
54.36.149.83 - - [19/Jun/2025:11:00:53 -0400] "GET /manga1/jungle-juice-chapter-63/ HTTP/1.1" 200 10390 "-" "Mozilla/5.0 (compatible; AhrefsBot/7.0; +http://ahrefs.com/robot/)"
162.0.232.193 - - [19/Jun/2025:11:00:54 -0400] "POST /wp-admin/admin-ajax.php?action=async_litespeed&nonce=H9UXyPl76wqjzFctNSD5E7eRgedtzcjG&litespeed_type=imgoptm HTTP/1.1" 200 0 "-" "WordPress/6.7.2; https://w4.junglejuicewebtoon.com"
162.0.232.193 - - [19/Jun/2025:11:01:32 -0400] "POST /wp-cron.php?doing_wp_cron=1750345292.4755039215087890625000 HTTP/1.1" 200 0 "-" "WordPress/6.7.2; https://w4.junglejuicewebtoon.com"
2a03:2880:f800:12:: - - [19/Jun/2025:11:01:31 -0400] "GET /shopping/1761678690.phtml HTTP/1.1" 301 0 "-" "meta-externalagent/1.1 (+https://developers.facebook.com/docs/sharing/webmasters/crawler)"
162.0.232.193 - - [19/Jun/2025:11:01:33 -0400] "POST /wp-admin/admin-ajax.php?action=async_litespeed&nonce=3ZAQLipO1pIuyiCZNyZYH9L3AzVAM6G8&litespeed_type=imgoptm HTTP/1.1" 200 0 "-" "WordPress/6.7.2; https://w4.junglejuicewebtoon.com"
2a03:2880:f800:8:: - - [19/Jun/2025:11:01:34 -0400] "GET /shopping/1334676136.phtml HTTP/1.1" 301 0 "-" "meta-externalagent/1.1 (+https://developers.facebook.com/docs/sharing/webmasters/crawler)"
162.0.232.193 - - [19/Jun/2025:11:01:36 -0400] "GET /wp-content/uploads/36f5b53d6c6d3d6b1e9dd0027baac2ed_1435.xml HTTP/1.1" 200 1057 "-" "Mozilla/5.0 (X11; Linux x86_64) AppleWebKit/537.36 (KHTML, like Gecko) Ubuntu Chromium/41.0.2272.76"
66.249.79.225 - - [19/Jun/2025:11:01:35 -0400] "GET /shopping/445373810.phtml HTTP/1.1" 200 21305 "-" "Mozilla/5.0 (Linux; Android 6.0.1; Nexus 5X Build/MMB29P) AppleWebKit/537.36 (KHTML, like Gecko) Chrome/137.0.7151.103 Mobile Safari/537.36 (compatible; Googlebot/2.1; +http://www.google.com/bot.html)"
2a03:2880:f800:1b:: - - [19/Jun/2025:11:01:40 -0400] "GET /shopping/727533436.phtml HTTP/1.1" 301 0 "-" "meta-externalagent/1.1 (+https://developers.facebook.com/docs/sharing/webmasters/crawler)"
2a03:2880:f800:1c:: - - [19/Jun/2025:11:01:48 -0400] "GET /shopping/2360353072.phtml HTTP/1.1" 301 0 "-" "meta-externalagent/1.1 (+https://developers.facebook.com/docs/sharing/webmasters/crawler)"
2a03:2880:f800:9:: - - [19/Jun/2025:11:01:48 -0400] "GET /shopping/840040538.phtml HTTP/1.1" 301 0 "-" "meta-externalagent/1.1 (+https://developers.facebook.com/docs/sharing/webmasters/crawler)"
