Current File : //home/honehdyv/access-logs/w4.junglejuicewebtoon.com-ssl_log |
162.0.232.193 - - [19/Jun/2025:08:14:18 -0400] "POST /wp-cron.php?doing_wp_cron=1750335258.6029310226440429687500 HTTP/1.1" 200 0 "-" "WordPress/6.7.2; https://w4.junglejuicewebtoon.com"
137.74.223.84 - - [19/Jun/2025:08:14:09 -0400] "POST /xmlrpc.php HTTP/1.1" 200 0 "https://w4.junglejuicewebtoon.com" "Mozilla/5.0 (Macintosh; Intel Mac OS X 13.3; rv:126.0) Gecko/20100101 Firefox/126.0"
162.0.232.193 - - [19/Jun/2025:08:14:19 -0400] "POST /wp-admin/admin-ajax.php?action=async_litespeed&nonce=woO90XxfnGurDN5Rdh2sdtzpWIiBndKT&litespeed_type=imgoptm HTTP/1.1" 200 0 "-" "WordPress/6.7.2; https://w4.junglejuicewebtoon.com"
162.0.232.193 - - [19/Jun/2025:08:14:23 -0400] "GET /wp-content/uploads/36f5b53d6c6d3d6b1e9dd0027baac2ed_1435.xml HTTP/1.1" 200 1032 "-" "Mozilla/5.0 (X11; Linux x86_64) AppleWebKit/537.36 (KHTML, like Gecko) Ubuntu Chromium/41.0.2272.76"
114.119.133.125 - - [19/Jun/2025:08:14:20 -0400] "GET /category/jungle-juice/page/19/ HTTP/1.1" 200 11459 "https://w4.junglejuicewebtoon.com/category/jungle-juice/page/19/" "Mozilla/5.0 (Linux; Android 7.0;) AppleWebKit/537.36 (KHTML, like Gecko) Mobile Safari/537.36 (compatible; PetalBot;+https://webmaster.petalsearch.com/site/petalbot)"
162.0.232.193 - - [19/Jun/2025:08:16:29 -0400] "POST /wp-cron.php?doing_wp_cron=1750335388.9875950813293457031250 HTTP/1.1" 200 0 "-" "WordPress/6.7.2; https://w4.junglejuicewebtoon.com"
162.0.232.193 - - [19/Jun/2025:08:16:31 -0400] "POST /wp-admin/admin-ajax.php?action=async_litespeed&nonce=XE4MZcxMl8CbHSikD2nAvxFTOs9HgaG7&litespeed_type=imgoptm HTTP/1.1" 200 0 "-" "WordPress/6.7.2; https://w4.junglejuicewebtoon.com"
114.119.155.13 - - [19/Jun/2025:08:16:17 -0400] "GET /author/admin/page/4/ HTTP/1.1" 200 11999 "https://junglejuicewebtoon.com/author/admin/page/5/" "Mozilla/5.0 (Linux; Android 7.0;) AppleWebKit/537.36 (KHTML, like Gecko) Mobile Safari/537.36 (compatible; PetalBot;+https://webmaster.petalsearch.com/site/petalbot)"
162.0.232.193 - - [19/Jun/2025:08:16:35 -0400] "GET /wp-content/uploads/36f5b53d6c6d3d6b1e9dd0027baac2ed_1435.xml HTTP/1.1" 200 1032 "-" "Mozilla/5.0 (X11; Linux x86_64) AppleWebKit/537.36 (KHTML, like Gecko) Ubuntu Chromium/41.0.2272.76"
2a03:2880:f800:17:: - - [19/Jun/2025:08:17:25 -0400] "GET /shopping/2071033854.phtml HTTP/1.1" 301 0 "-" "meta-externalagent/1.1 (+https://developers.facebook.com/docs/sharing/webmasters/crawler)"
162.0.232.193 - - [19/Jun/2025:08:17:33 -0400] "POST /wp-cron.php?doing_wp_cron=1750335453.1906180381774902343750 HTTP/1.1" 200 0 "-" "WordPress/6.7.2; https://w4.junglejuicewebtoon.com"
2a03:2880:f800:9:: - - [19/Jun/2025:08:17:32 -0400] "GET /shopping/2482807278.phtml HTTP/1.1" 301 0 "-" "meta-externalagent/1.1 (+https://developers.facebook.com/docs/sharing/webmasters/crawler)"
162.0.232.193 - - [19/Jun/2025:08:17:34 -0400] "POST /wp-admin/admin-ajax.php?action=async_litespeed&nonce=FiRRmwCVkfSRafZtd9BgEp4GXIDPG66n&litespeed_type=imgoptm HTTP/1.1" 200 0 "-" "WordPress/6.7.2; https://w4.junglejuicewebtoon.com"
2a03:2880:f800:7:: - - [19/Jun/2025:08:17:37 -0400] "GET /shopping/2483124582.phtml HTTP/1.1" 301 0 "-" "meta-externalagent/1.1 (+https://developers.facebook.com/docs/sharing/webmasters/crawler)"
2a03:2880:f800:1c:: - - [19/Jun/2025:08:17:41 -0400] "GET /shopping/1761823818.phtml HTTP/1.1" 301 0 "-" "meta-externalagent/1.1 (+https://developers.facebook.com/docs/sharing/webmasters/crawler)"
2a03:2880:f800:12:: - - [19/Jun/2025:08:17:41 -0400] "GET /shopping/455727716.phtml HTTP/1.1" 301 0 "-" "meta-externalagent/1.1 (+https://developers.facebook.com/docs/sharing/webmasters/crawler)"
2a03:2880:f800:1:: - - [19/Jun/2025:08:17:41 -0400] "GET /shopping/2109802842.phtml HTTP/1.1" 301 0 "-" "meta-externalagent/1.1 (+https://developers.facebook.com/docs/sharing/webmasters/crawler)"
2a03:2880:f800:1a:: - - [19/Jun/2025:08:17:42 -0400] "GET /shopping/355605628.phtml HTTP/1.1" 301 0 "-" "meta-externalagent/1.1 (+https://developers.facebook.com/docs/sharing/webmasters/crawler)"
2a03:2880:f800:3:: - - [19/Jun/2025:08:17:47 -0400] "GET /shopping/61565390.phtml HTTP/1.1" 301 0 "-" "meta-externalagent/1.1 (+https://developers.facebook.com/docs/sharing/webmasters/crawler)"
2a03:2880:f800:17:: - - [19/Jun/2025:08:17:48 -0400] "GET /shopping/2101088438.phtml HTTP/1.1" 301 0 "-" "meta-externalagent/1.1 (+https://developers.facebook.com/docs/sharing/webmasters/crawler)"
2a03:2880:f800:17:: - - [19/Jun/2025:08:17:49 -0400] "GET /shopping/2274633776.phtml HTTP/1.1" 301 0 "-" "meta-externalagent/1.1 (+https://developers.facebook.com/docs/sharing/webmasters/crawler)"
2a03:2880:f800:17:: - - [19/Jun/2025:08:17:49 -0400] "GET /shopping/128201842.phtml HTTP/1.1" 301 0 "-" "meta-externalagent/1.1 (+https://developers.facebook.com/docs/sharing/webmasters/crawler)"
2a03:2880:f800:1c:: - - [19/Jun/2025:08:17:50 -0400] "GET /shopping/1364462278.phtml HTTP/1.1" 301 0 "-" "meta-externalagent/1.1 (+https://developers.facebook.com/docs/sharing/webmasters/crawler)"
2a03:2880:f800:1c:: - - [19/Jun/2025:08:17:50 -0400] "GET /shopping/2349975168.phtml HTTP/1.1" 301 0 "-" "meta-externalagent/1.1 (+https://developers.facebook.com/docs/sharing/webmasters/crawler)"
2a03:2880:f800:11:: - - [19/Jun/2025:08:17:51 -0400] "GET /shopping/2203361630.phtml HTTP/1.1" 301 0 "-" "meta-externalagent/1.1 (+https://developers.facebook.com/docs/sharing/webmasters/crawler)"
2a03:2880:f800:18:: - - [19/Jun/2025:08:17:52 -0400] "GET /shopping/217722868.phtml HTTP/1.1" 301 0 "-" "meta-externalagent/1.1 (+https://developers.facebook.com/docs/sharing/webmasters/crawler)"
2a03:2880:f800:8:: - - [19/Jun/2025:08:17:57 -0400] "GET /shopping/2711767868.phtml HTTP/1.1" 301 0 "-" "meta-externalagent/1.1 (+https://developers.facebook.com/docs/sharing/webmasters/crawler)"
2a03:2880:f800:d:: - - [19/Jun/2025:08:17:57 -0400] "GET /shopping/2638328036.phtml HTTP/1.1" 301 0 "-" "meta-externalagent/1.1 (+https://developers.facebook.com/docs/sharing/webmasters/crawler)"
162.0.232.193 - - [19/Jun/2025:08:17:59 -0400] "POST /wp-cron.php?doing_wp_cron=1750335479.0747919082641601562500 HTTP/1.1" 200 0 "-" "WordPress/6.7.2; https://w4.junglejuicewebtoon.com"
2a03:2880:f800:13:: - - [19/Jun/2025:08:17:58 -0400] "GET /shopping/270197870.phtml HTTP/1.1" 301 0 "-" "meta-externalagent/1.1 (+https://developers.facebook.com/docs/sharing/webmasters/crawler)"
162.0.232.193 - - [19/Jun/2025:08:17:59 -0400] "POST /wp-admin/admin-ajax.php?action=async_litespeed&nonce=kaC72qfhgnXs0Fo4Gt9qek6ijVjU3e6S&litespeed_type=imgoptm HTTP/1.1" 200 5 "-" "WordPress/6.7.2; https://w4.junglejuicewebtoon.com"
2a03:2880:f800:: - - [19/Jun/2025:08:18:04 -0400] "GET /shopping/2638376690.phtml HTTP/1.1" 301 0 "-" "meta-externalagent/1.1 (+https://developers.facebook.com/docs/sharing/webmasters/crawler)"
2a03:2880:f800:16:: - - [19/Jun/2025:08:18:07 -0400] "GET /shopping/1489795730.phtml HTTP/1.1" 301 0 "-" "meta-externalagent/1.1 (+https://developers.facebook.com/docs/sharing/webmasters/crawler)"
2a03:2880:f800:b:: - - [19/Jun/2025:08:18:09 -0400] "GET /shopping/2277641188.phtml HTTP/1.1" 301 0 "-" "meta-externalagent/1.1 (+https://developers.facebook.com/docs/sharing/webmasters/crawler)"
162.0.232.193 - - [19/Jun/2025:08:18:24 -0400] "POST /wp-cron.php?doing_wp_cron=1750335503.8949320316314697265625 HTTP/1.1" 200 0 "-" "WordPress/6.7.2; https://w4.junglejuicewebtoon.com"
2a03:2880:f800:2:: - - [19/Jun/2025:08:18:22 -0400] "GET /shopping/2203398884.phtml HTTP/1.1" 301 0 "-" "meta-externalagent/1.1 (+https://developers.facebook.com/docs/sharing/webmasters/crawler)"
162.0.232.193 - - [19/Jun/2025:08:18:27 -0400] "GET /wp-content/uploads/36f5b53d6c6d3d6b1e9dd0027baac2ed_1435.xml HTTP/1.1" 200 1207 "-" "Mozilla/5.0 (X11; Linux x86_64) AppleWebKit/537.36 (KHTML, like Gecko) Ubuntu Chromium/41.0.2272.76"
2a03:2880:f800:f:: - - [19/Jun/2025:08:18:37 -0400] "GET /shopping/2638485630.phtml HTTP/1.1" 301 0 "-" "meta-externalagent/1.1 (+https://developers.facebook.com/docs/sharing/webmasters/crawler)"
2a03:2880:f800:7:: - - [19/Jun/2025:08:18:43 -0400] "GET /shopping/795045754.phtml HTTP/1.1" 301 0 "-" "meta-externalagent/1.1 (+https://developers.facebook.com/docs/sharing/webmasters/crawler)"
2a03:2880:f800:19:: - - [19/Jun/2025:08:18:44 -0400] "GET /shopping/2483583364.phtml HTTP/1.1" 301 0 "-" "meta-externalagent/1.1 (+https://developers.facebook.com/docs/sharing/webmasters/crawler)"
2a03:2880:f800:1a:: - - [19/Jun/2025:08:19:04 -0400] "GET /shopping/2105573754.phtml HTTP/1.1" 301 0 "-" "meta-externalagent/1.1 (+https://developers.facebook.com/docs/sharing/webmasters/crawler)"
2a03:2880:f800:16:: - - [19/Jun/2025:08:19:06 -0400] "GET /shopping/2646914302.phtml HTTP/1.1" 301 0 "-" "meta-externalagent/1.1 (+https://developers.facebook.com/docs/sharing/webmasters/crawler)"
2a03:2880:f800:7:: - - [19/Jun/2025:08:19:06 -0400] "GET /shopping/1955802636.phtml HTTP/1.1" 301 0 "-" "meta-externalagent/1.1 (+https://developers.facebook.com/docs/sharing/webmasters/crawler)"
2a03:2880:f800:1:: - - [19/Jun/2025:08:19:18 -0400] "GET /shopping/1364389738.phtml HTTP/1.1" 301 0 "-" "meta-externalagent/1.1 (+https://developers.facebook.com/docs/sharing/webmasters/crawler)"
2a03:2880:f800:2:: - - [19/Jun/2025:08:19:22 -0400] "GET /shopping/2646747616.phtml HTTP/1.1" 301 0 "-" "meta-externalagent/1.1 (+https://developers.facebook.com/docs/sharing/webmasters/crawler)"
162.0.232.193 - - [19/Jun/2025:08:19:26 -0400] "POST /wp-cron.php?doing_wp_cron=1750335566.1809120178222656250000 HTTP/1.1" 200 0 "-" "WordPress/6.7.2; https://w4.junglejuicewebtoon.com"
2a03:2880:f800:6:: - - [19/Jun/2025:08:19:25 -0400] "GET /shopping/1171504326.phtml HTTP/1.1" 301 0 "-" "meta-externalagent/1.1 (+https://developers.facebook.com/docs/sharing/webmasters/crawler)"
2a03:2880:f800:14:: - - [19/Jun/2025:08:19:26 -0400] "GET /shopping/498007196.phtml HTTP/1.1" 301 0 "-" "meta-externalagent/1.1 (+https://developers.facebook.com/docs/sharing/webmasters/crawler)"
162.0.232.193 - - [19/Jun/2025:08:19:27 -0400] "POST /wp-admin/admin-ajax.php?action=async_litespeed&nonce=gxawCsU0u7UEXfRtDgU2Y6uDjAaAncOS&litespeed_type=imgoptm HTTP/1.1" 200 0 "-" "WordPress/6.7.2; https://w4.junglejuicewebtoon.com"
66.249.79.238 - - [19/Jun/2025:08:19:28 -0400] "GET /shopping/1723828848.phtml HTTP/1.1" 200 18604 "-" "Mozilla/5.0 (Linux; Android 6.0.1; Nexus 5X Build/MMB29P) AppleWebKit/537.36 (KHTML, like Gecko) Chrome/137.0.7151.103 Mobile Safari/537.36 (compatible; Googlebot/2.1; +http://www.google.com/bot.html)"
2a03:2880:f800:1a:: - - [19/Jun/2025:08:19:30 -0400] "GET /shopping/2102906186.phtml HTTP/1.1" 301 0 "-" "meta-externalagent/1.1 (+https://developers.facebook.com/docs/sharing/webmasters/crawler)"
2a03:2880:f800:13:: - - [19/Jun/2025:08:19:30 -0400] "GET /shopping/971361770.phtml HTTP/1.1" 301 0 "-" "meta-externalagent/1.1 (+https://developers.facebook.com/docs/sharing/webmasters/crawler)"
2a03:2880:f800:14:: - - [19/Jun/2025:08:19:33 -0400] "GET /shopping/2254806350.phtml HTTP/1.1" 301 0 "-" "meta-externalagent/1.1 (+https://developers.facebook.com/docs/sharing/webmasters/crawler)"
2a03:2880:f800:18:: - - [19/Jun/2025:08:19:41 -0400] "GET /shopping/62195410.phtml HTTP/1.1" 301 0 "-" "meta-externalagent/1.1 (+https://developers.facebook.com/docs/sharing/webmasters/crawler)"
2a03:2880:f800:17:: - - [19/Jun/2025:08:19:42 -0400] "GET /shopping/371851910.phtml HTTP/1.1" 301 0 "-" "meta-externalagent/1.1 (+https://developers.facebook.com/docs/sharing/webmasters/crawler)"
2a03:2880:f800:4:: - - [19/Jun/2025:08:19:42 -0400] "GET /shopping/2254153382.phtml HTTP/1.1" 301 0 "-" "meta-externalagent/1.1 (+https://developers.facebook.com/docs/sharing/webmasters/crawler)"
2a03:2880:f800:3:: - - [19/Jun/2025:08:19:43 -0400] "GET /shopping/1489911354.phtml HTTP/1.1" 301 0 "-" "meta-externalagent/1.1 (+https://developers.facebook.com/docs/sharing/webmasters/crawler)"
2a03:2880:f800:17:: - - [19/Jun/2025:08:19:44 -0400] "GET /shopping/2638639510.phtml HTTP/1.1" 301 0 "-" "meta-externalagent/1.1 (+https://developers.facebook.com/docs/sharing/webmasters/crawler)"
2a03:2880:f800:f:: - - [19/Jun/2025:08:19:45 -0400] "GET /shopping/785733206.phtml HTTP/1.1" 301 0 "-" "meta-externalagent/1.1 (+https://developers.facebook.com/docs/sharing/webmasters/crawler)"
2a03:2880:f800:18:: - - [19/Jun/2025:08:19:45 -0400] "GET /shopping/1006308420.phtml HTTP/1.1" 301 0 "-" "meta-externalagent/1.1 (+https://developers.facebook.com/docs/sharing/webmasters/crawler)"
2a03:2880:f800:19:: - - [19/Jun/2025:08:19:46 -0400] "GET /shopping/270093454.phtml HTTP/1.1" 301 0 "-" "meta-externalagent/1.1 (+https://developers.facebook.com/docs/sharing/webmasters/crawler)"
2a03:2880:f800:15:: - - [19/Jun/2025:08:19:47 -0400] "GET /shopping/354994566.phtml HTTP/1.1" 301 0 "-" "meta-externalagent/1.1 (+https://developers.facebook.com/docs/sharing/webmasters/crawler)"
66.249.79.238 - - [19/Jun/2025:08:19:48 -0400] "GET /shopping/1635430584.phtml HTTP/1.1" 200 22064 "-" "Mozilla/5.0 (Linux; Android 6.0.1; Nexus 5X Build/MMB29P) AppleWebKit/537.36 (KHTML, like Gecko) Chrome/137.0.7151.103 Mobile Safari/537.36 (compatible; Googlebot/2.1; +http://www.google.com/bot.html)"
2a03:2880:f800:d:: - - [19/Jun/2025:08:19:48 -0400] "GET /shopping/2254201118.phtml HTTP/1.1" 301 0 "-" "meta-externalagent/1.1 (+https://developers.facebook.com/docs/sharing/webmasters/crawler)"
2a03:2880:f800:12:: - - [19/Jun/2025:08:19:48 -0400] "GET /shopping/531690120.phtml HTTP/1.1" 301 0 "-" "meta-externalagent/1.1 (+https://developers.facebook.com/docs/sharing/webmasters/crawler)"
2a03:2880:f800:10:: - - [19/Jun/2025:08:19:49 -0400] "GET /shopping/2203375018.phtml HTTP/1.1" 301 0 "-" "meta-externalagent/1.1 (+https://developers.facebook.com/docs/sharing/webmasters/crawler)"
2a03:2880:f800:1:: - - [19/Jun/2025:08:19:50 -0400] "GET /shopping/2568305468.phtml HTTP/1.1" 301 0 "-" "meta-externalagent/1.1 (+https://developers.facebook.com/docs/sharing/webmasters/crawler)"
2a03:2880:f800:13:: - - [19/Jun/2025:08:19:50 -0400] "GET /shopping/637196274.phtml HTTP/1.1" 301 0 "-" "meta-externalagent/1.1 (+https://developers.facebook.com/docs/sharing/webmasters/crawler)"
2a03:2880:f800:1c:: - - [19/Jun/2025:08:19:50 -0400] "GET /shopping/881582124.phtml HTTP/1.1" 301 0 "-" "meta-externalagent/1.1 (+https://developers.facebook.com/docs/sharing/webmasters/crawler)"
2a03:2880:f800:a:: - - [19/Jun/2025:08:19:51 -0400] "GET /shopping/2203626630.phtml HTTP/1.1" 301 0 "-" "meta-externalagent/1.1 (+https://developers.facebook.com/docs/sharing/webmasters/crawler)"
2a03:2880:f800:15:: - - [19/Jun/2025:08:19:53 -0400] "GET /shopping/2052330436.phtml HTTP/1.1" 301 0 "-" "meta-externalagent/1.1 (+https://developers.facebook.com/docs/sharing/webmasters/crawler)"
2a03:2880:f800:1:: - - [19/Jun/2025:08:19:53 -0400] "GET /shopping/2350105582.phtml HTTP/1.1" 301 0 "-" "meta-externalagent/1.1 (+https://developers.facebook.com/docs/sharing/webmasters/crawler)"
2a03:2880:f800:10:: - - [19/Jun/2025:08:19:54 -0400] "GET /shopping/1076213910.phtml HTTP/1.1" 301 0 "-" "meta-externalagent/1.1 (+https://developers.facebook.com/docs/sharing/webmasters/crawler)"
2a03:2880:f800:d:: - - [19/Jun/2025:08:19:55 -0400] "GET /shopping/2102425586.phtml HTTP/1.1" 301 0 "-" "meta-externalagent/1.1 (+https://developers.facebook.com/docs/sharing/webmasters/crawler)"
2a03:2880:f800:4:: - - [19/Jun/2025:08:19:55 -0400] "GET /shopping/80937216.phtml HTTP/1.1" 301 0 "-" "meta-externalagent/1.1 (+https://developers.facebook.com/docs/sharing/webmasters/crawler)"
2a03:2880:f800:11:: - - [19/Jun/2025:08:19:56 -0400] "GET /shopping/498707496.phtml HTTP/1.1" 301 0 "-" "meta-externalagent/1.1 (+https://developers.facebook.com/docs/sharing/webmasters/crawler)"
2a03:2880:f800:1d:: - - [19/Jun/2025:08:19:57 -0400] "GET /shopping/1764120452.phtml HTTP/1.1" 301 0 "-" "meta-externalagent/1.1 (+https://developers.facebook.com/docs/sharing/webmasters/crawler)"
2a03:2880:f800:1:: - - [19/Jun/2025:08:19:57 -0400] "GET /shopping/839798956.phtml HTTP/1.1" 301 0 "-" "meta-externalagent/1.1 (+https://developers.facebook.com/docs/sharing/webmasters/crawler)"
162.0.232.193 - - [19/Jun/2025:08:20:00 -0400] "POST /wp-cron.php?doing_wp_cron=1750335600.3777849674224853515625 HTTP/1.1" 200 0 "-" "WordPress/6.7.2; https://w4.junglejuicewebtoon.com"
2a03:2880:f800:1d:: - - [19/Jun/2025:08:19:59 -0400] "GET /shopping/1764213596.phtml HTTP/1.1" 301 0 "-" "meta-externalagent/1.1 (+https://developers.facebook.com/docs/sharing/webmasters/crawler)"
2a03:2880:f800:5:: - - [19/Jun/2025:08:20:00 -0400] "GET /shopping/1061424520.phtml HTTP/1.1" 301 0 "-" "meta-externalagent/1.1 (+https://developers.facebook.com/docs/sharing/webmasters/crawler)"
2a03:2880:f800:14:: - - [19/Jun/2025:08:20:01 -0400] "GET /shopping/456476882.phtml HTTP/1.1" 301 0 "-" "meta-externalagent/1.1 (+https://developers.facebook.com/docs/sharing/webmasters/crawler)"
2a03:2880:f800:3:: - - [19/Jun/2025:08:20:01 -0400] "GET /shopping/2567945276.phtml HTTP/1.1" 301 0 "-" "meta-externalagent/1.1 (+https://developers.facebook.com/docs/sharing/webmasters/crawler)"
162.0.232.193 - - [19/Jun/2025:08:20:02 -0400] "POST /wp-admin/admin-ajax.php?action=async_litespeed&nonce=ehimEgRcyuzHWMX9GunHODpBCJnXGdTA&litespeed_type=imgoptm HTTP/1.1" 200 0 "-" "WordPress/6.7.2; https://w4.junglejuicewebtoon.com"
2a03:2880:f800:7:: - - [19/Jun/2025:08:20:01 -0400] "GET /shopping/1764060654.phtml HTTP/1.1" 301 0 "-" "meta-externalagent/1.1 (+https://developers.facebook.com/docs/sharing/webmasters/crawler)"
2a03:2880:f800:4:: - - [19/Jun/2025:08:20:04 -0400] "GET /shopping/456153812.phtml HTTP/1.1" 301 0 "-" "meta-externalagent/1.1 (+https://developers.facebook.com/docs/sharing/webmasters/crawler)"
2a03:2880:f800:7:: - - [19/Jun/2025:08:20:07 -0400] "GET /shopping/727175296.phtml HTTP/1.1" 301 0 "-" "meta-externalagent/1.1 (+https://developers.facebook.com/docs/sharing/webmasters/crawler)"
2a03:2880:f800:1d:: - - [19/Jun/2025:08:20:09 -0400] "GET /shopping/1761800886.phtml HTTP/1.1" 301 0 "-" "meta-externalagent/1.1 (+https://developers.facebook.com/docs/sharing/webmasters/crawler)"
162.0.232.193 - - [19/Jun/2025:08:20:15 -0400] "POST /wp-cron.php?doing_wp_cron=1750335615.4008181095123291015625 HTTP/1.1" 200 0 "-" "WordPress/6.7.2; https://w4.junglejuicewebtoon.com"
2a03:2880:f800:11:: - - [19/Jun/2025:08:20:14 -0400] "GET /shopping/112809544.phtml HTTP/1.1" 301 0 "-" "meta-externalagent/1.1 (+https://developers.facebook.com/docs/sharing/webmasters/crawler)"
2a03:2880:f800:f:: - - [19/Jun/2025:08:20:15 -0400] "GET /shopping/1171768112.phtml HTTP/1.1" 301 0 "-" "meta-externalagent/1.1 (+https://developers.facebook.com/docs/sharing/webmasters/crawler)"
162.0.232.193 - - [19/Jun/2025:08:20:18 -0400] "GET /wp-content/uploads/36f5b53d6c6d3d6b1e9dd0027baac2ed_1435.xml HTTP/1.1" 200 1207 "-" "Mozilla/5.0 (X11; Linux x86_64) AppleWebKit/537.36 (KHTML, like Gecko) Ubuntu Chromium/41.0.2272.76"
2a03:2880:f800:d:: - - [19/Jun/2025:08:20:17 -0400] "GET /shopping/270741642.phtml HTTP/1.1" 301 0 "-" "meta-externalagent/1.1 (+https://developers.facebook.com/docs/sharing/webmasters/crawler)"
2a03:2880:f800:3:: - - [19/Jun/2025:08:20:32 -0400] "GET /shopping/61840660.phtml HTTP/1.1" 301 0 "-" "meta-externalagent/1.1 (+https://developers.facebook.com/docs/sharing/webmasters/crawler)"
2a03:2880:f800:1a:: - - [19/Jun/2025:08:20:36 -0400] "GET /shopping/840117390.phtml HTTP/1.1" 301 0 "-" "meta-externalagent/1.1 (+https://developers.facebook.com/docs/sharing/webmasters/crawler)"
162.0.232.193 - - [19/Jun/2025:08:21:52 -0400] "POST /wp-cron.php?doing_wp_cron=1750335711.9744050502777099609375 HTTP/1.1" 200 0 "-" "WordPress/6.7.2; https://w4.junglejuicewebtoon.com"
54.36.148.77 - - [19/Jun/2025:08:21:51 -0400] "GET /manga1/jungle-juice-chapter-120/ HTTP/1.1" 200 10422 "-" "Mozilla/5.0 (compatible; AhrefsBot/7.0; +http://ahrefs.com/robot/)"
162.0.232.193 - - [19/Jun/2025:08:21:52 -0400] "POST /wp-admin/admin-ajax.php?action=async_litespeed&nonce=kKr9q11VHO0ZRYBtZHmXA5MK0M8lzFOA&litespeed_type=imgoptm HTTP/1.1" 200 5 "-" "WordPress/6.7.2; https://w4.junglejuicewebtoon.com"
162.0.232.193 - - [19/Jun/2025:08:21:54 -0400] "GET /wp-content/uploads/36f5b53d6c6d3d6b1e9dd0027baac2ed_1435.xml HTTP/1.1" 200 1207 "-" "Mozilla/5.0 (X11; Linux x86_64) AppleWebKit/537.36 (KHTML, like Gecko) Ubuntu Chromium/41.0.2272.76"
66.249.79.237 - - [19/Jun/2025:08:22:14 -0400] "GET /shopping/33994866.phtml HTTP/1.1" 200 19168 "-" "Mozilla/5.0 (Linux; Android 6.0.1; Nexus 5X Build/MMB29P) AppleWebKit/537.36 (KHTML, like Gecko) Chrome/137.0.7151.103 Mobile Safari/537.36 (compatible; GoogleOther)"
66.249.79.238 - - [19/Jun/2025:08:22:39 -0400] "POST /get-message-notify HTTP/1.1" 301 0 "https://w4.junglejuicewebtoon.com/shopping/31490334.phtml" "Mozilla/5.0 (Linux; Android 6.0.1; Nexus 5X Build/MMB29P) AppleWebKit/537.36 (KHTML, like Gecko) Chrome/137.0.7151.68 Mobile Safari/537.36 (compatible; Googlebot/2.1; +http://www.google.com/bot.html)"
162.0.232.193 - - [19/Jun/2025:08:22:59 -0400] "POST /wp-cron.php?doing_wp_cron=1750335779.6766669750213623046875 HTTP/1.1" 200 0 "-" "WordPress/6.7.2; https://w4.junglejuicewebtoon.com"
164.52.205.112 - - [19/Jun/2025:08:22:59 -0400] "POST /xmlrpc.php HTTP/1.1" 200 186 "https://w4.junglejuicewebtoon.com" "Mozilla/5.0 (Macintosh; Intel Mac OS X 10_15_7) AppleWebKit/537.36 (KHTML, like Gecko) Chrome/113.0.5672.93 Safari/537.36"
162.0.232.193 - - [19/Jun/2025:08:23:00 -0400] "POST /wp-admin/admin-ajax.php?action=async_litespeed&nonce=OeD7RzdyHWNWQAXFcRvEv4YCiN7lsNmX&litespeed_type=imgoptm HTTP/1.1" 200 0 "-" "WordPress/6.7.2; https://w4.junglejuicewebtoon.com"
66.249.79.237 - - [19/Jun/2025:08:23:49 -0400] "GET /shopping/442851174.phtml HTTP/1.1" 200 21180 "-" "Mozilla/5.0 (Linux; Android 6.0.1; Nexus 5X Build/MMB29P) AppleWebKit/537.36 (KHTML, like Gecko) Chrome/137.0.7151.103 Mobile Safari/537.36 (compatible; Googlebot/2.1; +http://www.google.com/bot.html)"
66.249.79.237 - - [19/Jun/2025:08:23:49 -0400] "GET /shopping/1723827606.phtml HTTP/1.1" 200 18559 "-" "Mozilla/5.0 (Linux; Android 6.0.1; Nexus 5X Build/MMB29P) AppleWebKit/537.36 (KHTML, like Gecko) Chrome/137.0.7151.103 Mobile Safari/537.36 (compatible; Googlebot/2.1; +http://www.google.com/bot.html)"
66.249.79.237 - - [19/Jun/2025:08:23:50 -0400] "GET /shopping/442830958.phtml HTTP/1.1" 200 18605 "-" "Mozilla/5.0 (Linux; Android 6.0.1; Nexus 5X Build/MMB29P) AppleWebKit/537.36 (KHTML, like Gecko) Chrome/137.0.7151.103 Mobile Safari/537.36 (compatible; Googlebot/2.1; +http://www.google.com/bot.html)"
66.249.79.238 - - [19/Jun/2025:08:23:51 -0400] "GET /shopping/442885054.phtml HTTP/1.1" 200 19669 "-" "Mozilla/5.0 (Linux; Android 6.0.1; Nexus 5X Build/MMB29P) AppleWebKit/537.36 (KHTML, like Gecko) Chrome/137.0.7151.103 Mobile Safari/537.36 (compatible; Googlebot/2.1; +http://www.google.com/bot.html)"
66.249.79.238 - - [19/Jun/2025:08:23:52 -0400] "GET /shopping/653285366.phtml HTTP/1.1" 200 19354 "-" "Mozilla/5.0 (Linux; Android 6.0.1; Nexus 5X Build/MMB29P) AppleWebKit/537.36 (KHTML, like Gecko) Chrome/137.0.7151.103 Mobile Safari/537.36 (compatible; Googlebot/2.1; +http://www.google.com/bot.html)"
66.249.79.237 - - [19/Jun/2025:08:23:53 -0400] "GET /shopping/442876238.phtml HTTP/1.1" 200 19127 "-" "Mozilla/5.0 (Linux; Android 6.0.1; Nexus 5X Build/MMB29P) AppleWebKit/537.36 (KHTML, like Gecko) Chrome/137.0.7151.103 Mobile Safari/537.36 (compatible; Googlebot/2.1; +http://www.google.com/bot.html)"
66.249.79.238 - - [19/Jun/2025:08:23:54 -0400] "GET /shopping/2673619166.phtml HTTP/1.1" 200 22338 "-" "Mozilla/5.0 (Linux; Android 6.0.1; Nexus 5X Build/MMB29P) AppleWebKit/537.36 (KHTML, like Gecko) Chrome/137.0.7151.103 Mobile Safari/537.36 (compatible; Googlebot/2.1; +http://www.google.com/bot.html)"
162.0.232.193 - - [19/Jun/2025:08:24:34 -0400] "POST /wp-cron.php?doing_wp_cron=1750335874.6099081039428710937500 HTTP/1.1" 200 0 "-" "WordPress/6.7.2; https://w4.junglejuicewebtoon.com"
2a03:2880:f800:12:: - - [19/Jun/2025:08:24:34 -0400] "GET /shopping/839986972.phtml HTTP/1.1" 301 0 "-" "meta-externalagent/1.1 (+https://developers.facebook.com/docs/sharing/webmasters/crawler)"
162.0.232.193 - - [19/Jun/2025:08:24:37 -0400] "GET /wp-content/uploads/36f5b53d6c6d3d6b1e9dd0027baac2ed_1435.xml HTTP/1.1" 200 1207 "-" "Mozilla/5.0 (X11; Linux x86_64) AppleWebKit/537.36 (KHTML, like Gecko) Ubuntu Chromium/41.0.2272.76"
2a03:2880:f800:10:: - - [19/Jun/2025:08:24:45 -0400] "GET /shopping/80678920.phtml HTTP/1.1" 301 0 "-" "meta-externalagent/1.1 (+https://developers.facebook.com/docs/sharing/webmasters/crawler)"
2a03:2880:f800:a:: - - [19/Jun/2025:08:24:48 -0400] "GET /shopping/2102222924.phtml HTTP/1.1" 301 0 "-" "meta-externalagent/1.1 (+https://developers.facebook.com/docs/sharing/webmasters/crawler)"
2a03:2880:f800:1a:: - - [19/Jun/2025:08:24:50 -0400] "GET /shopping/1265635112.phtml HTTP/1.1" 301 0 "-" "meta-externalagent/1.1 (+https://developers.facebook.com/docs/sharing/webmasters/crawler)"
2a03:2880:f800:7:: - - [19/Jun/2025:08:24:59 -0400] "GET /shopping/840256864.phtml HTTP/1.1" 301 0 "-" "meta-externalagent/1.1 (+https://developers.facebook.com/docs/sharing/webmasters/crawler)"
2a03:2880:f800:7:: - - [19/Jun/2025:08:25:00 -0400] "GET /shopping/1762206682.phtml HTTP/1.1" 301 0 "-" "meta-externalagent/1.1 (+https://developers.facebook.com/docs/sharing/webmasters/crawler)"
2a03:2880:f800:1d:: - - [19/Jun/2025:08:25:01 -0400] "GET /shopping/1459727634.phtml HTTP/1.1" 301 0 "-" "meta-externalagent/1.1 (+https://developers.facebook.com/docs/sharing/webmasters/crawler)"
2a03:2880:f800:3:: - - [19/Jun/2025:08:25:01 -0400] "GET /shopping/80358238.phtml HTTP/1.1" 301 0 "-" "meta-externalagent/1.1 (+https://developers.facebook.com/docs/sharing/webmasters/crawler)"
2a03:2880:f800:9:: - - [19/Jun/2025:08:25:04 -0400] "GET /shopping/2360798530.phtml HTTP/1.1" 301 0 "-" "meta-externalagent/1.1 (+https://developers.facebook.com/docs/sharing/webmasters/crawler)"
2a03:2880:f800:17:: - - [19/Jun/2025:08:25:06 -0400] "GET /shopping/2109961374.phtml HTTP/1.1" 301 0 "-" "meta-externalagent/1.1 (+https://developers.facebook.com/docs/sharing/webmasters/crawler)"
2a03:2880:f800:1a:: - - [19/Jun/2025:08:25:06 -0400] "GET /shopping/2254454974.phtml HTTP/1.1" 301 0 "-" "meta-externalagent/1.1 (+https://developers.facebook.com/docs/sharing/webmasters/crawler)"
2a03:2880:f800:18:: - - [19/Jun/2025:08:25:06 -0400] "GET /shopping/2360360032.phtml HTTP/1.1" 301 0 "-" "meta-externalagent/1.1 (+https://developers.facebook.com/docs/sharing/webmasters/crawler)"
2a03:2880:f800:3:: - - [19/Jun/2025:08:25:06 -0400] "GET /shopping/2254412002.phtml HTTP/1.1" 301 0 "-" "meta-externalagent/1.1 (+https://developers.facebook.com/docs/sharing/webmasters/crawler)"
2a03:2880:f800:1c:: - - [19/Jun/2025:08:25:07 -0400] "GET /shopping/355265312.phtml HTTP/1.1" 301 0 "-" "meta-externalagent/1.1 (+https://developers.facebook.com/docs/sharing/webmasters/crawler)"
2a03:2880:f800:9:: - - [19/Jun/2025:08:25:07 -0400] "GET /shopping/840103790.phtml HTTP/1.1" 301 0 "-" "meta-externalagent/1.1 (+https://developers.facebook.com/docs/sharing/webmasters/crawler)"
2a03:2880:f800:19:: - - [19/Jun/2025:08:25:08 -0400] "GET /shopping/2350370842.phtml HTTP/1.1" 301 0 "-" "meta-externalagent/1.1 (+https://developers.facebook.com/docs/sharing/webmasters/crawler)"
2a03:2880:f800:8:: - - [19/Jun/2025:08:25:09 -0400] "GET /shopping/2203718304.phtml HTTP/1.1" 301 0 "-" "meta-externalagent/1.1 (+https://developers.facebook.com/docs/sharing/webmasters/crawler)"
2a03:2880:f800:7:: - - [19/Jun/2025:08:25:10 -0400] "GET /shopping/2638880900.phtml HTTP/1.1" 301 0 "-" "meta-externalagent/1.1 (+https://developers.facebook.com/docs/sharing/webmasters/crawler)"
2a03:2880:f800:1d:: - - [19/Jun/2025:08:25:11 -0400] "GET /shopping/743606736.phtml HTTP/1.1" 301 0 "-" "meta-externalagent/1.1 (+https://developers.facebook.com/docs/sharing/webmasters/crawler)"
2a03:2880:f800:e:: - - [19/Jun/2025:08:25:16 -0400] "GET /shopping/355323334.phtml HTTP/1.1" 301 0 "-" "meta-externalagent/1.1 (+https://developers.facebook.com/docs/sharing/webmasters/crawler)"
2a03:2880:f800:18:: - - [19/Jun/2025:08:25:21 -0400] "GET /shopping/1822193326.phtml HTTP/1.1" 301 0 "-" "meta-externalagent/1.1 (+https://developers.facebook.com/docs/sharing/webmasters/crawler)"
2a03:2880:f800:5:: - - [19/Jun/2025:08:25:23 -0400] "GET /shopping/498442172.phtml HTTP/1.1" 301 0 "-" "meta-externalagent/1.1 (+https://developers.facebook.com/docs/sharing/webmasters/crawler)"
2a03:2880:f800:d:: - - [19/Jun/2025:08:25:25 -0400] "GET /shopping/1171685514.phtml HTTP/1.1" 301 0 "-" "meta-externalagent/1.1 (+https://developers.facebook.com/docs/sharing/webmasters/crawler)"
2a03:2880:f800:10:: - - [19/Jun/2025:08:25:29 -0400] "GET /shopping/1310237936.phtml HTTP/1.1" 301 0 "-" "meta-externalagent/1.1 (+https://developers.facebook.com/docs/sharing/webmasters/crawler)"
2a03:2880:f800:1d:: - - [19/Jun/2025:08:25:30 -0400] "GET /shopping/62164648.phtml HTTP/1.1" 301 0 "-" "meta-externalagent/1.1 (+https://developers.facebook.com/docs/sharing/webmasters/crawler)"
162.0.232.193 - - [19/Jun/2025:08:25:41 -0400] "POST /wp-cron.php?doing_wp_cron=1750335941.2838358879089355468750 HTTP/1.1" 200 0 "-" "WordPress/6.7.2; https://w4.junglejuicewebtoon.com"
2a03:2880:f800:16:: - - [19/Jun/2025:08:25:40 -0400] "GET /shopping/2287981498.phtml HTTP/1.1" 301 0 "-" "meta-externalagent/1.1 (+https://developers.facebook.com/docs/sharing/webmasters/crawler)"
162.0.232.193 - - [19/Jun/2025:08:25:42 -0400] "POST /wp-admin/admin-ajax.php?action=async_litespeed&nonce=No3igL41qErYmAS7LMgM845GPcGVYhl4&litespeed_type=imgoptm HTTP/1.1" 200 5 "-" "WordPress/6.7.2; https://w4.junglejuicewebtoon.com"
2a03:2880:f800:8:: - - [19/Jun/2025:08:25:44 -0400] "GET /shopping/1078720574.phtml HTTP/1.1" 301 0 "-" "meta-externalagent/1.1 (+https://developers.facebook.com/docs/sharing/webmasters/crawler)"
2a03:2880:f800:b:: - - [19/Jun/2025:08:25:47 -0400] "GET /shopping/2659540298.phtml HTTP/1.1" 301 0 "-" "meta-externalagent/1.1 (+https://developers.facebook.com/docs/sharing/webmasters/crawler)"
2a03:2880:f800:11:: - - [19/Jun/2025:08:25:47 -0400] "GET /shopping/2064031652.phtml HTTP/1.1" 301 0 "-" "meta-externalagent/1.1 (+https://developers.facebook.com/docs/sharing/webmasters/crawler)"
2a03:2880:f800:16:: - - [19/Jun/2025:08:25:47 -0400] "GET /shopping/484149498.phtml HTTP/1.1" 301 0 "-" "meta-externalagent/1.1 (+https://developers.facebook.com/docs/sharing/webmasters/crawler)"
2a03:2880:f800:6:: - - [19/Jun/2025:08:25:48 -0400] "GET /shopping/2711578850.phtml HTTP/1.1" 301 0 "-" "meta-externalagent/1.1 (+https://developers.facebook.com/docs/sharing/webmasters/crawler)"
2a03:2880:f800:18:: - - [19/Jun/2025:08:25:48 -0400] "GET /shopping/1822354230.phtml HTTP/1.1" 301 0 "-" "meta-externalagent/1.1 (+https://developers.facebook.com/docs/sharing/webmasters/crawler)"
2a03:2880:f800:1:: - - [19/Jun/2025:08:25:49 -0400] "GET /shopping/590908688.phtml HTTP/1.1" 301 0 "-" "meta-externalagent/1.1 (+https://developers.facebook.com/docs/sharing/webmasters/crawler)"
2a03:2880:f800:11:: - - [19/Jun/2025:08:25:50 -0400] "GET /shopping/1881232822.phtml HTTP/1.1" 301 0 "-" "meta-externalagent/1.1 (+https://developers.facebook.com/docs/sharing/webmasters/crawler)"
2a03:2880:f800:18:: - - [19/Jun/2025:08:25:51 -0400] "GET /shopping/2275207196.phtml HTTP/1.1" 301 0 "-" "meta-externalagent/1.1 (+https://developers.facebook.com/docs/sharing/webmasters/crawler)"
2a03:2880:f800:13:: - - [19/Jun/2025:08:25:54 -0400] "GET /shopping/2052703438.phtml HTTP/1.1" 301 0 "-" "meta-externalagent/1.1 (+https://developers.facebook.com/docs/sharing/webmasters/crawler)"
66.249.79.226 - - [19/Jun/2025:08:25:55 -0400] "GET /shopping/1723830916.phtml HTTP/1.1" 200 18577 "-" "Mozilla/5.0 (Linux; Android 6.0.1; Nexus 5X Build/MMB29P) AppleWebKit/537.36 (KHTML, like Gecko) Chrome/137.0.7151.103 Mobile Safari/537.36 (compatible; Googlebot/2.1; +http://www.google.com/bot.html)"
66.249.79.226 - - [19/Jun/2025:08:25:56 -0400] "GET /shopping/442872912.phtml HTTP/1.1" 200 18264 "-" "Mozilla/5.0 (Linux; Android 6.0.1; Nexus 5X Build/MMB29P) AppleWebKit/537.36 (KHTML, like Gecko) Chrome/137.0.7151.103 Mobile Safari/537.36 (compatible; Googlebot/2.1; +http://www.google.com/bot.html)"
2a03:2880:f800:8:: - - [19/Jun/2025:08:25:56 -0400] "GET /shopping/1822126680.phtml HTTP/1.1" 301 0 "-" "meta-externalagent/1.1 (+https://developers.facebook.com/docs/sharing/webmasters/crawler)"
66.249.79.226 - - [19/Jun/2025:08:25:56 -0400] "GET /shopping/442839902.phtml HTTP/1.1" 200 20550 "-" "Mozilla/5.0 (Linux; Android 6.0.1; Nexus 5X Build/MMB29P) AppleWebKit/537.36 (KHTML, like Gecko) Chrome/137.0.7151.103 Mobile Safari/537.36 (compatible; Googlebot/2.1; +http://www.google.com/bot.html)"
2a03:2880:f800:12:: - - [19/Jun/2025:08:25:57 -0400] "GET /shopping/2502983560.phtml HTTP/1.1" 301 0 "-" "meta-externalagent/1.1 (+https://developers.facebook.com/docs/sharing/webmasters/crawler)"
2a03:2880:f800:a:: - - [19/Jun/2025:08:25:58 -0400] "GET /shopping/1076278600.phtml HTTP/1.1" 301 0 "-" "meta-externalagent/1.1 (+https://developers.facebook.com/docs/sharing/webmasters/crawler)"
162.0.232.193 - - [19/Jun/2025:08:25:59 -0400] "POST /wp-cron.php?doing_wp_cron=1750335959.0093541145324707031250 HTTP/1.1" 200 0 "-" "WordPress/6.7.2; https://w4.junglejuicewebtoon.com"
2a03:2880:f800:13:: - - [19/Jun/2025:08:25:58 -0400] "GET /shopping/2433029480.phtml HTTP/1.1" 301 0 "-" "meta-externalagent/1.1 (+https://developers.facebook.com/docs/sharing/webmasters/crawler)"
162.0.232.193 - - [19/Jun/2025:08:25:59 -0400] "POST /wp-admin/admin-ajax.php?action=async_litespeed&nonce=mc31ozNmJCoUwdw8iRPx2S2nBLad4Jkr&litespeed_type=imgoptm HTTP/1.1" 200 0 "-" "WordPress/6.7.2; https://w4.junglejuicewebtoon.com"
2a03:2880:f800:8:: - - [19/Jun/2025:08:26:00 -0400] "GET /shopping/1076021238.phtml HTTP/1.1" 301 0 "-" "meta-externalagent/1.1 (+https://developers.facebook.com/docs/sharing/webmasters/crawler)"
2a03:2880:f800:1a:: - - [19/Jun/2025:08:26:00 -0400] "GET /shopping/1480638516.phtml HTTP/1.1" 301 0 "-" "meta-externalagent/1.1 (+https://developers.facebook.com/docs/sharing/webmasters/crawler)"
2a03:2880:f800:f:: - - [19/Jun/2025:08:26:00 -0400] "GET /shopping/1310703418.phtml HTTP/1.1" 301 0 "-" "meta-externalagent/1.1 (+https://developers.facebook.com/docs/sharing/webmasters/crawler)"
2a03:2880:f800:d:: - - [19/Jun/2025:08:26:01 -0400] "GET /shopping/2502622254.phtml HTTP/1.1" 301 0 "-" "meta-externalagent/1.1 (+https://developers.facebook.com/docs/sharing/webmasters/crawler)"
2a03:2880:f800:2:: - - [19/Jun/2025:08:26:02 -0400] "GET /shopping/112843488.phtml HTTP/1.1" 301 0 "-" "meta-externalagent/1.1 (+https://developers.facebook.com/docs/sharing/webmasters/crawler)"
2a03:2880:f800:9:: - - [19/Jun/2025:08:26:04 -0400] "GET /shopping/1822141214.phtml HTTP/1.1" 301 0 "-" "meta-externalagent/1.1 (+https://developers.facebook.com/docs/sharing/webmasters/crawler)"
2a03:2880:f800:16:: - - [19/Jun/2025:08:26:10 -0400] "GET /shopping/2275030304.phtml HTTP/1.1" 301 0 "-" "meta-externalagent/1.1 (+https://developers.facebook.com/docs/sharing/webmasters/crawler)"
2a03:2880:f800:18:: - - [19/Jun/2025:08:26:10 -0400] "GET /shopping/2568380512.phtml HTTP/1.1" 301 0 "-" "meta-externalagent/1.1 (+https://developers.facebook.com/docs/sharing/webmasters/crawler)"
2a03:2880:f800:8:: - - [19/Jun/2025:08:26:11 -0400] "GET /shopping/1655897006.phtml HTTP/1.1" 301 0 "-" "meta-externalagent/1.1 (+https://developers.facebook.com/docs/sharing/webmasters/crawler)"
2a03:2880:f800:1:: - - [19/Jun/2025:08:26:11 -0400] "GET /shopping/1492294496.phtml HTTP/1.1" 301 0 "-" "meta-externalagent/1.1 (+https://developers.facebook.com/docs/sharing/webmasters/crawler)"
2a03:2880:f800:14:: - - [19/Jun/2025:08:26:12 -0400] "GET /shopping/2105215610.phtml HTTP/1.1" 301 0 "-" "meta-externalagent/1.1 (+https://developers.facebook.com/docs/sharing/webmasters/crawler)"
162.0.232.193 - - [19/Jun/2025:08:26:14 -0400] "POST /wp-cron.php?doing_wp_cron=1750335974.1985349655151367187500 HTTP/1.1" 200 0 "-" "WordPress/6.7.2; https://w4.junglejuicewebtoon.com"
2a03:2880:f800:7:: - - [19/Jun/2025:08:26:13 -0400] "GET /shopping/2659132238.phtml HTTP/1.1" 301 0 "-" "meta-externalagent/1.1 (+https://developers.facebook.com/docs/sharing/webmasters/crawler)"
2a03:2880:f800:12:: - - [19/Jun/2025:08:26:14 -0400] "GET /shopping/2105272162.phtml HTTP/1.1" 301 0 "-" "meta-externalagent/1.1 (+https://developers.facebook.com/docs/sharing/webmasters/crawler)"
2a03:2880:f800:15:: - - [19/Jun/2025:08:26:15 -0400] "GET /shopping/1006011332.phtml HTTP/1.1" 301 0 "-" "meta-externalagent/1.1 (+https://developers.facebook.com/docs/sharing/webmasters/crawler)"
2a03:2880:f800:12:: - - [19/Jun/2025:08:26:17 -0400] "GET /shopping/1005661218.phtml HTTP/1.1" 301 0 "-" "meta-externalagent/1.1 (+https://developers.facebook.com/docs/sharing/webmasters/crawler)"
162.0.232.193 - - [19/Jun/2025:08:26:18 -0400] "GET /wp-content/uploads/36f5b53d6c6d3d6b1e9dd0027baac2ed_1435.xml HTTP/1.1" 200 1032 "-" "Mozilla/5.0 (X11; Linux x86_64) AppleWebKit/537.36 (KHTML, like Gecko) Ubuntu Chromium/41.0.2272.76"
2a03:2880:f800:16:: - - [19/Jun/2025:08:26:23 -0400] "GET /shopping/2638561528.phtml HTTP/1.1" 301 0 "-" "meta-externalagent/1.1 (+https://developers.facebook.com/docs/sharing/webmasters/crawler)"
2a03:2880:f800:7:: - - [19/Jun/2025:08:26:25 -0400] "GET /shopping/2646642086.phtml HTTP/1.1" 301 0 "-" "meta-externalagent/1.1 (+https://developers.facebook.com/docs/sharing/webmasters/crawler)"
2a03:2880:f800:b:: - - [19/Jun/2025:08:26:25 -0400] "GET /shopping/2203137278.phtml HTTP/1.1" 301 0 "-" "meta-externalagent/1.1 (+https://developers.facebook.com/docs/sharing/webmasters/crawler)"
2a03:2880:f800:2:: - - [19/Jun/2025:08:26:26 -0400] "GET /shopping/1956473496.phtml HTTP/1.1" 301 0 "-" "meta-externalagent/1.1 (+https://developers.facebook.com/docs/sharing/webmasters/crawler)"
2a03:2880:f800:8:: - - [19/Jun/2025:08:26:27 -0400] "GET /shopping/2101213266.phtml HTTP/1.1" 301 0 "-" "meta-externalagent/1.1 (+https://developers.facebook.com/docs/sharing/webmasters/crawler)"
2a03:2880:f800:1a:: - - [19/Jun/2025:08:26:28 -0400] "GET /shopping/1459435198.phtml HTTP/1.1" 301 0 "-" "meta-externalagent/1.1 (+https://developers.facebook.com/docs/sharing/webmasters/crawler)"
2a03:2880:f800:c:: - - [19/Jun/2025:08:26:29 -0400] "GET /shopping/2433154068.phtml HTTP/1.1" 301 0 "-" "meta-externalagent/1.1 (+https://developers.facebook.com/docs/sharing/webmasters/crawler)"
2a03:2880:f800:5:: - - [19/Jun/2025:08:26:29 -0400] "GET /shopping/355547558.phtml HTTP/1.1" 301 0 "-" "meta-externalagent/1.1 (+https://developers.facebook.com/docs/sharing/webmasters/crawler)"
2a03:2880:f800:5:: - - [19/Jun/2025:08:26:30 -0400] "GET /shopping/840166044.phtml HTTP/1.1" 301 0 "-" "meta-externalagent/1.1 (+https://developers.facebook.com/docs/sharing/webmasters/crawler)"
2a03:2880:f800:16:: - - [19/Jun/2025:08:26:30 -0400] "GET /shopping/2052113982.phtml HTTP/1.1" 301 0 "-" "meta-externalagent/1.1 (+https://developers.facebook.com/docs/sharing/webmasters/crawler)"
2a03:2880:f800:11:: - - [19/Jun/2025:08:26:32 -0400] "GET /shopping/1539418390.phtml HTTP/1.1" 301 0 "-" "meta-externalagent/1.1 (+https://developers.facebook.com/docs/sharing/webmasters/crawler)"
2a03:2880:f800:14:: - - [19/Jun/2025:08:26:33 -0400] "GET /shopping/840329128.phtml HTTP/1.1" 301 0 "-" "meta-externalagent/1.1 (+https://developers.facebook.com/docs/sharing/webmasters/crawler)"
2a03:2880:f800:5:: - - [19/Jun/2025:08:26:34 -0400] "GET /shopping/1310752348.phtml HTTP/1.1" 301 0 "-" "meta-externalagent/1.1 (+https://developers.facebook.com/docs/sharing/webmasters/crawler)"
2a03:2880:f800:2:: - - [19/Jun/2025:08:26:34 -0400] "GET /shopping/1956363718.phtml HTTP/1.1" 301 0 "-" "meta-externalagent/1.1 (+https://developers.facebook.com/docs/sharing/webmasters/crawler)"
2a03:2880:f800:d:: - - [19/Jun/2025:08:26:33 -0400] "GET /shopping/2254340592.phtml HTTP/1.1" 301 0 "-" "meta-externalagent/1.1 (+https://developers.facebook.com/docs/sharing/webmasters/crawler)"
2a03:2880:f800:14:: - - [19/Jun/2025:08:26:37 -0400] "GET /shopping/1310396384.phtml HTTP/1.1" 301 0 "-" "meta-externalagent/1.1 (+https://developers.facebook.com/docs/sharing/webmasters/crawler)"
2a03:2880:f800:d:: - - [19/Jun/2025:08:26:37 -0400] "GET /shopping/785695744.phtml HTTP/1.1" 301 0 "-" "meta-externalagent/1.1 (+https://developers.facebook.com/docs/sharing/webmasters/crawler)"
2a03:2880:f800:19:: - - [19/Jun/2025:08:26:37 -0400] "GET /shopping/2203422686.phtml HTTP/1.1" 301 0 "-" "meta-externalagent/1.1 (+https://developers.facebook.com/docs/sharing/webmasters/crawler)"
2a03:2880:f800:18:: - - [19/Jun/2025:08:26:38 -0400] "GET /shopping/743065080.phtml HTTP/1.1" 301 0 "-" "meta-externalagent/1.1 (+https://developers.facebook.com/docs/sharing/webmasters/crawler)"
2a03:2880:f800:1d:: - - [19/Jun/2025:08:26:39 -0400] "GET /shopping/1061405238.phtml HTTP/1.1" 301 0 "-" "meta-externalagent/1.1 (+https://developers.facebook.com/docs/sharing/webmasters/crawler)"
2a03:2880:f800:8:: - - [19/Jun/2025:08:26:48 -0400] "GET /shopping/2254864080.phtml HTTP/1.1" 301 0 "-" "meta-externalagent/1.1 (+https://developers.facebook.com/docs/sharing/webmasters/crawler)"
2a03:2880:f800:d:: - - [19/Jun/2025:08:26:50 -0400] "GET /shopping/218235216.phtml HTTP/1.1" 301 0 "-" "meta-externalagent/1.1 (+https://developers.facebook.com/docs/sharing/webmasters/crawler)"
66.249.79.225 - - [19/Jun/2025:08:26:57 -0400] "GET /shopping/q/u003d75/201081/4791f4dd38dfdf667ba611e435b343d9.jpg HTTP/1.1" 301 0 "-" "Googlebot-Image/1.0"
2a03:2880:f800:17:: - - [19/Jun/2025:08:27:02 -0400] "GET /shopping/1490123368.phtml HTTP/1.1" 301 0 "-" "meta-externalagent/1.1 (+https://developers.facebook.com/docs/sharing/webmasters/crawler)"
162.0.232.193 - - [19/Jun/2025:08:27:22 -0400] "POST /wp-cron.php?doing_wp_cron=1750336042.0753901004791259765625 HTTP/1.1" 200 0 "-" "WordPress/6.7.2; https://w4.junglejuicewebtoon.com"
194.163.128.147 - - [19/Jun/2025:08:27:21 -0400] "POST /xmlrpc.php HTTP/1.1" 200 186 "https://w4.junglejuicewebtoon.com" "Mozilla/5.0 (Macintosh; Intel Mac OS X 10_15_7; rv:128.0) Gecko/20100101 Firefox/128.0"
162.0.232.193 - - [19/Jun/2025:08:27:22 -0400] "POST /wp-admin/admin-ajax.php?action=async_litespeed&nonce=1knVNl7I1y3VPgeWeJYwN4fOHXW5i5Dj&litespeed_type=imgoptm HTTP/1.1" 200 5 "-" "WordPress/6.7.2; https://w4.junglejuicewebtoon.com"
2a03:2880:f800:9:: - - [19/Jun/2025:08:27:37 -0400] "GET /shopping/1481104254.phtml HTTP/1.1" 301 0 "-" "meta-externalagent/1.1 (+https://developers.facebook.com/docs/sharing/webmasters/crawler)"
2a03:2880:f800:d:: - - [19/Jun/2025:08:27:37 -0400] "GET /shopping/498333508.phtml HTTP/1.1" 301 0 "-" "meta-externalagent/1.1 (+https://developers.facebook.com/docs/sharing/webmasters/crawler)"
2a03:2880:f800:10:: - - [19/Jun/2025:08:27:45 -0400] "GET /shopping/2568337152.phtml HTTP/1.1" 301 0 "-" "meta-externalagent/1.1 (+https://developers.facebook.com/docs/sharing/webmasters/crawler)"
2a03:2880:f800:8:: - - [19/Jun/2025:08:27:52 -0400] "GET /shopping/531342326.phtml HTTP/1.1" 301 0 "-" "meta-externalagent/1.1 (+https://developers.facebook.com/docs/sharing/webmasters/crawler)"
2a03:2880:f800:10:: - - [19/Jun/2025:08:27:57 -0400] "GET /shopping/531710676.phtml HTTP/1.1" 301 0 "-" "meta-externalagent/1.1 (+https://developers.facebook.com/docs/sharing/webmasters/crawler)"
2a03:2880:f800:c:: - - [19/Jun/2025:08:27:58 -0400] "GET /shopping/795089924.phtml HTTP/1.1" 301 0 "-" "meta-externalagent/1.1 (+https://developers.facebook.com/docs/sharing/webmasters/crawler)"
162.0.232.193 - - [19/Jun/2025:08:28:00 -0400] "POST /wp-cron.php?doing_wp_cron=1750336080.0913178920745849609375 HTTP/1.1" 200 0 "-" "WordPress/6.7.2; https://w4.junglejuicewebtoon.com"
47.128.17.159 - - [19/Jun/2025:08:27:59 -0400] "GET / HTTP/1.1" 200 10314 "-" "Mozilla/5.0 (Linux; Android 5.0) AppleWebKit/537.36 (KHTML, like Gecko) Mobile Safari/537.36 (compatible; Bytespider; [email protected])"
162.0.232.193 - - [19/Jun/2025:08:28:01 -0400] "POST /wp-admin/admin-ajax.php?action=async_litespeed&nonce=5pMoW1bjtEEcEe8zpWZlAVt9eb2OMOkG&litespeed_type=imgoptm HTTP/1.1" 200 0 "-" "WordPress/6.7.2; https://w4.junglejuicewebtoon.com"
2a03:2880:f800:19:: - - [19/Jun/2025:08:28:01 -0400] "GET /shopping/2288261612.phtml HTTP/1.1" 301 0 "-" "meta-externalagent/1.1 (+https://developers.facebook.com/docs/sharing/webmasters/crawler)"
2a03:2880:f800:3:: - - [19/Jun/2025:08:28:02 -0400] "GET /shopping/1364509886.phtml HTTP/1.1" 301 0 "-" "meta-externalagent/1.1 (+https://developers.facebook.com/docs/sharing/webmasters/crawler)"
2a03:2880:f800:e:: - - [19/Jun/2025:08:28:04 -0400] "GET /shopping/1265363236.phtml HTTP/1.1" 301 0 "-" "meta-externalagent/1.1 (+https://developers.facebook.com/docs/sharing/webmasters/crawler)"
2a03:2880:f800:5:: - - [19/Jun/2025:08:28:11 -0400] "GET /shopping/2526182648.phtml HTTP/1.1" 301 0 "-" "meta-externalagent/1.1 (+https://developers.facebook.com/docs/sharing/webmasters/crawler)"
162.0.232.193 - - [19/Jun/2025:08:28:20 -0400] "POST /wp-cron.php?doing_wp_cron=1750336100.2846889495849609375000 HTTP/1.1" 200 0 "-" "WordPress/6.7.2; https://w4.junglejuicewebtoon.com"
2a03:2880:f800:13:: - - [19/Jun/2025:08:28:19 -0400] "GET /shopping/839621014.phtml HTTP/1.1" 301 0 "-" "meta-externalagent/1.1 (+https://developers.facebook.com/docs/sharing/webmasters/crawler)"
2a03:2880:f800:: - - [19/Jun/2025:08:28:20 -0400] "GET /shopping/906187250.phtml HTTP/1.1" 301 0 "-" "meta-externalagent/1.1 (+https://developers.facebook.com/docs/sharing/webmasters/crawler)"
162.0.232.193 - - [19/Jun/2025:08:28:22 -0400] "GET /wp-content/uploads/36f5b53d6c6d3d6b1e9dd0027baac2ed_1435.xml HTTP/1.1" 200 1298 "-" "Mozilla/5.0 (X11; Linux x86_64) AppleWebKit/537.36 (KHTML, like Gecko) Ubuntu Chromium/41.0.2272.76"
185.226.196.27 - - [19/Jun/2025:08:28:26 -0400] "GET / HTTP/1.1" 200 10323 "https://w3.junglejuicewebtoon.com/" "Mozilla/5.0 (Windows NT 10.0; Win64; x64) AppleWebKit/537.36 (KHTML, like Gecko) Chrome/60.0.3112.113 Safari/537.36"
2a03:2880:f800:19:: - - [19/Jun/2025:08:28:28 -0400] "GET /shopping/1265658060.phtml HTTP/1.1" 301 0 "-" "meta-externalagent/1.1 (+https://developers.facebook.com/docs/sharing/webmasters/crawler)"
2a03:2880:f800:11:: - - [19/Jun/2025:08:28:29 -0400] "GET /shopping/842248856.phtml HTTP/1.1" 301 0 "-" "meta-externalagent/1.1 (+https://developers.facebook.com/docs/sharing/webmasters/crawler)"
2a03:2880:f800:1:: - - [19/Jun/2025:08:28:30 -0400] "GET /shopping/2071029350.phtml HTTP/1.1" 301 0 "-" "meta-externalagent/1.1 (+https://developers.facebook.com/docs/sharing/webmasters/crawler)"
2a03:2880:f800:18:: - - [19/Jun/2025:08:28:31 -0400] "GET /shopping/371757828.phtml HTTP/1.1" 301 0 "-" "meta-externalagent/1.1 (+https://developers.facebook.com/docs/sharing/webmasters/crawler)"
2a03:2880:f800:a:: - - [19/Jun/2025:08:28:32 -0400] "GET /shopping/80703788.phtml HTTP/1.1" 301 0 "-" "meta-externalagent/1.1 (+https://developers.facebook.com/docs/sharing/webmasters/crawler)"
2a03:2880:f800:: - - [19/Jun/2025:08:28:33 -0400] "GET /shopping/2568289692.phtml HTTP/1.1" 301 0 "-" "meta-externalagent/1.1 (+https://developers.facebook.com/docs/sharing/webmasters/crawler)"
2a03:2880:f800:f:: - - [19/Jun/2025:08:28:36 -0400] "GET /shopping/218212284.phtml HTTP/1.1" 301 0 "-" "meta-externalagent/1.1 (+https://developers.facebook.com/docs/sharing/webmasters/crawler)"
2a03:2880:f800:13:: - - [19/Jun/2025:08:28:43 -0400] "GET /shopping/2360186402.phtml HTTP/1.1" 301 0 "-" "meta-externalagent/1.1 (+https://developers.facebook.com/docs/sharing/webmasters/crawler)"
2a03:2880:f800:1b:: - - [19/Jun/2025:08:28:44 -0400] "GET /shopping/727558308.phtml HTTP/1.1" 301 0 "-" "meta-externalagent/1.1 (+https://developers.facebook.com/docs/sharing/webmasters/crawler)"
2a03:2880:f800:7:: - - [19/Jun/2025:08:28:48 -0400] "GET /shopping/217701326.phtml HTTP/1.1" 301 0 "-" "meta-externalagent/1.1 (+https://developers.facebook.com/docs/sharing/webmasters/crawler)"
2a03:2880:f800:8:: - - [19/Jun/2025:08:28:49 -0400] "GET /shopping/1061738446.phtml HTTP/1.1" 301 0 "-" "meta-externalagent/1.1 (+https://developers.facebook.com/docs/sharing/webmasters/crawler)"
2a03:2880:f800:c:: - - [19/Jun/2025:08:28:50 -0400] "GET /shopping/1310566448.phtml HTTP/1.1" 301 0 "-" "meta-externalagent/1.1 (+https://developers.facebook.com/docs/sharing/webmasters/crawler)"
2a03:2880:f800:f:: - - [19/Jun/2025:08:28:50 -0400] "GET /shopping/2071053136.phtml HTTP/1.1" 301 0 "-" "meta-externalagent/1.1 (+https://developers.facebook.com/docs/sharing/webmasters/crawler)"
2a03:2880:f800:8:: - - [19/Jun/2025:08:28:51 -0400] "GET /shopping/2638596602.phtml HTTP/1.1" 301 0 "-" "meta-externalagent/1.1 (+https://developers.facebook.com/docs/sharing/webmasters/crawler)"
2a03:2880:f800:4:: - - [19/Jun/2025:08:28:55 -0400] "GET /shopping/531414850.phtml HTTP/1.1" 301 0 "-" "meta-externalagent/1.1 (+https://developers.facebook.com/docs/sharing/webmasters/crawler)"
2a03:2880:f800:e:: - - [19/Jun/2025:08:28:59 -0400] "GET /shopping/2350593996.phtml HTTP/1.1" 301 0 "-" "meta-externalagent/1.1 (+https://developers.facebook.com/docs/sharing/webmasters/crawler)"
2a03:2880:f800:6:: - - [19/Jun/2025:08:29:01 -0400] "GET /shopping/531471550.phtml HTTP/1.1" 301 0 "-" "meta-externalagent/1.1 (+https://developers.facebook.com/docs/sharing/webmasters/crawler)"
2a03:2880:f800:1:: - - [19/Jun/2025:08:29:01 -0400] "GET /shopping/2109980460.phtml HTTP/1.1" 301 0 "-" "meta-externalagent/1.1 (+https://developers.facebook.com/docs/sharing/webmasters/crawler)"
2a03:2880:f800:1:: - - [19/Jun/2025:08:29:02 -0400] "GET /shopping/2360254502.phtml HTTP/1.1" 301 0 "-" "meta-externalagent/1.1 (+https://developers.facebook.com/docs/sharing/webmasters/crawler)"
