90.77.181.22 - - [08/Jun/2025:17:07:57 -0400] "GET /wind-breaker-chapter-502/ HTTP/1.1" 200 11650 "https://read11.windbreakermanga.com/wind-breaker-chapter-503/" "Mozilla/5.0 (Linux; Android 13; 2201116SG Build/TKQ1.221114.001; wv) AppleWebKit/537.36 (KHTML, like Gecko) Version/4.0 Chrome/136.0.7103.125 Mobile Safari/537.36"
90.77.181.22 - - [08/Jun/2025:17:07:58 -0400] "POST /wp-admin/admin-ajax.php HTTP/1.1" 200 61 "https://read11.windbreakermanga.com/wind-breaker-chapter-502/" "Mozilla/5.0 (Linux; Android 13; 2201116SG Build/TKQ1.221114.001; wv) AppleWebKit/537.36 (KHTML, like Gecko) Version/4.0 Chrome/136.0.7103.125 Mobile Safari/537.36"
2a03:2880:f800:e:: - - [08/Jun/2025:17:08:00 -0400] "GET /category/wind-breaker/ HTTP/1.1" 200 12204 "-" "meta-externalagent/1.1 (+https://developers.facebook.com/docs/sharing/webmasters/crawler)"
90.77.181.22 - - [08/Jun/2025:17:08:22 -0400] "GET / HTTP/1.1" 304 0 "-" "Mozilla/5.0 (Linux; Android 13; 2201116SG Build/TKQ1.221114.001; wv) AppleWebKit/537.36 (KHTML, like Gecko) Version/4.0 Chrome/136.0.7103.125 Mobile Safari/537.36"
90.77.181.22 - - [08/Jun/2025:17:08:35 -0400] "GET /wind-breaker-chapter-508/ HTTP/1.1" 200 11550 "https://read11.windbreakermanga.com/" "Mozilla/5.0 (Linux; Android 13; 2201116SG Build/TKQ1.221114.001; wv) AppleWebKit/537.36 (KHTML, like Gecko) Version/4.0 Chrome/136.0.7103.125 Mobile Safari/537.36"
90.77.181.22 - - [08/Jun/2025:17:08:35 -0400] "GET /wind-breaker-chapter-508/ HTTP/1.1" 304 0 "https://read11.windbreakermanga.com/" "Mozilla/5.0 (Linux; Android 13; 2201116SG Build/TKQ1.221114.001; wv) AppleWebKit/537.36 (KHTML, like Gecko) Version/4.0 Chrome/136.0.7103.125 Mobile Safari/537.36"
90.77.181.22 - - [08/Jun/2025:17:08:36 -0400] "GET /wind-breaker-chapter-504/ HTTP/1.1" 200 11654 "https://read11.windbreakermanga.com/" "Mozilla/5.0 (Linux; Android 13; 2201116SG Build/TKQ1.221114.001; wv) AppleWebKit/537.36 (KHTML, like Gecko) Version/4.0 Chrome/136.0.7103.125 Mobile Safari/537.36"
90.77.181.22 - - [08/Jun/2025:17:08:36 -0400] "GET /wind-breaker-chapter-504/ HTTP/1.1" 304 0 "https://read11.windbreakermanga.com/" "Mozilla/5.0 (Linux; Android 13; 2201116SG Build/TKQ1.221114.001; wv) AppleWebKit/537.36 (KHTML, like Gecko) Version/4.0 Chrome/136.0.7103.125 Mobile Safari/537.36"
90.77.181.22 - - [08/Jun/2025:17:08:36 -0400] "GET /wind-breaker-chapter-504/ HTTP/1.1" 304 0 "-" "Mozilla/5.0 (Linux; Android 13; 2201116SG Build/TKQ1.221114.001; wv) AppleWebKit/537.36 (KHTML, like Gecko) Version/4.0 Chrome/136.0.7103.125 Mobile Safari/537.36"
162.0.232.193 - - [08/Jun/2025:17:08:37 -0400] "POST /wp-cron.php?doing_wp_cron=1749416917.6240589618682861328125 HTTP/1.1" 200 0 "-" "WordPress/6.8.1; https://read11.windbreakermanga.com"
90.77.181.22 - - [08/Jun/2025:17:08:37 -0400] "POST /wp-admin/admin-ajax.php HTTP/1.1" 200 61 "https://read11.windbreakermanga.com/wind-breaker-chapter-504/" "Mozilla/5.0 (Linux; Android 13; 2201116SG Build/TKQ1.221114.001; wv) AppleWebKit/537.36 (KHTML, like Gecko) Version/4.0 Chrome/136.0.7103.125 Mobile Safari/537.36"
47.82.60.94 - - [08/Jun/2025:17:10:48 -0400] "GET /wind-breaker-chapter-505/ HTTP/1.1" 200 11911 "https://read11.windbreakermanga.com/wind-breaker-chapter-505/" "Mozilla/5.0 (Windows NT 10.0; Win64; x64) AppleWebKit/537.36 (KHTML, like Gecko) Chrome/114.0.0.0 Safari/537.36 Edg/114.0.1823.43"
162.0.232.193 - - [08/Jun/2025:17:11:11 -0400] "POST /wp-cron.php?doing_wp_cron=1749417071.2250950336456298828125 HTTP/1.1" 200 0 "-" "WordPress/6.8.1; https://read11.windbreakermanga.com"
114.119.130.178 - - [08/Jun/2025:17:11:12 -0400] "GET / HTTP/1.1" 200 12552 "https://windbreakermanga.com/wp-content/uploads/2021/11/wbr-685x1024.jpeg" "Mozilla/5.0 (Linux; Android 7.0;) AppleWebKit/537.36 (KHTML, like Gecko) Mobile Safari/537.36 (compatible; PetalBot;+https://webmaster.petalsearch.com/site/petalbot)"
162.0.232.193 - - [08/Jun/2025:17:11:15 -0400] "GET /wp-content/uploads/f979bbbcbe9df560cb74049269d2541e_4104.xml HTTP/1.1" 200 2572 "-" "Mozilla/5.0 (X11; Linux x86_64) AppleWebKit/537.36 (KHTML, like Gecko) Ubuntu Chromium/41.0.2272.76"
49.51.252.146 - - [08/Jun/2025:17:11:32 -0400] "GET / HTTP/1.1" 200 12552 "https://read10.windbreakermanga.com/" "Mozilla/5.0 (iPhone; CPU iPhone OS 13_2_3 like Mac OS X) AppleWebKit/605.1.15 (KHTML, like Gecko) Version/13.0.3 Mobile/15E148 Safari/604.1"
162.0.232.193 - - [08/Jun/2025:17:13:05 -0400] "POST /wp-cron.php?doing_wp_cron=1749417184.9283790588378906250000 HTTP/1.1" 200 0 "-" "WordPress/6.8.1; https://read11.windbreakermanga.com"
66.249.77.199 - - [08/Jun/2025:17:13:02 -0400] "GET /wind-breaker-chapter-132/feed/ HTTP/1.1" 200 423 "-" "Mozilla/5.0 (Linux; Android 6.0.1; Nexus 5X Build/MMB29P) AppleWebKit/537.36 (KHTML, like Gecko) Chrome/136.0.7103.113 Mobile Safari/537.36 (compatible; Googlebot/2.1; +http://www.google.com/bot.html)"
100.27.153.9 - - [08/Jun/2025:17:14:18 -0400] "GET /category/wind-breaker/page/46/ HTTP/1.1" 200 12868 "-" "Mozilla/5.0 AppleWebKit/537.36 (KHTML, like Gecko; compatible; Amazonbot/0.1; +https://developer.amazon.com/support/amazonbot) Chrome/119.0.6045.214 Safari/537.36"
162.0.232.193 - - [08/Jun/2025:17:14:23 -0400] "POST /wp-cron.php?doing_wp_cron=1749417263.0778601169586181640625 HTTP/1.1" 200 0 "-" "WordPress/6.8.1; https://read11.windbreakermanga.com"
52.200.58.199 - - [08/Jun/2025:17:14:22 -0400] "GET /search/26/page/17/ HTTP/1.1" 200 9304 "-" "Mozilla/5.0 AppleWebKit/537.36 (KHTML, like Gecko; compatible; Amazonbot/0.1; +https://developer.amazon.com/support/amazonbot) Chrome/119.0.6045.214 Safari/537.36"
90.77.181.22 - - [08/Jun/2025:17:14:45 -0400] "GET /wind-breaker-chapter-503/ HTTP/1.1" 200 11651 "https://read11.windbreakermanga.com/wind-breaker-chapter-504/" "Mozilla/5.0 (Linux; Android 13; 2201116SG Build/TKQ1.221114.001; wv) AppleWebKit/537.36 (KHTML, like Gecko) Version/4.0 Chrome/136.0.7103.125 Mobile Safari/537.36"
162.0.232.193 - - [08/Jun/2025:17:14:46 -0400] "POST /wp-cron.php?doing_wp_cron=1749417286.1158070564270019531250 HTTP/1.1" 200 0 "-" "WordPress/6.8.1; https://read11.windbreakermanga.com"
90.77.181.22 - - [08/Jun/2025:17:14:45 -0400] "POST /wp-admin/admin-ajax.php HTTP/1.1" 200 61 "https://read11.windbreakermanga.com/wind-breaker-chapter-503/" "Mozilla/5.0 (Linux; Android 13; 2201116SG Build/TKQ1.221114.001; wv) AppleWebKit/537.36 (KHTML, like Gecko) Version/4.0 Chrome/136.0.7103.125 Mobile Safari/537.36"
90.77.181.22 - - [08/Jun/2025:17:15:28 -0400] "GET / HTTP/1.1" 304 0 "-" "Mozilla/5.0 (Linux; Android 13; 2201116SG Build/TKQ1.221114.001; wv) AppleWebKit/537.36 (KHTML, like Gecko) Version/4.0 Chrome/136.0.7103.125 Mobile Safari/537.36"
90.77.181.22 - - [08/Jun/2025:17:15:30 -0400] "GET /wind-breaker-chapter-453/ HTTP/1.1" 200 12271 "https://read11.windbreakermanga.com/" "Mozilla/5.0 (Linux; Android 13; 2201116SG Build/TKQ1.221114.001; wv) AppleWebKit/537.36 (KHTML, like Gecko) Version/4.0 Chrome/136.0.7103.125 Mobile Safari/537.36"
90.77.181.22 - - [08/Jun/2025:17:15:30 -0400] "GET /wind-breaker-chapter-453/ HTTP/1.1" 304 0 "https://read11.windbreakermanga.com/" "Mozilla/5.0 (Linux; Android 13; 2201116SG Build/TKQ1.221114.001; wv) AppleWebKit/537.36 (KHTML, like Gecko) Version/4.0 Chrome/136.0.7103.125 Mobile Safari/537.36"
90.77.181.22 - - [08/Jun/2025:17:15:33 -0400] "GET /wind-breaker-chapter-505/ HTTP/1.1" 200 11631 "https://read11.windbreakermanga.com/" "Mozilla/5.0 (Linux; Android 13; 2201116SG Build/TKQ1.221114.001; wv) AppleWebKit/537.36 (KHTML, like Gecko) Version/4.0 Chrome/136.0.7103.125 Mobile Safari/537.36"
90.77.181.22 - - [08/Jun/2025:17:15:33 -0400] "GET /wind-breaker-chapter-505/ HTTP/1.1" 304 0 "https://read11.windbreakermanga.com/" "Mozilla/5.0 (Linux; Android 13; 2201116SG Build/TKQ1.221114.001; wv) AppleWebKit/537.36 (KHTML, like Gecko) Version/4.0 Chrome/136.0.7103.125 Mobile Safari/537.36"
90.77.181.22 - - [08/Jun/2025:17:15:33 -0400] "GET /wind-breaker-chapter-505/ HTTP/1.1" 304 0 "-" "Mozilla/5.0 (Linux; Android 13; 2201116SG Build/TKQ1.221114.001; wv) AppleWebKit/537.36 (KHTML, like Gecko) Version/4.0 Chrome/136.0.7103.125 Mobile Safari/537.36"
162.0.232.193 - - [08/Jun/2025:17:15:34 -0400] "POST /wp-cron.php?doing_wp_cron=1749417334.3114309310913085937500 HTTP/1.1" 200 0 "-" "WordPress/6.8.1; https://read11.windbreakermanga.com"
90.77.181.22 - - [08/Jun/2025:17:15:34 -0400] "POST /wp-admin/admin-ajax.php HTTP/1.1" 200 61 "https://read11.windbreakermanga.com/wind-breaker-chapter-505/" "Mozilla/5.0 (Linux; Android 13; 2201116SG Build/TKQ1.221114.001; wv) AppleWebKit/537.36 (KHTML, like Gecko) Version/4.0 Chrome/136.0.7103.125 Mobile Safari/537.36"
162.0.232.193 - - [08/Jun/2025:17:15:36 -0400] "GET /wp-content/uploads/f979bbbcbe9df560cb74049269d2541e_4104.xml HTTP/1.1" 200 2572 "-" "Mozilla/5.0 (X11; Linux x86_64) AppleWebKit/537.36 (KHTML, like Gecko) Ubuntu Chromium/41.0.2272.76"
47.79.6.241 - - [08/Jun/2025:17:15:38 -0400] "GET /wind-breaker-chapter-54/ HTTP/1.1" 200 11867 "https://read11.windbreakermanga.com/wind-breaker-chapter-54/" "Mozilla/5.0 (Windows NT 10.0; Win64; x64) AppleWebKit/537.36 (KHTML, like Gecko) Chrome/114.0.0.0 Safari/537.36 Edg/114.0.1823.43"
216.244.66.250 - - [08/Jun/2025:17:16:01 -0400] "GET /wind-breaker-chapter-307/ HTTP/1.1" 200 12888 "-" "Mozilla/5.0 (compatible; DotBot/1.2; +https://opensiteexplorer.org/dotbot; [email protected])"
162.0.232.193 - - [08/Jun/2025:17:17:58 -0400] "POST /wp-cron.php?doing_wp_cron=1749417478.3932580947875976562500 HTTP/1.1" 200 0 "-" "WordPress/6.8.1; https://read11.windbreakermanga.com"
216.244.66.250 - - [08/Jun/2025:17:17:56 -0400] "GET /wind-breaker-chapter-273-part-3-ep-23/ HTTP/1.1" 301 0 "-" "Mozilla/5.0 (compatible; DotBot/1.2; +https://opensiteexplorer.org/dotbot; [email protected])"
162.0.232.193 - - [08/Jun/2025:17:18:50 -0400] "POST /wp-cron.php?doing_wp_cron=1749417529.9008870124816894531250 HTTP/1.1" 200 0 "-" "WordPress/6.8.1; https://read11.windbreakermanga.com"
14.162.158.174 - - [08/Jun/2025:17:18:54 -0400] "GET / HTTP/1.1" 200 12474 "-" "Mozilla/5.0 (Linux; Android 8.1.0; Moto G (4)) AppleWebKit/537.36 (KHTML, like Gecko) Chrome/122.0.0.0 Mobile Safari/537.36 PTST/240201.144844"
157.55.39.59 - - [08/Jun/2025:17:19:37 -0400] "GET /wind-breaker-chapter-67/ HTTP/1.1" 200 12403 "-" "Mozilla/5.0 AppleWebKit/537.36 (KHTML, like Gecko; compatible; bingbot/2.0; +http://www.bing.com/bingbot.htm) Chrome/116.0.1938.76 Safari/537.36"
90.77.181.22 - - [08/Jun/2025:17:20:56 -0400] "GET /wind-breaker-chapter-504/ HTTP/1.1" 200 11654 "https://read11.windbreakermanga.com/wind-breaker-chapter-505/" "Mozilla/5.0 (Linux; Android 13; 2201116SG Build/TKQ1.221114.001; wv) AppleWebKit/537.36 (KHTML, like Gecko) Version/4.0 Chrome/136.0.7103.125 Mobile Safari/537.36"
162.0.232.193 - - [08/Jun/2025:17:20:57 -0400] "POST /wp-cron.php?doing_wp_cron=1749417657.8106410503387451171875 HTTP/1.1" 200 0 "-" "WordPress/6.8.1; https://read11.windbreakermanga.com"
90.77.181.22 - - [08/Jun/2025:17:20:57 -0400] "POST /wp-admin/admin-ajax.php HTTP/1.1" 200 61 "https://read11.windbreakermanga.com/wind-breaker-chapter-504/" "Mozilla/5.0 (Linux; Android 13; 2201116SG Build/TKQ1.221114.001; wv) AppleWebKit/537.36 (KHTML, like Gecko) Version/4.0 Chrome/136.0.7103.125 Mobile Safari/537.36"
162.0.232.193 - - [08/Jun/2025:17:20:59 -0400] "GET /wp-content/uploads/f979bbbcbe9df560cb74049269d2541e_4104.xml HTTP/1.1" 200 2572 "-" "Mozilla/5.0 (X11; Linux x86_64) AppleWebKit/537.36 (KHTML, like Gecko) Ubuntu Chromium/41.0.2272.76"
2804:11e4:444:cd00:a74:b9fd:9f63:8d3 - - [08/Jun/2025:17:21:19 -0400] "GET /wind-breaker-chapter-550/ HTTP/1.1" 200 11578 "-" "Mozilla/5.0 (X11; Linux x86_64) AppleWebKit/537.36 (KHTML, like Gecko) Chrome/132.0.0.0 Safari/537.36"
2804:11e4:444:cd00:a74:b9fd:9f63:8d3 - - [08/Jun/2025:17:21:20 -0400] "GET /wp-content/cache/min/1/wp-content/plugins/simple-social-buttons/assets/css/front.css?ver=1746140519 HTTP/1.1" 200 9651 "https://read11.windbreakermanga.com/wind-breaker-chapter-550/" "Mozilla/5.0 (X11; Linux x86_64) AppleWebKit/537.36 (KHTML, like Gecko) Chrome/132.0.0.0 Safari/537.36"
2804:11e4:444:cd00:a74:b9fd:9f63:8d3 - - [08/Jun/2025:17:21:20 -0400] "GET /wp-content/cache/min/1/wp-content/themes/toivo-lite/style.css?ver=1746140519 HTTP/1.1" 200 10061 "https://read11.windbreakermanga.com/wind-breaker-chapter-550/" "Mozilla/5.0 (X11; Linux x86_64) AppleWebKit/537.36 (KHTML, like Gecko) Chrome/132.0.0.0 Safari/537.36"
2804:11e4:444:cd00:a74:b9fd:9f63:8d3 - - [08/Jun/2025:17:21:20 -0400] "GET /wp-content/cache/min/1/wp-content/themes/toivo-lite/fonts/genericons/genericons/genericons.min.css?ver=1746140519 HTTP/1.1" 200 15990 "https://read11.windbreakermanga.com/wind-breaker-chapter-550/" "Mozilla/5.0 (X11; Linux x86_64) AppleWebKit/537.36 (KHTML, like Gecko) Chrome/132.0.0.0 Safari/537.36"
2804:11e4:444:cd00:a74:b9fd:9f63:8d3 - - [08/Jun/2025:17:21:20 -0400] "GET /wp-includes/js/jquery/jquery.min.js?ver=3.7.1 HTTP/1.1" 200 29744 "https://read11.windbreakermanga.com/wind-breaker-chapter-550/" "Mozilla/5.0 (X11; Linux x86_64) AppleWebKit/537.36 (KHTML, like Gecko) Chrome/132.0.0.0 Safari/537.36"
2804:11e4:444:cd00:a74:b9fd:9f63:8d3 - - [08/Jun/2025:17:21:20 -0400] "GET /wp-content/cache/min/1/wp-content/plugins/comic-easel/css/comiceasel.css?ver=1746140519 HTTP/1.1" 200 1064 "https://read11.windbreakermanga.com/wind-breaker-chapter-550/" "Mozilla/5.0 (X11; Linux x86_64) AppleWebKit/537.36 (KHTML, like Gecko) Chrome/132.0.0.0 Safari/537.36"
2804:11e4:444:cd00:a74:b9fd:9f63:8d3 - - [08/Jun/2025:17:21:20 -0400] "GET /wp-includes/js/jquery/jquery-migrate.min.js?ver=3.4.1 HTTP/1.1" 200 4678 "https://read11.windbreakermanga.com/wind-breaker-chapter-550/" "Mozilla/5.0 (X11; Linux x86_64) AppleWebKit/537.36 (KHTML, like Gecko) Chrome/132.0.0.0 Safari/537.36"
2804:11e4:444:cd00:a74:b9fd:9f63:8d3 - - [08/Jun/2025:17:21:20 -0400] "GET /wp-content/cache/min/1/wp-content/plugins/disqus-comment-system/public/js/comment_count.js?ver=1746140935 HTTP/1.1" 200 308 "https://read11.windbreakermanga.com/wind-breaker-chapter-550/" "Mozilla/5.0 (X11; Linux x86_64) AppleWebKit/537.36 (KHTML, like Gecko) Chrome/132.0.0.0 Safari/537.36"
2804:11e4:444:cd00:a74:b9fd:9f63:8d3 - - [08/Jun/2025:17:21:20 -0400] "GET /wp-content/cache/min/1/wp-content/plugins/disqus-comment-system/public/js/comment_embed.js?ver=1746140935 HTTP/1.1" 200 494 "https://read11.windbreakermanga.com/wind-breaker-chapter-550/" "Mozilla/5.0 (X11; Linux x86_64) AppleWebKit/537.36 (KHTML, like Gecko) Chrome/132.0.0.0 Safari/537.36"
2804:11e4:444:cd00:a74:b9fd:9f63:8d3 - - [08/Jun/2025:17:21:21 -0400] "GET /wp-content/cache/min/1/wp-content/plugins/simple-social-buttons/assets/js/front.js?ver=1746140519 HTTP/1.1" 200 1525 "https://read11.windbreakermanga.com/wind-breaker-chapter-550/" "Mozilla/5.0 (X11; Linux x86_64) AppleWebKit/537.36 (KHTML, like Gecko) Chrome/132.0.0.0 Safari/537.36"
2804:11e4:444:cd00:a74:b9fd:9f63:8d3 - - [08/Jun/2025:17:21:21 -0400] "GET /wp-content/plugins/simple-social-buttons/assets/fonts/ssb-icon.ttf?eahqa2 HTTP/1.1" 200 7412 "https://read11.windbreakermanga.com/wp-content/cache/min/1/wp-content/plugins/simple-social-buttons/assets/css/front.css?ver=1746140519" "Mozilla/5.0 (X11; Linux x86_64) AppleWebKit/537.36 (KHTML, like Gecko) Chrome/132.0.0.0 Safari/537.36"
2804:11e4:444:cd00:a74:b9fd:9f63:8d3 - - [08/Jun/2025:17:21:21 -0400] "GET /wp-content/themes/toivo-lite/js/responsive-nav.min.js?ver=1.2.0 HTTP/1.1" 200 2102 "https://read11.windbreakermanga.com/wind-breaker-chapter-550/" "Mozilla/5.0 (X11; Linux x86_64) AppleWebKit/537.36 (KHTML, like Gecko) Chrome/132.0.0.0 Safari/537.36"
2804:11e4:444:cd00:a74:b9fd:9f63:8d3 - - [08/Jun/2025:17:21:21 -0400] "GET /wp-content/uploads/2024/02/cropped-Wind-Breaker-1024x538-1.webp HTTP/1.1" 200 27262 "https://read11.windbreakermanga.com/" "Mozilla/5.0 (X11; Linux x86_64) AppleWebKit/537.36 (KHTML, like Gecko) Chrome/132.0.0.0 Safari/537.36"
2804:11e4:444:cd00:a74:b9fd:9f63:8d3 - - [08/Jun/2025:17:21:22 -0400] "POST /wp-admin/admin-ajax.php HTTP/1.1" 200 61 "https://read11.windbreakermanga.com/wind-breaker-chapter-550/" "Mozilla/5.0 (X11; Linux x86_64) AppleWebKit/537.36 (KHTML, like Gecko) Chrome/132.0.0.0 Safari/537.36"
2804:11e4:444:cd00:a74:b9fd:9f63:8d3 - - [08/Jun/2025:17:21:23 -0400] "GET /wind-breaker-chapter-545/ HTTP/1.1" 200 11636 "https://read11.windbreakermanga.com/wind-breaker-chapter-550/" "Mozilla/5.0 (X11; Linux x86_64) AppleWebKit/537.36 (KHTML, like Gecko) Chrome/132.0.0.0 Safari/537.36"
2804:11e4:444:cd00:a74:b9fd:9f63:8d3 - - [08/Jun/2025:17:21:24 -0400] "GET /category/manga/ HTTP/1.1" 200 11927 "https://read11.windbreakermanga.com/wind-breaker-chapter-550/" "Mozilla/5.0 (X11; Linux x86_64) AppleWebKit/537.36 (KHTML, like Gecko) Chrome/132.0.0.0 Safari/537.36"
2804:11e4:444:cd00:a74:b9fd:9f63:8d3 - - [08/Jun/2025:17:21:26 -0400] "GET /category/wind-breaker-manhwa/ HTTP/1.1" 200 11922 "https://read11.windbreakermanga.com/category/manga/" "Mozilla/5.0 (X11; Linux x86_64) AppleWebKit/537.36 (KHTML, like Gecko) Chrome/132.0.0.0 Safari/537.36"
2804:11e4:444:cd00:a74:b9fd:9f63:8d3 - - [08/Jun/2025:17:21:35 -0400] "GET /category/wind-breaker-manhwa/ HTTP/1.1" 304 0 "https://read11.windbreakermanga.com/category/wind-breaker-manhwa/" "Mozilla/5.0 (X11; Linux x86_64) AppleWebKit/537.36 (KHTML, like Gecko) Chrome/132.0.0.0 Safari/537.36"
90.77.181.22 - - [08/Jun/2025:17:21:36 -0400] "GET / HTTP/1.1" 200 12552 "-" "Mozilla/5.0 (Linux; Android 13; 2201116SG Build/TKQ1.221114.001; wv) AppleWebKit/537.36 (KHTML, like Gecko) Version/4.0 Chrome/136.0.7103.125 Mobile Safari/537.36"
2804:11e4:444:cd00:a74:b9fd:9f63:8d3 - - [08/Jun/2025:17:21:40 -0400] "GET /wind-breaker-chapter-550/ HTTP/1.1" 304 0 "https://read11.windbreakermanga.com/category/wind-breaker-manhwa/" "Mozilla/5.0 (X11; Linux x86_64) AppleWebKit/537.36 (KHTML, like Gecko) Chrome/132.0.0.0 Safari/537.36"
2804:11e4:444:cd00:a74:b9fd:9f63:8d3 - - [08/Jun/2025:17:21:41 -0400] "GET /category/wind-breaker-manhwa/ HTTP/1.1" 304 0 "https://read11.windbreakermanga.com/wind-breaker-chapter-550/" "Mozilla/5.0 (X11; Linux x86_64) AppleWebKit/537.36 (KHTML, like Gecko) Chrome/132.0.0.0 Safari/537.36"
90.77.181.22 - - [08/Jun/2025:17:21:42 -0400] "GET /wind-breaker-chapter-506-2/ HTTP/1.1" 200 11623 "https://read11.windbreakermanga.com/" "Mozilla/5.0 (Linux; Android 13; 2201116SG Build/TKQ1.221114.001; wv) AppleWebKit/537.36 (KHTML, like Gecko) Version/4.0 Chrome/136.0.7103.125 Mobile Safari/537.36"
90.77.181.22 - - [08/Jun/2025:17:21:42 -0400] "GET /wind-breaker-chapter-506-2/ HTTP/1.1" 304 0 "https://read11.windbreakermanga.com/" "Mozilla/5.0 (Linux; Android 13; 2201116SG Build/TKQ1.221114.001; wv) AppleWebKit/537.36 (KHTML, like Gecko) Version/4.0 Chrome/136.0.7103.125 Mobile Safari/537.36"
90.77.181.22 - - [08/Jun/2025:17:21:42 -0400] "GET /wind-breaker-chapter-506-2/ HTTP/1.1" 304 0 "-" "Mozilla/5.0 (Linux; Android 13; 2201116SG Build/TKQ1.221114.001; wv) AppleWebKit/537.36 (KHTML, like Gecko) Version/4.0 Chrome/136.0.7103.125 Mobile Safari/537.36"
2804:11e4:444:cd00:a74:b9fd:9f63:8d3 - - [08/Jun/2025:17:21:41 -0400] "POST /wp-admin/admin-ajax.php HTTP/1.1" 200 61 "https://read11.windbreakermanga.com/wind-breaker-chapter-550/" "Mozilla/5.0 (X11; Linux x86_64) AppleWebKit/537.36 (KHTML, like Gecko) Chrome/132.0.0.0 Safari/537.36"
90.77.181.22 - - [08/Jun/2025:17:21:43 -0400] "POST /wp-admin/admin-ajax.php HTTP/1.1" 200 61 "https://read11.windbreakermanga.com/wind-breaker-chapter-506-2/" "Mozilla/5.0 (Linux; Android 13; 2201116SG Build/TKQ1.221114.001; wv) AppleWebKit/537.36 (KHTML, like Gecko) Version/4.0 Chrome/136.0.7103.125 Mobile Safari/537.36"
2804:11e4:444:cd00:a74:b9fd:9f63:8d3 - - [08/Jun/2025:17:21:44 -0400] "GET / HTTP/1.1" 200 12564 "https://read11.windbreakermanga.com/category/wind-breaker-manhwa/" "Mozilla/5.0 (X11; Linux x86_64) AppleWebKit/537.36 (KHTML, like Gecko) Chrome/132.0.0.0 Safari/537.36"
2804:11e4:444:cd00:a74:b9fd:9f63:8d3 - - [08/Jun/2025:17:21:46 -0400] "GET /category/wind-breaker-manhwa/ HTTP/1.1" 304 0 "https://read11.windbreakermanga.com/" "Mozilla/5.0 (X11; Linux x86_64) AppleWebKit/537.36 (KHTML, like Gecko) Chrome/132.0.0.0 Safari/537.36"
2804:11e4:444:cd00:a74:b9fd:9f63:8d3 - - [08/Jun/2025:17:21:46 -0400] "GET /wp-content/uploads/2024/02/te926m2lqxc91-578x1024.webp HTTP/1.1" 200 40812 "https://read11.windbreakermanga.com/" "Mozilla/5.0 (X11; Linux x86_64) AppleWebKit/537.36 (KHTML, like Gecko) Chrome/132.0.0.0 Safari/537.36"
2804:11e4:444:cd00:a74:b9fd:9f63:8d3 - - [08/Jun/2025:17:21:47 -0400] "GET /wp-content/uploads/2024/02/is-wind-breaker-worth-reading-right-now-v0-caa0pw3v7f8b1-576x1024.webp HTTP/1.1" 200 76796 "https://read11.windbreakermanga.com/" "Mozilla/5.0 (X11; Linux x86_64) AppleWebKit/537.36 (KHTML, like Gecko) Chrome/132.0.0.0 Safari/537.36"
2804:11e4:444:cd00:a74:b9fd:9f63:8d3 - - [08/Jun/2025:17:21:48 -0400] "GET /wind-breaker-chapter-1/ HTTP/1.1" 200 11359 "https://read11.windbreakermanga.com/" "Mozilla/5.0 (X11; Linux x86_64) AppleWebKit/537.36 (KHTML, like Gecko) Chrome/132.0.0.0 Safari/537.36"
2804:11e4:444:cd00:a74:b9fd:9f63:8d3 - - [08/Jun/2025:17:21:49 -0400] "GET /wind-breaker-chapter-549/ HTTP/1.1" 200 11658 "https://read11.windbreakermanga.com/" "Mozilla/5.0 (X11; Linux x86_64) AppleWebKit/537.36 (KHTML, like Gecko) Chrome/132.0.0.0 Safari/537.36"
162.0.232.193 - - [08/Jun/2025:17:23:48 -0400] "POST /wp-cron.php?doing_wp_cron=1749417828.5724968910217285156250 HTTP/1.1" 200 0 "-" "WordPress/6.8.1; https://read11.windbreakermanga.com"
2a02:26f7:c356:801f:0:6000:0:2 - - [08/Jun/2025:17:23:47 -0400] "GET /manga/wind-breaker-chapter-398/ HTTP/1.1" 301 0 "-" "Mozilla/5.0 (iPhone; CPU iPhone OS 18_4_1 like Mac OS X) AppleWebKit/605.1.15 (KHTML, like Gecko) Mobile/15E148"
2a02:26f7:c356:801f:0:6000:0:a - - [08/Jun/2025:17:23:49 -0400] "GET / HTTP/1.1" 200 12552 "-" "Mozilla/5.0 (iPhone; CPU iPhone OS 18_4_1 like Mac OS X) AppleWebKit/605.1.15 (KHTML, like Gecko) Mobile/15E148"
2a02:26f7:c356:801f:0:6000:0:a - - [08/Jun/2025:17:23:49 -0400] "GET /wp-content/cache/min/1/wp-content/themes/toivo-lite/style.css?ver=1746140519 HTTP/1.1" 200 10061 "https://read11.windbreakermanga.com/" "Mozilla/5.0 (iPhone; CPU iPhone OS 18_4_1 like Mac OS X) AppleWebKit/605.1.15 (KHTML, like Gecko) Mobile/15E148"
2a02:26f7:c356:801f:0:6000:0:a - - [08/Jun/2025:17:23:49 -0400] "GET /wp-content/cache/min/1/wp-content/plugins/comic-easel/css/comiceasel.css?ver=1746140519 HTTP/1.1" 200 1064 "https://read11.windbreakermanga.com/" "Mozilla/5.0 (iPhone; CPU iPhone OS 18_4_1 like Mac OS X) AppleWebKit/605.1.15 (KHTML, like Gecko) Mobile/15E148"
2a02:26f7:c356:801f:0:6000:0:a - - [08/Jun/2025:17:23:49 -0400] "GET /wp-includes/css/dist/block-library/style.min.css?ver=6.8.1 HTTP/1.1" 200 14358 "https://read11.windbreakermanga.com/" "Mozilla/5.0 (iPhone; CPU iPhone OS 18_4_1 like Mac OS X) AppleWebKit/605.1.15 (KHTML, like Gecko) Mobile/15E148"
2a02:26f7:c356:801f:0:6000:0:a - - [08/Jun/2025:17:23:49 -0400] "GET /wp-content/cache/min/1/wp-content/plugins/widgets-on-pages/public/css/widgets-on-pages-public.css?ver=1746140519 HTTP/1.1" 200 75 "https://read11.windbreakermanga.com/" "Mozilla/5.0 (iPhone; CPU iPhone OS 18_4_1 like Mac OS X) AppleWebKit/605.1.15 (KHTML, like Gecko) Mobile/15E148"
2a02:26f7:c356:801f:0:6000:0:a - - [08/Jun/2025:17:23:49 -0400] "GET /wp-content/cache/min/1/wp-content/plugins/simple-social-buttons/assets/css/front.css?ver=1746140519 HTTP/1.1" 200 9651 "https://read11.windbreakermanga.com/" "Mozilla/5.0 (iPhone; CPU iPhone OS 18_4_1 like Mac OS X) AppleWebKit/605.1.15 (KHTML, like Gecko) Mobile/15E148"
2a02:26f7:c356:801f:0:6000:0:a - - [08/Jun/2025:17:23:49 -0400] "GET /wp-content/cache/min/1/wp-content/themes/toivo-lite/fonts/genericons/genericons/genericons.min.css?ver=1746140519 HTTP/1.1" 200 15990 "https://read11.windbreakermanga.com/" "Mozilla/5.0 (iPhone; CPU iPhone OS 18_4_1 like Mac OS X) AppleWebKit/605.1.15 (KHTML, like Gecko) Mobile/15E148"
2a02:26f7:c356:801f:0:6000:0:a - - [08/Jun/2025:17:23:49 -0400] "GET /wp-content/uploads/2024/02/te926m2lqxc91.webp HTTP/1.1" 200 51244 "https://read11.windbreakermanga.com/" "Mozilla/5.0 (iPhone; CPU iPhone OS 18_4_1 like Mac OS X) AppleWebKit/605.1.15 (KHTML, like Gecko) Mobile/15E148"
2a02:26f7:c356:801f:0:6000:0:a - - [08/Jun/2025:17:23:49 -0400] "GET /wp-content/uploads/2024/02/cropped-Wind-Breaker-1024x538-1.webp HTTP/1.1" 200 27262 "https://read11.windbreakermanga.com/" "Mozilla/5.0 (iPhone; CPU iPhone OS 18_4_1 like Mac OS X) AppleWebKit/605.1.15 (KHTML, like Gecko) Mobile/15E148"
2a02:26f7:c356:801f:0:6000:0:a - - [08/Jun/2025:17:23:49 -0400] "GET /wp-content/uploads/2024/02/is-wind-breaker-worth-reading-right-now-v0-caa0pw3v7f8b1.webp HTTP/1.1" 200 156952 "https://read11.windbreakermanga.com/" "Mozilla/5.0 (iPhone; CPU iPhone OS 18_4_1 like Mac OS X) AppleWebKit/605.1.15 (KHTML, like Gecko) Mobile/15E148"
2a02:26f7:c356:801f:0:6000:0:a - - [08/Jun/2025:17:23:49 -0400] "GET /wp-content/themes/toivo-lite/fonts/genericons/genericons/Genericons.svg HTTP/1.1" 200 23714 "https://read11.windbreakermanga.com/" "Mozilla/5.0 (iPhone; CPU iPhone OS 18_4_1 like Mac OS X) AppleWebKit/605.1.15 (KHTML, like Gecko) Mobile/15E148"
20.191.45.212 - - [08/Jun/2025:17:24:41 -0400] "GET / HTTP/1.1" 200 12564 "https://read11.windbreakermanga.com/" "DuckDuckBot/1.1; (+http://duckduckgo.com/duckduckbot.html)"
114.119.139.202 - - [08/Jun/2025:17:25:08 -0400] "GET /wind-breaker-chapter-507/ HTTP/1.1" 200 11639 "https://read11.windbreakermanga.com/category/wind-breaker-webtoon/page/52/" "Mozilla/5.0 (Linux; Android 7.0;) AppleWebKit/537.36 (KHTML, like Gecko) Mobile Safari/537.36 (compatible; PetalBot;+https://webmaster.petalsearch.com/site/petalbot)"
47.82.60.150 - - [08/Jun/2025:17:25:26 -0400] "GET /wind-breaker-chapter-52/ HTTP/1.1" 200 11835 "https://read11.windbreakermanga.com/wind-breaker-chapter-52/" "Mozilla/5.0 (Windows NT 10.0; Win64; x64) AppleWebKit/537.36 (KHTML, like Gecko) Chrome/114.0.0.0 Safari/537.36 Edg/114.0.1823.43"
90.77.181.22 - - [08/Jun/2025:17:25:32 -0400] "GET /wind-breaker-chapter-505/ HTTP/1.1" 200 11631 "https://read11.windbreakermanga.com/wind-breaker-chapter-506-2/" "Mozilla/5.0 (Linux; Android 13; 2201116SG Build/TKQ1.221114.001; wv) AppleWebKit/537.36 (KHTML, like Gecko) Version/4.0 Chrome/136.0.7103.125 Mobile Safari/537.36"
162.0.232.193 - - [08/Jun/2025:17:25:34 -0400] "POST /wp-cron.php?doing_wp_cron=1749417933.9406709671020507812500 HTTP/1.1" 200 0 "-" "WordPress/6.8.1; https://read11.windbreakermanga.com"
90.77.181.22 - - [08/Jun/2025:17:25:33 -0400] "POST /wp-admin/admin-ajax.php HTTP/1.1" 200 61 "https://read11.windbreakermanga.com/wind-breaker-chapter-505/" "Mozilla/5.0 (Linux; Android 13; 2201116SG Build/TKQ1.221114.001; wv) AppleWebKit/537.36 (KHTML, like Gecko) Version/4.0 Chrome/136.0.7103.125 Mobile Safari/537.36"
162.0.232.193 - - [08/Jun/2025:17:25:36 -0400] "GET /wp-content/uploads/f979bbbcbe9df560cb74049269d2541e_4104.xml HTTP/1.1" 200 2572 "-" "Mozilla/5.0 (X11; Linux x86_64) AppleWebKit/537.36 (KHTML, like Gecko) Ubuntu Chromium/41.0.2272.76"
2a03:2880:f800:18:: - - [08/Jun/2025:17:25:43 -0400] "GET / HTTP/1.1" 200 12564 "-" "meta-externalagent/1.1 (+https://developers.facebook.com/docs/sharing/webmasters/crawler)"
14.228.67.177 - - [08/Jun/2025:17:25:53 -0400] "GET /wind-breaker-chapter-452/ HTTP/1.1" 200 11883 "-" "Mozilla/5.0 (iPhone; CPU iPhone OS 17_2 like Mac OS X) AppleWebKit/605.1.15 (KHTML, like Gecko) EdgiOS/120.0.2210.126 Version/17.0 Mobile/15E148 Safari/604.1"
90.77.181.22 - - [08/Jun/2025:17:26:00 -0400] "GET / HTTP/1.1" 200 12552 "-" "Mozilla/5.0 (Linux; Android 13; 2201116SG Build/TKQ1.221114.001; wv) AppleWebKit/537.36 (KHTML, like Gecko) Version/4.0 Chrome/136.0.7103.125 Mobile Safari/537.36"
90.77.181.22 - - [08/Jun/2025:17:26:01 -0400] "GET /wind-breaker-chapter-116/ HTTP/1.1" 200 11916 "https://read11.windbreakermanga.com/" "Mozilla/5.0 (Linux; Android 13; 2201116SG Build/TKQ1.221114.001; wv) AppleWebKit/537.36 (KHTML, like Gecko) Version/4.0 Chrome/136.0.7103.125 Mobile Safari/537.36"
90.77.181.22 - - [08/Jun/2025:17:26:02 -0400] "GET /wind-breaker-chapter-116/ HTTP/1.1" 304 0 "https://read11.windbreakermanga.com/" "Mozilla/5.0 (Linux; Android 13; 2201116SG Build/TKQ1.221114.001; wv) AppleWebKit/537.36 (KHTML, like Gecko) Version/4.0 Chrome/136.0.7103.125 Mobile Safari/537.36"
90.77.181.22 - - [08/Jun/2025:17:26:05 -0400] "GET /wind-breaker-chapter-506-2/ HTTP/1.1" 200 11676 "https://read11.windbreakermanga.com/" "Mozilla/5.0 (Linux; Android 13; 2201116SG Build/TKQ1.221114.001; wv) AppleWebKit/537.36 (KHTML, like Gecko) Version/4.0 Chrome/136.0.7103.125 Mobile Safari/537.36"
90.77.181.22 - - [08/Jun/2025:17:26:05 -0400] "GET /wind-breaker-chapter-506-2/ HTTP/1.1" 304 0 "https://read11.windbreakermanga.com/" "Mozilla/5.0 (Linux; Android 13; 2201116SG Build/TKQ1.221114.001; wv) AppleWebKit/537.36 (KHTML, like Gecko) Version/4.0 Chrome/136.0.7103.125 Mobile Safari/537.36"
90.77.181.22 - - [08/Jun/2025:17:26:05 -0400] "GET /wind-breaker-chapter-506-2/ HTTP/1.1" 304 0 "-" "Mozilla/5.0 (Linux; Android 13; 2201116SG Build/TKQ1.221114.001; wv) AppleWebKit/537.36 (KHTML, like Gecko) Version/4.0 Chrome/136.0.7103.125 Mobile Safari/537.36"
90.77.181.22 - - [08/Jun/2025:17:26:06 -0400] "POST /wp-admin/admin-ajax.php HTTP/1.1" 200 61 "https://read11.windbreakermanga.com/wind-breaker-chapter-506-2/" "Mozilla/5.0 (Linux; Android 13; 2201116SG Build/TKQ1.221114.001; wv) AppleWebKit/537.36 (KHTML, like Gecko) Version/4.0 Chrome/136.0.7103.125 Mobile Safari/537.36"
90.77.181.22 - - [08/Jun/2025:17:26:16 -0400] "GET /wind-breaker-chapter-505/ HTTP/1.1" 200 11631 "https://read11.windbreakermanga.com/wind-breaker-chapter-506-2/" "Mozilla/5.0 (Linux; Android 13; 2201116SG Build/TKQ1.221114.001; wv) AppleWebKit/537.36 (KHTML, like Gecko) Version/4.0 Chrome/136.0.7103.125 Mobile Safari/537.36"
90.77.181.22 - - [08/Jun/2025:17:26:17 -0400] "GET /wind-breaker-chapter-507/ HTTP/1.1" 200 11639 "https://read11.windbreakermanga.com/" "Mozilla/5.0 (Linux; Android 13; 2201116SG Build/TKQ1.221114.001; wv) AppleWebKit/537.36 (KHTML, like Gecko) Version/4.0 Chrome/136.0.7103.125 Mobile Safari/537.36"
90.77.181.22 - - [08/Jun/2025:17:26:17 -0400] "GET /wind-breaker-chapter-507/ HTTP/1.1" 304 0 "https://read11.windbreakermanga.com/" "Mozilla/5.0 (Linux; Android 13; 2201116SG Build/TKQ1.221114.001; wv) AppleWebKit/537.36 (KHTML, like Gecko) Version/4.0 Chrome/136.0.7103.125 Mobile Safari/537.36"
90.77.181.22 - - [08/Jun/2025:17:26:16 -0400] "POST /wp-admin/admin-ajax.php HTTP/1.1" 200 61 "https://read11.windbreakermanga.com/wind-breaker-chapter-505/" "Mozilla/5.0 (Linux; Android 13; 2201116SG Build/TKQ1.221114.001; wv) AppleWebKit/537.36 (KHTML, like Gecko) Version/4.0 Chrome/136.0.7103.125 Mobile Safari/537.36"
90.77.181.22 - - [08/Jun/2025:17:26:18 -0400] "GET /wind-breaker-chapter-507/ HTTP/1.1" 304 0 "-" "Mozilla/5.0 (Linux; Android 13; 2201116SG Build/TKQ1.221114.001; wv) AppleWebKit/537.36 (KHTML, like Gecko) Version/4.0 Chrome/136.0.7103.125 Mobile Safari/537.36"
90.77.181.22 - - [08/Jun/2025:17:26:18 -0400] "POST /wp-admin/admin-ajax.php HTTP/1.1" 200 61 "https://read11.windbreakermanga.com/wind-breaker-chapter-507/" "Mozilla/5.0 (Linux; Android 13; 2201116SG Build/TKQ1.221114.001; wv) AppleWebKit/537.36 (KHTML, like Gecko) Version/4.0 Chrome/136.0.7103.125 Mobile Safari/537.36"
170.106.82.209 - - [08/Jun/2025:17:26:29 -0400] "GET /wind-breaker-chapter-93/ HTTP/1.1" 200 11916 "-" "Mozilla/5.0 (iPhone; CPU iPhone OS 13_2_3 like Mac OS X) AppleWebKit/605.1.15 (KHTML, like Gecko) Version/13.0.3 Mobile/15E148 Safari/604.1"
114.119.135.251 - - [08/Jun/2025:17:26:29 -0400] "GET /wind-breaker-chapter-105/ HTTP/1.1" 200 11892 "https://read8.windbreakermanga.com/wind-breaker/wind-breaker-chapter-167/" "Mozilla/5.0 (Linux; Android 7.0;) AppleWebKit/537.36 (KHTML, like Gecko) Mobile Safari/537.36 (compatible; PetalBot;+https://webmaster.petalsearch.com/site/petalbot)"
47.82.61.13 - - [08/Jun/2025:17:27:17 -0400] "GET /wind-breaker-chapter-44/ HTTP/1.1" 200 12340 "https://read11.windbreakermanga.com/wind-breaker-chapter-44/" "Mozilla/5.0 (Windows NT 10.0; Win64; x64) AppleWebKit/537.36 (KHTML, like Gecko) Chrome/114.0.0.0 Safari/537.36 Edg/114.0.1823.43"
114.119.130.178 - - [08/Jun/2025:17:27:53 -0400] "GET /wind-breaker-chapter-156/ HTTP/1.1" 200 11914 "https://read10.windbreakermanga.com/tag/windbreaker-manga/" "Mozilla/5.0 (Linux; Android 7.0;) AppleWebKit/537.36 (KHTML, like Gecko) Mobile Safari/537.36 (compatible; PetalBot;+https://webmaster.petalsearch.com/site/petalbot)"
162.0.232.193 - - [08/Jun/2025:17:29:00 -0400] "POST /wp-cron.php?doing_wp_cron=1749418140.4045460224151611328125 HTTP/1.1" 200 0 "-" "WordPress/6.8.1; https://read11.windbreakermanga.com"
216.244.66.250 - - [08/Jun/2025:17:29:00 -0400] "GET /chapter-243/feed/ HTTP/1.1" 200 417 "-" "Mozilla/5.0 (compatible; DotBot/1.2; +https://opensiteexplorer.org/dotbot; [email protected])"
162.0.232.193 - - [08/Jun/2025:17:29:12 -0400] "POST /wp-cron.php?doing_wp_cron=1749418151.9017789363861083984375 HTTP/1.1" 200 0 "-" "WordPress/6.8.1; https://read11.windbreakermanga.com"
216.244.66.250 - - [08/Jun/2025:17:29:11 -0400] "GET /chapter-245/feed/ HTTP/1.1" 200 416 "-" "Mozilla/5.0 (compatible; DotBot/1.2; +https://opensiteexplorer.org/dotbot; [email protected])"
162.0.232.193 - - [08/Jun/2025:17:29:14 -0400] "GET /wp-content/uploads/f979bbbcbe9df560cb74049269d2541e_4104.xml HTTP/1.1" 200 2263 "-" "Mozilla/5.0 (X11; Linux x86_64) AppleWebKit/537.36 (KHTML, like Gecko) Ubuntu Chromium/41.0.2272.76"
114.119.129.189 - - [08/Jun/2025:17:29:17 -0400] "GET / HTTP/1.1" 200 12552 "https://windbreakermanga.com/wp-content/uploads/2021/11/wbr-685x1024.jpeg" "Mozilla/5.0 (Linux; Android 7.0;) AppleWebKit/537.36 (KHTML, like Gecko) Mobile Safari/537.36 (compatible; PetalBot;+https://webmaster.petalsearch.com/site/petalbot)"
216.244.66.250 - - [08/Jun/2025:17:29:21 -0400] "GET /wind-breaker-chapter-220/feed/ HTTP/1.1" 200 422 "-" "Mozilla/5.0 (compatible; DotBot/1.2; +https://opensiteexplorer.org/dotbot; [email protected])"
216.244.66.250 - - [08/Jun/2025:17:29:31 -0400] "GET /wind-breaker-chapter-291/feed/ HTTP/1.1" 200 423 "-" "Mozilla/5.0 (compatible; DotBot/1.2; +https://opensiteexplorer.org/dotbot; [email protected])"
216.244.66.250 - - [08/Jun/2025:17:29:39 -0400] "GET /wind-breaker-chapter-296/feed/ HTTP/1.1" 200 422 "-" "Mozilla/5.0 (compatible; DotBot/1.2; +https://opensiteexplorer.org/dotbot; [email protected])"
216.244.66.250 - - [08/Jun/2025:17:29:45 -0400] "GET /wind-breaker-chapter-479/feed/ HTTP/1.1" 200 423 "-" "Mozilla/5.0 (compatible; DotBot/1.2; +https://opensiteexplorer.org/dotbot; [email protected])"
216.244.66.250 - - [08/Jun/2025:17:29:51 -0400] "GET /wind-breaker-chapter-480/feed/ HTTP/1.1" 200 422 "-" "Mozilla/5.0 (compatible; DotBot/1.2; +https://opensiteexplorer.org/dotbot; [email protected])"
3.213.46.222 - - [08/Jun/2025:17:30:04 -0400] "GET /category/wind-breaker-webtoon/page/6/ HTTP/1.1" 200 13107 "-" "Mozilla/5.0 AppleWebKit/537.36 (KHTML, like Gecko; compatible; Amazonbot/0.1; +https://developer.amazon.com/support/amazonbot) Chrome/119.0.6045.214 Safari/537.36"
44.208.193.63 - - [08/Jun/2025:17:30:06 -0400] "GET /search/292/page/34/ HTTP/1.1" 200 9158 "-" "Mozilla/5.0 AppleWebKit/537.36 (KHTML, like Gecko; compatible; Amazonbot/0.1; +https://developer.amazon.com/support/amazonbot) Chrome/119.0.6045.214 Safari/537.36"
90.77.181.22 - - [08/Jun/2025:17:30:39 -0400] "GET /wind-breaker-chapter-506-2/ HTTP/1.1" 200 11623 "https://read11.windbreakermanga.com/wind-breaker-chapter-507/" "Mozilla/5.0 (Linux; Android 13; 2201116SG Build/TKQ1.221114.001; wv) AppleWebKit/537.36 (KHTML, like Gecko) Version/4.0 Chrome/136.0.7103.125 Mobile Safari/537.36"
162.0.232.193 - - [08/Jun/2025:17:30:40 -0400] "POST /wp-cron.php?doing_wp_cron=1749418240.0041909217834472656250 HTTP/1.1" 200 0 "-" "WordPress/6.8.1; https://read11.windbreakermanga.com"
47.82.60.38 - - [08/Jun/2025:17:30:40 -0400] "GET /wind-breaker-chapter-41/ HTTP/1.1" 200 11866 "https://read11.windbreakermanga.com/wind-breaker-chapter-41/" "Mozilla/5.0 (Windows NT 10.0; Win64; x64) AppleWebKit/537.36 (KHTML, like Gecko) Chrome/114.0.0.0 Safari/537.36 Edg/114.0.1823.43"
90.77.181.22 - - [08/Jun/2025:17:30:39 -0400] "POST /wp-admin/admin-ajax.php HTTP/1.1" 200 61 "https://read11.windbreakermanga.com/wind-breaker-chapter-506-2/" "Mozilla/5.0 (Linux; Android 13; 2201116SG Build/TKQ1.221114.001; wv) AppleWebKit/537.36 (KHTML, like Gecko) Version/4.0 Chrome/136.0.7103.125 Mobile Safari/537.36"
90.77.181.22 - - [08/Jun/2025:17:31:01 -0400] "GET / HTTP/1.1" 200 12552 "-" "Mozilla/5.0 (Linux; Android 13; 2201116SG Build/TKQ1.221114.001; wv) AppleWebKit/537.36 (KHTML, like Gecko) Version/4.0 Chrome/136.0.7103.125 Mobile Safari/537.36"
66.249.77.197 - - [08/Jun/2025:17:31:04 -0400] "GET /wind-breaker-chapter-273/ HTTP/1.1" 200 12717 "-" "Mozilla/5.0 (Linux; Android 6.0.1; Nexus 5X Build/MMB29P) AppleWebKit/537.36 (KHTML, like Gecko) Chrome/136.0.7103.113 Mobile Safari/537.36 (compatible; Googlebot/2.1; +http://www.google.com/bot.html)"
90.77.181.22 - - [08/Jun/2025:17:31:05 -0400] "GET /wind-breaker-chapter-539/ HTTP/1.1" 200 11595 "https://read11.windbreakermanga.com/" "Mozilla/5.0 (Linux; Android 13; 2201116SG Build/TKQ1.221114.001; wv) AppleWebKit/537.36 (KHTML, like Gecko) Version/4.0 Chrome/136.0.7103.125 Mobile Safari/537.36"
90.77.181.22 - - [08/Jun/2025:17:31:05 -0400] "GET /wind-breaker-chapter-539/ HTTP/1.1" 304 0 "https://read11.windbreakermanga.com/" "Mozilla/5.0 (Linux; Android 13; 2201116SG Build/TKQ1.221114.001; wv) AppleWebKit/537.36 (KHTML, like Gecko) Version/4.0 Chrome/136.0.7103.125 Mobile Safari/537.36"
90.77.181.22 - - [08/Jun/2025:17:31:07 -0400] "GET /wind-breaker-chapter-507/ HTTP/1.1" 304 0 "https://read11.windbreakermanga.com/" "Mozilla/5.0 (Linux; Android 13; 2201116SG Build/TKQ1.221114.001; wv) AppleWebKit/537.36 (KHTML, like Gecko) Version/4.0 Chrome/136.0.7103.125 Mobile Safari/537.36"
90.77.181.22 - - [08/Jun/2025:17:31:07 -0400] "GET /wind-breaker-chapter-507/ HTTP/1.1" 304 0 "https://read11.windbreakermanga.com/" "Mozilla/5.0 (Linux; Android 13; 2201116SG Build/TKQ1.221114.001; wv) AppleWebKit/537.36 (KHTML, like Gecko) Version/4.0 Chrome/136.0.7103.125 Mobile Safari/537.36"
90.77.181.22 - - [08/Jun/2025:17:31:07 -0400] "GET /wind-breaker-chapter-507/ HTTP/1.1" 304 0 "-" "Mozilla/5.0 (Linux; Android 13; 2201116SG Build/TKQ1.221114.001; wv) AppleWebKit/537.36 (KHTML, like Gecko) Version/4.0 Chrome/136.0.7103.125 Mobile Safari/537.36"
162.0.232.193 - - [08/Jun/2025:17:31:08 -0400] "POST /wp-cron.php?doing_wp_cron=1749418268.5267119407653808593750 HTTP/1.1" 200 0 "-" "WordPress/6.8.1; https://read11.windbreakermanga.com"
90.77.181.22 - - [08/Jun/2025:17:31:08 -0400] "POST /wp-admin/admin-ajax.php HTTP/1.1" 200 61 "https://read11.windbreakermanga.com/wind-breaker-chapter-507/" "Mozilla/5.0 (Linux; Android 13; 2201116SG Build/TKQ1.221114.001; wv) AppleWebKit/537.36 (KHTML, like Gecko) Version/4.0 Chrome/136.0.7103.125 Mobile Safari/537.36"
66.249.77.197 - - [08/Jun/2025:17:31:09 -0400] "POST /wp-admin/admin-ajax.php HTTP/1.1" 200 61 "https://read11.windbreakermanga.com/wind-breaker-chapter-273/" "Mozilla/5.0 (Linux; Android 6.0.1; Nexus 5X Build/MMB29P) AppleWebKit/537.36 (KHTML, like Gecko) Chrome/136.0.7103.92 Mobile Safari/537.36 (compatible; Googlebot/2.1; +http://www.google.com/bot.html)"
162.0.232.193 - - [08/Jun/2025:17:31:24 -0400] "POST /wp-cron.php?doing_wp_cron=1749418284.4449510574340820312500 HTTP/1.1" 200 0 "-" "WordPress/6.8.1; https://read11.windbreakermanga.com"
90.77.181.22 - - [08/Jun/2025:17:31:26 -0400] "GET /wind-breaker-chapter-508/ HTTP/1.1" 200 11602 "https://read11.windbreakermanga.com/" "Mozilla/5.0 (Linux; Android 13; 2201116SG Build/TKQ1.221114.001; wv) AppleWebKit/537.36 (KHTML, like Gecko) Version/4.0 Chrome/136.0.7103.125 Mobile Safari/537.36"
90.77.181.22 - - [08/Jun/2025:17:31:26 -0400] "POST /wp-admin/admin-ajax.php HTTP/1.1" 200 61 "https://read11.windbreakermanga.com/wind-breaker-chapter-506-2/" "Mozilla/5.0 (Linux; Android 13; 2201116SG Build/TKQ1.221114.001; wv) AppleWebKit/537.36 (KHTML, like Gecko) Version/4.0 Chrome/136.0.7103.125 Mobile Safari/537.36"
90.77.181.22 - - [08/Jun/2025:17:31:27 -0400] "GET /wind-breaker-chapter-508/ HTTP/1.1" 304 0 "https://read11.windbreakermanga.com/" "Mozilla/5.0 (Linux; Android 13; 2201116SG Build/TKQ1.221114.001; wv) AppleWebKit/537.36 (KHTML, like Gecko) Version/4.0 Chrome/136.0.7103.125 Mobile Safari/537.36"
90.77.181.22 - - [08/Jun/2025:17:31:27 -0400] "GET /wind-breaker-chapter-508/ HTTP/1.1" 304 0 "-" "Mozilla/5.0 (Linux; Android 13; 2201116SG Build/TKQ1.221114.001; wv) AppleWebKit/537.36 (KHTML, like Gecko) Version/4.0 Chrome/136.0.7103.125 Mobile Safari/537.36"
2a03:2880:f800:17:: - - [08/Jun/2025:17:31:28 -0400] "GET / HTTP/1.1" 200 12564 "-" "meta-externalagent/1.1 (+https://developers.facebook.com/docs/sharing/webmasters/crawler)"
90.77.181.22 - - [08/Jun/2025:17:31:27 -0400] "POST /wp-admin/admin-ajax.php HTTP/1.1" 200 61 "https://read11.windbreakermanga.com/wind-breaker-chapter-508/" "Mozilla/5.0 (Linux; Android 13; 2201116SG Build/TKQ1.221114.001; wv) AppleWebKit/537.36 (KHTML, like Gecko) Version/4.0 Chrome/136.0.7103.125 Mobile Safari/537.36"
162.0.232.193 - - [08/Jun/2025:17:32:01 -0400] "POST /wp-cron.php?doing_wp_cron=1749418321.2948200702667236328125 HTTP/1.1" 200 0 "-" "WordPress/6.8.1; https://read11.windbreakermanga.com"
162.0.232.193 - - [08/Jun/2025:17:33:45 -0400] "POST /wp-cron.php?doing_wp_cron=1749418425.7662110328674316406250 HTTP/1.1" 200 0 "-" "WordPress/6.8.1; https://read11.windbreakermanga.com"
113.181.46.99 - - [08/Jun/2025:17:33:48 -0400] "GET / HTTP/1.1" 200 12552 "-" "Mozilla/5.0 (Linux; Android 10; K) AppleWebKit/537.36 (KHTML, like Gecko) Chrome/122.0.0.0 Mobile Safari/537.36"
162.0.232.193 - - [08/Jun/2025:17:33:49 -0400] "GET /wp-content/uploads/f979bbbcbe9df560cb74049269d2541e_4104.xml HTTP/1.1" 200 2572 "-" "Mozilla/5.0 (X11; Linux x86_64) AppleWebKit/537.36 (KHTML, like Gecko) Ubuntu Chromium/41.0.2272.76"
2a03:2880:f800:17:: - - [08/Jun/2025:17:34:13 -0400] "GET /wind-breaker-chapter-310/ HTTP/1.1" 200 13007 "-" "meta-externalagent/1.1 (+https://developers.facebook.com/docs/sharing/webmasters/crawler)"
47.82.60.24 - - [08/Jun/2025:17:35:09 -0400] "GET /wind-breaker-chapter-47/ HTTP/1.1" 200 11825 "https://read11.windbreakermanga.com/wind-breaker-chapter-47/" "Mozilla/5.0 (Windows NT 10.0; Win64; x64) AppleWebKit/537.36 (KHTML, like Gecko) Chrome/114.0.0.0 Safari/537.36 Edg/114.0.1823.43"
43.153.36.110 - - [08/Jun/2025:17:35:35 -0400] "GET /wind-breaker-chapter-100/ HTTP/1.1" 200 11947 "-" "Mozilla/5.0 (iPhone; CPU iPhone OS 13_2_3 like Mac OS X) AppleWebKit/605.1.15 (KHTML, like Gecko) Version/13.0.3 Mobile/15E148 Safari/604.1"
122.56.171.157 - - [08/Jun/2025:17:35:36 -0400] "GET / HTTP/1.1" 200 12564 "https://www.bing.com/" "Mozilla/5.0 (Windows NT 10.0; Win64; x64) AppleWebKit/537.36 (KHTML, like Gecko) Chrome/137.0.0.0 Safari/537.36 Edg/137.0.0.0"
122.56.171.157 - - [08/Jun/2025:17:35:36 -0400] "GET /wp-content/cache/min/1/wp-content/plugins/widgets-on-pages/public/css/widgets-on-pages-public.css?ver=1746140519 HTTP/1.1" 200 75 "https://read11.windbreakermanga.com/" "Mozilla/5.0 (Windows NT 10.0; Win64; x64) AppleWebKit/537.36 (KHTML, like Gecko) Chrome/137.0.0.0 Safari/537.36 Edg/137.0.0.0"
122.56.171.157 - - [08/Jun/2025:17:35:37 -0400] "GET /wp-content/cache/min/1/wp-content/plugins/comic-easel/css/comiceasel.css?ver=1746140519 HTTP/1.1" 200 1064 "https://read11.windbreakermanga.com/" "Mozilla/5.0 (Windows NT 10.0; Win64; x64) AppleWebKit/537.36 (KHTML, like Gecko) Chrome/137.0.0.0 Safari/537.36 Edg/137.0.0.0"
122.56.171.157 - - [08/Jun/2025:17:35:37 -0400] "GET /wp-content/cache/min/1/wp-content/plugins/simple-social-buttons/assets/css/front.css?ver=1746140519 HTTP/1.1" 200 9651 "https://read11.windbreakermanga.com/" "Mozilla/5.0 (Windows NT 10.0; Win64; x64) AppleWebKit/537.36 (KHTML, like Gecko) Chrome/137.0.0.0 Safari/537.36 Edg/137.0.0.0"
122.56.171.157 - - [08/Jun/2025:17:35:37 -0400] "GET /wp-content/cache/min/1/wp-content/plugins/comic-easel/js/keynav.js?ver=1746140519 HTTP/1.1" 200 221 "https://read11.windbreakermanga.com/" "Mozilla/5.0 (Windows NT 10.0; Win64; x64) AppleWebKit/537.36 (KHTML, like Gecko) Chrome/137.0.0.0 Safari/537.36 Edg/137.0.0.0"
122.56.171.157 - - [08/Jun/2025:17:35:37 -0400] "GET /wp-includes/js/jquery/jquery-migrate.min.js?ver=3.4.1 HTTP/1.1" 200 4678 "https://read11.windbreakermanga.com/" "Mozilla/5.0 (Windows NT 10.0; Win64; x64) AppleWebKit/537.36 (KHTML, like Gecko) Chrome/137.0.0.0 Safari/537.36 Edg/137.0.0.0"
122.56.171.157 - - [08/Jun/2025:17:35:37 -0400] "GET /wp-content/uploads/2024/02/is-wind-breaker-worth-reading-right-now-v0-caa0pw3v7f8b1-576x1024.webp HTTP/1.1" 200 76796 "https://read11.windbreakermanga.com/" "Mozilla/5.0 (Windows NT 10.0; Win64; x64) AppleWebKit/537.36 (KHTML, like Gecko) Chrome/137.0.0.0 Safari/537.36 Edg/137.0.0.0"
122.56.171.157 - - [08/Jun/2025:17:35:37 -0400] "GET /wp-includes/js/jquery/jquery.min.js?ver=3.7.1 HTTP/1.1" 200 29744 "https://read11.windbreakermanga.com/" "Mozilla/5.0 (Windows NT 10.0; Win64; x64) AppleWebKit/537.36 (KHTML, like Gecko) Chrome/137.0.0.0 Safari/537.36 Edg/137.0.0.0"
122.56.171.157 - - [08/Jun/2025:17:35:37 -0400] "GET /wp-content/uploads/2024/02/cropped-Wind-Breaker-1024x538-1.webp HTTP/1.1" 200 27262 "https://read11.windbreakermanga.com/" "Mozilla/5.0 (Windows NT 10.0; Win64; x64) AppleWebKit/537.36 (KHTML, like Gecko) Chrome/137.0.0.0 Safari/537.36 Edg/137.0.0.0"
122.56.171.157 - - [08/Jun/2025:17:35:37 -0400] "GET /wp-content/cache/min/1/wp-content/themes/toivo-lite/fonts/genericons/genericons/genericons.min.css?ver=1746140519 HTTP/1.1" 200 15990 "https://read11.windbreakermanga.com/" "Mozilla/5.0 (Windows NT 10.0; Win64; x64) AppleWebKit/537.36 (KHTML, like Gecko) Chrome/137.0.0.0 Safari/537.36 Edg/137.0.0.0"
122.56.171.157 - - [08/Jun/2025:17:35:38 -0400] "GET /wp-content/uploads/2024/02/te926m2lqxc91-578x1024.webp HTTP/1.1" 200 40812 "https://read11.windbreakermanga.com/" "Mozilla/5.0 (Windows NT 10.0; Win64; x64) AppleWebKit/537.36 (KHTML, like Gecko) Chrome/137.0.0.0 Safari/537.36 Edg/137.0.0.0"
122.56.171.157 - - [08/Jun/2025:17:35:38 -0400] "GET /wp-content/cache/min/1/wp-content/plugins/simple-social-buttons/assets/js/front.js?ver=1746140519 HTTP/1.1" 200 1525 "https://read11.windbreakermanga.com/" "Mozilla/5.0 (Windows NT 10.0; Win64; x64) AppleWebKit/537.36 (KHTML, like Gecko) Chrome/137.0.0.0 Safari/537.36 Edg/137.0.0.0"
122.56.171.157 - - [08/Jun/2025:17:35:39 -0400] "GET /wp-content/plugins/simple-social-buttons/assets/js/frontend-blocks.js?ver=6.1.0 HTTP/1.1" 200 0 "https://read11.windbreakermanga.com/" "Mozilla/5.0 (Windows NT 10.0; Win64; x64) AppleWebKit/537.36 (KHTML, like Gecko) Chrome/137.0.0.0 Safari/537.36 Edg/137.0.0.0"
122.56.171.157 - - [08/Jun/2025:17:35:39 -0400] "GET /wp-content/themes/toivo-lite/js/settings.min.js?ver=1.2.0 HTTP/1.1" 200 307 "https://read11.windbreakermanga.com/" "Mozilla/5.0 (Windows NT 10.0; Win64; x64) AppleWebKit/537.36 (KHTML, like Gecko) Chrome/137.0.0.0 Safari/537.36 Edg/137.0.0.0"
122.56.171.157 - - [08/Jun/2025:17:35:39 -0400] "GET /wp-content/themes/toivo-lite/js/responsive-nav.min.js?ver=1.2.0 HTTP/1.1" 200 2102 "https://read11.windbreakermanga.com/" "Mozilla/5.0 (Windows NT 10.0; Win64; x64) AppleWebKit/537.36 (KHTML, like Gecko) Chrome/137.0.0.0 Safari/537.36 Edg/137.0.0.0"
122.56.171.157 - - [08/Jun/2025:17:35:40 -0400] "GET /wp-content/themes/toivo-lite/js/functions.min.js?ver=1.2.0 HTTP/1.1" 200 593 "https://read11.windbreakermanga.com/" "Mozilla/5.0 (Windows NT 10.0; Win64; x64) AppleWebKit/537.36 (KHTML, like Gecko) Chrome/137.0.0.0 Safari/537.36 Edg/137.0.0.0"
122.56.171.157 - - [08/Jun/2025:17:35:40 -0400] "GET /wp-includes/css/dist/block-library/style.min.css?ver=6.8.1 HTTP/1.1" 200 14358 "https://read11.windbreakermanga.com/" "Mozilla/5.0 (Windows NT 10.0; Win64; x64) AppleWebKit/537.36 (KHTML, like Gecko) Chrome/137.0.0.0 Safari/537.36 Edg/137.0.0.0"
90.77.181.22 - - [08/Jun/2025:17:36:32 -0400] "GET /wind-breaker-chapter-507/ HTTP/1.1" 304 0 "https://read11.windbreakermanga.com/wind-breaker-chapter-508/" "Mozilla/5.0 (Linux; Android 13; 2201116SG Build/TKQ1.221114.001; wv) AppleWebKit/537.36 (KHTML, like Gecko) Version/4.0 Chrome/136.0.7103.125 Mobile Safari/537.36"
162.0.232.193 - - [08/Jun/2025:17:36:33 -0400] "POST /wp-cron.php?doing_wp_cron=1749418593.7595949172973632812500 HTTP/1.1" 200 0 "-" "WordPress/6.8.1; https://read11.windbreakermanga.com"
90.77.181.22 - - [08/Jun/2025:17:36:33 -0400] "POST /wp-admin/admin-ajax.php HTTP/1.1" 200 61 "https://read11.windbreakermanga.com/wind-breaker-chapter-507/" "Mozilla/5.0 (Linux; Android 13; 2201116SG Build/TKQ1.221114.001; wv) AppleWebKit/537.36 (KHTML, like Gecko) Version/4.0 Chrome/136.0.7103.125 Mobile Safari/537.36"
162.0.232.193 - - [08/Jun/2025:17:36:50 -0400] "POST /wp-cron.php?doing_wp_cron=1749418609.9561939239501953125000 HTTP/1.1" 200 0 "-" "WordPress/6.8.1; https://read11.windbreakermanga.com"
2001:ee0:4f3c:14d:90c5:d477:ad16:2503 - - [08/Jun/2025:17:36:58 -0400] "GET / HTTP/1.1" 200 12564 "-" "Mozilla/5.0 (Windows NT 10.0; Win64; x64) AppleWebKit/537.36 (KHTML, like Gecko) Chrome/121.0.0.0 Safari/537.36 Edg/121.0.0.0"
47.82.61.29 - - [08/Jun/2025:17:36:58 -0400] "GET /wind-breaker-chapter-506-2/ HTTP/1.1" 200 11669 "https://read11.windbreakermanga.com/wind-breaker-chapter-506-2/" "Mozilla/5.0 (Windows NT 10.0; Win64; x64) AppleWebKit/537.36 (KHTML, like Gecko) Chrome/114.0.0.0 Safari/537.36 Edg/114.0.1823.43"
