52.178.154.88 - - [11/Jun/2025:01:14:35 -0400] "GET /wp-login.php?redirect_to=https%3A%2F%2Fread11.windbreakermanga.com%2Fwp-admin%2Fcss%2Fcolors%2Flight%2Fabout.php&reauth=1 HTTP/1.1" 200 1905 "-" "-"
2001:861:3143:8140:b06e:1d9a:daef:1288 - - [11/Jun/2025:01:14:37 -0400] "GET /wind-breaker-chapter-457/ HTTP/1.1" 200 12181 "-" "Mozilla/5.0 (iPad; CPU OS 13_6 like Mac OS X) AppleWebKit/605.1.15 (KHTML, like Gecko) Version/13.1.2 Mobile/15E148 Safari/604.1"
52.178.154.88 - - [11/Jun/2025:01:14:36 -0400] "GET /function.php HTTP/1.1" 301 0 "-" "-"
162.0.232.193 - - [11/Jun/2025:01:14:37 -0400] "GET /wind-breaker-chapter-109/ HTTP/1.1" 200 0 "-" "WP Rocket/Preload"
52.178.154.88 - - [11/Jun/2025:01:14:38 -0400] "GET / HTTP/1.1" 200 12631 "-" "-"
162.0.232.193 - - [11/Jun/2025:01:14:39 -0400] "GET /wind-breaker-chapter-109/ HTTP/1.1" 200 0 "-" "WP Rocket/Preload Mozilla/5.0 (iPhone; CPU iPhone OS 9_1 like Mac OS X) AppleWebKit/601.1.46 (KHTML, like Gecko) Version/9.0 Mobile/13B143 Safari/601.1"
52.178.154.88 - - [11/Jun/2025:01:14:39 -0400] "GET /yox.php HTTP/1.1" 301 0 "-" "-"
52.178.154.88 - - [11/Jun/2025:01:14:40 -0400] "GET / HTTP/1.1" 200 12631 "-" "-"
162.0.232.193 - - [11/Jun/2025:01:14:40 -0400] "GET /wind-breaker-chapter-148/ HTTP/1.1" 200 0 "-" "WP Rocket/Preload"
52.178.154.88 - - [11/Jun/2025:01:14:41 -0400] "GET /wp-includes/install.php HTTP/1.1" 301 0 "-" "-"
52.178.154.88 - - [11/Jun/2025:01:14:42 -0400] "GET / HTTP/1.1" 200 12631 "-" "-"
162.0.232.193 - - [11/Jun/2025:01:14:42 -0400] "GET /wind-breaker-chapter-148/ HTTP/1.1" 200 11972 "-" "WP Rocket/Preload Mozilla/5.0 (iPhone; CPU iPhone OS 9_1 like Mac OS X) AppleWebKit/601.1.46 (KHTML, like Gecko) Version/9.0 Mobile/13B143 Safari/601.1"
162.0.232.193 - - [11/Jun/2025:01:14:43 -0400] "GET /wind-breaker-chapter-110/ HTTP/1.1" 200 12228 "-" "WP Rocket/Preload"
52.178.154.88 - - [11/Jun/2025:01:14:42 -0400] "GET /ab.php HTTP/1.1" 301 0 "-" "-"
66.249.77.192 - - [11/Jun/2025:01:14:43 -0400] "GET /entity/betraying36726064 HTTP/1.1" 200 80494 "-" "Mozilla/5.0 (Linux; Android 6.0.1; Nexus 5X Build/MMB29P) AppleWebKit/537.36 (KHTML, like Gecko) Chrome/136.0.7103.113 Mobile Safari/537.36 (compatible; Googlebot/2.1; +http://www.google.com/bot.html)"
52.178.154.88 - - [11/Jun/2025:01:14:44 -0400] "GET / HTTP/1.1" 200 12631 "-" "-"
162.0.232.193 - - [11/Jun/2025:01:14:44 -0400] "GET /wind-breaker-chapter-110/ HTTP/1.1" 200 0 "-" "WP Rocket/Preload Mozilla/5.0 (iPhone; CPU iPhone OS 9_1 like Mac OS X) AppleWebKit/601.1.46 (KHTML, like Gecko) Version/9.0 Mobile/13B143 Safari/601.1"
66.249.77.192 - - [11/Jun/2025:01:14:45 -0400] "GET /product/astomatous36255052 HTTP/1.1" 200 81554 "-" "Mozilla/5.0 (Linux; Android 6.0.1; Nexus 5X Build/MMB29P) AppleWebKit/537.36 (KHTML, like Gecko) Chrome/136.0.7103.113 Mobile Safari/537.36 (compatible; Googlebot/2.1; +http://www.google.com/bot.html)"
52.178.154.88 - - [11/Jun/2025:01:14:45 -0400] "GET /iR7SzrsOUEP.php HTTP/1.1" 301 0 "-" "-"
52.178.154.88 - - [11/Jun/2025:01:14:46 -0400] "GET / HTTP/1.1" 200 12631 "-" "-"
162.0.232.193 - - [11/Jun/2025:01:14:46 -0400] "GET /wind-breaker-chapter-28/ HTTP/1.1" 200 0 "-" "WP Rocket/Preload"
162.0.232.193 - - [11/Jun/2025:01:14:47 -0400] "GET /wind-breaker-chapter-28/ HTTP/1.1" 200 0 "-" "WP Rocket/Preload Mozilla/5.0 (iPhone; CPU iPhone OS 9_1 like Mac OS X) AppleWebKit/601.1.46 (KHTML, like Gecko) Version/9.0 Mobile/13B143 Safari/601.1"
52.178.154.88 - - [11/Jun/2025:01:14:47 -0400] "GET /wp-admin.php HTTP/1.1" 301 0 "-" "-"
52.178.154.88 - - [11/Jun/2025:01:14:48 -0400] "GET / HTTP/1.1" 200 12631 "-" "-"
52.178.154.88 - - [11/Jun/2025:01:14:49 -0400] "GET /meta.php HTTP/1.1" 301 0 "-" "-"
162.0.232.193 - - [11/Jun/2025:01:14:49 -0400] "GET /wind-breaker-chapter-473/ HTTP/1.1" 200 0 "-" "WP Rocket/Preload"
52.178.154.88 - - [11/Jun/2025:01:14:50 -0400] "GET / HTTP/1.1" 200 12631 "-" "-"
52.178.154.88 - - [11/Jun/2025:01:14:50 -0400] "GET /wp-admin/images/about.php HTTP/1.1" 302 0 "-" "-"
162.0.232.193 - - [11/Jun/2025:01:14:50 -0400] "GET /wind-breaker-chapter-473/ HTTP/1.1" 200 0 "-" "WP Rocket/Preload Mozilla/5.0 (iPhone; CPU iPhone OS 9_1 like Mac OS X) AppleWebKit/601.1.46 (KHTML, like Gecko) Version/9.0 Mobile/13B143 Safari/601.1"
52.178.154.88 - - [11/Jun/2025:01:14:51 -0400] "GET /wp-login.php?redirect_to=https%3A%2F%2Fread11.windbreakermanga.com%2Fwp-admin%2Fimages%2Fabout.php&reauth=1 HTTP/1.1" 200 1902 "-" "-"
162.0.232.193 - - [11/Jun/2025:01:14:52 -0400] "GET /chapter-394/ HTTP/1.1" 200 0 "-" "WP Rocket/Preload"
52.178.154.88 - - [11/Jun/2025:01:14:53 -0400] "GET /wp-includes/block-patterns/about.php HTTP/1.1" 301 0 "-" "-"
162.0.232.193 - - [11/Jun/2025:01:14:54 -0400] "GET /chapter-394/ HTTP/1.1" 200 0 "-" "WP Rocket/Preload Mozilla/5.0 (iPhone; CPU iPhone OS 9_1 like Mac OS X) AppleWebKit/601.1.46 (KHTML, like Gecko) Version/9.0 Mobile/13B143 Safari/601.1"
52.178.154.88 - - [11/Jun/2025:01:14:54 -0400] "GET / HTTP/1.1" 200 12631 "-" "-"
52.178.154.88 - - [11/Jun/2025:01:14:55 -0400] "GET /wp-content/uploads/2023/08/admiin.php HTTP/1.1" 200 0 "-" "-"
162.0.232.193 - - [11/Jun/2025:01:14:55 -0400] "GET /wind-breaker-chapter-229/ HTTP/1.1" 200 0 "-" "WP Rocket/Preload"
52.178.154.88 - - [11/Jun/2025:01:14:55 -0400] "GET /log.php HTTP/1.1" 301 0 "-" "-"
52.178.154.88 - - [11/Jun/2025:01:14:57 -0400] "GET / HTTP/1.1" 200 12631 "-" "-"
162.0.232.193 - - [11/Jun/2025:01:14:57 -0400] "GET /wind-breaker-chapter-229/ HTTP/1.1" 200 0 "-" "WP Rocket/Preload Mozilla/5.0 (iPhone; CPU iPhone OS 9_1 like Mac OS X) AppleWebKit/601.1.46 (KHTML, like Gecko) Version/9.0 Mobile/13B143 Safari/601.1"
52.178.154.88 - - [11/Jun/2025:01:14:57 -0400] "GET /alfanew.php HTTP/1.1" 301 0 "-" "-"
52.178.154.88 - - [11/Jun/2025:01:14:58 -0400] "GET / HTTP/1.1" 200 12561 "-" "-"
52.178.154.88 - - [11/Jun/2025:01:14:59 -0400] "GET /wp-includes/js/tinymce/utils/ HTTP/1.1" 200 739 "-" "-"
162.0.232.193 - - [11/Jun/2025:01:15:00 -0400] "POST /wp-cron.php?doing_wp_cron=1749618900.5422310829162597656250 HTTP/1.1" 200 0 "-" "WordPress/6.8.1; https://read11.windbreakermanga.com"
52.178.154.88 - - [11/Jun/2025:01:14:59 -0400] "GET /wp-signup.php HTTP/1.1" 301 0 "-" "-"
52.178.154.88 - - [11/Jun/2025:01:15:01 -0400] "GET / HTTP/1.1" 200 12631 "-" "-"
66.249.77.200 - - [11/Jun/2025:01:15:00 -0400] "GET /shopdetail/expugn36720276 HTTP/1.1" 200 81357 "-" "Mozilla/5.0 (Linux; Android 6.0.1; Nexus 5X Build/MMB29P) AppleWebKit/537.36 (KHTML, like Gecko) Chrome/136.0.7103.113 Mobile Safari/537.36 (compatible; Googlebot/2.1; +http://www.google.com/bot.html)"
52.178.154.88 - - [11/Jun/2025:01:15:01 -0400] "GET /wp-content/plugins/about.php HTTP/1.1" 200 0 "-" "-"
52.178.154.88 - - [11/Jun/2025:01:15:01 -0400] "GET /wp-includes/PHPMailer/ HTTP/1.1" 200 697 "-" "-"
2001:4453:564:4000:55f:8aa7:845f:96ee - - [11/Jun/2025:01:15:02 -0400] "GET /wind-breaker-chapter-545/ HTTP/1.1" 200 11726 "https://www.google.com/" "Mozilla/5.0 (Linux; Android 10; K) AppleWebKit/537.36 (KHTML, like Gecko) Chrome/137.0.0.0 Mobile Safari/537.36"
2001:4453:564:4000:55f:8aa7:845f:96ee - - [11/Jun/2025:01:15:03 -0400] "GET /wp-includes/js/jquery/jquery.min.js?ver=3.7.1 HTTP/1.1" 200 29744 "https://read11.windbreakermanga.com/wind-breaker-chapter-545/" "Mozilla/5.0 (Linux; Android 10; K) AppleWebKit/537.36 (KHTML, like Gecko) Chrome/137.0.0.0 Mobile Safari/537.36"
216.73.216.239 - - [11/Jun/2025:01:15:02 -0400] "GET /shopdetail/274680116 HTTP/1.1" 500 1034 "-" "Mozilla/5.0 AppleWebKit/537.36 (KHTML, like Gecko; compatible; ClaudeBot/1.0; [email protected])"
216.73.216.239 - - [11/Jun/2025:01:15:02 -0400] "GET /shopdetail/274705368 HTTP/1.1" 500 1034 "-" "Mozilla/5.0 AppleWebKit/537.36 (KHTML, like Gecko; compatible; ClaudeBot/1.0; [email protected])"
52.178.154.88 - - [11/Jun/2025:01:15:02 -0400] "GET /wp-includes/index.php HTTP/1.1" 301 0 "-" "-"
2001:4453:564:4000:55f:8aa7:845f:96ee - - [11/Jun/2025:01:15:05 -0400] "GET /wp-content/themes/toivo-lite/js/settings.min.js?ver=1.2.0 HTTP/1.1" 304 0 "https://read11.windbreakermanga.com/wind-breaker-chapter-545/" "Mozilla/5.0 (Linux; Android 10; K) AppleWebKit/537.36 (KHTML, like Gecko) Chrome/137.0.0.0 Mobile Safari/537.36"
2001:4453:564:4000:55f:8aa7:845f:96ee - - [11/Jun/2025:01:15:05 -0400] "GET /wp-content/cache/min/1/wp-content/plugins/disqus-comment-system/public/js/comment_embed.js?ver=1746140935 HTTP/1.1" 304 0 "https://read11.windbreakermanga.com/wind-breaker-chapter-545/" "Mozilla/5.0 (Linux; Android 10; K) AppleWebKit/537.36 (KHTML, like Gecko) Chrome/137.0.0.0 Mobile Safari/537.36"
52.178.154.88 - - [11/Jun/2025:01:15:05 -0400] "GET / HTTP/1.1" 200 12631 "-" "-"
2001:4453:564:4000:55f:8aa7:845f:96ee - - [11/Jun/2025:01:15:05 -0400] "GET / HTTP/1.1" 200 12625 "https://read11.windbreakermanga.com/wind-breaker-chapter-545/" "Mozilla/5.0 (Linux; Android 10; K) AppleWebKit/537.36 (KHTML, like Gecko) Chrome/137.0.0.0 Mobile Safari/537.36"
2001:4453:564:4000:55f:8aa7:845f:96ee - - [11/Jun/2025:01:15:07 -0400] "GET /wind-breaker-chapter-545/ HTTP/1.1" 200 11726 "https://read11.windbreakermanga.com/wind-breaker-chapter-545/" "Mozilla/5.0 (Linux; Android 10; K) AppleWebKit/537.36 (KHTML, like Gecko) Chrome/137.0.0.0 Mobile Safari/537.36"
34.195.25.237 - - [11/Jun/2025:01:15:06 -0400] "GET /ads.txt HTTP/1.1" 301 0 "-" "DisqusAdstxtCrawler/0.1 (+https://help.disqus.com/en/articles/1765357-ads-txt-implementation-guide)"
52.178.154.88 - - [11/Jun/2025:01:15:06 -0400] "GET /admin/function.php HTTP/1.1" 301 0 "-" "-"
2001:4453:564:4000:55f:8aa7:845f:96ee - - [11/Jun/2025:01:15:06 -0400] "POST /wp-admin/admin-ajax.php HTTP/1.1" 200 61 "https://read11.windbreakermanga.com/wind-breaker-chapter-545/" "Mozilla/5.0 (Linux; Android 10; K) AppleWebKit/537.36 (KHTML, like Gecko) Chrome/137.0.0.0 Mobile Safari/537.36"
34.195.25.237 - - [11/Jun/2025:01:15:08 -0400] "GET / HTTP/1.1" 200 12631 "-" "DisqusAdstxtCrawler/0.1 (+https://help.disqus.com/en/articles/1765357-ads-txt-implementation-guide)"
52.178.154.88 - - [11/Jun/2025:01:15:08 -0400] "GET / HTTP/1.1" 200 12631 "-" "-"
162.0.232.193 - - [11/Jun/2025:01:15:12 -0400] "POST /wp-cron.php?doing_wp_cron=1749618911.3748180866241455078125 HTTP/1.1" 200 0 "-" "WordPress/6.8.1; https://read11.windbreakermanga.com"
52.178.154.88 - - [11/Jun/2025:01:15:10 -0400] "GET /wp-includes/widgets/about.php HTTP/1.1" 301 0 "-" "-"
52.178.154.88 - - [11/Jun/2025:01:15:13 -0400] "GET / HTTP/1.1" 200 12631 "-" "-"
52.178.154.88 - - [11/Jun/2025:01:15:13 -0400] "GET /wp-includes/SimplePie/ HTTP/1.1" 200 764 "-" "-"
162.0.232.193 - - [11/Jun/2025:01:15:15 -0400] "GET /wp-content/uploads/f979bbbcbe9df560cb74049269d2541e_4104.xml HTTP/1.1" 200 2582 "-" "Mozilla/5.0 (X11; Linux x86_64) AppleWebKit/537.36 (KHTML, like Gecko) Ubuntu Chromium/41.0.2272.76"
52.178.154.88 - - [11/Jun/2025:01:15:14 -0400] "GET /nakrip.php HTTP/1.1" 301 0 "-" "-"
114.119.154.207 - - [11/Jun/2025:01:15:14 -0400] "GET /category/wind-breaker/page/37/ HTTP/1.1" 200 12096 "https://read10.windbreakermanga.com/category/wind-breaker/page/37/" "Mozilla/5.0 (Linux; Android 7.0;) AppleWebKit/537.36 (KHTML, like Gecko) Mobile Safari/537.36 (compatible; PetalBot;+https://webmaster.petalsearch.com/site/petalbot)"
52.178.154.88 - - [11/Jun/2025:01:15:16 -0400] "GET / HTTP/1.1" 200 12631 "-" "-"
66.249.77.200 - - [11/Jun/2025:01:15:15 -0400] "GET /items/115900656 HTTP/1.1" 200 81072 "-" "Mozilla/5.0 (Linux; Android 6.0.1; Nexus 5X Build/MMB29P) AppleWebKit/537.36 (KHTML, like Gecko) Chrome/136.0.7103.113 Mobile Safari/537.36 (compatible; Googlebot/2.1; +http://www.google.com/bot.html)"
66.249.77.200 - - [11/Jun/2025:01:15:17 -0400] "GET /special/36713752 HTTP/1.1" 200 81470 "-" "Mozilla/5.0 (Linux; Android 6.0.1; Nexus 5X Build/MMB29P) AppleWebKit/537.36 (KHTML, like Gecko) Chrome/136.0.7103.113 Mobile Safari/537.36 (compatible; Googlebot/2.1; +http://www.google.com/bot.html)"
52.178.154.88 - - [11/Jun/2025:01:15:16 -0400] "GET /wp-includes/IXR/allez.php HTTP/1.1" 301 0 "-" "-"
52.178.154.88 - - [11/Jun/2025:01:15:18 -0400] "GET / HTTP/1.1" 200 12631 "-" "-"
52.178.154.88 - - [11/Jun/2025:01:15:18 -0400] "GET /wp-admin/users.php HTTP/1.1" 302 0 "-" "-"
52.178.154.88 - - [11/Jun/2025:01:15:19 -0400] "GET /wp-login.php?redirect_to=https%3A%2F%2Fread11.windbreakermanga.com%2Fwp-admin%2Fusers.php&reauth=1 HTTP/1.1" 200 1892 "-" "-"
52.178.154.88 - - [11/Jun/2025:01:15:20 -0400] "GET /wp-content/file.php HTTP/1.1" 200 0 "-" "-"
52.178.154.88 - - [11/Jun/2025:01:15:21 -0400] "GET /wp-admin/css/colors/midnight/colors.php HTTP/1.1" 302 0 "-" "-"
52.178.154.88 - - [11/Jun/2025:01:15:21 -0400] "GET /wp-login.php?redirect_to=https%3A%2F%2Fread11.windbreakermanga.com%2Fwp-admin%2Fcss%2Fcolors%2Fmidnight%2Fcolors.php&reauth=1 HTTP/1.1" 200 1903 "-" "-"
52.178.154.88 - - [11/Jun/2025:01:15:22 -0400] "GET /wp-admin/css/admin.php HTTP/1.1" 302 0 "-" "-"
52.178.154.88 - - [11/Jun/2025:01:15:23 -0400] "GET /wp-login.php?redirect_to=https%3A%2F%2Fread11.windbreakermanga.com%2Fwp-admin%2Fcss%2Fadmin.php&reauth=1 HTTP/1.1" 200 1892 "-" "-"
52.178.154.88 - - [11/Jun/2025:01:15:24 -0400] "GET /help.php HTTP/1.1" 301 0 "-" "-"
52.178.154.88 - - [11/Jun/2025:01:15:25 -0400] "GET / HTTP/1.1" 200 12631 "-" "-"
52.178.154.88 - - [11/Jun/2025:01:15:26 -0400] "GET /wp-content/plugins/wp-conflg.php HTTP/1.1" 200 0 "-" "-"
52.178.154.88 - - [11/Jun/2025:01:15:26 -0400] "GET /about.php HTTP/1.1" 301 0 "-" "-"
52.178.154.88 - - [11/Jun/2025:01:15:27 -0400] "GET / HTTP/1.1" 200 12631 "-" "-"
52.178.154.88 - - [11/Jun/2025:01:15:28 -0400] "GET /wp-includes/ID3/module.tag.id3v3.php HTTP/1.1" 301 0 "-" "-"
52.178.154.88 - - [11/Jun/2025:01:15:29 -0400] "GET / HTTP/1.1" 200 12631 "-" "-"
52.178.154.88 - - [11/Jun/2025:01:15:29 -0400] "GET /credits.php HTTP/1.1" 301 0 "-" "-"
52.178.154.88 - - [11/Jun/2025:01:15:31 -0400] "GET / HTTP/1.1" 200 12631 "-" "-"
52.178.154.88 - - [11/Jun/2025:01:15:31 -0400] "GET /nf.php HTTP/1.1" 301 0 "-" "-"
52.178.154.88 - - [11/Jun/2025:01:15:33 -0400] "GET / HTTP/1.1" 200 12631 "-" "-"
52.178.154.88 - - [11/Jun/2025:01:15:33 -0400] "GET /index/function.php HTTP/1.1" 301 0 "-" "-"
52.178.154.88 - - [11/Jun/2025:01:15:34 -0400] "GET / HTTP/1.1" 200 12631 "-" "-"
52.178.154.88 - - [11/Jun/2025:01:15:35 -0400] "GET /wp-admin/images/profile.php HTTP/1.1" 302 0 "-" "-"
52.178.154.88 - - [11/Jun/2025:01:15:36 -0400] "GET /wp-login.php?redirect_to=https%3A%2F%2Fread11.windbreakermanga.com%2Fwp-admin%2Fimages%2Fprofile.php&reauth=1 HTTP/1.1" 200 1900 "-" "-"
52.178.154.88 - - [11/Jun/2025:01:15:37 -0400] "GET /.well-known/acme-challenge/makeasmtp.php HTTP/1.1" 301 0 "-" "-"
52.178.154.88 - - [11/Jun/2025:01:15:39 -0400] "GET / HTTP/1.1" 200 12631 "-" "-"
52.178.154.88 - - [11/Jun/2025:01:15:39 -0400] "GET /wp-includes/css/dist/block-library/admin.php HTTP/1.1" 301 0 "-" "-"
52.178.154.88 - - [11/Jun/2025:01:15:41 -0400] "GET / HTTP/1.1" 200 12631 "-" "-"
52.178.154.88 - - [11/Jun/2025:01:15:42 -0400] "GET /wp-content/uploads/2025/03/themes.php HTTP/1.1" 200 0 "-" "-"
52.178.154.88 - - [11/Jun/2025:01:15:42 -0400] "GET /wp-admin/maint/admin.php HTTP/1.1" 302 0 "-" "-"
52.178.154.88 - - [11/Jun/2025:01:15:44 -0400] "GET /wp-login.php?redirect_to=https%3A%2F%2Fread11.windbreakermanga.com%2Fwp-admin%2Fmaint%2Fadmin.php&reauth=1 HTTP/1.1" 200 1893 "-" "-"
66.249.77.199 - - [11/Jun/2025:01:15:46 -0400] "GET /shopping/36717332 HTTP/1.1" 200 81379 "-" "Mozilla/5.0 (Linux; Android 6.0.1; Nexus 5X Build/MMB29P) AppleWebKit/537.36 (KHTML, like Gecko) Chrome/136.0.7103.113 Mobile Safari/537.36 (compatible; Googlebot/2.1; +http://www.google.com/bot.html)"
52.178.154.88 - - [11/Jun/2025:01:15:46 -0400] "GET /plugins.php HTTP/1.1" 301 0 "-" "-"
52.178.154.88 - - [11/Jun/2025:01:15:47 -0400] "GET / HTTP/1.1" 200 12631 "-" "-"
52.178.154.88 - - [11/Jun/2025:01:15:48 -0400] "GET /wp-content/plugins/pwnd/as.php HTTP/1.1" 200 0 "-" "-"
52.178.154.88 - - [11/Jun/2025:01:15:48 -0400] "GET /moon.php HTTP/1.1" 301 0 "-" "-"
66.249.77.199 - - [11/Jun/2025:01:15:48 -0400] "GET /sitemap-subitems-1079.xml HTTP/1.1" 200 9925 "-" "Mozilla/5.0 (compatible; Googlebot/2.1; +http://www.google.com/bot.html)"
52.178.154.88 - - [11/Jun/2025:01:15:49 -0400] "GET / HTTP/1.1" 200 12631 "-" "-"
2001:861:3143:8140:b06e:1d9a:daef:1288 - - [11/Jun/2025:01:15:50 -0400] "GET /wind-breaker-chapter-458/ HTTP/1.1" 200 12255 "-" "Mozilla/5.0 (Windows NT 10.0; Win64; x64; rv:89.0) Gecko/20100101 Firefox/89.0"
52.178.154.88 - - [11/Jun/2025:01:15:50 -0400] "GET /style.php HTTP/1.1" 301 0 "-" "-"
52.178.154.88 - - [11/Jun/2025:01:15:51 -0400] "GET / HTTP/1.1" 200 12631 "-" "-"
52.178.154.88 - - [11/Jun/2025:01:15:52 -0400] "GET /403.php HTTP/1.1" 301 0 "-" "-"
52.178.154.88 - - [11/Jun/2025:01:15:53 -0400] "GET / HTTP/1.1" 200 12631 "-" "-"
52.178.154.88 - - [11/Jun/2025:01:15:54 -0400] "GET /wp-content/uploads/admiin.php HTTP/1.1" 200 0 "-" "-"
207.46.13.17 - - [11/Jun/2025:01:15:53 -0400] "GET /item264952 HTTP/1.1" 200 82530 "-" "Mozilla/5.0 AppleWebKit/537.36 (KHTML, like Gecko; compatible; bingbot/2.0; +http://www.bing.com/bingbot.htm) Chrome/116.0.1938.76 Safari/537.36"
52.178.154.88 - - [11/Jun/2025:01:15:54 -0400] "GET /wp-l0gin.php HTTP/1.1" 301 0 "-" "-"
52.178.154.88 - - [11/Jun/2025:01:15:55 -0400] "GET / HTTP/1.1" 200 12631 "-" "-"
52.178.154.88 - - [11/Jun/2025:01:15:56 -0400] "GET /cgi-bin/wp-login.php HTTP/1.1" 403 1242 "-" "-"
52.178.154.88 - - [11/Jun/2025:01:15:56 -0400] "GET /css/admin.php HTTP/1.1" 301 0 "-" "-"
52.178.154.88 - - [11/Jun/2025:01:15:57 -0400] "GET / HTTP/1.1" 200 12631 "-" "-"
52.178.154.88 - - [11/Jun/2025:01:15:58 -0400] "GET /wp-includes/blocks/block/ HTTP/1.1" 200 625 "-" "-"
52.178.154.88 - - [11/Jun/2025:01:15:58 -0400] "GET /updates.php HTTP/1.1" 301 0 "-" "-"
52.178.154.88 - - [11/Jun/2025:01:16:00 -0400] "GET / HTTP/1.1" 200 12631 "-" "-"
52.178.154.88 - - [11/Jun/2025:01:16:00 -0400] "GET /wp-content/install.php HTTP/1.1" 200 0 "-" "-"
52.178.154.88 - - [11/Jun/2025:01:16:00 -0400] "GET /admin/controller/extension/extension/ultra.php HTTP/1.1" 301 0 "-" "-"
66.249.77.199 - - [11/Jun/2025:01:16:01 -0400] "GET /shopping/valetudinarian36728700 HTTP/1.1" 200 81124 "-" "Mozilla/5.0 (Linux; Android 6.0.1; Nexus 5X Build/MMB29P) AppleWebKit/537.36 (KHTML, like Gecko) Chrome/136.0.7103.113 Mobile Safari/537.36 (compatible; Googlebot/2.1; +http://www.google.com/bot.html)"
52.178.154.88 - - [11/Jun/2025:01:16:02 -0400] "GET / HTTP/1.1" 200 12631 "-" "-"
52.178.154.88 - - [11/Jun/2025:01:16:03 -0400] "GET /system_log.php HTTP/1.1" 301 0 "-" "-"
52.178.154.88 - - [11/Jun/2025:01:16:04 -0400] "GET / HTTP/1.1" 200 12631 "-" "-"
52.178.154.88 - - [11/Jun/2025:01:16:05 -0400] "GET /.well-known/pki-validation/ HTTP/1.1" 200 816 "-" "-"
52.178.154.88 - - [11/Jun/2025:01:16:05 -0400] "GET /error_log.php HTTP/1.1" 301 0 "-" "-"
52.178.154.88 - - [11/Jun/2025:01:16:06 -0400] "GET / HTTP/1.1" 200 12631 "-" "-"
52.178.154.88 - - [11/Jun/2025:01:16:06 -0400] "GET /wp-admin/css/index.php HTTP/1.1" 302 0 "-" "-"
162.0.232.193 - - [11/Jun/2025:01:16:08 -0400] "POST /wp-admin/admin-ajax.php?action=as_async_request_queue_runner&nonce=39ea8117d0 HTTP/1.1" 200 0 "-" "WordPress/6.8.1; https://read11.windbreakermanga.com"
52.178.154.88 - - [11/Jun/2025:01:16:09 -0400] "GET /wp-login.php?redirect_to=https%3A%2F%2Fread11.windbreakermanga.com%2Fwp-admin%2Fcss%2Findex.php&reauth=1 HTTP/1.1" 200 1892 "-" "-"
52.178.154.88 - - [11/Jun/2025:01:16:09 -0400] "GET /mari.php HTTP/1.1" 301 0 "-" "-"
162.0.232.193 - - [11/Jun/2025:01:16:09 -0400] "GET /wind-breaker-chapter-196/ HTTP/1.1" 200 12398 "-" "WP Rocket/Preload"
52.178.154.88 - - [11/Jun/2025:01:16:11 -0400] "GET / HTTP/1.1" 200 12631 "-" "-"
216.73.216.239 - - [11/Jun/2025:01:16:11 -0400] "GET /shopdetail/273420412 HTTP/1.1" 500 1034 "-" "Mozilla/5.0 AppleWebKit/537.36 (KHTML, like Gecko; compatible; ClaudeBot/1.0; [email protected])"
216.73.216.239 - - [11/Jun/2025:01:16:11 -0400] "GET /shopdetail/274633676 HTTP/1.1" 500 1034 "-" "Mozilla/5.0 AppleWebKit/537.36 (KHTML, like Gecko; compatible; ClaudeBot/1.0; [email protected])"
66.249.77.200 - - [11/Jun/2025:01:16:11 -0400] "GET /item115867408 HTTP/1.1" 200 81497 "-" "Mozilla/5.0 (Linux; Android 6.0.1; Nexus 5X Build/MMB29P) AppleWebKit/537.36 (KHTML, like Gecko) Chrome/136.0.7103.113 Mobile Safari/537.36 (compatible; Googlebot/2.1; +http://www.google.com/bot.html)"
52.178.154.88 - - [11/Jun/2025:01:16:12 -0400] "GET /wp-content/uploads/wp-login.php HTTP/1.1" 200 0 "-" "-"
162.0.232.193 - - [11/Jun/2025:01:16:12 -0400] "GET /wind-breaker-chapter-196/ HTTP/1.1" 200 0 "-" "WP Rocket/Preload Mozilla/5.0 (iPhone; CPU iPhone OS 9_1 like Mac OS X) AppleWebKit/601.1.46 (KHTML, like Gecko) Version/9.0 Mobile/13B143 Safari/601.1"
40.77.167.32 - - [11/Jun/2025:01:16:12 -0400] "GET /wind-breaker-chapter-506/ HTTP/1.1" 200 81734 "-" "Mozilla/5.0 AppleWebKit/537.36 (KHTML, like Gecko; compatible; bingbot/2.0; +http://www.bing.com/bingbot.htm) Chrome/116.0.1938.76 Safari/537.36"
66.249.77.200 - - [11/Jun/2025:01:16:12 -0400] "GET /shopbrand/36717160 HTTP/1.1" 200 82420 "-" "Mozilla/5.0 (Linux; Android 6.0.1; Nexus 5X Build/MMB29P) AppleWebKit/537.36 (KHTML, like Gecko) Chrome/136.0.7103.113 Mobile Safari/537.36 (compatible; Googlebot/2.1; +http://www.google.com/bot.html)"
162.0.232.193 - - [11/Jun/2025:01:16:13 -0400] "POST /wp-cron.php?doing_wp_cron=1749618973.4075651168823242187500 HTTP/1.1" 200 0 "-" "WordPress/6.8.1; https://read11.windbreakermanga.com"
162.0.232.193 - - [11/Jun/2025:01:16:13 -0400] "POST /wp-cron.php?doing_wp_cron=1749618973.6171030998229980468750 HTTP/1.1" 200 0 "-" "WordPress/6.8.1; https://read11.windbreakermanga.com"
52.178.154.88 - - [11/Jun/2025:01:16:12 -0400] "GET /wp-includes/SimplePie/index.php HTTP/1.1" 301 0 "-" "-"
162.0.232.193 - - [11/Jun/2025:01:16:13 -0400] "GET /wind-breaker-chapter-127/ HTTP/1.1" 200 11914 "-" "WP Rocket/Preload"
52.178.154.88 - - [11/Jun/2025:01:16:14 -0400] "GET / HTTP/1.1" 200 12631 "-" "-"
52.178.154.88 - - [11/Jun/2025:01:16:14 -0400] "GET /cd.php HTTP/1.1" 301 0 "-" "-"
66.249.77.200 - - [11/Jun/2025:01:16:14 -0400] "GET /shopbrand/demonstrativeness9260552 HTTP/1.1" 200 81322 "-" "Mozilla/5.0 (Linux; Android 6.0.1; Nexus 5X Build/MMB29P) AppleWebKit/537.36 (KHTML, like Gecko) Chrome/136.0.7103.113 Mobile Safari/537.36 (compatible; Googlebot/2.1; +http://www.google.com/bot.html)"
162.0.232.193 - - [11/Jun/2025:01:16:14 -0400] "GET /wind-breaker-chapter-127/ HTTP/1.1" 200 0 "-" "WP Rocket/Preload Mozilla/5.0 (iPhone; CPU iPhone OS 9_1 like Mac OS X) AppleWebKit/601.1.46 (KHTML, like Gecko) Version/9.0 Mobile/13B143 Safari/601.1"
52.178.154.88 - - [11/Jun/2025:01:16:15 -0400] "GET / HTTP/1.1" 200 12631 "-" "-"
66.249.77.200 - - [11/Jun/2025:01:16:15 -0400] "GET /items/apivora74152200 HTTP/1.1" 200 81132 "-" "Mozilla/5.0 (Linux; Android 6.0.1; Nexus 5X Build/MMB29P) AppleWebKit/537.36 (KHTML, like Gecko) Chrome/136.0.7103.113 Mobile Safari/537.36 (compatible; Googlebot/2.1; +http://www.google.com/bot.html)"
162.0.232.193 - - [11/Jun/2025:01:16:16 -0400] "GET /wind-breaker-chapter-503/ HTTP/1.1" 200 0 "-" "WP Rocket/Preload"
52.178.154.88 - - [11/Jun/2025:01:16:16 -0400] "GET /browse.php HTTP/1.1" 301 0 "-" "-"
52.178.154.88 - - [11/Jun/2025:01:16:17 -0400] "GET / HTTP/1.1" 200 12631 "-" "-"
66.249.77.200 - - [11/Jun/2025:01:16:17 -0400] "GET /entity/combust219772872 HTTP/1.1" 200 82743 "-" "Mozilla/5.0 (Linux; Android 6.0.1; Nexus 5X Build/MMB29P) AppleWebKit/537.36 (KHTML, like Gecko) Chrome/136.0.7103.113 Mobile Safari/537.36 (compatible; Googlebot/2.1; +http://www.google.com/bot.html)"
162.0.232.193 - - [11/Jun/2025:01:16:17 -0400] "GET /wind-breaker-chapter-503/ HTTP/1.1" 200 0 "-" "WP Rocket/Preload Mozilla/5.0 (iPhone; CPU iPhone OS 9_1 like Mac OS X) AppleWebKit/601.1.46 (KHTML, like Gecko) Version/9.0 Mobile/13B143 Safari/601.1"
52.178.154.88 - - [11/Jun/2025:01:16:17 -0400] "GET /wp-corn-sample.php HTTP/1.1" 301 0 "-" "-"
52.178.154.88 - - [11/Jun/2025:01:16:19 -0400] "GET / HTTP/1.1" 200 12631 "-" "-"
162.0.232.193 - - [11/Jun/2025:01:16:19 -0400] "GET /wind-breaker-chapter-10/ HTTP/1.1" 200 0 "-" "WP Rocket/Preload"
52.178.154.88 - - [11/Jun/2025:01:16:19 -0400] "GET /images/k.php HTTP/1.1" 301 0 "-" "-"
52.178.154.88 - - [11/Jun/2025:01:16:21 -0400] "GET / HTTP/1.1" 200 12631 "-" "-"
162.0.232.193 - - [11/Jun/2025:01:16:21 -0400] "GET /wind-breaker-chapter-10/ HTTP/1.1" 200 0 "-" "WP Rocket/Preload Mozilla/5.0 (iPhone; CPU iPhone OS 9_1 like Mac OS X) AppleWebKit/601.1.46 (KHTML, like Gecko) Version/9.0 Mobile/13B143 Safari/601.1"
52.178.154.88 - - [11/Jun/2025:01:16:21 -0400] "GET /wp-includes/customize/about.php HTTP/1.1" 301 0 "-" "-"
52.178.154.88 - - [11/Jun/2025:01:16:23 -0400] "GET / HTTP/1.1" 200 12631 "-" "-"
52.178.154.88 - - [11/Jun/2025:01:16:23 -0400] "GET /gebase.php69 HTTP/1.1" 301 0 "-" "-"
52.178.154.88 - - [11/Jun/2025:01:16:24 -0400] "GET / HTTP/1.1" 200 12631 "-" "-"
52.178.154.88 - - [11/Jun/2025:01:16:25 -0400] "GET /wp-admin/images/index.php HTTP/1.1" 302 0 "-" "-"
52.178.154.88 - - [11/Jun/2025:01:16:26 -0400] "GET /wp-login.php?redirect_to=https%3A%2F%2Fread11.windbreakermanga.com%2Fwp-admin%2Fimages%2Findex.php&reauth=1 HTTP/1.1" 200 1897 "-" "-"
52.178.154.88 - - [11/Jun/2025:01:16:27 -0400] "GET /wp-admin/maint/about.php HTTP/1.1" 302 0 "-" "-"
52.178.154.88 - - [11/Jun/2025:01:16:27 -0400] "GET /wp-login.php?redirect_to=https%3A%2F%2Fread11.windbreakermanga.com%2Fwp-admin%2Fmaint%2Fabout.php&reauth=1 HTTP/1.1" 200 1897 "-" "-"
66.249.77.200 - - [11/Jun/2025:01:16:28 -0400] "GET /item/certifiable12216020 HTTP/1.1" 200 81619 "-" "Mozilla/5.0 (Linux; Android 6.0.1; Nexus 5X Build/MMB29P) AppleWebKit/537.36 (KHTML, like Gecko) Chrome/136.0.7103.113 Mobile Safari/537.36 (compatible; Googlebot/2.1; +http://www.google.com/bot.html)"
52.178.154.88 - - [11/Jun/2025:01:16:28 -0400] "GET /ova-tools.php HTTP/1.1" 301 0 "-" "-"
52.178.154.88 - - [11/Jun/2025:01:16:29 -0400] "GET / HTTP/1.1" 200 12631 "-" "-"
52.178.154.88 - - [11/Jun/2025:01:16:29 -0400] "GET /wp-content/plugins/linkpreview/index.php HTTP/1.1" 200 0 "-" "-"
66.249.77.199 - - [11/Jun/2025:01:16:29 -0400] "GET /product/35992000 HTTP/1.1" 200 81791 "-" "Mozilla/5.0 (Linux; Android 6.0.1; Nexus 5X Build/MMB29P) AppleWebKit/537.36 (KHTML, like Gecko) Chrome/136.0.7103.113 Mobile Safari/537.36 (compatible; Googlebot/2.1; +http://www.google.com/bot.html)"
52.178.154.88 - - [11/Jun/2025:01:16:30 -0400] "GET /samll.php HTTP/1.1" 301 0 "-" "-"
66.249.77.200 - - [11/Jun/2025:01:16:30 -0400] "GET /detail/115136160 HTTP/1.1" 200 81669 "-" "Mozilla/5.0 (Linux; Android 6.0.1; Nexus 5X Build/MMB29P) AppleWebKit/537.36 (KHTML, like Gecko) Chrome/136.0.7103.113 Mobile Safari/537.36 (compatible; Googlebot/2.1; +http://www.google.com/bot.html)"
52.178.154.88 - - [11/Jun/2025:01:16:31 -0400] "GET / HTTP/1.1" 200 12631 "-" "-"
66.249.77.199 - - [11/Jun/2025:01:16:31 -0400] "GET /goods/mci/targeteer/221025644 HTTP/1.1" 200 81502 "-" "Mozilla/5.0 (Linux; Android 6.0.1; Nexus 5X Build/MMB29P) AppleWebKit/537.36 (KHTML, like Gecko) Chrome/136.0.7103.113 Mobile Safari/537.36 (compatible; Googlebot/2.1; +http://www.google.com/bot.html)"
52.178.154.88 - - [11/Jun/2025:01:16:31 -0400] "GET /wp-core.php HTTP/1.1" 301 0 "-" "-"
52.178.154.88 - - [11/Jun/2025:01:16:32 -0400] "GET / HTTP/1.1" 200 12631 "-" "-"
52.178.154.88 - - [11/Jun/2025:01:16:33 -0400] "GET /wp-includes/php-compat/ HTTP/1.1" 200 634 "-" "-"
52.178.154.88 - - [11/Jun/2025:01:16:33 -0400] "GET /.tmb/admin.php HTTP/1.1" 301 0 "-" "-"
52.178.154.88 - - [11/Jun/2025:01:16:34 -0400] "GET / HTTP/1.1" 200 12631 "-" "-"
162.0.232.193 - - [11/Jun/2025:01:16:36 -0400] "POST /wp-cron.php?doing_wp_cron=1749618996.0515549182891845703125 HTTP/1.1" 200 0 "-" "WordPress/6.8.1; https://read11.windbreakermanga.com"
52.178.154.88 - - [11/Jun/2025:01:16:35 -0400] "GET /wp-admin/license.php HTTP/1.1" 302 0 "-" "-"
52.178.154.88 - - [11/Jun/2025:01:16:36 -0400] "GET /wp-login.php?redirect_to=https%3A%2F%2Fread11.windbreakermanga.com%2Fwp-admin%2Flicense.php&reauth=1 HTTP/1.1" 200 1893 "-" "-"
52.178.154.88 - - [11/Jun/2025:01:16:37 -0400] "GET /www.php HTTP/1.1" 301 0 "-" "-"
52.178.154.88 - - [11/Jun/2025:01:16:39 -0400] "GET / HTTP/1.1" 200 12631 "-" "-"
52.178.154.88 - - [11/Jun/2025:01:16:39 -0400] "GET /wp-includes/IXR/wp-login.php HTTP/1.1" 301 0 "-" "-"
52.178.154.88 - - [11/Jun/2025:01:16:41 -0400] "GET / HTTP/1.1" 200 12631 "-" "-"
66.249.77.199 - - [11/Jun/2025:01:16:41 -0400] "GET /shopping/fsw/albugineous/35759824 HTTP/1.1" 200 83080 "-" "Mozilla/5.0 (Linux; Android 6.0.1; Nexus 5X Build/MMB29P) AppleWebKit/537.36 (KHTML, like Gecko) Chrome/136.0.7103.113 Mobile Safari/537.36 (compatible; Googlebot/2.1; +http://www.google.com/bot.html)"
162.0.232.193 - - [11/Jun/2025:01:16:42 -0400] "POST /wp-cron.php?doing_wp_cron=1749619002.7226040363311767578125 HTTP/1.1" 200 0 "-" "WordPress/6.8.1; https://read11.windbreakermanga.com"
52.178.154.88 - - [11/Jun/2025:01:16:41 -0400] "GET /edit.php HTTP/1.1" 301 0 "-" "-"
66.249.77.200 - - [11/Jun/2025:01:16:42 -0400] "GET /info/36011636 HTTP/1.1" 200 81390 "-" "Mozilla/5.0 (Linux; Android 6.0.1; Nexus 5X Build/MMB29P) AppleWebKit/537.36 (KHTML, like Gecko) Chrome/136.0.7103.113 Mobile Safari/537.36 (compatible; Googlebot/2.1; +http://www.google.com/bot.html)"
52.178.154.88 - - [11/Jun/2025:01:16:43 -0400] "GET / HTTP/1.1" 200 12631 "-" "-"
66.249.77.201 - - [11/Jun/2025:01:16:43 -0400] "GET /shopping/lithophyte220520320 HTTP/1.1" 200 82124 "-" "Mozilla/5.0 (Linux; Android 6.0.1; Nexus 5X Build/MMB29P) AppleWebKit/537.36 (KHTML, like Gecko) Chrome/136.0.7103.113 Mobile Safari/537.36 (compatible; Googlebot/2.1; +http://www.google.com/bot.html)"
52.178.154.88 - - [11/Jun/2025:01:16:44 -0400] "GET /gecko-new.php HTTP/1.1" 301 0 "-" "-"
52.178.154.88 - - [11/Jun/2025:01:16:45 -0400] "GET / HTTP/1.1" 200 12631 "-" "-"
52.178.154.88 - - [11/Jun/2025:01:16:45 -0400] "GET /wp-content/themes/sky-pro/js.php HTTP/1.1" 200 0 "-" "-"
66.249.77.200 - - [11/Jun/2025:01:16:45 -0400] "GET /products36772460 HTTP/1.1" 200 81622 "-" "Mozilla/5.0 (Linux; Android 6.0.1; Nexus 5X Build/MMB29P) AppleWebKit/537.36 (KHTML, like Gecko) Chrome/136.0.7103.113 Mobile Safari/537.36 (compatible; Googlebot/2.1; +http://www.google.com/bot.html)"
52.178.154.88 - - [11/Jun/2025:01:16:45 -0400] "GET /as/function.php HTTP/1.1" 301 0 "-" "-"
66.249.77.199 - - [11/Jun/2025:01:16:46 -0400] "GET /shopping/v/springlet/9260216 HTTP/1.1" 200 80996 "-" "Mozilla/5.0 (Linux; Android 6.0.1; Nexus 5X Build/MMB29P) AppleWebKit/537.36 (KHTML, like Gecko) Chrome/136.0.7103.113 Mobile Safari/537.36 (compatible; Googlebot/2.1; +http://www.google.com/bot.html)"
52.178.154.88 - - [11/Jun/2025:01:16:47 -0400] "GET / HTTP/1.1" 200 12631 "-" "-"
52.178.154.88 - - [11/Jun/2025:01:16:47 -0400] "GET /wp-admin/includes/index.php HTTP/1.1" 302 0 "-" "-"
66.249.77.200 - - [11/Jun/2025:01:16:47 -0400] "GET /entity/ironon9885616 HTTP/1.1" 200 81058 "-" "Mozilla/5.0 (Linux; Android 6.0.1; Nexus 5X Build/MMB29P) AppleWebKit/537.36 (KHTML, like Gecko) Chrome/136.0.7103.113 Mobile Safari/537.36 (compatible; Googlebot/2.1; +http://www.google.com/bot.html)"
52.178.154.88 - - [11/Jun/2025:01:16:48 -0400] "GET /wp-login.php?redirect_to=https%3A%2F%2Fread11.windbreakermanga.com%2Fwp-admin%2Fincludes%2Findex.php&reauth=1 HTTP/1.1" 200 1893 "-" "-"
52.178.154.88 - - [11/Jun/2025:01:16:48 -0400] "GET /wp-admin/network/network.php HTTP/1.1" 302 0 "-" "-"
66.249.77.192 - - [11/Jun/2025:01:16:48 -0400] "GET /products/malingerer115636404 HTTP/1.1" 200 81204 "-" "Mozilla/5.0 (Linux; Android 6.0.1; Nexus 5X Build/MMB29P) AppleWebKit/537.36 (KHTML, like Gecko) Chrome/136.0.7103.113 Mobile Safari/537.36 (compatible; Googlebot/2.1; +http://www.google.com/bot.html)"
52.178.154.88 - - [11/Jun/2025:01:16:49 -0400] "GET /wp-login.php?redirect_to=https%3A%2F%2Fread11.windbreakermanga.com%2Fwp-admin%2Fnetwork%2Fnetwork.php&reauth=1 HTTP/1.1" 200 1892 "-" "-"
52.178.154.88 - - [11/Jun/2025:01:16:50 -0400] "GET /lol.php HTTP/1.1" 301 0 "-" "-"
52.178.154.88 - - [11/Jun/2025:01:16:51 -0400] "GET / HTTP/1.1" 200 12631 "-" "-"
52.178.154.88 - - [11/Jun/2025:01:16:51 -0400] "GET /wp-content/languages/index.php HTTP/1.1" 200 0 "-" "-"
52.178.154.88 - - [11/Jun/2025:01:16:52 -0400] "GET /pi.php HTTP/1.1" 301 0 "-" "-"
52.178.154.88 - - [11/Jun/2025:01:16:53 -0400] "GET / HTTP/1.1" 200 12631 "-" "-"
52.178.154.88 - - [11/Jun/2025:01:16:54 -0400] "GET /backup.php HTTP/1.1" 301 0 "-" "-"
52.178.154.88 - - [11/Jun/2025:01:16:55 -0400] "GET / HTTP/1.1" 200 12631 "-" "-"
52.178.154.88 - - [11/Jun/2025:01:16:55 -0400] "GET /getid3-core.php HTTP/1.1" 301 0 "-" "-"
52.178.154.88 - - [11/Jun/2025:01:16:57 -0400] "GET / HTTP/1.1" 200 12631 "-" "-"
52.178.154.88 - - [11/Jun/2025:01:16:57 -0400] "GET /wp-includes/Text/lv.php HTTP/1.1" 301 0 "-" "-"
66.249.77.199 - - [11/Jun/2025:01:16:58 -0400] "GET /shopdetail/gnarl115640312 HTTP/1.1" 200 81498 "-" "Mozilla/5.0 (Linux; Android 6.0.1; Nexus 5X Build/MMB29P) AppleWebKit/537.36 (KHTML, like Gecko) Chrome/136.0.7103.113 Mobile Safari/537.36 (compatible; Googlebot/2.1; +http://www.google.com/bot.html)"
52.178.154.88 - - [11/Jun/2025:01:16:58 -0400] "GET / HTTP/1.1" 200 12631 "-" "-"
52.178.154.88 - - [11/Jun/2025:01:16:59 -0400] "GET /mini.php HTTP/1.1" 301 0 "-" "-"
52.178.154.88 - - [11/Jun/2025:01:17:01 -0400] "GET / HTTP/1.1" 200 12631 "-" "-"
52.178.154.88 - - [11/Jun/2025:01:17:01 -0400] "GET /text.php HTTP/1.1" 301 0 "-" "-"
52.178.154.88 - - [11/Jun/2025:01:17:03 -0400] "GET / HTTP/1.1" 200 12631 "-" "-"
52.178.154.88 - - [11/Jun/2025:01:17:04 -0400] "GET /xxx.php HTTP/1.1" 301 0 "-" "-"
52.178.154.88 - - [11/Jun/2025:01:17:06 -0400] "GET / HTTP/1.1" 200 12631 "-" "-"
52.178.154.88 - - [11/Jun/2025:01:17:06 -0400] "GET /readme.php HTTP/1.1" 301 0 "-" "-"
216.73.216.239 - - [11/Jun/2025:01:17:07 -0400] "GET /shopdetail/273342832 HTTP/1.1" 500 1034 "-" "Mozilla/5.0 AppleWebKit/537.36 (KHTML, like Gecko; compatible; ClaudeBot/1.0; [email protected])"
52.178.154.88 - - [11/Jun/2025:01:17:07 -0400] "GET / HTTP/1.1" 200 12631 "-" "-"
216.73.216.239 - - [11/Jun/2025:01:17:07 -0400] "GET /shopdetail/273408944 HTTP/1.1" 500 1034 "-" "Mozilla/5.0 AppleWebKit/537.36 (KHTML, like Gecko; compatible; ClaudeBot/1.0; [email protected])"
66.249.77.192 - - [11/Jun/2025:01:17:07 -0400] "GET /item/115631080 HTTP/1.1" 200 81013 "-" "Mozilla/5.0 (Linux; Android 6.0.1; Nexus 5X Build/MMB29P) AppleWebKit/537.36 (KHTML, like Gecko) Chrome/136.0.7103.113 Mobile Safari/537.36 (compatible; Googlebot/2.1; +http://www.google.com/bot.html)"
52.178.154.88 - - [11/Jun/2025:01:17:08 -0400] "GET /mariju.php HTTP/1.1" 301 0 "-" "-"
52.178.154.88 - - [11/Jun/2025:01:17:09 -0400] "GET / HTTP/1.1" 200 12631 "-" "-"
162.0.232.193 - - [11/Jun/2025:01:17:11 -0400] "POST /wp-cron.php?doing_wp_cron=1749619031.0475618839263916015625 HTTP/1.1" 200 0 "-" "WordPress/6.8.1; https://read11.windbreakermanga.com"
52.178.154.88 - - [11/Jun/2025:01:17:10 -0400] "GET /wp-admin/css/wp-login.php HTTP/1.1" 302 0 "-" "-"
52.178.154.88 - - [11/Jun/2025:01:17:11 -0400] "GET /wp-login.php?redirect_to=https%3A%2F%2Fread11.windbreakermanga.com%2Fwp-admin%2Fcss%2Fwp-login.php&reauth=1 HTTP/1.1" 200 1897 "-" "-"
52.178.154.88 - - [11/Jun/2025:01:17:12 -0400] "GET /themes/zMousse/otuz1.php HTTP/1.1" 301 0 "-" "-"
52.178.154.88 - - [11/Jun/2025:01:17:13 -0400] "GET / HTTP/1.1" 200 12631 "-" "-"
52.178.154.88 - - [11/Jun/2025:01:17:14 -0400] "GET /wp-includes/Requests/about.php HTTP/1.1" 301 0 "-" "-"
52.178.154.88 - - [11/Jun/2025:01:17:16 -0400] "GET / HTTP/1.1" 200 12631 "-" "-"
66.249.77.201 - - [11/Jun/2025:01:17:16 -0400] "GET /info/likened115627500 HTTP/1.1" 200 80828 "-" "Mozilla/5.0 (Linux; Android 6.0.1; Nexus 5X Build/MMB29P) AppleWebKit/537.36 (KHTML, like Gecko) Chrome/136.0.7103.113 Mobile Safari/537.36 (compatible; Googlebot/2.1; +http://www.google.com/bot.html)"
52.178.154.88 - - [11/Jun/2025:01:17:16 -0400] "GET /randkeyword.PhP7 HTTP/1.1" 301 0 "-" "-"
52.178.154.88 - - [11/Jun/2025:01:17:17 -0400] "GET / HTTP/1.1" 200 12631 "-" "-"
52.178.154.88 - - [11/Jun/2025:01:17:18 -0400] "GET /file.php HTTP/1.1" 301 0 "-" "-"
52.178.154.88 - - [11/Jun/2025:01:17:19 -0400] "GET / HTTP/1.1" 200 12631 "-" "-"
52.178.154.88 - - [11/Jun/2025:01:17:20 -0400] "GET /wp-content/plugins/atomlib.php HTTP/1.1" 200 0 "-" "-"
162.0.232.193 - - [11/Jun/2025:01:17:21 -0400] "POST /wp-cron.php?doing_wp_cron=1749619041.5579431056976318359375 HTTP/1.1" 200 0 "-" "WordPress/6.8.1; https://read11.windbreakermanga.com"
52.178.154.88 - - [11/Jun/2025:01:17:20 -0400] "GET /fi2.php HTTP/1.1" 301 0 "-" "-"
52.178.154.88 - - [11/Jun/2025:01:17:21 -0400] "GET / HTTP/1.1" 200 12631 "-" "-"
52.178.154.88 - - [11/Jun/2025:01:17:22 -0400] "GET /admin.php HTTP/1.1" 301 0 "-" "-"
52.178.154.88 - - [11/Jun/2025:01:17:23 -0400] "GET / HTTP/1.1" 200 12631 "-" "-"
52.178.154.88 - - [11/Jun/2025:01:17:24 -0400] "GET /html.php HTTP/1.1" 301 0 "-" "-"
52.178.154.88 - - [11/Jun/2025:01:17:25 -0400] "GET / HTTP/1.1" 200 12631 "-" "-"
52.178.154.88 - - [11/Jun/2025:01:17:25 -0400] "GET /wp-admin/css/colors/about.php HTTP/1.1" 302 0 "-" "-"
2001:861:3143:8140:b06e:1d9a:daef:1288 - - [11/Jun/2025:01:17:26 -0400] "GET /wind-breaker-chapter-459/ HTTP/1.1" 200 11838 "-" "Mozilla/5.0 (iPad; CPU OS 13_6 like Mac OS X) AppleWebKit/605.1.15 (KHTML, like Gecko) Version/13.1.2 Mobile/15E148 Safari/604.1"
66.249.77.199 - - [11/Jun/2025:01:17:26 -0400] "GET /shopbrand/115628844 HTTP/1.1" 200 81809 "-" "Mozilla/5.0 (Linux; Android 6.0.1; Nexus 5X Build/MMB29P) AppleWebKit/537.36 (KHTML, like Gecko) Chrome/136.0.7103.113 Mobile Safari/537.36 (compatible; Googlebot/2.1; +http://www.google.com/bot.html)"
52.178.154.88 - - [11/Jun/2025:01:17:26 -0400] "GET /wp-login.php?redirect_to=https%3A%2F%2Fread11.windbreakermanga.com%2Fwp-admin%2Fcss%2Fcolors%2Fabout.php&reauth=1 HTTP/1.1" 200 1895 "-" "-"
52.178.154.88 - - [11/Jun/2025:01:17:27 -0400] "GET /config.php HTTP/1.1" 301 0 "-" "-"
52.178.154.88 - - [11/Jun/2025:01:17:28 -0400] "GET / HTTP/1.1" 200 12631 "-" "-"
52.178.154.88 - - [11/Jun/2025:01:17:29 -0400] "GET /wp-content/languages/about.php HTTP/1.1" 200 0 "-" "-"
52.178.154.88 - - [11/Jun/2025:01:17:29 -0400] "GET /mar.php HTTP/1.1" 301 0 "-" "-"
52.178.154.88 - - [11/Jun/2025:01:17:30 -0400] "GET / HTTP/1.1" 200 12631 "-" "-"
52.178.154.88 - - [11/Jun/2025:01:17:31 -0400] "GET /cgi-bin/radio.php HTTP/1.1" 403 1242 "-" "-"
52.178.154.88 - - [11/Jun/2025:01:17:31 -0400] "GET /wp-admin/css/colors/blue/about.php HTTP/1.1" 302 0 "-" "-"
52.178.154.88 - - [11/Jun/2025:01:17:32 -0400] "GET /wp-login.php?redirect_to=https%3A%2F%2Fread11.windbreakermanga.com%2Fwp-admin%2Fcss%2Fcolors%2Fblue%2Fabout.php&reauth=1 HTTP/1.1" 200 1904 "-" "-"
52.178.154.88 - - [11/Jun/2025:01:17:33 -0400] "GET /z.php HTTP/1.1" 301 0 "-" "-"
52.178.154.88 - - [11/Jun/2025:01:17:34 -0400] "GET / HTTP/1.1" 200 12631 "-" "-"
52.178.154.88 - - [11/Jun/2025:01:17:34 -0400] "GET /wp-admin/file.php HTTP/1.1" 302 0 "-" "-"
162.0.232.193 - - [11/Jun/2025:01:17:37 -0400] "POST /wp-cron.php?doing_wp_cron=1749619056.7173030376434326171875 HTTP/1.1" 200 0 "-" "WordPress/6.8.1; https://read11.windbreakermanga.com"
52.178.154.88 - - [11/Jun/2025:01:17:35 -0400] "GET /wp-login.php?redirect_to=https%3A%2F%2Fread11.windbreakermanga.com%2Fwp-admin%2Ffile.php&reauth=1 HTTP/1.1" 200 1892 "-" "-"
52.178.154.88 - - [11/Jun/2025:01:17:37 -0400] "GET /cron.php HTTP/1.1" 301 0 "-" "-"
52.178.154.88 - - [11/Jun/2025:01:17:38 -0400] "GET / HTTP/1.1" 200 12631 "-" "-"
52.178.154.88 - - [11/Jun/2025:01:17:39 -0400] "GET /templates/atomic/error.php HTTP/1.1" 301 0 "-" "-"
52.178.154.88 - - [11/Jun/2025:01:17:40 -0400] "GET / HTTP/1.1" 200 12631 "-" "-"
52.178.154.88 - - [11/Jun/2025:01:17:41 -0400] "GET /wp-content/themes/alera/alpha.php HTTP/1.1" 200 0 "-" "-"
162.0.232.193 - - [11/Jun/2025:01:17:43 -0400] "POST /wp-cron.php?doing_wp_cron=1749619063.3165678977966308593750 HTTP/1.1" 200 0 "-" "WordPress/6.8.1; https://read11.windbreakermanga.com"
52.178.154.88 - - [11/Jun/2025:01:17:42 -0400] "GET /wp-includes/js/codemirror/about.php HTTP/1.1" 301 0 "-" "-"
52.178.154.88 - - [11/Jun/2025:01:17:43 -0400] "GET / HTTP/1.1" 200 12631 "-" "-"
66.249.77.199 - - [11/Jun/2025:01:17:43 -0400] "GET /info/outport115660592 HTTP/1.1" 200 81166 "-" "Mozilla/5.0 (Linux; Android 6.0.1; Nexus 5X Build/MMB29P) AppleWebKit/537.36 (KHTML, like Gecko) Chrome/136.0.7103.113 Mobile Safari/537.36 (compatible; Googlebot/2.1; +http://www.google.com/bot.html)"
52.178.154.88 - - [11/Jun/2025:01:17:44 -0400] "GET /wp-activate.php HTTP/1.1" 302 0 "-" "-"
66.249.77.199 - - [11/Jun/2025:01:17:44 -0400] "GET /items/115628308 HTTP/1.1" 200 80938 "-" "Mozilla/5.0 (Linux; Android 6.0.1; Nexus 5X Build/MMB29P) AppleWebKit/537.36 (KHTML, like Gecko) Chrome/136.0.7103.113 Mobile Safari/537.36 (compatible; Googlebot/2.1; +http://www.google.com/bot.html)"
66.249.77.199 - - [11/Jun/2025:01:17:46 -0400] "GET /items/dorky7949664 HTTP/1.1" 200 81560 "-" "Mozilla/5.0 (Linux; Android 6.0.1; Nexus 5X Build/MMB29P) AppleWebKit/537.36 (KHTML, like Gecko) Chrome/136.0.7103.113 Mobile Safari/537.36 (compatible; Googlebot/2.1; +http://www.google.com/bot.html)"
52.178.154.88 - - [11/Jun/2025:01:17:45 -0400] "GET /wp-login.php?action=register HTTP/1.1" 302 0 "-" "-"
52.178.154.88 - - [11/Jun/2025:01:17:47 -0400] "GET /wp-login.php?registration=disabled HTTP/1.1" 200 1956 "-" "-"
66.249.77.199 - - [11/Jun/2025:01:17:48 -0400] "GET /item/befog115626864 HTTP/1.1" 200 81163 "-" "Mozilla/5.0 (Linux; Android 6.0.1; Nexus 5X Build/MMB29P) AppleWebKit/537.36 (KHTML, like Gecko) Chrome/136.0.7103.113 Mobile Safari/537.36 (compatible; Googlebot/2.1; +http://www.google.com/bot.html)"
52.178.154.88 - - [11/Jun/2025:01:17:49 -0400] "GET /cong.php HTTP/1.1" 301 0 "-" "-"
52.178.154.88 - - [11/Jun/2025:01:17:50 -0400] "GET / HTTP/1.1" 200 12631 "-" "-"
66.249.77.199 - - [11/Jun/2025:01:17:58 -0400] "GET /goodscode/sorgo115632188 HTTP/1.1" 200 80979 "-" "Mozilla/5.0 (Linux; Android 6.0.1; Nexus 5X Build/MMB29P) AppleWebKit/537.36 (KHTML, like Gecko) Chrome/136.0.7103.113 Mobile Safari/537.36 (compatible; Googlebot/2.1; +http://www.google.com/bot.html)"
216.73.216.239 - - [11/Jun/2025:01:18:07 -0400] "GET /shopdetail/274700724 HTTP/1.1" 500 1034 "-" "Mozilla/5.0 AppleWebKit/537.36 (KHTML, like Gecko; compatible; ClaudeBot/1.0; [email protected])"
216.73.216.239 - - [11/Jun/2025:01:18:07 -0400] "GET /shopdetail/274647432 HTTP/1.1" 500 1034 "-" "Mozilla/5.0 AppleWebKit/537.36 (KHTML, like Gecko; compatible; ClaudeBot/1.0; [email protected])"
66.249.77.199 - - [11/Jun/2025:01:18:09 -0400] "GET /detail/introversion115628544 HTTP/1.1" 200 81211 "-" "Mozilla/5.0 (Linux; Android 6.0.1; Nexus 5X Build/MMB29P) AppleWebKit/537.36 (KHTML, like Gecko) Chrome/136.0.7103.113 Mobile Safari/537.36 (compatible; Googlebot/2.1; +http://www.google.com/bot.html)"
2001:861:3143:8140:b06e:1d9a:daef:1288 - - [11/Jun/2025:01:18:17 -0400] "GET /wind-breaker-chapter-460/ HTTP/1.1" 200 12084 "-" "Mozilla/5.0 (Windows NT 10.0; Win64; x64) AppleWebKit/537.36 (KHTML, like Gecko) Chrome/91.0.4472.124 Safari/537.36"
66.249.77.199 - - [11/Jun/2025:01:18:19 -0400] "GET /shopping/115637468 HTTP/1.1" 200 81329 "-" "Mozilla/5.0 (Linux; Android 6.0.1; Nexus 5X Build/MMB29P) AppleWebKit/537.36 (KHTML, like Gecko) Chrome/136.0.7103.113 Mobile Safari/537.36 (compatible; Googlebot/2.1; +http://www.google.com/bot.html)"
66.249.77.199 - - [11/Jun/2025:01:18:30 -0400] "GET /items/115625364 HTTP/1.1" 200 80822 "-" "Mozilla/5.0 (Linux; Android 6.0.1; Nexus 5X Build/MMB29P) AppleWebKit/537.36 (KHTML, like Gecko) Chrome/136.0.7103.113 Mobile Safari/537.36 (compatible; Googlebot/2.1; +http://www.google.com/bot.html)"
2001:4453:564:4000:55f:8aa7:845f:96ee - - [11/Jun/2025:01:18:31 -0400] "GET /wind-breaker-chapter-544/ HTTP/1.1" 200 11849 "https://read11.windbreakermanga.com/wind-breaker-chapter-545/" "Mozilla/5.0 (Linux; Android 10; K) AppleWebKit/537.36 (KHTML, like Gecko) Chrome/137.0.0.0 Mobile Safari/537.36"
162.0.232.193 - - [11/Jun/2025:01:18:34 -0400] "POST /wp-cron.php?doing_wp_cron=1749619114.2968769073486328125000 HTTP/1.1" 200 0 "-" "WordPress/6.8.1; https://read11.windbreakermanga.com"
2001:4453:564:4000:55f:8aa7:845f:96ee - - [11/Jun/2025:01:18:33 -0400] "POST /wp-admin/admin-ajax.php HTTP/1.1" 200 61 "https://read11.windbreakermanga.com/wind-breaker-chapter-544/" "Mozilla/5.0 (Linux; Android 10; K) AppleWebKit/537.36 (KHTML, like Gecko) Chrome/137.0.0.0 Mobile Safari/537.36"
66.249.77.199 - - [11/Jun/2025:01:18:41 -0400] "GET /items/115635368 HTTP/1.1" 200 80752 "-" "Mozilla/5.0 (Linux; Android 6.0.1; Nexus 5X Build/MMB29P) AppleWebKit/537.36 (KHTML, like Gecko) Chrome/136.0.7103.113 Mobile Safari/537.36 (compatible; Googlebot/2.1; +http://www.google.com/bot.html)"
66.249.77.200 - - [11/Jun/2025:01:18:52 -0400] "GET /info/rooflet115638712 HTTP/1.1" 200 83825 "-" "Mozilla/5.0 (Linux; Android 6.0.1; Nexus 5X Build/MMB29P) AppleWebKit/537.36 (KHTML, like Gecko) Chrome/136.0.7103.113 Mobile Safari/537.36 (compatible; Googlebot/2.1; +http://www.google.com/bot.html)"
216.73.216.239 - - [11/Jun/2025:01:19:04 -0400] "GET /shopdetail/274692556 HTTP/1.1" 500 1034 "-" "Mozilla/5.0 AppleWebKit/537.36 (KHTML, like Gecko; compatible; ClaudeBot/1.0; [email protected])"
216.73.216.239 - - [11/Jun/2025:01:19:04 -0400] "GET /shopdetail/274662788 HTTP/1.1" 500 1034 "-" "Mozilla/5.0 AppleWebKit/537.36 (KHTML, like Gecko; compatible; ClaudeBot/1.0; [email protected])"
66.249.77.200 - - [11/Jun/2025:01:19:10 -0400] "GET /shopbrand/115629508 HTTP/1.1" 200 81242 "-" "Mozilla/5.0 (Linux; Android 6.0.1; Nexus 5X Build/MMB29P) AppleWebKit/537.36 (KHTML, like Gecko) Chrome/136.0.7103.113 Mobile Safari/537.36 (compatible; Googlebot/2.1; +http://www.google.com/bot.html)"
66.249.77.200 - - [11/Jun/2025:01:19:19 -0400] "GET /shopping/figary115624728 HTTP/1.1" 200 80411 "-" "Mozilla/5.0 (Linux; Android 6.0.1; Nexus 5X Build/MMB29P) AppleWebKit/537.36 (KHTML, like Gecko) Chrome/136.0.7103.113 Mobile Safari/537.36 (compatible; Googlebot/2.1; +http://www.google.com/bot.html)"
2001:861:3143:8140:b06e:1d9a:daef:1288 - - [11/Jun/2025:01:19:26 -0400] "GET /wind-breaker-chapter-461/ HTTP/1.1" 200 11952 "-" "Mozilla/5.0 (Macintosh; Intel Mac OS X 10_15_7) AppleWebKit/605.1.15 (KHTML, like Gecko) Version/14.0.3 Safari/605.1.15"
66.249.77.199 - - [11/Jun/2025:01:19:29 -0400] "GET /products/115639684 HTTP/1.1" 200 81229 "-" "Mozilla/5.0 (Linux; Android 6.0.1; Nexus 5X Build/MMB29P) AppleWebKit/537.36 (KHTML, like Gecko) Chrome/136.0.7103.113 Mobile Safari/537.36 (compatible; Googlebot/2.1; +http://www.google.com/bot.html)"
66.249.77.199 - - [11/Jun/2025:01:19:38 -0400] "GET /goods/medial115628236 HTTP/1.1" 200 81093 "-" "Mozilla/5.0 (Linux; Android 6.0.1; Nexus 5X Build/MMB29P) AppleWebKit/537.36 (KHTML, like Gecko) Chrome/136.0.7103.113 Mobile Safari/537.36 (compatible; Googlebot/2.1; +http://www.google.com/bot.html)"
66.249.77.199 - - [11/Jun/2025:01:19:47 -0400] "GET /goods/consolidation115632452 HTTP/1.1" 200 81454 "-" "Mozilla/5.0 (Linux; Android 6.0.1; Nexus 5X Build/MMB29P) AppleWebKit/537.36 (KHTML, like Gecko) Chrome/136.0.7103.113 Mobile Safari/537.36 (compatible; Googlebot/2.1; +http://www.google.com/bot.html)"
216.73.216.239 - - [11/Jun/2025:01:20:03 -0400] "GET /shopdetail/274640600 HTTP/1.1" 500 1034 "-" "Mozilla/5.0 AppleWebKit/537.36 (KHTML, like Gecko; compatible; ClaudeBot/1.0; [email protected])"
216.73.216.239 - - [11/Jun/2025:01:20:03 -0400] "GET /shopdetail/273347548 HTTP/1.1" 500 1034 "-" "Mozilla/5.0 AppleWebKit/537.36 (KHTML, like Gecko; compatible; ClaudeBot/1.0; [email protected])"
66.249.77.198 - - [11/Jun/2025:01:20:05 -0400] "GET /detail/115632216 HTTP/1.1" 200 81094 "-" "Mozilla/5.0 (Linux; Android 6.0.1; Nexus 5X Build/MMB29P) AppleWebKit/537.36 (KHTML, like Gecko) Chrome/136.0.7103.113 Mobile Safari/537.36 (compatible; Googlebot/2.1; +http://www.google.com/bot.html)"
66.249.77.197 - - [11/Jun/2025:01:20:15 -0400] "GET /item/precautional219752564 HTTP/1.1" 200 82427 "-" "Mozilla/5.0 (Linux; Android 6.0.1; Nexus 5X Build/MMB29P) AppleWebKit/537.36 (KHTML, like Gecko) Chrome/136.0.7103.113 Mobile Safari/537.36 (compatible; Googlebot/2.1; +http://www.google.com/bot.html)"
66.249.77.197 - - [11/Jun/2025:01:20:16 -0400] "GET /product/rubbish115635132 HTTP/1.1" 200 80819 "-" "Mozilla/5.0 (Linux; Android 6.0.1; Nexus 5X Build/MMB29P) AppleWebKit/537.36 (KHTML, like Gecko) Chrome/136.0.7103.113 Mobile Safari/537.36 (compatible; Googlebot/2.1; +http://www.google.com/bot.html)"
2001:861:3143:8140:b06e:1d9a:daef:1288 - - [11/Jun/2025:01:20:19 -0400] "GET /wind-breaker-chapter-462/ HTTP/1.1" 200 12000 "-" "Mozilla/5.0 (Macintosh; Intel Mac OS X 10_15_7) AppleWebKit/605.1.15 (KHTML, like Gecko) Version/14.0.3 Safari/605.1.15"
43.157.153.236 - - [11/Jun/2025:01:20:19 -0400] "GET /wind-breaker-chapter-47/ HTTP/1.1" 200 11924 "-" "Mozilla/5.0 (iPhone; CPU iPhone OS 13_2_3 like Mac OS X) AppleWebKit/605.1.15 (KHTML, like Gecko) Version/13.0.3 Mobile/15E148 Safari/604.1"
66.249.77.196 - - [11/Jun/2025:01:20:26 -0400] "GET /item/molested115629980 HTTP/1.1" 200 83445 "-" "Mozilla/5.0 (Linux; Android 6.0.1; Nexus 5X Build/MMB29P) AppleWebKit/537.36 (KHTML, like Gecko) Chrome/136.0.7103.113 Mobile Safari/537.36 (compatible; Googlebot/2.1; +http://www.google.com/bot.html)"
66.249.77.196 - - [11/Jun/2025:01:20:32 -0400] "GET /sitemap-subitems-2640.xml HTTP/1.1" 200 10215 "-" "Mozilla/5.0 (compatible; Googlebot/2.1; +http://www.google.com/bot.html)"
66.249.77.196 - - [11/Jun/2025:01:20:35 -0400] "GET /goods/115630852 HTTP/1.1" 200 81276 "-" "Mozilla/5.0 (Linux; Android 6.0.1; Nexus 5X Build/MMB29P) AppleWebKit/537.36 (KHTML, like Gecko) Chrome/136.0.7103.113 Mobile Safari/537.36 (compatible; Googlebot/2.1; +http://www.google.com/bot.html)"
