120.28.217.215 - - [08/Jun/2025:23:05:58 -0400] "GET /wind-breaker-chapter-486/ HTTP/1.1" 304 0 "https://read11.windbreakermanga.com/" "Mozilla/5.0 (Linux; Android 13; RMX3830 Build/TP1A.220624.014; wv) AppleWebKit/537.36 (KHTML, like Gecko) Version/4.0 Chrome/136.0.7103.127 Mobile Safari/537.36"
120.28.217.215 - - [08/Jun/2025:23:05:58 -0400] "GET /wind-breaker-chapter-509/ HTTP/1.1" 200 11490 "https://read11.windbreakermanga.com/" "Mozilla/5.0 (Linux; Android 13; RMX3830 Build/TP1A.220624.014; wv) AppleWebKit/537.36 (KHTML, like Gecko) Version/4.0 Chrome/136.0.7103.127 Mobile Safari/537.36"
120.28.217.215 - - [08/Jun/2025:23:05:58 -0400] "GET /wind-breaker-chapter-499/ HTTP/1.1" 304 0 "https://read11.windbreakermanga.com/" "Mozilla/5.0 (Linux; Android 13; RMX3830 Build/TP1A.220624.014; wv) AppleWebKit/537.36 (KHTML, like Gecko) Version/4.0 Chrome/136.0.7103.127 Mobile Safari/537.36"
120.28.217.215 - - [08/Jun/2025:23:05:58 -0400] "GET /wind-breaker-chapter-515/ HTTP/1.1" 200 11693 "https://read11.windbreakermanga.com/" "Mozilla/5.0 (Linux; Android 13; RMX3830 Build/TP1A.220624.014; wv) AppleWebKit/537.36 (KHTML, like Gecko) Version/4.0 Chrome/136.0.7103.127 Mobile Safari/537.36"
120.28.217.215 - - [08/Jun/2025:23:05:58 -0400] "GET /wind-breaker-chapter-509/ HTTP/1.1" 304 0 "https://read11.windbreakermanga.com/" "Mozilla/5.0 (Linux; Android 13; RMX3830 Build/TP1A.220624.014; wv) AppleWebKit/537.36 (KHTML, like Gecko) Version/4.0 Chrome/136.0.7103.127 Mobile Safari/537.36"
120.28.217.215 - - [08/Jun/2025:23:05:59 -0400] "GET /wind-breaker-chapter-515/ HTTP/1.1" 304 0 "https://read11.windbreakermanga.com/" "Mozilla/5.0 (Linux; Android 13; RMX3830 Build/TP1A.220624.014; wv) AppleWebKit/537.36 (KHTML, like Gecko) Version/4.0 Chrome/136.0.7103.127 Mobile Safari/537.36"
120.28.217.215 - - [08/Jun/2025:23:05:59 -0400] "GET /wind-breaker-chapter-520/ HTTP/1.1" 200 11700 "https://read11.windbreakermanga.com/" "Mozilla/5.0 (Linux; Android 13; RMX3830 Build/TP1A.220624.014; wv) AppleWebKit/537.36 (KHTML, like Gecko) Version/4.0 Chrome/136.0.7103.127 Mobile Safari/537.36"
120.28.217.215 - - [08/Jun/2025:23:05:59 -0400] "GET /wind-breaker-chapter-520/ HTTP/1.1" 304 0 "https://read11.windbreakermanga.com/" "Mozilla/5.0 (Linux; Android 13; RMX3830 Build/TP1A.220624.014; wv) AppleWebKit/537.36 (KHTML, like Gecko) Version/4.0 Chrome/136.0.7103.127 Mobile Safari/537.36"
120.28.217.215 - - [08/Jun/2025:23:05:59 -0400] "GET /wind-breaker-chapter-526/ HTTP/1.1" 200 11566 "https://read11.windbreakermanga.com/" "Mozilla/5.0 (Linux; Android 13; RMX3830 Build/TP1A.220624.014; wv) AppleWebKit/537.36 (KHTML, like Gecko) Version/4.0 Chrome/136.0.7103.127 Mobile Safari/537.36"
120.28.217.215 - - [08/Jun/2025:23:06:00 -0400] "GET /wind-breaker-chapter-526/ HTTP/1.1" 304 0 "https://read11.windbreakermanga.com/" "Mozilla/5.0 (Linux; Android 13; RMX3830 Build/TP1A.220624.014; wv) AppleWebKit/537.36 (KHTML, like Gecko) Version/4.0 Chrome/136.0.7103.127 Mobile Safari/537.36"
120.28.217.215 - - [08/Jun/2025:23:06:00 -0400] "GET /wind-breaker-chapter-529/ HTTP/1.1" 200 11679 "https://read11.windbreakermanga.com/" "Mozilla/5.0 (Linux; Android 13; RMX3830 Build/TP1A.220624.014; wv) AppleWebKit/537.36 (KHTML, like Gecko) Version/4.0 Chrome/136.0.7103.127 Mobile Safari/537.36"
120.28.217.215 - - [08/Jun/2025:23:06:00 -0400] "GET /wind-breaker-chapter-529/ HTTP/1.1" 304 0 "https://read11.windbreakermanga.com/" "Mozilla/5.0 (Linux; Android 13; RMX3830 Build/TP1A.220624.014; wv) AppleWebKit/537.36 (KHTML, like Gecko) Version/4.0 Chrome/136.0.7103.127 Mobile Safari/537.36"
120.28.217.215 - - [08/Jun/2025:23:06:01 -0400] "GET /wind-breaker-chapter-534/ HTTP/1.1" 200 11739 "https://read11.windbreakermanga.com/" "Mozilla/5.0 (Linux; Android 13; RMX3830 Build/TP1A.220624.014; wv) AppleWebKit/537.36 (KHTML, like Gecko) Version/4.0 Chrome/136.0.7103.127 Mobile Safari/537.36"
120.28.217.215 - - [08/Jun/2025:23:06:01 -0400] "GET /wind-breaker-chapter-534/ HTTP/1.1" 304 0 "https://read11.windbreakermanga.com/" "Mozilla/5.0 (Linux; Android 13; RMX3830 Build/TP1A.220624.014; wv) AppleWebKit/537.36 (KHTML, like Gecko) Version/4.0 Chrome/136.0.7103.127 Mobile Safari/537.36"
120.28.217.215 - - [08/Jun/2025:23:06:02 -0400] "GET /wind-breaker-chapter-540/ HTTP/1.1" 200 11699 "https://read11.windbreakermanga.com/" "Mozilla/5.0 (Linux; Android 13; RMX3830 Build/TP1A.220624.014; wv) AppleWebKit/537.36 (KHTML, like Gecko) Version/4.0 Chrome/136.0.7103.127 Mobile Safari/537.36"
120.28.217.215 - - [08/Jun/2025:23:06:02 -0400] "GET /wind-breaker-chapter-540/ HTTP/1.1" 304 0 "https://read11.windbreakermanga.com/" "Mozilla/5.0 (Linux; Android 13; RMX3830 Build/TP1A.220624.014; wv) AppleWebKit/537.36 (KHTML, like Gecko) Version/4.0 Chrome/136.0.7103.127 Mobile Safari/537.36"
120.28.217.215 - - [08/Jun/2025:23:06:03 -0400] "GET /wind-breaker-chapter-540/ HTTP/1.1" 304 0 "-" "Mozilla/5.0 (Linux; Android 13; RMX3830 Build/TP1A.220624.014; wv) AppleWebKit/537.36 (KHTML, like Gecko) Version/4.0 Chrome/136.0.7103.127 Mobile Safari/537.36"
162.0.232.193 - - [08/Jun/2025:23:06:04 -0400] "POST /wp-cron.php?doing_wp_cron=1749438364.1848731040954589843750 HTTP/1.1" 200 0 "-" "WordPress/6.8.1; https://read11.windbreakermanga.com"
120.28.217.215 - - [08/Jun/2025:23:06:03 -0400] "POST /wp-admin/admin-ajax.php HTTP/1.1" 200 61 "https://read11.windbreakermanga.com/wind-breaker-chapter-540/" "Mozilla/5.0 (Linux; Android 13; RMX3830 Build/TP1A.220624.014; wv) AppleWebKit/537.36 (KHTML, like Gecko) Version/4.0 Chrome/136.0.7103.127 Mobile Safari/537.36"
162.0.232.193 - - [08/Jun/2025:23:06:54 -0400] "POST /wp-cron.php?doing_wp_cron=1749438413.9740810394287109375000 HTTP/1.1" 200 0 "-" "WordPress/6.8.1; https://read11.windbreakermanga.com"
2a03:2880:f800:6:: - - [08/Jun/2025:23:06:53 -0400] "GET /category/wind-breaker/page/2/ HTTP/1.1" 200 12347 "-" "meta-externalagent/1.1 (+https://developers.facebook.com/docs/sharing/webmasters/crawler)"
162.0.232.193 - - [08/Jun/2025:23:06:54 -0400] "GET /wind-breaker-chapter-343/ HTTP/1.1" 200 11832 "-" "WP Rocket/Preload"
162.0.232.193 - - [08/Jun/2025:23:06:55 -0400] "GET /wind-breaker-chapter-343/ HTTP/1.1" 200 11547 "-" "WP Rocket/Preload Mozilla/5.0 (iPhone; CPU iPhone OS 9_1 like Mac OS X) AppleWebKit/601.1.46 (KHTML, like Gecko) Version/9.0 Mobile/13B143 Safari/601.1"
162.0.232.193 - - [08/Jun/2025:23:06:56 -0400] "GET /wind-breaker-chapter-340/ HTTP/1.1" 200 11938 "-" "WP Rocket/Preload"
162.0.232.193 - - [08/Jun/2025:23:06:57 -0400] "GET /wind-breaker-chapter-340/ HTTP/1.1" 200 11612 "-" "WP Rocket/Preload Mozilla/5.0 (iPhone; CPU iPhone OS 9_1 like Mac OS X) AppleWebKit/601.1.46 (KHTML, like Gecko) Version/9.0 Mobile/13B143 Safari/601.1"
162.0.232.193 - - [08/Jun/2025:23:06:58 -0400] "GET /wind-breaker-chapter-337/ HTTP/1.1" 200 11818 "-" "WP Rocket/Preload"
162.0.232.193 - - [08/Jun/2025:23:06:59 -0400] "GET /wind-breaker-chapter-337/ HTTP/1.1" 200 11530 "-" "WP Rocket/Preload Mozilla/5.0 (iPhone; CPU iPhone OS 9_1 like Mac OS X) AppleWebKit/601.1.46 (KHTML, like Gecko) Version/9.0 Mobile/13B143 Safari/601.1"
162.0.232.193 - - [08/Jun/2025:23:07:00 -0400] "GET /wind-breaker-chapter-300/ HTTP/1.1" 200 12586 "-" "WP Rocket/Preload"
162.0.232.193 - - [08/Jun/2025:23:07:01 -0400] "GET /wind-breaker-chapter-300/ HTTP/1.1" 200 12540 "-" "WP Rocket/Preload Mozilla/5.0 (iPhone; CPU iPhone OS 9_1 like Mac OS X) AppleWebKit/601.1.46 (KHTML, like Gecko) Version/9.0 Mobile/13B143 Safari/601.1"
162.0.232.193 - - [08/Jun/2025:23:07:02 -0400] "GET /wind-breaker-chapter-292/ HTTP/1.1" 200 12692 "-" "WP Rocket/Preload"
162.0.232.193 - - [08/Jun/2025:23:07:03 -0400] "GET /wind-breaker-chapter-292/ HTTP/1.1" 200 12341 "-" "WP Rocket/Preload Mozilla/5.0 (iPhone; CPU iPhone OS 9_1 like Mac OS X) AppleWebKit/601.1.46 (KHTML, like Gecko) Version/9.0 Mobile/13B143 Safari/601.1"
162.0.232.193 - - [08/Jun/2025:23:07:04 -0400] "GET /wind-breaker-chapter-271/ HTTP/1.1" 200 12485 "-" "WP Rocket/Preload"
162.0.232.193 - - [08/Jun/2025:23:07:05 -0400] "GET /wind-breaker-chapter-271/ HTTP/1.1" 200 12839 "-" "WP Rocket/Preload Mozilla/5.0 (iPhone; CPU iPhone OS 9_1 like Mac OS X) AppleWebKit/601.1.46 (KHTML, like Gecko) Version/9.0 Mobile/13B143 Safari/601.1"
162.0.232.193 - - [08/Jun/2025:23:07:06 -0400] "GET /wind-breaker-chapter-276/ HTTP/1.1" 200 12181 "-" "WP Rocket/Preload"
162.0.232.193 - - [08/Jun/2025:23:07:07 -0400] "GET /wind-breaker-chapter-276/ HTTP/1.1" 200 12200 "-" "WP Rocket/Preload Mozilla/5.0 (iPhone; CPU iPhone OS 9_1 like Mac OS X) AppleWebKit/601.1.46 (KHTML, like Gecko) Version/9.0 Mobile/13B143 Safari/601.1"
162.0.232.193 - - [08/Jun/2025:23:07:08 -0400] "GET /wind-breaker-chapter-264/ HTTP/1.1" 200 12413 "-" "WP Rocket/Preload"
162.0.232.193 - - [08/Jun/2025:23:07:09 -0400] "GET /wind-breaker-chapter-264/ HTTP/1.1" 200 12724 "-" "WP Rocket/Preload Mozilla/5.0 (iPhone; CPU iPhone OS 9_1 like Mac OS X) AppleWebKit/601.1.46 (KHTML, like Gecko) Version/9.0 Mobile/13B143 Safari/601.1"
162.0.232.193 - - [08/Jun/2025:23:07:10 -0400] "GET /chapter-236/ HTTP/1.1" 200 11082 "-" "WP Rocket/Preload"
162.0.232.193 - - [08/Jun/2025:23:07:11 -0400] "GET /chapter-236/ HTTP/1.1" 200 11068 "-" "WP Rocket/Preload Mozilla/5.0 (iPhone; CPU iPhone OS 9_1 like Mac OS X) AppleWebKit/601.1.46 (KHTML, like Gecko) Version/9.0 Mobile/13B143 Safari/601.1"
162.0.232.193 - - [08/Jun/2025:23:07:12 -0400] "GET /wind-breaker-chapter-219/ HTTP/1.1" 200 12381 "-" "WP Rocket/Preload"
162.0.232.193 - - [08/Jun/2025:23:07:13 -0400] "GET /wind-breaker-chapter-219/ HTTP/1.1" 200 12051 "-" "WP Rocket/Preload Mozilla/5.0 (iPhone; CPU iPhone OS 9_1 like Mac OS X) AppleWebKit/601.1.46 (KHTML, like Gecko) Version/9.0 Mobile/13B143 Safari/601.1"
162.0.232.193 - - [08/Jun/2025:23:07:14 -0400] "GET /wind-breaker-chapter-203/ HTTP/1.1" 200 12225 "-" "WP Rocket/Preload"
162.0.232.193 - - [08/Jun/2025:23:07:15 -0400] "GET /wind-breaker-chapter-203/ HTTP/1.1" 200 11920 "-" "WP Rocket/Preload Mozilla/5.0 (iPhone; CPU iPhone OS 9_1 like Mac OS X) AppleWebKit/601.1.46 (KHTML, like Gecko) Version/9.0 Mobile/13B143 Safari/601.1"
162.0.232.193 - - [08/Jun/2025:23:07:16 -0400] "GET /wind-breaker-chapter-211/ HTTP/1.1" 200 12654 "-" "WP Rocket/Preload"
162.0.232.193 - - [08/Jun/2025:23:07:17 -0400] "GET /wind-breaker-chapter-211/ HTTP/1.1" 200 12344 "-" "WP Rocket/Preload Mozilla/5.0 (iPhone; CPU iPhone OS 9_1 like Mac OS X) AppleWebKit/601.1.46 (KHTML, like Gecko) Version/9.0 Mobile/13B143 Safari/601.1"
162.0.232.193 - - [08/Jun/2025:23:11:23 -0400] "POST /wp-cron.php?doing_wp_cron=1749438682.8591380119323730468750 HTTP/1.1" 200 0 "-" "WordPress/6.8.1; https://read11.windbreakermanga.com"
162.0.232.193 - - [08/Jun/2025:23:11:26 -0400] "GET /wp-content/uploads/f979bbbcbe9df560cb74049269d2541e_4104.xml HTTP/1.1" 200 2577 "-" "Mozilla/5.0 (X11; Linux x86_64) AppleWebKit/537.36 (KHTML, like Gecko) Ubuntu Chromium/41.0.2272.76"
162.0.232.193 - - [08/Jun/2025:23:12:23 -0400] "POST /wp-cron.php?doing_wp_cron=1749438742.9106240272521972656250 HTTP/1.1" 200 0 "-" "WordPress/6.8.1; https://read11.windbreakermanga.com"
52.167.144.213 - - [08/Jun/2025:23:12:22 -0400] "GET /wp-json/wp/v2/posts/4649 HTTP/1.1" 200 25605 "-" "Mozilla/5.0 AppleWebKit/537.36 (KHTML, like Gecko; compatible; bingbot/2.0; +http://www.bing.com/bingbot.htm) Chrome/116.0.1938.76 Safari/537.36"
162.0.232.193 - - [08/Jun/2025:23:12:23 -0400] "GET /wind-breaker-chapter-209/ HTTP/1.1" 200 12420 "-" "WP Rocket/Preload"
162.0.232.193 - - [08/Jun/2025:23:12:24 -0400] "GET /wind-breaker-chapter-209/ HTTP/1.1" 200 12116 "-" "WP Rocket/Preload Mozilla/5.0 (iPhone; CPU iPhone OS 9_1 like Mac OS X) AppleWebKit/601.1.46 (KHTML, like Gecko) Version/9.0 Mobile/13B143 Safari/601.1"
162.0.232.193 - - [08/Jun/2025:23:12:25 -0400] "GET /wind-breaker-chapter-201/ HTTP/1.1" 200 12324 "-" "WP Rocket/Preload"
162.0.232.193 - - [08/Jun/2025:23:12:26 -0400] "GET /wind-breaker-chapter-201/ HTTP/1.1" 200 12332 "-" "WP Rocket/Preload Mozilla/5.0 (iPhone; CPU iPhone OS 9_1 like Mac OS X) AppleWebKit/601.1.46 (KHTML, like Gecko) Version/9.0 Mobile/13B143 Safari/601.1"
162.0.232.193 - - [08/Jun/2025:23:12:27 -0400] "GET /wind-breaker-chapter-163/ HTTP/1.1" 200 12203 "-" "WP Rocket/Preload"
162.0.232.193 - - [08/Jun/2025:23:12:28 -0400] "GET /wind-breaker-chapter-163/ HTTP/1.1" 200 11892 "-" "WP Rocket/Preload Mozilla/5.0 (iPhone; CPU iPhone OS 9_1 like Mac OS X) AppleWebKit/601.1.46 (KHTML, like Gecko) Version/9.0 Mobile/13B143 Safari/601.1"
162.0.232.193 - - [08/Jun/2025:23:12:29 -0400] "GET /wind-breaker-chapter-111/ HTTP/1.1" 200 12159 "-" "WP Rocket/Preload"
162.0.232.193 - - [08/Jun/2025:23:12:30 -0400] "GET /wind-breaker-chapter-111/ HTTP/1.1" 200 11852 "-" "WP Rocket/Preload Mozilla/5.0 (iPhone; CPU iPhone OS 9_1 like Mac OS X) AppleWebKit/601.1.46 (KHTML, like Gecko) Version/9.0 Mobile/13B143 Safari/601.1"
162.0.232.193 - - [08/Jun/2025:23:12:32 -0400] "GET /wind-breaker-chapter-105/ HTTP/1.1" 200 12168 "-" "WP Rocket/Preload"
162.0.232.193 - - [08/Jun/2025:23:12:33 -0400] "GET /wind-breaker-chapter-105/ HTTP/1.1" 200 11826 "-" "WP Rocket/Preload Mozilla/5.0 (iPhone; CPU iPhone OS 9_1 like Mac OS X) AppleWebKit/601.1.46 (KHTML, like Gecko) Version/9.0 Mobile/13B143 Safari/601.1"
162.0.232.193 - - [08/Jun/2025:23:12:34 -0400] "GET /wind-breaker-chapter-56/ HTTP/1.1" 200 12191 "-" "WP Rocket/Preload"
162.0.232.193 - - [08/Jun/2025:23:12:35 -0400] "GET /wind-breaker-chapter-56/ HTTP/1.1" 200 11894 "-" "WP Rocket/Preload Mozilla/5.0 (iPhone; CPU iPhone OS 9_1 like Mac OS X) AppleWebKit/601.1.46 (KHTML, like Gecko) Version/9.0 Mobile/13B143 Safari/601.1"
120.28.217.215 - - [08/Jun/2025:23:12:37 -0400] "GET /wind-breaker-chapter-539/ HTTP/1.1" 304 0 "https://read11.windbreakermanga.com/wind-breaker-chapter-540/" "Mozilla/5.0 (Linux; Android 13; RMX3830 Build/TP1A.220624.014; wv) AppleWebKit/537.36 (KHTML, like Gecko) Version/4.0 Chrome/136.0.7103.127 Mobile Safari/537.36"
120.28.217.215 - - [08/Jun/2025:23:12:40 -0400] "GET /wind-breaker-chapter-538/ HTTP/1.1" 200 11753 "https://read11.windbreakermanga.com/wind-breaker-chapter-539/" "Mozilla/5.0 (Linux; Android 13; RMX3830 Build/TP1A.220624.014; wv) AppleWebKit/537.36 (KHTML, like Gecko) Version/4.0 Chrome/136.0.7103.127 Mobile Safari/537.36"
162.0.232.193 - - [08/Jun/2025:23:12:42 -0400] "POST /wp-cron.php?doing_wp_cron=1749438761.9409151077270507812500 HTTP/1.1" 200 0 "-" "WordPress/6.8.1; https://read11.windbreakermanga.com"
120.28.217.215 - - [08/Jun/2025:23:12:41 -0400] "POST /wp-admin/admin-ajax.php HTTP/1.1" 200 61 "https://read11.windbreakermanga.com/wind-breaker-chapter-538/" "Mozilla/5.0 (Linux; Android 13; RMX3830 Build/TP1A.220624.014; wv) AppleWebKit/537.36 (KHTML, like Gecko) Version/4.0 Chrome/136.0.7103.127 Mobile Safari/537.36"
120.28.217.215 - - [08/Jun/2025:23:13:15 -0400] "GET /wind-breaker-chapter-538/ HTTP/1.1" 304 0 "https://read11.windbreakermanga.com/" "Mozilla/5.0 (Linux; Android 13; RMX3830 Build/TP1A.220624.014; wv) AppleWebKit/537.36 (KHTML, like Gecko) Version/4.0 Chrome/136.0.7103.127 Mobile Safari/537.36"
120.28.217.215 - - [08/Jun/2025:23:13:15 -0400] "GET /wind-breaker-chapter-538/ HTTP/1.1" 304 0 "https://read11.windbreakermanga.com/" "Mozilla/5.0 (Linux; Android 13; RMX3830 Build/TP1A.220624.014; wv) AppleWebKit/537.36 (KHTML, like Gecko) Version/4.0 Chrome/136.0.7103.127 Mobile Safari/537.36"
120.28.217.215 - - [08/Jun/2025:23:13:17 -0400] "GET /wind-breaker-chapter-541/ HTTP/1.1" 200 11571 "https://read11.windbreakermanga.com/" "Mozilla/5.0 (Linux; Android 13; RMX3830 Build/TP1A.220624.014; wv) AppleWebKit/537.36 (KHTML, like Gecko) Version/4.0 Chrome/136.0.7103.127 Mobile Safari/537.36"
120.28.217.215 - - [08/Jun/2025:23:13:17 -0400] "GET /wind-breaker-chapter-541/ HTTP/1.1" 304 0 "https://read11.windbreakermanga.com/" "Mozilla/5.0 (Linux; Android 13; RMX3830 Build/TP1A.220624.014; wv) AppleWebKit/537.36 (KHTML, like Gecko) Version/4.0 Chrome/136.0.7103.127 Mobile Safari/537.36"
120.28.217.215 - - [08/Jun/2025:23:13:17 -0400] "GET /wind-breaker-chapter-541/ HTTP/1.1" 304 0 "-" "Mozilla/5.0 (Linux; Android 13; RMX3830 Build/TP1A.220624.014; wv) AppleWebKit/537.36 (KHTML, like Gecko) Version/4.0 Chrome/136.0.7103.127 Mobile Safari/537.36"
162.0.232.193 - - [08/Jun/2025:23:13:18 -0400] "POST /wp-cron.php?doing_wp_cron=1749438798.5362849235534667968750 HTTP/1.1" 200 0 "-" "WordPress/6.8.1; https://read11.windbreakermanga.com"
120.28.217.215 - - [08/Jun/2025:23:13:18 -0400] "POST /wp-admin/admin-ajax.php HTTP/1.1" 200 61 "https://read11.windbreakermanga.com/wind-breaker-chapter-541/" "Mozilla/5.0 (Linux; Android 13; RMX3830 Build/TP1A.220624.014; wv) AppleWebKit/537.36 (KHTML, like Gecko) Version/4.0 Chrome/136.0.7103.127 Mobile Safari/537.36"
2a03:2880:f800:1c:: - - [08/Jun/2025:23:13:20 -0400] "GET /category/wind-breaker-manga/page/4/ HTTP/1.1" 200 12989 "-" "meta-externalagent/1.1 (+https://developers.facebook.com/docs/sharing/webmasters/crawler)"
162.0.232.193 - - [08/Jun/2025:23:15:13 -0400] "POST /wp-cron.php?doing_wp_cron=1749438913.5532829761505126953125 HTTP/1.1" 200 0 "-" "WordPress/6.8.1; https://read11.windbreakermanga.com"
162.0.232.193 - - [08/Jun/2025:23:15:16 -0400] "GET /wp-content/uploads/f979bbbcbe9df560cb74049269d2541e_4104.xml HTTP/1.1" 200 2577 "-" "Mozilla/5.0 (X11; Linux x86_64) AppleWebKit/537.36 (KHTML, like Gecko) Ubuntu Chromium/41.0.2272.76"
47.128.50.19 - - [08/Jun/2025:23:15:54 -0400] "GET /author/admin/page/13/ HTTP/1.1" 200 13221 "-" "Mozilla/5.0 (compatible; Bytespider; [email protected]) AppleWebKit/537.36 (KHTML, like Gecko) Chrome/70.0.0.0 Safari/537.36"
162.0.232.193 - - [08/Jun/2025:23:16:14 -0400] "POST /wp-cron.php?doing_wp_cron=1749438974.4306769371032714843750 HTTP/1.1" 200 0 "-" "WordPress/6.8.1; https://read11.windbreakermanga.com"
66.249.77.201 - - [08/Jun/2025:23:16:14 -0400] "GET /wind-breaker-chapter-218/feed/ HTTP/1.1" 200 421 "-" "Mozilla/5.0 (Linux; Android 6.0.1; Nexus 5X Build/MMB29P) AppleWebKit/537.36 (KHTML, like Gecko) Chrome/136.0.7103.113 Mobile Safari/537.36 (compatible; Googlebot/2.1; +http://www.google.com/bot.html)"
162.0.232.193 - - [08/Jun/2025:23:16:54 -0400] "POST /wp-cron.php?doing_wp_cron=1749439014.6612548828125000000000 HTTP/1.1" 200 0 "-" "WordPress/6.8.1; https://read11.windbreakermanga.com"
47.128.116.105 - - [08/Jun/2025:23:16:54 -0400] "GET /category/manga/page/32/ HTTP/1.1" 200 14470 "-" "Mozilla/5.0 (compatible; Bytespider; [email protected]) AppleWebKit/537.36 (KHTML, like Gecko) Chrome/70.0.0.0 Safari/537.36"
52.167.144.213 - - [08/Jun/2025:23:17:30 -0400] "GET / HTTP/1.1" 200 12572 "-" "Mozilla/5.0 AppleWebKit/537.36 (KHTML, like Gecko; compatible; bingbot/2.0; +http://www.bing.com/bingbot.htm) Chrome/116.0.1938.76 Safari/537.36"
120.28.218.179 - - [08/Jun/2025:23:18:24 -0400] "GET /wind-breaker-chapter-540/ HTTP/1.1" 304 0 "https://read11.windbreakermanga.com/wind-breaker-chapter-541/" "Mozilla/5.0 (Linux; Android 13; RMX3830 Build/TP1A.220624.014; wv) AppleWebKit/537.36 (KHTML, like Gecko) Version/4.0 Chrome/136.0.7103.127 Mobile Safari/537.36"
162.0.232.193 - - [08/Jun/2025:23:18:25 -0400] "POST /wp-cron.php?doing_wp_cron=1749439105.8236999511718750000000 HTTP/1.1" 200 0 "-" "WordPress/6.8.1; https://read11.windbreakermanga.com"
120.28.218.179 - - [08/Jun/2025:23:18:25 -0400] "POST /wp-admin/admin-ajax.php HTTP/1.1" 200 61 "https://read11.windbreakermanga.com/wind-breaker-chapter-540/" "Mozilla/5.0 (Linux; Android 13; RMX3830 Build/TP1A.220624.014; wv) AppleWebKit/537.36 (KHTML, like Gecko) Version/4.0 Chrome/136.0.7103.127 Mobile Safari/537.36"
52.167.144.213 - - [08/Jun/2025:23:19:20 -0400] "GET /wind-breaker-chapter-59/ HTTP/1.1" 200 12077 "-" "Mozilla/5.0 AppleWebKit/537.36 (KHTML, like Gecko; compatible; bingbot/2.0; +http://www.bing.com/bingbot.htm) Chrome/116.0.1938.76 Safari/537.36"
207.46.13.127 - - [08/Jun/2025:23:19:30 -0400] "GET /wp-content/uploads/2024/02/is-wind-breaker-worth-reading-right-now-v0-caa0pw3v7f8b1-576x1024.webp HTTP/1.1" 200 76796 "-" "Mozilla/5.0 AppleWebKit/537.36 (KHTML, like Gecko; compatible; bingbot/2.0; +http://www.bing.com/bingbot.htm) Chrome/116.0.1938.76 Safari/537.36"
52.167.144.23 - - [08/Jun/2025:23:22:15 -0400] "GET /wp-json/wp/v2/posts/4217 HTTP/1.1" 200 24661 "-" "Mozilla/5.0 AppleWebKit/537.36 (KHTML, like Gecko; compatible; bingbot/2.0; +http://www.bing.com/bingbot.htm) Chrome/116.0.1938.76 Safari/537.36"
162.0.232.193 - - [08/Jun/2025:23:22:15 -0400] "POST /wp-cron.php?doing_wp_cron=1749439335.7468130588531494140625 HTTP/1.1" 200 0 "-" "WordPress/6.8.1; https://read11.windbreakermanga.com"
47.128.52.12 - - [08/Jun/2025:23:22:14 -0400] "GET /category/wind-breaker/page/32/ HTTP/1.1" 200 14573 "-" "Mozilla/5.0 (compatible; Bytespider; [email protected]) AppleWebKit/537.36 (KHTML, like Gecko) Chrome/70.0.0.0 Safari/537.36"
162.0.232.193 - - [08/Jun/2025:23:22:18 -0400] "GET /wp-content/uploads/f979bbbcbe9df560cb74049269d2541e_4104.xml HTTP/1.1" 200 2577 "-" "Mozilla/5.0 (X11; Linux x86_64) AppleWebKit/537.36 (KHTML, like Gecko) Ubuntu Chromium/41.0.2272.76"
47.128.33.159 - - [08/Jun/2025:23:23:14 -0400] "GET /category/manga/page/29/ HTTP/1.1" 200 13867 "-" "Mozilla/5.0 (compatible; Bytespider; [email protected]) AppleWebKit/537.36 (KHTML, like Gecko) Chrome/70.0.0.0 Safari/537.36"
66.249.77.194 - - [08/Jun/2025:23:23:15 -0400] "GET /wind-breaker-chapter-37/ HTTP/1.1" 200 11374 "-" "Mozilla/5.0 (Linux; Android 6.0.1; Nexus 5X Build/MMB29P) AppleWebKit/537.36 (KHTML, like Gecko) Chrome/136.0.7103.113 Mobile Safari/537.36 (compatible; Googlebot/2.1; +http://www.google.com/bot.html)"
162.0.232.193 - - [08/Jun/2025:23:23:22 -0400] "POST /wp-cron.php?doing_wp_cron=1749439401.9223210811614990234375 HTTP/1.1" 200 0 "-" "WordPress/6.8.1; https://read11.windbreakermanga.com"
114.119.145.123 - - [08/Jun/2025:23:23:22 -0400] "GET / HTTP/1.1" 200 12471 "https://read8.windbreakermanga.com/wind-breaker/page/19/" "Mozilla/5.0 (Linux; Android 7.0;) AppleWebKit/537.36 (KHTML, like Gecko) Mobile Safari/537.36 (compatible; PetalBot;+https://webmaster.petalsearch.com/site/petalbot)"
162.0.232.193 - - [08/Jun/2025:23:24:15 -0400] "POST /wp-cron.php?doing_wp_cron=1749439455.2228260040283203125000 HTTP/1.1" 200 0 "-" "WordPress/6.8.1; https://read11.windbreakermanga.com"
47.128.120.43 - - [08/Jun/2025:23:24:15 -0400] "GET /category/wind-breaker-manhwa/page/33/ HTTP/1.1" 200 14384 "-" "Mozilla/5.0 (compatible; Bytespider; [email protected]) AppleWebKit/537.36 (KHTML, like Gecko) Chrome/70.0.0.0 Safari/537.36"
114.119.154.207 - - [08/Jun/2025:23:24:41 -0400] "GET /wind-breaker-chapter-4/ HTTP/1.1" 200 11624 "https://read8.windbreakermanga.com/wind-breaker/wind-breaker-chapter-167/" "Mozilla/5.0 (Linux; Android 7.0;) AppleWebKit/537.36 (KHTML, like Gecko) Mobile Safari/537.36 (compatible; PetalBot;+https://webmaster.petalsearch.com/site/petalbot)"
162.0.232.193 - - [08/Jun/2025:23:25:28 -0400] "POST /wp-cron.php?doing_wp_cron=1749439528.0344319343566894531250 HTTP/1.1" 200 0 "-" "WordPress/6.8.1; https://read11.windbreakermanga.com"
2a03:2880:f800:c:: - - [08/Jun/2025:23:25:27 -0400] "GET /category/wind-breaker/page/4/ HTTP/1.1" 200 12990 "-" "meta-externalagent/1.1 (+https://developers.facebook.com/docs/sharing/webmasters/crawler)"
162.0.232.193 - - [08/Jun/2025:23:28:12 -0400] "POST /wp-cron.php?doing_wp_cron=1749439691.9910531044006347656250 HTTP/1.1" 200 0 "-" "WordPress/6.8.1; https://read11.windbreakermanga.com"
52.167.144.235 - - [08/Jun/2025:23:28:10 -0400] "GET /wind-breaker-chapter-17/feed/ HTTP/1.1" 200 421 "-" "Mozilla/5.0 AppleWebKit/537.36 (KHTML, like Gecko; compatible; bingbot/2.0; +http://www.bing.com/bingbot.htm) Chrome/116.0.1938.76 Safari/537.36"
162.0.232.193 - - [08/Jun/2025:23:28:15 -0400] "GET /wp-content/uploads/f979bbbcbe9df560cb74049269d2541e_4104.xml HTTP/1.1" 200 2292 "-" "Mozilla/5.0 (X11; Linux x86_64) AppleWebKit/537.36 (KHTML, like Gecko) Ubuntu Chromium/41.0.2272.76"
52.167.144.16 - - [08/Jun/2025:23:28:33 -0400] "GET /wind-breaker-chapter-523/ HTTP/1.1" 200 12005 "-" "Mozilla/5.0 AppleWebKit/537.36 (KHTML, like Gecko; compatible; bingbot/2.0; +http://www.bing.com/bingbot.htm) Chrome/116.0.1938.76 Safari/537.36"
162.0.232.193 - - [08/Jun/2025:23:31:54 -0400] "POST /wp-cron.php?doing_wp_cron=1749439914.3627638816833496093750 HTTP/1.1" 200 0 "-" "WordPress/6.8.1; https://read11.windbreakermanga.com"
195.234.109.184 - - [08/Jun/2025:23:31:52 -0400] "GET /wp-content/uploads/2022/03/6387248.png HTTP/1.1" 301 0 "-" "Photon/1.0"
195.234.109.184 - - [08/Jun/2025:23:31:55 -0400] "GET / HTTP/1.1" 200 12505 "-" "Photon/1.0"
162.0.232.193 - - [08/Jun/2025:23:31:56 -0400] "GET /wp-content/uploads/f979bbbcbe9df560cb74049269d2541e_4104.xml HTTP/1.1" 200 2577 "-" "Mozilla/5.0 (X11; Linux x86_64) AppleWebKit/537.36 (KHTML, like Gecko) Ubuntu Chromium/41.0.2272.76"
47.82.60.171 - - [08/Jun/2025:23:32:17 -0400] "GET /category/wind-breaker-webtoon/page/30 HTTP/1.1" 301 0 "https://read11.windbreakermanga.com/category/wind-breaker-webtoon/page/30" "Mozilla/5.0 (Windows NT 10.0; Win64; x64) AppleWebKit/537.36 (KHTML, like Gecko) Chrome/114.0.0.0 Safari/537.36 Edg/114.0.1823.43"
47.82.60.171 - - [08/Jun/2025:23:32:17 -0400] "GET /category/wind-breaker-webtoon/page/30/ HTTP/1.1" 200 14015 "https://read11.windbreakermanga.com/category/wind-breaker-webtoon/page/30" "Mozilla/5.0 (Windows NT 10.0; Win64; x64) AppleWebKit/537.36 (KHTML, like Gecko) Chrome/114.0.0.0 Safari/537.36 Edg/114.0.1823.43"
162.0.232.193 - - [08/Jun/2025:23:38:58 -0400] "POST /wp-cron.php?doing_wp_cron=1749440337.9093959331512451171875 HTTP/1.1" 200 0 "-" "WordPress/6.8.1; https://read11.windbreakermanga.com"
162.0.232.193 - - [08/Jun/2025:23:39:01 -0400] "GET /wp-content/uploads/f979bbbcbe9df560cb74049269d2541e_4104.xml HTTP/1.1" 200 2292 "-" "Mozilla/5.0 (X11; Linux x86_64) AppleWebKit/537.36 (KHTML, like Gecko) Ubuntu Chromium/41.0.2272.76"
162.0.232.193 - - [08/Jun/2025:23:41:12 -0400] "POST /wp-cron.php?doing_wp_cron=1749440471.8646409511566162109375 HTTP/1.1" 200 0 "-" "WordPress/6.8.1; https://read11.windbreakermanga.com"
2605:ad80:1e:79fb:2894:482e:df7a:d0f5 - - [08/Jun/2025:23:41:22 -0400] "GET / HTTP/1.1" 200 12572 "-" "Mozilla/5.0 (Macintosh; Intel Mac OS X 10_15_7) AppleWebKit/605.1.15 (KHTML, like Gecko) Version/17.5 Safari/605.1.15"
162.0.232.193 - - [08/Jun/2025:23:41:44 -0400] "POST /wp-cron.php?doing_wp_cron=1749440504.7846350669860839843750 HTTP/1.1" 200 0 "-" "WordPress/6.8.1; https://read11.windbreakermanga.com"
144.76.19.3 - - [08/Jun/2025:23:42:51 -0400] "GET / HTTP/1.1" 200 12572 "-" "Mozilla/5.0 (compatible; BLEXBot/1.0; +https://help.seranking.com/en/blex-crawler)"
144.76.19.3 - - [08/Jun/2025:23:42:56 -0400] "GET /wind-breaker/ HTTP/1.1" 200 9011 "-" "Mozilla/5.0 (compatible; BLEXBot/1.0; +https://help.seranking.com/en/blex-crawler)"
144.76.19.3 - - [08/Jun/2025:23:43:02 -0400] "GET /return-policy/ HTTP/1.1" 200 10346 "-" "Mozilla/5.0 (compatible; BLEXBot/1.0; +https://help.seranking.com/en/blex-crawler)"
144.76.19.3 - - [08/Jun/2025:23:43:07 -0400] "GET /category/manga/ HTTP/1.1" 200 11955 "-" "Mozilla/5.0 (compatible; BLEXBot/1.0; +https://help.seranking.com/en/blex-crawler)"
144.76.19.3 - - [08/Jun/2025:23:44:11 -0400] "GET /privacy-policy/ HTTP/1.1" 200 13053 "-" "Mozilla/5.0 (compatible; BLEXBot/1.0; +https://help.seranking.com/en/blex-crawler)"
144.76.19.3 - - [08/Jun/2025:23:44:16 -0400] "GET /wind-breaker-chapter-1/ HTTP/1.1" 200 11359 "-" "Mozilla/5.0 (compatible; BLEXBot/1.0; +https://help.seranking.com/en/blex-crawler)"
196.251.116.156 - - [08/Jun/2025:23:44:18 -0400] "GET /wp-content/plugins/fix/up.php HTTP/1.1" 200 151 "-" "Mozilla/5.0 (Windows NT 10.0; Win64; x64) AppleWebKit/537.36 (KHTML, like Gecko) Chrome/85.0.4183.102 Safari/537.36"
120.28.218.179 - - [08/Jun/2025:23:44:18 -0400] "GET /wind-breaker-chapter-540/ HTTP/1.1" 304 0 "-" "Mozilla/5.0 (Linux; Android 13; RMX3830 Build/TP1A.220624.014; wv) AppleWebKit/537.36 (KHTML, like Gecko) Version/4.0 Chrome/136.0.7103.127 Mobile Safari/537.36"
162.0.232.193 - - [08/Jun/2025:23:44:19 -0400] "POST /wp-cron.php?doing_wp_cron=1749440659.5678410530090332031250 HTTP/1.1" 200 0 "-" "WordPress/6.8.1; https://read11.windbreakermanga.com"
144.76.19.3 - - [08/Jun/2025:23:44:19 -0400] "GET /wind-breaker-chapter-2/ HTTP/1.1" 200 11351 "-" "Mozilla/5.0 (compatible; BLEXBot/1.0; +https://help.seranking.com/en/blex-crawler)"
120.28.218.179 - - [08/Jun/2025:23:44:19 -0400] "POST /wp-admin/admin-ajax.php HTTP/1.1" 200 61 "https://read11.windbreakermanga.com/wind-breaker-chapter-540/" "Mozilla/5.0 (Linux; Android 13; RMX3830 Build/TP1A.220624.014; wv) AppleWebKit/537.36 (KHTML, like Gecko) Version/4.0 Chrome/136.0.7103.127 Mobile Safari/537.36"
162.0.232.193 - - [08/Jun/2025:23:44:21 -0400] "GET /wp-content/uploads/f979bbbcbe9df560cb74049269d2541e_4104.xml HTTP/1.1" 200 2577 "-" "Mozilla/5.0 (X11; Linux x86_64) AppleWebKit/537.36 (KHTML, like Gecko) Ubuntu Chromium/41.0.2272.76"
144.76.19.3 - - [08/Jun/2025:23:44:25 -0400] "GET /wind-breaker-chapter-3/ HTTP/1.1" 200 11690 "-" "Mozilla/5.0 (compatible; BLEXBot/1.0; +https://help.seranking.com/en/blex-crawler)"
144.76.19.3 - - [08/Jun/2025:23:45:02 -0400] "GET /wind-breaker-chapter-4/ HTTP/1.1" 200 11984 "-" "Mozilla/5.0 (compatible; BLEXBot/1.0; +https://help.seranking.com/en/blex-crawler)"
144.76.19.3 - - [08/Jun/2025:23:46:03 -0400] "GET /wind-breaker-chapter-5/ HTTP/1.1" 200 11967 "-" "Mozilla/5.0 (compatible; BLEXBot/1.0; +https://help.seranking.com/en/blex-crawler)"
144.76.19.3 - - [08/Jun/2025:23:46:06 -0400] "GET /wind-breaker-chapter-7/ HTTP/1.1" 200 11660 "-" "Mozilla/5.0 (compatible; BLEXBot/1.0; +https://help.seranking.com/en/blex-crawler)"
52.167.144.189 - - [08/Jun/2025:23:46:49 -0400] "GET /wind-breaker-chapter-549/ HTTP/1.1" 200 11658 "-" "Mozilla/5.0 AppleWebKit/537.36 (KHTML, like Gecko; compatible; bingbot/2.0; +http://www.bing.com/bingbot.htm) Chrome/116.0.1938.76 Safari/537.36"
144.76.19.3 - - [08/Jun/2025:23:47:14 -0400] "GET /wind-breaker-chapter-8/ HTTP/1.1" 200 11975 "-" "Mozilla/5.0 (compatible; BLEXBot/1.0; +https://help.seranking.com/en/blex-crawler)"
144.76.19.3 - - [08/Jun/2025:23:47:17 -0400] "GET /wind-breaker-chapter-9/ HTTP/1.1" 200 11250 "-" "Mozilla/5.0 (compatible; BLEXBot/1.0; +https://help.seranking.com/en/blex-crawler)"
162.0.232.193 - - [08/Jun/2025:23:48:32 -0400] "POST /wp-cron.php?doing_wp_cron=1749440912.2955360412597656250000 HTTP/1.1" 200 0 "-" "WordPress/6.8.1; https://read11.windbreakermanga.com"
114.119.139.202 - - [08/Jun/2025:23:48:32 -0400] "GET /manga/wind-breaker-chapter-22/ HTTP/1.1" 301 0 "https://read7.windbreakermanga.com/windbreaker/wind-breaker-chapter-22/" "Mozilla/5.0 (Linux; Android 7.0;) AppleWebKit/537.36 (KHTML, like Gecko) Mobile Safari/537.36 (compatible; PetalBot;+https://webmaster.petalsearch.com/site/petalbot)"
114.119.139.202 - - [08/Jun/2025:23:48:33 -0400] "GET / HTTP/1.1" 200 12578 "https://read7.windbreakermanga.com/windbreaker/wind-breaker-chapter-22/" "Mozilla/5.0 (Linux; Android 7.0;) AppleWebKit/537.36 (KHTML, like Gecko) Mobile Safari/537.36 (compatible; PetalBot;+https://webmaster.petalsearch.com/site/petalbot)"
162.0.232.193 - - [08/Jun/2025:23:48:34 -0400] "GET /wp-content/uploads/f979bbbcbe9df560cb74049269d2541e_4104.xml HTTP/1.1" 200 2577 "-" "Mozilla/5.0 (X11; Linux x86_64) AppleWebKit/537.36 (KHTML, like Gecko) Ubuntu Chromium/41.0.2272.76"
5.161.58.50 - - [08/Jun/2025:23:48:44 -0400] "GET / HTTP/1.1" 200 12572 "-" "Mozilla/5.0 (Windows NT 10.0; Win64; x64) AppleWebKit/537.36 (KHTML, like Gecko) Chrome/84.0.4147.105 Safari/537.36"
144.76.19.3 - - [08/Jun/2025:23:48:51 -0400] "GET /wind-breaker-chapter-10/ HTTP/1.1" 200 11620 "-" "Mozilla/5.0 (compatible; BLEXBot/1.0; +https://help.seranking.com/en/blex-crawler)"
144.76.19.3 - - [08/Jun/2025:23:48:57 -0400] "GET /wind-breaker-chapter-12/ HTTP/1.1" 200 12237 "-" "Mozilla/5.0 (compatible; BLEXBot/1.0; +https://help.seranking.com/en/blex-crawler)"
144.76.19.3 - - [08/Jun/2025:23:49:01 -0400] "GET /wind-breaker-chapter-13/ HTTP/1.1" 200 12120 "-" "Mozilla/5.0 (compatible; BLEXBot/1.0; +https://help.seranking.com/en/blex-crawler)"
144.76.19.3 - - [08/Jun/2025:23:49:05 -0400] "GET /wind-breaker-chapter-15/ HTTP/1.1" 200 11841 "-" "Mozilla/5.0 (compatible; BLEXBot/1.0; +https://help.seranking.com/en/blex-crawler)"
162.0.232.193 - - [08/Jun/2025:23:50:13 -0400] "POST /wp-cron.php?doing_wp_cron=1749441013.8009309768676757812500 HTTP/1.1" 200 0 "-" "WordPress/6.8.1; https://read11.windbreakermanga.com"
52.167.144.189 - - [08/Jun/2025:23:50:13 -0400] "GET /wp-json/wp/v2/posts/4210 HTTP/1.1" 200 22485 "-" "Mozilla/5.0 AppleWebKit/537.36 (KHTML, like Gecko; compatible; bingbot/2.0; +http://www.bing.com/bingbot.htm) Chrome/116.0.1938.76 Safari/537.36"
144.76.19.3 - - [08/Jun/2025:23:50:14 -0400] "GET /wind-breaker-chapter-16/ HTTP/1.1" 200 12263 "-" "Mozilla/5.0 (compatible; BLEXBot/1.0; +https://help.seranking.com/en/blex-crawler)"
144.76.19.3 - - [08/Jun/2025:23:50:18 -0400] "GET /wind-breaker-chapter-17/ HTTP/1.1" 200 11832 "-" "Mozilla/5.0 (compatible; BLEXBot/1.0; +https://help.seranking.com/en/blex-crawler)"
162.0.232.193 - - [08/Jun/2025:23:51:07 -0400] "POST /wp-cron.php?doing_wp_cron=1749441067.4913599491119384765625 HTTP/1.1" 200 0 "-" "WordPress/6.8.1; https://read11.windbreakermanga.com"
144.76.19.3 - - [08/Jun/2025:23:51:13 -0400] "GET /wind-breaker-chapter-18/ HTTP/1.1" 200 12318 "-" "Mozilla/5.0 (compatible; BLEXBot/1.0; +https://help.seranking.com/en/blex-crawler)"
98.83.94.113 - - [08/Jun/2025:23:51:38 -0400] "GET /wind-breaker-chapter-15/ HTTP/1.1" 200 11807 "-" "Mozilla/5.0 AppleWebKit/537.36 (KHTML, like Gecko; compatible; Amazonbot/0.1; +https://developer.amazon.com/support/amazonbot) Chrome/119.0.6045.214 Safari/537.36"
162.0.232.193 - - [08/Jun/2025:23:51:43 -0400] "POST /wp-cron.php?doing_wp_cron=1749441103.0454850196838378906250 HTTP/1.1" 200 0 "-" "WordPress/6.8.1; https://read11.windbreakermanga.com"
100.29.63.24 - - [08/Jun/2025:23:51:42 -0400] "GET /manga/wind-breaker-chapter-111/ HTTP/1.1" 301 0 "-" "Mozilla/5.0 AppleWebKit/537.36 (KHTML, like Gecko; compatible; Amazonbot/0.1; +https://developer.amazon.com/support/amazonbot) Chrome/119.0.6045.214 Safari/537.36"
107.20.181.148 - - [08/Jun/2025:23:51:47 -0400] "GET /manga/wind-breaker-chapter-406/ HTTP/1.1" 301 0 "-" "Mozilla/5.0 AppleWebKit/537.36 (KHTML, like Gecko; compatible; Amazonbot/0.1; +https://developer.amazon.com/support/amazonbot) Chrome/119.0.6045.214 Safari/537.36"
52.200.142.199 - - [08/Jun/2025:23:51:50 -0400] "GET /wind-breaker-chapter-35/ HTTP/1.1" 200 11843 "-" "Mozilla/5.0 AppleWebKit/537.36 (KHTML, like Gecko; compatible; Amazonbot/0.1; +https://developer.amazon.com/support/amazonbot) Chrome/119.0.6045.214 Safari/537.36"
52.167.144.221 - - [08/Jun/2025:23:51:57 -0400] "GET /wind-breaker-chapter-14/feed/ HTTP/1.1" 200 422 "-" "Mozilla/5.0 AppleWebKit/537.36 (KHTML, like Gecko; compatible; bingbot/2.0; +http://www.bing.com/bingbot.htm) Chrome/116.0.1938.76 Safari/537.36"
144.76.19.3 - - [08/Jun/2025:23:52:21 -0400] "GET /wind-breaker-chapter-19/ HTTP/1.1" 200 12254 "-" "Mozilla/5.0 (compatible; BLEXBot/1.0; +https://help.seranking.com/en/blex-crawler)"
144.76.19.3 - - [08/Jun/2025:23:52:27 -0400] "GET /wind-breaker-chapter-22/ HTTP/1.1" 200 11734 "-" "Mozilla/5.0 (compatible; BLEXBot/1.0; +https://help.seranking.com/en/blex-crawler)"
144.76.19.3 - - [08/Jun/2025:23:52:55 -0400] "GET /wind-breaker-chapter-23/ HTTP/1.1" 200 11762 "-" "Mozilla/5.0 (compatible; BLEXBot/1.0; +https://help.seranking.com/en/blex-crawler)"
144.76.19.3 - - [08/Jun/2025:23:52:59 -0400] "GET /wind-breaker-chapter-24/ HTTP/1.1" 200 11517 "-" "Mozilla/5.0 (compatible; BLEXBot/1.0; +https://help.seranking.com/en/blex-crawler)"
144.76.19.3 - - [08/Jun/2025:23:53:29 -0400] "GET /wind-breaker-chapter-25/ HTTP/1.1" 200 11536 "-" "Mozilla/5.0 (compatible; BLEXBot/1.0; +https://help.seranking.com/en/blex-crawler)"
144.76.19.3 - - [08/Jun/2025:23:53:33 -0400] "GET /wind-breaker-chapter-26/ HTTP/1.1" 200 11843 "-" "Mozilla/5.0 (compatible; BLEXBot/1.0; +https://help.seranking.com/en/blex-crawler)"
144.76.19.3 - - [08/Jun/2025:23:54:05 -0400] "GET /wind-breaker-chapter-28/ HTTP/1.1" 200 11812 "-" "Mozilla/5.0 (compatible; BLEXBot/1.0; +https://help.seranking.com/en/blex-crawler)"
144.76.19.3 - - [08/Jun/2025:23:54:09 -0400] "GET /wind-breaker-chapter-29/ HTTP/1.1" 200 11850 "-" "Mozilla/5.0 (compatible; BLEXBot/1.0; +https://help.seranking.com/en/blex-crawler)"
144.76.19.3 - - [08/Jun/2025:23:54:13 -0400] "GET /wind-breaker-chapter-30/ HTTP/1.1" 200 12196 "-" "Mozilla/5.0 (compatible; BLEXBot/1.0; +https://help.seranking.com/en/blex-crawler)"
144.76.19.3 - - [08/Jun/2025:23:55:26 -0400] "GET /wind-breaker-chapter-31/ HTTP/1.1" 200 11834 "-" "Mozilla/5.0 (compatible; BLEXBot/1.0; +https://help.seranking.com/en/blex-crawler)"
40.77.167.25 - - [08/Jun/2025:23:55:30 -0400] "GET /wind-breaker-chapter-471/ HTTP/1.1" 200 11954 "-" "Mozilla/5.0 AppleWebKit/537.36 (KHTML, like Gecko; compatible; bingbot/2.0; +http://www.bing.com/bingbot.htm) Chrome/116.0.1938.76 Safari/537.36"
144.76.19.3 - - [08/Jun/2025:23:55:56 -0400] "GET /wind-breaker-chapter-32/ HTTP/1.1" 200 11830 "-" "Mozilla/5.0 (compatible; BLEXBot/1.0; +https://help.seranking.com/en/blex-crawler)"
144.76.19.3 - - [08/Jun/2025:23:56:00 -0400] "GET /wind-breaker-chapter-33/ HTTP/1.1" 200 11848 "-" "Mozilla/5.0 (compatible; BLEXBot/1.0; +https://help.seranking.com/en/blex-crawler)"
66.249.77.201 - - [08/Jun/2025:23:56:12 -0400] "GET /wind-breaker-chapter-80/ HTTP/1.1" 200 11910 "-" "Mozilla/5.0 (Linux; Android 6.0.1; Nexus 5X Build/MMB29P) AppleWebKit/537.36 (KHTML, like Gecko) Chrome/136.0.7103.113 Mobile Safari/537.36 (compatible; Googlebot/2.1; +http://www.google.com/bot.html)"
162.0.232.193 - - [08/Jun/2025:23:56:15 -0400] "POST /wp-cron.php?doing_wp_cron=1749441375.1683859825134277343750 HTTP/1.1" 200 0 "-" "WordPress/6.8.1; https://read11.windbreakermanga.com"
66.249.77.193 - - [08/Jun/2025:23:56:14 -0400] "POST /wp-admin/admin-ajax.php HTTP/1.1" 200 61 "https://read11.windbreakermanga.com/wind-breaker-chapter-80/" "Mozilla/5.0 (Linux; Android 6.0.1; Nexus 5X Build/MMB29P) AppleWebKit/537.36 (KHTML, like Gecko) Chrome/136.0.7103.92 Mobile Safari/537.36 (compatible; Googlebot/2.1; +http://www.google.com/bot.html)"
162.0.232.193 - - [08/Jun/2025:23:56:16 -0400] "GET /wp-content/uploads/f979bbbcbe9df560cb74049269d2541e_4104.xml HTTP/1.1" 200 2577 "-" "Mozilla/5.0 (X11; Linux x86_64) AppleWebKit/537.36 (KHTML, like Gecko) Ubuntu Chromium/41.0.2272.76"
144.76.19.3 - - [08/Jun/2025:23:56:35 -0400] "GET /wind-breaker-chapter-34/ HTTP/1.1" 200 12244 "-" "Mozilla/5.0 (compatible; BLEXBot/1.0; +https://help.seranking.com/en/blex-crawler)"
144.76.19.3 - - [08/Jun/2025:23:56:39 -0400] "GET /wind-breaker-chapter-35/ HTTP/1.1" 200 11843 "-" "Mozilla/5.0 (compatible; BLEXBot/1.0; +https://help.seranking.com/en/blex-crawler)"
144.76.19.3 - - [08/Jun/2025:23:56:44 -0400] "GET /wind-breaker-chapter-36/ HTTP/1.1" 200 11845 "-" "Mozilla/5.0 (compatible; BLEXBot/1.0; +https://help.seranking.com/en/blex-crawler)"
144.76.19.3 - - [08/Jun/2025:23:57:56 -0400] "GET /wind-breaker-chapter-39/ HTTP/1.1" 200 11858 "-" "Mozilla/5.0 (compatible; BLEXBot/1.0; +https://help.seranking.com/en/blex-crawler)"
162.0.232.193 - - [08/Jun/2025:23:57:57 -0400] "POST /wp-cron.php?doing_wp_cron=1749441477.1596510410308837890625 HTTP/1.1" 200 0 "-" "WordPress/6.8.1; https://read11.windbreakermanga.com"
40.77.167.25 - - [08/Jun/2025:23:57:56 -0400] "GET /wp-admin/admin-ajax.php HTTP/1.1" 400 5 "-" "Mozilla/5.0 AppleWebKit/537.36 (KHTML, like Gecko; compatible; bingbot/2.0; +http://www.bing.com/bingbot.htm) Chrome/116.0.1938.76 Safari/537.36"
144.76.19.3 - - [08/Jun/2025:23:57:59 -0400] "GET /wind-breaker-chapter-40/ HTTP/1.1" 200 11832 "-" "Mozilla/5.0 (compatible; BLEXBot/1.0; +https://help.seranking.com/en/blex-crawler)"
144.76.19.3 - - [08/Jun/2025:23:58:12 -0400] "GET /wind-breaker-chapter-41/ HTTP/1.1" 200 11866 "-" "Mozilla/5.0 (compatible; BLEXBot/1.0; +https://help.seranking.com/en/blex-crawler)"
144.76.19.3 - - [08/Jun/2025:23:59:40 -0400] "GET /wind-breaker-chapter-42/ HTTP/1.1" 200 11559 "-" "Mozilla/5.0 (compatible; BLEXBot/1.0; +https://help.seranking.com/en/blex-crawler)"
144.76.19.3 - - [08/Jun/2025:23:59:47 -0400] "GET /wind-breaker-chapter-43/ HTTP/1.1" 200 11909 "-" "Mozilla/5.0 (compatible; BLEXBot/1.0; +https://help.seranking.com/en/blex-crawler)"
144.76.19.3 - - [08/Jun/2025:23:59:56 -0400] "GET /wind-breaker-chapter-44/ HTTP/1.1" 200 12340 "-" "Mozilla/5.0 (compatible; BLEXBot/1.0; +https://help.seranking.com/en/blex-crawler)"
52.230.163.36 - - [09/Jun/2025:00:00:31 -0400] "GET / HTTP/1.1" 200 12572 "-" "Mozilla/5.0 AppleWebKit/537.36 (KHTML, like Gecko); compatible; ChatGPT-User/1.0; +https://openai.com/bot"
2a03:2880:f800:14:: - - [09/Jun/2025:00:00:41 -0400] "GET / HTTP/1.1" 200 12572 "-" "meta-externalagent/1.1 (+https://developers.facebook.com/docs/sharing/webmasters/crawler)"
144.76.19.3 - - [09/Jun/2025:00:01:53 -0400] "GET /wind-breaker-chapter-45/ HTTP/1.1" 200 11859 "-" "Mozilla/5.0 (compatible; BLEXBot/1.0; +https://help.seranking.com/en/blex-crawler)"
144.76.19.3 - - [09/Jun/2025:00:01:58 -0400] "GET /wind-breaker-chapter-46/ HTTP/1.1" 200 11821 "-" "Mozilla/5.0 (compatible; BLEXBot/1.0; +https://help.seranking.com/en/blex-crawler)"
144.76.19.3 - - [09/Jun/2025:00:02:16 -0400] "GET /wind-breaker-chapter-48/ HTTP/1.1" 200 11818 "-" "Mozilla/5.0 (compatible; BLEXBot/1.0; +https://help.seranking.com/en/blex-crawler)"
144.76.19.3 - - [09/Jun/2025:00:02:22 -0400] "GET /wind-breaker-chapter-49/ HTTP/1.1" 200 11943 "-" "Mozilla/5.0 (compatible; BLEXBot/1.0; +https://help.seranking.com/en/blex-crawler)"
2a03:2880:f800:3:: - - [09/Jun/2025:00:02:24 -0400] "GET /wind-breaker-chapter-442/ HTTP/1.1" 200 11883 "-" "meta-externalagent/1.1 (+https://developers.facebook.com/docs/sharing/webmasters/crawler)"
144.76.19.3 - - [09/Jun/2025:00:02:59 -0400] "GET /wind-breaker-chapter-50/ HTTP/1.1" 200 11476 "-" "Mozilla/5.0 (compatible; BLEXBot/1.0; +https://help.seranking.com/en/blex-crawler)"
144.76.19.3 - - [09/Jun/2025:00:03:04 -0400] "GET /wind-breaker-chapter-51/ HTTP/1.1" 200 11845 "-" "Mozilla/5.0 (compatible; BLEXBot/1.0; +https://help.seranking.com/en/blex-crawler)"
144.76.19.3 - - [09/Jun/2025:00:03:37 -0400] "GET /wind-breaker-chapter-55/ HTTP/1.1" 200 11830 "-" "Mozilla/5.0 (compatible; BLEXBot/1.0; +https://help.seranking.com/en/blex-crawler)"
144.76.19.3 - - [09/Jun/2025:00:03:41 -0400] "GET /wind-breaker-chapter-56/ HTTP/1.1" 200 12236 "-" "Mozilla/5.0 (compatible; BLEXBot/1.0; +https://help.seranking.com/en/blex-crawler)"
144.76.19.3 - - [09/Jun/2025:00:03:46 -0400] "GET /wind-breaker-chapter-57/ HTTP/1.1" 200 12226 "-" "Mozilla/5.0 (compatible; BLEXBot/1.0; +https://help.seranking.com/en/blex-crawler)"
144.76.19.3 - - [09/Jun/2025:00:03:53 -0400] "GET /wind-breaker-chapter-58/ HTTP/1.1" 200 12231 "-" "Mozilla/5.0 (compatible; BLEXBot/1.0; +https://help.seranking.com/en/blex-crawler)"
2a03:2880:f800:c:: - - [09/Jun/2025:00:04:10 -0400] "GET /wind-breaker/ HTTP/1.1" 200 9011 "-" "meta-externalagent/1.1 (+https://developers.facebook.com/docs/sharing/webmasters/crawler)"
144.76.19.3 - - [09/Jun/2025:00:04:19 -0400] "GET /wind-breaker-chapter-60/ HTTP/1.1" 200 12173 "-" "Mozilla/5.0 (compatible; BLEXBot/1.0; +https://help.seranking.com/en/blex-crawler)"
144.76.19.3 - - [09/Jun/2025:00:04:25 -0400] "GET /wind-breaker-chapter-62/ HTTP/1.1" 200 12195 "-" "Mozilla/5.0 (compatible; BLEXBot/1.0; +https://help.seranking.com/en/blex-crawler)"
162.0.232.193 - - [09/Jun/2025:00:05:00 -0400] "POST /wp-cron.php?doing_wp_cron=1749441900.7113299369812011718750 HTTP/1.1" 200 0 "-" "WordPress/6.8.1; https://read11.windbreakermanga.com"
47.128.115.92 - - [09/Jun/2025:00:04:59 -0400] "GET /category/wind-breaker-manhwa/page/16/ HTTP/1.1" 200 13223 "-" "Mozilla/5.0 (compatible; Bytespider; [email protected]) AppleWebKit/537.36 (KHTML, like Gecko) Chrome/70.0.0.0 Safari/537.36"
162.0.232.193 - - [09/Jun/2025:00:05:03 -0400] "GET /wp-content/uploads/f979bbbcbe9df560cb74049269d2541e_4104.xml HTTP/1.1" 200 2292 "-" "Mozilla/5.0 (X11; Linux x86_64) AppleWebKit/537.36 (KHTML, like Gecko) Ubuntu Chromium/41.0.2272.76"
144.76.19.3 - - [09/Jun/2025:00:05:32 -0400] "GET /wind-breaker-chapter-63/ HTTP/1.1" 200 12243 "-" "Mozilla/5.0 (compatible; BLEXBot/1.0; +https://help.seranking.com/en/blex-crawler)"
144.76.19.3 - - [09/Jun/2025:00:05:38 -0400] "GET /wind-breaker-chapter-64/ HTTP/1.1" 200 12350 "-" "Mozilla/5.0 (compatible; BLEXBot/1.0; +https://help.seranking.com/en/blex-crawler)"
47.128.23.236 - - [09/Jun/2025:00:05:59 -0400] "GET /author/admin/page/17/ HTTP/1.1" 200 13408 "-" "Mozilla/5.0 (compatible; Bytespider; [email protected]) AppleWebKit/537.36 (KHTML, like Gecko) Chrome/70.0.0.0 Safari/537.36"
144.76.19.3 - - [09/Jun/2025:00:06:05 -0400] "GET /wind-breaker-chapter-65/ HTTP/1.1" 200 12542 "-" "Mozilla/5.0 (compatible; BLEXBot/1.0; +https://help.seranking.com/en/blex-crawler)"
144.76.19.3 - - [09/Jun/2025:00:06:09 -0400] "GET /wind-breaker-chapter-70/ HTTP/1.1" 200 12245 "-" "Mozilla/5.0 (compatible; BLEXBot/1.0; +https://help.seranking.com/en/blex-crawler)"
66.249.77.201 - - [09/Jun/2025:00:06:10 -0400] "GET /wind-breaker-chapter-528/ HTTP/1.1" 200 11720 "-" "Mozilla/5.0 (Linux; Android 6.0.1; Nexus 5X Build/MMB29P) AppleWebKit/537.36 (KHTML, like Gecko) Chrome/136.0.7103.113 Mobile Safari/537.36 (compatible; Googlebot/2.1; +http://www.google.com/bot.html)"
162.0.232.193 - - [09/Jun/2025:00:06:13 -0400] "POST /wp-cron.php?doing_wp_cron=1749441973.3734219074249267578125 HTTP/1.1" 200 0 "-" "WordPress/6.8.1; https://read11.windbreakermanga.com"
66.249.77.199 - - [09/Jun/2025:00:06:13 -0400] "POST /wp-admin/admin-ajax.php HTTP/1.1" 200 61 "https://read11.windbreakermanga.com/wind-breaker-chapter-528/" "Mozilla/5.0 (Linux; Android 6.0.1; Nexus 5X Build/MMB29P) AppleWebKit/537.36 (KHTML, like Gecko) Chrome/136.0.7103.92 Mobile Safari/537.36 (compatible; Googlebot/2.1; +http://www.google.com/bot.html)"
162.0.232.193 - - [09/Jun/2025:00:06:56 -0400] "POST /wp-cron.php?doing_wp_cron=1749442016.5566189289093017578125 HTTP/1.1" 200 0 "-" "WordPress/6.8.1; https://read11.windbreakermanga.com"
144.76.19.3 - - [09/Jun/2025:00:06:56 -0400] "GET /wind-breaker-chapter-80/ HTTP/1.1" 200 11780 "-" "Mozilla/5.0 (compatible; BLEXBot/1.0; +https://help.seranking.com/en/blex-crawler)"
47.128.17.179 - - [09/Jun/2025:00:07:00 -0400] "GET /category/wind-breaker-manhwa/page/41/ HTTP/1.1" 200 10213 "-" "Mozilla/5.0 (compatible; Bytespider; [email protected]) AppleWebKit/537.36 (KHTML, like Gecko) Chrome/70.0.0.0 Safari/537.36"
144.76.19.3 - - [09/Jun/2025:00:07:02 -0400] "GET /wind-breaker-chapter-81/ HTTP/1.1" 200 12240 "-" "Mozilla/5.0 (compatible; BLEXBot/1.0; +https://help.seranking.com/en/blex-crawler)"
144.76.19.3 - - [09/Jun/2025:00:07:08 -0400] "GET /wind-breaker-chapter-82/ HTTP/1.1" 200 11438 "-" "Mozilla/5.0 (compatible; BLEXBot/1.0; +https://help.seranking.com/en/blex-crawler)"
162.0.232.193 - - [09/Jun/2025:00:07:12 -0400] "POST /wp-cron.php?doing_wp_cron=1749442032.4462521076202392578125 HTTP/1.1" 200 0 "-" "WordPress/6.8.1; https://read11.windbreakermanga.com"
144.76.19.3 - - [09/Jun/2025:00:07:12 -0400] "GET /wind-breaker-chapter-83/ HTTP/1.1" 200 11505 "-" "Mozilla/5.0 (compatible; BLEXBot/1.0; +https://help.seranking.com/en/blex-crawler)"
198.23.221.14 - - [09/Jun/2025:00:08:27 -0400] "GET / HTTP/1.1" 200 12578 "-" "Mozilla/5.0 (Linux; Android 5.1.1; SM-G920V Build/LMY47X) AppleWebKit/537.36 (KHTML, like Gecko) Chrome/45.0.2454.84 Mobile Safari/537.36"
162.0.232.193 - - [09/Jun/2025:00:08:38 -0400] "POST /wp-cron.php?doing_wp_cron=1749442118.8864910602569580078125 HTTP/1.1" 200 0 "-" "WordPress/6.8.1; https://read11.windbreakermanga.com"
144.76.19.3 - - [09/Jun/2025:00:08:38 -0400] "GET /wind-breaker-chapter-86/ HTTP/1.1" 200 11803 "-" "Mozilla/5.0 (compatible; BLEXBot/1.0; +https://help.seranking.com/en/blex-crawler)"
162.0.232.193 - - [09/Jun/2025:00:08:39 -0400] "GET /wind-breaker-chapter-544/ HTTP/1.1" 200 12081 "-" "WP Rocket/Preload"
162.0.232.193 - - [09/Jun/2025:00:08:40 -0400] "GET /wind-breaker-chapter-544/ HTTP/1.1" 200 11799 "-" "WP Rocket/Preload Mozilla/5.0 (iPhone; CPU iPhone OS 9_1 like Mac OS X) AppleWebKit/601.1.46 (KHTML, like Gecko) Version/9.0 Mobile/13B143 Safari/601.1"
162.0.232.193 - - [09/Jun/2025:00:08:40 -0400] "GET /wind-breaker-chapter-455/ HTTP/1.1" 200 12155 "-" "WP Rocket/Preload"
162.0.232.193 - - [09/Jun/2025:00:08:41 -0400] "GET /wind-breaker-chapter-455/ HTTP/1.1" 200 11851 "-" "WP Rocket/Preload Mozilla/5.0 (iPhone; CPU iPhone OS 9_1 like Mac OS X) AppleWebKit/601.1.46 (KHTML, like Gecko) Version/9.0 Mobile/13B143 Safari/601.1"
162.0.232.193 - - [09/Jun/2025:00:08:42 -0400] "GET /wind-breaker-chapter-531/ HTTP/1.1" 200 11655 "-" "WP Rocket/Preload"
162.0.232.193 - - [09/Jun/2025:00:08:43 -0400] "GET /wind-breaker-chapter-531/ HTTP/1.1" 200 11655 "-" "WP Rocket/Preload Mozilla/5.0 (iPhone; CPU iPhone OS 9_1 like Mac OS X) AppleWebKit/601.1.46 (KHTML, like Gecko) Version/9.0 Mobile/13B143 Safari/601.1"
162.0.232.193 - - [09/Jun/2025:00:08:44 -0400] "GET /wind-breaker-chapter-530/ HTTP/1.1" 200 11689 "-" "WP Rocket/Preload"
144.76.19.3 - - [09/Jun/2025:00:08:44 -0400] "GET /wind-breaker-chapter-89/ HTTP/1.1" 200 11869 "-" "Mozilla/5.0 (compatible; BLEXBot/1.0; +https://help.seranking.com/en/blex-crawler)"
162.0.232.193 - - [09/Jun/2025:00:08:45 -0400] "GET /wind-breaker-chapter-530/ HTTP/1.1" 200 11684 "-" "WP Rocket/Preload Mozilla/5.0 (iPhone; CPU iPhone OS 9_1 like Mac OS X) AppleWebKit/601.1.46 (KHTML, like Gecko) Version/9.0 Mobile/13B143 Safari/601.1"
162.0.232.193 - - [09/Jun/2025:00:08:46 -0400] "GET /wind-breaker-chapter-525/ HTTP/1.1" 200 11656 "-" "WP Rocket/Preload"
