68.169.43.28 - - [08/Jun/2025:21:30:49 -0400] "GET /wp-content/plugins/fix/2.php?p=2f686f6d652f686f6e65686479762f6f7065726174696f6e747275656c6f76656e6f772e636f6d HTTP/1.1" 404 4737 "https://read11.windbreakermanga.com/wp-content/plugins/fix/2.php?p=2f686f6d652f686f6e6568647976" "Mozilla/5.0 (Windows NT 10.0; Win64; x64; rv:139.0) Gecko/20100101 Firefox/139.0"
68.169.43.28 - - [08/Jun/2025:21:30:50 -0400] "GET /favicon.ico HTTP/1.1" 404 0 "https://read11.windbreakermanga.com/wp-content/plugins/fix/2.php?p=2f686f6d652f686f6e6568647976" "Mozilla/5.0 (Windows NT 10.0; Win64; x64; rv:139.0) Gecko/20100101 Firefox/139.0"
68.169.43.28 - - [08/Jun/2025:21:30:51 -0400] "GET /wp-content/plugins/fix/2.php?p=2f686f6d652f686f6e65686479762f706572666563746d61727269616765726576656e67652e636f6d HTTP/1.1" 404 4714 "https://read11.windbreakermanga.com/wp-content/plugins/fix/2.php?p=2f686f6d652f686f6e6568647976" "Mozilla/5.0 (Windows NT 10.0; Win64; x64; rv:139.0) Gecko/20100101 Firefox/139.0"
68.169.43.28 - - [08/Jun/2025:21:31:00 -0400] "POST /wp-content/plugins/fix/2.php?p=2f686f6d652f686f6e65686479762f706572666563746d61727269616765726576656e67652e636f6d HTTP/1.1" 404 4850 "https://read11.windbreakermanga.com/wp-content/plugins/fix/2.php?p=2f686f6d652f686f6e65686479762f706572666563746d61727269616765726576656e67652e636f6d" "Mozilla/5.0 (Windows NT 10.0; Win64; x64; rv:139.0) Gecko/20100101 Firefox/139.0"
68.169.43.28 - - [08/Jun/2025:21:31:04 -0400] "GET /wp-content/plugins/fix/2.php?p=2f686f6d652f686f6e65686479762f706572666563746d61727269616765726576656e67652e636f6d HTTP/1.1" 404 4739 "https://read11.windbreakermanga.com/wp-content/plugins/fix/2.php?p=2f686f6d652f686f6e6568647976" "Mozilla/5.0 (Windows NT 10.0; Win64; x64; rv:139.0) Gecko/20100101 Firefox/139.0"
68.169.43.28 - - [08/Jun/2025:21:31:04 -0400] "GET /favicon.ico HTTP/1.1" 404 0 "https://read11.windbreakermanga.com/wp-content/plugins/fix/2.php?p=2f686f6d652f686f6e6568647976" "Mozilla/5.0 (Windows NT 10.0; Win64; x64; rv:139.0) Gecko/20100101 Firefox/139.0"
68.169.43.28 - - [08/Jun/2025:21:31:10 -0400] "GET /wp-content/plugins/fix/2.php?p=2f686f6d652f686f6e65686479762f7265616462746f6f6f6d2e636f6d HTTP/1.1" 404 4612 "https://read11.windbreakermanga.com/wp-content/plugins/fix/2.php?p=2f686f6d652f686f6e6568647976" "Mozilla/5.0 (Windows NT 10.0; Win64; x64; rv:139.0) Gecko/20100101 Firefox/139.0"
68.169.43.28 - - [08/Jun/2025:21:31:21 -0400] "POST /wp-content/plugins/fix/2.php?p=2f686f6d652f686f6e65686479762f7265616462746f6f6f6d2e636f6d HTTP/1.1" 404 4732 "https://read11.windbreakermanga.com/wp-content/plugins/fix/2.php?p=2f686f6d652f686f6e65686479762f7265616462746f6f6f6d2e636f6d" "Mozilla/5.0 (Windows NT 10.0; Win64; x64; rv:139.0) Gecko/20100101 Firefox/139.0"
68.169.43.28 - - [08/Jun/2025:21:31:24 -0400] "GET /wp-content/plugins/fix/2.php?p=2f686f6d652f686f6e65686479762f7265616462746f6f6f6d2e636f6d HTTP/1.1" 404 4661 "https://read11.windbreakermanga.com/wp-content/plugins/fix/2.php?p=2f686f6d652f686f6e6568647976" "Mozilla/5.0 (Windows NT 10.0; Win64; x64; rv:139.0) Gecko/20100101 Firefox/139.0"
68.169.43.28 - - [08/Jun/2025:21:31:27 -0400] "GET /wp-content/plugins/fix/2.php?p=2f686f6d652f686f6e65686479762f72656d6f6e737465722e6f6e6c696e65 HTTP/1.1" 404 4751 "https://read11.windbreakermanga.com/wp-content/plugins/fix/2.php?p=2f686f6d652f686f6e6568647976" "Mozilla/5.0 (Windows NT 10.0; Win64; x64; rv:139.0) Gecko/20100101 Firefox/139.0"
68.169.43.28 - - [08/Jun/2025:21:31:35 -0400] "POST /wp-content/plugins/fix/2.php?p=2f686f6d652f686f6e65686479762f72656d6f6e737465722e6f6e6c696e65 HTTP/1.1" 404 4882 "https://read11.windbreakermanga.com/wp-content/plugins/fix/2.php?p=2f686f6d652f686f6e65686479762f72656d6f6e737465722e6f6e6c696e65" "Mozilla/5.0 (Windows NT 10.0; Win64; x64; rv:139.0) Gecko/20100101 Firefox/139.0"
68.169.43.28 - - [08/Jun/2025:21:31:38 -0400] "GET /wp-content/plugins/fix/2.php?p=2f686f6d652f686f6e65686479762f72656d6f6e737465722e6f6e6c696e65 HTTP/1.1" 404 4842 "https://read11.windbreakermanga.com/wp-content/plugins/fix/2.php?p=2f686f6d652f686f6e6568647976" "Mozilla/5.0 (Windows NT 10.0; Win64; x64; rv:139.0) Gecko/20100101 Firefox/139.0"
68.169.43.28 - - [08/Jun/2025:21:31:38 -0400] "GET /favicon.ico HTTP/1.1" 404 0 "https://read11.windbreakermanga.com/wp-content/plugins/fix/2.php?p=2f686f6d652f686f6e6568647976" "Mozilla/5.0 (Windows NT 10.0; Win64; x64; rv:139.0) Gecko/20100101 Firefox/139.0"
162.0.232.193 - - [08/Jun/2025:21:31:38 -0400] "POST /wp-cron.php?doing_wp_cron=1749432698.3881459236145019531250 HTTP/1.1" 200 0 "-" "WordPress/6.8.1; https://read11.windbreakermanga.com"
68.169.43.28 - - [08/Jun/2025:21:31:40 -0400] "GET /wp-content/plugins/fix/2.php?p=2f686f6d652f686f6e65686479762f7265766572736576696c6c61696e2e636f6d HTTP/1.1" 404 4777 "https://read11.windbreakermanga.com/wp-content/plugins/fix/2.php?p=2f686f6d652f686f6e6568647976" "Mozilla/5.0 (Windows NT 10.0; Win64; x64; rv:139.0) Gecko/20100101 Firefox/139.0"
68.169.43.28 - - [08/Jun/2025:21:31:51 -0400] "POST /wp-content/plugins/fix/2.php?p=2f686f6d652f686f6e65686479762f7265766572736576696c6c61696e2e636f6d HTTP/1.1" 404 4943 "https://read11.windbreakermanga.com/wp-content/plugins/fix/2.php?p=2f686f6d652f686f6e65686479762f7265766572736576696c6c61696e2e636f6d" "Mozilla/5.0 (Windows NT 10.0; Win64; x64; rv:139.0) Gecko/20100101 Firefox/139.0"
68.169.43.28 - - [08/Jun/2025:21:31:57 -0400] "GET /wp-content/plugins/fix/2.php?p=2f686f6d652f686f6e65686479762f7265766572736576696c6c61696e2e636f6d HTTP/1.1" 404 4856 "https://read11.windbreakermanga.com/wp-content/plugins/fix/2.php?p=2f686f6d652f686f6e6568647976" "Mozilla/5.0 (Windows NT 10.0; Win64; x64; rv:139.0) Gecko/20100101 Firefox/139.0"
68.169.43.28 - - [08/Jun/2025:21:31:57 -0400] "GET /favicon.ico HTTP/1.1" 404 0 "https://read11.windbreakermanga.com/wp-content/plugins/fix/2.php?p=2f686f6d652f686f6e6568647976" "Mozilla/5.0 (Windows NT 10.0; Win64; x64; rv:139.0) Gecko/20100101 Firefox/139.0"
162.0.232.193 - - [08/Jun/2025:21:31:58 -0400] "POST /wp-cron.php?doing_wp_cron=1749432717.9886031150817871093750 HTTP/1.1" 200 0 "-" "WordPress/6.8.1; https://read11.windbreakermanga.com"
68.169.43.28 - - [08/Jun/2025:21:32:01 -0400] "GET /wp-content/plugins/fix/2.php?p=2f686f6d652f686f6e65686479762f736f6c6f6c6576656c696e677363616e2e636f6d HTTP/1.1" 404 2801 "https://read11.windbreakermanga.com/wp-content/plugins/fix/2.php?p=2f686f6d652f686f6e6568647976" "Mozilla/5.0 (Windows NT 10.0; Win64; x64; rv:139.0) Gecko/20100101 Firefox/139.0"
68.169.43.28 - - [08/Jun/2025:21:32:04 -0400] "GET /favicon.ico HTTP/1.1" 302 0 "https://read11.windbreakermanga.com/wp-content/plugins/fix/2.php?p=2f686f6d652f686f6e6568647976" "Mozilla/5.0 (Windows NT 10.0; Win64; x64; rv:139.0) Gecko/20100101 Firefox/139.0"
68.169.43.28 - - [08/Jun/2025:21:32:05 -0400] "GET /wp-content/plugins/fix/2.php?p=2f686f6d652f686f6e65686479762f73756e6b656e726f636b7363616e2e6672 HTTP/1.1" 404 2787 "https://read11.windbreakermanga.com/wp-content/plugins/fix/2.php?p=2f686f6d652f686f6e6568647976" "Mozilla/5.0 (Windows NT 10.0; Win64; x64; rv:139.0) Gecko/20100101 Firefox/139.0"
68.169.43.28 - - [08/Jun/2025:21:32:09 -0400] "GET /favicon.ico HTTP/1.1" 302 0 "https://read11.windbreakermanga.com/wp-content/plugins/fix/2.php?p=2f686f6d652f686f6e6568647976" "Mozilla/5.0 (Windows NT 10.0; Win64; x64; rv:139.0) Gecko/20100101 Firefox/139.0"
68.169.43.28 - - [08/Jun/2025:21:32:11 -0400] "GET /wp-content/plugins/fix/2.php?p=2f686f6d652f686f6e65686479762f74616d6172696e656669746e6573732e636f6d HTTP/1.1" 404 2790 "https://read11.windbreakermanga.com/wp-content/plugins/fix/2.php?p=2f686f6d652f686f6e6568647976" "Mozilla/5.0 (Windows NT 10.0; Win64; x64; rv:139.0) Gecko/20100101 Firefox/139.0"
68.169.43.28 - - [08/Jun/2025:21:32:16 -0400] "GET /favicon.ico HTTP/1.1" 404 0 "https://read11.windbreakermanga.com/wp-content/plugins/fix/2.php?p=2f686f6d652f686f6e6568647976" "Mozilla/5.0 (Windows NT 10.0; Win64; x64; rv:139.0) Gecko/20100101 Firefox/139.0"
162.0.232.193 - - [08/Jun/2025:21:32:17 -0400] "POST /wp-cron.php?doing_wp_cron=1749432737.1677720546722412109375 HTTP/1.1" 200 0 "-" "WordPress/6.8.1; https://read11.windbreakermanga.com"
68.169.43.28 - - [08/Jun/2025:21:32:18 -0400] "GET /favicon.ico HTTP/1.1" 404 0 "https://read11.windbreakermanga.com/wp-content/plugins/fix/2.php?p=2f686f6d652f686f6e6568647976" "Mozilla/5.0 (Windows NT 10.0; Win64; x64; rv:139.0) Gecko/20100101 Firefox/139.0"
68.169.43.28 - - [08/Jun/2025:21:32:20 -0400] "GET /wp-content/plugins/fix/2.php?p=2f686f6d652f686f6e65686479762f77696e64627265616b65726d616e67612e636f6d HTTP/1.1" 404 4743 "https://read11.windbreakermanga.com/wp-content/plugins/fix/2.php?p=2f686f6d652f686f6e6568647976" "Mozilla/5.0 (Windows NT 10.0; Win64; x64; rv:139.0) Gecko/20100101 Firefox/139.0"
68.169.43.28 - - [08/Jun/2025:21:32:34 -0400] "POST /wp-content/plugins/fix/2.php?p=2f686f6d652f686f6e65686479762f77696e64627265616b65726d616e67612e636f6d HTTP/1.1" 404 4888 "https://read11.windbreakermanga.com/wp-content/plugins/fix/2.php?p=2f686f6d652f686f6e65686479762f77696e64627265616b65726d616e67612e636f6d" "Mozilla/5.0 (Windows NT 10.0; Win64; x64; rv:139.0) Gecko/20100101 Firefox/139.0"
162.0.232.193 - - [08/Jun/2025:21:32:38 -0400] "POST /wp-cron.php?doing_wp_cron=1749432758.0360140800476074218750 HTTP/1.1" 200 0 "-" "WordPress/6.8.1; https://read11.windbreakermanga.com"
2a03:2880:f800:19:: - - [08/Jun/2025:21:32:37 -0400] "GET /category/wind-breaker-manga/page/7/ HTTP/1.1" 200 12930 "-" "meta-externalagent/1.1 (+https://developers.facebook.com/docs/sharing/webmasters/crawler)"
68.169.43.28 - - [08/Jun/2025:21:32:40 -0400] "GET /wp-content/plugins/fix/2.php?p=2f686f6d652f686f6e65686479762f77696e64627265616b65726d616e67612e636f6d HTTP/1.1" 404 4787 "https://read11.windbreakermanga.com/wp-content/plugins/fix/2.php?p=2f686f6d652f686f6e6568647976" "Mozilla/5.0 (Windows NT 10.0; Win64; x64; rv:139.0) Gecko/20100101 Firefox/139.0"
68.169.43.28 - - [08/Jun/2025:21:32:41 -0400] "GET /favicon.ico HTTP/1.1" 404 0 "https://read11.windbreakermanga.com/wp-content/plugins/fix/2.php?p=2f686f6d652f686f6e6568647976" "Mozilla/5.0 (Windows NT 10.0; Win64; x64; rv:139.0) Gecko/20100101 Firefox/139.0"
162.0.232.193 - - [08/Jun/2025:21:32:41 -0400] "POST /wp-cron.php?doing_wp_cron=1749432761.2431979179382324218750 HTTP/1.1" 200 0 "-" "WordPress/6.8.1; https://read11.windbreakermanga.com"
68.169.43.28 - - [08/Jun/2025:21:32:42 -0400] "GET /wp-content/plugins/fix/2.php?p=2f686f6d652f686f6e65686479762f776f74616b752d6d616e67612e636f6d HTTP/1.1" 404 4572 "https://read11.windbreakermanga.com/wp-content/plugins/fix/2.php?p=2f686f6d652f686f6e6568647976" "Mozilla/5.0 (Windows NT 10.0; Win64; x64; rv:139.0) Gecko/20100101 Firefox/139.0"
68.169.43.28 - - [08/Jun/2025:21:32:53 -0400] "POST /wp-content/plugins/fix/2.php?p=2f686f6d652f686f6e65686479762f776f74616b752d6d616e67612e636f6d HTTP/1.1" 404 4712 "https://read11.windbreakermanga.com/wp-content/plugins/fix/2.php?p=2f686f6d652f686f6e65686479762f776f74616b752d6d616e67612e636f6d" "Mozilla/5.0 (Windows NT 10.0; Win64; x64; rv:139.0) Gecko/20100101 Firefox/139.0"
68.169.43.28 - - [08/Jun/2025:21:32:58 -0400] "GET /wp-content/plugins/fix/2.php?p=2f686f6d652f686f6e65686479762f776f74616b752d6d616e67612e636f6d HTTP/1.1" 404 4616 "https://read11.windbreakermanga.com/wp-content/plugins/fix/2.php?p=2f686f6d652f686f6e6568647976" "Mozilla/5.0 (Windows NT 10.0; Win64; x64; rv:139.0) Gecko/20100101 Firefox/139.0"
68.169.43.28 - - [08/Jun/2025:21:33:00 -0400] "GET /wp-content/plugins/fix/2.php?p=2f686f6d652f686f6e65686479762f796f7572732d746f636c61696d2e636f6d HTTP/1.1" 404 4670 "https://read11.windbreakermanga.com/wp-content/plugins/fix/2.php?p=2f686f6d652f686f6e6568647976" "Mozilla/5.0 (Windows NT 10.0; Win64; x64; rv:139.0) Gecko/20100101 Firefox/139.0"
68.169.43.28 - - [08/Jun/2025:21:33:08 -0400] "POST /wp-content/plugins/fix/2.php?p=2f686f6d652f686f6e65686479762f796f7572732d746f636c61696d2e636f6d HTTP/1.1" 404 4838 "https://read11.windbreakermanga.com/wp-content/plugins/fix/2.php?p=2f686f6d652f686f6e65686479762f796f7572732d746f636c61696d2e636f6d" "Mozilla/5.0 (Windows NT 10.0; Win64; x64; rv:139.0) Gecko/20100101 Firefox/139.0"
68.169.43.28 - - [08/Jun/2025:21:33:11 -0400] "GET /wp-content/plugins/fix/2.php?p=2f686f6d652f686f6e6568647976 HTTP/1.1" 404 6211 "https://read11.windbreakermanga.com/wp-content/plugins/fix/2.php?p=2f686f6d652f686f6e65686479762f796f7572732d746f636c61696d2e636f6d" "Mozilla/5.0 (Windows NT 10.0; Win64; x64; rv:139.0) Gecko/20100101 Firefox/139.0"
68.169.43.28 - - [08/Jun/2025:21:33:19 -0400] "GET /wp-content/plugins/fix/2.php?p=2f686f6d652f686f6e65686479762f796f7572732d746f636c61696d2e636f6d HTTP/1.1" 404 4768 "https://read11.windbreakermanga.com/wp-content/plugins/fix/2.php?p=2f686f6d652f686f6e6568647976" "Mozilla/5.0 (Windows NT 10.0; Win64; x64; rv:139.0) Gecko/20100101 Firefox/139.0"
68.169.43.28 - - [08/Jun/2025:21:33:24 -0400] "GET /favicon.ico HTTP/1.1" 404 0 "https://read11.windbreakermanga.com/wp-content/plugins/fix/2.php?p=2f686f6d652f686f6e6568647976" "Mozilla/5.0 (Windows NT 10.0; Win64; x64; rv:139.0) Gecko/20100101 Firefox/139.0"
162.0.232.193 - - [08/Jun/2025:21:33:25 -0400] "POST /wp-cron.php?doing_wp_cron=1749432804.9908850193023681640625 HTTP/1.1" 200 0 "-" "WordPress/6.8.1; https://read11.windbreakermanga.com"
113.178.25.96 - - [08/Jun/2025:21:34:13 -0400] "GET /wind-breaker-chapter-157/ HTTP/1.1" 200 11924 "-" "Mozilla/5.0 (iPhone; CPU iPhone OS 17_0_3 like Mac OS X) AppleWebKit/605.1.15 (KHTML, like Gecko) Version/17.0 Mobile/15E148 Safari/604.1 OPT/4.3.1"
68.169.43.28 - - [08/Jun/2025:21:34:30 -0400] "GET /2.php HTTP/1.1" 404 4787 "-" "Mozilla/5.0 (Windows NT 10.0; Win64; x64; rv:139.0) Gecko/20100101 Firefox/139.0"
40.77.167.55 - - [08/Jun/2025:21:34:38 -0400] "GET /wind-breaker-chapter-460/ HTTP/1.1" 200 12085 "-" "Mozilla/5.0 AppleWebKit/537.36 (KHTML, like Gecko; compatible; bingbot/2.0; +http://www.bing.com/bingbot.htm) Chrome/116.0.1938.76 Safari/537.36"
68.169.43.28 - - [08/Jun/2025:21:34:40 -0400] "GET / HTTP/1.1" 200 12572 "-" "Mozilla/5.0 (Windows NT 10.0; Win64; x64; rv:139.0) Gecko/20100101 Firefox/139.0"
68.169.43.28 - - [08/Jun/2025:21:34:40 -0400] "GET /wp-content/plugins/fix/2.php? HTTP/1.1" 404 3209 "-" "Mozilla/5.0 (Windows NT 10.0; Win64; x64; rv:139.0) Gecko/20100101 Firefox/139.0"
162.0.232.193 - - [08/Jun/2025:21:35:07 -0400] "POST /wp-cron.php?doing_wp_cron=1749432906.8677949905395507812500 HTTP/1.1" 200 0 "-" "WordPress/6.8.1; https://read11.windbreakermanga.com"
114.119.139.202 - - [08/Jun/2025:21:35:06 -0400] "GET /manga/wind-breaker-chapter-254/ HTTP/1.1" 301 0 "https://read7.windbreakermanga.com/windbreaker/wind-breaker-chapter-254/" "Mozilla/5.0 (Linux; Android 7.0;) AppleWebKit/537.36 (KHTML, like Gecko) Mobile Safari/537.36 (compatible; PetalBot;+https://webmaster.petalsearch.com/site/petalbot)"
114.119.139.202 - - [08/Jun/2025:21:35:07 -0400] "GET / HTTP/1.1" 200 12578 "https://read7.windbreakermanga.com/windbreaker/wind-breaker-chapter-254/" "Mozilla/5.0 (Linux; Android 7.0;) AppleWebKit/537.36 (KHTML, like Gecko) Mobile Safari/537.36 (compatible; PetalBot;+https://webmaster.petalsearch.com/site/petalbot)"
162.0.232.193 - - [08/Jun/2025:21:35:09 -0400] "GET /wp-content/uploads/f979bbbcbe9df560cb74049269d2541e_4104.xml HTTP/1.1" 200 2292 "-" "Mozilla/5.0 (X11; Linux x86_64) AppleWebKit/537.36 (KHTML, like Gecko) Ubuntu Chromium/41.0.2272.76"
114.119.154.207 - - [08/Jun/2025:21:35:49 -0400] "GET / HTTP/1.1" 200 12578 "https://read8.windbreakermanga.com/wind-breaker/wind-breaker-chapter-441/" "Mozilla/5.0 (Linux; Android 7.0;) AppleWebKit/537.36 (KHTML, like Gecko) Mobile Safari/537.36 (compatible; PetalBot;+https://webmaster.petalsearch.com/site/petalbot)"
40.77.167.55 - - [08/Jun/2025:21:36:20 -0400] "GET /wind-breaker-chapter-456/ HTTP/1.1" 200 11606 "-" "Mozilla/5.0 AppleWebKit/537.36 (KHTML, like Gecko; compatible; bingbot/2.0; +http://www.bing.com/bingbot.htm) Chrome/116.0.1938.76 Safari/537.36"
2a03:2880:f800:2:: - - [08/Jun/2025:21:36:22 -0400] "GET /wind-breaker-chapter-0/ HTTP/1.1" 200 11192 "-" "meta-externalagent/1.1 (+https://developers.facebook.com/docs/sharing/webmasters/crawler)"
114.119.145.123 - - [08/Jun/2025:21:36:22 -0400] "GET /wind-breaker-chapter-522/ HTTP/1.1" 200 11633 "https://read10.windbreakermanga.com/wind-breaker-chapter-206-part-2-ep-138/" "Mozilla/5.0 (Linux; Android 7.0;) AppleWebKit/537.36 (KHTML, like Gecko) Mobile Safari/537.36 (compatible; PetalBot;+https://webmaster.petalsearch.com/site/petalbot)"
66.249.77.193 - - [08/Jun/2025:21:37:06 -0400] "GET /wind-breaker-chapter-184/ HTTP/1.1" 200 12230 "-" "Mozilla/5.0 (Linux; Android 6.0.1; Nexus 5X Build/MMB29P) AppleWebKit/537.36 (KHTML, like Gecko) Chrome/136.0.7103.113 Mobile Safari/537.36 (compatible; Googlebot/2.1; +http://www.google.com/bot.html)"
114.119.130.178 - - [08/Jun/2025:21:37:23 -0400] "GET /wind-breaker-chapter-486/ HTTP/1.1" 200 11903 "https://read10.windbreakermanga.com/wind-breaker-chapter-486/" "Mozilla/5.0 (Linux; Android 7.0;) AppleWebKit/537.36 (KHTML, like Gecko) Mobile Safari/537.36 (compatible; PetalBot;+https://webmaster.petalsearch.com/site/petalbot)"
114.119.151.50 - - [08/Jun/2025:21:37:58 -0400] "GET /wind-breaker-chapter-22/ HTTP/1.1" 200 11426 "https://read10.windbreakermanga.com/tag/windbreaker-manga/" "Mozilla/5.0 (Linux; Android 7.0;) AppleWebKit/537.36 (KHTML, like Gecko) Mobile Safari/537.36 (compatible; PetalBot;+https://webmaster.petalsearch.com/site/petalbot)"
162.0.232.193 - - [08/Jun/2025:21:38:55 -0400] "POST /wp-cron.php?doing_wp_cron=1749433134.9598419666290283203125 HTTP/1.1" 200 0 "-" "WordPress/6.8.1; https://read11.windbreakermanga.com"
114.119.135.251 - - [08/Jun/2025:21:38:54 -0400] "GET /wind-breaker-chapter-176-part-2-ep-108/ HTTP/1.1" 301 0 "https://read10.windbreakermanga.com/tag/windbreaker-manga/" "Mozilla/5.0 (Linux; Android 7.0;) AppleWebKit/537.36 (KHTML, like Gecko) Mobile Safari/537.36 (compatible; PetalBot;+https://webmaster.petalsearch.com/site/petalbot)"
162.0.232.193 - - [08/Jun/2025:21:38:56 -0400] "GET /wp-content/uploads/f979bbbcbe9df560cb74049269d2541e_4104.xml HTTP/1.1" 200 2577 "-" "Mozilla/5.0 (X11; Linux x86_64) AppleWebKit/537.36 (KHTML, like Gecko) Ubuntu Chromium/41.0.2272.76"
114.119.135.251 - - [08/Jun/2025:21:39:00 -0400] "GET / HTTP/1.1" 200 12578 "https://read10.windbreakermanga.com/tag/windbreaker-manga/" "Mozilla/5.0 (Linux; Android 7.0;) AppleWebKit/537.36 (KHTML, like Gecko) Mobile Safari/537.36 (compatible; PetalBot;+https://webmaster.petalsearch.com/site/petalbot)"
40.77.167.55 - - [08/Jun/2025:21:39:08 -0400] "GET /wind-breaker-chapter-489/feed/ HTTP/1.1" 200 424 "-" "Mozilla/5.0 AppleWebKit/537.36 (KHTML, like Gecko; compatible; bingbot/2.0; +http://www.bing.com/bingbot.htm) Chrome/116.0.1938.76 Safari/537.36"
43.133.187.11 - - [08/Jun/2025:21:39:14 -0400] "GET /wp-json/oembed/1.0/embed?url=https%3A%2F%2Fread11.windbreakermanga.com%2Fwind-breaker-chapter-11%2F HTTP/1.1" 200 2536 "-" "Mozilla/5.0 (iPhone; CPU iPhone OS 13_2_3 like Mac OS X) AppleWebKit/605.1.15 (KHTML, like Gecko) Version/13.0.3 Mobile/15E148 Safari/604.1"
2a03:2880:2ff:7:: - - [08/Jun/2025:21:39:38 -0400] "GET / HTTP/1.1" 200 12572 "-" "meta-externalagent/1.1 (+https://developers.facebook.com/docs/sharing/webmasters/crawler)"
162.0.232.193 - - [08/Jun/2025:21:40:08 -0400] "POST /wp-cron.php?doing_wp_cron=1749433207.9223411083221435546875 HTTP/1.1" 200 0 "-" "WordPress/6.8.1; https://read11.windbreakermanga.com"
114.119.129.189 - - [08/Jun/2025:21:40:07 -0400] "GET /category/wind-breaker-webtoon/page/49/ HTTP/1.1" 200 12265 "https://read10.windbreakermanga.com/category/wind-breaker-webtoon/page/49/" "Mozilla/5.0 (Linux; Android 7.0;) AppleWebKit/537.36 (KHTML, like Gecko) Mobile Safari/537.36 (compatible; PetalBot;+https://webmaster.petalsearch.com/site/petalbot)"
162.0.232.193 - - [08/Jun/2025:21:41:42 -0400] "POST /wp-cron.php?doing_wp_cron=1749433302.3114991188049316406250 HTTP/1.1" 200 0 "-" "WordPress/6.8.1; https://read11.windbreakermanga.com"
114.119.139.202 - - [08/Jun/2025:21:41:40 -0400] "GET /category/manga/page/40/ HTTP/1.1" 200 12132 "https://read10.windbreakermanga.com/category/manga/page/40/" "Mozilla/5.0 (Linux; Android 7.0;) AppleWebKit/537.36 (KHTML, like Gecko) Mobile Safari/537.36 (compatible; PetalBot;+https://webmaster.petalsearch.com/site/petalbot)"
2806:105e:1c:eda8:6883:1bb1:e73c:bfb2 - - [08/Jun/2025:21:41:52 -0400] "GET /wind-breaker-chapter-140/ HTTP/1.1" 200 11940 "https://www.google.com/" "Mozilla/5.0 (Linux; Android 10; K) AppleWebKit/537.36 (KHTML, like Gecko) Chrome/137.0.0.0 Mobile Safari/537.36"
2806:105e:1c:eda8:6883:1bb1:e73c:bfb2 - - [08/Jun/2025:21:41:53 -0400] "POST /wp-admin/admin-ajax.php HTTP/1.1" 200 61 "https://read11.windbreakermanga.com/wind-breaker-chapter-140/" "Mozilla/5.0 (Linux; Android 10; K) AppleWebKit/537.36 (KHTML, like Gecko) Chrome/137.0.0.0 Mobile Safari/537.36"
2806:105e:1c:eda8:6883:1bb1:e73c:bfb2 - - [08/Jun/2025:21:41:57 -0400] "GET /wp-content/uploads/2024/02/cropped-jay-jo-180x180.webp HTTP/1.1" 200 6282 "https://read11.windbreakermanga.com/wind-breaker-chapter-140/" "Mozilla/5.0 (Linux; Android 10; K) AppleWebKit/537.36 (KHTML, like Gecko) Chrome/137.0.0.0 Mobile Safari/537.36"
162.0.232.193 - - [08/Jun/2025:21:42:38 -0400] "POST /wp-cron.php?doing_wp_cron=1749433358.6551849842071533203125 HTTP/1.1" 200 0 "-" "WordPress/6.8.1; https://read11.windbreakermanga.com"
2a03:2880:f800:3:: - - [08/Jun/2025:21:42:38 -0400] "GET /category/manga/page/8/ HTTP/1.1" 200 13377 "-" "meta-externalagent/1.1 (+https://developers.facebook.com/docs/sharing/webmasters/crawler)"
162.0.232.193 - - [08/Jun/2025:21:42:40 -0400] "GET /wp-content/uploads/f979bbbcbe9df560cb74049269d2541e_4104.xml HTTP/1.1" 200 2577 "-" "Mozilla/5.0 (X11; Linux x86_64) AppleWebKit/537.36 (KHTML, like Gecko) Ubuntu Chromium/41.0.2272.76"
162.0.232.193 - - [08/Jun/2025:21:44:52 -0400] "POST /wp-cron.php?doing_wp_cron=1749433492.7283089160919189453125 HTTP/1.1" 200 0 "-" "WordPress/6.8.1; https://read11.windbreakermanga.com"
44.210.213.220 - - [08/Jun/2025:21:44:51 -0400] "GET /wind-breaker-chapter-414/ HTTP/1.1" 301 0 "-" "Mozilla/5.0 AppleWebKit/537.36 (KHTML, like Gecko; compatible; Amazonbot/0.1; +https://developer.amazon.com/support/amazonbot) Chrome/119.0.6045.214 Safari/537.36"
18.215.24.66 - - [08/Jun/2025:21:44:54 -0400] "GET /wind-breaker-chapter-25/ HTTP/1.1" 200 11536 "-" "Mozilla/5.0 AppleWebKit/537.36 (KHTML, like Gecko; compatible; Amazonbot/0.1; +https://developer.amazon.com/support/amazonbot) Chrome/119.0.6045.214 Safari/537.36"
34.227.156.153 - - [08/Jun/2025:21:44:58 -0400] "GET /wind-breaker-chapter-220-part-2-ep-152/ HTTP/1.1" 301 0 "-" "Mozilla/5.0 AppleWebKit/537.36 (KHTML, like Gecko; compatible; Amazonbot/0.1; +https://developer.amazon.com/support/amazonbot) Chrome/119.0.6045.214 Safari/537.36"
44.217.177.142 - - [08/Jun/2025:21:45:03 -0400] "GET /wind-breaker-chapter-10-1/ HTTP/1.1" 301 0 "-" "Mozilla/5.0 AppleWebKit/537.36 (KHTML, like Gecko; compatible; Amazonbot/0.1; +https://developer.amazon.com/support/amazonbot) Chrome/119.0.6045.214 Safari/537.36"
23.21.148.226 - - [08/Jun/2025:21:45:06 -0400] "GET /wind-breaker-chapter-431/ HTTP/1.1" 301 0 "-" "Mozilla/5.0 AppleWebKit/537.36 (KHTML, like Gecko; compatible; Amazonbot/0.1; +https://developer.amazon.com/support/amazonbot) Chrome/119.0.6045.214 Safari/537.36"
180.102.134.69 - - [08/Jun/2025:21:47:47 -0400] "GET / HTTP/1.1" 200 12578 "https://windbreakermanga.com/" "Mozilla/5.0 (iPhone; CPU iPhone OS 13_2_3 like Mac OS X) AppleWebKit/605.1.15 (KHTML, like Gecko) Version/13.0.3 Mobile/15E148 Safari/604.1"
162.0.232.193 - - [08/Jun/2025:21:49:00 -0400] "POST /wp-cron.php?doing_wp_cron=1749433739.8532290458679199218750 HTTP/1.1" 200 0 "-" "WordPress/6.8.1; https://read11.windbreakermanga.com"
2a03:2880:f800:7:: - - [08/Jun/2025:21:48:58 -0400] "GET /category/wind-breaker/page/3/ HTTP/1.1" 200 12978 "-" "meta-externalagent/1.1 (+https://developers.facebook.com/docs/sharing/webmasters/crawler)"
162.0.232.193 - - [08/Jun/2025:21:49:02 -0400] "GET /wp-content/uploads/f979bbbcbe9df560cb74049269d2541e_4104.xml HTTP/1.1" 200 2573 "-" "Mozilla/5.0 (X11; Linux x86_64) AppleWebKit/537.36 (KHTML, like Gecko) Ubuntu Chromium/41.0.2272.76"
124.156.157.91 - - [08/Jun/2025:21:49:29 -0400] "GET /wp-json/oembed/1.0/embed?url=https%3A%2F%2Fread11.windbreakermanga.com%2Fwind-breaker-chapter-13%2F HTTP/1.1" 200 2536 "-" "Mozilla/5.0 (iPhone; CPU iPhone OS 13_2_3 like Mac OS X) AppleWebKit/605.1.15 (KHTML, like Gecko) Version/13.0.3 Mobile/15E148 Safari/604.1"
2405:201:ac02:1231:2e67:a937:b485:baba - - [08/Jun/2025:21:50:25 -0400] "GET /wind-breaker-chapter-550/ HTTP/1.1" 200 11557 "-" "Mozilla/5.0 (Linux; Android 14; SM-X110 Build/UP1A.231005.007; wv) AppleWebKit/537.36 (KHTML, like Gecko) Version/4.0 Chrome/136.0.7103.127 Safari/537.36"
162.0.232.193 - - [08/Jun/2025:21:50:26 -0400] "POST /wp-cron.php?doing_wp_cron=1749433826.4069149494171142578125 HTTP/1.1" 200 0 "-" "WordPress/6.8.1; https://read11.windbreakermanga.com"
2405:201:ac02:1231:2e67:a937:b485:baba - - [08/Jun/2025:21:50:26 -0400] "POST /wp-admin/admin-ajax.php HTTP/1.1" 200 61 "https://read11.windbreakermanga.com/wind-breaker-chapter-550/" "Mozilla/5.0 (Linux; Android 14; SM-X110 Build/UP1A.231005.007; wv) AppleWebKit/537.36 (KHTML, like Gecko) Version/4.0 Chrome/136.0.7103.127 Safari/537.36"
2405:201:ac02:1231:2e67:a937:b485:baba - - [08/Jun/2025:21:50:28 -0400] "GET / HTTP/1.1" 200 12578 "-" "Mozilla/5.0 (Linux; Android 14; SM-X110 Build/UP1A.231005.007; wv) AppleWebKit/537.36 (KHTML, like Gecko) Version/4.0 Chrome/136.0.7103.127 Safari/537.36"
2405:201:ac02:1231:2e67:a937:b485:baba - - [08/Jun/2025:21:50:33 -0400] "GET /wind-breaker-chapter-550/ HTTP/1.1" 304 0 "-" "Mozilla/5.0 (Linux; Android 14; SM-X110 Build/UP1A.231005.007; wv) AppleWebKit/537.36 (KHTML, like Gecko) Version/4.0 Chrome/136.0.7103.127 Safari/537.36"
2405:201:ac02:1231:2e67:a937:b485:baba - - [08/Jun/2025:21:50:34 -0400] "POST /wp-admin/admin-ajax.php HTTP/1.1" 200 61 "https://read11.windbreakermanga.com/wind-breaker-chapter-550/" "Mozilla/5.0 (Linux; Android 14; SM-X110 Build/UP1A.231005.007; wv) AppleWebKit/537.36 (KHTML, like Gecko) Version/4.0 Chrome/136.0.7103.127 Safari/537.36"
40.88.21.235 - - [08/Jun/2025:21:51:15 -0400] "GET / HTTP/1.1" 200 12572 "https://read11.windbreakermanga.com/" "DuckDuckBot/1.1; (+http://duckduckgo.com/duckduckbot.html)"
162.0.232.193 - - [08/Jun/2025:21:51:30 -0400] "POST /wp-cron.php?doing_wp_cron=1749433889.8510069847106933593750 HTTP/1.1" 200 0 "-" "WordPress/6.8.1; https://read11.windbreakermanga.com"
196.251.69.133 - - [08/Jun/2025:21:51:29 -0400] "GET //wp-includes/wlwmanifest.xml HTTP/1.1" 301 0 "-" "Mozilla/5.0 (Windows NT 10.0; Win64; x64) AppleWebKit/537.36 (KHTML, like Gecko) Chrome/88.0.4240.193 Safari/537.36"
196.251.69.133 - - [08/Jun/2025:21:51:30 -0400] "GET / HTTP/1.1" 200 12572 "-" "Mozilla/5.0 (Windows NT 10.0; Win64; x64) AppleWebKit/537.36 (KHTML, like Gecko) Chrome/88.0.4240.193 Safari/537.36"
162.0.232.193 - - [08/Jun/2025:21:51:40 -0400] "POST /wp-cron.php?doing_wp_cron=1749433900.3060410022735595703125 HTTP/1.1" 200 0 "-" "WordPress/6.8.1; https://read11.windbreakermanga.com"
114.119.130.178 - - [08/Jun/2025:21:51:40 -0400] "GET /category/wind-breaker-manga/page/53/ HTTP/1.1" 200 12218 "https://read11.windbreakermanga.com/category/wind-breaker-manga/page/52/" "Mozilla/5.0 (Linux; Android 7.0;) AppleWebKit/537.36 (KHTML, like Gecko) Mobile Safari/537.36 (compatible; PetalBot;+https://webmaster.petalsearch.com/site/petalbot)"
162.0.232.193 - - [08/Jun/2025:21:53:17 -0400] "POST /wp-cron.php?doing_wp_cron=1749433997.5463941097259521484375 HTTP/1.1" 200 0 "-" "WordPress/6.8.1; https://read11.windbreakermanga.com"
114.119.130.178 - - [08/Jun/2025:21:53:15 -0400] "GET /category/manga/page/28/ HTTP/1.1" 200 14012 "https://read10.windbreakermanga.com/category/manga/page/29/" "Mozilla/5.0 (Linux; Android 7.0;) AppleWebKit/537.36 (KHTML, like Gecko) Mobile Safari/537.36 (compatible; PetalBot;+https://webmaster.petalsearch.com/site/petalbot)"
162.0.232.193 - - [08/Jun/2025:21:53:20 -0400] "GET /wp-content/uploads/f979bbbcbe9df560cb74049269d2541e_4104.xml HTTP/1.1" 200 2577 "-" "Mozilla/5.0 (X11; Linux x86_64) AppleWebKit/537.36 (KHTML, like Gecko) Ubuntu Chromium/41.0.2272.76"
2601:447:d001:df40:f8fc:1d2b:aff1:285c - - [08/Jun/2025:21:54:25 -0400] "GET / HTTP/1.1" 200 12578 "https://duckduckgo.com/" "Mozilla/5.0 (Linux; Android 10; K) AppleWebKit/537.36 (KHTML, like Gecko) Chrome/136.0.0.0 Mobile Safari/537.36"
2601:447:d001:df40:f8fc:1d2b:aff1:285c - - [08/Jun/2025:21:54:25 -0400] "GET /wp-content/uploads/2024/02/te926m2lqxc91.webp HTTP/1.1" 200 51244 "https://read11.windbreakermanga.com/" "Mozilla/5.0 (Linux; Android 10; K) AppleWebKit/537.36 (KHTML, like Gecko) Chrome/136.0.0.0 Mobile Safari/537.36"
2601:447:d001:df40:f8fc:1d2b:aff1:285c - - [08/Jun/2025:21:54:25 -0400] "GET /wp-content/uploads/2024/02/is-wind-breaker-worth-reading-right-now-v0-caa0pw3v7f8b1.webp HTTP/1.1" 200 156952 "https://read11.windbreakermanga.com/" "Mozilla/5.0 (Linux; Android 10; K) AppleWebKit/537.36 (KHTML, like Gecko) Chrome/136.0.0.0 Mobile Safari/537.36"
2601:447:d001:df40:f8fc:1d2b:aff1:285c - - [08/Jun/2025:21:54:25 -0400] "GET /wp-content/cache/min/1/wp-content/plugins/comic-easel/css/comiceasel.css?ver=1746140519 HTTP/1.1" 200 1064 "https://read11.windbreakermanga.com/" "Mozilla/5.0 (Linux; Android 10; K) AppleWebKit/537.36 (KHTML, like Gecko) Chrome/136.0.0.0 Mobile Safari/537.36"
2601:447:d001:df40:f8fc:1d2b:aff1:285c - - [08/Jun/2025:21:54:25 -0400] "GET /wp-content/cache/min/1/wp-content/plugins/widgets-on-pages/public/css/widgets-on-pages-public.css?ver=1746140519 HTTP/1.1" 200 75 "https://read11.windbreakermanga.com/" "Mozilla/5.0 (Linux; Android 10; K) AppleWebKit/537.36 (KHTML, like Gecko) Chrome/136.0.0.0 Mobile Safari/537.36"
2601:447:d001:df40:f8fc:1d2b:aff1:285c - - [08/Jun/2025:21:54:25 -0400] "GET /wp-includes/js/jquery/jquery-migrate.min.js?ver=3.4.1 HTTP/1.1" 200 4678 "https://read11.windbreakermanga.com/" "Mozilla/5.0 (Linux; Android 10; K) AppleWebKit/537.36 (KHTML, like Gecko) Chrome/136.0.0.0 Mobile Safari/537.36"
2601:447:d001:df40:f8fc:1d2b:aff1:285c - - [08/Jun/2025:21:54:25 -0400] "GET /wp-content/cache/min/1/wp-content/plugins/comic-easel/js/keynav.js?ver=1746140519 HTTP/1.1" 200 221 "https://read11.windbreakermanga.com/" "Mozilla/5.0 (Linux; Android 10; K) AppleWebKit/537.36 (KHTML, like Gecko) Chrome/136.0.0.0 Mobile Safari/537.36"
2601:447:d001:df40:f8fc:1d2b:aff1:285c - - [08/Jun/2025:21:54:25 -0400] "GET /wp-includes/css/dist/block-library/style.min.css?ver=6.8.1 HTTP/1.1" 200 14358 "https://read11.windbreakermanga.com/" "Mozilla/5.0 (Linux; Android 10; K) AppleWebKit/537.36 (KHTML, like Gecko) Chrome/136.0.0.0 Mobile Safari/537.36"
2601:447:d001:df40:f8fc:1d2b:aff1:285c - - [08/Jun/2025:21:54:25 -0400] "GET /wp-includes/js/jquery/jquery.min.js?ver=3.7.1 HTTP/1.1" 200 29744 "https://read11.windbreakermanga.com/" "Mozilla/5.0 (Linux; Android 10; K) AppleWebKit/537.36 (KHTML, like Gecko) Chrome/136.0.0.0 Mobile Safari/537.36"
2601:447:d001:df40:f8fc:1d2b:aff1:285c - - [08/Jun/2025:21:54:25 -0400] "GET /wp-content/cache/min/1/wp-content/themes/toivo-lite/style.css?ver=1746140519 HTTP/1.1" 200 10061 "https://read11.windbreakermanga.com/" "Mozilla/5.0 (Linux; Android 10; K) AppleWebKit/537.36 (KHTML, like Gecko) Chrome/136.0.0.0 Mobile Safari/537.36"
2601:447:d001:df40:f8fc:1d2b:aff1:285c - - [08/Jun/2025:21:54:25 -0400] "GET /wp-content/cache/min/1/wp-content/plugins/simple-social-buttons/assets/css/front.css?ver=1746140519 HTTP/1.1" 200 9651 "https://read11.windbreakermanga.com/" "Mozilla/5.0 (Linux; Android 10; K) AppleWebKit/537.36 (KHTML, like Gecko) Chrome/136.0.0.0 Mobile Safari/537.36"
2601:447:d001:df40:f8fc:1d2b:aff1:285c - - [08/Jun/2025:21:54:25 -0400] "GET /wp-content/cache/min/1/wp-content/themes/toivo-lite/fonts/genericons/genericons/genericons.min.css?ver=1746140519 HTTP/1.1" 200 15990 "https://read11.windbreakermanga.com/" "Mozilla/5.0 (Linux; Android 10; K) AppleWebKit/537.36 (KHTML, like Gecko) Chrome/136.0.0.0 Mobile Safari/537.36"
2601:447:d001:df40:f8fc:1d2b:aff1:285c - - [08/Jun/2025:21:54:26 -0400] "GET /wp-content/uploads/2024/02/cropped-Wind-Breaker-1024x538-1.webp HTTP/1.1" 200 27262 "https://read11.windbreakermanga.com/" "Mozilla/5.0 (Linux; Android 10; K) AppleWebKit/537.36 (KHTML, like Gecko) Chrome/136.0.0.0 Mobile Safari/537.36"
2601:447:d001:df40:f8fc:1d2b:aff1:285c - - [08/Jun/2025:21:54:26 -0400] "GET /wp-content/plugins/simple-social-buttons/assets/js/frontend-blocks.js?ver=6.1.0 HTTP/1.1" 200 0 "https://read11.windbreakermanga.com/" "Mozilla/5.0 (Linux; Android 10; K) AppleWebKit/537.36 (KHTML, like Gecko) Chrome/136.0.0.0 Mobile Safari/537.36"
2601:447:d001:df40:f8fc:1d2b:aff1:285c - - [08/Jun/2025:21:54:26 -0400] "GET /wp-content/themes/toivo-lite/js/settings.min.js?ver=1.2.0 HTTP/1.1" 200 307 "https://read11.windbreakermanga.com/" "Mozilla/5.0 (Linux; Android 10; K) AppleWebKit/537.36 (KHTML, like Gecko) Chrome/136.0.0.0 Mobile Safari/537.36"
2601:447:d001:df40:f8fc:1d2b:aff1:285c - - [08/Jun/2025:21:54:26 -0400] "GET /wp-content/themes/toivo-lite/js/functions.min.js?ver=1.2.0 HTTP/1.1" 200 593 "https://read11.windbreakermanga.com/" "Mozilla/5.0 (Linux; Android 10; K) AppleWebKit/537.36 (KHTML, like Gecko) Chrome/136.0.0.0 Mobile Safari/537.36"
2601:447:d001:df40:f8fc:1d2b:aff1:285c - - [08/Jun/2025:21:54:26 -0400] "GET /wp-content/themes/toivo-lite/js/responsive-nav.min.js?ver=1.2.0 HTTP/1.1" 200 2102 "https://read11.windbreakermanga.com/" "Mozilla/5.0 (Linux; Android 10; K) AppleWebKit/537.36 (KHTML, like Gecko) Chrome/136.0.0.0 Mobile Safari/537.36"
2601:447:d001:df40:f8fc:1d2b:aff1:285c - - [08/Jun/2025:21:54:26 -0400] "GET /wp-content/cache/min/1/wp-content/plugins/simple-social-buttons/assets/js/front.js?ver=1746140519 HTTP/1.1" 200 1525 "https://read11.windbreakermanga.com/" "Mozilla/5.0 (Linux; Android 10; K) AppleWebKit/537.36 (KHTML, like Gecko) Chrome/136.0.0.0 Mobile Safari/537.36"
2601:447:d001:df40:f8fc:1d2b:aff1:285c - - [08/Jun/2025:21:54:27 -0400] "GET /wp-content/uploads/2024/02/cropped-jay-jo-192x192.webp HTTP/1.1" 200 6674 "https://read11.windbreakermanga.com/" "Mozilla/5.0 (Linux; Android 10; K) AppleWebKit/537.36 (KHTML, like Gecko) Chrome/136.0.0.0 Mobile Safari/537.36"
2601:447:d001:df40:f8fc:1d2b:aff1:285c - - [08/Jun/2025:21:54:27 -0400] "GET /wp-content/uploads/2024/02/cropped-jay-jo-32x32.webp HTTP/1.1" 200 540 "https://read11.windbreakermanga.com/" "Mozilla/5.0 (Linux; Android 10; K) AppleWebKit/537.36 (KHTML, like Gecko) Chrome/136.0.0.0 Mobile Safari/537.36"
2601:447:d001:df40:f8fc:1d2b:aff1:285c - - [08/Jun/2025:21:54:27 -0400] "GET /wp-content/uploads/2024/02/cropped-jay-jo-180x180.webp HTTP/1.1" 200 6282 "-" "DuckDuckGo/5 (com.duckduckgo.mobile.android; Android API 35)"
162.0.232.193 - - [08/Jun/2025:21:54:27 -0400] "POST /wp-cron.php?doing_wp_cron=1749434067.6108419895172119140625 HTTP/1.1" 200 0 "-" "WordPress/6.8.1; https://read11.windbreakermanga.com"
2601:447:d001:df40:f8fc:1d2b:aff1:285c - - [08/Jun/2025:21:54:27 -0400] "GET /apple-touch-icon.png HTTP/1.1" 200 0 "-" "DuckDuckGo/5 (com.duckduckgo.mobile.android; Android API 35)"
66.249.77.193 - - [08/Jun/2025:21:55:07 -0400] "GET /wind-breaker-chapter-70/ HTTP/1.1" 200 11910 "-" "Mozilla/5.0 (Linux; Android 6.0.1; Nexus 5X Build/MMB29P) AppleWebKit/537.36 (KHTML, like Gecko) Chrome/136.0.7103.113 Mobile Safari/537.36 (compatible; Googlebot/2.1; +http://www.google.com/bot.html)"
162.0.232.193 - - [08/Jun/2025:21:55:10 -0400] "POST /wp-cron.php?doing_wp_cron=1749434110.5926849842071533203125 HTTP/1.1" 200 0 "-" "WordPress/6.8.1; https://read11.windbreakermanga.com"
66.249.77.201 - - [08/Jun/2025:21:55:10 -0400] "POST /wp-admin/admin-ajax.php HTTP/1.1" 200 61 "https://read11.windbreakermanga.com/wind-breaker-chapter-70/" "Mozilla/5.0 (Linux; Android 6.0.1; Nexus 5X Build/MMB29P) AppleWebKit/537.36 (KHTML, like Gecko) Chrome/136.0.7103.92 Mobile Safari/537.36 (compatible; Googlebot/2.1; +http://www.google.com/bot.html)"
162.0.232.193 - - [08/Jun/2025:21:58:38 -0400] "POST /wp-cron.php?doing_wp_cron=1749434318.1155960559844970703125 HTTP/1.1" 200 0 "-" "WordPress/6.8.1; https://read11.windbreakermanga.com"
47.79.123.193 - - [08/Jun/2025:21:58:36 -0400] "GET /category/wind-breaker-webtoon/page/27 HTTP/1.1" 301 0 "https://read11.windbreakermanga.com/category/wind-breaker-webtoon/page/27" "Mozilla/5.0 (Windows NT 10.0; Win64; x64) AppleWebKit/537.36 (KHTML, like Gecko) Chrome/114.0.0.0 Safari/537.36 Edg/114.0.1823.43"
47.79.123.193 - - [08/Jun/2025:21:58:38 -0400] "GET /category/wind-breaker-webtoon/page/27/ HTTP/1.1" 200 14016 "https://read11.windbreakermanga.com/category/wind-breaker-webtoon/page/27" "Mozilla/5.0 (Windows NT 10.0; Win64; x64) AppleWebKit/537.36 (KHTML, like Gecko) Chrome/114.0.0.0 Safari/537.36 Edg/114.0.1823.43"
162.0.232.193 - - [08/Jun/2025:21:58:40 -0400] "GET /wp-content/uploads/f979bbbcbe9df560cb74049269d2541e_4104.xml HTTP/1.1" 200 2292 "-" "Mozilla/5.0 (X11; Linux x86_64) AppleWebKit/537.36 (KHTML, like Gecko) Ubuntu Chromium/41.0.2272.76"
43.152.72.244 - - [08/Jun/2025:22:00:00 -0400] "GET /wind-breaker-chapter-13/ HTTP/1.1" 200 11773 "-" "Mozilla/5.0 (iPhone; CPU iPhone OS 13_2_3 like Mac OS X) AppleWebKit/605.1.15 (KHTML, like Gecko) Version/13.0.3 Mobile/15E148 Safari/604.1"
207.46.13.18 - - [08/Jun/2025:22:00:37 -0400] "GET /wind-breaker-chapter-474/ HTTP/1.1" 200 11956 "-" "Mozilla/5.0 AppleWebKit/537.36 (KHTML, like Gecko; compatible; bingbot/2.0; +http://www.bing.com/bingbot.htm) Chrome/116.0.1938.76 Safari/537.36"
162.0.232.193 - - [08/Jun/2025:22:01:29 -0400] "POST /wp-cron.php?doing_wp_cron=1749434489.8800840377807617187500 HTTP/1.1" 200 0 "-" "WordPress/6.8.1; https://read11.windbreakermanga.com"
203.159.90.113 - - [08/Jun/2025:22:01:29 -0400] "GET /.env HTTP/1.1" 301 0 "-" "Mozilla/5.0 (Macintosh; Intel Mac OS X 10.15; rv:77.0) Gecko/20100101 Firefox/77.0"
203.159.90.113 - - [08/Jun/2025:22:01:30 -0400] "GET / HTTP/1.1" 200 12572 "-" "Mozilla/5.0 (Macintosh; Intel Mac OS X 10.15; rv:77.0) Gecko/20100101 Firefox/77.0"
162.0.232.193 - - [08/Jun/2025:22:02:21 -0400] "POST /wp-cron.php?doing_wp_cron=1749434541.5132548809051513671875 HTTP/1.1" 200 0 "-" "WordPress/6.8.1; https://read11.windbreakermanga.com"
52.164.122.222 - - [08/Jun/2025:22:02:21 -0400] "GET /lv.php HTTP/1.1" 301 0 "-" "-"
52.164.122.222 - - [08/Jun/2025:22:02:22 -0400] "GET / HTTP/1.1" 200 12572 "-" "-"
52.164.122.222 - - [08/Jun/2025:22:02:22 -0400] "GET /wp-22.php HTTP/1.1" 301 0 "-" "-"
52.164.122.222 - - [08/Jun/2025:22:02:22 -0400] "GET / HTTP/1.1" 200 12572 "-" "-"
52.164.122.222 - - [08/Jun/2025:22:02:23 -0400] "GET /wp-content/plugins/pwnd/pwnd.php HTTP/1.1" 301 0 "-" "-"
52.164.122.222 - - [08/Jun/2025:22:02:23 -0400] "GET / HTTP/1.1" 200 12572 "-" "-"
52.164.122.222 - - [08/Jun/2025:22:02:23 -0400] "GET /wp-content/plugins/pwnd-1/pwnd.php HTTP/1.1" 301 0 "-" "-"
52.164.122.222 - - [08/Jun/2025:22:02:24 -0400] "GET / HTTP/1.1" 200 12572 "-" "-"
162.0.232.193 - - [08/Jun/2025:22:02:24 -0400] "GET /wp-content/uploads/f979bbbcbe9df560cb74049269d2541e_4104.xml HTTP/1.1" 200 2573 "-" "Mozilla/5.0 (X11; Linux x86_64) AppleWebKit/537.36 (KHTML, like Gecko) Ubuntu Chromium/41.0.2272.76"
52.164.122.222 - - [08/Jun/2025:22:02:24 -0400] "GET /wp-includes/Requests/about.php HTTP/1.1" 301 0 "-" "-"
52.164.122.222 - - [08/Jun/2025:22:02:25 -0400] "GET / HTTP/1.1" 200 12572 "-" "-"
52.164.122.222 - - [08/Jun/2025:22:02:25 -0400] "GET /wp-includes/style-engine/about.php HTTP/1.1" 301 0 "-" "-"
52.164.122.222 - - [08/Jun/2025:22:02:26 -0400] "GET / HTTP/1.1" 200 12572 "-" "-"
52.164.122.222 - - [08/Jun/2025:22:02:27 -0400] "GET /wp-includes/rest-api/about.php HTTP/1.1" 301 0 "-" "-"
52.164.122.222 - - [08/Jun/2025:22:02:27 -0400] "GET / HTTP/1.1" 200 12572 "-" "-"
52.164.122.222 - - [08/Jun/2025:22:02:28 -0400] "GET /wp-includes/SimplePie/about.php HTTP/1.1" 301 0 "-" "-"
52.164.122.222 - - [08/Jun/2025:22:02:29 -0400] "GET / HTTP/1.1" 200 12572 "-" "-"
52.164.122.222 - - [08/Jun/2025:22:02:29 -0400] "GET /wp-content/banners/about.php HTTP/1.1" 301 0 "-" "-"
52.164.122.222 - - [08/Jun/2025:22:02:30 -0400] "GET / HTTP/1.1" 200 12572 "-" "-"
52.164.122.222 - - [08/Jun/2025:22:02:30 -0400] "GET /wp-content/about.php HTTP/1.1" 301 0 "-" "-"
52.164.122.222 - - [08/Jun/2025:22:02:31 -0400] "GET / HTTP/1.1" 200 12572 "-" "-"
52.164.122.222 - - [08/Jun/2025:22:02:31 -0400] "GET /.well-known/about.php HTTP/1.1" 301 0 "-" "-"
52.164.122.222 - - [08/Jun/2025:22:02:31 -0400] "GET / HTTP/1.1" 200 12572 "-" "-"
52.164.122.222 - - [08/Jun/2025:22:02:32 -0400] "GET /wp-includes/Text/about.php HTTP/1.1" 301 0 "-" "-"
52.164.122.222 - - [08/Jun/2025:22:02:33 -0400] "GET / HTTP/1.1" 200 12572 "-" "-"
52.164.122.222 - - [08/Jun/2025:22:02:33 -0400] "GET /wp-includes/ID3/about.php HTTP/1.1" 301 0 "-" "-"
52.164.122.222 - - [08/Jun/2025:22:02:33 -0400] "GET / HTTP/1.1" 200 12572 "-" "-"
52.164.122.222 - - [08/Jun/2025:22:02:33 -0400] "GET /img/about.php HTTP/1.1" 301 0 "-" "-"
52.164.122.222 - - [08/Jun/2025:22:02:34 -0400] "GET / HTTP/1.1" 200 12572 "-" "-"
52.164.122.222 - - [08/Jun/2025:22:02:34 -0400] "GET /wp-content/languages/about.php HTTP/1.1" 301 0 "-" "-"
52.164.122.222 - - [08/Jun/2025:22:02:34 -0400] "GET / HTTP/1.1" 200 12572 "-" "-"
52.164.122.222 - - [08/Jun/2025:22:02:35 -0400] "GET /wp-includes/customize/about.php HTTP/1.1" 301 0 "-" "-"
52.164.122.222 - - [08/Jun/2025:22:02:35 -0400] "GET / HTTP/1.1" 200 12572 "-" "-"
52.164.122.222 - - [08/Jun/2025:22:02:35 -0400] "GET /wp-includes.bak/html-api/about.php HTTP/1.1" 301 0 "-" "-"
52.164.122.222 - - [08/Jun/2025:22:02:36 -0400] "GET / HTTP/1.1" 200 12572 "-" "-"
52.164.122.222 - - [08/Jun/2025:22:02:36 -0400] "GET /wp-includes/widgets/about.php HTTP/1.1" 301 0 "-" "-"
52.164.122.222 - - [08/Jun/2025:22:02:36 -0400] "GET / HTTP/1.1" 200 12572 "-" "-"
52.164.122.222 - - [08/Jun/2025:22:02:36 -0400] "GET /wp-includes/IXR/about.php HTTP/1.1" 301 0 "-" "-"
52.164.122.222 - - [08/Jun/2025:22:02:37 -0400] "GET / HTTP/1.1" 200 12572 "-" "-"
52.164.122.222 - - [08/Jun/2025:22:02:37 -0400] "GET /wp-admin/js/about.php HTTP/1.1" 301 0 "-" "-"
52.164.122.222 - - [08/Jun/2025:22:02:38 -0400] "GET / HTTP/1.1" 200 12572 "-" "-"
52.164.122.222 - - [08/Jun/2025:22:02:38 -0400] "GET /.well-known/pki-validation/about.php HTTP/1.1" 301 0 "-" "-"
52.164.122.222 - - [08/Jun/2025:22:02:38 -0400] "GET / HTTP/1.1" 200 12572 "-" "-"
52.164.122.222 - - [08/Jun/2025:22:02:39 -0400] "GET /wp-includes/pomo/about.php HTTP/1.1" 301 0 "-" "-"
52.164.122.222 - - [08/Jun/2025:22:02:39 -0400] "GET / HTTP/1.1" 200 12572 "-" "-"
52.164.122.222 - - [08/Jun/2025:22:02:39 -0400] "GET /wp-includes/block-patterns/about.php HTTP/1.1" 301 0 "-" "-"
52.164.122.222 - - [08/Jun/2025:22:02:40 -0400] "GET / HTTP/1.1" 200 12572 "-" "-"
52.164.122.222 - - [08/Jun/2025:22:02:40 -0400] "GET /wp-content/updraft/about.php HTTP/1.1" 301 0 "-" "-"
52.164.122.222 - - [08/Jun/2025:22:02:40 -0400] "GET / HTTP/1.1" 200 12572 "-" "-"
52.164.122.222 - - [08/Jun/2025:22:02:40 -0400] "GET /wp-content/upgrade-temp-backup/about.php HTTP/1.1" 301 0 "-" "-"
52.164.122.222 - - [08/Jun/2025:22:02:41 -0400] "GET / HTTP/1.1" 200 12572 "-" "-"
52.164.122.222 - - [08/Jun/2025:22:02:41 -0400] "GET /wp-content/themes/about.php HTTP/1.1" 301 0 "-" "-"
52.164.122.222 - - [08/Jun/2025:22:02:42 -0400] "GET / HTTP/1.1" 200 12572 "-" "-"
52.164.122.222 - - [08/Jun/2025:22:02:42 -0400] "GET /wp-admin/includes/about.php HTTP/1.1" 301 0 "-" "-"
52.164.122.222 - - [08/Jun/2025:22:02:42 -0400] "GET / HTTP/1.1" 200 12572 "-" "-"
52.164.122.222 - - [08/Jun/2025:22:02:43 -0400] "GET /images/about.php HTTP/1.1" 301 0 "-" "-"
52.164.122.222 - - [08/Jun/2025:22:02:43 -0400] "GET / HTTP/1.1" 200 12572 "-" "-"
52.164.122.222 - - [08/Jun/2025:22:02:43 -0400] "GET /wp-content/blogs.dir/about.php HTTP/1.1" 301 0 "-" "-"
52.164.122.222 - - [08/Jun/2025:22:02:44 -0400] "GET / HTTP/1.1" 200 12572 "-" "-"
52.164.122.222 - - [08/Jun/2025:22:02:44 -0400] "GET /wp-includes/images/about.php HTTP/1.1" 301 0 "-" "-"
52.164.122.222 - - [08/Jun/2025:22:02:45 -0400] "GET / HTTP/1.1" 200 12572 "-" "-"
52.164.122.222 - - [08/Jun/2025:22:02:45 -0400] "GET /wp-includes/about.php HTTP/1.1" 301 0 "-" "-"
52.164.122.222 - - [08/Jun/2025:22:02:46 -0400] "GET / HTTP/1.1" 200 12572 "-" "-"
52.164.122.222 - - [08/Jun/2025:22:02:46 -0400] "GET /cgi-bin/about.php HTTP/1.1" 301 0 "-" "-"
52.164.122.222 - - [08/Jun/2025:22:02:46 -0400] "GET / HTTP/1.1" 200 12572 "-" "-"
52.164.122.222 - - [08/Jun/2025:22:02:47 -0400] "GET /wp-content/gallery/about.php HTTP/1.1" 301 0 "-" "-"
52.164.122.222 - - [08/Jun/2025:22:02:47 -0400] "GET / HTTP/1.1" 200 12572 "-" "-"
52.164.122.222 - - [08/Jun/2025:22:02:47 -0400] "GET /wp-includes/blocks/about.php HTTP/1.1" 301 0 "-" "-"
52.164.122.222 - - [08/Jun/2025:22:02:48 -0400] "GET / HTTP/1.1" 200 12572 "-" "-"
52.164.122.222 - - [08/Jun/2025:22:02:48 -0400] "GET /wp-admin/css/about.php HTTP/1.1" 301 0 "-" "-"
52.164.122.222 - - [08/Jun/2025:22:02:49 -0400] "GET / HTTP/1.1" 200 12572 "-" "-"
52.164.122.222 - - [08/Jun/2025:22:02:49 -0400] "GET /wp-admin/images/about.php HTTP/1.1" 301 0 "-" "-"
52.164.122.222 - - [08/Jun/2025:22:02:49 -0400] "GET / HTTP/1.1" 200 12572 "-" "-"
52.164.122.222 - - [08/Jun/2025:22:02:50 -0400] "GET /.well-known/pki-validation/cloud.php HTTP/1.1" 301 0 "-" "-"
52.164.122.222 - - [08/Jun/2025:22:02:50 -0400] "GET / HTTP/1.1" 200 12572 "-" "-"
52.164.122.222 - - [08/Jun/2025:22:02:51 -0400] "GET /.well-known/acme-challenge/cloud.php HTTP/1.1" 301 0 "-" "-"
52.164.122.222 - - [08/Jun/2025:22:02:51 -0400] "GET / HTTP/1.1" 200 12572 "-" "-"
52.164.122.222 - - [08/Jun/2025:22:02:51 -0400] "GET /wp-admin/network/cloud.php HTTP/1.1" 301 0 "-" "-"
52.164.122.222 - - [08/Jun/2025:22:02:52 -0400] "GET / HTTP/1.1" 200 12572 "-" "-"
52.164.122.222 - - [08/Jun/2025:22:02:52 -0400] "GET /cloud.php HTTP/1.1" 301 0 "-" "-"
52.164.122.222 - - [08/Jun/2025:22:02:52 -0400] "GET / HTTP/1.1" 200 12572 "-" "-"
52.164.122.222 - - [08/Jun/2025:22:02:52 -0400] "GET /cgi-bin/cloud.php HTTP/1.1" 301 0 "-" "-"
52.164.122.222 - - [08/Jun/2025:22:02:53 -0400] "GET / HTTP/1.1" 200 12572 "-" "-"
52.164.122.222 - - [08/Jun/2025:22:02:53 -0400] "GET /wp-content/updates.php HTTP/1.1" 301 0 "-" "-"
52.164.122.222 - - [08/Jun/2025:22:02:53 -0400] "GET / HTTP/1.1" 200 12572 "-" "-"
52.164.122.222 - - [08/Jun/2025:22:02:54 -0400] "GET /css/cloud.php HTTP/1.1" 301 0 "-" "-"
52.164.122.222 - - [08/Jun/2025:22:02:54 -0400] "GET / HTTP/1.1" 200 12572 "-" "-"
52.164.122.222 - - [08/Jun/2025:22:02:54 -0400] "GET /wp-admin/user/cloud.php HTTP/1.1" 301 0 "-" "-"
52.164.122.222 - - [08/Jun/2025:22:02:55 -0400] "GET / HTTP/1.1" 200 12572 "-" "-"
52.164.122.222 - - [08/Jun/2025:22:02:55 -0400] "GET /img/cloud.php HTTP/1.1" 301 0 "-" "-"
52.164.122.222 - - [08/Jun/2025:22:02:55 -0400] "GET / HTTP/1.1" 200 12572 "-" "-"
52.164.122.222 - - [08/Jun/2025:22:02:55 -0400] "GET /wp-admin/css/colors/coffee/cloud.php HTTP/1.1" 301 0 "-" "-"
52.164.122.222 - - [08/Jun/2025:22:02:56 -0400] "GET / HTTP/1.1" 200 12572 "-" "-"
52.164.122.222 - - [08/Jun/2025:22:02:56 -0400] "GET /wp-admin/images/cloud.php HTTP/1.1" 301 0 "-" "-"
52.164.122.222 - - [08/Jun/2025:22:02:56 -0400] "GET / HTTP/1.1" 200 12572 "-" "-"
52.164.122.222 - - [08/Jun/2025:22:02:56 -0400] "GET /avaa.php HTTP/1.1" 301 0 "-" "-"
52.164.122.222 - - [08/Jun/2025:22:02:57 -0400] "GET / HTTP/1.1" 200 12572 "-" "-"
52.164.122.222 - - [08/Jun/2025:22:02:57 -0400] "GET /images/cloud.php HTTP/1.1" 301 0 "-" "-"
52.164.122.222 - - [08/Jun/2025:22:02:57 -0400] "GET / HTTP/1.1" 200 12572 "-" "-"
52.164.122.222 - - [08/Jun/2025:22:02:57 -0400] "GET /wp-admin/js/widgets/cloud.php HTTP/1.1" 301 0 "-" "-"
52.164.122.222 - - [08/Jun/2025:22:02:58 -0400] "GET / HTTP/1.1" 200 12572 "-" "-"
52.164.122.222 - - [08/Jun/2025:22:02:58 -0400] "GET /wp-includes/Requests/Text/admin.php HTTP/1.1" 301 0 "-" "-"
52.164.122.222 - - [08/Jun/2025:22:02:58 -0400] "GET / HTTP/1.1" 200 12572 "-" "-"
52.164.122.222 - - [08/Jun/2025:22:02:58 -0400] "GET /wp-admin/css/colors/cloud.php HTTP/1.1" 301 0 "-" "-"
52.164.122.222 - - [08/Jun/2025:22:02:59 -0400] "GET / HTTP/1.1" 200 12572 "-" "-"
52.164.122.222 - - [08/Jun/2025:22:02:59 -0400] "GET /wp-admin/includes/cloud.php HTTP/1.1" 301 0 "-" "-"
52.164.122.222 - - [08/Jun/2025:22:02:59 -0400] "GET / HTTP/1.1" 200 12572 "-" "-"
52.164.122.222 - - [08/Jun/2025:22:03:00 -0400] "GET /wp-admin/css/colors/blue/cloud.php HTTP/1.1" 301 0 "-" "-"
52.164.122.222 - - [08/Jun/2025:22:03:00 -0400] "GET / HTTP/1.1" 200 12572 "-" "-"
52.164.122.222 - - [08/Jun/2025:22:03:00 -0400] "GET /wp-admin/cloud.php HTTP/1.1" 301 0 "-" "-"
52.164.122.222 - - [08/Jun/2025:22:03:01 -0400] "GET / HTTP/1.1" 200 12572 "-" "-"
52.164.122.222 - - [08/Jun/2025:22:03:01 -0400] "GET /updates.php HTTP/1.1" 301 0 "-" "-"
52.164.122.222 - - [08/Jun/2025:22:03:01 -0400] "GET / HTTP/1.1" 200 12572 "-" "-"
52.164.122.222 - - [08/Jun/2025:22:03:01 -0400] "GET /libraries/legacy/updates.php HTTP/1.1" 301 0 "-" "-"
52.164.122.222 - - [08/Jun/2025:22:03:02 -0400] "GET / HTTP/1.1" 200 12572 "-" "-"
52.164.122.222 - - [08/Jun/2025:22:03:02 -0400] "GET /libraries/phpmailer/updates.php HTTP/1.1" 301 0 "-" "-"
52.164.122.222 - - [08/Jun/2025:22:03:02 -0400] "GET / HTTP/1.1" 200 12572 "-" "-"
52.164.122.222 - - [08/Jun/2025:22:03:02 -0400] "GET /libraries/vendor/updates.php HTTP/1.1" 301 0 "-" "-"
52.164.122.222 - - [08/Jun/2025:22:03:03 -0400] "GET / HTTP/1.1" 200 12470 "-" "-"
52.164.122.222 - - [08/Jun/2025:22:03:03 -0400] "GET /alfa-rex.php7 HTTP/1.1" 301 0 "-" "-"
52.164.122.222 - - [08/Jun/2025:22:03:03 -0400] "GET / HTTP/1.1" 200 12572 "-" "-"
