162.0.232.193 - - [09/Jun/2025:00:34:46 -0400] "GET /wind-breaker-chapter-91/ HTTP/1.1" 200 11842 "-" "WP Rocket/Preload Mozilla/5.0 (iPhone; CPU iPhone OS 9_1 like Mac OS X) AppleWebKit/601.1.46 (KHTML, like Gecko) Version/9.0 Mobile/13B143 Safari/601.1"
162.0.232.193 - - [09/Jun/2025:00:34:47 -0400] "GET /wind-breaker-chapter-22/ HTTP/1.1" 200 12089 "-" "WP Rocket/Preload"
162.0.232.193 - - [09/Jun/2025:00:34:48 -0400] "GET /wind-breaker-chapter-22/ HTTP/1.1" 200 11775 "-" "WP Rocket/Preload Mozilla/5.0 (iPhone; CPU iPhone OS 9_1 like Mac OS X) AppleWebKit/601.1.46 (KHTML, like Gecko) Version/9.0 Mobile/13B143 Safari/601.1"
162.0.232.193 - - [09/Jun/2025:00:34:48 -0400] "GET /wind-breaker-chapter-88/ HTTP/1.1" 200 12209 "-" "WP Rocket/Preload"
162.0.232.193 - - [09/Jun/2025:00:34:49 -0400] "GET /wind-breaker-chapter-88/ HTTP/1.1" 200 11896 "-" "WP Rocket/Preload Mozilla/5.0 (iPhone; CPU iPhone OS 9_1 like Mac OS X) AppleWebKit/601.1.46 (KHTML, like Gecko) Version/9.0 Mobile/13B143 Safari/601.1"
2001:4455:50e:e600:85d4:960d:b6fb:81a3 - - [09/Jun/2025:00:35:11 -0400] "GET / HTTP/1.1" 304 0 "-" "Mozilla/5.0 (iPhone; CPU iPhone OS 15_8_4 like Mac OS X) AppleWebKit/605.1.15 (KHTML, like Gecko) Version/15.6.7 Mobile/15E148 Safari/604.1"
2001:4455:50e:e600:85d4:960d:b6fb:81a3 - - [09/Jun/2025:00:35:26 -0400] "GET / HTTP/1.1" 304 0 "-" "Mozilla/5.0 (iPhone; CPU iPhone OS 15_8_4 like Mac OS X) AppleWebKit/605.1.15 (KHTML, like Gecko) Version/15.6.7 Mobile/15E148 Safari/604.1"
162.0.232.193 - - [09/Jun/2025:00:35:35 -0400] "POST /wp-cron.php?doing_wp_cron=1749443734.9053740501403808593750 HTTP/1.1" 200 0 "-" "WordPress/6.8.1; https://read11.windbreakermanga.com"
114.119.129.189 - - [09/Jun/2025:00:35:34 -0400] "GET /category/manga/page/39/ HTTP/1.1" 200 12353 "https://read10.windbreakermanga.com/category/manga/page/38/" "Mozilla/5.0 (Linux; Android 7.0;) AppleWebKit/537.36 (KHTML, like Gecko) Mobile Safari/537.36 (compatible; PetalBot;+https://webmaster.petalsearch.com/site/petalbot)"
162.0.232.193 - - [09/Jun/2025:00:35:35 -0400] "GET /wind-breaker-chapter-82/ HTTP/1.1" 200 11514 "-" "WP Rocket/Preload"
162.0.232.193 - - [09/Jun/2025:00:35:36 -0400] "GET /wind-breaker-chapter-82/ HTTP/1.1" 200 11850 "-" "WP Rocket/Preload Mozilla/5.0 (iPhone; CPU iPhone OS 9_1 like Mac OS X) AppleWebKit/601.1.46 (KHTML, like Gecko) Version/9.0 Mobile/13B143 Safari/601.1"
162.0.232.193 - - [09/Jun/2025:00:35:37 -0400] "GET /wind-breaker-chapter-79/ HTTP/1.1" 200 12203 "-" "WP Rocket/Preload"
162.0.232.193 - - [09/Jun/2025:00:35:37 -0400] "GET /wind-breaker-chapter-79/ HTTP/1.1" 200 11898 "-" "WP Rocket/Preload Mozilla/5.0 (iPhone; CPU iPhone OS 9_1 like Mac OS X) AppleWebKit/601.1.46 (KHTML, like Gecko) Version/9.0 Mobile/13B143 Safari/601.1"
144.76.19.3 - - [09/Jun/2025:00:35:38 -0400] "GET /wind-breaker-chapter-171/ HTTP/1.1" 200 11954 "-" "Mozilla/5.0 (compatible; BLEXBot/1.0; +https://help.seranking.com/en/blex-crawler)"
162.0.232.193 - - [09/Jun/2025:00:35:38 -0400] "GET /wind-breaker-chapter-77/ HTTP/1.1" 200 12196 "-" "WP Rocket/Preload"
162.0.232.193 - - [09/Jun/2025:00:35:39 -0400] "GET /wind-breaker-chapter-77/ HTTP/1.1" 200 11885 "-" "WP Rocket/Preload Mozilla/5.0 (iPhone; CPU iPhone OS 9_1 like Mac OS X) AppleWebKit/601.1.46 (KHTML, like Gecko) Version/9.0 Mobile/13B143 Safari/601.1"
162.0.232.193 - - [09/Jun/2025:00:35:40 -0400] "GET /wind-breaker-chapter-78/ HTTP/1.1" 200 12182 "-" "WP Rocket/Preload"
162.0.232.193 - - [09/Jun/2025:00:35:41 -0400] "GET /wind-breaker-chapter-78/ HTTP/1.1" 200 11850 "-" "WP Rocket/Preload Mozilla/5.0 (iPhone; CPU iPhone OS 9_1 like Mac OS X) AppleWebKit/601.1.46 (KHTML, like Gecko) Version/9.0 Mobile/13B143 Safari/601.1"
144.76.19.3 - - [09/Jun/2025:00:35:42 -0400] "GET /wind-breaker-chapter-172/ HTTP/1.1" 200 12383 "-" "Mozilla/5.0 (compatible; BLEXBot/1.0; +https://help.seranking.com/en/blex-crawler)"
162.0.232.193 - - [09/Jun/2025:00:35:42 -0400] "GET /wind-breaker-chapter-69/ HTTP/1.1" 200 12195 "-" "WP Rocket/Preload"
162.0.232.193 - - [09/Jun/2025:00:35:43 -0400] "GET /wind-breaker-chapter-69/ HTTP/1.1" 200 11857 "-" "WP Rocket/Preload Mozilla/5.0 (iPhone; CPU iPhone OS 9_1 like Mac OS X) AppleWebKit/601.1.46 (KHTML, like Gecko) Version/9.0 Mobile/13B143 Safari/601.1"
162.0.232.193 - - [09/Jun/2025:00:35:45 -0400] "GET /wind-breaker-chapter-63/ HTTP/1.1" 200 12236 "-" "WP Rocket/Preload"
162.0.232.193 - - [09/Jun/2025:00:35:46 -0400] "GET /wind-breaker-chapter-63/ HTTP/1.1" 200 11945 "-" "WP Rocket/Preload Mozilla/5.0 (iPhone; CPU iPhone OS 9_1 like Mac OS X) AppleWebKit/601.1.46 (KHTML, like Gecko) Version/9.0 Mobile/13B143 Safari/601.1"
162.0.232.193 - - [09/Jun/2025:00:35:47 -0400] "GET /wind-breaker-chapter-59/ HTTP/1.1" 200 12040 "-" "WP Rocket/Preload"
162.0.232.193 - - [09/Jun/2025:00:35:48 -0400] "GET /wind-breaker-chapter-59/ HTTP/1.1" 200 11769 "-" "WP Rocket/Preload Mozilla/5.0 (iPhone; CPU iPhone OS 9_1 like Mac OS X) AppleWebKit/601.1.46 (KHTML, like Gecko) Version/9.0 Mobile/13B143 Safari/601.1"
162.0.232.193 - - [09/Jun/2025:00:35:48 -0400] "GET /wind-breaker-chapter-54/ HTTP/1.1" 200 12206 "-" "WP Rocket/Preload"
162.0.232.193 - - [09/Jun/2025:00:35:49 -0400] "GET /wind-breaker-chapter-54/ HTTP/1.1" 200 11875 "-" "WP Rocket/Preload Mozilla/5.0 (iPhone; CPU iPhone OS 9_1 like Mac OS X) AppleWebKit/601.1.46 (KHTML, like Gecko) Version/9.0 Mobile/13B143 Safari/601.1"
162.0.232.193 - - [09/Jun/2025:00:35:50 -0400] "GET /wind-breaker-chapter-42/ HTTP/1.1" 200 12242 "-" "WP Rocket/Preload"
162.0.232.193 - - [09/Jun/2025:00:35:51 -0400] "GET /wind-breaker-chapter-42/ HTTP/1.1" 200 11515 "-" "WP Rocket/Preload Mozilla/5.0 (iPhone; CPU iPhone OS 9_1 like Mac OS X) AppleWebKit/601.1.46 (KHTML, like Gecko) Version/9.0 Mobile/13B143 Safari/601.1"
144.76.19.3 - - [09/Jun/2025:00:35:51 -0400] "GET /wind-breaker-chapter-174/ HTTP/1.1" 200 11974 "-" "Mozilla/5.0 (compatible; BLEXBot/1.0; +https://help.seranking.com/en/blex-crawler)"
162.0.232.193 - - [09/Jun/2025:00:35:52 -0400] "GET /wind-breaker-chapter-33/ HTTP/1.1" 200 11848 "-" "WP Rocket/Preload"
162.0.232.193 - - [09/Jun/2025:00:35:52 -0400] "GET /wind-breaker-chapter-33/ HTTP/1.1" 200 11901 "-" "WP Rocket/Preload Mozilla/5.0 (iPhone; CPU iPhone OS 9_1 like Mac OS X) AppleWebKit/601.1.46 (KHTML, like Gecko) Version/9.0 Mobile/13B143 Safari/601.1"
162.0.232.193 - - [09/Jun/2025:00:35:53 -0400] "GET /wind-breaker-chapter-17/ HTTP/1.1" 200 11832 "-" "WP Rocket/Preload"
162.0.232.193 - - [09/Jun/2025:00:35:54 -0400] "GET /wind-breaker-chapter-17/ HTTP/1.1" 200 11872 "-" "WP Rocket/Preload Mozilla/5.0 (iPhone; CPU iPhone OS 9_1 like Mac OS X) AppleWebKit/601.1.46 (KHTML, like Gecko) Version/9.0 Mobile/13B143 Safari/601.1"
162.0.232.193 - - [09/Jun/2025:00:35:55 -0400] "GET /wind-breaker-chapter-11/ HTTP/1.1" 200 12226 "-" "WP Rocket/Preload"
162.0.232.193 - - [09/Jun/2025:00:35:55 -0400] "GET /wind-breaker-chapter-11/ HTTP/1.1" 200 11917 "-" "WP Rocket/Preload Mozilla/5.0 (iPhone; CPU iPhone OS 9_1 like Mac OS X) AppleWebKit/601.1.46 (KHTML, like Gecko) Version/9.0 Mobile/13B143 Safari/601.1"
162.0.232.193 - - [09/Jun/2025:00:35:56 -0400] "GET /wind-breaker-chapter-546/ HTTP/1.1" 200 11944 "-" "WP Rocket/Preload"
162.0.232.193 - - [09/Jun/2025:00:35:57 -0400] "GET /wind-breaker-chapter-546/ HTTP/1.1" 200 11239 "-" "WP Rocket/Preload Mozilla/5.0 (iPhone; CPU iPhone OS 9_1 like Mac OS X) AppleWebKit/601.1.46 (KHTML, like Gecko) Version/9.0 Mobile/13B143 Safari/601.1"
162.0.232.193 - - [09/Jun/2025:00:35:58 -0400] "GET /wind-breaker-chapter-545/ HTTP/1.1" 200 12016 "-" "WP Rocket/Preload"
162.0.232.193 - - [09/Jun/2025:00:35:58 -0400] "GET /wind-breaker-chapter-545/ HTTP/1.1" 200 11703 "-" "WP Rocket/Preload Mozilla/5.0 (iPhone; CPU iPhone OS 9_1 like Mac OS X) AppleWebKit/601.1.46 (KHTML, like Gecko) Version/9.0 Mobile/13B143 Safari/601.1"
162.0.232.193 - - [09/Jun/2025:00:35:59 -0400] "GET /wind-breaker-chapter-446/ HTTP/1.1" 200 12244 "-" "WP Rocket/Preload"
162.0.232.193 - - [09/Jun/2025:00:36:00 -0400] "GET /wind-breaker-chapter-446/ HTTP/1.1" 200 11917 "-" "WP Rocket/Preload Mozilla/5.0 (iPhone; CPU iPhone OS 9_1 like Mac OS X) AppleWebKit/601.1.46 (KHTML, like Gecko) Version/9.0 Mobile/13B143 Safari/601.1"
162.0.232.193 - - [09/Jun/2025:00:36:03 -0400] "GET /wp-content/uploads/f979bbbcbe9df560cb74049269d2541e_4104.xml HTTP/1.1" 200 2577 "-" "Mozilla/5.0 (X11; Linux x86_64) AppleWebKit/537.36 (KHTML, like Gecko) Ubuntu Chromium/41.0.2272.76"
144.76.19.3 - - [09/Jun/2025:00:36:54 -0400] "GET /wind-breaker-chapter-175/ HTTP/1.1" 200 12245 "-" "Mozilla/5.0 (compatible; BLEXBot/1.0; +https://help.seranking.com/en/blex-crawler)"
162.0.232.193 - - [09/Jun/2025:00:36:58 -0400] "POST /wp-cron.php?doing_wp_cron=1749443818.3514120578765869140625 HTTP/1.1" 200 0 "-" "WordPress/6.8.1; https://read11.windbreakermanga.com"
144.76.19.3 - - [09/Jun/2025:00:36:58 -0400] "GET /wind-breaker-chapter-184/ HTTP/1.1" 200 12534 "-" "Mozilla/5.0 (compatible; BLEXBot/1.0; +https://help.seranking.com/en/blex-crawler)"
114.119.145.123 - - [09/Jun/2025:00:36:58 -0400] "GET /wind-breaker-chapter-522-2/ HTTP/1.1" 301 0 "https://read10.windbreakermanga.com/wind-breaker-chapter-206-part-2-ep-138/" "Mozilla/5.0 (Linux; Android 7.0;) AppleWebKit/537.36 (KHTML, like Gecko) Mobile Safari/537.36 (compatible; PetalBot;+https://webmaster.petalsearch.com/site/petalbot)"
162.0.232.193 - - [09/Jun/2025:00:36:58 -0400] "GET /wind-breaker-chapter-485/ HTTP/1.1" 200 11932 "-" "WP Rocket/Preload"
162.0.232.193 - - [09/Jun/2025:00:36:59 -0400] "GET /wind-breaker-chapter-485/ HTTP/1.1" 200 11649 "-" "WP Rocket/Preload Mozilla/5.0 (iPhone; CPU iPhone OS 9_1 like Mac OS X) AppleWebKit/601.1.46 (KHTML, like Gecko) Version/9.0 Mobile/13B143 Safari/601.1"
162.0.232.193 - - [09/Jun/2025:00:37:00 -0400] "GET /wind-breaker-chapter-477/ HTTP/1.1" 200 12076 "-" "WP Rocket/Preload"
162.0.232.193 - - [09/Jun/2025:00:37:01 -0400] "GET /wind-breaker-chapter-477/ HTTP/1.1" 200 12062 "-" "WP Rocket/Preload Mozilla/5.0 (iPhone; CPU iPhone OS 9_1 like Mac OS X) AppleWebKit/601.1.46 (KHTML, like Gecko) Version/9.0 Mobile/13B143 Safari/601.1"
162.0.232.193 - - [09/Jun/2025:00:37:02 -0400] "GET /wind-breaker-chapter-465/ HTTP/1.1" 200 11941 "-" "WP Rocket/Preload"
144.76.19.3 - - [09/Jun/2025:00:37:02 -0400] "GET /wind-breaker-chapter-185/ HTTP/1.1" 200 12277 "-" "Mozilla/5.0 (compatible; BLEXBot/1.0; +https://help.seranking.com/en/blex-crawler)"
162.0.232.193 - - [09/Jun/2025:00:37:03 -0400] "GET /wind-breaker-chapter-465/ HTTP/1.1" 200 11936 "-" "WP Rocket/Preload Mozilla/5.0 (iPhone; CPU iPhone OS 9_1 like Mac OS X) AppleWebKit/601.1.46 (KHTML, like Gecko) Version/9.0 Mobile/13B143 Safari/601.1"
162.0.232.193 - - [09/Jun/2025:00:37:03 -0400] "GET /wind-breaker-chapter-453/ HTTP/1.1" 200 12229 "-" "WP Rocket/Preload"
162.0.232.193 - - [09/Jun/2025:00:37:04 -0400] "GET /wind-breaker-chapter-453/ HTTP/1.1" 200 12216 "-" "WP Rocket/Preload Mozilla/5.0 (iPhone; CPU iPhone OS 9_1 like Mac OS X) AppleWebKit/601.1.46 (KHTML, like Gecko) Version/9.0 Mobile/13B143 Safari/601.1"
162.0.232.193 - - [09/Jun/2025:00:37:05 -0400] "GET /wind-breaker-chapter-441/ HTTP/1.1" 200 11768 "-" "WP Rocket/Preload"
144.76.19.3 - - [09/Jun/2025:00:37:07 -0400] "GET /wind-breaker-chapter-189/ HTTP/1.1" 200 12374 "-" "Mozilla/5.0 (compatible; BLEXBot/1.0; +https://help.seranking.com/en/blex-crawler)"
162.0.232.193 - - [09/Jun/2025:00:37:07 -0400] "GET /wind-breaker-chapter-441/ HTTP/1.1" 200 12109 "-" "WP Rocket/Preload Mozilla/5.0 (iPhone; CPU iPhone OS 9_1 like Mac OS X) AppleWebKit/601.1.46 (KHTML, like Gecko) Version/9.0 Mobile/13B143 Safari/601.1"
162.0.232.193 - - [09/Jun/2025:00:37:08 -0400] "GET /chapter-429/ HTTP/1.1" 200 11083 "-" "WP Rocket/Preload"
162.0.232.193 - - [09/Jun/2025:00:37:09 -0400] "GET /chapter-429/ HTTP/1.1" 200 10745 "-" "WP Rocket/Preload Mozilla/5.0 (iPhone; CPU iPhone OS 9_1 like Mac OS X) AppleWebKit/601.1.46 (KHTML, like Gecko) Version/9.0 Mobile/13B143 Safari/601.1"
162.0.232.193 - - [09/Jun/2025:00:37:10 -0400] "GET /wind-breaker-chapter-262/ HTTP/1.1" 200 12467 "-" "WP Rocket/Preload"
162.0.232.193 - - [09/Jun/2025:00:37:11 -0400] "GET /wind-breaker-chapter-262/ HTTP/1.1" 200 12802 "-" "WP Rocket/Preload Mozilla/5.0 (iPhone; CPU iPhone OS 9_1 like Mac OS X) AppleWebKit/601.1.46 (KHTML, like Gecko) Version/9.0 Mobile/13B143 Safari/601.1"
162.0.232.193 - - [09/Jun/2025:00:37:11 -0400] "GET /wind-breaker-chapter-220/ HTTP/1.1" 200 12542 "-" "WP Rocket/Preload"
162.0.232.193 - - [09/Jun/2025:00:37:12 -0400] "GET /wind-breaker-chapter-220/ HTTP/1.1" 200 12249 "-" "WP Rocket/Preload Mozilla/5.0 (iPhone; CPU iPhone OS 9_1 like Mac OS X) AppleWebKit/601.1.46 (KHTML, like Gecko) Version/9.0 Mobile/13B143 Safari/601.1"
144.76.19.3 - - [09/Jun/2025:00:37:12 -0400] "GET /wind-breaker-chapter-252/ HTTP/1.1" 200 12534 "-" "Mozilla/5.0 (compatible; BLEXBot/1.0; +https://help.seranking.com/en/blex-crawler)"
144.76.19.3 - - [09/Jun/2025:00:37:16 -0400] "GET /wind-breaker-chapter-253/ HTTP/1.1" 200 12493 "-" "Mozilla/5.0 (compatible; BLEXBot/1.0; +https://help.seranking.com/en/blex-crawler)"
114.119.145.123 - - [09/Jun/2025:00:37:16 -0400] "GET / HTTP/1.1" 200 12578 "https://read10.windbreakermanga.com/wind-breaker-chapter-206-part-2-ep-138/" "Mozilla/5.0 (Linux; Android 7.0;) AppleWebKit/537.36 (KHTML, like Gecko) Mobile Safari/537.36 (compatible; PetalBot;+https://webmaster.petalsearch.com/site/petalbot)"
144.76.19.3 - - [09/Jun/2025:00:37:51 -0400] "GET /wind-breaker-chapter-256/ HTTP/1.1" 200 12544 "-" "Mozilla/5.0 (compatible; BLEXBot/1.0; +https://help.seranking.com/en/blex-crawler)"
162.0.232.193 - - [09/Jun/2025:00:38:05 -0400] "POST /wp-cron.php?doing_wp_cron=1749443885.0861690044403076171875 HTTP/1.1" 200 0 "-" "WordPress/6.8.1; https://read11.windbreakermanga.com"
144.76.19.3 - - [09/Jun/2025:00:38:32 -0400] "GET /wind-breaker-chapter-258/ HTTP/1.1" 200 12723 "-" "Mozilla/5.0 (compatible; BLEXBot/1.0; +https://help.seranking.com/en/blex-crawler)"
114.119.151.50 - - [09/Jun/2025:00:38:43 -0400] "GET /privacy-policy/ HTTP/1.1" 200 13056 "https://read10.windbreakermanga.com/wind-breaker-chapter-206-part-2-ep-138/" "Mozilla/5.0 (Linux; Android 7.0;) AppleWebKit/537.36 (KHTML, like Gecko) Mobile Safari/537.36 (compatible; PetalBot;+https://webmaster.petalsearch.com/site/petalbot)"
2404:c0:5c10::5205:bf23 - - [09/Jun/2025:00:39:10 -0400] "GET / HTTP/1.1" 200 12578 "-" "Mozilla/5.0 (iPhone; CPU iPhone OS 18_5 like Mac OS X) AppleWebKit/605.1.15 (KHTML, like Gecko) Version/18.5 Mobile/15E148 Safari/604.1"
2404:c0:5c10::5205:bf23 - - [09/Jun/2025:00:39:21 -0400] "GET /wind-breaker-chapter-540/ HTTP/1.1" 200 11346 "https://read11.windbreakermanga.com/" "Mozilla/5.0 (iPhone; CPU iPhone OS 18_5 like Mac OS X) AppleWebKit/605.1.15 (KHTML, like Gecko) Version/18.5 Mobile/15E148 Safari/604.1"
2404:c0:5c10::5205:bf23 - - [09/Jun/2025:00:39:22 -0400] "GET /wp-content/plugins/simple-social-buttons/assets/fonts/ssb-icon.ttf?eahqa2 HTTP/1.1" 200 7412 "https://read11.windbreakermanga.com/" "Mozilla/5.0 (iPhone; CPU iPhone OS 18_5 like Mac OS X) AppleWebKit/605.1.15 (KHTML, like Gecko) Version/18.5 Mobile/15E148 Safari/604.1"
40.77.167.22 - - [09/Jun/2025:00:39:24 -0400] "GET / HTTP/1.1" 200 12572 "-" "Mozilla/5.0 AppleWebKit/537.36 (KHTML, like Gecko; compatible; bingbot/2.0; +http://www.bing.com/bingbot.htm) Chrome/116.0.1938.76 Safari/537.36"
144.76.19.3 - - [09/Jun/2025:00:39:57 -0400] "GET /wind-breaker-chapter-276/ HTTP/1.1" 200 12233 "-" "Mozilla/5.0 (compatible; BLEXBot/1.0; +https://help.seranking.com/en/blex-crawler)"
114.119.152.134 - - [09/Jun/2025:00:40:03 -0400] "GET /wind-breaker-chapter-2/ HTTP/1.1" 200 11736 "https://read10.windbreakermanga.com/tag/windbreaker-manga/" "Mozilla/5.0 (Linux; Android 7.0;) AppleWebKit/537.36 (KHTML, like Gecko) Mobile Safari/537.36 (compatible; PetalBot;+https://webmaster.petalsearch.com/site/petalbot)"
40.77.167.151 - - [09/Jun/2025:00:40:11 -0400] "GET /wind-breaker-chapter-551/ HTTP/1.1" 200 11765 "-" "Mozilla/5.0 AppleWebKit/537.36 (KHTML, like Gecko; compatible; bingbot/2.0; +http://www.bing.com/bingbot.htm) Chrome/116.0.1938.76 Safari/537.36"
162.0.232.193 - - [09/Jun/2025:00:40:33 -0400] "POST /wp-cron.php?doing_wp_cron=1749444033.8969609737396240234375 HTTP/1.1" 200 0 "-" "WordPress/6.8.1; https://read11.windbreakermanga.com"
40.77.190.191 - - [09/Jun/2025:00:40:33 -0400] "POST /wp-admin/admin-ajax.php HTTP/1.1" 200 61 "-" "Mozilla/5.0 AppleWebKit/537.36 (KHTML, like Gecko; compatible; bingbot/2.0; +http://www.bing.com/bingbot.htm) Chrome/100.0.4896.127 Safari/537.36"
144.76.19.3 - - [09/Jun/2025:00:40:35 -0400] "GET /wind-breaker-chapter-277/ HTTP/1.1" 200 12226 "-" "Mozilla/5.0 (compatible; BLEXBot/1.0; +https://help.seranking.com/en/blex-crawler)"
162.0.232.193 - - [09/Jun/2025:00:40:36 -0400] "GET /wp-content/uploads/f979bbbcbe9df560cb74049269d2541e_4104.xml HTTP/1.1" 200 2577 "-" "Mozilla/5.0 (X11; Linux x86_64) AppleWebKit/537.36 (KHTML, like Gecko) Ubuntu Chromium/41.0.2272.76"
144.76.19.3 - - [09/Jun/2025:00:41:09 -0400] "GET /wind-breaker-chapter-282/ HTTP/1.1" 200 12223 "-" "Mozilla/5.0 (compatible; BLEXBot/1.0; +https://help.seranking.com/en/blex-crawler)"
144.76.19.3 - - [09/Jun/2025:00:41:13 -0400] "GET /wind-breaker-chapter-284/ HTTP/1.1" 200 12691 "-" "Mozilla/5.0 (compatible; BLEXBot/1.0; +https://help.seranking.com/en/blex-crawler)"
52.167.144.222 - - [09/Jun/2025:00:41:15 -0400] "GET /wind-breaker-chapter-6/ HTTP/1.1" 200 11945 "-" "Mozilla/5.0 AppleWebKit/537.36 (KHTML, like Gecko; compatible; bingbot/2.0; +http://www.bing.com/bingbot.htm) Chrome/116.0.1938.76 Safari/537.36"
2a03:2880:f800:14:: - - [09/Jun/2025:00:41:14 -0400] "GET /wind-breaker-chapter-182-part-2-ep-114/ HTTP/1.1" 301 0 "-" "meta-externalagent/1.1 (+https://developers.facebook.com/docs/sharing/webmasters/crawler)"
2a03:2880:f800:10:: - - [09/Jun/2025:00:41:21 -0400] "GET / HTTP/1.1" 200 12572 "-" "meta-externalagent/1.1 (+https://developers.facebook.com/docs/sharing/webmasters/crawler)"
114.119.139.202 - - [09/Jun/2025:00:41:23 -0400] "GET / HTTP/1.1" 200 12578 "https://read8.windbreakermanga.com/wind-breaker/page/35/" "Mozilla/5.0 (Linux; Android 7.0;) AppleWebKit/537.36 (KHTML, like Gecko) Mobile Safari/537.36 (compatible; PetalBot;+https://webmaster.petalsearch.com/site/petalbot)"
114.119.130.178 - - [09/Jun/2025:00:42:44 -0400] "GET /wind-breaker-chapter-334/ HTTP/1.1" 200 12706 "https://read8.windbreakermanga.com/wind-breaker/wind-breaker-chapter-167/" "Mozilla/5.0 (Linux; Android 7.0;) AppleWebKit/537.36 (KHTML, like Gecko) Mobile Safari/537.36 (compatible; PetalBot;+https://webmaster.petalsearch.com/site/petalbot)"
144.76.19.3 - - [09/Jun/2025:00:43:35 -0400] "GET /wind-breaker-chapter-290/ HTTP/1.1" 200 12271 "-" "Mozilla/5.0 (compatible; BLEXBot/1.0; +https://help.seranking.com/en/blex-crawler)"
40.77.167.22 - - [09/Jun/2025:00:43:48 -0400] "GET /wind-breaker-chapter-24/ HTTP/1.1" 200 11916 "-" "Mozilla/5.0 AppleWebKit/537.36 (KHTML, like Gecko; compatible; bingbot/2.0; +http://www.bing.com/bingbot.htm) Chrome/116.0.1938.76 Safari/537.36"
114.119.130.178 - - [09/Jun/2025:00:43:54 -0400] "GET /wind-breaker-chapter-131/ HTTP/1.1" 200 11947 "https://read8.windbreakermanga.com/wind-breaker/wind-breaker-chapter-167/" "Mozilla/5.0 (Linux; Android 7.0;) AppleWebKit/537.36 (KHTML, like Gecko) Mobile Safari/537.36 (compatible; PetalBot;+https://webmaster.petalsearch.com/site/petalbot)"
162.0.232.193 - - [09/Jun/2025:00:45:23 -0400] "POST /wp-cron.php?doing_wp_cron=1749444323.5498139858245849609375 HTTP/1.1" 200 0 "-" "WordPress/6.8.1; https://read11.windbreakermanga.com"
114.119.139.202 - - [09/Jun/2025:00:45:21 -0400] "GET /category/wind-breaker-manga/page/27/ HTTP/1.1" 200 13953 "https://read10.windbreakermanga.com/category/wind-breaker-manga/page/27/" "Mozilla/5.0 (Linux; Android 7.0;) AppleWebKit/537.36 (KHTML, like Gecko) Mobile Safari/537.36 (compatible; PetalBot;+https://webmaster.petalsearch.com/site/petalbot)"
162.0.232.193 - - [09/Jun/2025:00:45:27 -0400] "GET /wp-content/uploads/f979bbbcbe9df560cb74049269d2541e_4104.xml HTTP/1.1" 200 2577 "-" "Mozilla/5.0 (X11; Linux x86_64) AppleWebKit/537.36 (KHTML, like Gecko) Ubuntu Chromium/41.0.2272.76"
144.76.19.3 - - [09/Jun/2025:00:45:39 -0400] "GET /wind-breaker-chapter-291/ HTTP/1.1" 200 12878 "-" "Mozilla/5.0 (compatible; BLEXBot/1.0; +https://help.seranking.com/en/blex-crawler)"
2404:c0:5c10::5205:bf23 - - [09/Jun/2025:00:46:22 -0400] "GET /wind-breaker-chapter-541/ HTTP/1.1" 200 11571 "https://read11.windbreakermanga.com/wind-breaker-chapter-540/" "Mozilla/5.0 (iPhone; CPU iPhone OS 18_5 like Mac OS X) AppleWebKit/605.1.15 (KHTML, like Gecko) Version/18.5 Mobile/15E148 Safari/604.1"
162.0.232.193 - - [09/Jun/2025:00:46:24 -0400] "POST /wp-cron.php?doing_wp_cron=1749444383.8115708827972412109375 HTTP/1.1" 200 0 "-" "WordPress/6.8.1; https://read11.windbreakermanga.com"
2404:c0:5c10::5205:bf23 - - [09/Jun/2025:00:46:23 -0400] "POST /wp-admin/admin-ajax.php HTTP/1.1" 200 61 "https://read11.windbreakermanga.com/wind-breaker-chapter-541/" "Mozilla/5.0 (iPhone; CPU iPhone OS 18_5 like Mac OS X) AppleWebKit/605.1.15 (KHTML, like Gecko) Version/18.5 Mobile/15E148 Safari/604.1"
162.0.232.193 - - [09/Jun/2025:00:46:47 -0400] "POST /wp-cron.php?doing_wp_cron=1749444406.9648270606994628906250 HTTP/1.1" 200 0 "-" "WordPress/6.8.1; https://read11.windbreakermanga.com"
114.119.129.189 - - [09/Jun/2025:00:46:46 -0400] "GET /category/manga/page/18/ HTTP/1.1" 200 13172 "https://read10.windbreakermanga.com/category/manga/page/19/" "Mozilla/5.0 (Linux; Android 7.0;) AppleWebKit/537.36 (KHTML, like Gecko) Mobile Safari/537.36 (compatible; PetalBot;+https://webmaster.petalsearch.com/site/petalbot)"
144.76.19.3 - - [09/Jun/2025:00:46:57 -0400] "GET /wind-breaker-chapter-295/ HTTP/1.1" 200 12852 "-" "Mozilla/5.0 (compatible; BLEXBot/1.0; +https://help.seranking.com/en/blex-crawler)"
144.76.19.3 - - [09/Jun/2025:00:47:01 -0400] "GET /wind-breaker-chapter-296/ HTTP/1.1" 200 12709 "-" "Mozilla/5.0 (compatible; BLEXBot/1.0; +https://help.seranking.com/en/blex-crawler)"
162.0.232.193 - - [09/Jun/2025:00:47:18 -0400] "POST /wp-cron.php?doing_wp_cron=1749444438.4221029281616210937500 HTTP/1.1" 200 0 "-" "WordPress/6.8.1; https://read11.windbreakermanga.com"
40.77.167.22 - - [09/Jun/2025:00:47:18 -0400] "GET /wp-json/wp/v2/posts/4140 HTTP/1.1" 200 20933 "-" "Mozilla/5.0 AppleWebKit/537.36 (KHTML, like Gecko; compatible; bingbot/2.0; +http://www.bing.com/bingbot.htm) Chrome/116.0.1938.76 Safari/537.36"
144.76.19.3 - - [09/Jun/2025:00:47:35 -0400] "GET /wind-breaker-chapter-298/ HTTP/1.1" 200 12490 "-" "Mozilla/5.0 (compatible; BLEXBot/1.0; +https://help.seranking.com/en/blex-crawler)"
144.76.19.3 - - [09/Jun/2025:00:47:39 -0400] "GET /wind-breaker-chapter-300/ HTTP/1.1" 200 12619 "-" "Mozilla/5.0 (compatible; BLEXBot/1.0; +https://help.seranking.com/en/blex-crawler)"
162.0.232.193 - - [09/Jun/2025:00:47:49 -0400] "POST /wp-cron.php?doing_wp_cron=1749444469.3580780029296875000000 HTTP/1.1" 200 0 "-" "WordPress/6.8.1; https://read11.windbreakermanga.com"
47.238.13.2 - - [09/Jun/2025:00:47:49 -0400] "GET /sitemap_index.xml HTTP/1.1" 200 318 "https://read10.windbreakermanga.com/sitemap_index.xml" "Mozilla/5.0 (Macintosh; Intel Mac OS X 10_15_7) AppleWebKit/537.36 (KHTML, like Gecko) Chrome/109.0.0.0 Safari/537.36"
144.76.19.3 - - [09/Jun/2025:00:48:16 -0400] "GET /wind-breaker-chapter-301/ HTTP/1.1" 200 12920 "-" "Mozilla/5.0 (compatible; BLEXBot/1.0; +https://help.seranking.com/en/blex-crawler)"
144.76.19.3 - - [09/Jun/2025:00:48:19 -0400] "GET /wind-breaker-chapter-302/ HTTP/1.1" 200 12947 "-" "Mozilla/5.0 (compatible; BLEXBot/1.0; +https://help.seranking.com/en/blex-crawler)"
162.0.232.193 - - [09/Jun/2025:00:48:21 -0400] "POST /wp-cron.php?doing_wp_cron=1749444500.9315130710601806640625 HTTP/1.1" 200 0 "-" "WordPress/6.8.1; https://read11.windbreakermanga.com"
114.119.145.123 - - [09/Jun/2025:00:48:22 -0400] "GET / HTTP/1.1" 200 12578 "https://windbreakermanga.com/wp-content/uploads/2021/11/wbr-685x1024.jpeg" "Mozilla/5.0 (Linux; Android 7.0;) AppleWebKit/537.36 (KHTML, like Gecko) Mobile Safari/537.36 (compatible; PetalBot;+https://webmaster.petalsearch.com/site/petalbot)"
144.76.19.3 - - [09/Jun/2025:00:48:23 -0400] "GET /wind-breaker-chapter-305/ HTTP/1.1" 200 12753 "-" "Mozilla/5.0 (compatible; BLEXBot/1.0; +https://help.seranking.com/en/blex-crawler)"
144.76.19.3 - - [09/Jun/2025:00:48:30 -0400] "GET /wind-breaker-chapter-306/ HTTP/1.1" 200 12831 "-" "Mozilla/5.0 (compatible; BLEXBot/1.0; +https://help.seranking.com/en/blex-crawler)"
144.76.19.3 - - [09/Jun/2025:00:49:28 -0400] "GET /wind-breaker-chapter-308/ HTTP/1.1" 200 12968 "-" "Mozilla/5.0 (compatible; BLEXBot/1.0; +https://help.seranking.com/en/blex-crawler)"
162.0.232.193 - - [09/Jun/2025:00:49:31 -0400] "POST /wp-cron.php?doing_wp_cron=1749444571.6281380653381347656250 HTTP/1.1" 200 0 "-" "WordPress/6.8.1; https://read11.windbreakermanga.com"
144.76.19.3 - - [09/Jun/2025:00:49:32 -0400] "GET /wind-breaker-chapter-314/ HTTP/1.1" 200 12356 "-" "Mozilla/5.0 (compatible; BLEXBot/1.0; +https://help.seranking.com/en/blex-crawler)"
144.76.19.3 - - [09/Jun/2025:00:49:37 -0400] "GET /wind-breaker-chapter-315/ HTTP/1.1" 200 12857 "-" "Mozilla/5.0 (compatible; BLEXBot/1.0; +https://help.seranking.com/en/blex-crawler)"
162.0.232.193 - - [09/Jun/2025:00:49:38 -0400] "GET /wp-content/uploads/f979bbbcbe9df560cb74049269d2541e_4104.xml HTTP/1.1" 200 2577 "-" "Mozilla/5.0 (X11; Linux x86_64) AppleWebKit/537.36 (KHTML, like Gecko) Ubuntu Chromium/41.0.2272.76"
144.76.19.3 - - [09/Jun/2025:00:49:41 -0400] "GET /wind-breaker-chapter-320/ HTTP/1.1" 200 12688 "-" "Mozilla/5.0 (compatible; BLEXBot/1.0; +https://help.seranking.com/en/blex-crawler)"
144.76.19.3 - - [09/Jun/2025:00:50:13 -0400] "GET /wind-breaker-chapter-321/ HTTP/1.1" 200 12768 "-" "Mozilla/5.0 (compatible; BLEXBot/1.0; +https://help.seranking.com/en/blex-crawler)"
144.76.19.3 - - [09/Jun/2025:00:50:17 -0400] "GET /wind-breaker-chapter-322/ HTTP/1.1" 200 12992 "-" "Mozilla/5.0 (compatible; BLEXBot/1.0; +https://help.seranking.com/en/blex-crawler)"
144.76.19.3 - - [09/Jun/2025:00:50:23 -0400] "GET /wind-breaker-chapter-326/ HTTP/1.1" 200 13118 "-" "Mozilla/5.0 (compatible; BLEXBot/1.0; +https://help.seranking.com/en/blex-crawler)"
40.77.167.154 - - [09/Jun/2025:00:50:26 -0400] "GET /cgi-sys/defaultwebpage.cgi HTTP/1.1" 200 1653 "-" "Mozilla/5.0 AppleWebKit/537.36 (KHTML, like Gecko; compatible; bingbot/2.0; +http://www.bing.com/bingbot.htm) Chrome/116.0.1938.76 Safari/537.36"
144.76.19.3 - - [09/Jun/2025:00:50:28 -0400] "GET /wind-breaker-chapter-327/ HTTP/1.1" 200 12961 "-" "Mozilla/5.0 (compatible; BLEXBot/1.0; +https://help.seranking.com/en/blex-crawler)"
144.76.19.3 - - [09/Jun/2025:00:50:36 -0400] "GET /wind-breaker-chapter-333/ HTTP/1.1" 200 13010 "-" "Mozilla/5.0 (compatible; BLEXBot/1.0; +https://help.seranking.com/en/blex-crawler)"
144.76.19.3 - - [09/Jun/2025:00:51:19 -0400] "GET /wind-breaker-chapter-336/ HTTP/1.1" 200 11620 "-" "Mozilla/5.0 (compatible; BLEXBot/1.0; +https://help.seranking.com/en/blex-crawler)"
144.76.19.3 - - [09/Jun/2025:00:51:23 -0400] "GET /wind-breaker-chapter-337/ HTTP/1.1" 200 11839 "-" "Mozilla/5.0 (compatible; BLEXBot/1.0; +https://help.seranking.com/en/blex-crawler)"
2a03:2880:f800:12:: - - [09/Jun/2025:00:51:45 -0400] "GET /wind-breaker-chapter-22/ HTTP/1.1" 200 12155 "-" "meta-externalagent/1.1 (+https://developers.facebook.com/docs/sharing/webmasters/crawler)"
144.76.19.3 - - [09/Jun/2025:00:52:28 -0400] "GET /wind-breaker-chapter-338/ HTTP/1.1" 200 11998 "-" "Mozilla/5.0 (compatible; BLEXBot/1.0; +https://help.seranking.com/en/blex-crawler)"
144.76.19.3 - - [09/Jun/2025:00:53:36 -0400] "GET /wind-breaker-chapter-339/ HTTP/1.1" 200 11882 "-" "Mozilla/5.0 (compatible; BLEXBot/1.0; +https://help.seranking.com/en/blex-crawler)"
2a03:2880:f800:1a:: - - [09/Jun/2025:00:53:37 -0400] "GET /category/wind-breaker-manga/page/4/ HTTP/1.1" 200 12810 "-" "meta-externalagent/1.1 (+https://developers.facebook.com/docs/sharing/webmasters/crawler)"
144.76.19.3 - - [09/Jun/2025:00:53:41 -0400] "GET /wind-breaker-chapter-341/ HTTP/1.1" 200 12085 "-" "Mozilla/5.0 (compatible; BLEXBot/1.0; +https://help.seranking.com/en/blex-crawler)"
144.76.19.3 - - [09/Jun/2025:00:53:46 -0400] "GET /wind-breaker-chapter-343/ HTTP/1.1" 200 11907 "-" "Mozilla/5.0 (compatible; BLEXBot/1.0; +https://help.seranking.com/en/blex-crawler)"
144.76.19.3 - - [09/Jun/2025:00:54:20 -0400] "GET /wind-breaker-chapter-347/ HTTP/1.1" 200 11997 "-" "Mozilla/5.0 (compatible; BLEXBot/1.0; +https://help.seranking.com/en/blex-crawler)"
144.76.19.3 - - [09/Jun/2025:00:54:56 -0400] "GET /wind-breaker-chapter-349/ HTTP/1.1" 200 11957 "-" "Mozilla/5.0 (compatible; BLEXBot/1.0; +https://help.seranking.com/en/blex-crawler)"
144.76.19.3 - - [09/Jun/2025:00:55:02 -0400] "GET /wind-breaker-chapter-351/ HTTP/1.1" 200 11877 "-" "Mozilla/5.0 (compatible; BLEXBot/1.0; +https://help.seranking.com/en/blex-crawler)"
144.76.19.3 - - [09/Jun/2025:00:56:08 -0400] "GET /wind-breaker-chapter-352/ HTTP/1.1" 200 11952 "-" "Mozilla/5.0 (compatible; BLEXBot/1.0; +https://help.seranking.com/en/blex-crawler)"
144.76.19.3 - - [09/Jun/2025:00:56:14 -0400] "GET /wind-breaker-chapter-353/ HTTP/1.1" 200 11951 "-" "Mozilla/5.0 (compatible; BLEXBot/1.0; +https://help.seranking.com/en/blex-crawler)"
162.0.232.193 - - [09/Jun/2025:00:56:45 -0400] "POST /wp-cron.php?doing_wp_cron=1749445005.4665989875793457031250 HTTP/1.1" 200 0 "-" "WordPress/6.8.1; https://read11.windbreakermanga.com"
40.77.167.154 - - [09/Jun/2025:00:56:45 -0400] "GET /wp-json/wp/v2/posts/4326 HTTP/1.1" 200 51089 "-" "Mozilla/5.0 AppleWebKit/537.36 (KHTML, like Gecko; compatible; bingbot/2.0; +http://www.bing.com/bingbot.htm) Chrome/116.0.1938.76 Safari/537.36"
162.0.232.193 - - [09/Jun/2025:00:56:47 -0400] "GET /wp-content/uploads/f979bbbcbe9df560cb74049269d2541e_4104.xml HTTP/1.1" 200 2577 "-" "Mozilla/5.0 (X11; Linux x86_64) AppleWebKit/537.36 (KHTML, like Gecko) Ubuntu Chromium/41.0.2272.76"
144.76.19.3 - - [09/Jun/2025:00:57:22 -0400] "GET /wind-breaker-chapter-354/ HTTP/1.1" 200 11950 "-" "Mozilla/5.0 (compatible; BLEXBot/1.0; +https://help.seranking.com/en/blex-crawler)"
144.76.19.3 - - [09/Jun/2025:00:57:28 -0400] "GET /wind-breaker-chapter-355/ HTTP/1.1" 200 11916 "-" "Mozilla/5.0 (compatible; BLEXBot/1.0; +https://help.seranking.com/en/blex-crawler)"
144.76.19.3 - - [09/Jun/2025:00:57:32 -0400] "GET /wind-breaker-chapter-356/ HTTP/1.1" 200 11810 "-" "Mozilla/5.0 (compatible; BLEXBot/1.0; +https://help.seranking.com/en/blex-crawler)"
144.76.19.3 - - [09/Jun/2025:00:57:36 -0400] "GET /wind-breaker-chapter-357/ HTTP/1.1" 200 11518 "-" "Mozilla/5.0 (compatible; BLEXBot/1.0; +https://help.seranking.com/en/blex-crawler)"
66.249.77.201 - - [09/Jun/2025:00:58:11 -0400] "GET /wind-breaker-chapter-342/ HTTP/1.1" 200 11717 "-" "Mozilla/5.0 (Linux; Android 6.0.1; Nexus 5X Build/MMB29P) AppleWebKit/537.36 (KHTML, like Gecko) Chrome/136.0.7103.113 Mobile Safari/537.36 (compatible; Googlebot/2.1; +http://www.google.com/bot.html)"
162.0.232.193 - - [09/Jun/2025:00:58:15 -0400] "POST /wp-cron.php?doing_wp_cron=1749445095.7186069488525390625000 HTTP/1.1" 200 0 "-" "WordPress/6.8.1; https://read11.windbreakermanga.com"
66.249.77.192 - - [09/Jun/2025:00:58:15 -0400] "POST /wp-admin/admin-ajax.php HTTP/1.1" 200 61 "https://read11.windbreakermanga.com/wind-breaker-chapter-342/" "Mozilla/5.0 (Linux; Android 6.0.1; Nexus 5X Build/MMB29P) AppleWebKit/537.36 (KHTML, like Gecko) Chrome/136.0.7103.92 Mobile Safari/537.36 (compatible; Googlebot/2.1; +http://www.google.com/bot.html)"
40.77.167.4 - - [09/Jun/2025:00:58:23 -0400] "GET /wind-breaker-chapter-112/ HTTP/1.1" 200 11899 "-" "Mozilla/5.0 AppleWebKit/537.36 (KHTML, like Gecko; compatible; bingbot/2.0; +http://www.bing.com/bingbot.htm) Chrome/116.0.1938.76 Safari/537.36"
144.76.19.3 - - [09/Jun/2025:00:58:29 -0400] "GET /wind-breaker-chapter-358/ HTTP/1.1" 200 11593 "-" "Mozilla/5.0 (compatible; BLEXBot/1.0; +https://help.seranking.com/en/blex-crawler)"
144.76.19.3 - - [09/Jun/2025:00:58:34 -0400] "GET /wind-breaker-chapter-359/ HTTP/1.1" 200 11661 "-" "Mozilla/5.0 (compatible; BLEXBot/1.0; +https://help.seranking.com/en/blex-crawler)"
144.76.19.3 - - [09/Jun/2025:00:58:38 -0400] "GET /wind-breaker-chapter-360/ HTTP/1.1" 200 11591 "-" "Mozilla/5.0 (compatible; BLEXBot/1.0; +https://help.seranking.com/en/blex-crawler)"
144.76.19.3 - - [09/Jun/2025:00:58:42 -0400] "GET /wind-breaker-chapter-363/ HTTP/1.1" 200 11872 "-" "Mozilla/5.0 (compatible; BLEXBot/1.0; +https://help.seranking.com/en/blex-crawler)"
51.8.102.11 - - [09/Jun/2025:00:58:52 -0400] "GET /wind-breaker-chapter-481/ HTTP/1.1" 200 12015 "-" "Mozilla/5.0 (Macintosh; Intel Mac OS X 10_15_7) AppleWebKit/537.36 (KHTML, like Gecko) Chrome/131.0.0.0 Safari/537.36; compatible; OAI-SearchBot/1.0; +https://openai.com/searchbot"
51.8.102.18 - - [09/Jun/2025:00:58:53 -0400] "GET /wind-breaker-chapter-479/ HTTP/1.1" 200 11886 "-" "Mozilla/5.0 (Macintosh; Intel Mac OS X 10_15_7) AppleWebKit/537.36 (KHTML, like Gecko) Chrome/131.0.0.0 Safari/537.36; compatible; OAI-SearchBot/1.0; +https://openai.com/searchbot"
144.76.19.3 - - [09/Jun/2025:00:59:05 -0400] "GET /wind-breaker-chapter-365/ HTTP/1.1" 200 11873 "-" "Mozilla/5.0 (compatible; BLEXBot/1.0; +https://help.seranking.com/en/blex-crawler)"
144.76.19.3 - - [09/Jun/2025:00:59:09 -0400] "GET /wind-breaker-chapter-367/ HTTP/1.1" 200 11836 "-" "Mozilla/5.0 (compatible; BLEXBot/1.0; +https://help.seranking.com/en/blex-crawler)"
13.83.167.132 - - [09/Jun/2025:00:59:51 -0400] "GET /wind-breaker-chapter-148/ HTTP/1.1" 200 11967 "-" "Mozilla/5.0 AppleWebKit/537.36 (KHTML, like Gecko); compatible; ChatGPT-User/1.0; +https://openai.com/bot"
144.76.19.3 - - [09/Jun/2025:01:00:22 -0400] "GET /wind-breaker-chapter-369/ HTTP/1.1" 200 11838 "-" "Mozilla/5.0 (compatible; BLEXBot/1.0; +https://help.seranking.com/en/blex-crawler)"
144.76.19.3 - - [09/Jun/2025:01:00:30 -0400] "GET /wind-breaker-chapter-370/ HTTP/1.1" 200 11899 "-" "Mozilla/5.0 (compatible; BLEXBot/1.0; +https://help.seranking.com/en/blex-crawler)"
162.0.232.193 - - [09/Jun/2025:01:01:23 -0400] "POST /wp-cron.php?doing_wp_cron=1749445282.8753700256347656250000 HTTP/1.1" 200 0 "-" "WordPress/6.8.1; https://read11.windbreakermanga.com"
52.167.144.16 - - [09/Jun/2025:01:01:22 -0400] "GET /wp-json/wp/v2/posts/4662 HTTP/1.1" 200 19289 "-" "Mozilla/5.0 AppleWebKit/537.36 (KHTML, like Gecko; compatible; bingbot/2.0; +http://www.bing.com/bingbot.htm) Chrome/116.0.1938.76 Safari/537.36"
162.0.232.193 - - [09/Jun/2025:01:01:25 -0400] "GET /wp-content/uploads/f979bbbcbe9df560cb74049269d2541e_4104.xml HTTP/1.1" 200 2577 "-" "Mozilla/5.0 (X11; Linux x86_64) AppleWebKit/537.36 (KHTML, like Gecko) Ubuntu Chromium/41.0.2272.76"
144.76.19.3 - - [09/Jun/2025:01:01:30 -0400] "GET /wind-breaker-chapter-371/ HTTP/1.1" 200 11875 "-" "Mozilla/5.0 (compatible; BLEXBot/1.0; +https://help.seranking.com/en/blex-crawler)"
144.76.19.3 - - [09/Jun/2025:01:01:35 -0400] "GET /wind-breaker-chapter-372/ HTTP/1.1" 200 11479 "-" "Mozilla/5.0 (compatible; BLEXBot/1.0; +https://help.seranking.com/en/blex-crawler)"
34.196.237.236 - - [09/Jun/2025:01:01:38 -0400] "GET /page/30/?s=435 HTTP/1.1" 200 9580 "-" "Mozilla/5.0 AppleWebKit/537.36 (KHTML, like Gecko; compatible; Amazonbot/0.1; +https://developer.amazon.com/support/amazonbot) Chrome/119.0.6045.214 Safari/537.36"
144.76.19.3 - - [09/Jun/2025:01:02:48 -0400] "GET /wind-breaker-chapter-373/ HTTP/1.1" 200 11910 "-" "Mozilla/5.0 (compatible; BLEXBot/1.0; +https://help.seranking.com/en/blex-crawler)"
2a03:2880:13ff:44:: - - [09/Jun/2025:01:03:16 -0400] "GET / HTTP/1.1" 200 12572 "-" "meta-externalagent/1.1 (+https://developers.facebook.com/docs/sharing/webmasters/crawler)"
144.76.19.3 - - [09/Jun/2025:01:03:23 -0400] "GET /wind-breaker-chapter-374/ HTTP/1.1" 200 11988 "-" "Mozilla/5.0 (compatible; BLEXBot/1.0; +https://help.seranking.com/en/blex-crawler)"
144.76.19.3 - - [09/Jun/2025:01:03:28 -0400] "GET /wind-breaker-chapter-376/ HTTP/1.1" 200 11575 "-" "Mozilla/5.0 (compatible; BLEXBot/1.0; +https://help.seranking.com/en/blex-crawler)"
144.76.19.3 - - [09/Jun/2025:01:03:32 -0400] "GET /wind-breaker-chapter-377/ HTTP/1.1" 200 11987 "-" "Mozilla/5.0 (compatible; BLEXBot/1.0; +https://help.seranking.com/en/blex-crawler)"
144.76.19.3 - - [09/Jun/2025:01:03:36 -0400] "GET /wind-breaker-chapter-382/ HTTP/1.1" 200 12019 "-" "Mozilla/5.0 (compatible; BLEXBot/1.0; +https://help.seranking.com/en/blex-crawler)"
2a03:2880:24ff:4a:: - - [09/Jun/2025:01:03:41 -0400] "GET / HTTP/1.1" 200 12572 "-" "meta-externalagent/1.1 (+https://developers.facebook.com/docs/sharing/webmasters/crawler)"
144.76.19.3 - - [09/Jun/2025:01:04:38 -0400] "GET /wind-breaker-chapter-383/ HTTP/1.1" 200 12011 "-" "Mozilla/5.0 (compatible; BLEXBot/1.0; +https://help.seranking.com/en/blex-crawler)"
144.76.19.3 - - [09/Jun/2025:01:05:11 -0400] "GET /wind-breaker-chapter-385/ HTTP/1.1" 200 11811 "-" "Mozilla/5.0 (compatible; BLEXBot/1.0; +https://help.seranking.com/en/blex-crawler)"
52.167.144.16 - - [09/Jun/2025:01:05:13 -0400] "GET /wind-breaker-chapter-73/ HTTP/1.1" 200 12237 "-" "Mozilla/5.0 AppleWebKit/537.36 (KHTML, like Gecko; compatible; bingbot/2.0; +http://www.bing.com/bingbot.htm) Chrome/116.0.1938.76 Safari/537.36"
144.76.19.3 - - [09/Jun/2025:01:05:15 -0400] "GET /wind-breaker-chapter-387/ HTTP/1.1" 200 12098 "-" "Mozilla/5.0 (compatible; BLEXBot/1.0; +https://help.seranking.com/en/blex-crawler)"
40.77.167.51 - - [09/Jun/2025:01:05:15 -0400] "GET /wind-breaker-chapter-227/ HTTP/1.1" 200 12327 "-" "Mozilla/5.0 AppleWebKit/537.36 (KHTML, like Gecko; compatible; bingbot/2.0; +http://www.bing.com/bingbot.htm) Chrome/116.0.1938.76 Safari/537.36"
144.76.19.3 - - [09/Jun/2025:01:05:21 -0400] "GET /wind-breaker-chapter-388/ HTTP/1.1" 200 11962 "-" "Mozilla/5.0 (compatible; BLEXBot/1.0; +https://help.seranking.com/en/blex-crawler)"
162.0.232.193 - - [09/Jun/2025:01:05:25 -0400] "POST /wp-cron.php?doing_wp_cron=1749445525.3084409236907958984375 HTTP/1.1" 200 0 "-" "WordPress/6.8.1; https://read11.windbreakermanga.com"
2a03:2880:f800:d:: - - [09/Jun/2025:01:05:25 -0400] "GET /category/manga/page/2/ HTTP/1.1" 200 12340 "-" "meta-externalagent/1.1 (+https://developers.facebook.com/docs/sharing/webmasters/crawler)"
162.0.232.193 - - [09/Jun/2025:01:05:30 -0400] "GET /wp-content/uploads/f979bbbcbe9df560cb74049269d2541e_4104.xml HTTP/1.1" 200 2573 "-" "Mozilla/5.0 (X11; Linux x86_64) AppleWebKit/537.36 (KHTML, like Gecko) Ubuntu Chromium/41.0.2272.76"
162.0.232.193 - - [09/Jun/2025:01:07:51 -0400] "POST /wp-cron.php?doing_wp_cron=1749445671.7487850189208984375000 HTTP/1.1" 200 0 "-" "WordPress/6.8.1; https://read11.windbreakermanga.com"
144.76.19.3 - - [09/Jun/2025:01:07:50 -0400] "GET /wind-breaker-chapter-389/ HTTP/1.1" 200 11469 "-" "Mozilla/5.0 (compatible; BLEXBot/1.0; +https://help.seranking.com/en/blex-crawler)"
162.0.232.193 - - [09/Jun/2025:01:07:52 -0400] "GET /terms-and-conditions/ HTTP/1.1" 200 12300 "-" "WP Rocket/Preload"
162.0.232.193 - - [09/Jun/2025:01:07:53 -0400] "GET /terms-and-conditions/ HTTP/1.1" 200 12307 "-" "WP Rocket/Preload Mozilla/5.0 (iPhone; CPU iPhone OS 9_1 like Mac OS X) AppleWebKit/601.1.46 (KHTML, like Gecko) Version/9.0 Mobile/13B143 Safari/601.1"
162.0.232.193 - - [09/Jun/2025:01:07:54 -0400] "GET /wind-breaker-chapter-541/ HTTP/1.1" 200 11135 "-" "WP Rocket/Preload"
162.0.232.193 - - [09/Jun/2025:01:07:55 -0400] "GET /wind-breaker-chapter-541/ HTTP/1.1" 200 11155 "-" "WP Rocket/Preload Mozilla/5.0 (iPhone; CPU iPhone OS 9_1 like Mac OS X) AppleWebKit/601.1.46 (KHTML, like Gecko) Version/9.0 Mobile/13B143 Safari/601.1"
144.76.19.3 - - [09/Jun/2025:01:07:55 -0400] "GET /wind-breaker-chapter-391/ HTTP/1.1" 301 0 "-" "Mozilla/5.0 (compatible; BLEXBot/1.0; +https://help.seranking.com/en/blex-crawler)"
144.76.19.3 - - [09/Jun/2025:01:07:56 -0400] "GET / HTTP/1.1" 200 12572 "-" "Mozilla/5.0 (compatible; BLEXBot/1.0; +https://help.seranking.com/en/blex-crawler)"
162.0.232.193 - - [09/Jun/2025:01:07:56 -0400] "GET /wind-breaker-chapter-506-2/ HTTP/1.1" 200 11600 "-" "WP Rocket/Preload"
162.0.232.193 - - [09/Jun/2025:01:07:57 -0400] "GET /wind-breaker-chapter-506-2/ HTTP/1.1" 200 11602 "-" "WP Rocket/Preload Mozilla/5.0 (iPhone; CPU iPhone OS 9_1 like Mac OS X) AppleWebKit/601.1.46 (KHTML, like Gecko) Version/9.0 Mobile/13B143 Safari/601.1"
162.0.232.193 - - [09/Jun/2025:01:07:58 -0400] "GET /wind-breaker-chapter-500/ HTTP/1.1" 200 11898 "-" "WP Rocket/Preload"
162.0.232.193 - - [09/Jun/2025:01:07:59 -0400] "GET /wind-breaker-chapter-500/ HTTP/1.1" 200 11588 "-" "WP Rocket/Preload Mozilla/5.0 (iPhone; CPU iPhone OS 9_1 like Mac OS X) AppleWebKit/601.1.46 (KHTML, like Gecko) Version/9.0 Mobile/13B143 Safari/601.1"
162.0.232.193 - - [09/Jun/2025:01:08:00 -0400] "GET /wind-breaker-chapter-448/ HTTP/1.1" 200 12117 "-" "WP Rocket/Preload"
162.0.232.193 - - [09/Jun/2025:01:08:01 -0400] "GET /wind-breaker-chapter-448/ HTTP/1.1" 200 11798 "-" "WP Rocket/Preload Mozilla/5.0 (iPhone; CPU iPhone OS 9_1 like Mac OS X) AppleWebKit/601.1.46 (KHTML, like Gecko) Version/9.0 Mobile/13B143 Safari/601.1"
162.0.232.193 - - [09/Jun/2025:01:09:00 -0400] "POST /wp-cron.php?doing_wp_cron=1749445740.5688700675964355468750 HTTP/1.1" 200 0 "-" "WordPress/6.8.1; https://read11.windbreakermanga.com"
144.76.19.3 - - [09/Jun/2025:01:09:00 -0400] "GET /wind-breaker-chapter-395/ HTTP/1.1" 301 0 "-" "Mozilla/5.0 (compatible; BLEXBot/1.0; +https://help.seranking.com/en/blex-crawler)"
162.0.232.193 - - [09/Jun/2025:01:09:05 -0400] "GET /wp-content/uploads/f979bbbcbe9df560cb74049269d2541e_4104.xml HTTP/1.1" 200 2577 "-" "Mozilla/5.0 (X11; Linux x86_64) AppleWebKit/537.36 (KHTML, like Gecko) Ubuntu Chromium/41.0.2272.76"
144.76.19.3 - - [09/Jun/2025:01:09:11 -0400] "GET / HTTP/1.1" 200 12572 "-" "Mozilla/5.0 (compatible; BLEXBot/1.0; +https://help.seranking.com/en/blex-crawler)"
144.76.19.3 - - [09/Jun/2025:01:09:15 -0400] "GET /wind-breaker-chapter-396/ HTTP/1.1" 301 0 "-" "Mozilla/5.0 (compatible; BLEXBot/1.0; +https://help.seranking.com/en/blex-crawler)"
144.76.19.3 - - [09/Jun/2025:01:09:16 -0400] "GET / HTTP/1.1" 200 12572 "-" "Mozilla/5.0 (compatible; BLEXBot/1.0; +https://help.seranking.com/en/blex-crawler)"
144.76.19.3 - - [09/Jun/2025:01:09:20 -0400] "GET /wind-breaker-chapter-397/ HTTP/1.1" 301 0 "-" "Mozilla/5.0 (compatible; BLEXBot/1.0; +https://help.seranking.com/en/blex-crawler)"
144.76.19.3 - - [09/Jun/2025:01:09:20 -0400] "GET / HTTP/1.1" 200 12572 "-" "Mozilla/5.0 (compatible; BLEXBot/1.0; +https://help.seranking.com/en/blex-crawler)"
144.76.19.3 - - [09/Jun/2025:01:09:25 -0400] "GET /wind-breaker-chapter-400/ HTTP/1.1" 301 0 "-" "Mozilla/5.0 (compatible; BLEXBot/1.0; +https://help.seranking.com/en/blex-crawler)"
144.76.19.3 - - [09/Jun/2025:01:09:26 -0400] "GET / HTTP/1.1" 200 12572 "-" "Mozilla/5.0 (compatible; BLEXBot/1.0; +https://help.seranking.com/en/blex-crawler)"
52.167.144.16 - - [09/Jun/2025:01:09:46 -0400] "GET /wind-breaker-chapter-195/ HTTP/1.1" 200 11694 "-" "Mozilla/5.0 AppleWebKit/537.36 (KHTML, like Gecko; compatible; bingbot/2.0; +http://www.bing.com/bingbot.htm) Chrome/116.0.1938.76 Safari/537.36"
196.251.84.251 - - [09/Jun/2025:01:10:09 -0400] "GET /wp-content/plugins/fix/up.php HTTP/1.1" 200 151 "-" "Mozilla/5.0 (Windows NT 10.0; Win64; x64) AppleWebKit/537.36 (KHTML, like Gecko) Chrome/85.0.4183.102 Safari/537.36"
162.0.232.193 - - [09/Jun/2025:01:10:22 -0400] "POST /wp-cron.php?doing_wp_cron=1749445822.0181319713592529296875 HTTP/1.1" 200 0 "-" "WordPress/6.8.1; https://read11.windbreakermanga.com"
144.76.19.3 - - [09/Jun/2025:01:10:21 -0400] "GET /wind-breaker-chapter-402/ HTTP/1.1" 301 0 "-" "Mozilla/5.0 (compatible; BLEXBot/1.0; +https://help.seranking.com/en/blex-crawler)"
144.76.19.3 - - [09/Jun/2025:01:10:22 -0400] "GET / HTTP/1.1" 200 12572 "-" "Mozilla/5.0 (compatible; BLEXBot/1.0; +https://help.seranking.com/en/blex-crawler)"
162.0.232.193 - - [09/Jun/2025:01:10:22 -0400] "GET /wind-breaker-chapter-437/ HTTP/1.1" 200 11915 "-" "WP Rocket/Preload"
162.0.232.193 - - [09/Jun/2025:01:10:23 -0400] "GET /wind-breaker-chapter-437/ HTTP/1.1" 200 12242 "-" "WP Rocket/Preload Mozilla/5.0 (iPhone; CPU iPhone OS 9_1 like Mac OS X) AppleWebKit/601.1.46 (KHTML, like Gecko) Version/9.0 Mobile/13B143 Safari/601.1"
162.0.232.193 - - [09/Jun/2025:01:10:24 -0400] "GET /chapter-431/ HTTP/1.1" 200 11081 "-" "WP Rocket/Preload"
162.0.232.193 - - [09/Jun/2025:01:10:25 -0400] "GET /chapter-431/ HTTP/1.1" 200 10741 "-" "WP Rocket/Preload Mozilla/5.0 (iPhone; CPU iPhone OS 9_1 like Mac OS X) AppleWebKit/601.1.46 (KHTML, like Gecko) Version/9.0 Mobile/13B143 Safari/601.1"
162.0.232.193 - - [09/Jun/2025:01:10:26 -0400] "GET /chapter-423/ HTTP/1.1" 200 11080 "-" "WP Rocket/Preload"
162.0.232.193 - - [09/Jun/2025:01:10:26 -0400] "GET /chapter-423/ HTTP/1.1" 200 11066 "-" "WP Rocket/Preload Mozilla/5.0 (iPhone; CPU iPhone OS 9_1 like Mac OS X) AppleWebKit/601.1.46 (KHTML, like Gecko) Version/9.0 Mobile/13B143 Safari/601.1"
162.0.232.193 - - [09/Jun/2025:01:10:27 -0400] "GET /wind-breaker-chapter-326/ HTTP/1.1" 200 13128 "-" "WP Rocket/Preload"
162.0.232.193 - - [09/Jun/2025:01:10:28 -0400] "GET /wind-breaker-chapter-326/ HTTP/1.1" 200 12844 "-" "WP Rocket/Preload Mozilla/5.0 (iPhone; CPU iPhone OS 9_1 like Mac OS X) AppleWebKit/601.1.46 (KHTML, like Gecko) Version/9.0 Mobile/13B143 Safari/601.1"
162.0.232.193 - - [09/Jun/2025:01:10:29 -0400] "GET /chapter-415/ HTTP/1.1" 200 10734 "-" "WP Rocket/Preload"
162.0.232.193 - - [09/Jun/2025:01:10:30 -0400] "GET /chapter-415/ HTTP/1.1" 200 10740 "-" "WP Rocket/Preload Mozilla/5.0 (iPhone; CPU iPhone OS 9_1 like Mac OS X) AppleWebKit/601.1.46 (KHTML, like Gecko) Version/9.0 Mobile/13B143 Safari/601.1"
162.0.232.193 - - [09/Jun/2025:01:10:31 -0400] "GET /chapter-408/ HTTP/1.1" 200 11083 "-" "WP Rocket/Preload"
162.0.232.193 - - [09/Jun/2025:01:10:32 -0400] "GET /chapter-408/ HTTP/1.1" 200 11071 "-" "WP Rocket/Preload Mozilla/5.0 (iPhone; CPU iPhone OS 9_1 like Mac OS X) AppleWebKit/601.1.46 (KHTML, like Gecko) Version/9.0 Mobile/13B143 Safari/601.1"
162.0.232.193 - - [09/Jun/2025:01:10:33 -0400] "GET /wind-breaker-chapter-324/ HTTP/1.1" 200 13003 "-" "WP Rocket/Preload"
162.0.232.193 - - [09/Jun/2025:01:10:33 -0400] "GET /wind-breaker-chapter-324/ HTTP/1.1" 200 13018 "-" "WP Rocket/Preload Mozilla/5.0 (iPhone; CPU iPhone OS 9_1 like Mac OS X) AppleWebKit/601.1.46 (KHTML, like Gecko) Version/9.0 Mobile/13B143 Safari/601.1"
162.0.232.193 - - [09/Jun/2025:01:10:34 -0400] "GET /wind-breaker-chapter-388/ HTTP/1.1" 200 11934 "-" "WP Rocket/Preload"
162.0.232.193 - - [09/Jun/2025:01:10:35 -0400] "GET /wind-breaker-chapter-388/ HTTP/1.1" 200 11634 "-" "WP Rocket/Preload Mozilla/5.0 (iPhone; CPU iPhone OS 9_1 like Mac OS X) AppleWebKit/601.1.46 (KHTML, like Gecko) Version/9.0 Mobile/13B143 Safari/601.1"
162.0.232.193 - - [09/Jun/2025:01:10:36 -0400] "GET /wind-breaker-chapter-384/ HTTP/1.1" 200 11674 "-" "WP Rocket/Preload"
162.0.232.193 - - [09/Jun/2025:01:10:37 -0400] "GET /wind-breaker-chapter-384/ HTTP/1.1" 200 11711 "-" "WP Rocket/Preload Mozilla/5.0 (iPhone; CPU iPhone OS 9_1 like Mac OS X) AppleWebKit/601.1.46 (KHTML, like Gecko) Version/9.0 Mobile/13B143 Safari/601.1"
162.0.232.193 - - [09/Jun/2025:01:10:38 -0400] "GET /wind-breaker-chapter-379/ HTTP/1.1" 200 11763 "-" "WP Rocket/Preload"
162.0.232.193 - - [09/Jun/2025:01:10:39 -0400] "GET /wind-breaker-chapter-379/ HTTP/1.1" 200 11757 "-" "WP Rocket/Preload Mozilla/5.0 (iPhone; CPU iPhone OS 9_1 like Mac OS X) AppleWebKit/601.1.46 (KHTML, like Gecko) Version/9.0 Mobile/13B143 Safari/601.1"
162.0.232.193 - - [09/Jun/2025:01:10:40 -0400] "GET /wind-breaker-chapter-378/ HTTP/1.1" 200 12088 "-" "WP Rocket/Preload"
162.0.232.193 - - [09/Jun/2025:01:10:41 -0400] "GET /wind-breaker-chapter-378/ HTTP/1.1" 200 11791 "-" "WP Rocket/Preload Mozilla/5.0 (iPhone; CPU iPhone OS 9_1 like Mac OS X) AppleWebKit/601.1.46 (KHTML, like Gecko) Version/9.0 Mobile/13B143 Safari/601.1"
162.0.232.193 - - [09/Jun/2025:01:10:42 -0400] "GET /wind-breaker-chapter-372/ HTTP/1.1" 200 11853 "-" "WP Rocket/Preload"
162.0.232.193 - - [09/Jun/2025:01:10:42 -0400] "GET /wind-breaker-chapter-372/ HTTP/1.1" 200 11591 "-" "WP Rocket/Preload Mozilla/5.0 (iPhone; CPU iPhone OS 9_1 like Mac OS X) AppleWebKit/601.1.46 (KHTML, like Gecko) Version/9.0 Mobile/13B143 Safari/601.1"
162.0.232.193 - - [09/Jun/2025:01:10:43 -0400] "GET /wind-breaker-chapter-354/ HTTP/1.1" 200 11929 "-" "WP Rocket/Preload"
162.0.232.193 - - [09/Jun/2025:01:10:44 -0400] "GET /wind-breaker-chapter-354/ HTTP/1.1" 200 11626 "-" "WP Rocket/Preload Mozilla/5.0 (iPhone; CPU iPhone OS 9_1 like Mac OS X) AppleWebKit/601.1.46 (KHTML, like Gecko) Version/9.0 Mobile/13B143 Safari/601.1"
162.0.232.193 - - [09/Jun/2025:01:10:45 -0400] "GET /wind-breaker-chapter-365/ HTTP/1.1" 200 11854 "-" "WP Rocket/Preload"
162.0.232.193 - - [09/Jun/2025:01:10:46 -0400] "GET /wind-breaker-chapter-365/ HTTP/1.1" 200 11554 "-" "WP Rocket/Preload Mozilla/5.0 (iPhone; CPU iPhone OS 9_1 like Mac OS X) AppleWebKit/601.1.46 (KHTML, like Gecko) Version/9.0 Mobile/13B143 Safari/601.1"
162.0.232.193 - - [09/Jun/2025:01:11:28 -0400] "POST /wp-cron.php?doing_wp_cron=1749445888.3236451148986816406250 HTTP/1.1" 200 0 "-" "WordPress/6.8.1; https://read11.windbreakermanga.com"
144.76.19.3 - - [09/Jun/2025:01:11:28 -0400] "GET /wind-breaker-chapter-405/ HTTP/1.1" 301 0 "-" "Mozilla/5.0 (compatible; BLEXBot/1.0; +https://help.seranking.com/en/blex-crawler)"
144.76.19.3 - - [09/Jun/2025:01:11:28 -0400] "GET / HTTP/1.1" 200 12572 "-" "Mozilla/5.0 (compatible; BLEXBot/1.0; +https://help.seranking.com/en/blex-crawler)"
