2001:861:3143:8140:b06e:1d9a:daef:1288 - - [11/Jun/2025:00:30:22 -0400] "GET /wind-breaker-chapter-385/ HTTP/1.1" 200 11795 "-" "Mozilla/5.0 (Macintosh; Intel Mac OS X 10.15; rv:89.0) Gecko/20100101 Firefox/89.0"
162.0.232.193 - - [11/Jun/2025:00:30:22 -0400] "GET /wind-breaker-chapter-541/ HTTP/1.1" 200 0 "-" "WP Rocket/Preload Mozilla/5.0 (iPhone; CPU iPhone OS 9_1 like Mac OS X) AppleWebKit/601.1.46 (KHTML, like Gecko) Version/9.0 Mobile/13B143 Safari/601.1"
66.249.77.201 - - [11/Jun/2025:00:30:25 -0400] "GET /dmca/ HTTP/1.1" 200 81484 "-" "Mozilla/5.0 (Linux; Android 6.0.1; Nexus 5X Build/MMB29P) AppleWebKit/537.36 (KHTML, like Gecko) Chrome/136.0.7103.113 Mobile Safari/537.36 (compatible; Googlebot/2.1; +http://www.google.com/bot.html)"
162.0.232.193 - - [11/Jun/2025:00:30:23 -0400] "GET /wind-breaker-chapter-500/ HTTP/1.1" 200 11896 "-" "WP Rocket/Preload"
216.73.216.239 - - [11/Jun/2025:00:30:27 -0400] "GET /shopdetail/274657528 HTTP/1.1" 500 1034 "-" "Mozilla/5.0 AppleWebKit/537.36 (KHTML, like Gecko; compatible; ClaudeBot/1.0; [email protected])"
216.73.216.239 - - [11/Jun/2025:00:30:26 -0400] "GET /shopdetail/273353672 HTTP/1.1" 500 1034 "-" "Mozilla/5.0 AppleWebKit/537.36 (KHTML, like Gecko; compatible; ClaudeBot/1.0; [email protected])"
162.0.232.193 - - [11/Jun/2025:00:30:27 -0400] "GET /wind-breaker-chapter-500/ HTTP/1.1" 200 0 "-" "WP Rocket/Preload Mozilla/5.0 (iPhone; CPU iPhone OS 9_1 like Mac OS X) AppleWebKit/601.1.46 (KHTML, like Gecko) Version/9.0 Mobile/13B143 Safari/601.1"
47.128.38.159 - - [11/Jun/2025:00:30:39 -0400] "GET /wp-includes/ms-functions.php HTTP/1.1" 403 1242 "-" "Mozilla/5.0 (Linux; Android 5.0) AppleWebKit/537.36 (KHTML, like Gecko) Mobile Safari/537.36 (compatible; Bytespider; [email protected])"
66.249.77.201 - - [11/Jun/2025:00:30:40 -0400] "GET /item36252644 HTTP/1.1" 200 81190 "-" "Mozilla/5.0 (Linux; Android 6.0.1; Nexus 5X Build/MMB29P) AppleWebKit/537.36 (KHTML, like Gecko) Chrome/136.0.7103.113 Mobile Safari/537.36 (compatible; Googlebot/2.1; +http://www.google.com/bot.html)"
66.249.77.201 - - [11/Jun/2025:00:30:42 -0400] "GET /info/curle/5423148 HTTP/1.1" 200 81099 "-" "Mozilla/5.0 (Linux; Android 6.0.1; Nexus 5X Build/MMB29P) AppleWebKit/537.36 (KHTML, like Gecko) Chrome/136.0.7103.113 Mobile Safari/537.36 (compatible; Googlebot/2.1; +http://www.google.com/bot.html)"
162.0.232.193 - - [11/Jun/2025:00:30:45 -0400] "POST /wp-cron.php?doing_wp_cron=1749616244.8035190105438232421875 HTTP/1.1" 200 0 "-" "WordPress/6.8.1; https://read11.windbreakermanga.com"
114.119.151.50 - - [11/Jun/2025:00:30:43 -0400] "GET /category/wind-breaker/page/19/ HTTP/1.1" 200 13076 "https://read11.windbreakermanga.com/category/wind-breaker/page/20/" "Mozilla/5.0 (Linux; Android 7.0;) AppleWebKit/537.36 (KHTML, like Gecko) Mobile Safari/537.36 (compatible; PetalBot;+https://webmaster.petalsearch.com/site/petalbot)"
162.0.232.193 - - [11/Jun/2025:00:30:49 -0400] "GET /wp-content/uploads/f979bbbcbe9df560cb74049269d2541e_4104.xml HTTP/1.1" 200 2271 "-" "Mozilla/5.0 (X11; Linux x86_64) AppleWebKit/537.36 (KHTML, like Gecko) Ubuntu Chromium/41.0.2272.76"
66.249.77.192 - - [11/Jun/2025:00:30:57 -0400] "GET /shopdetail36250172 HTTP/1.1" 200 82202 "-" "Mozilla/5.0 (Linux; Android 6.0.1; Nexus 5X Build/MMB29P) AppleWebKit/537.36 (KHTML, like Gecko) Chrome/136.0.7103.113 Mobile Safari/537.36 (compatible; Googlebot/2.1; +http://www.google.com/bot.html)"
66.249.77.193 - - [11/Jun/2025:00:31:14 -0400] "GET /shopbrand/220005820 HTTP/1.1" 200 81928 "-" "Mozilla/5.0 (Linux; Android 6.0.1; Nexus 5X Build/MMB29P) AppleWebKit/537.36 (KHTML, like Gecko) Chrome/136.0.7103.113 Mobile Safari/537.36 (compatible; Googlebot/2.1; +http://www.google.com/bot.html)"
66.249.77.192 - - [11/Jun/2025:00:31:15 -0400] "GET /entity36248836 HTTP/1.1" 200 81525 "-" "Mozilla/5.0 (Linux; Android 6.0.1; Nexus 5X Build/MMB29P) AppleWebKit/537.36 (KHTML, like Gecko) Chrome/136.0.7103.113 Mobile Safari/537.36 (compatible; Googlebot/2.1; +http://www.google.com/bot.html)"
216.73.216.239 - - [11/Jun/2025:00:31:19 -0400] "GET /shopdetail/273378568 HTTP/1.1" 500 1034 "-" "Mozilla/5.0 AppleWebKit/537.36 (KHTML, like Gecko; compatible; ClaudeBot/1.0; [email protected])"
216.73.216.239 - - [11/Jun/2025:00:31:19 -0400] "GET /shopdetail/273421920 HTTP/1.1" 500 1034 "-" "Mozilla/5.0 AppleWebKit/537.36 (KHTML, like Gecko; compatible; ClaudeBot/1.0; [email protected])"
47.128.113.152 - - [11/Jun/2025:00:31:39 -0400] "GET /wp-includes/class-wp-session-tokens.php HTTP/1.1" 403 1242 "-" "Mozilla/5.0 (Linux; Android 5.0) AppleWebKit/537.36 (KHTML, like Gecko) Mobile Safari/537.36 (compatible; Bytespider; [email protected])"
66.249.77.192 - - [11/Jun/2025:00:31:45 -0400] "GET /item36251544 HTTP/1.1" 200 82070 "-" "Mozilla/5.0 (Linux; Android 6.0.1; Nexus 5X Build/MMB29P) AppleWebKit/537.36 (KHTML, like Gecko) Chrome/136.0.7103.113 Mobile Safari/537.36 (compatible; Googlebot/2.1; +http://www.google.com/bot.html)"
66.249.77.201 - - [11/Jun/2025:00:31:47 -0400] "GET /item221270732 HTTP/1.1" 200 82070 "-" "Mozilla/5.0 (Linux; Android 6.0.1; Nexus 5X Build/MMB29P) AppleWebKit/537.36 (KHTML, like Gecko) Chrome/136.0.7103.113 Mobile Safari/537.36 (compatible; Googlebot/2.1; +http://www.google.com/bot.html)"
2001:861:3143:8140:b06e:1d9a:daef:1288 - - [11/Jun/2025:00:31:49 -0400] "GET /wind-breaker-chapter-386/ HTTP/1.1" 200 12145 "-" "Mozilla/5.0 (Windows NT 10.0; Win64; x64) AppleWebKit/537.36 (KHTML, like Gecko) Chrome/91.0.4472.124 Safari/537.36"
66.249.77.193 - - [11/Jun/2025:00:32:02 -0400] "GET /goodscode36253852 HTTP/1.1" 200 81147 "-" "Mozilla/5.0 (Linux; Android 6.0.1; Nexus 5X Build/MMB29P) AppleWebKit/537.36 (KHTML, like Gecko) Chrome/136.0.7103.113 Mobile Safari/537.36 (compatible; Googlebot/2.1; +http://www.google.com/bot.html)"
66.249.77.201 - - [11/Jun/2025:00:32:17 -0400] "GET /detail36251780 HTTP/1.1" 200 81455 "-" "Mozilla/5.0 (Linux; Android 6.0.1; Nexus 5X Build/MMB29P) AppleWebKit/537.36 (KHTML, like Gecko) Chrome/136.0.7103.113 Mobile Safari/537.36 (compatible; Googlebot/2.1; +http://www.google.com/bot.html)"
216.73.216.239 - - [11/Jun/2025:00:32:24 -0400] "GET /shopdetail/274656164 HTTP/1.1" 500 1034 "-" "Mozilla/5.0 AppleWebKit/537.36 (KHTML, like Gecko; compatible; ClaudeBot/1.0; [email protected])"
216.73.216.239 - - [11/Jun/2025:00:32:24 -0400] "GET /shopdetail/273378896 HTTP/1.1" 500 1034 "-" "Mozilla/5.0 AppleWebKit/537.36 (KHTML, like Gecko; compatible; ClaudeBot/1.0; [email protected])"
66.249.77.201 - - [11/Jun/2025:00:32:47 -0400] "GET /goods36255760 HTTP/1.1" 200 81291 "-" "Mozilla/5.0 (Linux; Android 6.0.1; Nexus 5X Build/MMB29P) AppleWebKit/537.36 (KHTML, like Gecko) Chrome/136.0.7103.113 Mobile Safari/537.36 (compatible; Googlebot/2.1; +http://www.google.com/bot.html)"
66.249.77.201 - - [11/Jun/2025:00:33:04 -0400] "GET /item36253752 HTTP/1.1" 200 81562 "-" "Mozilla/5.0 (Linux; Android 6.0.1; Nexus 5X Build/MMB29P) AppleWebKit/537.36 (KHTML, like Gecko) Chrome/136.0.7103.113 Mobile Safari/537.36 (compatible; Googlebot/2.1; +http://www.google.com/bot.html)"
2001:861:3143:8140:b06e:1d9a:daef:1288 - - [11/Jun/2025:00:33:12 -0400] "GET /wind-breaker-chapter-387/ HTTP/1.1" 200 12097 "-" "Mozilla/5.0 (Macintosh; Intel Mac OS X 10_15_7) AppleWebKit/605.1.15 (KHTML, like Gecko) Version/14.0.3 Safari/605.1.15"
66.249.77.192 - - [11/Jun/2025:00:33:21 -0400] "GET /items219518388 HTTP/1.1" 200 80910 "-" "Mozilla/5.0 (Linux; Android 6.0.1; Nexus 5X Build/MMB29P) AppleWebKit/537.36 (KHTML, like Gecko) Chrome/136.0.7103.113 Mobile Safari/537.36 (compatible; Googlebot/2.1; +http://www.google.com/bot.html)"
216.73.216.239 - - [11/Jun/2025:00:33:24 -0400] "GET /shopdetail/274709256 HTTP/1.1" 500 1034 "-" "Mozilla/5.0 AppleWebKit/537.36 (KHTML, like Gecko; compatible; ClaudeBot/1.0; [email protected])"
216.73.216.239 - - [11/Jun/2025:00:33:24 -0400] "GET /shopdetail/273347684 HTTP/1.1" 500 1034 "-" "Mozilla/5.0 AppleWebKit/537.36 (KHTML, like Gecko; compatible; ClaudeBot/1.0; [email protected])"
66.249.77.201 - - [11/Jun/2025:00:33:37 -0400] "GET /goodscode219517352 HTTP/1.1" 200 81487 "-" "Mozilla/5.0 (Linux; Android 6.0.1; Nexus 5X Build/MMB29P) AppleWebKit/537.36 (KHTML, like Gecko) Chrome/136.0.7103.113 Mobile Safari/537.36 (compatible; Googlebot/2.1; +http://www.google.com/bot.html)"
66.249.77.193 - - [11/Jun/2025:00:34:07 -0400] "GET /shopdetail219517780 HTTP/1.1" 200 81623 "-" "Mozilla/5.0 (Linux; Android 6.0.1; Nexus 5X Build/MMB29P) AppleWebKit/537.36 (KHTML, like Gecko) Chrome/136.0.7103.113 Mobile Safari/537.36 (compatible; Googlebot/2.1; +http://www.google.com/bot.html)"
66.249.77.192 - - [11/Jun/2025:00:34:09 -0400] "GET /entity/y/sodalities/6213204 HTTP/1.1" 200 82193 "-" "Mozilla/5.0 (Linux; Android 6.0.1; Nexus 5X Build/MMB29P) AppleWebKit/537.36 (KHTML, like Gecko) Chrome/136.0.7103.113 Mobile Safari/537.36 (compatible; Googlebot/2.1; +http://www.google.com/bot.html)"
2001:861:3143:8140:b06e:1d9a:daef:1288 - - [11/Jun/2025:00:34:20 -0400] "GET /wind-breaker-chapter-388/ HTTP/1.1" 200 11955 "-" "Mozilla/5.0 (Windows NT 10.0; Win64; x64; rv:89.0) Gecko/20100101 Firefox/89.0"
66.249.77.192 - - [11/Jun/2025:00:34:25 -0400] "GET /detail219760760 HTTP/1.1" 200 80980 "-" "Mozilla/5.0 (Linux; Android 6.0.1; Nexus 5X Build/MMB29P) AppleWebKit/537.36 (KHTML, like Gecko) Chrome/136.0.7103.113 Mobile Safari/537.36 (compatible; Googlebot/2.1; +http://www.google.com/bot.html)"
216.73.216.239 - - [11/Jun/2025:00:34:30 -0400] "GET /shopdetail/273368292 HTTP/1.1" 500 1034 "-" "Mozilla/5.0 AppleWebKit/537.36 (KHTML, like Gecko; compatible; ClaudeBot/1.0; [email protected])"
216.73.216.239 - - [11/Jun/2025:00:34:30 -0400] "GET /shopdetail/274667404 HTTP/1.1" 500 1034 "-" "Mozilla/5.0 AppleWebKit/537.36 (KHTML, like Gecko; compatible; ClaudeBot/1.0; [email protected])"
66.249.77.192 - - [11/Jun/2025:00:34:41 -0400] "GET /item36266400 HTTP/1.1" 200 81294 "-" "Mozilla/5.0 (Linux; Android 6.0.1; Nexus 5X Build/MMB29P) AppleWebKit/537.36 (KHTML, like Gecko) Chrome/136.0.7103.113 Mobile Safari/537.36 (compatible; Googlebot/2.1; +http://www.google.com/bot.html)"
66.249.77.193 - - [11/Jun/2025:00:35:10 -0400] "GET /goods36275232 HTTP/1.1" 200 80991 "-" "Mozilla/5.0 (Linux; Android 6.0.1; Nexus 5X Build/MMB29P) AppleWebKit/537.36 (KHTML, like Gecko) Chrome/136.0.7103.113 Mobile Safari/537.36 (compatible; Googlebot/2.1; +http://www.google.com/bot.html)"
162.0.232.193 - - [11/Jun/2025:00:35:17 -0400] "POST /wp-cron.php?doing_wp_cron=1749616517.1439599990844726562500 HTTP/1.1" 200 0 "-" "WordPress/6.8.1; https://read11.windbreakermanga.com"
2001:861:3143:8140:b06e:1d9a:daef:1288 - - [11/Jun/2025:00:35:12 -0400] "GET /wind-breaker-chapter-389/ HTTP/1.1" 200 11876 "-" "Mozilla/5.0 (Macintosh; Intel Mac OS X 10_15_7) AppleWebKit/605.1.15 (KHTML, like Gecko) Version/14.0.3 Safari/605.1.15"
162.0.232.193 - - [11/Jun/2025:00:35:19 -0400] "GET /chapter-431/ HTTP/1.1" 200 11081 "-" "WP Rocket/Preload"
162.0.232.193 - - [11/Jun/2025:00:35:22 -0400] "GET /chapter-431/ HTTP/1.1" 200 0 "-" "WP Rocket/Preload Mozilla/5.0 (iPhone; CPU iPhone OS 9_1 like Mac OS X) AppleWebKit/601.1.46 (KHTML, like Gecko) Version/9.0 Mobile/13B143 Safari/601.1"
162.0.232.193 - - [11/Jun/2025:00:35:23 -0400] "GET /wind-breaker-chapter-378/ HTTP/1.1" 200 12145 "-" "WP Rocket/Preload"
216.73.216.239 - - [11/Jun/2025:00:35:23 -0400] "GET /shopdetail/274674792 HTTP/1.1" 500 1034 "-" "Mozilla/5.0 AppleWebKit/537.36 (KHTML, like Gecko; compatible; ClaudeBot/1.0; [email protected])"
216.73.216.239 - - [11/Jun/2025:00:35:23 -0400] "GET /shopdetail/274641544 HTTP/1.1" 500 1034 "-" "Mozilla/5.0 AppleWebKit/537.36 (KHTML, like Gecko; compatible; ClaudeBot/1.0; [email protected])"
162.0.232.193 - - [11/Jun/2025:00:35:24 -0400] "GET /wind-breaker-chapter-378/ HTTP/1.1" 200 0 "-" "WP Rocket/Preload Mozilla/5.0 (iPhone; CPU iPhone OS 9_1 like Mac OS X) AppleWebKit/601.1.46 (KHTML, like Gecko) Version/9.0 Mobile/13B143 Safari/601.1"
162.0.232.193 - - [11/Jun/2025:00:35:26 -0400] "GET /wind-breaker-chapter-346/ HTTP/1.1" 200 11559 "-" "WP Rocket/Preload"
66.249.77.193 - - [11/Jun/2025:00:35:25 -0400] "GET /item36270808 HTTP/1.1" 200 81392 "-" "Mozilla/5.0 (Linux; Android 6.0.1; Nexus 5X Build/MMB29P) AppleWebKit/537.36 (KHTML, like Gecko) Chrome/136.0.7103.113 Mobile Safari/537.36 (compatible; Googlebot/2.1; +http://www.google.com/bot.html)"
162.0.232.193 - - [11/Jun/2025:00:35:27 -0400] "GET /wind-breaker-chapter-346/ HTTP/1.1" 200 0 "-" "WP Rocket/Preload Mozilla/5.0 (iPhone; CPU iPhone OS 9_1 like Mac OS X) AppleWebKit/601.1.46 (KHTML, like Gecko) Version/9.0 Mobile/13B143 Safari/601.1"
162.0.232.193 - - [11/Jun/2025:00:35:29 -0400] "GET /wind-breaker-chapter-319/ HTTP/1.1" 200 0 "-" "WP Rocket/Preload"
162.0.232.193 - - [11/Jun/2025:00:35:30 -0400] "GET /wind-breaker-chapter-319/ HTTP/1.1" 200 0 "-" "WP Rocket/Preload Mozilla/5.0 (iPhone; CPU iPhone OS 9_1 like Mac OS X) AppleWebKit/601.1.46 (KHTML, like Gecko) Version/9.0 Mobile/13B143 Safari/601.1"
162.0.232.193 - - [11/Jun/2025:00:35:32 -0400] "GET /wind-breaker-chapter-284/ HTTP/1.1" 200 0 "-" "WP Rocket/Preload"
162.0.232.193 - - [11/Jun/2025:00:35:33 -0400] "GET /wind-breaker-chapter-284/ HTTP/1.1" 200 0 "-" "WP Rocket/Preload Mozilla/5.0 (iPhone; CPU iPhone OS 9_1 like Mac OS X) AppleWebKit/601.1.46 (KHTML, like Gecko) Version/9.0 Mobile/13B143 Safari/601.1"
162.0.232.193 - - [11/Jun/2025:00:35:35 -0400] "GET /wind-breaker-chapter-188/ HTTP/1.1" 200 0 "-" "WP Rocket/Preload"
162.0.232.193 - - [11/Jun/2025:00:35:37 -0400] "GET /wind-breaker-chapter-188/ HTTP/1.1" 200 0 "-" "WP Rocket/Preload Mozilla/5.0 (iPhone; CPU iPhone OS 9_1 like Mac OS X) AppleWebKit/601.1.46 (KHTML, like Gecko) Version/9.0 Mobile/13B143 Safari/601.1"
66.249.77.192 - - [11/Jun/2025:00:35:39 -0400] "GET /sitemap-subitems-1737.xml HTTP/1.1" 200 10115 "-" "Mozilla/5.0 (compatible; Googlebot/2.1; +http://www.google.com/bot.html)"
66.249.77.192 - - [11/Jun/2025:00:35:41 -0400] "GET /detail36259240 HTTP/1.1" 200 81789 "-" "Mozilla/5.0 (Linux; Android 6.0.1; Nexus 5X Build/MMB29P) AppleWebKit/537.36 (KHTML, like Gecko) Chrome/136.0.7103.113 Mobile Safari/537.36 (compatible; Googlebot/2.1; +http://www.google.com/bot.html)"
66.249.77.192 - - [11/Jun/2025:00:35:42 -0400] "GET /sitemap-subitems-2960.xml HTTP/1.1" 200 10107 "-" "Mozilla/5.0 (compatible; Googlebot/2.1; +http://www.google.com/bot.html)"
162.0.232.193 - - [11/Jun/2025:00:35:46 -0400] "GET /wp-content/uploads/f979bbbcbe9df560cb74049269d2541e_4104.xml HTTP/1.1" 200 2271 "-" "Mozilla/5.0 (X11; Linux x86_64) AppleWebKit/537.36 (KHTML, like Gecko) Ubuntu Chromium/41.0.2272.76"
66.249.77.192 - - [11/Jun/2025:00:36:10 -0400] "GET /shopbrand36262612 HTTP/1.1" 200 81358 "-" "Mozilla/5.0 (Linux; Android 6.0.1; Nexus 5X Build/MMB29P) AppleWebKit/537.36 (KHTML, like Gecko) Chrome/136.0.7103.113 Mobile Safari/537.36 (compatible; Googlebot/2.1; +http://www.google.com/bot.html)"
40.77.167.15 - - [11/Jun/2025:00:36:12 -0400] "GET /wind-breaker-chapter-405/ HTTP/1.1" 200 81823 "-" "Mozilla/5.0 AppleWebKit/537.36 (KHTML, like Gecko; compatible; bingbot/2.0; +http://www.bing.com/bingbot.htm) Chrome/116.0.1938.76 Safari/537.36"
216.73.216.239 - - [11/Jun/2025:00:36:14 -0400] "GET /shopdetail/273343468 HTTP/1.1" 500 1034 "-" "Mozilla/5.0 AppleWebKit/537.36 (KHTML, like Gecko; compatible; ClaudeBot/1.0; [email protected])"
216.73.216.239 - - [11/Jun/2025:00:36:14 -0400] "GET /shopdetail/273348420 HTTP/1.1" 500 1034 "-" "Mozilla/5.0 AppleWebKit/537.36 (KHTML, like Gecko; compatible; ClaudeBot/1.0; [email protected])"
66.249.77.193 - - [11/Jun/2025:00:36:26 -0400] "GET /goods33923404 HTTP/1.1" 200 81438 "-" "Mozilla/5.0 (Linux; Android 6.0.1; Nexus 5X Build/MMB29P) AppleWebKit/537.36 (KHTML, like Gecko) Chrome/136.0.7103.113 Mobile Safari/537.36 (compatible; Googlebot/2.1; +http://www.google.com/bot.html)"
66.249.77.193 - - [11/Jun/2025:00:36:28 -0400] "GET /shopping/10006748 HTTP/1.1" 200 82036 "-" "Mozilla/5.0 (Linux; Android 6.0.1; Nexus 5X Build/MMB29P) AppleWebKit/537.36 (KHTML, like Gecko) Chrome/136.0.7103.113 Mobile Safari/537.36 (compatible; Googlebot/2.1; +http://www.google.com/bot.html)"
66.249.77.193 - - [11/Jun/2025:00:36:29 -0400] "GET /info/envelopment/6919028 HTTP/1.1" 200 82109 "-" "Mozilla/5.0 (Linux; Android 6.0.1; Nexus 5X Build/MMB29P) AppleWebKit/537.36 (KHTML, like Gecko) Chrome/136.0.7103.113 Mobile Safari/537.36 (compatible; Googlebot/2.1; +http://www.google.com/bot.html)"
66.249.77.192 - - [11/Jun/2025:00:36:31 -0400] "GET /shopbrand/36769924 HTTP/1.1" 200 81342 "-" "Mozilla/5.0 (Linux; Android 6.0.1; Nexus 5X Build/MMB29P) AppleWebKit/537.36 (KHTML, like Gecko) Chrome/136.0.7103.113 Mobile Safari/537.36 (compatible; Googlebot/2.1; +http://www.google.com/bot.html)"
66.249.77.193 - - [11/Jun/2025:00:36:46 -0400] "GET /special33913536 HTTP/1.1" 200 81034 "-" "Mozilla/5.0 (Linux; Android 6.0.1; Nexus 5X Build/MMB29P) AppleWebKit/537.36 (KHTML, like Gecko) Chrome/136.0.7103.113 Mobile Safari/537.36 (compatible; Googlebot/2.1; +http://www.google.com/bot.html)"
162.0.232.193 - - [11/Jun/2025:00:36:49 -0400] "POST /wp-cron.php?doing_wp_cron=1749616609.4115340709686279296875 HTTP/1.1" 200 0 "-" "WordPress/6.8.1; https://read11.windbreakermanga.com"
2001:861:3143:8140:b06e:1d9a:daef:1288 - - [11/Jun/2025:00:36:47 -0400] "GET /wind-breaker-chapter-433/ HTTP/1.1" 200 11731 "-" "Mozilla/5.0 (Macintosh; Intel Mac OS X 10_15_7) AppleWebKit/605.1.15 (KHTML, like Gecko) Version/14.0.3 Safari/605.1.15"
162.0.232.193 - - [11/Jun/2025:00:36:52 -0400] "GET /wind-breaker-chapter-72/ HTTP/1.1" 200 12312 "-" "WP Rocket/Preload"
162.0.232.193 - - [11/Jun/2025:00:36:55 -0400] "GET /wind-breaker-chapter-72/ HTTP/1.1" 200 0 "-" "WP Rocket/Preload Mozilla/5.0 (iPhone; CPU iPhone OS 9_1 like Mac OS X) AppleWebKit/601.1.46 (KHTML, like Gecko) Version/9.0 Mobile/13B143 Safari/601.1"
162.0.232.193 - - [11/Jun/2025:00:36:57 -0400] "GET /wind-breaker-chapter-113/ HTTP/1.1" 200 0 "-" "WP Rocket/Preload"
162.0.232.193 - - [11/Jun/2025:00:36:58 -0400] "GET /wind-breaker-chapter-113/ HTTP/1.1" 200 0 "-" "WP Rocket/Preload Mozilla/5.0 (iPhone; CPU iPhone OS 9_1 like Mac OS X) AppleWebKit/601.1.46 (KHTML, like Gecko) Version/9.0 Mobile/13B143 Safari/601.1"
162.0.232.193 - - [11/Jun/2025:00:37:00 -0400] "GET /wind-breaker-chapter-100/ HTTP/1.1" 200 0 "-" "WP Rocket/Preload"
162.0.232.193 - - [11/Jun/2025:00:37:01 -0400] "GET /wind-breaker-chapter-100/ HTTP/1.1" 200 0 "-" "WP Rocket/Preload Mozilla/5.0 (iPhone; CPU iPhone OS 9_1 like Mac OS X) AppleWebKit/601.1.46 (KHTML, like Gecko) Version/9.0 Mobile/13B143 Safari/601.1"
162.0.232.193 - - [11/Jun/2025:00:37:03 -0400] "GET /wind-breaker-chapter-43/ HTTP/1.1" 200 0 "-" "WP Rocket/Preload"
66.249.77.194 - - [11/Jun/2025:00:37:02 -0400] "GET /return-policy/ HTTP/1.1" 200 81012 "-" "Mozilla/5.0 (Linux; Android 6.0.1; Nexus 5X Build/MMB29P) AppleWebKit/537.36 (KHTML, like Gecko) Chrome/136.0.7103.113 Mobile Safari/537.36 (compatible; Googlebot/2.1; +http://www.google.com/bot.html)"
66.249.77.193 - - [11/Jun/2025:00:37:04 -0400] "GET /shopping/f/matronalis115468296 HTTP/1.1" 200 81931 "-" "Mozilla/5.0 (Linux; Android 6.0.1; Nexus 5X Build/MMB29P) AppleWebKit/537.36 (KHTML, like Gecko) Chrome/136.0.7103.113 Mobile Safari/537.36 (compatible; Googlebot/2.1; +http://www.google.com/bot.html)"
162.0.232.193 - - [11/Jun/2025:00:37:04 -0400] "GET /wind-breaker-chapter-43/ HTTP/1.1" 200 0 "-" "WP Rocket/Preload Mozilla/5.0 (iPhone; CPU iPhone OS 9_1 like Mac OS X) AppleWebKit/601.1.46 (KHTML, like Gecko) Version/9.0 Mobile/13B143 Safari/601.1"
162.0.232.193 - - [11/Jun/2025:00:37:06 -0400] "GET /wind-breaker-chapter-36/ HTTP/1.1" 200 0 "-" "WP Rocket/Preload"
45.135.232.178 - - [11/Jun/2025:00:37:07 -0400] "GET /wp-login.php?wp_lang=en_US HTTP/1.1" 200 1887 "https://read11.windbreakermanga.com/wp-login.php" "Mozilla/5.0 (Windows NT 10.0; Win64; x64; rv:136.0) Gecko/20100101 Firefox/136.0"
162.0.232.193 - - [11/Jun/2025:00:37:08 -0400] "GET /wind-breaker-chapter-36/ HTTP/1.1" 200 0 "-" "WP Rocket/Preload Mozilla/5.0 (iPhone; CPU iPhone OS 9_1 like Mac OS X) AppleWebKit/601.1.46 (KHTML, like Gecko) Version/9.0 Mobile/13B143 Safari/601.1"
162.0.232.193 - - [11/Jun/2025:00:37:09 -0400] "GET /wind-breaker-chapter-13/ HTTP/1.1" 200 0 "-" "WP Rocket/Preload"
216.73.216.239 - - [11/Jun/2025:00:37:10 -0400] "GET /shopdetail/274630704 HTTP/1.1" 500 1034 "-" "Mozilla/5.0 AppleWebKit/537.36 (KHTML, like Gecko; compatible; ClaudeBot/1.0; [email protected])"
216.73.216.239 - - [11/Jun/2025:00:37:10 -0400] "GET /shopdetail/273340624 HTTP/1.1" 500 1034 "-" "Mozilla/5.0 AppleWebKit/537.36 (KHTML, like Gecko; compatible; ClaudeBot/1.0; [email protected])"
162.0.232.193 - - [11/Jun/2025:00:37:11 -0400] "GET /wind-breaker-chapter-13/ HTTP/1.1" 200 0 "-" "WP Rocket/Preload Mozilla/5.0 (iPhone; CPU iPhone OS 9_1 like Mac OS X) AppleWebKit/601.1.46 (KHTML, like Gecko) Version/9.0 Mobile/13B143 Safari/601.1"
45.135.232.178 - - [11/Jun/2025:00:37:11 -0400] "GET /wp-login.php?wp_lang=en_US HTTP/1.1" 200 1887 "https://read11.windbreakermanga.com/wp-login.php" "Mozilla/5.0 (Windows NT 10.0; Win64; x64) AppleWebKit/537.36 (KHTML, like Gecko) Chrome/135.0.0.0 Safari/537.36"
45.135.232.178 - - [11/Jun/2025:00:37:14 -0400] "POST /wp-login.php?wp_lang=en_US HTTP/1.1" 200 2037 "https://read11.windbreakermanga.com/wp-login.php" "Mozilla/5.0 (Windows NT 10.0; Win64; x64; rv:136.0) Gecko/20100101 Firefox/136.0"
45.135.232.178 - - [11/Jun/2025:00:37:18 -0400] "POST /wp-login.php?wp_lang=en_US HTTP/1.1" 200 2036 "https://read11.windbreakermanga.com/wp-login.php" "Mozilla/5.0 (Windows NT 10.0; Win64; x64) AppleWebKit/537.36 (KHTML, like Gecko) Chrome/135.0.0.0 Safari/537.36"
66.249.77.193 - - [11/Jun/2025:00:37:33 -0400] "GET /shopbrand33915180 HTTP/1.1" 200 80733 "-" "Mozilla/5.0 (Linux; Android 6.0.1; Nexus 5X Build/MMB29P) AppleWebKit/537.36 (KHTML, like Gecko) Chrome/136.0.7103.113 Mobile Safari/537.36 (compatible; Googlebot/2.1; +http://www.google.com/bot.html)"
114.119.145.123 - - [11/Jun/2025:00:37:43 -0400] "GET /wind-breaker-chapter-476/ HTTP/1.1" 200 11762 "https://read10.windbreakermanga.com/tag/windbreaker-manga/" "Mozilla/5.0 (Linux; Android 7.0;) AppleWebKit/537.36 (KHTML, like Gecko) Mobile Safari/537.36 (compatible; PetalBot;+https://webmaster.petalsearch.com/site/petalbot)"
66.249.77.192 - - [11/Jun/2025:00:37:49 -0400] "GET /special33907648 HTTP/1.1" 200 81630 "-" "Mozilla/5.0 (Linux; Android 6.0.1; Nexus 5X Build/MMB29P) AppleWebKit/537.36 (KHTML, like Gecko) Chrome/136.0.7103.113 Mobile Safari/537.36 (compatible; Googlebot/2.1; +http://www.google.com/bot.html)"
66.249.77.192 - - [11/Jun/2025:00:37:50 -0400] "GET /detail/wc/ophiuchus115467588 HTTP/1.1" 200 81124 "-" "Mozilla/5.0 (Linux; Android 6.0.1; Nexus 5X Build/MMB29P) AppleWebKit/537.36 (KHTML, like Gecko) Chrome/136.0.7103.113 Mobile Safari/537.36 (compatible; Googlebot/2.1; +http://www.google.com/bot.html)"
2001:861:3143:8140:b06e:1d9a:daef:1288 - - [11/Jun/2025:00:37:59 -0400] "GET /wind-breaker-chapter-434/ HTTP/1.1" 200 12158 "-" "Mozilla/5.0 (Macintosh; Intel Mac OS X 10_15_7) AppleWebKit/605.1.15 (KHTML, like Gecko) Version/14.0.3 Safari/605.1.15"
66.249.77.194 - - [11/Jun/2025:00:38:05 -0400] "GET /special33916316 HTTP/1.1" 200 81890 "-" "Mozilla/5.0 (Linux; Android 6.0.1; Nexus 5X Build/MMB29P) AppleWebKit/537.36 (KHTML, like Gecko) Chrome/136.0.7103.113 Mobile Safari/537.36 (compatible; Googlebot/2.1; +http://www.google.com/bot.html)"
216.73.216.239 - - [11/Jun/2025:00:38:11 -0400] "GET /shopdetail/274628096 HTTP/1.1" 500 1034 "-" "Mozilla/5.0 AppleWebKit/537.36 (KHTML, like Gecko; compatible; ClaudeBot/1.0; [email protected])"
216.73.216.239 - - [11/Jun/2025:00:38:11 -0400] "GET /shopdetail/274684996 HTTP/1.1" 500 1034 "-" "Mozilla/5.0 AppleWebKit/537.36 (KHTML, like Gecko; compatible; ClaudeBot/1.0; [email protected])"
162.62.231.139 - - [11/Jun/2025:00:38:13 -0400] "GET / HTTP/1.1" 200 12625 "https://read10.windbreakermanga.com/" "Mozilla/5.0 (iPhone; CPU iPhone OS 13_2_3 like Mac OS X) AppleWebKit/605.1.15 (KHTML, like Gecko) Version/13.0.3 Mobile/15E148 Safari/604.1"
66.249.77.193 - - [11/Jun/2025:00:38:21 -0400] "GET /shopbrand/221037728 HTTP/1.1" 200 81475 "-" "Mozilla/5.0 (Linux; Android 6.0.1; Nexus 5X Build/MMB29P) AppleWebKit/537.36 (KHTML, like Gecko) Chrome/136.0.7103.113 Mobile Safari/537.36 (compatible; Googlebot/2.1; +http://www.google.com/bot.html)"
66.249.77.192 - - [11/Jun/2025:00:38:36 -0400] "GET /shopdetail10376964 HTTP/1.1" 200 81301 "-" "Mozilla/5.0 (Linux; Android 6.0.1; Nexus 5X Build/MMB29P) AppleWebKit/537.36 (KHTML, like Gecko) Chrome/136.0.7103.113 Mobile Safari/537.36 (compatible; Googlebot/2.1; +http://www.google.com/bot.html)"
66.249.77.192 - - [11/Jun/2025:00:38:39 -0400] "GET /entity33908020 HTTP/1.1" 200 81778 "-" "Mozilla/5.0 (Linux; Android 6.0.1; Nexus 5X Build/MMB29P) AppleWebKit/537.36 (KHTML, like Gecko) Chrome/136.0.7103.113 Mobile Safari/537.36 (compatible; Googlebot/2.1; +http://www.google.com/bot.html)"
45.157.54.24 - - [11/Jun/2025:00:38:47 -0400] "GET /wp-content/plugins/excel-like-price-change-for-woocommerce-and-wp-e-commerce-light/readme.txt HTTP/1.1" 200 0 "-" "Mozilla/5.0 (Windows NT 10.0; Win64; x64) AppleWebKit/537.36 (KHTML, like Gecko) Chrome/127.0.0.0 Safari/537.36"
45.157.54.24 - - [11/Jun/2025:00:38:47 -0400] "GET /wp-content/plugins/wp-email-debug/README.txt HTTP/1.1" 200 0 "-" "Mozilla/5.0 (Windows NT 10.0; Win64; x64) AppleWebKit/537.36 (KHTML, like Gecko) Chrome/127.0.0.0 Safari/537.36"
66.249.77.193 - - [11/Jun/2025:00:38:55 -0400] "GET /shopdetail33922204 HTTP/1.1" 200 81235 "-" "Mozilla/5.0 (Linux; Android 6.0.1; Nexus 5X Build/MMB29P) AppleWebKit/537.36 (KHTML, like Gecko) Chrome/136.0.7103.113 Mobile Safari/537.36 (compatible; Googlebot/2.1; +http://www.google.com/bot.html)"
216.73.216.239 - - [11/Jun/2025:00:39:02 -0400] "GET /shopdetail/273364812 HTTP/1.1" 500 1034 "-" "Mozilla/5.0 AppleWebKit/537.36 (KHTML, like Gecko; compatible; ClaudeBot/1.0; [email protected])"
216.73.216.239 - - [11/Jun/2025:00:39:02 -0400] "GET /shopdetail/273350700 HTTP/1.1" 500 1034 "-" "Mozilla/5.0 AppleWebKit/537.36 (KHTML, like Gecko; compatible; ClaudeBot/1.0; [email protected])"
66.249.77.194 - - [11/Jun/2025:00:39:12 -0400] "GET /special33913272 HTTP/1.1" 200 82890 "-" "Mozilla/5.0 (Linux; Android 6.0.1; Nexus 5X Build/MMB29P) AppleWebKit/537.36 (KHTML, like Gecko) Chrome/136.0.7103.113 Mobile Safari/537.36 (compatible; Googlebot/2.1; +http://www.google.com/bot.html)"
66.249.77.194 - - [11/Jun/2025:00:39:27 -0400] "GET /item/mislay/9427724 HTTP/1.1" 200 81706 "-" "Mozilla/5.0 (Linux; Android 6.0.1; Nexus 5X Build/MMB29P) AppleWebKit/537.36 (KHTML, like Gecko) Chrome/136.0.7103.113 Mobile Safari/537.36 (compatible; Googlebot/2.1; +http://www.google.com/bot.html)"
66.249.77.195 - - [11/Jun/2025:00:39:30 -0400] "GET /item33912636 HTTP/1.1" 200 81089 "-" "Mozilla/5.0 (Linux; Android 6.0.1; Nexus 5X Build/MMB29P) AppleWebKit/537.36 (KHTML, like Gecko) Chrome/136.0.7103.113 Mobile Safari/537.36 (compatible; Googlebot/2.1; +http://www.google.com/bot.html)"
2001:861:3143:8140:b06e:1d9a:daef:1288 - - [11/Jun/2025:00:39:38 -0400] "GET /wind-breaker-chapter-435/ HTTP/1.1" 200 11891 "-" "Mozilla/5.0 (Windows NT 10.0; Win64; x64) AppleWebKit/537.36 (KHTML, like Gecko) Chrome/91.0.4472.124 Safari/537.36"
162.0.232.193 - - [11/Jun/2025:00:39:46 -0400] "POST /wp-cron.php?doing_wp_cron=1749616785.8987979888916015625000 HTTP/1.1" 200 0 "-" "WordPress/6.8.1; https://read11.windbreakermanga.com"
114.119.130.178 - - [11/Jun/2025:00:39:18 -0400] "GET /author/admin/page/48/ HTTP/1.1" 200 0 "https://read10.windbreakermanga.com/author/admin/page/47/" "Mozilla/5.0 (Linux; Android 7.0;) AppleWebKit/537.36 (KHTML, like Gecko) Mobile Safari/537.36 (compatible; PetalBot;+https://webmaster.petalsearch.com/site/petalbot)"
66.249.77.194 - - [11/Jun/2025:00:39:46 -0400] "GET /item/orthopnoea115465752 HTTP/1.1" 200 81342 "-" "Mozilla/5.0 (Linux; Android 6.0.1; Nexus 5X Build/MMB29P) AppleWebKit/537.36 (KHTML, like Gecko) Chrome/136.0.7103.113 Mobile Safari/537.36 (compatible; Googlebot/2.1; +http://www.google.com/bot.html)"
66.249.77.194 - - [11/Jun/2025:00:39:47 -0400] "GET /products33910028 HTTP/1.1" 200 81437 "-" "Mozilla/5.0 (Linux; Android 6.0.1; Nexus 5X Build/MMB29P) AppleWebKit/537.36 (KHTML, like Gecko) Chrome/136.0.7103.113 Mobile Safari/537.36 (compatible; Googlebot/2.1; +http://www.google.com/bot.html)"
162.0.232.193 - - [11/Jun/2025:00:39:54 -0400] "GET /wind-breaker-chapter-3/ HTTP/1.1" 200 11666 "-" "WP Rocket/Preload"
162.0.232.193 - - [11/Jun/2025:00:40:10 -0400] "GET /wind-breaker-chapter-3/ HTTP/1.1" 200 0 "-" "WP Rocket/Preload Mozilla/5.0 (iPhone; CPU iPhone OS 9_1 like Mac OS X) AppleWebKit/601.1.46 (KHTML, like Gecko) Version/9.0 Mobile/13B143 Safari/601.1"
216.73.216.239 - - [11/Jun/2025:00:40:13 -0400] "GET /shopdetail/274649568 HTTP/1.1" 500 1034 "-" "Mozilla/5.0 AppleWebKit/537.36 (KHTML, like Gecko; compatible; ClaudeBot/1.0; [email protected])"
216.73.216.239 - - [11/Jun/2025:00:40:13 -0400] "GET /shopdetail/274666596 HTTP/1.1" 500 1034 "-" "Mozilla/5.0 AppleWebKit/537.36 (KHTML, like Gecko; compatible; ClaudeBot/1.0; [email protected])"
162.0.232.193 - - [11/Jun/2025:00:40:19 -0400] "GET /wp-content/uploads/f979bbbcbe9df560cb74049269d2541e_4104.xml HTTP/1.1" 200 2271 "-" "Mozilla/5.0 (X11; Linux x86_64) AppleWebKit/537.36 (KHTML, like Gecko) Ubuntu Chromium/41.0.2272.76"
66.249.77.194 - - [11/Jun/2025:00:40:19 -0400] "GET /entity33917588 HTTP/1.1" 200 81082 "-" "Mozilla/5.0 (Linux; Android 6.0.1; Nexus 5X Build/MMB29P) AppleWebKit/537.36 (KHTML, like Gecko) Chrome/136.0.7103.113 Mobile Safari/537.36 (compatible; Googlebot/2.1; +http://www.google.com/bot.html)"
66.249.77.194 - - [11/Jun/2025:00:40:36 -0400] "GET /shopdetail33920996 HTTP/1.1" 200 81292 "-" "Mozilla/5.0 (Linux; Android 6.0.1; Nexus 5X Build/MMB29P) AppleWebKit/537.36 (KHTML, like Gecko) Chrome/136.0.7103.113 Mobile Safari/537.36 (compatible; Googlebot/2.1; +http://www.google.com/bot.html)"
66.249.77.194 - - [11/Jun/2025:00:40:52 -0400] "GET /shopping/9998224 HTTP/1.1" 200 81291 "-" "Mozilla/5.0 (Linux; Android 6.0.1; Nexus 5X Build/MMB29P) AppleWebKit/537.36 (KHTML, like Gecko) Chrome/136.0.7103.113 Mobile Safari/537.36 (compatible; Googlebot/2.1; +http://www.google.com/bot.html)"
66.249.77.194 - - [11/Jun/2025:00:40:54 -0400] "GET /info/220007020 HTTP/1.1" 200 83176 "-" "Mozilla/5.0 (Linux; Android 6.0.1; Nexus 5X Build/MMB29P) AppleWebKit/537.36 (KHTML, like Gecko) Chrome/136.0.7103.113 Mobile Safari/537.36 (compatible; Googlebot/2.1; +http://www.google.com/bot.html)"
66.249.77.195 - - [11/Jun/2025:00:41:06 -0400] "GET /sitemap-subitems-2059.xml HTTP/1.1" 200 10163 "-" "Mozilla/5.0 (compatible; Googlebot/2.1; +http://www.google.com/bot.html)"
216.73.216.239 - - [11/Jun/2025:00:41:09 -0400] "GET /shopdetail/274641872 HTTP/1.1" 500 1034 "-" "Mozilla/5.0 AppleWebKit/537.36 (KHTML, like Gecko; compatible; ClaudeBot/1.0; [email protected])"
216.73.216.239 - - [11/Jun/2025:00:41:09 -0400] "GET /shopdetail/273358588 HTTP/1.1" 500 1034 "-" "Mozilla/5.0 AppleWebKit/537.36 (KHTML, like Gecko; compatible; ClaudeBot/1.0; [email protected])"
66.249.77.194 - - [11/Jun/2025:00:41:09 -0400] "GET /products/219760460 HTTP/1.1" 200 81144 "-" "Mozilla/5.0 (Linux; Android 6.0.1; Nexus 5X Build/MMB29P) AppleWebKit/537.36 (KHTML, like Gecko) Chrome/136.0.7103.113 Mobile Safari/537.36 (compatible; Googlebot/2.1; +http://www.google.com/bot.html)"
2001:861:3143:8140:b06e:1d9a:daef:1288 - - [11/Jun/2025:00:41:10 -0400] "GET /wind-breaker-chapter-436/ HTTP/1.1" 200 11831 "-" "Mozilla/5.0 (Macintosh; Intel Mac OS X 10.15; rv:89.0) Gecko/20100101 Firefox/89.0"
66.249.77.194 - - [11/Jun/2025:00:41:26 -0400] "GET /products/corrugation113944568 HTTP/1.1" 200 81481 "-" "Mozilla/5.0 (Linux; Android 6.0.1; Nexus 5X Build/MMB29P) AppleWebKit/537.36 (KHTML, like Gecko) Chrome/136.0.7103.113 Mobile Safari/537.36 (compatible; Googlebot/2.1; +http://www.google.com/bot.html)"
66.249.77.195 - - [11/Jun/2025:00:41:27 -0400] "GET /product/115704752 HTTP/1.1" 200 80747 "-" "Mozilla/5.0 (Linux; Android 6.0.1; Nexus 5X Build/MMB29P) AppleWebKit/537.36 (KHTML, like Gecko) Chrome/136.0.7103.113 Mobile Safari/537.36 (compatible; Googlebot/2.1; +http://www.google.com/bot.html)"
66.249.77.195 - - [11/Jun/2025:00:41:29 -0400] "GET /item/219764012 HTTP/1.1" 200 81225 "-" "Mozilla/5.0 (Linux; Android 6.0.1; Nexus 5X Build/MMB29P) AppleWebKit/537.36 (KHTML, like Gecko) Chrome/136.0.7103.113 Mobile Safari/537.36 (compatible; Googlebot/2.1; +http://www.google.com/bot.html)"
2a03:2880:f800:b:: - - [11/Jun/2025:00:41:39 -0400] "GET /wind-breaker-chapter-173/ HTTP/1.1" 200 12279 "-" "meta-externalagent/1.1 (+https://developers.facebook.com/docs/sharing/webmasters/crawler)"
66.249.77.194 - - [11/Jun/2025:00:41:46 -0400] "GET /items/arborization36246828 HTTP/1.1" 200 81898 "-" "Mozilla/5.0 (Linux; Android 6.0.1; Nexus 5X Build/MMB29P) AppleWebKit/537.36 (KHTML, like Gecko) Chrome/136.0.7103.113 Mobile Safari/537.36 (compatible; Googlebot/2.1; +http://www.google.com/bot.html)"
66.249.77.194 - - [11/Jun/2025:00:41:48 -0400] "GET /item/219774844 HTTP/1.1" 200 81353 "-" "Mozilla/5.0 (Linux; Android 6.0.1; Nexus 5X Build/MMB29P) AppleWebKit/537.36 (KHTML, like Gecko) Chrome/136.0.7103.113 Mobile Safari/537.36 (compatible; Googlebot/2.1; +http://www.google.com/bot.html)"
216.73.216.239 - - [11/Jun/2025:00:42:06 -0400] "GET /shopdetail/273354944 HTTP/1.1" 500 1034 "-" "Mozilla/5.0 AppleWebKit/537.36 (KHTML, like Gecko; compatible; ClaudeBot/1.0; [email protected])"
216.73.216.239 - - [11/Jun/2025:00:42:06 -0400] "GET /shopdetail/273344104 HTTP/1.1" 500 1034 "-" "Mozilla/5.0 AppleWebKit/537.36 (KHTML, like Gecko; compatible; ClaudeBot/1.0; [email protected])"
66.249.77.196 - - [11/Jun/2025:00:42:09 -0400] "GET /entity/219774852 HTTP/1.1" 200 81112 "-" "Mozilla/5.0 (Linux; Android 6.0.1; Nexus 5X Build/MMB29P) AppleWebKit/537.36 (KHTML, like Gecko) Chrome/136.0.7103.113 Mobile Safari/537.36 (compatible; Googlebot/2.1; +http://www.google.com/bot.html)"
162.0.232.193 - - [11/Jun/2025:00:42:22 -0400] "POST /wp-cron.php?doing_wp_cron=1749616942.1301689147949218750000 HTTP/1.1" 200 0 "-" "WordPress/6.8.1; https://read11.windbreakermanga.com"
2001:861:3143:8140:b06e:1d9a:daef:1288 - - [11/Jun/2025:00:42:20 -0400] "GET /wind-breaker-chapter-437/ HTTP/1.1" 200 12242 "-" "Mozilla/5.0 (iPad; CPU OS 13_6 like Mac OS X) AppleWebKit/605.1.15 (KHTML, like Gecko) Version/13.1.2 Mobile/15E148 Safari/604.1"
162.0.232.193 - - [11/Jun/2025:00:42:26 -0400] "POST /wp-cron.php?doing_wp_cron=1749616946.5361781120300292968750 HTTP/1.1" 200 0 "-" "WordPress/6.8.1; https://read11.windbreakermanga.com"
162.0.232.193 - - [11/Jun/2025:00:42:24 -0400] "GET /wind-breaker-chapter-536/ HTTP/1.1" 200 11728 "-" "WP Rocket/Preload"
162.0.232.193 - - [11/Jun/2025:00:42:28 -0400] "GET /wind-breaker-chapter-536/ HTTP/1.1" 200 0 "-" "WP Rocket/Preload Mozilla/5.0 (iPhone; CPU iPhone OS 9_1 like Mac OS X) AppleWebKit/601.1.46 (KHTML, like Gecko) Version/9.0 Mobile/13B143 Safari/601.1"
162.0.232.193 - - [11/Jun/2025:00:42:31 -0400] "GET /wind-breaker-chapter-532/ HTTP/1.1" 200 0 "-" "WP Rocket/Preload"
66.249.77.194 - - [11/Jun/2025:00:42:30 -0400] "GET /product/boiler219773908 HTTP/1.1" 200 81485 "-" "Mozilla/5.0 (Linux; Android 6.0.1; Nexus 5X Build/MMB29P) AppleWebKit/537.36 (KHTML, like Gecko) Chrome/136.0.7103.113 Mobile Safari/537.36 (compatible; Googlebot/2.1; +http://www.google.com/bot.html)"
162.0.232.193 - - [11/Jun/2025:00:42:32 -0400] "GET /wind-breaker-chapter-532/ HTTP/1.1" 200 0 "-" "WP Rocket/Preload Mozilla/5.0 (iPhone; CPU iPhone OS 9_1 like Mac OS X) AppleWebKit/601.1.46 (KHTML, like Gecko) Version/9.0 Mobile/13B143 Safari/601.1"
162.0.232.193 - - [11/Jun/2025:00:42:33 -0400] "GET /wind-breaker-chapter-524/ HTTP/1.1" 200 0 "-" "WP Rocket/Preload"
162.0.232.193 - - [11/Jun/2025:00:42:35 -0400] "GET /wind-breaker-chapter-524/ HTTP/1.1" 200 0 "-" "WP Rocket/Preload Mozilla/5.0 (iPhone; CPU iPhone OS 9_1 like Mac OS X) AppleWebKit/601.1.46 (KHTML, like Gecko) Version/9.0 Mobile/13B143 Safari/601.1"
162.0.232.193 - - [11/Jun/2025:00:42:36 -0400] "GET /wind-breaker-chapter-507/ HTTP/1.1" 200 0 "-" "WP Rocket/Preload"
162.0.232.193 - - [11/Jun/2025:00:42:38 -0400] "GET /wind-breaker-chapter-507/ HTTP/1.1" 200 0 "-" "WP Rocket/Preload Mozilla/5.0 (iPhone; CPU iPhone OS 9_1 like Mac OS X) AppleWebKit/601.1.46 (KHTML, like Gecko) Version/9.0 Mobile/13B143 Safari/601.1"
162.0.232.193 - - [11/Jun/2025:00:42:38 -0400] "POST /wp-cron.php?doing_wp_cron=1749616958.0026190280914306640625 HTTP/1.1" 200 0 "-" "WordPress/6.8.1; https://read11.windbreakermanga.com"
162.0.232.193 - - [11/Jun/2025:00:42:39 -0400] "GET /wind-breaker-chapter-506-2/ HTTP/1.1" 200 0 "-" "WP Rocket/Preload"
162.0.232.193 - - [11/Jun/2025:00:42:41 -0400] "GET /wind-breaker-chapter-506-2/ HTTP/1.1" 200 0 "-" "WP Rocket/Preload Mozilla/5.0 (iPhone; CPU iPhone OS 9_1 like Mac OS X) AppleWebKit/601.1.46 (KHTML, like Gecko) Version/9.0 Mobile/13B143 Safari/601.1"
162.0.232.193 - - [11/Jun/2025:00:42:43 -0400] "POST /wp-cron.php?doing_wp_cron=1749616962.9184789657592773437500 HTTP/1.1" 200 0 "-" "WordPress/6.8.1; https://read11.windbreakermanga.com"
66.249.77.194 - - [11/Jun/2025:00:42:49 -0400] "GET /shopdetail/chopine115657040 HTTP/1.1" 200 81285 "-" "Mozilla/5.0 (Linux; Android 6.0.1; Nexus 5X Build/MMB29P) AppleWebKit/537.36 (KHTML, like Gecko) Chrome/136.0.7103.113 Mobile Safari/537.36 (compatible; Googlebot/2.1; +http://www.google.com/bot.html)"
66.249.77.194 - - [11/Jun/2025:00:42:51 -0400] "GET /goodscode/goldbound115912204 HTTP/1.1" 200 81190 "-" "Mozilla/5.0 (Linux; Android 6.0.1; Nexus 5X Build/MMB29P) AppleWebKit/537.36 (KHTML, like Gecko) Chrome/136.0.7103.113 Mobile Safari/537.36 (compatible; Googlebot/2.1; +http://www.google.com/bot.html)"
66.249.77.194 - - [11/Jun/2025:00:42:52 -0400] "GET /item/219773580 HTTP/1.1" 200 81525 "-" "Mozilla/5.0 (Linux; Android 6.0.1; Nexus 5X Build/MMB29P) AppleWebKit/537.36 (KHTML, like Gecko) Chrome/136.0.7103.113 Mobile Safari/537.36 (compatible; Googlebot/2.1; +http://www.google.com/bot.html)"
216.73.216.239 - - [11/Jun/2025:00:43:10 -0400] "GET /shopdetail/273340832 HTTP/1.1" 500 1034 "-" "Mozilla/5.0 AppleWebKit/537.36 (KHTML, like Gecko; compatible; ClaudeBot/1.0; [email protected])"
216.73.216.239 - - [11/Jun/2025:00:43:10 -0400] "GET /shopdetail/274684760 HTTP/1.1" 500 1034 "-" "Mozilla/5.0 AppleWebKit/537.36 (KHTML, like Gecko; compatible; ClaudeBot/1.0; [email protected])"
66.249.77.196 - - [11/Jun/2025:00:43:10 -0400] "GET /product/12215384 HTTP/1.1" 200 81279 "-" "Mozilla/5.0 (Linux; Android 6.0.1; Nexus 5X Build/MMB29P) AppleWebKit/537.36 (KHTML, like Gecko) Chrome/136.0.7103.113 Mobile Safari/537.36 (compatible; Googlebot/2.1; +http://www.google.com/bot.html)"
66.249.77.195 - - [11/Jun/2025:00:43:44 -0400] "GET /detail/36733152 HTTP/1.1" 200 81167 "-" "Mozilla/5.0 (Linux; Android 6.0.1; Nexus 5X Build/MMB29P) AppleWebKit/537.36 (KHTML, like Gecko) Chrome/136.0.7103.113 Mobile Safari/537.36 (compatible; Googlebot/2.1; +http://www.google.com/bot.html)"
2001:861:3143:8140:b06e:1d9a:daef:1288 - - [11/Jun/2025:00:43:57 -0400] "GET /wind-breaker-chapter-438/ HTTP/1.1" 200 11852 "-" "Mozilla/5.0 (iPad; CPU OS 13_6 like Mac OS X) AppleWebKit/605.1.15 (KHTML, like Gecko) Version/13.1.2 Mobile/15E148 Safari/604.1"
66.249.77.194 - - [11/Jun/2025:00:43:59 -0400] "GET /goods/keratin36732280 HTTP/1.1" 200 81933 "-" "Mozilla/5.0 (Linux; Android 6.0.1; Nexus 5X Build/MMB29P) AppleWebKit/537.36 (KHTML, like Gecko) Chrome/136.0.7103.113 Mobile Safari/537.36 (compatible; Googlebot/2.1; +http://www.google.com/bot.html)"
216.73.216.239 - - [11/Jun/2025:00:44:07 -0400] "GET /shopdetail/274631268 HTTP/1.1" 500 1034 "-" "Mozilla/5.0 AppleWebKit/537.36 (KHTML, like Gecko; compatible; ClaudeBot/1.0; [email protected])"
216.73.216.239 - - [11/Jun/2025:00:44:07 -0400] "GET /shopdetail/273400112 HTTP/1.1" 500 1034 "-" "Mozilla/5.0 AppleWebKit/537.36 (KHTML, like Gecko; compatible; ClaudeBot/1.0; [email protected])"
66.249.77.201 - - [11/Jun/2025:00:44:15 -0400] "GET /goodscode/36731416 HTTP/1.1" 200 81588 "-" "Mozilla/5.0 (Linux; Android 6.0.1; Nexus 5X Build/MMB29P) AppleWebKit/537.36 (KHTML, like Gecko) Chrome/136.0.7103.113 Mobile Safari/537.36 (compatible; Googlebot/2.1; +http://www.google.com/bot.html)"
66.249.77.201 - - [11/Jun/2025:00:44:16 -0400] "GET /info/11954848 HTTP/1.1" 200 81595 "-" "Mozilla/5.0 (Linux; Android 6.0.1; Nexus 5X Build/MMB29P) AppleWebKit/537.36 (KHTML, like Gecko) Chrome/136.0.7103.113 Mobile Safari/537.36 (compatible; Googlebot/2.1; +http://www.google.com/bot.html)"
66.249.77.201 - - [11/Jun/2025:00:44:45 -0400] "GET /goodscode/prudentially219761496 HTTP/1.1" 200 81381 "-" "Mozilla/5.0 (Linux; Android 6.0.1; Nexus 5X Build/MMB29P) AppleWebKit/537.36 (KHTML, like Gecko) Chrome/136.0.7103.113 Mobile Safari/537.36 (compatible; Googlebot/2.1; +http://www.google.com/bot.html)"
66.249.77.201 - - [11/Jun/2025:00:44:46 -0400] "GET /special/36733252 HTTP/1.1" 200 81400 "-" "Mozilla/5.0 (Linux; Android 6.0.1; Nexus 5X Build/MMB29P) AppleWebKit/537.36 (KHTML, like Gecko) Chrome/136.0.7103.113 Mobile Safari/537.36 (compatible; Googlebot/2.1; +http://www.google.com/bot.html)"
66.249.77.201 - - [11/Jun/2025:00:44:55 -0400] "GET /items/reusable115871524 HTTP/1.1" 200 81626 "-" "Mozilla/5.0 (Linux; Android 6.0.1; Nexus 5X Build/MMB29P) AppleWebKit/537.36 (KHTML, like Gecko) Chrome/136.0.7103.113 Mobile Safari/537.36 (compatible; Googlebot/2.1; +http://www.google.com/bot.html)"
216.73.216.239 - - [11/Jun/2025:00:44:59 -0400] "GET /shopdetail/273400212 HTTP/1.1" 500 1034 "-" "Mozilla/5.0 AppleWebKit/537.36 (KHTML, like Gecko; compatible; ClaudeBot/1.0; [email protected])"
216.73.216.239 - - [11/Jun/2025:00:44:59 -0400] "GET /shopdetail/274694536 HTTP/1.1" 500 1034 "-" "Mozilla/5.0 AppleWebKit/537.36 (KHTML, like Gecko; compatible; ClaudeBot/1.0; [email protected])"
66.249.77.192 - - [11/Jun/2025:00:45:13 -0400] "GET /products/115875840 HTTP/1.1" 200 82253 "-" "Mozilla/5.0 (Linux; Android 6.0.1; Nexus 5X Build/MMB29P) AppleWebKit/537.36 (KHTML, like Gecko) Chrome/136.0.7103.113 Mobile Safari/537.36 (compatible; Googlebot/2.1; +http://www.google.com/bot.html)"
66.249.77.201 - - [11/Jun/2025:00:45:47 -0400] "GET /entity/115873524 HTTP/1.1" 200 81080 "-" "Mozilla/5.0 (Linux; Android 6.0.1; Nexus 5X Build/MMB29P) AppleWebKit/537.36 (KHTML, like Gecko) Chrome/136.0.7103.113 Mobile Safari/537.36 (compatible; Googlebot/2.1; +http://www.google.com/bot.html)"
216.73.216.239 - - [11/Jun/2025:00:45:58 -0400] "GET /shopdetail/273368156 HTTP/1.1" 500 1034 "-" "Mozilla/5.0 AppleWebKit/537.36 (KHTML, like Gecko; compatible; ClaudeBot/1.0; [email protected])"
216.73.216.239 - - [11/Jun/2025:00:45:58 -0400] "GET /shopdetail/273417140 HTTP/1.1" 500 1034 "-" "Mozilla/5.0 AppleWebKit/537.36 (KHTML, like Gecko; compatible; ClaudeBot/1.0; [email protected])"
66.249.77.193 - - [11/Jun/2025:00:46:04 -0400] "GET /shopdetail/duchesse115871552 HTTP/1.1" 200 81282 "-" "Mozilla/5.0 (Linux; Android 6.0.1; Nexus 5X Build/MMB29P) AppleWebKit/537.36 (KHTML, like Gecko) Chrome/136.0.7103.113 Mobile Safari/537.36 (compatible; Googlebot/2.1; +http://www.google.com/bot.html)"
66.249.77.201 - - [11/Jun/2025:00:46:06 -0400] "GET /sitemap-subitems-2754.xml HTTP/1.1" 200 10385 "-" "Mozilla/5.0 (compatible; Googlebot/2.1; +http://www.google.com/bot.html)"
66.249.77.192 - - [11/Jun/2025:00:46:08 -0400] "GET /item/33916780 HTTP/1.1" 200 81171 "-" "Mozilla/5.0 (Linux; Android 6.0.1; Nexus 5X Build/MMB29P) AppleWebKit/537.36 (KHTML, like Gecko) Chrome/136.0.7103.113 Mobile Safari/537.36 (compatible; Googlebot/2.1; +http://www.google.com/bot.html)"
66.249.77.201 - - [11/Jun/2025:00:46:24 -0400] "GET /products/weedn115867872 HTTP/1.1" 200 83274 "-" "Mozilla/5.0 (Linux; Android 6.0.1; Nexus 5X Build/MMB29P) AppleWebKit/537.36 (KHTML, like Gecko) Chrome/136.0.7103.113 Mobile Safari/537.36 (compatible; Googlebot/2.1; +http://www.google.com/bot.html)"
162.0.232.193 - - [11/Jun/2025:00:46:26 -0400] "POST /wp-cron.php?doing_wp_cron=1749617186.1407101154327392578125 HTTP/1.1" 200 0 "-" "WordPress/6.8.1; https://read11.windbreakermanga.com"
2001:861:3143:8140:b06e:1d9a:daef:1288 - - [11/Jun/2025:00:45:21 -0400] "GET /wind-breaker-chapter-439/ HTTP/1.1" 200 11905 "-" "Mozilla/5.0 (Windows NT 10.0; Win64; x64; rv:89.0) Gecko/20100101 Firefox/89.0"
162.0.232.193 - - [11/Jun/2025:00:46:30 -0400] "GET /wp-content/uploads/f979bbbcbe9df560cb74049269d2541e_4104.xml HTTP/1.1" 200 2582 "-" "Mozilla/5.0 (X11; Linux x86_64) AppleWebKit/537.36 (KHTML, like Gecko) Ubuntu Chromium/41.0.2272.76"
66.249.77.201 - - [11/Jun/2025:00:46:42 -0400] "GET /item/115873224 HTTP/1.1" 200 81628 "-" "Mozilla/5.0 (Linux; Android 6.0.1; Nexus 5X Build/MMB29P) AppleWebKit/537.36 (KHTML, like Gecko) Chrome/136.0.7103.113 Mobile Safari/537.36 (compatible; Googlebot/2.1; +http://www.google.com/bot.html)"
66.249.77.201 - - [11/Jun/2025:00:46:43 -0400] "GET /special/stintedness115662600 HTTP/1.1" 200 82146 "-" "Mozilla/5.0 (Linux; Android 6.0.1; Nexus 5X Build/MMB29P) AppleWebKit/537.36 (KHTML, like Gecko) Chrome/136.0.7103.113 Mobile Safari/537.36 (compatible; Googlebot/2.1; +http://www.google.com/bot.html)"
66.249.77.192 - - [11/Jun/2025:00:46:59 -0400] "GET /item/hummaul115869944 HTTP/1.1" 200 80879 "-" "Mozilla/5.0 (Linux; Android 6.0.1; Nexus 5X Build/MMB29P) AppleWebKit/537.36 (KHTML, like Gecko) Chrome/136.0.7103.113 Mobile Safari/537.36 (compatible; Googlebot/2.1; +http://www.google.com/bot.html)"
216.73.216.239 - - [11/Jun/2025:00:47:01 -0400] "GET /shopdetail/274677508 HTTP/1.1" 500 1034 "-" "Mozilla/5.0 AppleWebKit/537.36 (KHTML, like Gecko; compatible; ClaudeBot/1.0; [email protected])"
216.73.216.239 - - [11/Jun/2025:00:47:01 -0400] "GET /shopdetail/273383648 HTTP/1.1" 500 1034 "-" "Mozilla/5.0 AppleWebKit/537.36 (KHTML, like Gecko; compatible; ClaudeBot/1.0; [email protected])"
47.128.121.184 - - [11/Jun/2025:00:47:25 -0400] "GET / HTTP/1.1" 200 12625 "-" "Mozilla/5.0 (Linux; Android 5.0) AppleWebKit/537.36 (KHTML, like Gecko) Mobile Safari/537.36 (compatible; TikTokSpider; [email protected])"
66.249.77.201 - - [11/Jun/2025:00:47:28 -0400] "GET /items/115872560 HTTP/1.1" 200 81193 "-" "Mozilla/5.0 (Linux; Android 6.0.1; Nexus 5X Build/MMB29P) AppleWebKit/537.36 (KHTML, like Gecko) Chrome/136.0.7103.113 Mobile Safari/537.36 (compatible; Googlebot/2.1; +http://www.google.com/bot.html)"
54.36.149.87 - - [11/Jun/2025:00:47:33 -0400] "GET /category/wind-breaker-manhwa/page/7/ HTTP/1.1" 500 1034 "-" "Mozilla/5.0 (compatible; AhrefsBot/7.0; +http://ahrefs.com/robot/)"
2001:861:3143:8140:b06e:1d9a:daef:1288 - - [11/Jun/2025:00:47:39 -0400] "GET /wind-breaker-chapter-440/ HTTP/1.1" 200 11905 "-" "Mozilla/5.0 (Macintosh; Intel Mac OS X 10.15; rv:89.0) Gecko/20100101 Firefox/89.0"
66.249.77.201 - - [11/Jun/2025:00:47:44 -0400] "GET /entity/compote221034476 HTTP/1.1" 200 81445 "-" "Mozilla/5.0 (Linux; Android 6.0.1; Nexus 5X Build/MMB29P) AppleWebKit/537.36 (KHTML, like Gecko) Chrome/136.0.7103.113 Mobile Safari/537.36 (compatible; Googlebot/2.1; +http://www.google.com/bot.html)"
216.73.216.239 - - [11/Jun/2025:00:47:56 -0400] "GET /shopdetail/273360168 HTTP/1.1" 500 1034 "-" "Mozilla/5.0 AppleWebKit/537.36 (KHTML, like Gecko; compatible; ClaudeBot/1.0; [email protected])"
216.73.216.239 - - [11/Jun/2025:00:47:56 -0400] "GET /shopdetail/273358260 HTTP/1.1" 500 1034 "-" "Mozilla/5.0 AppleWebKit/537.36 (KHTML, like Gecko; compatible; ClaudeBot/1.0; [email protected])"
66.249.77.201 - - [11/Jun/2025:00:47:59 -0400] "GET /shopbrand/221022164 HTTP/1.1" 200 82209 "-" "Mozilla/5.0 (Linux; Android 6.0.1; Nexus 5X Build/MMB29P) AppleWebKit/537.36 (KHTML, like Gecko) Chrome/136.0.7103.113 Mobile Safari/537.36 (compatible; Googlebot/2.1; +http://www.google.com/bot.html)"
66.249.77.201 - - [11/Jun/2025:00:48:14 -0400] "GET /entity/t/fornices/7159808 HTTP/1.1" 200 81137 "-" "Mozilla/5.0 (Linux; Android 6.0.1; Nexus 5X Build/MMB29P) AppleWebKit/537.36 (KHTML, like Gecko) Chrome/136.0.7103.113 Mobile Safari/537.36 (compatible; Googlebot/2.1; +http://www.google.com/bot.html)"
66.249.77.201 - - [11/Jun/2025:00:48:16 -0400] "GET /goods/d/fulgency/115865328 HTTP/1.1" 200 81331 "-" "Mozilla/5.0 (Linux; Android 6.0.1; Nexus 5X Build/MMB29P) AppleWebKit/537.36 (KHTML, like Gecko) Chrome/136.0.7103.113 Mobile Safari/537.36 (compatible; Googlebot/2.1; +http://www.google.com/bot.html)"
66.249.77.201 - - [11/Jun/2025:00:48:19 -0400] "GET /product/221027388 HTTP/1.1" 200 81762 "-" "Mozilla/5.0 (Linux; Android 6.0.1; Nexus 5X Build/MMB29P) AppleWebKit/537.36 (KHTML, like Gecko) Chrome/136.0.7103.113 Mobile Safari/537.36 (compatible; Googlebot/2.1; +http://www.google.com/bot.html)"
66.249.77.201 - - [11/Jun/2025:00:48:34 -0400] "GET /shopbrand/221030360 HTTP/1.1" 200 81597 "-" "Mozilla/5.0 (Linux; Android 6.0.1; Nexus 5X Build/MMB29P) AppleWebKit/537.36 (KHTML, like Gecko) Chrome/136.0.7103.113 Mobile Safari/537.36 (compatible; Googlebot/2.1; +http://www.google.com/bot.html)"
98.82.40.168 - - [11/Jun/2025:00:48:36 -0400] "GET /chapter-428/ HTTP/1.1" 200 11101 "-" "Mozilla/5.0 AppleWebKit/537.36 (KHTML, like Gecko; compatible; Amazonbot/0.1; +https://developer.amazon.com/support/amazonbot) Chrome/119.0.6045.214 Safari/537.36"
66.249.77.201 - - [11/Jun/2025:00:48:38 -0400] "GET /special/5498756 HTTP/1.1" 200 81297 "-" "Mozilla/5.0 (Linux; Android 6.0.1; Nexus 5X Build/MMB29P) AppleWebKit/537.36 (KHTML, like Gecko) Chrome/136.0.7103.113 Mobile Safari/537.36 (compatible; Googlebot/2.1; +http://www.google.com/bot.html)"
