66.249.77.201 - - [11/Jun/2025:02:19:16 -0400] "GET /shopdetail/xq/clancular115699600 HTTP/1.1" 200 81428 "-" "Mozilla/5.0 (Linux; Android 6.0.1; Nexus 5X Build/MMB29P) AppleWebKit/537.36 (KHTML, like Gecko) Chrome/136.0.7103.113 Mobile Safari/537.36 (compatible; Googlebot/2.1; +http://www.google.com/bot.html)"
66.249.77.201 - - [11/Jun/2025:02:19:21 -0400] "GET /products/10618136 HTTP/1.1" 200 81229 "-" "Mozilla/5.0 (Linux; Android 6.0.1; Nexus 5X Build/MMB29P) AppleWebKit/537.36 (KHTML, like Gecko) Chrome/136.0.7103.113 Mobile Safari/537.36 (compatible; Googlebot/2.1; +http://www.google.com/bot.html)"
2001:861:3143:8140:b06e:1d9a:daef:1288 - - [11/Jun/2025:02:19:19 -0400] "GET /wind-breaker-chapter-529/ HTTP/1.1" 200 11684 "-" "Mozilla/5.0 (Macintosh; Intel Mac OS X 10.15; rv:89.0) Gecko/20100101 Firefox/89.0"
134.17.14.12 - - [11/Jun/2025:02:19:29 -0400] "GET /wp-content/plugins/init-help/init.php HTTP/1.1" 200 0 "-" "Mozilla/4.0 (compatible; MSIE 6.0; Windows NT 5.1; SV1)"
216.73.216.239 - - [11/Jun/2025:02:19:33 -0400] "GET /sitemap-subitems-1281.xml HTTP/1.1" 200 10266 "-" "Mozilla/5.0 AppleWebKit/537.36 (KHTML, like Gecko; compatible; ClaudeBot/1.0; [email protected])"
216.73.216.239 - - [11/Jun/2025:02:19:38 -0400] "GET /item/d/hydroxymethyl275234560 HTTP/1.1" 500 1034 "-" "Mozilla/5.0 AppleWebKit/537.36 (KHTML, like Gecko; compatible; ClaudeBot/1.0; [email protected])"
66.249.77.192 - - [11/Jun/2025:02:19:39 -0400] "GET /shopbrand/overvail10626468 HTTP/1.1" 200 81153 "-" "Mozilla/5.0 (Linux; Android 6.0.1; Nexus 5X Build/MMB29P) AppleWebKit/537.36 (KHTML, like Gecko) Chrome/136.0.7103.113 Mobile Safari/537.36 (compatible; Googlebot/2.1; +http://www.google.com/bot.html)"
2001:861:3143:8140:b06e:1d9a:daef:1288 - - [11/Jun/2025:02:19:43 -0400] "GET /wind-breaker-chapter-530/ HTTP/1.1" 200 11715 "-" "Mozilla/5.0 (Macintosh; Intel Mac OS X 10_15_7) AppleWebKit/605.1.15 (KHTML, like Gecko) Version/14.0.3 Safari/605.1.15"
216.73.216.239 - - [11/Jun/2025:02:19:43 -0400] "GET /detail/seawand275244964 HTTP/1.1" 500 1034 "-" "Mozilla/5.0 AppleWebKit/537.36 (KHTML, like Gecko; compatible; ClaudeBot/1.0; [email protected])"
216.73.216.239 - - [11/Jun/2025:02:19:48 -0400] "GET /info/impaint/275232552 HTTP/1.1" 500 1034 "-" "Mozilla/5.0 AppleWebKit/537.36 (KHTML, like Gecko; compatible; ClaudeBot/1.0; [email protected])"
66.249.77.201 - - [11/Jun/2025:02:19:49 -0400] "GET /goodscode/10627504 HTTP/1.1" 200 81065 "-" "Mozilla/5.0 (Linux; Android 6.0.1; Nexus 5X Build/MMB29P) AppleWebKit/537.36 (KHTML, like Gecko) Chrome/136.0.7103.113 Mobile Safari/537.36 (compatible; Googlebot/2.1; +http://www.google.com/bot.html)"
66.249.77.192 - - [11/Jun/2025:02:19:51 -0400] "GET /item/litholatry10239560 HTTP/1.1" 200 82290 "-" "Mozilla/5.0 (Linux; Android 6.0.1; Nexus 5X Build/MMB29P) AppleWebKit/537.36 (KHTML, like Gecko) Chrome/136.0.7103.113 Mobile Safari/537.36 (compatible; Googlebot/2.1; +http://www.google.com/bot.html)"
216.73.216.239 - - [11/Jun/2025:02:19:54 -0400] "GET /special/resentful275184840 HTTP/1.1" 500 1034 "-" "Mozilla/5.0 AppleWebKit/537.36 (KHTML, like Gecko; compatible; ClaudeBot/1.0; [email protected])"
66.249.77.192 - - [11/Jun/2025:02:19:55 -0400] "GET /shopdetail/serrous36229164 HTTP/1.1" 200 82253 "-" "Mozilla/5.0 (Linux; Android 6.0.1; Nexus 5X Build/MMB29P) AppleWebKit/537.36 (KHTML, like Gecko) Chrome/136.0.7103.113 Mobile Safari/537.36 (compatible; Googlebot/2.1; +http://www.google.com/bot.html)"
216.73.216.239 - - [11/Jun/2025:02:19:58 -0400] "GET /detail/phonography/275239576 HTTP/1.1" 500 1034 "-" "Mozilla/5.0 AppleWebKit/537.36 (KHTML, like Gecko; compatible; ClaudeBot/1.0; [email protected])"
216.73.216.239 - - [11/Jun/2025:02:20:03 -0400] "GET /sitemap-subitems-1329.xml HTTP/1.1" 200 10111 "-" "Mozilla/5.0 AppleWebKit/537.36 (KHTML, like Gecko; compatible; ClaudeBot/1.0; [email protected])"
66.249.77.193 - - [11/Jun/2025:02:20:04 -0400] "GET /goods/telelectroscope36226648 HTTP/1.1" 200 81568 "-" "Mozilla/5.0 (Linux; Android 6.0.1; Nexus 5X Build/MMB29P) AppleWebKit/537.36 (KHTML, like Gecko) Chrome/136.0.7103.113 Mobile Safari/537.36 (compatible; Googlebot/2.1; +http://www.google.com/bot.html)"
2001:861:3143:8140:b06e:1d9a:daef:1288 - - [11/Jun/2025:02:20:08 -0400] "GET /wind-breaker-chapter-531/ HTTP/1.1" 200 11275 "-" "Mozilla/5.0 (Macintosh; Intel Mac OS X 10.15; rv:89.0) Gecko/20100101 Firefox/89.0"
216.73.216.239 - - [11/Jun/2025:02:20:09 -0400] "GET /sitemap-subitems-2762.xml HTTP/1.1" 200 10066 "-" "Mozilla/5.0 AppleWebKit/537.36 (KHTML, like Gecko; compatible; ClaudeBot/1.0; [email protected])"
216.73.216.239 - - [11/Jun/2025:02:20:13 -0400] "GET /products/a/blimp/275210372 HTTP/1.1" 500 1034 "-" "Mozilla/5.0 AppleWebKit/537.36 (KHTML, like Gecko; compatible; ClaudeBot/1.0; [email protected])"
66.249.77.201 - - [11/Jun/2025:02:20:16 -0400] "GET /products/gallimaufries37202384 HTTP/1.1" 200 81438 "-" "Mozilla/5.0 (Linux; Android 6.0.1; Nexus 5X Build/MMB29P) AppleWebKit/537.36 (KHTML, like Gecko) Chrome/136.0.7103.113 Mobile Safari/537.36 (compatible; Googlebot/2.1; +http://www.google.com/bot.html)"
216.73.216.239 - - [11/Jun/2025:02:20:25 -0400] "GET /items/275198596 HTTP/1.1" 500 1034 "-" "Mozilla/5.0 AppleWebKit/537.36 (KHTML, like Gecko; compatible; ClaudeBot/1.0; [email protected])"
216.73.216.239 - - [11/Jun/2025:02:20:29 -0400] "GET /info275247064 HTTP/1.1" 500 1034 "-" "Mozilla/5.0 AppleWebKit/537.36 (KHTML, like Gecko; compatible; ClaudeBot/1.0; [email protected])"
66.249.77.201 - - [11/Jun/2025:02:20:33 -0400] "GET /items/hornless37201084 HTTP/1.1" 200 82447 "-" "Mozilla/5.0 (Linux; Android 6.0.1; Nexus 5X Build/MMB29P) AppleWebKit/537.36 (KHTML, like Gecko) Chrome/136.0.7103.113 Mobile Safari/537.36 (compatible; Googlebot/2.1; +http://www.google.com/bot.html)"
216.73.216.239 - - [11/Jun/2025:02:20:35 -0400] "GET /items275225092 HTTP/1.1" 500 1034 "-" "Mozilla/5.0 AppleWebKit/537.36 (KHTML, like Gecko; compatible; ClaudeBot/1.0; [email protected])"
66.249.77.201 - - [11/Jun/2025:02:20:35 -0400] "GET / HTTP/1.1" 200 81514 "-" "Mozilla/5.0 (Linux; Android 6.0.1; Nexus 5X Build/MMB29P) AppleWebKit/537.36 (KHTML, like Gecko) Chrome/99.0.4844.84 Mobile Safari/537.36 (compatible; Googlebot/2.1; +http://www.google.com/bot.html)"
66.249.77.201 - - [11/Jun/2025:02:20:37 -0400] "GET / HTTP/1.1" 200 81514 "-" "Mozilla/5.0 (compatible; Googlebot/2.1; +http://www.google.com/bot.html)"
66.249.77.201 - - [11/Jun/2025:02:20:39 -0400] "GET /favicon.ico HTTP/1.1" 404 1251 "-" "Googlebot-Image/1.0"
2001:861:3143:8140:b06e:1d9a:daef:1288 - - [11/Jun/2025:02:20:39 -0400] "GET /wind-breaker-chapter-532/ HTTP/1.1" 200 11709 "-" "Mozilla/5.0 (Windows NT 10.0; Win64; x64; rv:89.0) Gecko/20100101 Firefox/89.0"
216.73.216.239 - - [11/Jun/2025:02:20:39 -0400] "GET /products/tw/kernelled/275200168 HTTP/1.1" 500 1034 "-" "Mozilla/5.0 AppleWebKit/537.36 (KHTML, like Gecko; compatible; ClaudeBot/1.0; [email protected])"
66.249.77.192 - - [11/Jun/2025:02:20:43 -0400] "GET /items/slaveborn37201248 HTTP/1.1" 200 85204 "-" "Mozilla/5.0 (Linux; Android 6.0.1; Nexus 5X Build/MMB29P) AppleWebKit/537.36 (KHTML, like Gecko) Chrome/136.0.7103.113 Mobile Safari/537.36 (compatible; Googlebot/2.1; +http://www.google.com/bot.html)"
216.73.216.239 - - [11/Jun/2025:02:20:44 -0400] "GET /entity275222548 HTTP/1.1" 500 1034 "-" "Mozilla/5.0 AppleWebKit/537.36 (KHTML, like Gecko; compatible; ClaudeBot/1.0; [email protected])"
216.73.216.239 - - [11/Jun/2025:02:20:50 -0400] "GET /items/boulangist275248544 HTTP/1.1" 500 1034 "-" "Mozilla/5.0 AppleWebKit/537.36 (KHTML, like Gecko; compatible; ClaudeBot/1.0; [email protected])"
66.249.77.192 - - [11/Jun/2025:02:20:53 -0400] "GET /detail/37215404 HTTP/1.1" 200 81152 "-" "Mozilla/5.0 (Linux; Android 6.0.1; Nexus 5X Build/MMB29P) AppleWebKit/537.36 (KHTML, like Gecko) Chrome/136.0.7103.113 Mobile Safari/537.36 (compatible; Googlebot/2.1; +http://www.google.com/bot.html)"
216.73.216.239 - - [11/Jun/2025:02:20:55 -0400] "GET /sitemap-subitems-1221.xml HTTP/1.1" 200 10050 "-" "Mozilla/5.0 AppleWebKit/537.36 (KHTML, like Gecko; compatible; ClaudeBot/1.0; [email protected])"
216.73.216.239 - - [11/Jun/2025:02:20:59 -0400] "GET /item/ag/questioner275229636 HTTP/1.1" 500 1034 "-" "Mozilla/5.0 AppleWebKit/537.36 (KHTML, like Gecko; compatible; ClaudeBot/1.0; [email protected])"
45.227.253.15 - - [11/Jun/2025:02:21:03 -0400] "GET /index.php/jk HTTP/1.1" 200 47 "https://windbreakermanga.com/index.php/jk" "Mozilla/5.0 (Windows NT 6.2; WOW64) AppleWebKit/535.24 (KHTML, like Gecko) Chrome/83.0.1055.1 Safari/535.24"
66.249.77.192 - - [11/Jun/2025:02:21:03 -0400] "GET /entity/solenoglyph37211824 HTTP/1.1" 200 81913 "-" "Mozilla/5.0 (Linux; Android 6.0.1; Nexus 5X Build/MMB29P) AppleWebKit/537.36 (KHTML, like Gecko) Chrome/136.0.7103.113 Mobile Safari/537.36 (compatible; Googlebot/2.1; +http://www.google.com/bot.html)"
216.73.216.239 - - [11/Jun/2025:02:21:05 -0400] "GET /item/pyrrharctia/275259148 HTTP/1.1" 500 1034 "-" "Mozilla/5.0 AppleWebKit/537.36 (KHTML, like Gecko; compatible; ClaudeBot/1.0; [email protected])"
2001:861:3143:8140:b06e:1d9a:daef:1288 - - [11/Jun/2025:02:21:09 -0400] "GET /wind-breaker-chapter-533/ HTTP/1.1" 200 11713 "-" "Mozilla/5.0 (Windows NT 10.0; Win64; x64) AppleWebKit/537.36 (KHTML, like Gecko) Chrome/91.0.4472.124 Safari/537.36"
66.249.77.192 - - [11/Jun/2025:02:21:15 -0400] "GET /special/abatvoix37208244 HTTP/1.1" 200 81284 "-" "Mozilla/5.0 (Linux; Android 6.0.1; Nexus 5X Build/MMB29P) AppleWebKit/537.36 (KHTML, like Gecko) Chrome/136.0.7103.113 Mobile Safari/537.36 (compatible; Googlebot/2.1; +http://www.google.com/bot.html)"
66.249.77.201 - - [11/Jun/2025:02:21:25 -0400] "GET /shopbrand/37211752 HTTP/1.1" 200 83869 "-" "Mozilla/5.0 (Linux; Android 6.0.1; Nexus 5X Build/MMB29P) AppleWebKit/537.36 (KHTML, like Gecko) Chrome/136.0.7103.113 Mobile Safari/537.36 (compatible; Googlebot/2.1; +http://www.google.com/bot.html)"
2001:861:3143:8140:b06e:1d9a:daef:1288 - - [11/Jun/2025:02:21:27 -0400] "GET /wind-breaker-chapter-534/ HTTP/1.1" 200 11739 "-" "Mozilla/5.0 (Macintosh; Intel Mac OS X 10.15; rv:89.0) Gecko/20100101 Firefox/89.0"
66.249.77.201 - - [11/Jun/2025:02:21:35 -0400] "GET /entity/cq/gratulate115704852 HTTP/1.1" 200 81832 "-" "Mozilla/5.0 (Linux; Android 6.0.1; Nexus 5X Build/MMB29P) AppleWebKit/537.36 (KHTML, like Gecko) Chrome/136.0.7103.113 Mobile Safari/537.36 (compatible; Googlebot/2.1; +http://www.google.com/bot.html)"
66.249.77.201 - - [11/Jun/2025:02:21:36 -0400] "GET /goodscode/37207208 HTTP/1.1" 200 81649 "-" "Mozilla/5.0 (Linux; Android 6.0.1; Nexus 5X Build/MMB29P) AppleWebKit/537.36 (KHTML, like Gecko) Chrome/136.0.7103.113 Mobile Safari/537.36 (compatible; Googlebot/2.1; +http://www.google.com/bot.html)"
216.73.216.239 - - [11/Jun/2025:02:21:38 -0400] "GET /sitemap-subitems-1466.xml HTTP/1.1" 200 10167 "-" "Mozilla/5.0 AppleWebKit/537.36 (KHTML, like Gecko; compatible; ClaudeBot/1.0; [email protected])"
216.73.216.239 - - [11/Jun/2025:02:21:43 -0400] "GET /shopping/gsi/funest/275211100 HTTP/1.1" 500 1034 "-" "Mozilla/5.0 AppleWebKit/537.36 (KHTML, like Gecko; compatible; ClaudeBot/1.0; [email protected])"
66.249.77.201 - - [11/Jun/2025:02:21:46 -0400] "GET /shopbrand/37201420 HTTP/1.1" 200 81300 "-" "Mozilla/5.0 (Linux; Android 6.0.1; Nexus 5X Build/MMB29P) AppleWebKit/537.36 (KHTML, like Gecko) Chrome/136.0.7103.113 Mobile Safari/537.36 (compatible; Googlebot/2.1; +http://www.google.com/bot.html)"
66.249.77.201 - - [11/Jun/2025:02:21:47 -0400] "GET /shopping/6989992 HTTP/1.1" 200 83419 "-" "Mozilla/5.0 (Linux; Android 6.0.1; Nexus 5X Build/MMB29P) AppleWebKit/537.36 (KHTML, like Gecko) Chrome/136.0.7103.113 Mobile Safari/537.36 (compatible; Googlebot/2.1; +http://www.google.com/bot.html)"
216.73.216.239 - - [11/Jun/2025:02:21:48 -0400] "GET /detail/j/ingrown275223184 HTTP/1.1" 500 1034 "-" "Mozilla/5.0 AppleWebKit/537.36 (KHTML, like Gecko; compatible; ClaudeBot/1.0; [email protected])"
216.73.216.239 - - [11/Jun/2025:02:21:53 -0400] "GET /special/275258104 HTTP/1.1" 500 1034 "-" "Mozilla/5.0 AppleWebKit/537.36 (KHTML, like Gecko; compatible; ClaudeBot/1.0; [email protected])"
66.249.77.201 - - [11/Jun/2025:02:21:56 -0400] "GET /shopbrand/semisavage37214468 HTTP/1.1" 200 83774 "-" "Mozilla/5.0 (Linux; Android 6.0.1; Nexus 5X Build/MMB29P) AppleWebKit/537.36 (KHTML, like Gecko) Chrome/136.0.7103.113 Mobile Safari/537.36 (compatible; Googlebot/2.1; +http://www.google.com/bot.html)"
216.73.216.239 - - [11/Jun/2025:02:21:58 -0400] "GET /items275187148 HTTP/1.1" 500 1034 "-" "Mozilla/5.0 AppleWebKit/537.36 (KHTML, like Gecko; compatible; ClaudeBot/1.0; [email protected])"
216.73.216.239 - - [11/Jun/2025:02:22:03 -0400] "GET /sitemap-subitems-494.xml HTTP/1.1" 200 10006 "-" "Mozilla/5.0 AppleWebKit/537.36 (KHTML, like Gecko; compatible; ClaudeBot/1.0; [email protected])"
66.249.77.193 - - [11/Jun/2025:02:22:06 -0400] "GET /product/instanter37210552 HTTP/1.1" 200 81007 "-" "Mozilla/5.0 (Linux; Android 6.0.1; Nexus 5X Build/MMB29P) AppleWebKit/537.36 (KHTML, like Gecko) Chrome/136.0.7103.113 Mobile Safari/537.36 (compatible; Googlebot/2.1; +http://www.google.com/bot.html)"
216.73.216.239 - - [11/Jun/2025:02:22:08 -0400] "GET /special/275242748 HTTP/1.1" 500 1034 "-" "Mozilla/5.0 AppleWebKit/537.36 (KHTML, like Gecko; compatible; ClaudeBot/1.0; [email protected])"
216.73.216.239 - - [11/Jun/2025:02:22:13 -0400] "GET /info/revertent275180296 HTTP/1.1" 500 1034 "-" "Mozilla/5.0 AppleWebKit/537.36 (KHTML, like Gecko; compatible; ClaudeBot/1.0; [email protected])"
66.249.77.201 - - [11/Jun/2025:02:22:15 -0400] "GET /goodscode/221770884 HTTP/1.1" 200 81306 "-" "Mozilla/5.0 (Linux; Android 6.0.1; Nexus 5X Build/MMB29P) AppleWebKit/537.36 (KHTML, like Gecko) Chrome/136.0.7103.113 Mobile Safari/537.36 (compatible; Googlebot/2.1; +http://www.google.com/bot.html)"
2001:861:3143:8140:b06e:1d9a:daef:1288 - - [11/Jun/2025:02:22:18 -0400] "GET /wind-breaker-chapter-535/ HTTP/1.1" 200 11710 "-" "Mozilla/5.0 (Windows NT 10.0; Win64; x64; rv:89.0) Gecko/20100101 Firefox/89.0"
216.73.216.239 - - [11/Jun/2025:02:22:18 -0400] "GET /items/xy/stentorian275243720 HTTP/1.1" 500 1034 "-" "Mozilla/5.0 AppleWebKit/537.36 (KHTML, like Gecko; compatible; ClaudeBot/1.0; [email protected])"
43.153.73.200 - - [11/Jun/2025:02:22:29 -0400] "GET /wind-breaker-chapter-48/ HTTP/1.1" 200 11893 "-" "Mozilla/5.0 (iPhone; CPU iPhone OS 13_2_3 like Mac OS X) AppleWebKit/605.1.15 (KHTML, like Gecko) Version/13.0.3 Mobile/15E148 Safari/604.1"
216.73.216.239 - - [11/Jun/2025:02:22:29 -0400] "GET /special/275234960 HTTP/1.1" 500 1034 "-" "Mozilla/5.0 AppleWebKit/537.36 (KHTML, like Gecko; compatible; ClaudeBot/1.0; [email protected])"
66.249.77.201 - - [11/Jun/2025:02:22:33 -0400] "GET /info/37207236 HTTP/1.1" 200 81038 "-" "Mozilla/5.0 (Linux; Android 6.0.1; Nexus 5X Build/MMB29P) AppleWebKit/537.36 (KHTML, like Gecko) Chrome/136.0.7103.113 Mobile Safari/537.36 (compatible; Googlebot/2.1; +http://www.google.com/bot.html)"
216.73.216.239 - - [11/Jun/2025:02:22:34 -0400] "GET /special/seaotters275242984 HTTP/1.1" 500 1034 "-" "Mozilla/5.0 AppleWebKit/537.36 (KHTML, like Gecko; compatible; ClaudeBot/1.0; [email protected])"
216.73.216.239 - - [11/Jun/2025:02:22:39 -0400] "GET /items/275257240 HTTP/1.1" 500 1034 "-" "Mozilla/5.0 AppleWebKit/537.36 (KHTML, like Gecko; compatible; ClaudeBot/1.0; [email protected])"
66.249.77.201 - - [11/Jun/2025:02:22:42 -0400] "GET /goods/221767932 HTTP/1.1" 200 80604 "-" "Mozilla/5.0 (Linux; Android 6.0.1; Nexus 5X Build/MMB29P) AppleWebKit/537.36 (KHTML, like Gecko) Chrome/136.0.7103.113 Mobile Safari/537.36 (compatible; Googlebot/2.1; +http://www.google.com/bot.html)"
216.73.216.239 - - [11/Jun/2025:02:22:44 -0400] "GET /item/le/atropine275201840 HTTP/1.1" 500 1034 "-" "Mozilla/5.0 AppleWebKit/537.36 (KHTML, like Gecko; compatible; ClaudeBot/1.0; [email protected])"
216.73.216.239 - - [11/Jun/2025:02:22:49 -0400] "GET /info/x/professional/275255568 HTTP/1.1" 500 1034 "-" "Mozilla/5.0 AppleWebKit/537.36 (KHTML, like Gecko; compatible; ClaudeBot/1.0; [email protected])"
66.249.77.201 - - [11/Jun/2025:02:22:51 -0400] "GET /goods/hairbell221762988 HTTP/1.1" 200 82784 "-" "Mozilla/5.0 (Linux; Android 6.0.1; Nexus 5X Build/MMB29P) AppleWebKit/537.36 (KHTML, like Gecko) Chrome/136.0.7103.113 Mobile Safari/537.36 (compatible; Googlebot/2.1; +http://www.google.com/bot.html)"
216.73.216.239 - - [11/Jun/2025:02:22:54 -0400] "GET /detail/f/aquarius/275218160 HTTP/1.1" 500 1034 "-" "Mozilla/5.0 AppleWebKit/537.36 (KHTML, like Gecko; compatible; ClaudeBot/1.0; [email protected])"
2001:861:3143:8140:b06e:1d9a:daef:1288 - - [11/Jun/2025:02:22:56 -0400] "GET /wind-breaker-chapter-536/ HTTP/1.1" 200 11755 "-" "Mozilla/5.0 (Windows NT 10.0; Win64; x64) AppleWebKit/537.36 (KHTML, like Gecko) Chrome/91.0.4472.124 Safari/537.36"
216.73.216.239 - - [11/Jun/2025:02:22:59 -0400] "GET /info/275262092 HTTP/1.1" 500 1034 "-" "Mozilla/5.0 AppleWebKit/537.36 (KHTML, like Gecko; compatible; ClaudeBot/1.0; [email protected])"
66.249.77.201 - - [11/Jun/2025:02:23:01 -0400] "GET /goods/37204192 HTTP/1.1" 200 81274 "-" "Mozilla/5.0 (Linux; Android 6.0.1; Nexus 5X Build/MMB29P) AppleWebKit/537.36 (KHTML, like Gecko) Chrome/136.0.7103.113 Mobile Safari/537.36 (compatible; Googlebot/2.1; +http://www.google.com/bot.html)"
162.0.232.193 - - [11/Jun/2025:02:23:02 -0400] "POST /wp-cron.php?doing_wp_cron=1749622982.2531969547271728515625 HTTP/1.1" 200 0 "-" "WordPress/6.8.1; https://read11.windbreakermanga.com"
162.0.232.193 - - [11/Jun/2025:02:23:02 -0400] "POST /wp-cron.php?doing_wp_cron=1749622982.3031399250030517578125 HTTP/1.1" 200 0 "-" "WordPress/6.8.1; https://read11.windbreakermanga.com"
114.119.151.50 - - [11/Jun/2025:02:23:03 -0400] "GET / HTTP/1.1" 200 12625 "https://read8.windbreakermanga.com/wind-breaker/page/46/" "Mozilla/5.0 (Linux; Android 7.0;) AppleWebKit/537.36 (KHTML, like Gecko) Mobile Safari/537.36 (compatible; PetalBot;+https://webmaster.petalsearch.com/site/petalbot)"
216.73.216.239 - - [11/Jun/2025:02:23:04 -0400] "GET /products/ouq/brokkerage/275202268 HTTP/1.1" 500 1034 "-" "Mozilla/5.0 AppleWebKit/537.36 (KHTML, like Gecko; compatible; ClaudeBot/1.0; [email protected])"
162.0.232.193 - - [11/Jun/2025:02:23:05 -0400] "GET /wind-breaker-chapter-209/ HTTP/1.1" 200 12420 "-" "WP Rocket/Preload"
216.73.216.239 - - [11/Jun/2025:02:23:09 -0400] "GET /detail/parget/275203848 HTTP/1.1" 500 1034 "-" "Mozilla/5.0 AppleWebKit/537.36 (KHTML, like Gecko; compatible; ClaudeBot/1.0; [email protected])"
162.0.232.193 - - [11/Jun/2025:02:23:09 -0400] "GET /wind-breaker-chapter-209/ HTTP/1.1" 200 0 "-" "WP Rocket/Preload Mozilla/5.0 (iPhone; CPU iPhone OS 9_1 like Mac OS X) AppleWebKit/601.1.46 (KHTML, like Gecko) Version/9.0 Mobile/13B143 Safari/601.1"
66.249.77.192 - - [11/Jun/2025:02:23:10 -0400] "GET /info/37201112 HTTP/1.1" 200 81017 "-" "Mozilla/5.0 (Linux; Android 6.0.1; Nexus 5X Build/MMB29P) AppleWebKit/537.36 (KHTML, like Gecko) Chrome/136.0.7103.113 Mobile Safari/537.36 (compatible; Googlebot/2.1; +http://www.google.com/bot.html)"
162.0.232.193 - - [11/Jun/2025:02:23:14 -0400] "GET /wp-content/uploads/f979bbbcbe9df560cb74049269d2541e_4104.xml HTTP/1.1" 200 2582 "-" "Mozilla/5.0 (X11; Linux x86_64) AppleWebKit/537.36 (KHTML, like Gecko) Ubuntu Chromium/41.0.2272.76"
66.249.77.201 - - [11/Jun/2025:02:23:20 -0400] "GET /shopping/221763952 HTTP/1.1" 200 80699 "-" "Mozilla/5.0 (Linux; Android 6.0.1; Nexus 5X Build/MMB29P) AppleWebKit/537.36 (KHTML, like Gecko) Chrome/136.0.7103.113 Mobile Safari/537.36 (compatible; Googlebot/2.1; +http://www.google.com/bot.html)"
66.249.77.201 - - [11/Jun/2025:02:23:22 -0400] "GET /products/uhq/elevenplus36009964 HTTP/1.1" 200 81363 "-" "Mozilla/5.0 (Linux; Android 6.0.1; Nexus 5X Build/MMB29P) AppleWebKit/537.36 (KHTML, like Gecko) Chrome/136.0.7103.113 Mobile Safari/537.36 (compatible; Googlebot/2.1; +http://www.google.com/bot.html)"
66.249.77.192 - - [11/Jun/2025:02:23:32 -0400] "GET /goods/221765224 HTTP/1.1" 200 82516 "-" "Mozilla/5.0 (Linux; Android 6.0.1; Nexus 5X Build/MMB29P) AppleWebKit/537.36 (KHTML, like Gecko) Chrome/136.0.7103.113 Mobile Safari/537.36 (compatible; Googlebot/2.1; +http://www.google.com/bot.html)"
2001:861:3143:8140:b06e:1d9a:daef:1288 - - [11/Jun/2025:02:23:36 -0400] "GET /wind-breaker-chapter-537/ HTTP/1.1" 200 11556 "-" "Mozilla/5.0 (Windows NT 10.0; Win64; x64) AppleWebKit/537.36 (KHTML, like Gecko) Chrome/91.0.4472.124 Safari/537.36"
216.73.216.239 - - [11/Jun/2025:02:23:39 -0400] "GET /info/yc/kingston275191100 HTTP/1.1" 500 1034 "-" "Mozilla/5.0 AppleWebKit/537.36 (KHTML, like Gecko; compatible; ClaudeBot/1.0; [email protected])"
66.249.77.201 - - [11/Jun/2025:02:23:42 -0400] "GET /detail/221777500 HTTP/1.1" 200 81531 "-" "Mozilla/5.0 (Linux; Android 6.0.1; Nexus 5X Build/MMB29P) AppleWebKit/537.36 (KHTML, like Gecko) Chrome/136.0.7103.113 Mobile Safari/537.36 (compatible; Googlebot/2.1; +http://www.google.com/bot.html)"
66.249.77.192 - - [11/Jun/2025:02:23:43 -0400] "GET /info/10631748 HTTP/1.1" 200 81030 "-" "Mozilla/5.0 (Linux; Android 6.0.1; Nexus 5X Build/MMB29P) AppleWebKit/537.36 (KHTML, like Gecko) Chrome/136.0.7103.113 Mobile Safari/537.36 (compatible; Googlebot/2.1; +http://www.google.com/bot.html)"
216.73.216.239 - - [11/Jun/2025:02:23:44 -0400] "GET /products/j/beagle275208928 HTTP/1.1" 500 1034 "-" "Mozilla/5.0 AppleWebKit/537.36 (KHTML, like Gecko; compatible; ClaudeBot/1.0; [email protected])"
66.249.77.201 - - [11/Jun/2025:02:23:45 -0400] "GET /item/enpierce6725996 HTTP/1.1" 200 82693 "-" "Mozilla/5.0 (Linux; Android 6.0.1; Nexus 5X Build/MMB29P) AppleWebKit/537.36 (KHTML, like Gecko) Chrome/136.0.7103.113 Mobile Safari/537.36 (compatible; Googlebot/2.1; +http://www.google.com/bot.html)"
66.249.77.192 - - [11/Jun/2025:02:23:46 -0400] "GET /shopping/arcboutant10241132 HTTP/1.1" 200 81149 "-" "Mozilla/5.0 (Linux; Android 6.0.1; Nexus 5X Build/MMB29P) AppleWebKit/537.36 (KHTML, like Gecko) Chrome/136.0.7103.113 Mobile Safari/537.36 (compatible; Googlebot/2.1; +http://www.google.com/bot.html)"
216.73.216.239 - - [11/Jun/2025:02:23:49 -0400] "GET /sitemap-subitems-2991.xml HTTP/1.1" 200 10279 "-" "Mozilla/5.0 AppleWebKit/537.36 (KHTML, like Gecko; compatible; ClaudeBot/1.0; [email protected])"
216.73.216.239 - - [11/Jun/2025:02:23:54 -0400] "GET /items275210700 HTTP/1.1" 500 1034 "-" "Mozilla/5.0 AppleWebKit/537.36 (KHTML, like Gecko; compatible; ClaudeBot/1.0; [email protected])"
2001:861:3143:8140:b06e:1d9a:daef:1288 - - [11/Jun/2025:02:23:55 -0400] "GET /wind-breaker-chapter-538/ HTTP/1.1" 200 11680 "-" "Mozilla/5.0 (Windows NT 10.0; Win64; x64; rv:89.0) Gecko/20100101 Firefox/89.0"
66.249.77.201 - - [11/Jun/2025:02:23:55 -0400] "GET /goodscode/wilderment221764288 HTTP/1.1" 200 81345 "-" "Mozilla/5.0 (Linux; Android 6.0.1; Nexus 5X Build/MMB29P) AppleWebKit/537.36 (KHTML, like Gecko) Chrome/136.0.7103.113 Mobile Safari/537.36 (compatible; Googlebot/2.1; +http://www.google.com/bot.html)"
187.19.233.20 - - [11/Jun/2025:02:23:56 -0400] "GET /wind-breaker-chapter-191-part-2-ep-123/ HTTP/1.1" 301 0 "-" "Mozilla/5.0 (Windows NT 10.0; Win64; x64) AppleWebKit/537.36 (KHTML, like Gecko) Chrome/122.0.0.0 Safari/537.36 Agency/98.8.8175.80"
216.73.216.239 - - [11/Jun/2025:02:23:59 -0400] "GET /sitemap-subitems-594.xml HTTP/1.1" 200 9979 "-" "Mozilla/5.0 AppleWebKit/537.36 (KHTML, like Gecko; compatible; ClaudeBot/1.0; [email protected])"
216.73.216.239 - - [11/Jun/2025:02:24:04 -0400] "GET /sitemap-subitems-1535.xml HTTP/1.1" 200 10221 "-" "Mozilla/5.0 AppleWebKit/537.36 (KHTML, like Gecko; compatible; ClaudeBot/1.0; [email protected])"
66.249.77.193 - - [11/Jun/2025:02:24:05 -0400] "GET /shopping/wistit37216704 HTTP/1.1" 200 80979 "-" "Mozilla/5.0 (Linux; Android 6.0.1; Nexus 5X Build/MMB29P) AppleWebKit/537.36 (KHTML, like Gecko) Chrome/136.0.7103.113 Mobile Safari/537.36 (compatible; Googlebot/2.1; +http://www.google.com/bot.html)"
216.73.216.239 - - [11/Jun/2025:02:24:09 -0400] "GET /entity/iko/refractor/275182532 HTTP/1.1" 500 1034 "-" "Mozilla/5.0 AppleWebKit/537.36 (KHTML, like Gecko; compatible; ClaudeBot/1.0; [email protected])"
216.73.216.239 - - [11/Jun/2025:02:24:14 -0400] "GET /detail275239712 HTTP/1.1" 500 1034 "-" "Mozilla/5.0 AppleWebKit/537.36 (KHTML, like Gecko; compatible; ClaudeBot/1.0; [email protected])"
66.249.77.201 - - [11/Jun/2025:02:24:14 -0400] "GET /special/221775192 HTTP/1.1" 200 81553 "-" "Mozilla/5.0 (Linux; Android 6.0.1; Nexus 5X Build/MMB29P) AppleWebKit/537.36 (KHTML, like Gecko) Chrome/136.0.7103.113 Mobile Safari/537.36 (compatible; Googlebot/2.1; +http://www.google.com/bot.html)"
162.0.232.193 - - [11/Jun/2025:02:24:18 -0400] "POST /wp-cron.php?doing_wp_cron=1749623058.3016870021820068359375 HTTP/1.1" 200 0 "-" "WordPress/6.8.1; https://read11.windbreakermanga.com"
20.171.207.116 - - [11/Jun/2025:02:24:16 -0400] "GET /sitemap.xml HTTP/1.1" 301 0 "-" "Mozilla/5.0 AppleWebKit/537.36 (KHTML, like Gecko; compatible; GPTBot/1.2; +https://openai.com/gptbot)"
4.227.36.31 - - [11/Jun/2025:02:24:19 -0400] "GET /robots.txt HTTP/1.1" 304 0 "https://windbreakermanga.com/robots.txt" "Mozilla/5.0 AppleWebKit/537.36 (KHTML, like Gecko; compatible; GPTBot/1.2; +https://openai.com/gptbot)"
216.73.216.239 - - [11/Jun/2025:02:24:19 -0400] "GET /info275244728 HTTP/1.1" 500 1034 "-" "Mozilla/5.0 AppleWebKit/537.36 (KHTML, like Gecko; compatible; ClaudeBot/1.0; [email protected])"
20.171.207.116 - - [11/Jun/2025:02:24:20 -0400] "GET / HTTP/1.1" 200 12631 "-" "Mozilla/5.0 AppleWebKit/537.36 (KHTML, like Gecko; compatible; GPTBot/1.2; +https://openai.com/gptbot)"
162.0.232.193 - - [11/Jun/2025:02:24:21 -0400] "GET /wind-breaker-chapter-201/ HTTP/1.1" 200 12325 "-" "WP Rocket/Preload"
20.171.207.116 - - [11/Jun/2025:02:24:24 -0400] "GET /xmlrpc.php HTTP/1.1" 405 46 "-" "Mozilla/5.0 AppleWebKit/537.36 (KHTML, like Gecko; compatible; GPTBot/1.2; +https://openai.com/gptbot)"
66.249.77.201 - - [11/Jun/2025:02:24:24 -0400] "GET /shopping/d/distillment/219261888 HTTP/1.1" 200 81086 "-" "Mozilla/5.0 (Linux; Android 6.0.1; Nexus 5X Build/MMB29P) AppleWebKit/537.36 (KHTML, like Gecko) Chrome/136.0.7103.113 Mobile Safari/537.36 (compatible; Googlebot/2.1; +http://www.google.com/bot.html)"
162.0.232.193 - - [11/Jun/2025:02:24:25 -0400] "GET /wind-breaker-chapter-201/ HTTP/1.1" 200 0 "-" "WP Rocket/Preload Mozilla/5.0 (iPhone; CPU iPhone OS 9_1 like Mac OS X) AppleWebKit/601.1.46 (KHTML, like Gecko) Version/9.0 Mobile/13B143 Safari/601.1"
66.249.77.201 - - [11/Jun/2025:02:24:25 -0400] "GET /item/37201320 HTTP/1.1" 200 81698 "-" "Mozilla/5.0 (Linux; Android 6.0.1; Nexus 5X Build/MMB29P) AppleWebKit/537.36 (KHTML, like Gecko) Chrome/136.0.7103.113 Mobile Safari/537.36 (compatible; Googlebot/2.1; +http://www.google.com/bot.html)"
162.0.232.193 - - [11/Jun/2025:02:24:26 -0400] "GET /wind-breaker-chapter-86/ HTTP/1.1" 200 0 "-" "WP Rocket/Preload"
162.0.232.193 - - [11/Jun/2025:02:24:28 -0400] "GET /wind-breaker-chapter-86/ HTTP/1.1" 200 0 "-" "WP Rocket/Preload Mozilla/5.0 (iPhone; CPU iPhone OS 9_1 like Mac OS X) AppleWebKit/601.1.46 (KHTML, like Gecko) Version/9.0 Mobile/13B143 Safari/601.1"
162.0.232.193 - - [11/Jun/2025:02:24:30 -0400] "GET /wind-breaker-chapter-198/ HTTP/1.1" 200 12331 "-" "WP Rocket/Preload"
162.0.232.193 - - [11/Jun/2025:02:24:31 -0400] "GET /wind-breaker-chapter-198/ HTTP/1.1" 200 0 "-" "WP Rocket/Preload Mozilla/5.0 (iPhone; CPU iPhone OS 9_1 like Mac OS X) AppleWebKit/601.1.46 (KHTML, like Gecko) Version/9.0 Mobile/13B143 Safari/601.1"
162.0.232.193 - - [11/Jun/2025:02:24:33 -0400] "GET /wind-breaker-chapter-148/ HTTP/1.1" 200 11966 "-" "WP Rocket/Preload"
162.0.232.193 - - [11/Jun/2025:02:24:34 -0400] "GET /wind-breaker-chapter-148/ HTTP/1.1" 200 0 "-" "WP Rocket/Preload Mozilla/5.0 (iPhone; CPU iPhone OS 9_1 like Mac OS X) AppleWebKit/601.1.46 (KHTML, like Gecko) Version/9.0 Mobile/13B143 Safari/601.1"
66.249.77.192 - - [11/Jun/2025:02:24:35 -0400] "GET /item/37202592 HTTP/1.1" 200 81535 "-" "Mozilla/5.0 (Linux; Android 6.0.1; Nexus 5X Build/MMB29P) AppleWebKit/537.36 (KHTML, like Gecko) Chrome/136.0.7103.113 Mobile Safari/537.36 (compatible; Googlebot/2.1; +http://www.google.com/bot.html)"
162.0.232.193 - - [11/Jun/2025:02:24:36 -0400] "GET /wind-breaker-chapter-136/ HTTP/1.1" 200 0 "-" "WP Rocket/Preload"
162.0.232.193 - - [11/Jun/2025:02:24:38 -0400] "GET /wind-breaker-chapter-136/ HTTP/1.1" 200 0 "-" "WP Rocket/Preload Mozilla/5.0 (iPhone; CPU iPhone OS 9_1 like Mac OS X) AppleWebKit/601.1.46 (KHTML, like Gecko) Version/9.0 Mobile/13B143 Safari/601.1"
2001:861:3143:8140:b06e:1d9a:daef:1288 - - [11/Jun/2025:02:24:41 -0400] "GET /wind-breaker-chapter-539/ HTTP/1.1" 200 11610 "-" "Mozilla/5.0 (iPad; CPU OS 13_6 like Mac OS X) AppleWebKit/605.1.15 (KHTML, like Gecko) Version/13.1.2 Mobile/15E148 Safari/604.1"
2001:861:3143:8140:b06e:1d9a:daef:1288 - - [11/Jun/2025:02:24:52 -0400] "GET /wind-breaker-chapter-540/ HTTP/1.1" 200 11689 "-" "Mozilla/5.0 (iPad; CPU OS 13_6 like Mac OS X) AppleWebKit/605.1.15 (KHTML, like Gecko) Version/13.1.2 Mobile/15E148 Safari/604.1"
66.249.77.192 - - [11/Jun/2025:02:24:53 -0400] "GET /item/mulatta37209444 HTTP/1.1" 200 81286 "-" "Mozilla/5.0 (Linux; Android 6.0.1; Nexus 5X Build/MMB29P) AppleWebKit/537.36 (KHTML, like Gecko) Chrome/136.0.7103.113 Mobile Safari/537.36 (compatible; Googlebot/2.1; +http://www.google.com/bot.html)"
66.249.77.192 - - [11/Jun/2025:02:24:54 -0400] "GET /goodscode/demobilization10244812 HTTP/1.1" 200 81529 "-" "Mozilla/5.0 (Linux; Android 6.0.1; Nexus 5X Build/MMB29P) AppleWebKit/537.36 (KHTML, like Gecko) Chrome/136.0.7103.113 Mobile Safari/537.36 (compatible; Googlebot/2.1; +http://www.google.com/bot.html)"
66.249.77.201 - - [11/Jun/2025:02:25:04 -0400] "GET /shopdetail/deipnosophist37215196 HTTP/1.1" 200 81300 "-" "Mozilla/5.0 (Linux; Android 6.0.1; Nexus 5X Build/MMB29P) AppleWebKit/537.36 (KHTML, like Gecko) Chrome/136.0.7103.113 Mobile Safari/537.36 (compatible; Googlebot/2.1; +http://www.google.com/bot.html)"
216.73.216.239 - - [11/Jun/2025:02:25:07 -0400] "GET /goods/procrusteanized/275204384 HTTP/1.1" 500 1034 "-" "Mozilla/5.0 AppleWebKit/537.36 (KHTML, like Gecko; compatible; ClaudeBot/1.0; [email protected])"
216.73.216.239 - - [11/Jun/2025:02:25:11 -0400] "GET /items275237496 HTTP/1.1" 500 1034 "-" "Mozilla/5.0 AppleWebKit/537.36 (KHTML, like Gecko; compatible; ClaudeBot/1.0; [email protected])"
66.249.77.192 - - [11/Jun/2025:02:25:14 -0400] "GET /special/obsignatory37215432 HTTP/1.1" 200 80661 "-" "Mozilla/5.0 (Linux; Android 6.0.1; Nexus 5X Build/MMB29P) AppleWebKit/537.36 (KHTML, like Gecko) Chrome/136.0.7103.113 Mobile Safari/537.36 (compatible; Googlebot/2.1; +http://www.google.com/bot.html)"
216.73.216.239 - - [11/Jun/2025:02:25:16 -0400] "GET /sitemap-subitems-2538.xml HTTP/1.1" 200 9879 "-" "Mozilla/5.0 AppleWebKit/537.36 (KHTML, like Gecko; compatible; ClaudeBot/1.0; [email protected])"
66.249.77.192 - - [11/Jun/2025:02:25:16 -0400] "GET /goodscode/zea/vialed/36720840 HTTP/1.1" 200 81088 "-" "Mozilla/5.0 (Linux; Android 6.0.1; Nexus 5X Build/MMB29P) AppleWebKit/537.36 (KHTML, like Gecko) Chrome/136.0.7103.113 Mobile Safari/537.36 (compatible; Googlebot/2.1; +http://www.google.com/bot.html)"
66.249.77.201 - - [11/Jun/2025:02:25:17 -0400] "GET /goodscode/chinoiserie220003776 HTTP/1.1" 200 81090 "-" "Mozilla/5.0 (Linux; Android 6.0.1; Nexus 5X Build/MMB29P) AppleWebKit/537.36 (KHTML, like Gecko) Chrome/136.0.7103.113 Mobile Safari/537.36 (compatible; Googlebot/2.1; +http://www.google.com/bot.html)"
216.73.216.239 - - [11/Jun/2025:02:25:21 -0400] "GET /products/balatas/275249580 HTTP/1.1" 500 1034 "-" "Mozilla/5.0 AppleWebKit/537.36 (KHTML, like Gecko; compatible; ClaudeBot/1.0; [email protected])"
216.73.216.239 - - [11/Jun/2025:02:25:26 -0400] "GET /special/o/wallack/275245292 HTTP/1.1" 500 1034 "-" "Mozilla/5.0 AppleWebKit/537.36 (KHTML, like Gecko; compatible; ClaudeBot/1.0; [email protected])"
2001:861:3143:8140:b06e:1d9a:daef:1288 - - [11/Jun/2025:02:25:27 -0400] "GET /wind-breaker-chapter-541/ HTTP/1.1" 200 11562 "-" "Mozilla/5.0 (Windows NT 10.0; Win64; x64; rv:89.0) Gecko/20100101 Firefox/89.0"
66.249.77.192 - - [11/Jun/2025:02:25:26 -0400] "GET /goods/37217640 HTTP/1.1" 200 82000 "-" "Mozilla/5.0 (Linux; Android 6.0.1; Nexus 5X Build/MMB29P) AppleWebKit/537.36 (KHTML, like Gecko) Chrome/136.0.7103.113 Mobile Safari/537.36 (compatible; Googlebot/2.1; +http://www.google.com/bot.html)"
216.73.216.239 - - [11/Jun/2025:02:25:31 -0400] "GET /items/275200496 HTTP/1.1" 500 1034 "-" "Mozilla/5.0 AppleWebKit/537.36 (KHTML, like Gecko; compatible; ClaudeBot/1.0; [email protected])"
216.73.216.239 - - [11/Jun/2025:02:25:36 -0400] "GET /sitemap-subitems-2975.xml HTTP/1.1" 200 10219 "-" "Mozilla/5.0 AppleWebKit/537.36 (KHTML, like Gecko; compatible; ClaudeBot/1.0; [email protected])"
66.249.77.201 - - [11/Jun/2025:02:25:36 -0400] "GET /shopping/incommodities37202992 HTTP/1.1" 200 83110 "-" "Mozilla/5.0 (Linux; Android 6.0.1; Nexus 5X Build/MMB29P) AppleWebKit/537.36 (KHTML, like Gecko) Chrome/136.0.7103.113 Mobile Safari/537.36 (compatible; Googlebot/2.1; +http://www.google.com/bot.html)"
2001:861:3143:8140:b06e:1d9a:daef:1288 - - [11/Jun/2025:02:25:41 -0400] "GET /wind-breaker-chapter-542/ HTTP/1.1" 200 11631 "-" "Mozilla/5.0 (Macintosh; Intel Mac OS X 10.15; rv:89.0) Gecko/20100101 Firefox/89.0"
216.73.216.239 - - [11/Jun/2025:02:25:41 -0400] "GET /entity/f/contain/275211000 HTTP/1.1" 500 1034 "-" "Mozilla/5.0 AppleWebKit/537.36 (KHTML, like Gecko; compatible; ClaudeBot/1.0; [email protected])"
66.249.77.192 - - [11/Jun/2025:02:25:45 -0400] "GET /shopping/37213596 HTTP/1.1" 200 80884 "-" "Mozilla/5.0 (Linux; Android 6.0.1; Nexus 5X Build/MMB29P) AppleWebKit/537.36 (KHTML, like Gecko) Chrome/136.0.7103.113 Mobile Safari/537.36 (compatible; Googlebot/2.1; +http://www.google.com/bot.html)"
216.73.216.239 - - [11/Jun/2025:02:25:46 -0400] "GET /shopping/m/crescendo/275221204 HTTP/1.1" 500 1034 "-" "Mozilla/5.0 AppleWebKit/537.36 (KHTML, like Gecko; compatible; ClaudeBot/1.0; [email protected])"
66.249.77.201 - - [11/Jun/2025:02:25:55 -0400] "GET /shopbrand/37209616 HTTP/1.1" 200 82154 "-" "Mozilla/5.0 (Linux; Android 6.0.1; Nexus 5X Build/MMB29P) AppleWebKit/537.36 (KHTML, like Gecko) Chrome/136.0.7103.113 Mobile Safari/537.36 (compatible; Googlebot/2.1; +http://www.google.com/bot.html)"
66.249.77.201 - - [11/Jun/2025:02:26:04 -0400] "GET /shopdetail/anaphora37201720 HTTP/1.1" 200 81310 "-" "Mozilla/5.0 (Linux; Android 6.0.1; Nexus 5X Build/MMB29P) AppleWebKit/537.36 (KHTML, like Gecko) Chrome/136.0.7103.113 Mobile Safari/537.36 (compatible; Googlebot/2.1; +http://www.google.com/bot.html)"
2001:861:3143:8140:b06e:1d9a:daef:1288 - - [11/Jun/2025:02:26:05 -0400] "GET /wind-breaker-chapter-543/ HTTP/1.1" 200 11715 "-" "Mozilla/5.0 (Windows NT 10.0; Win64; x64) AppleWebKit/537.36 (KHTML, like Gecko) Chrome/91.0.4472.124 Safari/537.36"
66.249.77.193 - - [11/Jun/2025:02:26:06 -0400] "GET /product/childly/36245156 HTTP/1.1" 200 81289 "-" "Mozilla/5.0 (Linux; Android 6.0.1; Nexus 5X Build/MMB29P) AppleWebKit/537.36 (KHTML, like Gecko) Chrome/136.0.7103.113 Mobile Safari/537.36 (compatible; Googlebot/2.1; +http://www.google.com/bot.html)"
66.249.77.192 - - [11/Jun/2025:02:26:15 -0400] "GET /products/37215504 HTTP/1.1" 200 82436 "-" "Mozilla/5.0 (Linux; Android 6.0.1; Nexus 5X Build/MMB29P) AppleWebKit/537.36 (KHTML, like Gecko) Chrome/136.0.7103.113 Mobile Safari/537.36 (compatible; Googlebot/2.1; +http://www.google.com/bot.html)"
216.73.216.239 - - [11/Jun/2025:02:26:16 -0400] "GET /items/275229000 HTTP/1.1" 500 1034 "-" "Mozilla/5.0 AppleWebKit/537.36 (KHTML, like Gecko; compatible; ClaudeBot/1.0; [email protected])"
66.249.77.192 - - [11/Jun/2025:02:26:17 -0400] "GET /special/vqw/boohooed/219761096 HTTP/1.1" 200 81920 "-" "Mozilla/5.0 (Linux; Android 6.0.1; Nexus 5X Build/MMB29P) AppleWebKit/537.36 (KHTML, like Gecko) Chrome/136.0.7103.113 Mobile Safari/537.36 (compatible; Googlebot/2.1; +http://www.google.com/bot.html)"
216.73.216.239 - - [11/Jun/2025:02:26:21 -0400] "GET /items/oversmen275223720 HTTP/1.1" 500 1034 "-" "Mozilla/5.0 AppleWebKit/537.36 (KHTML, like Gecko; compatible; ClaudeBot/1.0; [email protected])"
66.249.77.192 - - [11/Jun/2025:02:26:26 -0400] "GET /items/thryothorus37215804 HTTP/1.1" 200 81028 "-" "Mozilla/5.0 (Linux; Android 6.0.1; Nexus 5X Build/MMB29P) AppleWebKit/537.36 (KHTML, like Gecko) Chrome/136.0.7103.113 Mobile Safari/537.36 (compatible; Googlebot/2.1; +http://www.google.com/bot.html)"
216.73.216.239 - - [11/Jun/2025:02:26:26 -0400] "GET /shopping/csq/burkism/275260820 HTTP/1.1" 500 1034 "-" "Mozilla/5.0 AppleWebKit/537.36 (KHTML, like Gecko; compatible; ClaudeBot/1.0; [email protected])"
216.73.216.239 - - [11/Jun/2025:02:26:31 -0400] "GET /info/275180524 HTTP/1.1" 500 1034 "-" "Mozilla/5.0 AppleWebKit/537.36 (KHTML, like Gecko; compatible; ClaudeBot/1.0; [email protected])"
114.119.145.123 - - [11/Jun/2025:02:26:32 -0400] "GET /wind-breaker-chapter-257/ HTTP/1.1" 200 12632 "https://read10.windbreakermanga.com/tag/windbreaker-manga/" "Mozilla/5.0 (Linux; Android 7.0;) AppleWebKit/537.36 (KHTML, like Gecko) Mobile Safari/537.36 (compatible; PetalBot;+https://webmaster.petalsearch.com/site/petalbot)"
66.249.77.201 - - [11/Jun/2025:02:26:35 -0400] "GET /info/37206672 HTTP/1.1" 200 81441 "-" "Mozilla/5.0 (Linux; Android 6.0.1; Nexus 5X Build/MMB29P) AppleWebKit/537.36 (KHTML, like Gecko) Chrome/136.0.7103.113 Mobile Safari/537.36 (compatible; Googlebot/2.1; +http://www.google.com/bot.html)"
216.73.216.239 - - [11/Jun/2025:02:26:36 -0400] "GET /special275242020 HTTP/1.1" 500 1034 "-" "Mozilla/5.0 AppleWebKit/537.36 (KHTML, like Gecko; compatible; ClaudeBot/1.0; [email protected])"
216.73.216.239 - - [11/Jun/2025:02:26:41 -0400] "GET /detail/emmental/275234788 HTTP/1.1" 500 1034 "-" "Mozilla/5.0 AppleWebKit/537.36 (KHTML, like Gecko; compatible; ClaudeBot/1.0; [email protected])"
2001:861:3143:8140:b06e:1d9a:daef:1288 - - [11/Jun/2025:02:26:45 -0400] "GET /wind-breaker-chapter-544/ HTTP/1.1" 200 11733 "-" "Mozilla/5.0 (iPad; CPU OS 13_6 like Mac OS X) AppleWebKit/605.1.15 (KHTML, like Gecko) Version/13.1.2 Mobile/15E148 Safari/604.1"
66.249.77.192 - - [11/Jun/2025:02:26:45 -0400] "GET /detail/funifera/10933144 HTTP/1.1" 200 82449 "-" "Mozilla/5.0 (Linux; Android 6.0.1; Nexus 5X Build/MMB29P) AppleWebKit/537.36 (KHTML, like Gecko) Chrome/136.0.7103.113 Mobile Safari/537.36 (compatible; Googlebot/2.1; +http://www.google.com/bot.html)"
66.249.77.192 - - [11/Jun/2025:02:26:46 -0400] "GET /product/37207844 HTTP/1.1" 200 81671 "-" "Mozilla/5.0 (Linux; Android 6.0.1; Nexus 5X Build/MMB29P) AppleWebKit/537.36 (KHTML, like Gecko) Chrome/136.0.7103.113 Mobile Safari/537.36 (compatible; Googlebot/2.1; +http://www.google.com/bot.html)"
216.73.216.239 - - [11/Jun/2025:02:26:46 -0400] "GET /entity275198360 HTTP/1.1" 500 1034 "-" "Mozilla/5.0 AppleWebKit/537.36 (KHTML, like Gecko; compatible; ClaudeBot/1.0; [email protected])"
216.73.216.239 - - [11/Jun/2025:02:26:51 -0400] "GET /sitemap-subitems-1233.xml HTTP/1.1" 200 10265 "-" "Mozilla/5.0 AppleWebKit/537.36 (KHTML, like Gecko; compatible; ClaudeBot/1.0; [email protected])"
2001:861:3143:8140:b06e:1d9a:daef:1288 - - [11/Jun/2025:02:26:57 -0400] "GET /wind-breaker-chapter-545/ HTTP/1.1" 200 12041 "-" "Mozilla/5.0 (Macintosh; Intel Mac OS X 10.15; rv:89.0) Gecko/20100101 Firefox/89.0"
216.73.216.239 - - [11/Jun/2025:02:26:56 -0400] "GET /detail/horrisonous/275245928 HTTP/1.1" 500 1034 "-" "Mozilla/5.0 AppleWebKit/537.36 (KHTML, like Gecko; compatible; ClaudeBot/1.0; [email protected])"
66.249.77.192 - - [11/Jun/2025:02:27:04 -0400] "GET /shopping/37210788 HTTP/1.1" 200 83725 "-" "Mozilla/5.0 (Linux; Android 6.0.1; Nexus 5X Build/MMB29P) AppleWebKit/537.36 (KHTML, like Gecko) Chrome/136.0.7103.113 Mobile Safari/537.36 (compatible; Googlebot/2.1; +http://www.google.com/bot.html)"
66.249.77.192 - - [11/Jun/2025:02:27:14 -0400] "GET /items/apogon/11178596 HTTP/1.1" 200 82054 "-" "Mozilla/5.0 (Linux; Android 6.0.1; Nexus 5X Build/MMB29P) AppleWebKit/537.36 (KHTML, like Gecko) Chrome/136.0.7103.113 Mobile Safari/537.36 (compatible; Googlebot/2.1; +http://www.google.com/bot.html)"
66.249.77.201 - - [11/Jun/2025:02:27:16 -0400] "GET /shopping/6502652 HTTP/1.1" 200 81548 "-" "Mozilla/5.0 (Linux; Android 6.0.1; Nexus 5X Build/MMB29P) AppleWebKit/537.36 (KHTML, like Gecko) Chrome/136.0.7103.113 Mobile Safari/537.36 (compatible; Googlebot/2.1; +http://www.google.com/bot.html)"
66.249.77.201 - - [11/Jun/2025:02:27:17 -0400] "GET /product/37201348 HTTP/1.1" 200 81177 "-" "Mozilla/5.0 (Linux; Android 6.0.1; Nexus 5X Build/MMB29P) AppleWebKit/537.36 (KHTML, like Gecko) Chrome/136.0.7103.113 Mobile Safari/537.36 (compatible; Googlebot/2.1; +http://www.google.com/bot.html)"
66.249.77.201 - - [11/Jun/2025:02:27:19 -0400] "GET /detail/37211424 HTTP/1.1" 200 80891 "-" "Mozilla/5.0 (Linux; Android 6.0.1; Nexus 5X Build/MMB29P) AppleWebKit/537.36 (KHTML, like Gecko) Chrome/136.0.7103.113 Mobile Safari/537.36 (compatible; Googlebot/2.1; +http://www.google.com/bot.html)"
66.249.77.201 - - [11/Jun/2025:02:27:20 -0400] "GET /items/10633320 HTTP/1.1" 200 81492 "-" "Mozilla/5.0 (Linux; Android 6.0.1; Nexus 5X Build/MMB29P) AppleWebKit/537.36 (KHTML, like Gecko) Chrome/136.0.7103.113 Mobile Safari/537.36 (compatible; Googlebot/2.1; +http://www.google.com/bot.html)"
216.73.216.239 - - [11/Jun/2025:02:27:20 -0400] "GET /detail/secund/275212044 HTTP/1.1" 500 1034 "-" "Mozilla/5.0 AppleWebKit/537.36 (KHTML, like Gecko; compatible; ClaudeBot/1.0; [email protected])"
66.249.77.201 - - [11/Jun/2025:02:27:22 -0400] "GET /products/10617428 HTTP/1.1" 200 82049 "-" "Mozilla/5.0 (Linux; Android 6.0.1; Nexus 5X Build/MMB29P) AppleWebKit/537.36 (KHTML, like Gecko) Chrome/136.0.7103.113 Mobile Safari/537.36 (compatible; Googlebot/2.1; +http://www.google.com/bot.html)"
216.73.216.239 - - [11/Jun/2025:02:27:25 -0400] "GET /detail/o/opacular/275204484 HTTP/1.1" 500 1034 "-" "Mozilla/5.0 AppleWebKit/537.36 (KHTML, like Gecko; compatible; ClaudeBot/1.0; [email protected])"
113.186.16.105 - - [11/Jun/2025:02:27:26 -0400] "GET /wind-breaker-chapter-496/ HTTP/1.1" 200 12148 "-" "Mozilla/5.0 (Windows NT 10.0; Win64; x64) AppleWebKit/537.36 (KHTML, like Gecko) Chrome/121.0.0.0 Safari/537.36 Edg/121.0.0.0"
2001:861:3143:8140:b06e:1d9a:daef:1288 - - [11/Jun/2025:02:27:27 -0400] "GET /wind-breaker-chapter-546/ HTTP/1.1" 200 11941 "-" "Mozilla/5.0 (Macintosh; Intel Mac OS X 10_15_7) AppleWebKit/605.1.15 (KHTML, like Gecko) Version/14.0.3 Safari/605.1.15"
66.249.77.192 - - [11/Jun/2025:02:27:28 -0400] "GET /entity/37204056 HTTP/1.1" 200 82553 "-" "Mozilla/5.0 (Linux; Android 6.0.1; Nexus 5X Build/MMB29P) AppleWebKit/537.36 (KHTML, like Gecko) Chrome/136.0.7103.113 Mobile Safari/537.36 (compatible; Googlebot/2.1; +http://www.google.com/bot.html)"
216.73.216.239 - - [11/Jun/2025:02:27:30 -0400] "GET /detail/275207020 HTTP/1.1" 500 1034 "-" "Mozilla/5.0 AppleWebKit/537.36 (KHTML, like Gecko; compatible; ClaudeBot/1.0; [email protected])"
216.73.216.239 - - [11/Jun/2025:02:27:35 -0400] "GET /sitemap-subitems-2343.xml HTTP/1.1" 200 10155 "-" "Mozilla/5.0 AppleWebKit/537.36 (KHTML, like Gecko; compatible; ClaudeBot/1.0; [email protected])"
66.249.77.201 - - [11/Jun/2025:02:27:39 -0400] "GET /shopping/37210888 HTTP/1.1" 200 81546 "-" "Mozilla/5.0 (Linux; Android 6.0.1; Nexus 5X Build/MMB29P) AppleWebKit/537.36 (KHTML, like Gecko) Chrome/136.0.7103.113 Mobile Safari/537.36 (compatible; Googlebot/2.1; +http://www.google.com/bot.html)"
216.73.216.239 - - [11/Jun/2025:02:27:40 -0400] "GET /product/egg/eulogic/275251580 HTTP/1.1" 500 1034 "-" "Mozilla/5.0 AppleWebKit/537.36 (KHTML, like Gecko; compatible; ClaudeBot/1.0; [email protected])"
216.73.216.239 - - [11/Jun/2025:02:27:45 -0400] "GET /items/275232580 HTTP/1.1" 500 1034 "-" "Mozilla/5.0 AppleWebKit/537.36 (KHTML, like Gecko; compatible; ClaudeBot/1.0; [email protected])"
216.73.216.239 - - [11/Jun/2025:02:27:50 -0400] "GET /item275251180 HTTP/1.1" 500 1034 "-" "Mozilla/5.0 AppleWebKit/537.36 (KHTML, like Gecko; compatible; ClaudeBot/1.0; [email protected])"
66.249.77.192 - - [11/Jun/2025:02:27:50 -0400] "GET /items/37215096 HTTP/1.1" 200 80720 "-" "Mozilla/5.0 (Linux; Android 6.0.1; Nexus 5X Build/MMB29P) AppleWebKit/537.36 (KHTML, like Gecko) Chrome/136.0.7103.113 Mobile Safari/537.36 (compatible; Googlebot/2.1; +http://www.google.com/bot.html)"
216.73.216.239 - - [11/Jun/2025:02:27:55 -0400] "GET /shopdetail/zlg/quindecemvirate275208056 HTTP/1.1" 500 1034 "-" "Mozilla/5.0 AppleWebKit/537.36 (KHTML, like Gecko; compatible; ClaudeBot/1.0; [email protected])"
216.73.216.239 - - [11/Jun/2025:02:28:00 -0400] "GET /detail/catafalque/275217296 HTTP/1.1" 500 1034 "-" "Mozilla/5.0 AppleWebKit/537.36 (KHTML, like Gecko; compatible; ClaudeBot/1.0; [email protected])"
66.249.77.201 - - [11/Jun/2025:02:28:01 -0400] "GET /special/37205536 HTTP/1.1" 200 82342 "-" "Mozilla/5.0 (Linux; Android 6.0.1; Nexus 5X Build/MMB29P) AppleWebKit/537.36 (KHTML, like Gecko) Chrome/136.0.7103.113 Mobile Safari/537.36 (compatible; Googlebot/2.1; +http://www.google.com/bot.html)"
2001:861:3143:8140:b06e:1d9a:daef:1288 - - [11/Jun/2025:02:28:04 -0400] "GET /wind-breaker-chapter-547/ HTTP/1.1" 200 11318 "-" "Mozilla/5.0 (iPad; CPU OS 13_6 like Mac OS X) AppleWebKit/605.1.15 (KHTML, like Gecko) Version/13.1.2 Mobile/15E148 Safari/604.1"
66.249.77.192 - - [11/Jun/2025:02:28:16 -0400] "GET /special/annotate37217076 HTTP/1.1" 200 82054 "-" "Mozilla/5.0 (Linux; Android 6.0.1; Nexus 5X Build/MMB29P) AppleWebKit/537.36 (KHTML, like Gecko) Chrome/136.0.7103.113 Mobile Safari/537.36 (compatible; Googlebot/2.1; +http://www.google.com/bot.html)"
216.73.216.239 - - [11/Jun/2025:02:28:19 -0400] "GET /item/ay/forebrace/275203212 HTTP/1.1" 500 1034 "-" "Mozilla/5.0 AppleWebKit/537.36 (KHTML, like Gecko; compatible; ClaudeBot/1.0; [email protected])"
216.73.216.239 - - [11/Jun/2025:02:28:24 -0400] "GET /item/qao/extraparochially/275185548 HTTP/1.1" 500 1034 "-" "Mozilla/5.0 AppleWebKit/537.36 (KHTML, like Gecko; compatible; ClaudeBot/1.0; [email protected])"
66.249.77.201 - - [11/Jun/2025:02:28:26 -0400] "GET /shopping/packed37212388 HTTP/1.1" 200 81911 "-" "Mozilla/5.0 (Linux; Android 6.0.1; Nexus 5X Build/MMB29P) AppleWebKit/537.36 (KHTML, like Gecko) Chrome/136.0.7103.113 Mobile Safari/537.36 (compatible; Googlebot/2.1; +http://www.google.com/bot.html)"
216.73.216.239 - - [11/Jun/2025:02:28:29 -0400] "GET /goods/finalize275246428 HTTP/1.1" 500 1034 "-" "Mozilla/5.0 AppleWebKit/537.36 (KHTML, like Gecko; compatible; ClaudeBot/1.0; [email protected])"
2001:861:3143:8140:b06e:1d9a:daef:1288 - - [11/Jun/2025:02:28:30 -0400] "GET /wind-breaker-chapter-548/ HTTP/1.1" 200 11644 "-" "Mozilla/5.0 (Macintosh; Intel Mac OS X 10.15; rv:89.0) Gecko/20100101 Firefox/89.0"
216.73.216.239 - - [11/Jun/2025:02:28:34 -0400] "GET /detail275221440 HTTP/1.1" 500 1034 "-" "Mozilla/5.0 AppleWebKit/537.36 (KHTML, like Gecko; compatible; ClaudeBot/1.0; [email protected])"
114.119.154.207 - - [11/Jun/2025:02:28:35 -0400] "GET /wind-breaker-chapter-297/ HTTP/1.1" 200 12555 "https://read10.windbreakermanga.com/tag/windbreaker-manga/" "Mozilla/5.0 (Linux; Android 7.0;) AppleWebKit/537.36 (KHTML, like Gecko) Mobile Safari/537.36 (compatible; PetalBot;+https://webmaster.petalsearch.com/site/petalbot)"
66.249.77.201 - - [11/Jun/2025:02:28:35 -0400] "GET /info/37209516 HTTP/1.1" 200 80796 "-" "Mozilla/5.0 (Linux; Android 6.0.1; Nexus 5X Build/MMB29P) AppleWebKit/537.36 (KHTML, like Gecko) Chrome/136.0.7103.113 Mobile Safari/537.36 (compatible; Googlebot/2.1; +http://www.google.com/bot.html)"
66.249.77.201 - - [11/Jun/2025:02:28:37 -0400] "GET /goods/rocoa10631484 HTTP/1.1" 200 81354 "-" "Mozilla/5.0 (Linux; Android 6.0.1; Nexus 5X Build/MMB29P) AppleWebKit/537.36 (KHTML, like Gecko) Chrome/136.0.7103.113 Mobile Safari/537.36 (compatible; Googlebot/2.1; +http://www.google.com/bot.html)"
216.73.216.239 - - [11/Jun/2025:02:28:38 -0400] "GET /detail/275216488 HTTP/1.1" 500 1034 "-" "Mozilla/5.0 AppleWebKit/537.36 (KHTML, like Gecko; compatible; ClaudeBot/1.0; [email protected])"
216.73.216.239 - - [11/Jun/2025:02:28:44 -0400] "GET /goods/xq/braziletto/275207728 HTTP/1.1" 500 1034 "-" "Mozilla/5.0 AppleWebKit/537.36 (KHTML, like Gecko; compatible; ClaudeBot/1.0; [email protected])"
66.249.77.192 - - [11/Jun/2025:02:28:45 -0400] "GET /info/37216676 HTTP/1.1" 200 81257 "-" "Mozilla/5.0 (Linux; Android 6.0.1; Nexus 5X Build/MMB29P) AppleWebKit/537.36 (KHTML, like Gecko) Chrome/136.0.7103.113 Mobile Safari/537.36 (compatible; Googlebot/2.1; +http://www.google.com/bot.html)"
216.73.216.239 - - [11/Jun/2025:02:28:49 -0400] "GET /products/scoppet275258812 HTTP/1.1" 500 1034 "-" "Mozilla/5.0 AppleWebKit/537.36 (KHTML, like Gecko; compatible; ClaudeBot/1.0; [email protected])"
216.73.216.239 - - [11/Jun/2025:02:28:53 -0400] "GET /products/embase/275236868 HTTP/1.1" 500 1034 "-" "Mozilla/5.0 AppleWebKit/537.36 (KHTML, like Gecko; compatible; ClaudeBot/1.0; [email protected])"
66.249.77.201 - - [11/Jun/2025:02:28:55 -0400] "GET /goods/barramundi37213524 HTTP/1.1" 200 81094 "-" "Mozilla/5.0 (Linux; Android 6.0.1; Nexus 5X Build/MMB29P) AppleWebKit/537.36 (KHTML, like Gecko) Chrome/136.0.7103.113 Mobile Safari/537.36 (compatible; Googlebot/2.1; +http://www.google.com/bot.html)"
216.73.216.239 - - [11/Jun/2025:02:28:58 -0400] "GET /detail/nepaulese275213308 HTTP/1.1" 500 1034 "-" "Mozilla/5.0 AppleWebKit/537.36 (KHTML, like Gecko; compatible; ClaudeBot/1.0; [email protected])"
2001:861:3143:8140:b06e:1d9a:daef:1288 - - [11/Jun/2025:02:29:05 -0400] "GET /wind-breaker-chapter-549/ HTTP/1.1" 200 11266 "-" "Mozilla/5.0 (Macintosh; Intel Mac OS X 10_15_7) AppleWebKit/605.1.15 (KHTML, like Gecko) Version/14.0.3 Safari/605.1.15"
