Current File : /home/honehdyv/access-logs/read11.windbreakermanga.com-ssl_log |
216.73.216.239 - - [10/Jun/2025:23:14:15 -0400] "GET /shopdetail/275011144 HTTP/1.1" 500 1034 "-" "Mozilla/5.0 AppleWebKit/537.36 (KHTML, like Gecko; compatible; ClaudeBot/1.0; [email protected])"
216.73.216.239 - - [10/Jun/2025:23:14:20 -0400] "GET /shopdetail/273734084 HTTP/1.1" 500 1034 "-" "Mozilla/5.0 AppleWebKit/537.36 (KHTML, like Gecko; compatible; ClaudeBot/1.0; [email protected])"
216.73.216.239 - - [10/Jun/2025:23:14:25 -0400] "GET /shopdetail/273758272 HTTP/1.1" 500 1034 "-" "Mozilla/5.0 AppleWebKit/537.36 (KHTML, like Gecko; compatible; ClaudeBot/1.0; [email protected])"
216.73.216.239 - - [10/Jun/2025:23:14:30 -0400] "GET /shopdetail/273710432 HTTP/1.1" 500 1034 "-" "Mozilla/5.0 AppleWebKit/537.36 (KHTML, like Gecko; compatible; ClaudeBot/1.0; [email protected])"
216.73.216.239 - - [10/Jun/2025:23:14:35 -0400] "GET /shopdetail/273739708 HTTP/1.1" 500 1034 "-" "Mozilla/5.0 AppleWebKit/537.36 (KHTML, like Gecko; compatible; ClaudeBot/1.0; [email protected])"
66.249.77.195 - - [10/Jun/2025:23:14:35 -0400] "GET /items/x/bedaff10685984 HTTP/1.1" 200 82214 "-" "Mozilla/5.0 (Linux; Android 6.0.1; Nexus 5X Build/MMB29P) AppleWebKit/537.36 (KHTML, like Gecko) Chrome/136.0.7103.113 Mobile Safari/537.36 (compatible; Googlebot/2.1; +http://www.google.com/bot.html)"
47.128.53.112 - - [10/Jun/2025:23:14:37 -0400] "GET /wp-includes/interactivity-api/ HTTP/1.1" 200 720 "-" "Mozilla/5.0 (Linux; Android 5.0) AppleWebKit/537.36 (KHTML, like Gecko) Mobile Safari/537.36 (compatible; Bytespider; [email protected])"
66.249.77.194 - - [10/Jun/2025:23:14:51 -0400] "GET /products/hy/underprize115459056 HTTP/1.1" 200 80994 "-" "Mozilla/5.0 (Linux; Android 6.0.1; Nexus 5X Build/MMB29P) AppleWebKit/537.36 (KHTML, like Gecko) Chrome/136.0.7103.113 Mobile Safari/537.36 (compatible; Googlebot/2.1; +http://www.google.com/bot.html)"
216.73.216.239 - - [10/Jun/2025:23:15:05 -0400] "GET /shopdetail/275032996 HTTP/1.1" 500 1034 "-" "Mozilla/5.0 AppleWebKit/537.36 (KHTML, like Gecko; compatible; ClaudeBot/1.0; [email protected])"
66.249.77.194 - - [10/Jun/2025:23:15:07 -0400] "GET /shopping/qfy/auxesis9001380 HTTP/1.1" 200 81021 "-" "Mozilla/5.0 (Linux; Android 6.0.1; Nexus 5X Build/MMB29P) AppleWebKit/537.36 (KHTML, like Gecko) Chrome/136.0.7103.113 Mobile Safari/537.36 (compatible; Googlebot/2.1; +http://www.google.com/bot.html)"
216.73.216.239 - - [10/Jun/2025:23:15:09 -0400] "GET /shopdetail/273745760 HTTP/1.1" 500 1034 "-" "Mozilla/5.0 AppleWebKit/537.36 (KHTML, like Gecko; compatible; ClaudeBot/1.0; [email protected])"
64.224.130.103 - - [10/Jun/2025:23:15:12 -0400] "GET /favicon.ico HTTP/1.1" 404 1251 "-" "Dalvik/2.1.0 (Linux; U; Android 13; Infinix X6837 Build/TP1A.220624.014)"
64.224.130.103 - - [10/Jun/2025:23:15:13 -0400] "GET /wind-breaker-chapter-550/ HTTP/1.1" 200 0 "https://read11.windbreakermanga.com/wind-breaker-chapter-549/" "Mozilla/5.0 (Linux; Android 13; Infinix X6837 Build/TP1A.220624.014) AppleWebKit/537.36 (KHTML, like Gecko) Chrome/136.0.7103.127 Mobile Safari/537.36 OPX/2.8"
216.73.216.239 - - [10/Jun/2025:23:15:14 -0400] "GET /shopdetail/273732176 HTTP/1.1" 500 1034 "-" "Mozilla/5.0 AppleWebKit/537.36 (KHTML, like Gecko; compatible; ClaudeBot/1.0; [email protected])"
64.224.130.103 - - [10/Jun/2025:23:15:14 -0400] "GET /apple-touch-icon.png HTTP/1.1" 200 0 "-" "Mozilla/5.0 (Linux; Android 13; Infinix X6837 Build/TP1A.220624.014) AppleWebKit/537.36 (KHTML, like Gecko) Chrome/136.0.7103.127 Mobile Safari/537.36 OPX/2.8"
162.0.232.193 - - [10/Jun/2025:23:15:16 -0400] "POST /wp-cron.php?doing_wp_cron=1749611716.4338169097900390625000 HTTP/1.1" 200 0 "-" "WordPress/6.8.1; https://read11.windbreakermanga.com"
162.0.232.193 - - [10/Jun/2025:23:15:16 -0400] "POST /wp-cron.php?doing_wp_cron=1749611716.3653280735015869140625 HTTP/1.1" 200 0 "-" "WordPress/6.8.1; https://read11.windbreakermanga.com"
162.0.232.193 - - [10/Jun/2025:23:15:17 -0400] "POST /wp-cron.php?doing_wp_cron=1749611716.7249031066894531250000 HTTP/1.1" 200 0 "-" "WordPress/6.8.1; https://read11.windbreakermanga.com"
64.224.130.103 - - [10/Jun/2025:23:15:17 -0400] "GET /favicon.png HTTP/1.1" 301 0 "-" "Mozilla/5.0 (Linux; Android 13; Infinix X6837 Build/TP1A.220624.014) AppleWebKit/537.36 (KHTML, like Gecko) Chrome/136.0.7103.127 Mobile Safari/537.36 OPX/2.8"
64.224.130.103 - - [10/Jun/2025:23:15:13 -0400] "GET /wind-breaker-chapter-549/ HTTP/1.1" 200 11647 "https://read11.windbreakermanga.com/" "Mozilla/5.0 (Linux; Android 13; Infinix X6837 Build/TP1A.220624.014) AppleWebKit/537.36 (KHTML, like Gecko) Chrome/136.0.7103.127 Mobile Safari/537.36 OPX/2.8"
64.224.130.103 - - [10/Jun/2025:23:15:19 -0400] "GET /favicon.ico HTTP/1.1" 404 1251 "-" "Dalvik/2.1.0 (Linux; U; Android 13; Infinix X6837 Build/TP1A.220624.014)"
216.73.216.239 - - [10/Jun/2025:23:15:19 -0400] "GET /shopdetail/275074540 HTTP/1.1" 500 1034 "-" "Mozilla/5.0 AppleWebKit/537.36 (KHTML, like Gecko; compatible; ClaudeBot/1.0; [email protected])"
64.224.130.103 - - [10/Jun/2025:23:15:19 -0400] "GET /favicon.gif HTTP/1.1" 301 0 "-" "Mozilla/5.0 (Linux; Android 13; Infinix X6837 Build/TP1A.220624.014) AppleWebKit/537.36 (KHTML, like Gecko) Chrome/136.0.7103.127 Mobile Safari/537.36 OPX/2.8"
162.0.232.193 - - [10/Jun/2025:23:15:19 -0400] "GET /wind-breaker-chapter-122/ HTTP/1.1" 200 12203 "-" "WP Rocket/Preload"
64.224.130.103 - - [10/Jun/2025:23:15:21 -0400] "GET / HTTP/1.1" 200 12625 "-" "Mozilla/5.0 (Linux; Android 13; Infinix X6837 Build/TP1A.220624.014) AppleWebKit/537.36 (KHTML, like Gecko) Chrome/136.0.7103.127 Mobile Safari/537.36 OPX/2.8"
64.224.130.103 - - [10/Jun/2025:23:15:22 -0400] "GET /favicon.ico HTTP/1.1" 404 1251 "-" "Mozilla/5.0 (Linux; Android 13; Infinix X6837 Build/TP1A.220624.014) AppleWebKit/537.36 (KHTML, like Gecko) Chrome/136.0.7103.127 Mobile Safari/537.36 OPX/2.8"
162.0.232.193 - - [10/Jun/2025:23:15:21 -0400] "GET /wind-breaker-chapter-122/ HTTP/1.1" 200 0 "-" "WP Rocket/Preload Mozilla/5.0 (iPhone; CPU iPhone OS 9_1 like Mac OS X) AppleWebKit/601.1.46 (KHTML, like Gecko) Version/9.0 Mobile/13B143 Safari/601.1"
66.249.77.194 - - [10/Jun/2025:23:15:22 -0400] "GET /entity/12213384 HTTP/1.1" 200 83793 "-" "Mozilla/5.0 (Linux; Android 6.0.1; Nexus 5X Build/MMB29P) AppleWebKit/537.36 (KHTML, like Gecko) Chrome/136.0.7103.113 Mobile Safari/537.36 (compatible; Googlebot/2.1; +http://www.google.com/bot.html)"
162.0.232.193 - - [10/Jun/2025:23:15:23 -0400] "GET /wind-breaker-chapter-120/ HTTP/1.1" 200 12257 "-" "WP Rocket/Preload"
216.73.216.239 - - [10/Jun/2025:23:15:24 -0400] "GET /shopdetail/273728268 HTTP/1.1" 500 1034 "-" "Mozilla/5.0 AppleWebKit/537.36 (KHTML, like Gecko; compatible; ClaudeBot/1.0; [email protected])"
162.0.232.193 - - [10/Jun/2025:23:15:24 -0400] "GET /wind-breaker-chapter-120/ HTTP/1.1" 200 0 "-" "WP Rocket/Preload Mozilla/5.0 (iPhone; CPU iPhone OS 9_1 like Mac OS X) AppleWebKit/601.1.46 (KHTML, like Gecko) Version/9.0 Mobile/13B143 Safari/601.1"
162.0.232.193 - - [10/Jun/2025:23:15:26 -0400] "GET /wind-breaker-chapter-110/ HTTP/1.1" 200 0 "-" "WP Rocket/Preload"
64.224.130.103 - - [10/Jun/2025:23:15:28 -0400] "GET /wp-content/uploads/2024/02/cropped-jay-jo-32x32.webp HTTP/1.1" 200 540 "https://read11.windbreakermanga.com/wind-breaker-chapter-549/" "Mozilla/5.0 (Linux; Android 13; Infinix X6837 Build/TP1A.220624.014) AppleWebKit/537.36 (KHTML, like Gecko) Chrome/136.0.7103.127 Mobile Safari/537.36 OPX/2.8"
162.0.232.193 - - [10/Jun/2025:23:15:27 -0400] "GET /wind-breaker-chapter-110/ HTTP/1.1" 200 11958 "-" "WP Rocket/Preload Mozilla/5.0 (iPhone; CPU iPhone OS 9_1 like Mac OS X) AppleWebKit/601.1.46 (KHTML, like Gecko) Version/9.0 Mobile/13B143 Safari/601.1"
162.0.232.193 - - [10/Jun/2025:23:15:29 -0400] "GET /wind-breaker-chapter-551/ HTTP/1.1" 200 11063 "-" "WP Rocket/Preload"
216.73.216.239 - - [10/Jun/2025:23:15:29 -0400] "GET /shopdetail/273732076 HTTP/1.1" 500 1034 "-" "Mozilla/5.0 AppleWebKit/537.36 (KHTML, like Gecko; compatible; ClaudeBot/1.0; [email protected])"
162.0.232.193 - - [10/Jun/2025:23:15:30 -0400] "GET /wind-breaker-chapter-551/ HTTP/1.1" 200 0 "-" "WP Rocket/Preload Mozilla/5.0 (iPhone; CPU iPhone OS 9_1 like Mac OS X) AppleWebKit/601.1.46 (KHTML, like Gecko) Version/9.0 Mobile/13B143 Safari/601.1"
162.0.232.193 - - [10/Jun/2025:23:15:32 -0400] "GET /wind-breaker-chapter-96/ HTTP/1.1" 200 0 "-" "WP Rocket/Preload"
64.224.130.103 - - [10/Jun/2025:23:15:27 -0400] "POST /wp-admin/admin-ajax.php HTTP/1.1" 200 61 "https://read11.windbreakermanga.com/wind-breaker-chapter-549/" "Mozilla/5.0 (Linux; Android 13; Infinix X6837 Build/TP1A.220624.014) AppleWebKit/537.36 (KHTML, like Gecko) Chrome/136.0.7103.127 Mobile Safari/537.36 OPX/2.8"
162.0.232.193 - - [10/Jun/2025:23:15:33 -0400] "GET /wind-breaker-chapter-96/ HTTP/1.1" 200 0 "-" "WP Rocket/Preload Mozilla/5.0 (iPhone; CPU iPhone OS 9_1 like Mac OS X) AppleWebKit/601.1.46 (KHTML, like Gecko) Version/9.0 Mobile/13B143 Safari/601.1"
162.0.232.193 - - [10/Jun/2025:23:15:35 -0400] "GET /wind-breaker-chapter-22/ HTTP/1.1" 200 0 "-" "WP Rocket/Preload"
216.73.216.239 - - [10/Jun/2025:23:15:34 -0400] "GET /shopdetail/273743388 HTTP/1.1" 500 1034 "-" "Mozilla/5.0 AppleWebKit/537.36 (KHTML, like Gecko; compatible; ClaudeBot/1.0; [email protected])"
47.128.19.130 - - [10/Jun/2025:23:15:37 -0400] "GET /wp-includes/class-IXR.php HTTP/1.1" 403 1242 "-" "Mozilla/5.0 (Linux; Android 5.0) AppleWebKit/537.36 (KHTML, like Gecko) Mobile Safari/537.36 (compatible; Bytespider; [email protected])"
162.0.232.193 - - [10/Jun/2025:23:15:37 -0400] "GET /wind-breaker-chapter-22/ HTTP/1.1" 200 0 "-" "WP Rocket/Preload Mozilla/5.0 (iPhone; CPU iPhone OS 9_1 like Mac OS X) AppleWebKit/601.1.46 (KHTML, like Gecko) Version/9.0 Mobile/13B143 Safari/601.1"
66.249.77.194 - - [10/Jun/2025:23:15:37 -0400] "GET /products/rubai/9000136 HTTP/1.1" 200 81541 "-" "Mozilla/5.0 (Linux; Android 6.0.1; Nexus 5X Build/MMB29P) AppleWebKit/537.36 (KHTML, like Gecko) Chrome/136.0.7103.113 Mobile Safari/537.36 (compatible; Googlebot/2.1; +http://www.google.com/bot.html)"
216.73.216.239 - - [10/Jun/2025:23:15:39 -0400] "GET /shopdetail/273727460 HTTP/1.1" 500 1034 "-" "Mozilla/5.0 AppleWebKit/537.36 (KHTML, like Gecko; compatible; ClaudeBot/1.0; [email protected])"
162.0.232.193 - - [10/Jun/2025:23:15:52 -0400] "POST /wp-cron.php?doing_wp_cron=1749611752.2991249561309814453125 HTTP/1.1" 200 0 "-" "WordPress/6.8.1; https://read11.windbreakermanga.com"
66.249.77.194 - - [10/Jun/2025:23:15:53 -0400] "GET /goodscode/selcouth/8999500 HTTP/1.1" 200 82521 "-" "Mozilla/5.0 (Linux; Android 6.0.1; Nexus 5X Build/MMB29P) AppleWebKit/537.36 (KHTML, like Gecko) Chrome/136.0.7103.113 Mobile Safari/537.36 (compatible; Googlebot/2.1; +http://www.google.com/bot.html)"
162.0.232.193 - - [10/Jun/2025:23:15:57 -0400] "GET /wind-breaker-chapter-82/ HTTP/1.1" 200 0 "-" "WP Rocket/Preload"
2a03:2880:f800:1c:: - - [10/Jun/2025:23:15:49 -0400] "GET /wind-breaker-chapter-547/ HTTP/1.1" 200 11297 "-" "meta-externalagent/1.1 (+https://developers.facebook.com/docs/sharing/webmasters/crawler)"
162.0.232.193 - - [10/Jun/2025:23:15:59 -0400] "GET /wind-breaker-chapter-82/ HTTP/1.1" 200 0 "-" "WP Rocket/Preload Mozilla/5.0 (iPhone; CPU iPhone OS 9_1 like Mac OS X) AppleWebKit/601.1.46 (KHTML, like Gecko) Version/9.0 Mobile/13B143 Safari/601.1"
162.0.232.193 - - [10/Jun/2025:23:16:01 -0400] "GET /wind-breaker-chapter-78/ HTTP/1.1" 200 0 "-" "WP Rocket/Preload"
162.0.232.193 - - [10/Jun/2025:23:16:02 -0400] "GET /wind-breaker-chapter-78/ HTTP/1.1" 200 0 "-" "WP Rocket/Preload Mozilla/5.0 (iPhone; CPU iPhone OS 9_1 like Mac OS X) AppleWebKit/601.1.46 (KHTML, like Gecko) Version/9.0 Mobile/13B143 Safari/601.1"
162.0.232.193 - - [10/Jun/2025:23:16:04 -0400] "GET /wind-breaker-chapter-75/ HTTP/1.1" 200 0 "-" "WP Rocket/Preload"
2001:861:3143:8140:b06e:1d9a:daef:1288 - - [10/Jun/2025:23:16:06 -0400] "GET /wind-breaker-chapter-328/ HTTP/1.1" 200 12751 "-" "Mozilla/5.0 (iPad; CPU OS 13_6 like Mac OS X) AppleWebKit/605.1.15 (KHTML, like Gecko) Version/13.1.2 Mobile/15E148 Safari/604.1"
162.0.232.193 - - [10/Jun/2025:23:16:06 -0400] "GET /wind-breaker-chapter-75/ HTTP/1.1" 200 0 "-" "WP Rocket/Preload Mozilla/5.0 (iPhone; CPU iPhone OS 9_1 like Mac OS X) AppleWebKit/601.1.46 (KHTML, like Gecko) Version/9.0 Mobile/13B143 Safari/601.1"
162.0.232.193 - - [10/Jun/2025:23:16:08 -0400] "GET /wind-breaker-chapter-65/ HTTP/1.1" 200 0 "-" "WP Rocket/Preload"
162.0.232.193 - - [10/Jun/2025:23:16:10 -0400] "GET /wind-breaker-chapter-65/ HTTP/1.1" 200 0 "-" "WP Rocket/Preload Mozilla/5.0 (iPhone; CPU iPhone OS 9_1 like Mac OS X) AppleWebKit/601.1.46 (KHTML, like Gecko) Version/9.0 Mobile/13B143 Safari/601.1"
66.249.77.196 - - [10/Jun/2025:23:16:09 -0400] "GET /entity/spacially/9002444 HTTP/1.1" 200 82491 "-" "Mozilla/5.0 (Linux; Android 6.0.1; Nexus 5X Build/MMB29P) AppleWebKit/537.36 (KHTML, like Gecko) Chrome/136.0.7103.113 Mobile Safari/537.36 (compatible; Googlebot/2.1; +http://www.google.com/bot.html)"
162.0.232.193 - - [10/Jun/2025:23:16:11 -0400] "GET /wind-breaker-chapter-64/ HTTP/1.1" 200 0 "-" "WP Rocket/Preload"
162.0.232.193 - - [10/Jun/2025:23:16:13 -0400] "GET /wind-breaker-chapter-64/ HTTP/1.1" 200 0 "-" "WP Rocket/Preload Mozilla/5.0 (iPhone; CPU iPhone OS 9_1 like Mac OS X) AppleWebKit/601.1.46 (KHTML, like Gecko) Version/9.0 Mobile/13B143 Safari/601.1"
66.249.77.194 - - [10/Jun/2025:23:16:25 -0400] "GET /items/sa/subcontractor8999172 HTTP/1.1" 200 82119 "-" "Mozilla/5.0 (Linux; Android 6.0.1; Nexus 5X Build/MMB29P) AppleWebKit/537.36 (KHTML, like Gecko) Chrome/136.0.7103.113 Mobile Safari/537.36 (compatible; Googlebot/2.1; +http://www.google.com/bot.html)"
216.73.216.239 - - [10/Jun/2025:23:16:26 -0400] "GET /shopdetail/275025536 HTTP/1.1" 500 1034 "-" "Mozilla/5.0 AppleWebKit/537.36 (KHTML, like Gecko; compatible; ClaudeBot/1.0; [email protected])"
216.73.216.239 - - [10/Jun/2025:23:16:31 -0400] "GET /shopdetail/274999768 HTTP/1.1" 500 1034 "-" "Mozilla/5.0 AppleWebKit/537.36 (KHTML, like Gecko; compatible; ClaudeBot/1.0; [email protected])"
54.36.148.88 - - [10/Jun/2025:23:16:35 -0400] "GET /wind-breaker-chapter-225/ HTTP/1.1" 200 12275 "-" "Mozilla/5.0 (compatible; AhrefsBot/7.0; +http://ahrefs.com/robot/)"
216.73.216.239 - - [10/Jun/2025:23:16:36 -0400] "GET /shopdetail/275038348 HTTP/1.1" 500 1034 "-" "Mozilla/5.0 AppleWebKit/537.36 (KHTML, like Gecko; compatible; ClaudeBot/1.0; [email protected])"
47.128.28.14 - - [10/Jun/2025:23:16:37 -0400] "GET /wp-includes/class-wp-network-query.php HTTP/1.1" 403 1242 "-" "Mozilla/5.0 (Linux; Android 5.0) AppleWebKit/537.36 (KHTML, like Gecko) Mobile Safari/537.36 (compatible; Bytespider; [email protected])"
216.73.216.239 - - [10/Jun/2025:23:16:41 -0400] "GET /shopdetail/275008600 HTTP/1.1" 500 1034 "-" "Mozilla/5.0 AppleWebKit/537.36 (KHTML, like Gecko; compatible; ClaudeBot/1.0; [email protected])"
216.73.216.239 - - [10/Jun/2025:23:16:46 -0400] "GET /shopdetail/275067788 HTTP/1.1" 500 1034 "-" "Mozilla/5.0 AppleWebKit/537.36 (KHTML, like Gecko; compatible; ClaudeBot/1.0; [email protected])"
216.73.216.239 - - [10/Jun/2025:23:16:51 -0400] "GET /shopdetail/275061728 HTTP/1.1" 500 1034 "-" "Mozilla/5.0 AppleWebKit/537.36 (KHTML, like Gecko; compatible; ClaudeBot/1.0; [email protected])"
66.249.77.194 - - [10/Jun/2025:23:16:55 -0400] "GET /entity/6481644 HTTP/1.1" 200 81759 "-" "Mozilla/5.0 (Linux; Android 6.0.1; Nexus 5X Build/MMB29P) AppleWebKit/537.36 (KHTML, like Gecko) Chrome/136.0.7103.113 Mobile Safari/537.36 (compatible; Googlebot/2.1; +http://www.google.com/bot.html)"
216.73.216.239 - - [10/Jun/2025:23:16:56 -0400] "GET /shopdetail/273746332 HTTP/1.1" 500 1034 "-" "Mozilla/5.0 AppleWebKit/537.36 (KHTML, like Gecko; compatible; ClaudeBot/1.0; [email protected])"
216.73.216.239 - - [10/Jun/2025:23:17:01 -0400] "GET /shopdetail/273730176 HTTP/1.1" 500 1034 "-" "Mozilla/5.0 AppleWebKit/537.36 (KHTML, like Gecko; compatible; ClaudeBot/1.0; [email protected])"
66.249.77.195 - - [10/Jun/2025:23:17:10 -0400] "GET /goodscode/becharm/9000744 HTTP/1.1" 200 81275 "-" "Mozilla/5.0 (Linux; Android 6.0.1; Nexus 5X Build/MMB29P) AppleWebKit/537.36 (KHTML, like Gecko) Chrome/136.0.7103.113 Mobile Safari/537.36 (compatible; Googlebot/2.1; +http://www.google.com/bot.html)"
66.249.77.195 - - [10/Jun/2025:23:17:25 -0400] "GET /shopping/malassimilation220531152 HTTP/1.1" 200 81031 "-" "Mozilla/5.0 (Linux; Android 6.0.1; Nexus 5X Build/MMB29P) AppleWebKit/537.36 (KHTML, like Gecko) Chrome/136.0.7103.113 Mobile Safari/537.36 (compatible; Googlebot/2.1; +http://www.google.com/bot.html)"
216.73.216.239 - - [10/Jun/2025:23:17:27 -0400] "GET /shopdetail/275046544 HTTP/1.1" 500 1034 "-" "Mozilla/5.0 AppleWebKit/537.36 (KHTML, like Gecko; compatible; ClaudeBot/1.0; [email protected])"
216.73.216.239 - - [10/Jun/2025:23:17:32 -0400] "GET /shopdetail/275074212 HTTP/1.1" 500 1034 "-" "Mozilla/5.0 AppleWebKit/537.36 (KHTML, like Gecko; compatible; ClaudeBot/1.0; [email protected])"
216.73.216.239 - - [10/Jun/2025:23:17:37 -0400] "GET /shopdetail/273763188 HTTP/1.1" 500 1034 "-" "Mozilla/5.0 AppleWebKit/537.36 (KHTML, like Gecko; compatible; ClaudeBot/1.0; [email protected])"
47.128.44.121 - - [10/Jun/2025:23:17:38 -0400] "GET /wp-includes/class-wp-feed-cache.php HTTP/1.1" 403 1242 "-" "Mozilla/5.0 (Linux; Android 5.0) AppleWebKit/537.36 (KHTML, like Gecko) Mobile Safari/537.36 (compatible; Bytespider; [email protected])"
66.249.77.194 - - [10/Jun/2025:23:17:40 -0400] "GET /products/wa/vermouth9250748 HTTP/1.1" 200 81679 "-" "Mozilla/5.0 (Linux; Android 6.0.1; Nexus 5X Build/MMB29P) AppleWebKit/537.36 (KHTML, like Gecko) Chrome/136.0.7103.113 Mobile Safari/537.36 (compatible; Googlebot/2.1; +http://www.google.com/bot.html)"
66.249.77.194 - - [10/Jun/2025:23:17:41 -0400] "GET /goodscode/f/euphorbiaceae9000536 HTTP/1.1" 200 81472 "-" "Mozilla/5.0 (Linux; Android 6.0.1; Nexus 5X Build/MMB29P) AppleWebKit/537.36 (KHTML, like Gecko) Chrome/136.0.7103.113 Mobile Safari/537.36 (compatible; Googlebot/2.1; +http://www.google.com/bot.html)"
216.73.216.239 - - [10/Jun/2025:23:17:42 -0400] "GET /shopdetail/275053932 HTTP/1.1" 500 1034 "-" "Mozilla/5.0 AppleWebKit/537.36 (KHTML, like Gecko; compatible; ClaudeBot/1.0; [email protected])"
216.73.216.239 - - [10/Jun/2025:23:17:47 -0400] "GET /shopdetail/275048680 HTTP/1.1" 500 1034 "-" "Mozilla/5.0 AppleWebKit/537.36 (KHTML, like Gecko; compatible; ClaudeBot/1.0; [email protected])"
216.73.216.239 - - [10/Jun/2025:23:17:52 -0400] "GET /shopdetail/275025764 HTTP/1.1" 500 1034 "-" "Mozilla/5.0 AppleWebKit/537.36 (KHTML, like Gecko; compatible; ClaudeBot/1.0; [email protected])"
216.73.216.239 - - [10/Jun/2025:23:17:57 -0400] "GET /shopdetail/273714412 HTTP/1.1" 500 1034 "-" "Mozilla/5.0 AppleWebKit/537.36 (KHTML, like Gecko; compatible; ClaudeBot/1.0; [email protected])"
66.249.77.195 - - [10/Jun/2025:23:17:57 -0400] "GET /products/brownback/9000672 HTTP/1.1" 200 81534 "-" "Mozilla/5.0 (Linux; Android 6.0.1; Nexus 5X Build/MMB29P) AppleWebKit/537.36 (KHTML, like Gecko) Chrome/136.0.7103.113 Mobile Safari/537.36 (compatible; Googlebot/2.1; +http://www.google.com/bot.html)"
216.73.216.239 - - [10/Jun/2025:23:18:02 -0400] "GET /shopdetail/275025228 HTTP/1.1" 500 1034 "-" "Mozilla/5.0 AppleWebKit/537.36 (KHTML, like Gecko; compatible; ClaudeBot/1.0; [email protected])"
66.249.77.194 - - [10/Jun/2025:23:18:12 -0400] "GET /goods/b/hawking10411320 HTTP/1.1" 200 82543 "-" "Mozilla/5.0 (Linux; Android 6.0.1; Nexus 5X Build/MMB29P) AppleWebKit/537.36 (KHTML, like Gecko) Chrome/136.0.7103.113 Mobile Safari/537.36 (compatible; Googlebot/2.1; +http://www.google.com/bot.html)"
216.73.216.239 - - [10/Jun/2025:23:18:41 -0400] "GET /shopdetail/275051724 HTTP/1.1" 500 1034 "-" "Mozilla/5.0 AppleWebKit/537.36 (KHTML, like Gecko; compatible; ClaudeBot/1.0; [email protected])"
66.249.77.194 - - [10/Jun/2025:23:18:41 -0400] "GET /info/shovelbill/8999472 HTTP/1.1" 200 86196 "-" "Mozilla/5.0 (Linux; Android 6.0.1; Nexus 5X Build/MMB29P) AppleWebKit/537.36 (KHTML, like Gecko) Chrome/136.0.7103.113 Mobile Safari/537.36 (compatible; Googlebot/2.1; +http://www.google.com/bot.html)"
66.249.77.195 - - [10/Jun/2025:23:18:43 -0400] "GET /special114900032 HTTP/1.1" 200 82128 "-" "Mozilla/5.0 (Linux; Android 6.0.1; Nexus 5X Build/MMB29P) AppleWebKit/537.36 (KHTML, like Gecko) Chrome/136.0.7103.113 Mobile Safari/537.36 (compatible; Googlebot/2.1; +http://www.google.com/bot.html)"
66.249.77.194 - - [10/Jun/2025:23:18:44 -0400] "GET /detail219763076 HTTP/1.1" 200 81312 "-" "Mozilla/5.0 (Linux; Android 6.0.1; Nexus 5X Build/MMB29P) AppleWebKit/537.36 (KHTML, like Gecko) Chrome/136.0.7103.113 Mobile Safari/537.36 (compatible; Googlebot/2.1; +http://www.google.com/bot.html)"
66.249.77.195 - - [10/Jun/2025:23:18:45 -0400] "GET /info/114405104 HTTP/1.1" 200 81249 "-" "Mozilla/5.0 (Linux; Android 6.0.1; Nexus 5X Build/MMB29P) AppleWebKit/537.36 (KHTML, like Gecko) Chrome/136.0.7103.113 Mobile Safari/537.36 (compatible; Googlebot/2.1; +http://www.google.com/bot.html)"
216.73.216.239 - - [10/Jun/2025:23:18:45 -0400] "GET /shopdetail/275017032 HTTP/1.1" 500 1034 "-" "Mozilla/5.0 AppleWebKit/537.36 (KHTML, like Gecko; compatible; ClaudeBot/1.0; [email protected])"
216.73.216.239 - - [10/Jun/2025:23:18:51 -0400] "GET /shopdetail/273762152 HTTP/1.1" 500 1034 "-" "Mozilla/5.0 AppleWebKit/537.36 (KHTML, like Gecko; compatible; ClaudeBot/1.0; [email protected])"
216.73.216.239 - - [10/Jun/2025:23:18:55 -0400] "GET /shopdetail/273719664 HTTP/1.1" 500 1034 "-" "Mozilla/5.0 AppleWebKit/537.36 (KHTML, like Gecko; compatible; ClaudeBot/1.0; [email protected])"
66.249.77.194 - - [10/Jun/2025:23:19:00 -0400] "GET /products/thk/fructuously9001808 HTTP/1.1" 200 81232 "-" "Mozilla/5.0 (Linux; Android 6.0.1; Nexus 5X Build/MMB29P) AppleWebKit/537.36 (KHTML, like Gecko) Chrome/136.0.7103.113 Mobile Safari/537.36 (compatible; Googlebot/2.1; +http://www.google.com/bot.html)"
216.73.216.239 - - [10/Jun/2025:23:19:00 -0400] "GET /shopdetail/275001748 HTTP/1.1" 500 1034 "-" "Mozilla/5.0 AppleWebKit/537.36 (KHTML, like Gecko; compatible; ClaudeBot/1.0; [email protected])"
216.73.216.239 - - [10/Jun/2025:23:19:05 -0400] "GET /shopdetail/273787548 HTTP/1.1" 500 1034 "-" "Mozilla/5.0 AppleWebKit/537.36 (KHTML, like Gecko; compatible; ClaudeBot/1.0; [email protected])"
216.73.216.239 - - [10/Jun/2025:23:19:10 -0400] "GET /shopdetail/273788648 HTTP/1.1" 500 1034 "-" "Mozilla/5.0 AppleWebKit/537.36 (KHTML, like Gecko; compatible; ClaudeBot/1.0; [email protected])"
2001:861:3143:8140:b06e:1d9a:daef:1288 - - [10/Jun/2025:23:19:12 -0400] "GET /wind-breaker-chapter-329/ HTTP/1.1" 200 12910 "-" "Mozilla/5.0 (Macintosh; Intel Mac OS X 10.15; rv:89.0) Gecko/20100101 Firefox/89.0"
216.73.216.239 - - [10/Jun/2025:23:19:15 -0400] "GET /shopdetail/273785168 HTTP/1.1" 500 1034 "-" "Mozilla/5.0 AppleWebKit/537.36 (KHTML, like Gecko; compatible; ClaudeBot/1.0; [email protected])"
66.249.77.194 - - [10/Jun/2025:23:19:16 -0400] "GET /special/eq/osage9000436 HTTP/1.1" 200 81219 "-" "Mozilla/5.0 (Linux; Android 6.0.1; Nexus 5X Build/MMB29P) AppleWebKit/537.36 (KHTML, like Gecko) Chrome/136.0.7103.113 Mobile Safari/537.36 (compatible; Googlebot/2.1; +http://www.google.com/bot.html)"
66.249.77.194 - - [10/Jun/2025:23:19:32 -0400] "GET /shopping/g/caesious9002980 HTTP/1.1" 200 82101 "-" "Mozilla/5.0 (Linux; Android 6.0.1; Nexus 5X Build/MMB29P) AppleWebKit/537.36 (KHTML, like Gecko) Chrome/136.0.7103.113 Mobile Safari/537.36 (compatible; Googlebot/2.1; +http://www.google.com/bot.html)"
66.249.77.194 - - [10/Jun/2025:23:19:33 -0400] "GET /entity/115636732 HTTP/1.1" 200 81255 "-" "Mozilla/5.0 (Linux; Android 6.0.1; Nexus 5X Build/MMB29P) AppleWebKit/537.36 (KHTML, like Gecko) Chrome/136.0.7103.113 Mobile Safari/537.36 (compatible; Googlebot/2.1; +http://www.google.com/bot.html)"
66.249.77.194 - - [10/Jun/2025:23:19:34 -0400] "GET /shopdetail/syu/dexedrine/12441436 HTTP/1.1" 200 81637 "-" "Mozilla/5.0 (Linux; Android 6.0.1; Nexus 5X Build/MMB29P) AppleWebKit/537.36 (KHTML, like Gecko) Chrome/136.0.7103.113 Mobile Safari/537.36 (compatible; Googlebot/2.1; +http://www.google.com/bot.html)"
216.73.216.239 - - [10/Jun/2025:23:19:51 -0400] "GET /shopdetail/273777680 HTTP/1.1" 500 1034 "-" "Mozilla/5.0 AppleWebKit/537.36 (KHTML, like Gecko; compatible; ClaudeBot/1.0; [email protected])"
216.73.216.239 - - [10/Jun/2025:23:19:56 -0400] "GET /shopdetail/273735728 HTTP/1.1" 500 1034 "-" "Mozilla/5.0 AppleWebKit/537.36 (KHTML, like Gecko; compatible; ClaudeBot/1.0; [email protected])"
216.73.216.239 - - [10/Jun/2025:23:20:01 -0400] "GET /shopdetail/273778544 HTTP/1.1" 500 1034 "-" "Mozilla/5.0 AppleWebKit/537.36 (KHTML, like Gecko; compatible; ClaudeBot/1.0; [email protected])"
66.249.77.194 - - [10/Jun/2025:23:20:04 -0400] "GET /goods/aw/velveteen10408940 HTTP/1.1" 200 81960 "-" "Mozilla/5.0 (Linux; Android 6.0.1; Nexus 5X Build/MMB29P) AppleWebKit/537.36 (KHTML, like Gecko) Chrome/136.0.7103.113 Mobile Safari/537.36 (compatible; Googlebot/2.1; +http://www.google.com/bot.html)"
216.73.216.239 - - [10/Jun/2025:23:20:06 -0400] "GET /shopdetail/275074640 HTTP/1.1" 500 1034 "-" "Mozilla/5.0 AppleWebKit/537.36 (KHTML, like Gecko; compatible; ClaudeBot/1.0; [email protected])"
216.73.216.239 - - [10/Jun/2025:23:20:11 -0400] "GET /shopdetail/275055940 HTTP/1.1" 500 1034 "-" "Mozilla/5.0 AppleWebKit/537.36 (KHTML, like Gecko; compatible; ClaudeBot/1.0; [email protected])"
216.73.216.239 - - [10/Jun/2025:23:20:16 -0400] "GET /shopdetail/273760016 HTTP/1.1" 500 1034 "-" "Mozilla/5.0 AppleWebKit/537.36 (KHTML, like Gecko; compatible; ClaudeBot/1.0; [email protected])"
66.249.77.194 - - [10/Jun/2025:23:20:20 -0400] "GET /detail/blinks/9003152 HTTP/1.1" 200 81523 "-" "Mozilla/5.0 (Linux; Android 6.0.1; Nexus 5X Build/MMB29P) AppleWebKit/537.36 (KHTML, like Gecko) Chrome/136.0.7103.113 Mobile Safari/537.36 (compatible; Googlebot/2.1; +http://www.google.com/bot.html)"
216.73.216.239 - - [10/Jun/2025:23:20:21 -0400] "GET /shopdetail/275020048 HTTP/1.1" 500 1034 "-" "Mozilla/5.0 AppleWebKit/537.36 (KHTML, like Gecko; compatible; ClaudeBot/1.0; [email protected])"
66.249.77.194 - - [10/Jun/2025:23:20:22 -0400] "GET /goods/pestilently12213684 HTTP/1.1" 200 81268 "-" "Mozilla/5.0 (Linux; Android 6.0.1; Nexus 5X Build/MMB29P) AppleWebKit/537.36 (KHTML, like Gecko) Chrome/136.0.7103.113 Mobile Safari/537.36 (compatible; Googlebot/2.1; +http://www.google.com/bot.html)"
216.73.216.239 - - [10/Jun/2025:23:20:26 -0400] "GET /shopdetail/273746896 HTTP/1.1" 500 1034 "-" "Mozilla/5.0 AppleWebKit/537.36 (KHTML, like Gecko; compatible; ClaudeBot/1.0; [email protected])"
66.249.77.194 - - [10/Jun/2025:23:20:37 -0400] "GET /product/kaudi/10425968 HTTP/1.1" 200 80860 "-" "Mozilla/5.0 (Linux; Android 6.0.1; Nexus 5X Build/MMB29P) AppleWebKit/537.36 (KHTML, like Gecko) Chrome/136.0.7103.113 Mobile Safari/537.36 (compatible; Googlebot/2.1; +http://www.google.com/bot.html)"
66.249.77.194 - - [10/Jun/2025:23:20:38 -0400] "GET /products115631816 HTTP/1.1" 200 81203 "-" "Mozilla/5.0 (Linux; Android 6.0.1; Nexus 5X Build/MMB29P) AppleWebKit/537.36 (KHTML, like Gecko) Chrome/136.0.7103.113 Mobile Safari/537.36 (compatible; Googlebot/2.1; +http://www.google.com/bot.html)"
66.249.77.194 - - [10/Jun/2025:23:20:53 -0400] "GET /entity/d/prideful10433128 HTTP/1.1" 200 80801 "-" "Mozilla/5.0 (Linux; Android 6.0.1; Nexus 5X Build/MMB29P) AppleWebKit/537.36 (KHTML, like Gecko) Chrome/136.0.7103.113 Mobile Safari/537.36 (compatible; Googlebot/2.1; +http://www.google.com/bot.html)"
216.73.216.239 - - [10/Jun/2025:23:20:58 -0400] "GET /shopdetail/273775036 HTTP/1.1" 500 1034 "-" "Mozilla/5.0 AppleWebKit/537.36 (KHTML, like Gecko; compatible; ClaudeBot/1.0; [email protected])"
216.73.216.239 - - [10/Jun/2025:23:21:03 -0400] "GET /shopdetail/275040248 HTTP/1.1" 500 1034 "-" "Mozilla/5.0 AppleWebKit/537.36 (KHTML, like Gecko; compatible; ClaudeBot/1.0; [email protected])"
216.73.216.239 - - [10/Jun/2025:23:21:08 -0400] "GET /shopdetail/273721344 HTTP/1.1" 500 1034 "-" "Mozilla/5.0 AppleWebKit/537.36 (KHTML, like Gecko; compatible; ClaudeBot/1.0; [email protected])"
216.73.216.239 - - [10/Jun/2025:23:21:13 -0400] "GET /shopdetail/275002712 HTTP/1.1" 500 1034 "-" "Mozilla/5.0 AppleWebKit/537.36 (KHTML, like Gecko; compatible; ClaudeBot/1.0; [email protected])"
216.73.216.239 - - [10/Jun/2025:23:21:18 -0400] "GET /shopdetail/275072868 HTTP/1.1" 500 1034 "-" "Mozilla/5.0 AppleWebKit/537.36 (KHTML, like Gecko; compatible; ClaudeBot/1.0; [email protected])"
66.249.77.196 - - [10/Jun/2025:23:21:23 -0400] "GET /info/chivage6482052 HTTP/1.1" 200 84050 "-" "Mozilla/5.0 (Linux; Android 6.0.1; Nexus 5X Build/MMB29P) AppleWebKit/537.36 (KHTML, like Gecko) Chrome/136.0.7103.113 Mobile Safari/537.36 (compatible; Googlebot/2.1; +http://www.google.com/bot.html)"
216.73.216.239 - - [10/Jun/2025:23:21:23 -0400] "GET /shopdetail/275014060 HTTP/1.1" 500 1034 "-" "Mozilla/5.0 AppleWebKit/537.36 (KHTML, like Gecko; compatible; ClaudeBot/1.0; [email protected])"
66.249.77.196 - - [10/Jun/2025:23:21:26 -0400] "GET /goods/115127092 HTTP/1.1" 200 82729 "-" "Mozilla/5.0 (Linux; Android 6.0.1; Nexus 5X Build/MMB29P) AppleWebKit/537.36 (KHTML, like Gecko) Chrome/136.0.7103.113 Mobile Safari/537.36 (compatible; Googlebot/2.1; +http://www.google.com/bot.html)"
216.73.216.239 - - [10/Jun/2025:23:21:28 -0400] "GET /shopdetail/275005628 HTTP/1.1" 500 1034 "-" "Mozilla/5.0 AppleWebKit/537.36 (KHTML, like Gecko; compatible; ClaudeBot/1.0; [email protected])"
216.73.216.239 - - [10/Jun/2025:23:21:33 -0400] "GET /shopdetail/275038248 HTTP/1.1" 500 1034 "-" "Mozilla/5.0 AppleWebKit/537.36 (KHTML, like Gecko; compatible; ClaudeBot/1.0; [email protected])"
66.249.77.195 - - [10/Jun/2025:23:21:41 -0400] "GET /goodscode/fratricellians/10428984 HTTP/1.1" 200 81078 "-" "Mozilla/5.0 (Linux; Android 6.0.1; Nexus 5X Build/MMB29P) AppleWebKit/537.36 (KHTML, like Gecko) Chrome/136.0.7103.113 Mobile Safari/537.36 (compatible; Googlebot/2.1; +http://www.google.com/bot.html)"
66.249.77.195 - - [10/Jun/2025:23:21:42 -0400] "GET /items/los/nonconcurrence/9424472 HTTP/1.1" 200 81506 "-" "Mozilla/5.0 (Linux; Android 6.0.1; Nexus 5X Build/MMB29P) AppleWebKit/537.36 (KHTML, like Gecko) Chrome/136.0.7103.113 Mobile Safari/537.36 (compatible; Googlebot/2.1; +http://www.google.com/bot.html)"
66.249.77.194 - - [10/Jun/2025:23:21:43 -0400] "GET /shopbrand/xg/orient/7688856 HTTP/1.1" 200 80928 "-" "Mozilla/5.0 (Linux; Android 6.0.1; Nexus 5X Build/MMB29P) AppleWebKit/537.36 (KHTML, like Gecko) Chrome/136.0.7103.113 Mobile Safari/537.36 (compatible; Googlebot/2.1; +http://www.google.com/bot.html)"
66.249.77.195 - - [10/Jun/2025:23:21:45 -0400] "GET /item/219513136 HTTP/1.1" 200 81470 "-" "Mozilla/5.0 (Linux; Android 6.0.1; Nexus 5X Build/MMB29P) AppleWebKit/537.36 (KHTML, like Gecko) Chrome/136.0.7103.113 Mobile Safari/537.36 (compatible; Googlebot/2.1; +http://www.google.com/bot.html)"
66.249.77.194 - - [10/Jun/2025:23:21:46 -0400] "GET /goods/jarvey36016160 HTTP/1.1" 200 87404 "-" "Mozilla/5.0 (Linux; Android 6.0.1; Nexus 5X Build/MMB29P) AppleWebKit/537.36 (KHTML, like Gecko) Chrome/136.0.7103.113 Mobile Safari/537.36 (compatible; Googlebot/2.1; +http://www.google.com/bot.html)"
216.73.216.239 - - [10/Jun/2025:23:21:54 -0400] "GET /shopdetail/275026900 HTTP/1.1" 500 1034 "-" "Mozilla/5.0 AppleWebKit/537.36 (KHTML, like Gecko; compatible; ClaudeBot/1.0; [email protected])"
216.73.216.239 - - [10/Jun/2025:23:21:58 -0400] "GET /shopdetail/275072968 HTTP/1.1" 500 1034 "-" "Mozilla/5.0 AppleWebKit/537.36 (KHTML, like Gecko; compatible; ClaudeBot/1.0; [email protected])"
66.249.77.194 - - [10/Jun/2025:23:22:01 -0400] "GET /item/b/placidly10428048 HTTP/1.1" 200 80972 "-" "Mozilla/5.0 (Linux; Android 6.0.1; Nexus 5X Build/MMB29P) AppleWebKit/537.36 (KHTML, like Gecko) Chrome/136.0.7103.113 Mobile Safari/537.36 (compatible; Googlebot/2.1; +http://www.google.com/bot.html)"
216.73.216.239 - - [10/Jun/2025:23:22:03 -0400] "GET /shopdetail/273758344 HTTP/1.1" 500 1034 "-" "Mozilla/5.0 AppleWebKit/537.36 (KHTML, like Gecko; compatible; ClaudeBot/1.0; [email protected])"
216.73.216.239 - - [10/Jun/2025:23:22:08 -0400] "GET /shopdetail/275019740 HTTP/1.1" 500 1034 "-" "Mozilla/5.0 AppleWebKit/537.36 (KHTML, like Gecko; compatible; ClaudeBot/1.0; [email protected])"
216.73.216.239 - - [10/Jun/2025:23:22:13 -0400] "GET /shopdetail/274998168 HTTP/1.1" 500 1034 "-" "Mozilla/5.0 AppleWebKit/537.36 (KHTML, like Gecko; compatible; ClaudeBot/1.0; [email protected])"
66.249.77.201 - - [10/Jun/2025:23:22:18 -0400] "GET /goods/egality/10430184 HTTP/1.1" 200 82038 "-" "Mozilla/5.0 (Linux; Android 6.0.1; Nexus 5X Build/MMB29P) AppleWebKit/537.36 (KHTML, like Gecko) Chrome/136.0.7103.113 Mobile Safari/537.36 (compatible; Googlebot/2.1; +http://www.google.com/bot.html)"
216.73.216.239 - - [10/Jun/2025:23:22:18 -0400] "GET /shopdetail/275068960 HTTP/1.1" 500 1034 "-" "Mozilla/5.0 AppleWebKit/537.36 (KHTML, like Gecko; compatible; ClaudeBot/1.0; [email protected])"
216.73.216.239 - - [10/Jun/2025:23:22:23 -0400] "GET /shopdetail/273773600 HTTP/1.1" 500 1034 "-" "Mozilla/5.0 AppleWebKit/537.36 (KHTML, like Gecko; compatible; ClaudeBot/1.0; [email protected])"
162.0.232.193 - - [10/Jun/2025:23:22:27 -0400] "POST /wp-cron.php?doing_wp_cron=1749612147.3246839046478271484375 HTTP/1.1" 200 0 "-" "WordPress/6.8.1; https://read11.windbreakermanga.com"
216.73.216.239 - - [10/Jun/2025:23:22:28 -0400] "GET /shopdetail/273748068 HTTP/1.1" 500 1034 "-" "Mozilla/5.0 AppleWebKit/537.36 (KHTML, like Gecko; compatible; ClaudeBot/1.0; [email protected])"
2001:861:3143:8140:b06e:1d9a:daef:1288 - - [10/Jun/2025:23:22:05 -0400] "GET /wind-breaker-chapter-330/ HTTP/1.1" 200 13103 "-" "Mozilla/5.0 (Macintosh; Intel Mac OS X 10.15; rv:89.0) Gecko/20100101 Firefox/89.0"
162.0.232.193 - - [10/Jun/2025:23:22:39 -0400] "GET /wp-content/uploads/f979bbbcbe9df560cb74049269d2541e_4104.xml HTTP/1.1" 200 2271 "-" "Mozilla/5.0 (X11; Linux x86_64) AppleWebKit/537.36 (KHTML, like Gecko) Ubuntu Chromium/41.0.2272.76"
66.249.77.201 - - [10/Jun/2025:23:22:48 -0400] "GET /product/capsicine/10425104 HTTP/1.1" 200 81341 "-" "Mozilla/5.0 (Linux; Android 6.0.1; Nexus 5X Build/MMB29P) AppleWebKit/537.36 (KHTML, like Gecko) Chrome/136.0.7103.113 Mobile Safari/537.36 (compatible; Googlebot/2.1; +http://www.google.com/bot.html)"
216.73.216.239 - - [10/Jun/2025:23:23:00 -0400] "GET /shopdetail/275067716 HTTP/1.1" 500 1034 "-" "Mozilla/5.0 AppleWebKit/537.36 (KHTML, like Gecko; compatible; ClaudeBot/1.0; [email protected])"
66.249.77.193 - - [10/Jun/2025:23:23:04 -0400] "GET /goods/n/sophime10426776 HTTP/1.1" 200 81385 "-" "Mozilla/5.0 (Linux; Android 6.0.1; Nexus 5X Build/MMB29P) AppleWebKit/537.36 (KHTML, like Gecko) Chrome/136.0.7103.113 Mobile Safari/537.36 (compatible; Googlebot/2.1; +http://www.google.com/bot.html)"
216.73.216.239 - - [10/Jun/2025:23:23:05 -0400] "GET /shopdetail/275032288 HTTP/1.1" 500 1034 "-" "Mozilla/5.0 AppleWebKit/537.36 (KHTML, like Gecko; compatible; ClaudeBot/1.0; [email protected])"
66.249.77.192 - - [10/Jun/2025:23:23:06 -0400] "GET /shopbrand/xzo/bonded219512528 HTTP/1.1" 200 81391 "-" "Mozilla/5.0 (Linux; Android 6.0.1; Nexus 5X Build/MMB29P) AppleWebKit/537.36 (KHTML, like Gecko) Chrome/136.0.7103.113 Mobile Safari/537.36 (compatible; Googlebot/2.1; +http://www.google.com/bot.html)"
216.73.216.239 - - [10/Jun/2025:23:23:10 -0400] "GET /shopdetail/275054568 HTTP/1.1" 500 1034 "-" "Mozilla/5.0 AppleWebKit/537.36 (KHTML, like Gecko; compatible; ClaudeBot/1.0; [email protected])"
216.73.216.239 - - [10/Jun/2025:23:23:15 -0400] "GET /shopdetail/273770448 HTTP/1.1" 500 1034 "-" "Mozilla/5.0 AppleWebKit/537.36 (KHTML, like Gecko; compatible; ClaudeBot/1.0; [email protected])"
45.135.232.178 - - [10/Jun/2025:23:23:17 -0400] "GET /wp-login.php?wp_lang=en_US HTTP/1.1" 200 1887 "https://read11.windbreakermanga.com/wp-login.php" "Mozilla/5.0 (Windows NT 10.0; Win64; x64) AppleWebKit/537.36 (KHTML, like Gecko) Chrome/135.0.0.0 Safari/537.36"
216.73.216.239 - - [10/Jun/2025:23:23:21 -0400] "GET /shopdetail/273777372 HTTP/1.1" 500 1034 "-" "Mozilla/5.0 AppleWebKit/537.36 (KHTML, like Gecko; compatible; ClaudeBot/1.0; [email protected])"
66.249.77.201 - - [10/Jun/2025:23:23:22 -0400] "GET /products/isomerism/10432192 HTTP/1.1" 200 81109 "-" "Mozilla/5.0 (Linux; Android 6.0.1; Nexus 5X Build/MMB29P) AppleWebKit/537.36 (KHTML, like Gecko) Chrome/136.0.7103.113 Mobile Safari/537.36 (compatible; Googlebot/2.1; +http://www.google.com/bot.html)"
216.73.216.239 - - [10/Jun/2025:23:23:26 -0400] "GET /shopdetail/273777608 HTTP/1.1" 500 1034 "-" "Mozilla/5.0 AppleWebKit/537.36 (KHTML, like Gecko; compatible; ClaudeBot/1.0; [email protected])"
162.0.232.193 - - [10/Jun/2025:23:23:28 -0400] "POST /wp-cron.php?doing_wp_cron=1749612207.4119598865509033203125 HTTP/1.1" 200 0 "-" "WordPress/6.8.1; https://read11.windbreakermanga.com"
45.135.232.178 - - [10/Jun/2025:23:23:25 -0400] "POST /wp-login.php?wp_lang=en_US HTTP/1.1" 200 2036 "https://read11.windbreakermanga.com/wp-login.php" "Mozilla/5.0 (Windows NT 10.0; Win64; x64) AppleWebKit/537.36 (KHTML, like Gecko) Chrome/135.0.0.0 Safari/537.36"
216.73.216.239 - - [10/Jun/2025:23:23:30 -0400] "GET /shopdetail/273760580 HTTP/1.1" 500 1034 "-" "Mozilla/5.0 AppleWebKit/537.36 (KHTML, like Gecko; compatible; ClaudeBot/1.0; [email protected])"
162.0.232.193 - - [10/Jun/2025:23:23:30 -0400] "GET /wind-breaker-chapter-63/ HTTP/1.1" 200 12235 "-" "WP Rocket/Preload"
216.73.216.239 - - [10/Jun/2025:23:23:36 -0400] "GET /shopdetail/275029516 HTTP/1.1" 500 1034 "-" "Mozilla/5.0 AppleWebKit/537.36 (KHTML, like Gecko; compatible; ClaudeBot/1.0; [email protected])"
162.0.232.193 - - [10/Jun/2025:23:23:37 -0400] "GET /wind-breaker-chapter-63/ HTTP/1.1" 200 0 "-" "WP Rocket/Preload Mozilla/5.0 (iPhone; CPU iPhone OS 9_1 like Mac OS X) AppleWebKit/601.1.46 (KHTML, like Gecko) Version/9.0 Mobile/13B143 Safari/601.1"
66.249.77.201 - - [10/Jun/2025:23:23:38 -0400] "GET /goods/intermingle/10432800 HTTP/1.1" 200 81617 "-" "Mozilla/5.0 (Linux; Android 6.0.1; Nexus 5X Build/MMB29P) AppleWebKit/537.36 (KHTML, like Gecko) Chrome/136.0.7103.113 Mobile Safari/537.36 (compatible; Googlebot/2.1; +http://www.google.com/bot.html)"
66.249.77.192 - - [10/Jun/2025:23:23:54 -0400] "GET /shopbrand/35995644 HTTP/1.1" 200 82093 "-" "Mozilla/5.0 (Linux; Android 6.0.1; Nexus 5X Build/MMB29P) AppleWebKit/537.36 (KHTML, like Gecko) Chrome/136.0.7103.113 Mobile Safari/537.36 (compatible; Googlebot/2.1; +http://www.google.com/bot.html)"
66.249.77.193 - - [10/Jun/2025:23:24:09 -0400] "GET /info/c/peninsulating10432900 HTTP/1.1" 200 81748 "-" "Mozilla/5.0 (Linux; Android 6.0.1; Nexus 5X Build/MMB29P) AppleWebKit/537.36 (KHTML, like Gecko) Chrome/136.0.7103.113 Mobile Safari/537.36 (compatible; Googlebot/2.1; +http://www.google.com/bot.html)"
216.73.216.239 - - [10/Jun/2025:23:24:22 -0400] "GET /shopdetail/273712104 HTTP/1.1" 500 1034 "-" "Mozilla/5.0 AppleWebKit/537.36 (KHTML, like Gecko; compatible; ClaudeBot/1.0; [email protected])"
216.73.216.239 - - [10/Jun/2025:23:24:22 -0400] "GET /shopdetail/275041692 HTTP/1.1" 500 1034 "-" "Mozilla/5.0 AppleWebKit/537.36 (KHTML, like Gecko; compatible; ClaudeBot/1.0; [email protected])"
216.73.216.239 - - [10/Jun/2025:23:24:22 -0400] "GET /shopdetail/275006364 HTTP/1.1" 500 1034 "-" "Mozilla/5.0 AppleWebKit/537.36 (KHTML, like Gecko; compatible; ClaudeBot/1.0; [email protected])"
216.73.216.239 - - [10/Jun/2025:23:24:22 -0400] "GET /shopdetail/275056548 HTTP/1.1" 500 1034 "-" "Mozilla/5.0 AppleWebKit/537.36 (KHTML, like Gecko; compatible; ClaudeBot/1.0; [email protected])"
216.73.216.239 - - [10/Jun/2025:23:24:22 -0400] "GET /shopdetail/275009236 HTTP/1.1" 500 1034 "-" "Mozilla/5.0 AppleWebKit/537.36 (KHTML, like Gecko; compatible; ClaudeBot/1.0; [email protected])"
66.249.77.192 - - [10/Jun/2025:23:24:25 -0400] "GET /info519508 HTTP/1.1" 200 81425 "-" "Mozilla/5.0 (Linux; Android 6.0.1; Nexus 5X Build/MMB29P) AppleWebKit/537.36 (KHTML, like Gecko) Chrome/136.0.7103.113 Mobile Safari/537.36 (compatible; Googlebot/2.1; +http://www.google.com/bot.html)"
216.73.216.239 - - [10/Jun/2025:23:24:27 -0400] "GET /shopdetail/275076520 HTTP/1.1" 500 1034 "-" "Mozilla/5.0 AppleWebKit/537.36 (KHTML, like Gecko; compatible; ClaudeBot/1.0; [email protected])"
66.249.77.201 - - [10/Jun/2025:23:24:27 -0400] "GET /shopping/nonadult36476152 HTTP/1.1" 200 82820 "-" "Mozilla/5.0 (Linux; Android 6.0.1; Nexus 5X Build/MMB29P) AppleWebKit/537.36 (KHTML, like Gecko) Chrome/136.0.7103.113 Mobile Safari/537.36 (compatible; Googlebot/2.1; +http://www.google.com/bot.html)"
216.73.216.239 - - [10/Jun/2025:23:24:32 -0400] "GET /shopdetail/275067688 HTTP/1.1" 500 1034 "-" "Mozilla/5.0 AppleWebKit/537.36 (KHTML, like Gecko; compatible; ClaudeBot/1.0; [email protected])"
216.73.216.239 - - [10/Jun/2025:23:24:38 -0400] "GET /shopdetail/275049952 HTTP/1.1" 500 1034 "-" "Mozilla/5.0 AppleWebKit/537.36 (KHTML, like Gecko; compatible; ClaudeBot/1.0; [email protected])"
66.249.77.201 - - [10/Jun/2025:23:24:44 -0400] "GET /shopbrand/n/aquiparous10422088 HTTP/1.1" 200 82227 "-" "Mozilla/5.0 (Linux; Android 6.0.1; Nexus 5X Build/MMB29P) AppleWebKit/537.36 (KHTML, like Gecko) Chrome/136.0.7103.113 Mobile Safari/537.36 (compatible; Googlebot/2.1; +http://www.google.com/bot.html)"
66.249.77.193 - - [10/Jun/2025:23:25:01 -0400] "GET /goods/om/anglice10422060 HTTP/1.1" 200 81796 "-" "Mozilla/5.0 (Linux; Android 6.0.1; Nexus 5X Build/MMB29P) AppleWebKit/537.36 (KHTML, like Gecko) Chrome/136.0.7103.113 Mobile Safari/537.36 (compatible; Googlebot/2.1; +http://www.google.com/bot.html)"
2001:861:3143:8140:b06e:1d9a:daef:1288 - - [10/Jun/2025:23:25:27 -0400] "GET /wind-breaker-chapter-331/ HTTP/1.1" 200 13005 "-" "Mozilla/5.0 (Windows NT 10.0; Win64; x64; rv:89.0) Gecko/20100101 Firefox/89.0"
216.73.216.239 - - [10/Jun/2025:23:25:26 -0400] "GET /shopdetail/275017740 HTTP/1.1" 500 1034 "-" "Mozilla/5.0 AppleWebKit/537.36 (KHTML, like Gecko; compatible; ClaudeBot/1.0; [email protected])"
66.249.77.192 - - [10/Jun/2025:23:25:31 -0400] "GET /items/ma/aurae10426676 HTTP/1.1" 200 81325 "-" "Mozilla/5.0 (Linux; Android 6.0.1; Nexus 5X Build/MMB29P) AppleWebKit/537.36 (KHTML, like Gecko) Chrome/136.0.7103.113 Mobile Safari/537.36 (compatible; Googlebot/2.1; +http://www.google.com/bot.html)"
216.73.216.239 - - [10/Jun/2025:23:25:31 -0400] "GET /shopdetail/275025836 HTTP/1.1" 500 1034 "-" "Mozilla/5.0 AppleWebKit/537.36 (KHTML, like Gecko; compatible; ClaudeBot/1.0; [email protected])"
66.249.77.192 - - [10/Jun/2025:23:25:32 -0400] "GET /special/35750028 HTTP/1.1" 200 81479 "-" "Mozilla/5.0 (Linux; Android 6.0.1; Nexus 5X Build/MMB29P) AppleWebKit/537.36 (KHTML, like Gecko) Chrome/136.0.7103.113 Mobile Safari/537.36 (compatible; Googlebot/2.1; +http://www.google.com/bot.html)"
216.73.216.239 - - [10/Jun/2025:23:25:36 -0400] "GET /shopdetail/275034768 HTTP/1.1" 500 1034 "-" "Mozilla/5.0 AppleWebKit/537.36 (KHTML, like Gecko; compatible; ClaudeBot/1.0; [email protected])"
216.73.216.239 - - [10/Jun/2025:23:25:41 -0400] "GET /shopdetail/275067616 HTTP/1.1" 500 1034 "-" "Mozilla/5.0 AppleWebKit/537.36 (KHTML, like Gecko; compatible; ClaudeBot/1.0; [email protected])"
216.73.216.239 - - [10/Jun/2025:23:25:45 -0400] "GET /shopdetail/275012388 HTTP/1.1" 500 1034 "-" "Mozilla/5.0 AppleWebKit/537.36 (KHTML, like Gecko; compatible; ClaudeBot/1.0; [email protected])"
66.249.77.201 - - [10/Jun/2025:23:25:48 -0400] "GET /shopbrand/benighted73671692 HTTP/1.1" 200 83841 "-" "Mozilla/5.0 (Linux; Android 6.0.1; Nexus 5X Build/MMB29P) AppleWebKit/537.36 (KHTML, like Gecko) Chrome/136.0.7103.113 Mobile Safari/537.36 (compatible; Googlebot/2.1; +http://www.google.com/bot.html)"
66.249.77.201 - - [10/Jun/2025:23:25:49 -0400] "GET /entity/margaritaceus/10424468 HTTP/1.1" 200 81886 "-" "Mozilla/5.0 (Linux; Android 6.0.1; Nexus 5X Build/MMB29P) AppleWebKit/537.36 (KHTML, like Gecko) Chrome/136.0.7103.113 Mobile Safari/537.36 (compatible; Googlebot/2.1; +http://www.google.com/bot.html)"
216.73.216.239 - - [10/Jun/2025:23:25:51 -0400] "GET /shopdetail/274996496 HTTP/1.1" 500 1034 "-" "Mozilla/5.0 AppleWebKit/537.36 (KHTML, like Gecko; compatible; ClaudeBot/1.0; [email protected])"
216.73.216.239 - - [10/Jun/2025:23:25:57 -0400] "GET /shopdetail/275033096 HTTP/1.1" 500 1034 "-" "Mozilla/5.0 AppleWebKit/537.36 (KHTML, like Gecko; compatible; ClaudeBot/1.0; [email protected])"
66.249.77.192 - - [10/Jun/2025:23:25:59 -0400] "GET /special/z/lagnappe10425568 HTTP/1.1" 200 81363 "-" "Mozilla/5.0 (Linux; Android 6.0.1; Nexus 5X Build/MMB29P) AppleWebKit/537.36 (KHTML, like Gecko) Chrome/136.0.7103.113 Mobile Safari/537.36 (compatible; Googlebot/2.1; +http://www.google.com/bot.html)"
216.73.216.239 - - [10/Jun/2025:23:26:00 -0400] "GET /shopdetail/275070424 HTTP/1.1" 500 1034 "-" "Mozilla/5.0 AppleWebKit/537.36 (KHTML, like Gecko; compatible; ClaudeBot/1.0; [email protected])"
66.249.77.201 - - [10/Jun/2025:23:26:19 -0400] "GET /products/thm/foursquare10427312 HTTP/1.1" 200 81392 "-" "Mozilla/5.0 (Linux; Android 6.0.1; Nexus 5X Build/MMB29P) AppleWebKit/537.36 (KHTML, like Gecko) Chrome/136.0.7103.113 Mobile Safari/537.36 (compatible; Googlebot/2.1; +http://www.google.com/bot.html)"
216.73.216.239 - - [10/Jun/2025:23:26:24 -0400] "GET /shopdetail/275049088 HTTP/1.1" 500 1034 "-" "Mozilla/5.0 AppleWebKit/537.36 (KHTML, like Gecko; compatible; ClaudeBot/1.0; [email protected])"
216.73.216.239 - - [10/Jun/2025:23:26:29 -0400] "GET /shopdetail/275027436 HTTP/1.1" 500 1034 "-" "Mozilla/5.0 AppleWebKit/537.36 (KHTML, like Gecko; compatible; ClaudeBot/1.0; [email protected])"
216.73.216.239 - - [10/Jun/2025:23:26:34 -0400] "GET /shopdetail/275071768 HTTP/1.1" 500 1034 "-" "Mozilla/5.0 AppleWebKit/537.36 (KHTML, like Gecko; compatible; ClaudeBot/1.0; [email protected])"
216.73.216.239 - - [10/Jun/2025:23:26:38 -0400] "GET /shopdetail/275013424 HTTP/1.1" 500 1034 "-" "Mozilla/5.0 AppleWebKit/537.36 (KHTML, like Gecko; compatible; ClaudeBot/1.0; [email protected])"
66.249.77.201 - - [10/Jun/2025:23:26:40 -0400] "GET /info/besmirched/10428912 HTTP/1.1" 200 81241 "-" "Mozilla/5.0 (Linux; Android 6.0.1; Nexus 5X Build/MMB29P) AppleWebKit/537.36 (KHTML, like Gecko) Chrome/136.0.7103.113 Mobile Safari/537.36 (compatible; Googlebot/2.1; +http://www.google.com/bot.html)"
216.73.216.239 - - [10/Jun/2025:23:26:44 -0400] "GET /shopdetail/275015096 HTTP/1.1" 500 1034 "-" "Mozilla/5.0 AppleWebKit/537.36 (KHTML, like Gecko; compatible; ClaudeBot/1.0; [email protected])"
216.73.216.239 - - [10/Jun/2025:23:26:49 -0400] "GET /shopdetail/275054968 HTTP/1.1" 500 1034 "-" "Mozilla/5.0 AppleWebKit/537.36 (KHTML, like Gecko; compatible; ClaudeBot/1.0; [email protected])"
66.249.77.201 - - [10/Jun/2025:23:26:53 -0400] "GET /sitemap-subitems-2264.xml HTTP/1.1" 200 10309 "-" "Mozilla/5.0 (compatible; Googlebot/2.1; +http://www.google.com/bot.html)"
216.73.216.239 - - [10/Jun/2025:23:26:54 -0400] "GET /shopdetail/275033632 HTTP/1.1" 500 1034 "-" "Mozilla/5.0 AppleWebKit/537.36 (KHTML, like Gecko; compatible; ClaudeBot/1.0; [email protected])"
216.73.216.239 - - [10/Jun/2025:23:26:59 -0400] "GET /shopdetail/275038276 HTTP/1.1" 500 1034 "-" "Mozilla/5.0 AppleWebKit/537.36 (KHTML, like Gecko; compatible; ClaudeBot/1.0; [email protected])"
66.249.77.192 - - [10/Jun/2025:23:27:00 -0400] "GET /info/bjk/dukeling10420888 HTTP/1.1" 200 81520 "-" "Mozilla/5.0 (Linux; Android 6.0.1; Nexus 5X Build/MMB29P) AppleWebKit/537.36 (KHTML, like Gecko) Chrome/136.0.7103.113 Mobile Safari/537.36 (compatible; Googlebot/2.1; +http://www.google.com/bot.html)"
66.249.77.192 - - [10/Jun/2025:23:27:06 -0400] "GET /shopbrand/36507500 HTTP/1.1" 200 81563 "-" "Mozilla/5.0 (Linux; Android 6.0.1; Nexus 5X Build/MMB29P) AppleWebKit/537.36 (KHTML, like Gecko) Chrome/136.0.7103.113 Mobile Safari/537.36 (compatible; Googlebot/2.1; +http://www.google.com/bot.html)"
66.249.77.199 - - [10/Jun/2025:23:27:21 -0400] "GET /product/dendrosauria/10425432 HTTP/1.1" 200 81174 "-" "Mozilla/5.0 (Linux; Android 6.0.1; Nexus 5X Build/MMB29P) AppleWebKit/537.36 (KHTML, like Gecko) Chrome/136.0.7103.113 Mobile Safari/537.36 (compatible; Googlebot/2.1; +http://www.google.com/bot.html)"
216.73.216.239 - - [10/Jun/2025:23:27:40 -0400] "GET /shopdetail/275064744 HTTP/1.1" 500 1034 "-" "Mozilla/5.0 AppleWebKit/537.36 (KHTML, like Gecko; compatible; ClaudeBot/1.0; [email protected])"
2400:9800:152:a36a:a4f8:e949:da85:57cb - - [10/Jun/2025:23:27:42 -0400] "GET / HTTP/1.1" 200 12631 "-" "Mozilla/5.0 (Windows NT 10.0; Win64; x64) AppleWebKit/537.36 (KHTML, like Gecko) Chrome/137.0.0.0 Safari/537.36"
66.249.77.199 - - [10/Jun/2025:23:27:41 -0400] "GET /info/m/recuperation10431556 HTTP/1.1" 200 82839 "-" "Mozilla/5.0 (Linux; Android 6.0.1; Nexus 5X Build/MMB29P) AppleWebKit/537.36 (KHTML, like Gecko) Chrome/136.0.7103.113 Mobile Safari/537.36 (compatible; Googlebot/2.1; +http://www.google.com/bot.html)"
2400:9800:152:a36a:a4f8:e949:da85:57cb - - [10/Jun/2025:23:27:44 -0400] "GET /wp-includes/js/jquery/jquery.min.js?ver=3.7.1 HTTP/1.1" 304 0 "https://read11.windbreakermanga.com/" "Mozilla/5.0 (Windows NT 10.0; Win64; x64) AppleWebKit/537.36 (KHTML, like Gecko) Chrome/137.0.0.0 Safari/537.36"
2400:9800:152:a36a:a4f8:e949:da85:57cb - - [10/Jun/2025:23:27:44 -0400] "GET /wp-includes/js/jquery/jquery-migrate.min.js?ver=3.4.1 HTTP/1.1" 200 4678 "https://read11.windbreakermanga.com/" "Mozilla/5.0 (Windows NT 10.0; Win64; x64) AppleWebKit/537.36 (KHTML, like Gecko) Chrome/137.0.0.0 Safari/537.36"
