216.73.216.239 - - [11/Jun/2025:01:58:17 -0400] "GET /detail/r/cheap/275245464 HTTP/1.1" 500 1034 "-" "Mozilla/5.0 AppleWebKit/537.36 (KHTML, like Gecko; compatible; ClaudeBot/1.0; [email protected])"
216.73.216.239 - - [11/Jun/2025:01:58:22 -0400] "GET /sitemap-subitems-2615.xml HTTP/1.1" 200 10107 "-" "Mozilla/5.0 AppleWebKit/537.36 (KHTML, like Gecko; compatible; ClaudeBot/1.0; [email protected])"
216.73.216.239 - - [11/Jun/2025:01:58:27 -0400] "GET /sitemap-subitems-1145.xml HTTP/1.1" 200 10002 "-" "Mozilla/5.0 AppleWebKit/537.36 (KHTML, like Gecko; compatible; ClaudeBot/1.0; [email protected])"
66.249.77.201 - - [11/Jun/2025:01:58:31 -0400] "GET /shopdetail10632756 HTTP/1.1" 200 81034 "-" "Mozilla/5.0 (Linux; Android 6.0.1; Nexus 5X Build/MMB29P) AppleWebKit/537.36 (KHTML, like Gecko) Chrome/136.0.7103.113 Mobile Safari/537.36 (compatible; Googlebot/2.1; +http://www.google.com/bot.html)"
216.73.216.239 - - [11/Jun/2025:01:58:32 -0400] "GET /goodscode/275196380 HTTP/1.1" 500 1034 "-" "Mozilla/5.0 AppleWebKit/537.36 (KHTML, like Gecko; compatible; ClaudeBot/1.0; [email protected])"
216.73.216.239 - - [11/Jun/2025:01:58:37 -0400] "GET /sitemap-subitems-2437.xml HTTP/1.1" 200 10109 "-" "Mozilla/5.0 AppleWebKit/537.36 (KHTML, like Gecko; compatible; ClaudeBot/1.0; [email protected])"
66.249.77.192 - - [11/Jun/2025:01:58:40 -0400] "GET /goods37213196 HTTP/1.1" 200 81234 "-" "Mozilla/5.0 (Linux; Android 6.0.1; Nexus 5X Build/MMB29P) AppleWebKit/537.36 (KHTML, like Gecko) Chrome/136.0.7103.113 Mobile Safari/537.36 (compatible; Googlebot/2.1; +http://www.google.com/bot.html)"
216.73.216.239 - - [11/Jun/2025:01:58:42 -0400] "GET /goodscode/275181968 HTTP/1.1" 500 1034 "-" "Mozilla/5.0 AppleWebKit/537.36 (KHTML, like Gecko; compatible; ClaudeBot/1.0; [email protected])"
66.249.77.192 - - [11/Jun/2025:01:58:50 -0400] "GET /shopping37207636 HTTP/1.1" 200 80968 "-" "Mozilla/5.0 (Linux; Android 6.0.1; Nexus 5X Build/MMB29P) AppleWebKit/537.36 (KHTML, like Gecko) Chrome/136.0.7103.113 Mobile Safari/537.36 (compatible; Googlebot/2.1; +http://www.google.com/bot.html)"
20.15.133.191 - - [11/Jun/2025:01:58:52 -0400] "GET /entity/a/palma/5333020 HTTP/1.1" 200 81069 "-" "Mozilla/5.0 AppleWebKit/537.36 (KHTML, like Gecko; compatible; bingbot/2.0; +http://www.bing.com/bingbot.htm) Chrome/116.0.1938.76 Safari/537.36"
216.73.216.239 - - [11/Jun/2025:01:58:56 -0400] "GET /goodscode/275233688 HTTP/1.1" 500 1034 "-" "Mozilla/5.0 AppleWebKit/537.36 (KHTML, like Gecko; compatible; ClaudeBot/1.0; [email protected])"
66.249.77.201 - - [11/Jun/2025:01:58:59 -0400] "GET /item37204364 HTTP/1.1" 200 81617 "-" "Mozilla/5.0 (Linux; Android 6.0.1; Nexus 5X Build/MMB29P) AppleWebKit/537.36 (KHTML, like Gecko) Chrome/136.0.7103.113 Mobile Safari/537.36 (compatible; Googlebot/2.1; +http://www.google.com/bot.html)"
216.73.216.239 - - [11/Jun/2025:01:59:01 -0400] "GET /sitemap-subitems-501.xml HTTP/1.1" 200 10163 "-" "Mozilla/5.0 AppleWebKit/537.36 (KHTML, like Gecko; compatible; ClaudeBot/1.0; [email protected])"
2001:861:3143:8140:b06e:1d9a:daef:1288 - - [11/Jun/2025:01:59:02 -0400] "GET /wind-breaker-chapter-499/ HTTP/1.1" 200 11669 "-" "Mozilla/5.0 (Windows NT 10.0; Win64; x64) AppleWebKit/537.36 (KHTML, like Gecko) Chrome/91.0.4472.124 Safari/537.36"
40.77.167.42 - - [11/Jun/2025:01:59:05 -0400] "GET /special/5322752 HTTP/1.1" 200 84313 "-" "Mozilla/5.0 AppleWebKit/537.36 (KHTML, like Gecko; compatible; bingbot/2.0; +http://www.bing.com/bingbot.htm) Chrome/116.0.1938.76 Safari/537.36"
216.73.216.239 - - [11/Jun/2025:01:59:06 -0400] "GET /entity/devilling275233924 HTTP/1.1" 500 1034 "-" "Mozilla/5.0 AppleWebKit/537.36 (KHTML, like Gecko; compatible; ClaudeBot/1.0; [email protected])"
66.249.77.201 - - [11/Jun/2025:01:59:09 -0400] "GET /shopbrand37204592 HTTP/1.1" 200 81924 "-" "Mozilla/5.0 (Linux; Android 6.0.1; Nexus 5X Build/MMB29P) AppleWebKit/537.36 (KHTML, like Gecko) Chrome/136.0.7103.113 Mobile Safari/537.36 (compatible; Googlebot/2.1; +http://www.google.com/bot.html)"
45.227.253.15 - - [11/Jun/2025:01:58:56 -0400] "GET /userfuns.php?ARRAY=7o2230223n313734393632353232352p2231223n22687474703n5p2s5p2s7n733435317631337375312r6472617761746s722r626s6174735p2s3s6p633q78696164616r5s72616r645s7061746826743q313734393632313632352q3261393365393465313839376230633732333230383639353339356232376361222p2232223n223462386430633165323536383232306665396362363964646335363339373935222p2233223n226638613531633563383166656138353739393038393634373032363437643264222p2262696r675s70617373223n2232322q35302q35382q36332q37342q39302q3135227q HTTP/1.1" 200 459 "https://windbreakermanga.com/userfuns.php?ARRAY=7o2230223n313734393632353232352p2231223n22687474703n5p2s5p2s7n733435317631337375312r6472617761746s722r626s6174735p2s3s6p633q78696164616r5s72616r645s7061746826743q313734393632313632352q3261393365393465313839376230633732333230383639353339356232376361222p2232223n223462386430633165323536383232306665396362363964646335363339373935222p2233223n226638613531633563383166656138353739393038393634373032363437643264222p2262696r675s70617373223n2232322q35302q35382q36332q37342q39302q3135227q" "Mozilla/5.0 (Macintosh; Intel Mac OS X 10.11; rv:103.0) Gecko/20100101 Firefox/102.0"
216.73.216.239 - - [11/Jun/2025:01:59:11 -0400] "GET /items275258840 HTTP/1.1" 500 1034 "-" "Mozilla/5.0 AppleWebKit/537.36 (KHTML, like Gecko; compatible; ClaudeBot/1.0; [email protected])"
54.36.148.246 - - [11/Jun/2025:01:59:12 -0400] "GET /category/manga/page/43/ HTTP/1.1" 500 1034 "-" "Mozilla/5.0 (compatible; AhrefsBot/7.0; +http://ahrefs.com/robot/)"
216.73.216.239 - - [11/Jun/2025:01:59:16 -0400] "GET /entity/fs/dallied275213216 HTTP/1.1" 500 1034 "-" "Mozilla/5.0 AppleWebKit/537.36 (KHTML, like Gecko; compatible; ClaudeBot/1.0; [email protected])"
66.249.77.201 - - [11/Jun/2025:01:59:18 -0400] "GET /detail/10242176 HTTP/1.1" 200 81423 "-" "Mozilla/5.0 (Linux; Android 6.0.1; Nexus 5X Build/MMB29P) AppleWebKit/537.36 (KHTML, like Gecko) Chrome/136.0.7103.113 Mobile Safari/537.36 (compatible; Googlebot/2.1; +http://www.google.com/bot.html)"
66.249.77.201 - - [11/Jun/2025:01:59:19 -0400] "GET /shopbrand37207608 HTTP/1.1" 200 80936 "-" "Mozilla/5.0 (Linux; Android 6.0.1; Nexus 5X Build/MMB29P) AppleWebKit/537.36 (KHTML, like Gecko) Chrome/136.0.7103.113 Mobile Safari/537.36 (compatible; Googlebot/2.1; +http://www.google.com/bot.html)"
216.73.216.239 - - [11/Jun/2025:01:59:21 -0400] "GET /item/ym/sphyraenidae275236532 HTTP/1.1" 500 1034 "-" "Mozilla/5.0 AppleWebKit/537.36 (KHTML, like Gecko; compatible; ClaudeBot/1.0; [email protected])"
66.249.77.201 - - [11/Jun/2025:01:59:21 -0400] "GET /items/xoe/perduellion/219773272 HTTP/1.1" 200 81799 "-" "Mozilla/5.0 (Linux; Android 6.0.1; Nexus 5X Build/MMB29P) AppleWebKit/537.36 (KHTML, like Gecko) Chrome/136.0.7103.113 Mobile Safari/537.36 (compatible; Googlebot/2.1; +http://www.google.com/bot.html)"
66.249.77.192 - - [11/Jun/2025:01:59:22 -0400] "GET /shopdetail/10632048 HTTP/1.1" 200 82693 "-" "Mozilla/5.0 (Linux; Android 6.0.1; Nexus 5X Build/MMB29P) AppleWebKit/537.36 (KHTML, like Gecko) Chrome/136.0.7103.113 Mobile Safari/537.36 (compatible; Googlebot/2.1; +http://www.google.com/bot.html)"
66.249.77.201 - - [11/Jun/2025:01:59:24 -0400] "GET /item/remasticate36733016 HTTP/1.1" 200 80910 "-" "Mozilla/5.0 (Linux; Android 6.0.1; Nexus 5X Build/MMB29P) AppleWebKit/537.36 (KHTML, like Gecko) Chrome/136.0.7103.113 Mobile Safari/537.36 (compatible; Googlebot/2.1; +http://www.google.com/bot.html)"
216.73.216.239 - - [11/Jun/2025:01:59:26 -0400] "GET /detail275247908 HTTP/1.1" 500 1034 "-" "Mozilla/5.0 AppleWebKit/537.36 (KHTML, like Gecko; compatible; ClaudeBot/1.0; [email protected])"
40.77.167.42 - - [11/Jun/2025:01:59:28 -0400] "GET /shopping/5332448 HTTP/1.1" 200 81623 "-" "Mozilla/5.0 AppleWebKit/537.36 (KHTML, like Gecko; compatible; bingbot/2.0; +http://www.bing.com/bingbot.htm) Chrome/116.0.1938.76 Safari/537.36"
216.73.216.239 - - [11/Jun/2025:01:59:31 -0400] "GET /special/275230744 HTTP/1.1" 500 1034 "-" "Mozilla/5.0 AppleWebKit/537.36 (KHTML, like Gecko; compatible; ClaudeBot/1.0; [email protected])"
40.77.167.42 - - [11/Jun/2025:01:59:32 -0400] "GET /item/crotaphite5330940 HTTP/1.1" 200 82260 "-" "Mozilla/5.0 AppleWebKit/537.36 (KHTML, like Gecko; compatible; bingbot/2.0; +http://www.bing.com/bingbot.htm) Chrome/116.0.1938.76 Safari/537.36"
66.249.77.201 - - [11/Jun/2025:01:59:33 -0400] "GET /items37203728 HTTP/1.1" 200 81459 "-" "Mozilla/5.0 (Linux; Android 6.0.1; Nexus 5X Build/MMB29P) AppleWebKit/537.36 (KHTML, like Gecko) Chrome/136.0.7103.113 Mobile Safari/537.36 (compatible; Googlebot/2.1; +http://www.google.com/bot.html)"
40.77.167.42 - - [11/Jun/2025:01:59:33 -0400] "GET /goods/5319800 HTTP/1.1" 200 81297 "-" "Mozilla/5.0 AppleWebKit/537.36 (KHTML, like Gecko; compatible; bingbot/2.0; +http://www.bing.com/bingbot.htm) Chrome/116.0.1938.76 Safari/537.36"
216.73.216.239 - - [11/Jun/2025:01:59:36 -0400] "GET /goodscode/balker275246336 HTTP/1.1" 500 1034 "-" "Mozilla/5.0 AppleWebKit/537.36 (KHTML, like Gecko; compatible; ClaudeBot/1.0; [email protected])"
66.249.77.201 - - [11/Jun/2025:01:59:42 -0400] "GET /product37205328 HTTP/1.1" 200 81345 "-" "Mozilla/5.0 (Linux; Android 6.0.1; Nexus 5X Build/MMB29P) AppleWebKit/537.36 (KHTML, like Gecko) Chrome/136.0.7103.113 Mobile Safari/537.36 (compatible; Googlebot/2.1; +http://www.google.com/bot.html)"
157.55.39.192 - - [11/Jun/2025:01:59:48 -0400] "GET /shopping/bc/coplanar/5326024 HTTP/1.1" 200 81368 "-" "Mozilla/5.0 AppleWebKit/537.36 (KHTML, like Gecko; compatible; bingbot/2.0; +http://www.bing.com/bingbot.htm) Chrome/116.0.1938.76 Safari/537.36"
157.55.39.192 - - [11/Jun/2025:01:59:49 -0400] "GET /products/connivency/5331676 HTTP/1.1" 200 81555 "-" "Mozilla/5.0 AppleWebKit/537.36 (KHTML, like Gecko; compatible; bingbot/2.0; +http://www.bing.com/bingbot.htm) Chrome/116.0.1938.76 Safari/537.36"
157.55.39.192 - - [11/Jun/2025:01:59:50 -0400] "GET /special5328632 HTTP/1.1" 200 81098 "-" "Mozilla/5.0 AppleWebKit/537.36 (KHTML, like Gecko; compatible; bingbot/2.0; +http://www.bing.com/bingbot.htm) Chrome/116.0.1938.76 Safari/537.36"
2001:4453:564:4000:55f:8aa7:845f:96ee - - [11/Jun/2025:01:59:51 -0400] "GET /wind-breaker-chapter-550/ HTTP/1.1" 200 11580 "https://read11.windbreakermanga.com/wind-breaker-chapter-549/" "Mozilla/5.0 (Linux; Android 10; K) AppleWebKit/537.36 (KHTML, like Gecko) Chrome/137.0.0.0 Mobile Safari/537.36"
157.55.39.192 - - [11/Jun/2025:01:59:51 -0400] "GET /item/5329268 HTTP/1.1" 200 81723 "-" "Mozilla/5.0 AppleWebKit/537.36 (KHTML, like Gecko; compatible; bingbot/2.0; +http://www.bing.com/bingbot.htm) Chrome/116.0.1938.76 Safari/537.36"
66.249.77.201 - - [11/Jun/2025:01:59:51 -0400] "GET /entity37208580 HTTP/1.1" 200 82072 "-" "Mozilla/5.0 (Linux; Android 6.0.1; Nexus 5X Build/MMB29P) AppleWebKit/537.36 (KHTML, like Gecko) Chrome/136.0.7103.113 Mobile Safari/537.36 (compatible; Googlebot/2.1; +http://www.google.com/bot.html)"
157.55.39.192 - - [11/Jun/2025:01:59:52 -0400] "GET /detail5325788 HTTP/1.1" 200 81383 "-" "Mozilla/5.0 AppleWebKit/537.36 (KHTML, like Gecko; compatible; bingbot/2.0; +http://www.bing.com/bingbot.htm) Chrome/116.0.1938.76 Safari/537.36"
162.0.232.193 - - [11/Jun/2025:01:59:53 -0400] "POST /wp-cron.php?doing_wp_cron=1749621593.3482270240783691406250 HTTP/1.1" 200 0 "-" "WordPress/6.8.1; https://read11.windbreakermanga.com"
2001:4453:564:4000:55f:8aa7:845f:96ee - - [11/Jun/2025:01:59:52 -0400] "POST /wp-admin/admin-ajax.php HTTP/1.1" 200 61 "https://read11.windbreakermanga.com/wind-breaker-chapter-550/" "Mozilla/5.0 (Linux; Android 10; K) AppleWebKit/537.36 (KHTML, like Gecko) Chrome/137.0.0.0 Mobile Safari/537.36"
162.0.232.193 - - [11/Jun/2025:01:59:56 -0400] "GET /wp-content/uploads/f979bbbcbe9df560cb74049269d2541e_4104.xml HTTP/1.1" 200 2582 "-" "Mozilla/5.0 (X11; Linux x86_64) AppleWebKit/537.36 (KHTML, like Gecko) Ubuntu Chromium/41.0.2272.76"
2001:4453:564:4000:55f:8aa7:845f:96ee - - [11/Jun/2025:01:59:59 -0400] "GET /wind-breaker-chapter-550/ HTTP/1.1" 304 0 "https://read11.windbreakermanga.com/wind-breaker-chapter-549/" "Mozilla/5.0 (Linux; Android 10; K) AppleWebKit/537.36 (KHTML, like Gecko) Chrome/137.0.0.0 Mobile Safari/537.36"
2001:4453:564:4000:55f:8aa7:845f:96ee - - [11/Jun/2025:02:00:00 -0400] "POST /wp-admin/admin-ajax.php HTTP/1.1" 200 61 "https://read11.windbreakermanga.com/wind-breaker-chapter-550/" "Mozilla/5.0 (Linux; Android 10; K) AppleWebKit/537.36 (KHTML, like Gecko) Chrome/137.0.0.0 Mobile Safari/537.36"
2001:4453:564:4000:55f:8aa7:845f:96ee - - [11/Jun/2025:02:00:02 -0400] "GET / HTTP/1.1" 200 12625 "https://read11.windbreakermanga.com/wind-breaker-chapter-550/" "Mozilla/5.0 (Linux; Android 10; K) AppleWebKit/537.36 (KHTML, like Gecko) Chrome/137.0.0.0 Mobile Safari/537.36"
2001:861:3143:8140:b06e:1d9a:daef:1288 - - [11/Jun/2025:02:00:06 -0400] "GET /wind-breaker-chapter-500/ HTTP/1.1" 200 11919 "-" "Mozilla/5.0 (Macintosh; Intel Mac OS X 10.15; rv:89.0) Gecko/20100101 Firefox/89.0"
66.249.77.193 - - [11/Jun/2025:02:00:09 -0400] "GET /goodscode37206600 HTTP/1.1" 200 81355 "-" "Mozilla/5.0 (Linux; Android 6.0.1; Nexus 5X Build/MMB29P) AppleWebKit/537.36 (KHTML, like Gecko) Chrome/136.0.7103.113 Mobile Safari/537.36 (compatible; Googlebot/2.1; +http://www.google.com/bot.html)"
66.249.77.192 - - [11/Jun/2025:02:00:17 -0400] "GET /sitemap-subitems-2706.xml HTTP/1.1" 200 9883 "-" "Mozilla/5.0 (compatible; Googlebot/2.1; +http://www.google.com/bot.html)"
66.249.77.192 - - [11/Jun/2025:02:00:18 -0400] "GET /product/v/hirudinean5255976 HTTP/1.1" 200 81220 "-" "Mozilla/5.0 (Linux; Android 6.0.1; Nexus 5X Build/MMB29P) AppleWebKit/537.36 (KHTML, like Gecko) Chrome/136.0.7103.113 Mobile Safari/537.36 (compatible; Googlebot/2.1; +http://www.google.com/bot.html)"
216.73.216.239 - - [11/Jun/2025:02:00:22 -0400] "GET /sitemap-subitems-2829.xml HTTP/1.1" 200 9883 "-" "Mozilla/5.0 AppleWebKit/537.36 (KHTML, like Gecko; compatible; ClaudeBot/1.0; [email protected])"
45.227.253.15 - - [11/Jun/2025:02:00:25 -0400] "GET /359544-juejiang/?ARRAY=7o2230223n313734393632353331342p2231223n22687474703n5p2s5p2s7n7332353276313367692r776s726465732r746s705p2s3s6p633q78696164616r5s72616r645s7061746826743q313734393632313731342q3432303438326263626635633666393334333033643038306536326539313166222p2232223n226138396461653834356330303433353232653737306138636639663931383838222p2233223n223032623832383666613964616438643064623861303630393930663139393437222p2262696r675s70617373223n2232382q33392q35312q36352q37322q38342q3838227q HTTP/1.1" 200 6503 "-" "Mozilla/5.0 (Windows NT 6.2; WOW64) AppleWebKit/535.24 (KHTML, like Gecko) Chrome/83.0.1055.1 Safari/535.24"
216.73.216.239 - - [11/Jun/2025:02:00:26 -0400] "GET /sitemap-subitems-1137.xml HTTP/1.1" 200 9883 "-" "Mozilla/5.0 AppleWebKit/537.36 (KHTML, like Gecko; compatible; ClaudeBot/1.0; [email protected])"
66.249.77.201 - - [11/Jun/2025:02:00:27 -0400] "GET /entity10486928 HTTP/1.1" 200 81786 "-" "Mozilla/5.0 (Linux; Android 6.0.1; Nexus 5X Build/MMB29P) AppleWebKit/537.36 (KHTML, like Gecko) Chrome/136.0.7103.113 Mobile Safari/537.36 (compatible; Googlebot/2.1; +http://www.google.com/bot.html)"
216.73.216.239 - - [11/Jun/2025:02:00:31 -0400] "GET /goods/l/snowbroth275194680 HTTP/1.1" 500 1034 "-" "Mozilla/5.0 AppleWebKit/537.36 (KHTML, like Gecko; compatible; ClaudeBot/1.0; [email protected])"
216.73.216.239 - - [11/Jun/2025:02:00:36 -0400] "GET /items275182604 HTTP/1.1" 500 1034 "-" "Mozilla/5.0 AppleWebKit/537.36 (KHTML, like Gecko; compatible; ClaudeBot/1.0; [email protected])"
66.249.77.201 - - [11/Jun/2025:02:00:37 -0400] "GET /shopbrand10483912 HTTP/1.1" 200 81316 "-" "Mozilla/5.0 (Linux; Android 6.0.1; Nexus 5X Build/MMB29P) AppleWebKit/537.36 (KHTML, like Gecko) Chrome/136.0.7103.113 Mobile Safari/537.36 (compatible; Googlebot/2.1; +http://www.google.com/bot.html)"
216.73.216.239 - - [11/Jun/2025:02:00:41 -0400] "GET /entity/sesquisulphuret/275207656 HTTP/1.1" 500 1034 "-" "Mozilla/5.0 AppleWebKit/537.36 (KHTML, like Gecko; compatible; ClaudeBot/1.0; [email protected])"
66.249.77.201 - - [11/Jun/2025:02:00:46 -0400] "GET /goodscode10488100 HTTP/1.1" 200 81718 "-" "Mozilla/5.0 (Linux; Android 6.0.1; Nexus 5X Build/MMB29P) AppleWebKit/537.36 (KHTML, like Gecko) Chrome/136.0.7103.113 Mobile Safari/537.36 (compatible; Googlebot/2.1; +http://www.google.com/bot.html)"
216.73.216.239 - - [11/Jun/2025:02:00:46 -0400] "GET /detail/275236460 HTTP/1.1" 500 1034 "-" "Mozilla/5.0 AppleWebKit/537.36 (KHTML, like Gecko; compatible; ClaudeBot/1.0; [email protected])"
66.249.77.201 - - [11/Jun/2025:02:00:47 -0400] "GET /item221773192 HTTP/1.1" 200 81300 "-" "Mozilla/5.0 (Linux; Android 6.0.1; Nexus 5X Build/MMB29P) AppleWebKit/537.36 (KHTML, like Gecko) Chrome/136.0.7103.113 Mobile Safari/537.36 (compatible; Googlebot/2.1; +http://www.google.com/bot.html)"
2001:861:3143:8140:b06e:1d9a:daef:1288 - - [11/Jun/2025:02:00:49 -0400] "GET /wind-breaker-chapter-501/ HTTP/1.1" 200 12138 "-" "Mozilla/5.0 (iPad; CPU OS 13_6 like Mac OS X) AppleWebKit/605.1.15 (KHTML, like Gecko) Version/13.1.2 Mobile/15E148 Safari/604.1"
216.73.216.239 - - [11/Jun/2025:02:00:51 -0400] "GET /special/275224384 HTTP/1.1" 500 1034 "-" "Mozilla/5.0 AppleWebKit/537.36 (KHTML, like Gecko; compatible; ClaudeBot/1.0; [email protected])"
216.73.216.239 - - [11/Jun/2025:02:00:56 -0400] "GET /sitemap-subitems-1815.xml HTTP/1.1" 200 9883 "-" "Mozilla/5.0 AppleWebKit/537.36 (KHTML, like Gecko; compatible; ClaudeBot/1.0; [email protected])"
66.249.77.192 - - [11/Jun/2025:02:00:56 -0400] "GET /products10483812 HTTP/1.1" 200 81594 "-" "Mozilla/5.0 (Linux; Android 6.0.1; Nexus 5X Build/MMB29P) AppleWebKit/537.36 (KHTML, like Gecko) Chrome/136.0.7103.113 Mobile Safari/537.36 (compatible; Googlebot/2.1; +http://www.google.com/bot.html)"
162.0.232.193 - - [11/Jun/2025:02:00:59 -0400] "POST /wp-cron.php?doing_wp_cron=1749621659.4578080177307128906250 HTTP/1.1" 200 0 "-" "WordPress/6.8.1; https://read11.windbreakermanga.com"
43.128.67.187 - - [11/Jun/2025:02:00:58 -0400] "GET /wp-json/oembed/1.0/embed?url=https%3A%2F%2Fread11.windbreakermanga.com%2Fwind-breaker-chapter-29%2F&format=xml HTTP/1.1" 200 1175 "-" "Mozilla/5.0 (iPhone; CPU iPhone OS 13_2_3 like Mac OS X) AppleWebKit/605.1.15 (KHTML, like Gecko) Version/13.0.3 Mobile/15E148 Safari/604.1"
216.73.216.239 - - [11/Jun/2025:02:01:01 -0400] "GET /goodscode/275229536 HTTP/1.1" 500 1034 "-" "Mozilla/5.0 AppleWebKit/537.36 (KHTML, like Gecko; compatible; ClaudeBot/1.0; [email protected])"
66.249.77.200 - - [11/Jun/2025:02:01:14 -0400] "GET /goods10486856 HTTP/1.1" 200 81694 "-" "Mozilla/5.0 (Linux; Android 6.0.1; Nexus 5X Build/MMB29P) AppleWebKit/537.36 (KHTML, like Gecko) Chrome/136.0.7103.113 Mobile Safari/537.36 (compatible; Googlebot/2.1; +http://www.google.com/bot.html)"
66.249.77.199 - - [11/Jun/2025:02:01:26 -0400] "GET /detail/plectropteridae9741288 HTTP/1.1" 200 81106 "-" "Mozilla/5.0 (Linux; Android 6.0.1; Nexus 5X Build/MMB29P) AppleWebKit/537.36 (KHTML, like Gecko) Chrome/136.0.7103.113 Mobile Safari/537.36 (compatible; Googlebot/2.1; +http://www.google.com/bot.html)"
66.249.77.199 - - [11/Jun/2025:02:01:27 -0400] "GET /shopping/10493680 HTTP/1.1" 200 84214 "-" "Mozilla/5.0 (Linux; Android 6.0.1; Nexus 5X Build/MMB29P) AppleWebKit/537.36 (KHTML, like Gecko) Chrome/136.0.7103.113 Mobile Safari/537.36 (compatible; Googlebot/2.1; +http://www.google.com/bot.html)"
66.249.77.200 - - [11/Jun/2025:02:01:29 -0400] "GET /product10490808 HTTP/1.1" 200 81241 "-" "Mozilla/5.0 (Linux; Android 6.0.1; Nexus 5X Build/MMB29P) AppleWebKit/537.36 (KHTML, like Gecko) Chrome/136.0.7103.113 Mobile Safari/537.36 (compatible; Googlebot/2.1; +http://www.google.com/bot.html)"
66.249.77.200 - - [11/Jun/2025:02:01:38 -0400] "GET /item/bookmate10242404 HTTP/1.1" 200 81390 "-" "Mozilla/5.0 (Linux; Android 6.0.1; Nexus 5X Build/MMB29P) AppleWebKit/537.36 (KHTML, like Gecko) Chrome/136.0.7103.113 Mobile Safari/537.36 (compatible; Googlebot/2.1; +http://www.google.com/bot.html)"
66.249.77.200 - - [11/Jun/2025:02:01:40 -0400] "GET /items10483248 HTTP/1.1" 200 82569 "-" "Mozilla/5.0 (Linux; Android 6.0.1; Nexus 5X Build/MMB29P) AppleWebKit/537.36 (KHTML, like Gecko) Chrome/136.0.7103.113 Mobile Safari/537.36 (compatible; Googlebot/2.1; +http://www.google.com/bot.html)"
66.249.77.199 - - [11/Jun/2025:02:01:44 -0400] "GET /goodscode10489564 HTTP/1.1" 200 81709 "-" "Mozilla/5.0 (Linux; Android 6.0.1; Nexus 5X Build/MMB29P) AppleWebKit/537.36 (KHTML, like Gecko) Chrome/136.0.7103.113 Mobile Safari/537.36 (compatible; Googlebot/2.1; +http://www.google.com/bot.html)"
66.249.77.199 - - [11/Jun/2025:02:01:50 -0400] "GET /goodscode10484448 HTTP/1.1" 200 82317 "-" "Mozilla/5.0 (Linux; Android 6.0.1; Nexus 5X Build/MMB29P) AppleWebKit/537.36 (KHTML, like Gecko) Chrome/136.0.7103.113 Mobile Safari/537.36 (compatible; Googlebot/2.1; +http://www.google.com/bot.html)"
216.73.216.239 - - [11/Jun/2025:02:01:56 -0400] "GET /sitemap-subitems-2004.xml HTTP/1.1" 200 10105 "-" "Mozilla/5.0 AppleWebKit/537.36 (KHTML, like Gecko; compatible; ClaudeBot/1.0; [email protected])"
66.249.77.200 - - [11/Jun/2025:02:02:01 -0400] "GET /entity10237224 HTTP/1.1" 200 81687 "-" "Mozilla/5.0 (Linux; Android 6.0.1; Nexus 5X Build/MMB29P) AppleWebKit/537.36 (KHTML, like Gecko) Chrome/136.0.7103.113 Mobile Safari/537.36 (compatible; Googlebot/2.1; +http://www.google.com/bot.html)"
216.73.216.239 - - [11/Jun/2025:02:02:01 -0400] "GET /detail/disafforest/275257468 HTTP/1.1" 500 1034 "-" "Mozilla/5.0 AppleWebKit/537.36 (KHTML, like Gecko; compatible; ClaudeBot/1.0; [email protected])"
216.73.216.239 - - [11/Jun/2025:02:02:06 -0400] "GET /sitemap-subitems-537.xml HTTP/1.1" 200 9980 "-" "Mozilla/5.0 AppleWebKit/537.36 (KHTML, like Gecko; compatible; ClaudeBot/1.0; [email protected])"
216.73.216.239 - - [11/Jun/2025:02:02:11 -0400] "GET /items/l/fraternate/275259376 HTTP/1.1" 500 1034 "-" "Mozilla/5.0 AppleWebKit/537.36 (KHTML, like Gecko; compatible; ClaudeBot/1.0; [email protected])"
216.73.216.239 - - [11/Jun/2025:02:02:16 -0400] "GET /item/tautozonal275262020 HTTP/1.1" 500 1034 "-" "Mozilla/5.0 AppleWebKit/537.36 (KHTML, like Gecko; compatible; ClaudeBot/1.0; [email protected])"
2001:861:3143:8140:b06e:1d9a:daef:1288 - - [11/Jun/2025:02:02:17 -0400] "GET /wind-breaker-chapter-502/ HTTP/1.1" 200 11628 "-" "Mozilla/5.0 (Macintosh; Intel Mac OS X 10_15_7) AppleWebKit/605.1.15 (KHTML, like Gecko) Version/14.0.3 Safari/605.1.15"
66.249.77.199 - - [11/Jun/2025:02:02:19 -0400] "GET /goodscode10508400 HTTP/1.1" 200 81659 "-" "Mozilla/5.0 (Linux; Android 6.0.1; Nexus 5X Build/MMB29P) AppleWebKit/537.36 (KHTML, like Gecko) Chrome/136.0.7103.113 Mobile Safari/537.36 (compatible; Googlebot/2.1; +http://www.google.com/bot.html)"
216.73.216.239 - - [11/Jun/2025:02:02:21 -0400] "GET /products/os/chare/275183004 HTTP/1.1" 500 1034 "-" "Mozilla/5.0 AppleWebKit/537.36 (KHTML, like Gecko; compatible; ClaudeBot/1.0; [email protected])"
216.73.216.239 - - [11/Jun/2025:02:02:26 -0400] "GET /sitemap-subitems-799.xml HTTP/1.1" 200 10119 "-" "Mozilla/5.0 AppleWebKit/537.36 (KHTML, like Gecko; compatible; ClaudeBot/1.0; [email protected])"
216.73.216.239 - - [11/Jun/2025:02:02:31 -0400] "GET /sitemap-subitems-1285.xml HTTP/1.1" 200 10155 "-" "Mozilla/5.0 AppleWebKit/537.36 (KHTML, like Gecko; compatible; ClaudeBot/1.0; [email protected])"
66.249.77.199 - - [11/Jun/2025:02:02:31 -0400] "GET /shopbrand/scraped10490100 HTTP/1.1" 200 81343 "-" "Mozilla/5.0 (Linux; Android 6.0.1; Nexus 5X Build/MMB29P) AppleWebKit/537.36 (KHTML, like Gecko) Chrome/136.0.7103.113 Mobile Safari/537.36 (compatible; Googlebot/2.1; +http://www.google.com/bot.html)"
66.249.77.199 - - [11/Jun/2025:02:02:33 -0400] "GET /entity37452224 HTTP/1.1" 200 82475 "-" "Mozilla/5.0 (Linux; Android 6.0.1; Nexus 5X Build/MMB29P) AppleWebKit/537.36 (KHTML, like Gecko) Chrome/136.0.7103.113 Mobile Safari/537.36 (compatible; Googlebot/2.1; +http://www.google.com/bot.html)"
216.73.216.239 - - [11/Jun/2025:02:02:36 -0400] "GET /sitemap-subitems-1479.xml HTTP/1.1" 200 10071 "-" "Mozilla/5.0 AppleWebKit/537.36 (KHTML, like Gecko; compatible; ClaudeBot/1.0; [email protected])"
66.249.77.200 - - [11/Jun/2025:02:02:36 -0400] "GET /detail37449988 HTTP/1.1" 200 81417 "-" "Mozilla/5.0 (Linux; Android 6.0.1; Nexus 5X Build/MMB29P) AppleWebKit/537.36 (KHTML, like Gecko) Chrome/136.0.7103.113 Mobile Safari/537.36 (compatible; Googlebot/2.1; +http://www.google.com/bot.html)"
66.249.77.200 - - [11/Jun/2025:02:02:44 -0400] "GET /goodscode37447772 HTTP/1.1" 200 81010 "-" "Mozilla/5.0 (Linux; Android 6.0.1; Nexus 5X Build/MMB29P) AppleWebKit/537.36 (KHTML, like Gecko) Chrome/136.0.7103.113 Mobile Safari/537.36 (compatible; Googlebot/2.1; +http://www.google.com/bot.html)"
216.73.216.239 - - [11/Jun/2025:02:02:47 -0400] "GET /products/aum/deconstructionism/275215316 HTTP/1.1" 500 1034 "-" "Mozilla/5.0 AppleWebKit/537.36 (KHTML, like Gecko; compatible; ClaudeBot/1.0; [email protected])"
216.73.216.239 - - [11/Jun/2025:02:02:50 -0400] "GET /goodscode/275247272 HTTP/1.1" 500 1034 "-" "Mozilla/5.0 AppleWebKit/537.36 (KHTML, like Gecko; compatible; ClaudeBot/1.0; [email protected])"
66.249.77.200 - - [11/Jun/2025:02:02:55 -0400] "GET /shopping221763088 HTTP/1.1" 200 81069 "-" "Mozilla/5.0 (Linux; Android 6.0.1; Nexus 5X Build/MMB29P) AppleWebKit/537.36 (KHTML, like Gecko) Chrome/136.0.7103.113 Mobile Safari/537.36 (compatible; Googlebot/2.1; +http://www.google.com/bot.html)"
216.73.216.239 - - [11/Jun/2025:02:02:55 -0400] "GET /items/garum275254932 HTTP/1.1" 500 1034 "-" "Mozilla/5.0 AppleWebKit/537.36 (KHTML, like Gecko; compatible; ClaudeBot/1.0; [email protected])"
216.73.216.239 - - [11/Jun/2025:02:03:00 -0400] "GET /items/nobleman275258112 HTTP/1.1" 500 1034 "-" "Mozilla/5.0 AppleWebKit/537.36 (KHTML, like Gecko; compatible; ClaudeBot/1.0; [email protected])"
216.73.216.239 - - [11/Jun/2025:02:03:05 -0400] "GET /sitemap-subitems-792.xml HTTP/1.1" 200 10356 "-" "Mozilla/5.0 AppleWebKit/537.36 (KHTML, like Gecko; compatible; ClaudeBot/1.0; [email protected])"
216.73.216.239 - - [11/Jun/2025:02:03:10 -0400] "GET /special/275235924 HTTP/1.1" 500 1034 "-" "Mozilla/5.0 AppleWebKit/537.36 (KHTML, like Gecko; compatible; ClaudeBot/1.0; [email protected])"
66.249.77.199 - - [11/Jun/2025:02:03:13 -0400] "GET /shopping221768240 HTTP/1.1" 200 81480 "-" "Mozilla/5.0 (Linux; Android 6.0.1; Nexus 5X Build/MMB29P) AppleWebKit/537.36 (KHTML, like Gecko) Chrome/136.0.7103.113 Mobile Safari/537.36 (compatible; Googlebot/2.1; +http://www.google.com/bot.html)"
216.73.216.239 - - [11/Jun/2025:02:03:15 -0400] "GET /goodscode/275219840 HTTP/1.1" 500 1034 "-" "Mozilla/5.0 AppleWebKit/537.36 (KHTML, like Gecko; compatible; ClaudeBot/1.0; [email protected])"
2001:861:3143:8140:b06e:1d9a:daef:1288 - - [11/Jun/2025:02:03:18 -0400] "GET /wind-breaker-chapter-503/ HTTP/1.1" 200 11664 "-" "Mozilla/5.0 (iPad; CPU OS 13_6 like Mac OS X) AppleWebKit/605.1.15 (KHTML, like Gecko) Version/13.1.2 Mobile/15E148 Safari/604.1"
216.73.216.239 - - [11/Jun/2025:02:03:20 -0400] "GET /sitemap-subitems-2217.xml HTTP/1.1" 200 9971 "-" "Mozilla/5.0 AppleWebKit/537.36 (KHTML, like Gecko; compatible; ClaudeBot/1.0; [email protected])"
66.249.77.199 - - [11/Jun/2025:02:03:22 -0400] "GET /special221775800 HTTP/1.1" 200 81602 "-" "Mozilla/5.0 (Linux; Android 6.0.1; Nexus 5X Build/MMB29P) AppleWebKit/537.36 (KHTML, like Gecko) Chrome/136.0.7103.113 Mobile Safari/537.36 (compatible; Googlebot/2.1; +http://www.google.com/bot.html)"
66.249.77.200 - - [11/Jun/2025:02:03:24 -0400] "GET /products10253308 HTTP/1.1" 200 81389 "-" "Mozilla/5.0 (Linux; Android 6.0.1; Nexus 5X Build/MMB29P) AppleWebKit/537.36 (KHTML, like Gecko) Chrome/136.0.7103.113 Mobile Safari/537.36 (compatible; Googlebot/2.1; +http://www.google.com/bot.html)"
66.249.77.199 - - [11/Jun/2025:02:03:25 -0400] "GET /goodscode/aplitic11617016 HTTP/1.1" 200 81219 "-" "Mozilla/5.0 (Linux; Android 6.0.1; Nexus 5X Build/MMB29P) AppleWebKit/537.36 (KHTML, like Gecko) Chrome/136.0.7103.113 Mobile Safari/537.36 (compatible; Googlebot/2.1; +http://www.google.com/bot.html)"
216.73.216.239 - - [11/Jun/2025:02:03:25 -0400] "GET /items275193036 HTTP/1.1" 500 1034 "-" "Mozilla/5.0 AppleWebKit/537.36 (KHTML, like Gecko; compatible; ClaudeBot/1.0; [email protected])"
66.249.77.200 - - [11/Jun/2025:02:03:34 -0400] "GET /goods37211852 HTTP/1.1" 200 81388 "-" "Mozilla/5.0 (Linux; Android 6.0.1; Nexus 5X Build/MMB29P) AppleWebKit/537.36 (KHTML, like Gecko) Chrome/136.0.7103.113 Mobile Safari/537.36 (compatible; Googlebot/2.1; +http://www.google.com/bot.html)"
66.249.77.200 - - [11/Jun/2025:02:03:39 -0400] "GET /sitemap-subitems-859.xml HTTP/1.1" 200 10036 "-" "Mozilla/5.0 (compatible; Googlebot/2.1; +http://www.google.com/bot.html)"
66.249.77.199 - - [11/Jun/2025:02:03:44 -0400] "GET /goods37217176 HTTP/1.1" 200 81284 "-" "Mozilla/5.0 (Linux; Android 6.0.1; Nexus 5X Build/MMB29P) AppleWebKit/537.36 (KHTML, like Gecko) Chrome/136.0.7103.113 Mobile Safari/537.36 (compatible; Googlebot/2.1; +http://www.google.com/bot.html)"
66.249.77.200 - - [11/Jun/2025:02:03:53 -0400] "GET /special37208808 HTTP/1.1" 200 81965 "-" "Mozilla/5.0 (Linux; Android 6.0.1; Nexus 5X Build/MMB29P) AppleWebKit/537.36 (KHTML, like Gecko) Chrome/136.0.7103.113 Mobile Safari/537.36 (compatible; Googlebot/2.1; +http://www.google.com/bot.html)"
2001:861:3143:8140:b06e:1d9a:daef:1288 - - [11/Jun/2025:02:04:01 -0400] "GET /wind-breaker-chapter-504/ HTTP/1.1" 200 11620 "-" "Mozilla/5.0 (Windows NT 10.0; Win64; x64) AppleWebKit/537.36 (KHTML, like Gecko) Chrome/91.0.4472.124 Safari/537.36"
66.249.77.201 - - [11/Jun/2025:02:04:03 -0400] "GET /shopping37214768 HTTP/1.1" 200 80748 "-" "Mozilla/5.0 (Linux; Android 6.0.1; Nexus 5X Build/MMB29P) AppleWebKit/537.36 (KHTML, like Gecko) Chrome/136.0.7103.113 Mobile Safari/537.36 (compatible; Googlebot/2.1; +http://www.google.com/bot.html)"
216.73.216.239 - - [11/Jun/2025:02:04:05 -0400] "GET /sitemap-subitems-3083.xml HTTP/1.1" 200 10191 "-" "Mozilla/5.0 AppleWebKit/537.36 (KHTML, like Gecko; compatible; ClaudeBot/1.0; [email protected])"
216.73.216.239 - - [11/Jun/2025:02:04:10 -0400] "GET /info/ajc/colonist275208156 HTTP/1.1" 500 1034 "-" "Mozilla/5.0 AppleWebKit/537.36 (KHTML, like Gecko; compatible; ClaudeBot/1.0; [email protected])"
66.249.77.200 - - [11/Jun/2025:02:04:12 -0400] "GET /shopbrand37215332 HTTP/1.1" 200 80881 "-" "Mozilla/5.0 (Linux; Android 6.0.1; Nexus 5X Build/MMB29P) AppleWebKit/537.36 (KHTML, like Gecko) Chrome/136.0.7103.113 Mobile Safari/537.36 (compatible; Googlebot/2.1; +http://www.google.com/bot.html)"
66.249.77.199 - - [11/Jun/2025:02:04:14 -0400] "GET /shopbrand/unsegregated10885868 HTTP/1.1" 200 81484 "-" "Mozilla/5.0 (Linux; Android 6.0.1; Nexus 5X Build/MMB29P) AppleWebKit/537.36 (KHTML, like Gecko) Chrome/136.0.7103.113 Mobile Safari/537.36 (compatible; Googlebot/2.1; +http://www.google.com/bot.html)"
216.73.216.239 - - [11/Jun/2025:02:04:15 -0400] "GET /items/jersey/275224784 HTTP/1.1" 500 1034 "-" "Mozilla/5.0 AppleWebKit/537.36 (KHTML, like Gecko; compatible; ClaudeBot/1.0; [email protected])"
216.73.216.239 - - [11/Jun/2025:02:04:20 -0400] "GET /item/ik/eccentrical/275237596 HTTP/1.1" 500 1034 "-" "Mozilla/5.0 AppleWebKit/537.36 (KHTML, like Gecko; compatible; ClaudeBot/1.0; [email protected])"
66.249.77.199 - - [11/Jun/2025:02:04:22 -0400] "GET /goods37206272 HTTP/1.1" 200 81174 "-" "Mozilla/5.0 (Linux; Android 6.0.1; Nexus 5X Build/MMB29P) AppleWebKit/537.36 (KHTML, like Gecko) Chrome/136.0.7103.113 Mobile Safari/537.36 (compatible; Googlebot/2.1; +http://www.google.com/bot.html)"
216.73.216.239 - - [11/Jun/2025:02:04:25 -0400] "GET /item/iaw/vesicating/275254196 HTTP/1.1" 500 1034 "-" "Mozilla/5.0 AppleWebKit/537.36 (KHTML, like Gecko; compatible; ClaudeBot/1.0; [email protected])"
216.73.216.239 - - [11/Jun/2025:02:04:30 -0400] "GET /sitemap-subitems-1054.xml HTTP/1.1" 200 10059 "-" "Mozilla/5.0 AppleWebKit/537.36 (KHTML, like Gecko; compatible; ClaudeBot/1.0; [email protected])"
66.249.77.199 - - [11/Jun/2025:02:04:33 -0400] "GET /products37214796 HTTP/1.1" 200 81389 "-" "Mozilla/5.0 (Linux; Android 6.0.1; Nexus 5X Build/MMB29P) AppleWebKit/537.36 (KHTML, like Gecko) Chrome/136.0.7103.113 Mobile Safari/537.36 (compatible; Googlebot/2.1; +http://www.google.com/bot.html)"
216.73.216.239 - - [11/Jun/2025:02:04:35 -0400] "GET /items/exquisitive/275222476 HTTP/1.1" 500 1034 "-" "Mozilla/5.0 AppleWebKit/537.36 (KHTML, like Gecko; compatible; ClaudeBot/1.0; [email protected])"
216.73.216.239 - - [11/Jun/2025:02:04:40 -0400] "GET /sitemap-subitems-2630.xml HTTP/1.1" 200 10035 "-" "Mozilla/5.0 AppleWebKit/537.36 (KHTML, like Gecko; compatible; ClaudeBot/1.0; [email protected])"
216.73.216.239 - - [11/Jun/2025:02:04:45 -0400] "GET /goodscode/275239476 HTTP/1.1" 500 1034 "-" "Mozilla/5.0 AppleWebKit/537.36 (KHTML, like Gecko; compatible; ClaudeBot/1.0; [email protected])"
66.249.77.199 - - [11/Jun/2025:02:04:51 -0400] "GET /special37212560 HTTP/1.1" 200 81088 "-" "Mozilla/5.0 (Linux; Android 6.0.1; Nexus 5X Build/MMB29P) AppleWebKit/537.36 (KHTML, like Gecko) Chrome/136.0.7103.113 Mobile Safari/537.36 (compatible; Googlebot/2.1; +http://www.google.com/bot.html)"
2001:861:3143:8140:b06e:1d9a:daef:1288 - - [11/Jun/2025:02:04:55 -0400] "GET /wind-breaker-chapter-505/ HTTP/1.1" 200 11591 "-" "Mozilla/5.0 (Macintosh; Intel Mac OS X 10_15_7) AppleWebKit/605.1.15 (KHTML, like Gecko) Version/14.0.3 Safari/605.1.15"
216.73.216.239 - - [11/Jun/2025:02:04:56 -0400] "GET /entity275238440 HTTP/1.1" 500 1034 "-" "Mozilla/5.0 AppleWebKit/537.36 (KHTML, like Gecko; compatible; ClaudeBot/1.0; [email protected])"
216.73.216.239 - - [11/Jun/2025:02:05:00 -0400] "GET /entity275207420 HTTP/1.1" 500 1034 "-" "Mozilla/5.0 AppleWebKit/537.36 (KHTML, like Gecko; compatible; ClaudeBot/1.0; [email protected])"
66.249.77.201 - - [11/Jun/2025:02:05:01 -0400] "GET /info37208908 HTTP/1.1" 200 81556 "-" "Mozilla/5.0 (Linux; Android 6.0.1; Nexus 5X Build/MMB29P) AppleWebKit/537.36 (KHTML, like Gecko) Chrome/136.0.7103.113 Mobile Safari/537.36 (compatible; Googlebot/2.1; +http://www.google.com/bot.html)"
216.73.216.239 - - [11/Jun/2025:02:05:05 -0400] "GET /special/lqs/telluium/275252216 HTTP/1.1" 500 1034 "-" "Mozilla/5.0 AppleWebKit/537.36 (KHTML, like Gecko; compatible; ClaudeBot/1.0; [email protected])"
216.73.216.239 - - [11/Jun/2025:02:05:10 -0400] "GET /entity275204812 HTTP/1.1" 500 1034 "-" "Mozilla/5.0 AppleWebKit/537.36 (KHTML, like Gecko; compatible; ClaudeBot/1.0; [email protected])"
66.249.77.199 - - [11/Jun/2025:02:05:11 -0400] "GET /shopping37213424 HTTP/1.1" 200 81095 "-" "Mozilla/5.0 (Linux; Android 6.0.1; Nexus 5X Build/MMB29P) AppleWebKit/537.36 (KHTML, like Gecko) Chrome/136.0.7103.113 Mobile Safari/537.36 (compatible; Googlebot/2.1; +http://www.google.com/bot.html)"
216.73.216.239 - - [11/Jun/2025:02:05:15 -0400] "GET /special/275219196 HTTP/1.1" 500 1034 "-" "Mozilla/5.0 AppleWebKit/537.36 (KHTML, like Gecko; compatible; ClaudeBot/1.0; [email protected])"
216.73.216.239 - - [11/Jun/2025:02:05:20 -0400] "GET /sitemap-subitems-2529.xml HTTP/1.1" 200 10414 "-" "Mozilla/5.0 AppleWebKit/537.36 (KHTML, like Gecko; compatible; ClaudeBot/1.0; [email protected])"
66.249.77.199 - - [11/Jun/2025:02:05:21 -0400] "GET /items/postscutellum36773504 HTTP/1.1" 200 81416 "-" "Mozilla/5.0 (Linux; Android 6.0.1; Nexus 5X Build/MMB29P) AppleWebKit/537.36 (KHTML, like Gecko) Chrome/136.0.7103.113 Mobile Safari/537.36 (compatible; Googlebot/2.1; +http://www.google.com/bot.html)"
66.249.77.199 - - [11/Jun/2025:02:05:22 -0400] "GET /items37205864 HTTP/1.1" 200 81438 "-" "Mozilla/5.0 (Linux; Android 6.0.1; Nexus 5X Build/MMB29P) AppleWebKit/537.36 (KHTML, like Gecko) Chrome/136.0.7103.113 Mobile Safari/537.36 (compatible; Googlebot/2.1; +http://www.google.com/bot.html)"
216.73.216.239 - - [11/Jun/2025:02:05:25 -0400] "GET /sitemap-subitems-2728.xml HTTP/1.1" 200 10112 "-" "Mozilla/5.0 AppleWebKit/537.36 (KHTML, like Gecko; compatible; ClaudeBot/1.0; [email protected])"
66.249.77.200 - - [11/Jun/2025:02:05:27 -0400] "GET /products37217104 HTTP/1.1" 200 81529 "-" "Mozilla/5.0 (Linux; Android 6.0.1; Nexus 5X Build/MMB29P) AppleWebKit/537.36 (KHTML, like Gecko) Chrome/136.0.7103.113 Mobile Safari/537.36 (compatible; Googlebot/2.1; +http://www.google.com/bot.html)"
216.73.216.239 - - [11/Jun/2025:02:05:30 -0400] "GET /shopdetail/io/overponderous/275259076 HTTP/1.1" 500 1034 "-" "Mozilla/5.0 AppleWebKit/537.36 (KHTML, like Gecko; compatible; ClaudeBot/1.0; [email protected])"
216.73.216.239 - - [11/Jun/2025:02:05:35 -0400] "GET /sitemap-subitems-762.xml HTTP/1.1" 200 10029 "-" "Mozilla/5.0 AppleWebKit/537.36 (KHTML, like Gecko; compatible; ClaudeBot/1.0; [email protected])"
66.249.77.200 - - [11/Jun/2025:02:05:40 -0400] "GET /item37206364 HTTP/1.1" 200 81933 "-" "Mozilla/5.0 (Linux; Android 6.0.1; Nexus 5X Build/MMB29P) AppleWebKit/537.36 (KHTML, like Gecko) Chrome/136.0.7103.113 Mobile Safari/537.36 (compatible; Googlebot/2.1; +http://www.google.com/bot.html)"
66.249.77.200 - - [11/Jun/2025:02:05:41 -0400] "GET /entity10632684 HTTP/1.1" 200 80646 "-" "Mozilla/5.0 (Linux; Android 6.0.1; Nexus 5X Build/MMB29P) AppleWebKit/537.36 (KHTML, like Gecko) Chrome/136.0.7103.113 Mobile Safari/537.36 (compatible; Googlebot/2.1; +http://www.google.com/bot.html)"
66.249.77.200 - - [11/Jun/2025:02:05:42 -0400] "GET /sitemap-subitems-1601.xml HTTP/1.1" 200 10177 "-" "Mozilla/5.0 (compatible; Googlebot/2.1; +http://www.google.com/bot.html)"
2001:861:3143:8140:b06e:1d9a:daef:1288 - - [11/Jun/2025:02:05:46 -0400] "GET /wind-breaker-chapter-506/ HTTP/1.1" 200 11854 "-" "Mozilla/5.0 (Windows NT 10.0; Win64; x64; rv:89.0) Gecko/20100101 Firefox/89.0"
66.249.77.199 - - [11/Jun/2025:02:05:49 -0400] "GET /detail35986820 HTTP/1.1" 200 81490 "-" "Mozilla/5.0 (Linux; Android 6.0.1; Nexus 5X Build/MMB29P) AppleWebKit/537.36 (KHTML, like Gecko) Chrome/136.0.7103.113 Mobile Safari/537.36 (compatible; Googlebot/2.1; +http://www.google.com/bot.html)"
40.77.167.42 - - [11/Jun/2025:02:05:50 -0400] "GET /wind-breaker-chapter-509/ HTTP/1.1" 200 81732 "-" "Mozilla/5.0 AppleWebKit/537.36 (KHTML, like Gecko; compatible; bingbot/2.0; +http://www.bing.com/bingbot.htm) Chrome/116.0.1938.76 Safari/537.36"
66.249.77.200 - - [11/Jun/2025:02:05:59 -0400] "GET /item115897484 HTTP/1.1" 200 81729 "-" "Mozilla/5.0 (Linux; Android 6.0.1; Nexus 5X Build/MMB29P) AppleWebKit/537.36 (KHTML, like Gecko) Chrome/136.0.7103.113 Mobile Safari/537.36 (compatible; Googlebot/2.1; +http://www.google.com/bot.html)"
2001:861:3143:8140:b06e:1d9a:daef:1288 - - [11/Jun/2025:02:06:01 -0400] "GET /wind-breaker-chapter-507/ HTTP/1.1" 200 11621 "-" "Mozilla/5.0 (Windows NT 10.0; Win64; x64; rv:89.0) Gecko/20100101 Firefox/89.0"
216.73.216.239 - - [11/Jun/2025:02:06:14 -0400] "GET /sitemap-subitems-2194.xml HTTP/1.1" 200 10067 "-" "Mozilla/5.0 AppleWebKit/537.36 (KHTML, like Gecko; compatible; ClaudeBot/1.0; [email protected])"
66.249.77.195 - - [11/Jun/2025:02:06:17 -0400] "GET /shopping115902328 HTTP/1.1" 200 81869 "-" "Mozilla/5.0 (Linux; Android 6.0.1; Nexus 5X Build/MMB29P) AppleWebKit/537.36 (KHTML, like Gecko) Chrome/136.0.7103.113 Mobile Safari/537.36 (compatible; Googlebot/2.1; +http://www.google.com/bot.html)"
216.73.216.239 - - [11/Jun/2025:02:06:19 -0400] "GET /sitemap-subitems-390.xml HTTP/1.1" 200 10425 "-" "Mozilla/5.0 AppleWebKit/537.36 (KHTML, like Gecko; compatible; ClaudeBot/1.0; [email protected])"
216.73.216.239 - - [11/Jun/2025:02:06:24 -0400] "GET /sitemap-subitems-1428.xml HTTP/1.1" 200 10264 "-" "Mozilla/5.0 AppleWebKit/537.36 (KHTML, like Gecko; compatible; ClaudeBot/1.0; [email protected])"
66.249.77.194 - - [11/Jun/2025:02:06:27 -0400] "GET /special/11675032 HTTP/1.1" 200 81641 "-" "Mozilla/5.0 (Linux; Android 6.0.1; Nexus 5X Build/MMB29P) AppleWebKit/537.36 (KHTML, like Gecko) Chrome/136.0.7103.113 Mobile Safari/537.36 (compatible; Googlebot/2.1; +http://www.google.com/bot.html)"
66.249.77.194 - - [11/Jun/2025:02:06:28 -0400] "GET /info115900728 HTTP/1.1" 200 81263 "-" "Mozilla/5.0 (Linux; Android 6.0.1; Nexus 5X Build/MMB29P) AppleWebKit/537.36 (KHTML, like Gecko) Chrome/136.0.7103.113 Mobile Safari/537.36 (compatible; Googlebot/2.1; +http://www.google.com/bot.html)"
216.73.216.239 - - [11/Jun/2025:02:06:29 -0400] "GET /goodscode/275194608 HTTP/1.1" 500 1034 "-" "Mozilla/5.0 AppleWebKit/537.36 (KHTML, like Gecko; compatible; ClaudeBot/1.0; [email protected])"
66.249.77.195 - - [11/Jun/2025:02:06:32 -0400] "GET /detail115903372 HTTP/1.1" 200 81032 "-" "Mozilla/5.0 (Linux; Android 6.0.1; Nexus 5X Build/MMB29P) AppleWebKit/537.36 (KHTML, like Gecko) Chrome/136.0.7103.113 Mobile Safari/537.36 (compatible; Googlebot/2.1; +http://www.google.com/bot.html)"
216.73.216.239 - - [11/Jun/2025:02:06:34 -0400] "GET /products/x/decursively/275260320 HTTP/1.1" 500 1034 "-" "Mozilla/5.0 AppleWebKit/537.36 (KHTML, like Gecko; compatible; ClaudeBot/1.0; [email protected])"
216.73.216.239 - - [11/Jun/2025:02:06:39 -0400] "GET /sitemap-subitems-2628.xml HTTP/1.1" 200 9988 "-" "Mozilla/5.0 AppleWebKit/537.36 (KHTML, like Gecko; compatible; ClaudeBot/1.0; [email protected])"
66.249.77.194 - - [11/Jun/2025:02:06:43 -0400] "GET /shopdetail115907280 HTTP/1.1" 200 81275 "-" "Mozilla/5.0 (Linux; Android 6.0.1; Nexus 5X Build/MMB29P) AppleWebKit/537.36 (KHTML, like Gecko) Chrome/136.0.7103.113 Mobile Safari/537.36 (compatible; Googlebot/2.1; +http://www.google.com/bot.html)"
216.73.216.239 - - [11/Jun/2025:02:06:44 -0400] "GET /goods/elasticity275189428 HTTP/1.1" 500 1034 "-" "Mozilla/5.0 AppleWebKit/537.36 (KHTML, like Gecko; compatible; ClaudeBot/1.0; [email protected])"
216.73.216.239 - - [11/Jun/2025:02:06:49 -0400] "GET /sitemap-subitems-800.xml HTTP/1.1" 200 10170 "-" "Mozilla/5.0 AppleWebKit/537.36 (KHTML, like Gecko; compatible; ClaudeBot/1.0; [email protected])"
2001:861:3143:8140:b06e:1d9a:daef:1288 - - [11/Jun/2025:02:06:52 -0400] "GET /wind-breaker-chapter-508/ HTTP/1.1" 200 11601 "-" "Mozilla/5.0 (Windows NT 10.0; Win64; x64; rv:89.0) Gecko/20100101 Firefox/89.0"
66.249.77.195 - - [11/Jun/2025:02:06:54 -0400] "GET /info115914812 HTTP/1.1" 200 80973 "-" "Mozilla/5.0 (Linux; Android 6.0.1; Nexus 5X Build/MMB29P) AppleWebKit/537.36 (KHTML, like Gecko) Chrome/136.0.7103.113 Mobile Safari/537.36 (compatible; Googlebot/2.1; +http://www.google.com/bot.html)"
216.73.216.239 - - [11/Jun/2025:02:06:54 -0400] "GET /sitemap-subitems-722.xml HTTP/1.1" 200 10113 "-" "Mozilla/5.0 AppleWebKit/537.36 (KHTML, like Gecko; compatible; ClaudeBot/1.0; [email protected])"
66.249.77.194 - - [11/Jun/2025:02:07:04 -0400] "GET /items115912740 HTTP/1.1" 200 80896 "-" "Mozilla/5.0 (Linux; Android 6.0.1; Nexus 5X Build/MMB29P) AppleWebKit/537.36 (KHTML, like Gecko) Chrome/136.0.7103.113 Mobile Safari/537.36 (compatible; Googlebot/2.1; +http://www.google.com/bot.html)"
162.0.232.193 - - [11/Jun/2025:02:07:14 -0400] "POST /wp-cron.php?doing_wp_cron=1749622034.2610549926757812500000 HTTP/1.1" 200 0 "-" "WordPress/6.8.1; https://read11.windbreakermanga.com"
216.73.216.239 - - [11/Jun/2025:02:07:15 -0400] "GET /goods/b/electrotyped/275181896 HTTP/1.1" 500 1034 "-" "Mozilla/5.0 AppleWebKit/537.36 (KHTML, like Gecko; compatible; ClaudeBot/1.0; [email protected])"
66.249.77.195 - - [11/Jun/2025:02:07:15 -0400] "GET /goods221293012 HTTP/1.1" 200 81703 "-" "Mozilla/5.0 (Linux; Android 6.0.1; Nexus 5X Build/MMB29P) AppleWebKit/537.36 (KHTML, like Gecko) Chrome/136.0.7103.113 Mobile Safari/537.36 (compatible; Googlebot/2.1; +http://www.google.com/bot.html)"
162.0.232.193 - - [11/Jun/2025:02:07:17 -0400] "GET /wp-content/uploads/f979bbbcbe9df560cb74049269d2541e_4104.xml HTTP/1.1" 200 2582 "-" "Mozilla/5.0 (X11; Linux x86_64) AppleWebKit/537.36 (KHTML, like Gecko) Ubuntu Chromium/41.0.2272.76"
216.73.216.239 - - [11/Jun/2025:02:07:20 -0400] "GET /goodscode/j/antiquateness/275197016 HTTP/1.1" 500 1034 "-" "Mozilla/5.0 AppleWebKit/537.36 (KHTML, like Gecko; compatible; ClaudeBot/1.0; [email protected])"
216.73.216.239 - - [11/Jun/2025:02:07:25 -0400] "GET /info/incute275227936 HTTP/1.1" 500 1034 "-" "Mozilla/5.0 AppleWebKit/537.36 (KHTML, like Gecko; compatible; ClaudeBot/1.0; [email protected])"
170.150.223.77 - - [11/Jun/2025:02:07:25 -0400] "GET /wind-breaker-chapter-386/ HTTP/1.1" 200 12145 "-" "Mozilla/5.0 (Windows NT 10.0; Win64; x64) AppleWebKit/537.36 (KHTML, like Gecko) Chrome/121.0.0.0 Safari/537.36 Edg/121.0.0.0"
2001:ee0:4f7c:649f:c4ef:851:9a2f:14d5 - - [11/Jun/2025:02:07:27 -0400] "GET /wind-breaker-chapter-261-part-3-ep-11/ HTTP/1.1" 301 0 "-" "Mozilla/5.0 (Android 11; Mobile; rv:123.0) Gecko/123.0 Firefox/123.0"
216.73.216.239 - - [11/Jun/2025:02:07:30 -0400] "GET /special/275223112 HTTP/1.1" 500 1034 "-" "Mozilla/5.0 AppleWebKit/537.36 (KHTML, like Gecko; compatible; ClaudeBot/1.0; [email protected])"
66.249.77.194 - - [11/Jun/2025:02:07:31 -0400] "GET /items115917284 HTTP/1.1" 200 81136 "-" "Mozilla/5.0 (Linux; Android 6.0.1; Nexus 5X Build/MMB29P) AppleWebKit/537.36 (KHTML, like Gecko) Chrome/136.0.7103.113 Mobile Safari/537.36 (compatible; Googlebot/2.1; +http://www.google.com/bot.html)"
2001:ee0:4442:d0cd:dde9:af48:8c9e:1600 - - [11/Jun/2025:02:07:32 -0400] "GET / HTTP/1.1" 200 12625 "-" "Mozilla/5.0 (Android 11; Mobile; rv:123.0) Gecko/123.0 Firefox/123.0"
216.73.216.239 - - [11/Jun/2025:02:07:35 -0400] "GET /info/sixpences275202504 HTTP/1.1" 500 1034 "-" "Mozilla/5.0 AppleWebKit/537.36 (KHTML, like Gecko; compatible; ClaudeBot/1.0; [email protected])"
216.73.216.239 - - [11/Jun/2025:02:07:40 -0400] "GET /goodscode/275185776 HTTP/1.1" 500 1034 "-" "Mozilla/5.0 AppleWebKit/537.36 (KHTML, like Gecko; compatible; ClaudeBot/1.0; [email protected])"
66.249.77.194 - - [11/Jun/2025:02:07:40 -0400] "GET /products115916648 HTTP/1.1" 200 81098 "-" "Mozilla/5.0 (Linux; Android 6.0.1; Nexus 5X Build/MMB29P) AppleWebKit/537.36 (KHTML, like Gecko) Chrome/136.0.7103.113 Mobile Safari/537.36 (compatible; Googlebot/2.1; +http://www.google.com/bot.html)"
216.73.216.239 - - [11/Jun/2025:02:07:45 -0400] "GET /goodscode/deceased/275202176 HTTP/1.1" 500 1034 "-" "Mozilla/5.0 AppleWebKit/537.36 (KHTML, like Gecko; compatible; ClaudeBot/1.0; [email protected])"
216.73.216.239 - - [11/Jun/2025:02:07:50 -0400] "GET /entity/fks/serpulite/275261056 HTTP/1.1" 500 1034 "-" "Mozilla/5.0 AppleWebKit/537.36 (KHTML, like Gecko; compatible; ClaudeBot/1.0; [email protected])"
66.249.77.194 - - [11/Jun/2025:02:07:50 -0400] "GET /item10489800 HTTP/1.1" 200 81010 "-" "Mozilla/5.0 (Linux; Android 6.0.1; Nexus 5X Build/MMB29P) AppleWebKit/537.36 (KHTML, like Gecko) Chrome/136.0.7103.113 Mobile Safari/537.36 (compatible; Googlebot/2.1; +http://www.google.com/bot.html)"
66.249.77.195 - - [11/Jun/2025:02:07:51 -0400] "GET /items115912840 HTTP/1.1" 200 81177 "-" "Mozilla/5.0 (Linux; Android 6.0.1; Nexus 5X Build/MMB29P) AppleWebKit/537.36 (KHTML, like Gecko) Chrome/136.0.7103.113 Mobile Safari/537.36 (compatible; Googlebot/2.1; +http://www.google.com/bot.html)"
2001:861:3143:8140:b06e:1d9a:daef:1288 - - [11/Jun/2025:02:07:52 -0400] "GET /wind-breaker-chapter-509/ HTTP/1.1" 200 11512 "-" "Mozilla/5.0 (Macintosh; Intel Mac OS X 10_15_7) AppleWebKit/605.1.15 (KHTML, like Gecko) Version/14.0.3 Safari/605.1.15"
216.73.216.239 - - [11/Jun/2025:02:07:55 -0400] "GET /items/275251252 HTTP/1.1" 500 1034 "-" "Mozilla/5.0 AppleWebKit/537.36 (KHTML, like Gecko; compatible; ClaudeBot/1.0; [email protected])"
66.249.77.194 - - [11/Jun/2025:02:08:01 -0400] "GET /detail115917756 HTTP/1.1" 200 81100 "-" "Mozilla/5.0 (Linux; Android 6.0.1; Nexus 5X Build/MMB29P) AppleWebKit/537.36 (KHTML, like Gecko) Chrome/136.0.7103.113 Mobile Safari/537.36 (compatible; Googlebot/2.1; +http://www.google.com/bot.html)"
66.249.77.195 - - [11/Jun/2025:02:08:02 -0400] "GET /entity37441792 HTTP/1.1" 200 81497 "-" "Mozilla/5.0 (Linux; Android 6.0.1; Nexus 5X Build/MMB29P) AppleWebKit/537.36 (KHTML, like Gecko) Chrome/136.0.7103.113 Mobile Safari/537.36 (compatible; Googlebot/2.1; +http://www.google.com/bot.html)"
66.249.77.194 - - [11/Jun/2025:02:08:09 -0400] "GET /info10253944 HTTP/1.1" 200 81342 "-" "Mozilla/5.0 (Linux; Android 6.0.1; Nexus 5X Build/MMB29P) AppleWebKit/537.36 (KHTML, like Gecko) Chrome/136.0.7103.113 Mobile Safari/537.36 (compatible; Googlebot/2.1; +http://www.google.com/bot.html)"
216.73.216.239 - - [11/Jun/2025:02:08:14 -0400] "GET /goods/enixum/275230008 HTTP/1.1" 500 1034 "-" "Mozilla/5.0 AppleWebKit/537.36 (KHTML, like Gecko; compatible; ClaudeBot/1.0; [email protected])"
216.73.216.239 - - [11/Jun/2025:02:08:19 -0400] "GET /items/275230036 HTTP/1.1" 500 1034 "-" "Mozilla/5.0 AppleWebKit/537.36 (KHTML, like Gecko; compatible; ClaudeBot/1.0; [email protected])"
66.249.77.194 - - [11/Jun/2025:02:08:20 -0400] "GET /products10251708 HTTP/1.1" 200 81181 "-" "Mozilla/5.0 (Linux; Android 6.0.1; Nexus 5X Build/MMB29P) AppleWebKit/537.36 (KHTML, like Gecko) Chrome/136.0.7103.113 Mobile Safari/537.36 (compatible; Googlebot/2.1; +http://www.google.com/bot.html)"
216.73.216.239 - - [11/Jun/2025:02:08:24 -0400] "GET /items275181568 HTTP/1.1" 500 1034 "-" "Mozilla/5.0 AppleWebKit/537.36 (KHTML, like Gecko; compatible; ClaudeBot/1.0; [email protected])"
216.73.216.239 - - [11/Jun/2025:02:08:29 -0400] "GET /sitemap-subitems-3043.xml HTTP/1.1" 200 10181 "-" "Mozilla/5.0 AppleWebKit/537.36 (KHTML, like Gecko; compatible; ClaudeBot/1.0; [email protected])"
66.249.77.194 - - [11/Jun/2025:02:08:33 -0400] "GET /goodscode10248292 HTTP/1.1" 200 81322 "-" "Mozilla/5.0 (Linux; Android 6.0.1; Nexus 5X Build/MMB29P) AppleWebKit/537.36 (KHTML, like Gecko) Chrome/136.0.7103.113 Mobile Safari/537.36 (compatible; Googlebot/2.1; +http://www.google.com/bot.html)"
216.73.216.239 - - [11/Jun/2025:02:08:34 -0400] "GET /sitemap-subitems-1104.xml HTTP/1.1" 200 10169 "-" "Mozilla/5.0 AppleWebKit/537.36 (KHTML, like Gecko; compatible; ClaudeBot/1.0; [email protected])"
