202.214.125.236 - - [08/Jun/2025:11:56:55 -0400] "GET /wp-content/plugins/simple-social-buttons/assets/js/frontend-blocks.js?ver=6.1.0 HTTP/1.1" 200 0 "https://read11.windbreakermanga.com/" "Mozilla/5.0 (Linux; Android 10; K) AppleWebKit/537.36 (KHTML, like Gecko) Chrome/136.0.0.0 Mobile Safari/537.36"
202.214.125.236 - - [08/Jun/2025:11:56:55 -0400] "GET /wp-content/cache/min/1/wp-content/plugins/simple-social-buttons/assets/js/front.js?ver=1746140519 HTTP/1.1" 200 1525 "https://read11.windbreakermanga.com/" "Mozilla/5.0 (Linux; Android 10; K) AppleWebKit/537.36 (KHTML, like Gecko) Chrome/136.0.0.0 Mobile Safari/537.36"
202.214.125.236 - - [08/Jun/2025:11:56:55 -0400] "GET /wp-content/themes/toivo-lite/js/responsive-nav.min.js?ver=1.2.0 HTTP/1.1" 200 2102 "https://read11.windbreakermanga.com/" "Mozilla/5.0 (Linux; Android 10; K) AppleWebKit/537.36 (KHTML, like Gecko) Chrome/136.0.0.0 Mobile Safari/537.36"
202.214.125.236 - - [08/Jun/2025:11:56:55 -0400] "GET /wp-content/themes/toivo-lite/js/functions.min.js?ver=1.2.0 HTTP/1.1" 200 593 "https://read11.windbreakermanga.com/" "Mozilla/5.0 (Linux; Android 10; K) AppleWebKit/537.36 (KHTML, like Gecko) Chrome/136.0.0.0 Mobile Safari/537.36"
202.214.125.236 - - [08/Jun/2025:11:56:56 -0400] "GET /wp-content/themes/toivo-lite/js/settings.min.js?ver=1.2.0 HTTP/1.1" 200 307 "https://read11.windbreakermanga.com/" "Mozilla/5.0 (Linux; Android 10; K) AppleWebKit/537.36 (KHTML, like Gecko) Chrome/136.0.0.0 Mobile Safari/537.36"
202.214.125.236 - - [08/Jun/2025:11:56:57 -0400] "GET /wp-content/uploads/2024/02/cropped-jay-jo-180x180.webp HTTP/1.1" 200 6282 "-" "DuckDuckGo/5 (com.duckduckgo.mobile.android; Android API 35)"
202.214.125.236 - - [08/Jun/2025:11:56:57 -0400] "GET /wp-content/uploads/2024/02/cropped-jay-jo-192x192.webp HTTP/1.1" 200 6674 "https://read11.windbreakermanga.com/" "Mozilla/5.0 (Linux; Android 10; K) AppleWebKit/537.36 (KHTML, like Gecko) Chrome/136.0.0.0 Mobile Safari/537.36"
202.214.125.236 - - [08/Jun/2025:11:56:57 -0400] "GET /wp-content/uploads/2024/02/cropped-jay-jo-32x32.webp HTTP/1.1" 200 540 "https://read11.windbreakermanga.com/" "Mozilla/5.0 (Linux; Android 10; K) AppleWebKit/537.36 (KHTML, like Gecko) Chrome/136.0.0.0 Mobile Safari/537.36"
162.0.232.193 - - [08/Jun/2025:11:56:59 -0400] "POST /wp-cron.php?doing_wp_cron=1749398218.8068089485168457031250 HTTP/1.1" 200 0 "-" "WordPress/6.8.1; https://read11.windbreakermanga.com"
202.214.125.236 - - [08/Jun/2025:11:56:57 -0400] "GET /apple-touch-icon.png HTTP/1.1" 301 0 "-" "DuckDuckGo/5 (com.duckduckgo.mobile.android; Android API 35)"
202.214.125.236 - - [08/Jun/2025:11:56:59 -0400] "GET / HTTP/1.1" 200 12467 "-" "DuckDuckGo/5 (com.duckduckgo.mobile.android; Android API 35)"
202.214.125.236 - - [08/Jun/2025:11:57:00 -0400] "GET /favicon.ico HTTP/1.1" 302 0 "-" "DuckDuckGo/5 (com.duckduckgo.mobile.android; Android API 35)"
162.0.232.193 - - [08/Jun/2025:11:57:01 -0400] "GET /wp-content/uploads/f979bbbcbe9df560cb74049269d2541e_4104.xml HTTP/1.1" 200 2572 "-" "Mozilla/5.0 (X11; Linux x86_64) AppleWebKit/537.36 (KHTML, like Gecko) Ubuntu Chromium/41.0.2272.76"
202.214.125.236 - - [08/Jun/2025:11:57:05 -0400] "GET /wind-breaker-chapter-56/ HTTP/1.1" 200 11955 "https://read11.windbreakermanga.com/" "Mozilla/5.0 (Linux; Android 10; K) AppleWebKit/537.36 (KHTML, like Gecko) Chrome/136.0.0.0 Mobile Safari/537.36"
202.214.125.236 - - [08/Jun/2025:11:57:05 -0400] "GET /wind-breaker-chapter-56/ HTTP/1.1" 304 0 "https://read11.windbreakermanga.com/" "Mozilla/5.0 (Linux; Android 15; SM-S918U1 Build/AP3A.240905.015.A2; wv) AppleWebKit/537.36 (KHTML, like Gecko) Version/4.0 Chrome/136.0.7103.125 Mobile Safari/537.36"
202.214.125.236 - - [08/Jun/2025:11:57:06 -0400] "GET /wind-breaker-chapter-325/ HTTP/1.1" 200 12921 "https://read11.windbreakermanga.com/" "Mozilla/5.0 (Linux; Android 10; K) AppleWebKit/537.36 (KHTML, like Gecko) Chrome/136.0.0.0 Mobile Safari/537.36"
202.214.125.236 - - [08/Jun/2025:11:57:06 -0400] "GET /wind-breaker-chapter-325/ HTTP/1.1" 304 0 "https://read11.windbreakermanga.com/" "Mozilla/5.0 (Linux; Android 15; SM-S918U1 Build/AP3A.240905.015.A2; wv) AppleWebKit/537.36 (KHTML, like Gecko) Version/4.0 Chrome/136.0.7103.125 Mobile Safari/537.36"
202.214.125.236 - - [08/Jun/2025:11:57:18 -0400] "GET /wind-breaker-chapter-1/ HTTP/1.1" 200 11760 "https://read11.windbreakermanga.com/" "Mozilla/5.0 (Linux; Android 10; K) AppleWebKit/537.36 (KHTML, like Gecko) Chrome/136.0.0.0 Mobile Safari/537.36"
202.214.125.236 - - [08/Jun/2025:11:57:18 -0400] "GET /wind-breaker-chapter-1/ HTTP/1.1" 304 0 "https://read11.windbreakermanga.com/" "Mozilla/5.0 (Linux; Android 15; SM-S918U1 Build/AP3A.240905.015.A2; wv) AppleWebKit/537.36 (KHTML, like Gecko) Version/4.0 Chrome/136.0.7103.125 Mobile Safari/537.36"
202.214.125.236 - - [08/Jun/2025:11:57:19 -0400] "GET /wp-content/cache/min/1/wp-content/plugins/wp-automatic/css/wp-automatic.css?ver=1746140935 HTTP/1.1" 200 484 "https://read11.windbreakermanga.com/wind-breaker-chapter-1/" "Mozilla/5.0 (Linux; Android 10; K) AppleWebKit/537.36 (KHTML, like Gecko) Chrome/136.0.0.0 Mobile Safari/537.36"
202.214.125.236 - - [08/Jun/2025:11:57:19 -0400] "GET /wp-content/cache/min/1/wp-content/plugins/wp-automatic/js/main-front.js?ver=1746140935 HTTP/1.1" 200 276 "https://read11.windbreakermanga.com/wind-breaker-chapter-1/" "Mozilla/5.0 (Linux; Android 10; K) AppleWebKit/537.36 (KHTML, like Gecko) Chrome/136.0.0.0 Mobile Safari/537.36"
202.214.125.236 - - [08/Jun/2025:11:57:19 -0400] "GET /wp-content/cache/min/1/wp-content/plugins/disqus-comment-system/public/js/comment_count.js?ver=1746140935 HTTP/1.1" 200 308 "https://read11.windbreakermanga.com/wind-breaker-chapter-1/" "Mozilla/5.0 (Linux; Android 10; K) AppleWebKit/537.36 (KHTML, like Gecko) Chrome/136.0.0.0 Mobile Safari/537.36"
202.214.125.236 - - [08/Jun/2025:11:57:19 -0400] "GET /wp-includes/js/comment-reply.min.js?ver=6.8.1 HTTP/1.1" 200 1247 "https://read11.windbreakermanga.com/wind-breaker-chapter-1/" "Mozilla/5.0 (Linux; Android 10; K) AppleWebKit/537.36 (KHTML, like Gecko) Chrome/136.0.0.0 Mobile Safari/537.36"
202.214.125.236 - - [08/Jun/2025:11:57:19 -0400] "GET /wp-content/plugins/simple-social-buttons/assets/fonts/ssb-icon.ttf?eahqa2 HTTP/1.1" 200 7412 "https://read11.windbreakermanga.com/wp-content/cache/min/1/wp-content/plugins/simple-social-buttons/assets/css/front.css?ver=1746140519" "Mozilla/5.0 (Linux; Android 10; K) AppleWebKit/537.36 (KHTML, like Gecko) Chrome/136.0.0.0 Mobile Safari/537.36"
202.214.125.236 - - [08/Jun/2025:11:57:19 -0400] "GET /wp-content/cache/min/1/wp-content/plugins/disqus-comment-system/public/js/comment_embed.js?ver=1746140935 HTTP/1.1" 200 494 "https://read11.windbreakermanga.com/wind-breaker-chapter-1/" "Mozilla/5.0 (Linux; Android 10; K) AppleWebKit/537.36 (KHTML, like Gecko) Chrome/136.0.0.0 Mobile Safari/537.36"
202.214.125.236 - - [08/Jun/2025:11:57:21 -0400] "POST /wp-admin/admin-ajax.php HTTP/1.1" 200 61 "https://read11.windbreakermanga.com/wind-breaker-chapter-1/" "Mozilla/5.0 (Linux; Android 10; K) AppleWebKit/537.36 (KHTML, like Gecko) Chrome/136.0.0.0 Mobile Safari/537.36"
202.214.125.236 - - [08/Jun/2025:11:57:23 -0400] "GET /apple-touch-icon.png HTTP/1.1" 301 0 "-" "DuckDuckGo/5 (com.duckduckgo.mobile.android; Android API 35)"
202.214.125.236 - - [08/Jun/2025:11:57:24 -0400] "GET / HTTP/1.1" 200 12573 "-" "DuckDuckGo/5 (com.duckduckgo.mobile.android; Android API 35)"
202.214.125.236 - - [08/Jun/2025:11:57:25 -0400] "GET /favicon.ico HTTP/1.1" 302 0 "-" "DuckDuckGo/5 (com.duckduckgo.mobile.android; Android API 35)"
40.77.167.9 - - [08/Jun/2025:11:57:52 -0400] "GET /wp-json/wp/v2/posts/4351 HTTP/1.1" 200 48086 "-" "Mozilla/5.0 AppleWebKit/537.36 (KHTML, like Gecko; compatible; bingbot/2.0; +http://www.bing.com/bingbot.htm) Chrome/116.0.1938.76 Safari/537.36"
47.82.60.251 - - [08/Jun/2025:11:58:40 -0400] "GET /wind-breaker-chapter-47/ HTTP/1.1" 200 12231 "https://read11.windbreakermanga.com/wind-breaker-chapter-47/" "Mozilla/5.0 (Windows NT 10.0; Win64; x64) AppleWebKit/537.36 (KHTML, like Gecko) Chrome/114.0.0.0 Safari/537.36 Edg/114.0.1823.43"
202.214.125.236 - - [08/Jun/2025:11:58:43 -0400] "GET /wind-breaker-chapter-2/ HTTP/1.1" 200 11732 "https://read11.windbreakermanga.com/wind-breaker-chapter-1/" "Mozilla/5.0 (Linux; Android 10; K) AppleWebKit/537.36 (KHTML, like Gecko) Chrome/136.0.0.0 Mobile Safari/537.36"
202.214.125.236 - - [08/Jun/2025:11:58:43 -0400] "GET /wind-breaker-chapter-2/ HTTP/1.1" 304 0 "https://read11.windbreakermanga.com/wind-breaker-chapter-1/" "Mozilla/5.0 (Linux; Android 15; SM-S918U1 Build/AP3A.240905.015.A2; wv) AppleWebKit/537.36 (KHTML, like Gecko) Version/4.0 Chrome/136.0.7103.125 Mobile Safari/537.36"
162.0.232.193 - - [08/Jun/2025:11:58:44 -0400] "POST /wp-cron.php?doing_wp_cron=1749398324.7153770923614501953125 HTTP/1.1" 200 0 "-" "WordPress/6.8.1; https://read11.windbreakermanga.com"
202.214.125.236 - - [08/Jun/2025:11:58:44 -0400] "POST /wp-admin/admin-ajax.php HTTP/1.1" 200 61 "https://read11.windbreakermanga.com/wind-breaker-chapter-2/" "Mozilla/5.0 (Linux; Android 10; K) AppleWebKit/537.36 (KHTML, like Gecko) Chrome/136.0.0.0 Mobile Safari/537.36"
202.214.125.236 - - [08/Jun/2025:11:58:45 -0400] "GET /apple-touch-icon.png HTTP/1.1" 301 0 "-" "DuckDuckGo/5 (com.duckduckgo.mobile.android; Android API 35)"
202.214.125.236 - - [08/Jun/2025:11:58:46 -0400] "GET / HTTP/1.1" 200 12573 "-" "DuckDuckGo/5 (com.duckduckgo.mobile.android; Android API 35)"
202.214.125.236 - - [08/Jun/2025:11:58:47 -0400] "GET /favicon.ico HTTP/1.1" 302 0 "-" "DuckDuckGo/5 (com.duckduckgo.mobile.android; Android API 35)"
202.214.125.236 - - [08/Jun/2025:11:58:52 -0400] "GET /wind-breaker-chapter-2/ HTTP/1.1" 200 11709 "https://read11.windbreakermanga.com/wind-breaker-chapter-1/" "Mozilla/5.0 (X11; Linux x86_64) AppleWebKit/537.36 (KHTML, like Gecko) Chrome/136.0.0.0 Safari/537.36"
202.214.125.236 - - [08/Jun/2025:11:58:52 -0400] "GET /apple-touch-icon.png HTTP/1.1" 301 0 "-" "DuckDuckGo/5 (com.duckduckgo.mobile.android; Android API 35)"
202.214.125.236 - - [08/Jun/2025:11:58:53 -0400] "GET / HTTP/1.1" 200 12467 "-" "DuckDuckGo/5 (com.duckduckgo.mobile.android; Android API 35)"
202.214.125.236 - - [08/Jun/2025:11:58:53 -0400] "GET /favicon.ico HTTP/1.1" 302 0 "-" "DuckDuckGo/5 (com.duckduckgo.mobile.android; Android API 35)"
202.214.125.236 - - [08/Jun/2025:11:58:52 -0400] "POST /wp-admin/admin-ajax.php HTTP/1.1" 200 61 "https://read11.windbreakermanga.com/wind-breaker-chapter-2/" "Mozilla/5.0 (X11; Linux x86_64) AppleWebKit/537.36 (KHTML, like Gecko) Chrome/136.0.0.0 Safari/537.36"
202.214.125.236 - - [08/Jun/2025:11:58:58 -0400] "GET /wind-breaker-chapter-2/ HTTP/1.1" 200 11776 "https://read11.windbreakermanga.com/wind-breaker-chapter-1/" "Mozilla/5.0 (Linux; Android 10; K) AppleWebKit/537.36 (KHTML, like Gecko) Chrome/136.0.0.0 Mobile Safari/537.36"
202.214.125.236 - - [08/Jun/2025:11:58:59 -0400] "GET /apple-touch-icon.png HTTP/1.1" 301 0 "-" "DuckDuckGo/5 (com.duckduckgo.mobile.android; Android API 35)"
202.214.125.236 - - [08/Jun/2025:11:58:59 -0400] "GET / HTTP/1.1" 200 12573 "-" "DuckDuckGo/5 (com.duckduckgo.mobile.android; Android API 35)"
202.214.125.236 - - [08/Jun/2025:11:58:59 -0400] "POST /wp-admin/admin-ajax.php HTTP/1.1" 200 61 "https://read11.windbreakermanga.com/wind-breaker-chapter-2/" "Mozilla/5.0 (Linux; Android 10; K) AppleWebKit/537.36 (KHTML, like Gecko) Chrome/136.0.0.0 Mobile Safari/537.36"
202.214.125.236 - - [08/Jun/2025:11:58:59 -0400] "GET /favicon.ico HTTP/1.1" 302 0 "-" "DuckDuckGo/5 (com.duckduckgo.mobile.android; Android API 35)"
66.249.77.194 - - [08/Jun/2025:11:59:04 -0400] "POST /wp-admin/admin-ajax.php HTTP/1.1" 200 61 "https://read11.windbreakermanga.com/wind-breaker-chapter-367/" "Mozilla/5.0 (Linux; Android 6.0.1; Nexus 5X Build/MMB29P) AppleWebKit/537.36 (KHTML, like Gecko) Chrome/136.0.7103.92 Mobile Safari/537.36 (compatible; Googlebot/2.1; +http://www.google.com/bot.html)"
2a03:2880:f800:2:: - - [08/Jun/2025:11:59:08 -0400] "GET /category/manga/page/4/ HTTP/1.1" 200 13024 "-" "meta-externalagent/1.1 (+https://developers.facebook.com/docs/sharing/webmasters/crawler)"
202.214.125.236 - - [08/Jun/2025:12:00:21 -0400] "GET /apple-touch-icon.png HTTP/1.1" 301 0 "-" "DuckDuckGo/5 (com.duckduckgo.mobile.android; Android API 35)"
162.0.232.193 - - [08/Jun/2025:12:00:22 -0400] "POST /wp-cron.php?doing_wp_cron=1749398421.8945209980010986328125 HTTP/1.1" 200 0 "-" "WordPress/6.8.1; https://read11.windbreakermanga.com"
202.214.125.236 - - [08/Jun/2025:12:00:21 -0400] "POST /wp-admin/admin-ajax.php HTTP/1.1" 200 0 "https://read11.windbreakermanga.com/wind-breaker-chapter-1/" "Mozilla/5.0 (Linux; Android 10; K) AppleWebKit/537.36 (KHTML, like Gecko) Chrome/136.0.0.0 Mobile Safari/537.36"
202.214.125.236 - - [08/Jun/2025:12:00:22 -0400] "GET / HTTP/1.1" 200 12573 "-" "DuckDuckGo/5 (com.duckduckgo.mobile.android; Android API 35)"
202.214.125.236 - - [08/Jun/2025:12:00:23 -0400] "GET /apple-touch-icon.png HTTP/1.1" 301 0 "-" "DuckDuckGo/5 (com.duckduckgo.mobile.android; Android API 35)"
202.214.125.236 - - [08/Jun/2025:12:00:23 -0400] "GET / HTTP/1.1" 200 12573 "-" "DuckDuckGo/5 (com.duckduckgo.mobile.android; Android API 35)"
202.214.125.236 - - [08/Jun/2025:12:00:24 -0400] "GET /favicon.ico HTTP/1.1" 302 0 "-" "DuckDuckGo/5 (com.duckduckgo.mobile.android; Android API 35)"
202.214.125.236 - - [08/Jun/2025:12:00:25 -0400] "GET /wind-breaker-chapter-22/ HTTP/1.1" 200 11831 "https://read11.windbreakermanga.com/" "Mozilla/5.0 (Linux; Android 10; K) AppleWebKit/537.36 (KHTML, like Gecko) Chrome/136.0.0.0 Mobile Safari/537.36"
202.214.125.236 - - [08/Jun/2025:12:00:26 -0400] "GET /wind-breaker-chapter-22/ HTTP/1.1" 304 0 "https://read11.windbreakermanga.com/" "Mozilla/5.0 (Linux; Android 15; SM-S918U1 Build/AP3A.240905.015.A2; wv) AppleWebKit/537.36 (KHTML, like Gecko) Version/4.0 Chrome/136.0.7103.125 Mobile Safari/537.36"
202.214.125.236 - - [08/Jun/2025:12:00:27 -0400] "GET /apple-touch-icon.png HTTP/1.1" 301 0 "-" "DuckDuckGo/5 (com.duckduckgo.mobile.android; Android API 35)"
202.214.125.236 - - [08/Jun/2025:12:00:26 -0400] "POST /wp-admin/admin-ajax.php HTTP/1.1" 200 61 "https://read11.windbreakermanga.com/wind-breaker-chapter-22/" "Mozilla/5.0 (Linux; Android 10; K) AppleWebKit/537.36 (KHTML, like Gecko) Chrome/136.0.0.0 Mobile Safari/537.36"
202.214.125.236 - - [08/Jun/2025:12:00:28 -0400] "GET / HTTP/1.1" 200 12667 "-" "DuckDuckGo/5 (com.duckduckgo.mobile.android; Android API 35)"
202.214.125.236 - - [08/Jun/2025:12:00:27 -0400] "GET / HTTP/1.1" 200 12675 "https://read11.windbreakermanga.com/wind-breaker-chapter-22/" "Mozilla/5.0 (Linux; Android 10; K) AppleWebKit/537.36 (KHTML, like Gecko) Chrome/136.0.0.0 Mobile Safari/537.36"
202.214.125.236 - - [08/Jun/2025:12:00:29 -0400] "GET /favicon.ico HTTP/1.1" 302 0 "-" "DuckDuckGo/5 (com.duckduckgo.mobile.android; Android API 35)"
202.214.125.236 - - [08/Jun/2025:12:00:29 -0400] "GET / HTTP/1.1" 304 0 "https://read11.windbreakermanga.com/wind-breaker-chapter-22/" "Mozilla/5.0 (Linux; Android 15; SM-S918U1 Build/AP3A.240905.015.A2; wv) AppleWebKit/537.36 (KHTML, like Gecko) Version/4.0 Chrome/136.0.7103.125 Mobile Safari/537.36"
14.226.229.96 - - [08/Jun/2025:12:01:01 -0400] "GET /wind-breaker-chapter-84/ HTTP/1.1" 200 11902 "-" "Mozilla/5.0 (Linux; Android 10; K) AppleWebKit/537.36 (KHTML, like Gecko) Chrome/121.0.0.0 Mobile Safari/537.36 EdgA/121.0.0.0"
47.82.61.9 - - [08/Jun/2025:12:01:11 -0400] "GET /author/admin/page/51/ HTTP/1.1" 200 12624 "https://read11.windbreakermanga.com/author/admin/page/51/" "Mozilla/5.0 (Windows NT 10.0; Win64; x64) AppleWebKit/537.36 (KHTML, like Gecko) Chrome/114.0.0.0 Safari/537.36 Edg/114.0.1823.43"
202.214.125.236 - - [08/Jun/2025:12:01:11 -0400] "GET /wind-breaker-chapter-23/ HTTP/1.1" 200 11866 "https://read11.windbreakermanga.com/wind-breaker-chapter-22/" "Mozilla/5.0 (Linux; Android 10; K) AppleWebKit/537.36 (KHTML, like Gecko) Chrome/136.0.0.0 Mobile Safari/537.36"
202.214.125.236 - - [08/Jun/2025:12:01:11 -0400] "GET /wind-breaker-chapter-23/ HTTP/1.1" 304 0 "https://read11.windbreakermanga.com/wind-breaker-chapter-22/" "Mozilla/5.0 (Linux; Android 15; SM-S918U1 Build/AP3A.240905.015.A2; wv) AppleWebKit/537.36 (KHTML, like Gecko) Version/4.0 Chrome/136.0.7103.125 Mobile Safari/537.36"
202.214.125.236 - - [08/Jun/2025:12:01:13 -0400] "GET / HTTP/1.1" 304 0 "https://read11.windbreakermanga.com/wind-breaker-chapter-23/" "Mozilla/5.0 (Linux; Android 10; K) AppleWebKit/537.36 (KHTML, like Gecko) Chrome/136.0.0.0 Mobile Safari/537.36"
162.0.232.193 - - [08/Jun/2025:12:01:13 -0400] "POST /wp-cron.php?doing_wp_cron=1749398472.9831879138946533203125 HTTP/1.1" 200 0 "-" "WordPress/6.8.1; https://read11.windbreakermanga.com"
202.214.125.236 - - [08/Jun/2025:12:01:13 -0400] "GET / HTTP/1.1" 304 0 "https://read11.windbreakermanga.com/wind-breaker-chapter-23/" "Mozilla/5.0 (Linux; Android 15; SM-S918U1 Build/AP3A.240905.015.A2; wv) AppleWebKit/537.36 (KHTML, like Gecko) Version/4.0 Chrome/136.0.7103.125 Mobile Safari/537.36"
202.214.125.236 - - [08/Jun/2025:12:01:13 -0400] "GET /apple-touch-icon.png HTTP/1.1" 301 0 "-" "DuckDuckGo/5 (com.duckduckgo.mobile.android; Android API 35)"
202.214.125.236 - - [08/Jun/2025:12:01:12 -0400] "POST /wp-admin/admin-ajax.php HTTP/1.1" 200 61 "https://read11.windbreakermanga.com/wind-breaker-chapter-23/" "Mozilla/5.0 (Linux; Android 10; K) AppleWebKit/537.36 (KHTML, like Gecko) Chrome/136.0.0.0 Mobile Safari/537.36"
202.214.125.236 - - [08/Jun/2025:12:01:14 -0400] "GET / HTTP/1.1" 200 12552 "-" "DuckDuckGo/5 (com.duckduckgo.mobile.android; Android API 35)"
162.0.232.193 - - [08/Jun/2025:12:01:14 -0400] "GET / HTTP/1.1" 200 12665 "-" "WP Rocket/Preload"
202.214.125.236 - - [08/Jun/2025:12:01:15 -0400] "GET /favicon.ico HTTP/1.1" 302 0 "-" "DuckDuckGo/5 (com.duckduckgo.mobile.android; Android API 35)"
162.0.232.193 - - [08/Jun/2025:12:01:16 -0400] "GET / HTTP/1.1" 200 12552 "-" "WP Rocket/Preload Mozilla/5.0 (iPhone; CPU iPhone OS 9_1 like Mac OS X) AppleWebKit/601.1.46 (KHTML, like Gecko) Version/9.0 Mobile/13B143 Safari/601.1"
2a03:2880:f800:6:: - - [08/Jun/2025:12:01:18 -0400] "GET /category/wind-breaker-manhwa/page/14/ HTTP/1.1" 200 12927 "-" "meta-externalagent/1.1 (+https://developers.facebook.com/docs/sharing/webmasters/crawler)"
162.0.232.193 - - [08/Jun/2025:12:01:19 -0400] "GET /wp-content/uploads/f979bbbcbe9df560cb74049269d2541e_4104.xml HTTP/1.1" 200 2263 "-" "Mozilla/5.0 (X11; Linux x86_64) AppleWebKit/537.36 (KHTML, like Gecko) Ubuntu Chromium/41.0.2272.76"
23.98.186.206 - - [08/Jun/2025:12:01:32 -0400] "GET / HTTP/1.1" 200 12564 "-" "Mozilla/5.0 AppleWebKit/537.36 (KHTML, like Gecko); compatible; ChatGPT-User/1.0; +https://openai.com/bot"
202.214.125.236 - - [08/Jun/2025:12:01:46 -0400] "GET /wind-breaker-chapter-24/ HTTP/1.1" 200 11909 "https://read11.windbreakermanga.com/wind-breaker-chapter-23/" "Mozilla/5.0 (Linux; Android 10; K) AppleWebKit/537.36 (KHTML, like Gecko) Chrome/136.0.0.0 Mobile Safari/537.36"
202.214.125.236 - - [08/Jun/2025:12:01:46 -0400] "GET /wind-breaker-chapter-24/ HTTP/1.1" 304 0 "https://read11.windbreakermanga.com/wind-breaker-chapter-23/" "Mozilla/5.0 (Linux; Android 15; SM-S918U1 Build/AP3A.240905.015.A2; wv) AppleWebKit/537.36 (KHTML, like Gecko) Version/4.0 Chrome/136.0.7103.125 Mobile Safari/537.36"
202.214.125.236 - - [08/Jun/2025:12:01:47 -0400] "POST /wp-admin/admin-ajax.php HTTP/1.1" 200 61 "https://read11.windbreakermanga.com/wind-breaker-chapter-24/" "Mozilla/5.0 (Linux; Android 10; K) AppleWebKit/537.36 (KHTML, like Gecko) Chrome/136.0.0.0 Mobile Safari/537.36"
202.214.125.236 - - [08/Jun/2025:12:01:48 -0400] "GET /apple-touch-icon.png HTTP/1.1" 301 0 "-" "DuckDuckGo/5 (com.duckduckgo.mobile.android; Android API 35)"
202.214.125.236 - - [08/Jun/2025:12:01:49 -0400] "GET / HTTP/1.1" 200 12552 "-" "DuckDuckGo/5 (com.duckduckgo.mobile.android; Android API 35)"
202.214.125.236 - - [08/Jun/2025:12:01:49 -0400] "GET /favicon.ico HTTP/1.1" 302 0 "-" "DuckDuckGo/5 (com.duckduckgo.mobile.android; Android API 35)"
66.249.77.192 - - [08/Jun/2025:12:02:01 -0400] "GET /author/admin/page/24/ HTTP/1.1" 200 13117 "-" "Mozilla/5.0 (Linux; Android 6.0.1; Nexus 5X Build/MMB29P) AppleWebKit/537.36 (KHTML, like Gecko) Chrome/136.0.7103.113 Mobile Safari/537.36 (compatible; Googlebot/2.1; +http://www.google.com/bot.html)"
23.98.186.203 - - [08/Jun/2025:12:02:14 -0400] "GET /wind-breaker-chapter-182/ HTTP/1.1" 200 12242 "-" "Mozilla/5.0 AppleWebKit/537.36 (KHTML, like Gecko); compatible; ChatGPT-User/1.0; +https://openai.com/bot"
202.214.125.236 - - [08/Jun/2025:12:02:14 -0400] "GET /wind-breaker-chapter-25/ HTTP/1.1" 200 11929 "https://read11.windbreakermanga.com/wind-breaker-chapter-24/" "Mozilla/5.0 (Linux; Android 10; K) AppleWebKit/537.36 (KHTML, like Gecko) Chrome/136.0.0.0 Mobile Safari/537.36"
202.214.125.236 - - [08/Jun/2025:12:02:15 -0400] "GET /wind-breaker-chapter-25/ HTTP/1.1" 304 0 "https://read11.windbreakermanga.com/wind-breaker-chapter-24/" "Mozilla/5.0 (Linux; Android 15; SM-S918U1 Build/AP3A.240905.015.A2; wv) AppleWebKit/537.36 (KHTML, like Gecko) Version/4.0 Chrome/136.0.7103.125 Mobile Safari/537.36"
162.0.232.193 - - [08/Jun/2025:12:02:16 -0400] "POST /wp-cron.php?doing_wp_cron=1749398536.2924320697784423828125 HTTP/1.1" 200 0 "-" "WordPress/6.8.1; https://read11.windbreakermanga.com"
202.214.125.236 - - [08/Jun/2025:12:02:15 -0400] "POST /wp-admin/admin-ajax.php HTTP/1.1" 200 61 "https://read11.windbreakermanga.com/wind-breaker-chapter-25/" "Mozilla/5.0 (Linux; Android 10; K) AppleWebKit/537.36 (KHTML, like Gecko) Chrome/136.0.0.0 Mobile Safari/537.36"
202.214.125.236 - - [08/Jun/2025:12:02:17 -0400] "GET /apple-touch-icon.png HTTP/1.1" 301 0 "-" "DuckDuckGo/5 (com.duckduckgo.mobile.android; Android API 35)"
202.214.125.236 - - [08/Jun/2025:12:02:18 -0400] "GET / HTTP/1.1" 200 12552 "-" "DuckDuckGo/5 (com.duckduckgo.mobile.android; Android API 35)"
202.214.125.236 - - [08/Jun/2025:12:02:18 -0400] "GET /favicon.ico HTTP/1.1" 302 0 "-" "DuckDuckGo/5 (com.duckduckgo.mobile.android; Android API 35)"
47.82.60.7 - - [08/Jun/2025:12:02:24 -0400] "GET /wind-breaker-chapter-42/ HTTP/1.1" 200 11962 "https://read11.windbreakermanga.com/wind-breaker-chapter-42/" "Mozilla/5.0 (Windows NT 10.0; Win64; x64) AppleWebKit/537.36 (KHTML, like Gecko) Chrome/114.0.0.0 Safari/537.36 Edg/114.0.1823.43"
3.253.70.179 - - [08/Jun/2025:12:02:31 -0400] "GET / HTTP/1.1" 200 12564 "-" "python-requests/2.24.0"
52.167.144.25 - - [08/Jun/2025:12:02:31 -0400] "GET /wind-breaker-chapter-433/ HTTP/1.1" 200 11756 "-" "Mozilla/5.0 AppleWebKit/537.36 (KHTML, like Gecko; compatible; bingbot/2.0; +http://www.bing.com/bingbot.htm) Chrome/116.0.1938.76 Safari/537.36"
202.214.125.236 - - [08/Jun/2025:12:02:43 -0400] "GET /wind-breaker-chapter-26/ HTTP/1.1" 200 11898 "https://read11.windbreakermanga.com/wind-breaker-chapter-25/" "Mozilla/5.0 (Linux; Android 10; K) AppleWebKit/537.36 (KHTML, like Gecko) Chrome/136.0.0.0 Mobile Safari/537.36"
202.214.125.236 - - [08/Jun/2025:12:02:43 -0400] "GET /wind-breaker-chapter-26/ HTTP/1.1" 304 0 "https://read11.windbreakermanga.com/wind-breaker-chapter-25/" "Mozilla/5.0 (Linux; Android 15; SM-S918U1 Build/AP3A.240905.015.A2; wv) AppleWebKit/537.36 (KHTML, like Gecko) Version/4.0 Chrome/136.0.7103.125 Mobile Safari/537.36"
162.0.232.193 - - [08/Jun/2025:12:02:44 -0400] "POST /wp-cron.php?doing_wp_cron=1749398564.2506740093231201171875 HTTP/1.1" 200 0 "-" "WordPress/6.8.1; https://read11.windbreakermanga.com"
202.214.125.236 - - [08/Jun/2025:12:02:44 -0400] "POST /wp-admin/admin-ajax.php HTTP/1.1" 200 61 "https://read11.windbreakermanga.com/wind-breaker-chapter-26/" "Mozilla/5.0 (Linux; Android 10; K) AppleWebKit/537.36 (KHTML, like Gecko) Chrome/136.0.0.0 Mobile Safari/537.36"
202.214.125.236 - - [08/Jun/2025:12:02:45 -0400] "GET /apple-touch-icon.png HTTP/1.1" 301 0 "-" "DuckDuckGo/5 (com.duckduckgo.mobile.android; Android API 35)"
202.214.125.236 - - [08/Jun/2025:12:02:46 -0400] "GET / HTTP/1.1" 200 12552 "-" "DuckDuckGo/5 (com.duckduckgo.mobile.android; Android API 35)"
202.214.125.236 - - [08/Jun/2025:12:02:46 -0400] "GET /favicon.ico HTTP/1.1" 302 0 "-" "DuckDuckGo/5 (com.duckduckgo.mobile.android; Android API 35)"
103.167.217.137 - - [08/Jun/2025:12:02:59 -0400] "GET /wp-login.php HTTP/1.1" 200 1886 "-" "Mozilla/5.0 (X11; Ubuntu; Linux x86_64; rv:85.0) Gecko/20100101 Firefox/91.0"
103.167.217.137 - - [08/Jun/2025:12:03:00 -0400] "POST /wp-login.php HTTP/1.1" 200 2035 "-" "Mozilla/5.0 (X11; Ubuntu; Linux x86_64; rv:85.0) Gecko/20100101 Firefox/91.0"
2001:ee0:4f39:68de:3080:1a2e:bc:3dee - - [08/Jun/2025:12:03:06 -0400] "GET / HTTP/1.1" 200 12564 "-" "Mozilla/5.0 (Windows NT 10.0; Win64; x64) AppleWebKit/537.36 (KHTML, like Gecko) Chrome/122.0.0.0 Safari/537.36"
47.82.60.175 - - [08/Jun/2025:12:03:08 -0400] "GET /category/wind-breaker-webtoon/page/51/ HTTP/1.1" 200 12483 "https://read11.windbreakermanga.com/category/wind-breaker-webtoon/page/51/" "Mozilla/5.0 (Windows NT 10.0; Win64; x64) AppleWebKit/537.36 (KHTML, like Gecko) Chrome/114.0.0.0 Safari/537.36 Edg/114.0.1823.43"
47.79.1.203 - - [08/Jun/2025:12:03:12 -0400] "GET /category/wind-breaker-manhwa/page/51/ HTTP/1.1" 200 12442 "https://read11.windbreakermanga.com/category/wind-breaker-manhwa/page/51/" "Mozilla/5.0 (Windows NT 10.0; Win64; x64) AppleWebKit/537.36 (KHTML, like Gecko) Chrome/114.0.0.0 Safari/537.36 Edg/114.0.1823.43"
202.214.125.236 - - [08/Jun/2025:12:03:33 -0400] "GET /wind-breaker-chapter-27/ HTTP/1.1" 200 11933 "https://read11.windbreakermanga.com/wind-breaker-chapter-26/" "Mozilla/5.0 (Linux; Android 10; K) AppleWebKit/537.36 (KHTML, like Gecko) Chrome/136.0.0.0 Mobile Safari/537.36"
202.214.125.236 - - [08/Jun/2025:12:03:34 -0400] "GET /wind-breaker-chapter-27/ HTTP/1.1" 304 0 "https://read11.windbreakermanga.com/wind-breaker-chapter-26/" "Mozilla/5.0 (Linux; Android 15; SM-S918U1 Build/AP3A.240905.015.A2; wv) AppleWebKit/537.36 (KHTML, like Gecko) Version/4.0 Chrome/136.0.7103.125 Mobile Safari/537.36"
202.214.125.236 - - [08/Jun/2025:12:03:34 -0400] "GET / HTTP/1.1" 304 0 "https://read11.windbreakermanga.com/wind-breaker-chapter-27/" "Mozilla/5.0 (Linux; Android 10; K) AppleWebKit/537.36 (KHTML, like Gecko) Chrome/136.0.0.0 Mobile Safari/537.36"
202.214.125.236 - - [08/Jun/2025:12:03:35 -0400] "GET / HTTP/1.1" 304 0 "https://read11.windbreakermanga.com/wind-breaker-chapter-27/" "Mozilla/5.0 (Linux; Android 15; SM-S918U1 Build/AP3A.240905.015.A2; wv) AppleWebKit/537.36 (KHTML, like Gecko) Version/4.0 Chrome/136.0.7103.125 Mobile Safari/537.36"
162.0.232.193 - - [08/Jun/2025:12:03:35 -0400] "POST /wp-cron.php?doing_wp_cron=1749398615.2467610836029052734375 HTTP/1.1" 200 0 "-" "WordPress/6.8.1; https://read11.windbreakermanga.com"
202.214.125.236 - - [08/Jun/2025:12:03:34 -0400] "POST /wp-admin/admin-ajax.php HTTP/1.1" 200 61 "https://read11.windbreakermanga.com/wind-breaker-chapter-27/" "Mozilla/5.0 (Linux; Android 10; K) AppleWebKit/537.36 (KHTML, like Gecko) Chrome/136.0.0.0 Mobile Safari/537.36"
162.0.232.193 - - [08/Jun/2025:12:03:36 -0400] "POST /wp-cron.php?doing_wp_cron=1749398616.7801001071929931640625 HTTP/1.1" 200 0 "-" "WordPress/6.8.1; https://read11.windbreakermanga.com"
202.214.125.236 - - [08/Jun/2025:12:03:36 -0400] "GET /apple-touch-icon.png HTTP/1.1" 301 0 "-" "DuckDuckGo/5 (com.duckduckgo.mobile.android; Android API 35)"
202.214.125.236 - - [08/Jun/2025:12:03:37 -0400] "GET / HTTP/1.1" 200 12552 "-" "DuckDuckGo/5 (com.duckduckgo.mobile.android; Android API 35)"
202.214.125.236 - - [08/Jun/2025:12:03:38 -0400] "GET /favicon.ico HTTP/1.1" 302 0 "-" "DuckDuckGo/5 (com.duckduckgo.mobile.android; Android API 35)"
162.0.232.193 - - [08/Jun/2025:12:03:47 -0400] "POST /wp-cron.php?doing_wp_cron=1749398626.7874159812927246093750 HTTP/1.1" 200 0 "-" "WordPress/6.8.1; https://read11.windbreakermanga.com"
162.0.232.193 - - [08/Jun/2025:12:04:48 -0400] "POST /wp-cron.php?doing_wp_cron=1749398687.8855121135711669921875 HTTP/1.1" 200 0 "-" "WordPress/6.8.1; https://read11.windbreakermanga.com"
43.166.247.82 - - [08/Jun/2025:12:04:47 -0400] "GET /wp-json/wp/v2/posts/4558 HTTP/1.1" 200 27653 "-" "Mozilla/5.0 (iPhone; CPU iPhone OS 13_2_3 like Mac OS X) AppleWebKit/605.1.15 (KHTML, like Gecko) Version/13.0.3 Mobile/15E148 Safari/604.1"
162.0.232.193 - - [08/Jun/2025:12:04:50 -0400] "GET /wp-content/uploads/f979bbbcbe9df560cb74049269d2541e_4104.xml HTTP/1.1" 200 2572 "-" "Mozilla/5.0 (X11; Linux x86_64) AppleWebKit/537.36 (KHTML, like Gecko) Ubuntu Chromium/41.0.2272.76"
47.82.60.134 - - [08/Jun/2025:12:05:05 -0400] "GET /category/wind-breaker-manhwa/page/50/ HTTP/1.1" 200 12444 "https://read11.windbreakermanga.com/category/wind-breaker-manhwa/page/50/" "Mozilla/5.0 (Windows NT 10.0; Win64; x64) AppleWebKit/537.36 (KHTML, like Gecko) Chrome/114.0.0.0 Safari/537.36 Edg/114.0.1823.43"
202.214.125.236 - - [08/Jun/2025:12:05:26 -0400] "GET /wind-breaker-chapter-26/ HTTP/1.1" 304 0 "https://read11.windbreakermanga.com/wind-breaker-chapter-27/" "Mozilla/5.0 (Linux; Android 10; K) AppleWebKit/537.36 (KHTML, like Gecko) Chrome/136.0.0.0 Mobile Safari/537.36"
202.214.125.236 - - [08/Jun/2025:12:05:27 -0400] "GET /wind-breaker-chapter-26/ HTTP/1.1" 304 0 "https://read11.windbreakermanga.com/wind-breaker-chapter-27/" "Mozilla/5.0 (Linux; Android 15; SM-S918U1 Build/AP3A.240905.015.A2; wv) AppleWebKit/537.36 (KHTML, like Gecko) Version/4.0 Chrome/136.0.7103.125 Mobile Safari/537.36"
202.214.125.236 - - [08/Jun/2025:12:05:28 -0400] "GET /wind-breaker-chapter-28/ HTTP/1.1" 200 11900 "https://read11.windbreakermanga.com/wind-breaker-chapter-27/" "Mozilla/5.0 (Linux; Android 10; K) AppleWebKit/537.36 (KHTML, like Gecko) Chrome/136.0.0.0 Mobile Safari/537.36"
202.214.125.236 - - [08/Jun/2025:12:05:28 -0400] "GET /wind-breaker-chapter-28/ HTTP/1.1" 304 0 "https://read11.windbreakermanga.com/wind-breaker-chapter-27/" "Mozilla/5.0 (Linux; Android 15; SM-S918U1 Build/AP3A.240905.015.A2; wv) AppleWebKit/537.36 (KHTML, like Gecko) Version/4.0 Chrome/136.0.7103.125 Mobile Safari/537.36"
202.214.125.236 - - [08/Jun/2025:12:05:28 -0400] "POST /wp-admin/admin-ajax.php HTTP/1.1" 200 61 "https://read11.windbreakermanga.com/wind-breaker-chapter-28/" "Mozilla/5.0 (Linux; Android 10; K) AppleWebKit/537.36 (KHTML, like Gecko) Chrome/136.0.0.0 Mobile Safari/537.36"
202.214.125.236 - - [08/Jun/2025:12:05:30 -0400] "GET /apple-touch-icon.png HTTP/1.1" 301 0 "-" "DuckDuckGo/5 (com.duckduckgo.mobile.android; Android API 35)"
202.214.125.236 - - [08/Jun/2025:12:05:31 -0400] "GET / HTTP/1.1" 200 12552 "-" "DuckDuckGo/5 (com.duckduckgo.mobile.android; Android API 35)"
202.214.125.236 - - [08/Jun/2025:12:05:31 -0400] "GET /favicon.ico HTTP/1.1" 302 0 "-" "DuckDuckGo/5 (com.duckduckgo.mobile.android; Android API 35)"
47.82.60.75 - - [08/Jun/2025:12:05:44 -0400] "GET /chapter-411/ HTTP/1.1" 200 10759 "https://read11.windbreakermanga.com/chapter-411/" "Mozilla/5.0 (Windows NT 10.0; Win64; x64) AppleWebKit/537.36 (KHTML, like Gecko) Chrome/114.0.0.0 Safari/537.36 Edg/114.0.1823.43"
162.0.232.193 - - [08/Jun/2025:12:06:23 -0400] "POST /wp-cron.php?doing_wp_cron=1749398783.0088820457458496093750 HTTP/1.1" 200 0 "-" "WordPress/6.8.1; https://read11.windbreakermanga.com"
2a03:2880:f800:15:: - - [08/Jun/2025:12:06:22 -0400] "GET /category/wind-breaker-manga/page/2/ HTTP/1.1" 200 12377 "-" "meta-externalagent/1.1 (+https://developers.facebook.com/docs/sharing/webmasters/crawler)"
2a03:2880:f800:6:: - - [08/Jun/2025:12:06:31 -0400] "GET /wind-breaker-chapter-182-part-2-ep-114/ HTTP/1.1" 301 0 "-" "meta-externalagent/1.1 (+https://developers.facebook.com/docs/sharing/webmasters/crawler)"
2a03:2880:f800:6:: - - [08/Jun/2025:12:06:36 -0400] "GET / HTTP/1.1" 200 12564 "-" "meta-externalagent/1.1 (+https://developers.facebook.com/docs/sharing/webmasters/crawler)"
162.0.232.193 - - [08/Jun/2025:12:06:39 -0400] "POST /wp-cron.php?doing_wp_cron=1749398799.6775050163269042968750 HTTP/1.1" 200 0 "-" "WordPress/6.8.1; https://read11.windbreakermanga.com"
14.191.94.135 - - [08/Jun/2025:12:06:39 -0400] "GET /wind-breaker-chapter-265-part-3-ep-15/ HTTP/1.1" 301 0 "-" "Mozilla/5.0 (Windows NT 10.0; Win64; x64) AppleWebKit/537.36 (KHTML, like Gecko) Chrome/121.0.0.0 Safari/537.36 Edg/121.0.0.0"
2001:ee0:4870:68d8:5875:b812:d05b:5002 - - [08/Jun/2025:12:06:47 -0400] "GET / HTTP/1.1" 200 12564 "-" "Mozilla/5.0 (Windows NT 10.0; Win64; x64) AppleWebKit/537.36 (KHTML, like Gecko) Chrome/121.0.0.0 Safari/537.36 Edg/121.0.0.0"
66.249.77.193 - - [08/Jun/2025:12:07:03 -0400] "GET /wind-breaker-chapter-254/ HTTP/1.1" 200 12250 "-" "Mozilla/5.0 (Linux; Android 6.0.1; Nexus 5X Build/MMB29P) AppleWebKit/537.36 (KHTML, like Gecko) Chrome/136.0.7103.113 Mobile Safari/537.36 (compatible; Googlebot/2.1; +http://www.google.com/bot.html)"
202.214.125.236 - - [08/Jun/2025:12:07:04 -0400] "GET /wind-breaker-chapter-29/ HTTP/1.1" 200 11927 "https://read11.windbreakermanga.com/wind-breaker-chapter-28/" "Mozilla/5.0 (Linux; Android 10; K) AppleWebKit/537.36 (KHTML, like Gecko) Chrome/136.0.0.0 Mobile Safari/537.36"
202.214.125.236 - - [08/Jun/2025:12:07:05 -0400] "GET /wind-breaker-chapter-29/ HTTP/1.1" 304 0 "https://read11.windbreakermanga.com/wind-breaker-chapter-28/" "Mozilla/5.0 (Linux; Android 15; SM-S918U1 Build/AP3A.240905.015.A2; wv) AppleWebKit/537.36 (KHTML, like Gecko) Version/4.0 Chrome/136.0.7103.125 Mobile Safari/537.36"
162.0.232.193 - - [08/Jun/2025:12:07:06 -0400] "POST /wp-cron.php?doing_wp_cron=1749398826.2192509174346923828125 HTTP/1.1" 200 0 "-" "WordPress/6.8.1; https://read11.windbreakermanga.com"
202.214.125.236 - - [08/Jun/2025:12:07:06 -0400] "POST /wp-admin/admin-ajax.php HTTP/1.1" 200 61 "https://read11.windbreakermanga.com/wind-breaker-chapter-29/" "Mozilla/5.0 (Linux; Android 10; K) AppleWebKit/537.36 (KHTML, like Gecko) Chrome/136.0.0.0 Mobile Safari/537.36"
66.249.77.194 - - [08/Jun/2025:12:07:05 -0400] "POST /wp-admin/admin-ajax.php HTTP/1.1" 200 61 "https://read11.windbreakermanga.com/wind-breaker-chapter-254/" "Mozilla/5.0 (Linux; Android 6.0.1; Nexus 5X Build/MMB29P) AppleWebKit/537.36 (KHTML, like Gecko) Chrome/136.0.7103.92 Mobile Safari/537.36 (compatible; Googlebot/2.1; +http://www.google.com/bot.html)"
202.214.125.236 - - [08/Jun/2025:12:07:07 -0400] "GET /apple-touch-icon.png HTTP/1.1" 301 0 "-" "DuckDuckGo/5 (com.duckduckgo.mobile.android; Android API 35)"
202.214.125.236 - - [08/Jun/2025:12:07:07 -0400] "GET / HTTP/1.1" 200 12552 "-" "DuckDuckGo/5 (com.duckduckgo.mobile.android; Android API 35)"
202.214.125.236 - - [08/Jun/2025:12:07:08 -0400] "GET /favicon.ico HTTP/1.1" 302 0 "-" "DuckDuckGo/5 (com.duckduckgo.mobile.android; Android API 35)"
162.0.232.193 - - [08/Jun/2025:12:07:11 -0400] "POST /wp-cron.php?doing_wp_cron=1749398831.3840270042419433593750 HTTP/1.1" 200 0 "-" "WordPress/6.8.1; https://read11.windbreakermanga.com"
2a03:2880:f800:f:: - - [08/Jun/2025:12:07:14 -0400] "GET / HTTP/1.1" 200 12467 "-" "meta-externalagent/1.1 (+https://developers.facebook.com/docs/sharing/webmasters/crawler)"
2a03:2880:f800:16:: - - [08/Jun/2025:12:07:15 -0400] "GET / HTTP/1.1" 200 12564 "-" "meta-externalagent/1.1 (+https://developers.facebook.com/docs/sharing/webmasters/crawler)"
47.82.61.76 - - [08/Jun/2025:12:07:17 -0400] "GET /wind-breaker-chapter-52/ HTTP/1.1" 200 12231 "https://read11.windbreakermanga.com/wind-breaker-chapter-52/" "Mozilla/5.0 (Windows NT 10.0; Win64; x64) AppleWebKit/537.36 (KHTML, like Gecko) Chrome/114.0.0.0 Safari/537.36 Edg/114.0.1823.43"
202.214.125.236 - - [08/Jun/2025:12:07:21 -0400] "GET /wind-breaker-chapter-30/ HTTP/1.1" 200 11480 "https://read11.windbreakermanga.com/wind-breaker-chapter-29/" "Mozilla/5.0 (Linux; Android 10; K) AppleWebKit/537.36 (KHTML, like Gecko) Chrome/136.0.0.0 Mobile Safari/537.36"
202.214.125.236 - - [08/Jun/2025:12:07:21 -0400] "GET /wind-breaker-chapter-30/ HTTP/1.1" 304 0 "https://read11.windbreakermanga.com/wind-breaker-chapter-29/" "Mozilla/5.0 (Linux; Android 15; SM-S918U1 Build/AP3A.240905.015.A2; wv) AppleWebKit/537.36 (KHTML, like Gecko) Version/4.0 Chrome/136.0.7103.125 Mobile Safari/537.36"
202.214.125.236 - - [08/Jun/2025:12:07:23 -0400] "GET /apple-touch-icon.png HTTP/1.1" 301 0 "-" "DuckDuckGo/5 (com.duckduckgo.mobile.android; Android API 35)"
202.214.125.236 - - [08/Jun/2025:12:07:24 -0400] "GET / HTTP/1.1" 200 12552 "-" "DuckDuckGo/5 (com.duckduckgo.mobile.android; Android API 35)"
202.214.125.236 - - [08/Jun/2025:12:07:24 -0400] "GET /favicon.ico HTTP/1.1" 302 0 "-" "DuckDuckGo/5 (com.duckduckgo.mobile.android; Android API 35)"
202.214.125.236 - - [08/Jun/2025:12:08:15 -0400] "GET /wind-breaker-chapter-31/ HTTP/1.1" 200 11910 "https://read11.windbreakermanga.com/wind-breaker-chapter-30/" "Mozilla/5.0 (Linux; Android 10; K) AppleWebKit/537.36 (KHTML, like Gecko) Chrome/136.0.0.0 Mobile Safari/537.36"
202.214.125.236 - - [08/Jun/2025:12:08:15 -0400] "GET /wind-breaker-chapter-31/ HTTP/1.1" 304 0 "https://read11.windbreakermanga.com/wind-breaker-chapter-30/" "Mozilla/5.0 (Linux; Android 15; SM-S918U1 Build/AP3A.240905.015.A2; wv) AppleWebKit/537.36 (KHTML, like Gecko) Version/4.0 Chrome/136.0.7103.125 Mobile Safari/537.36"
162.0.232.193 - - [08/Jun/2025:12:08:17 -0400] "POST /wp-cron.php?doing_wp_cron=1749398896.9411799907684326171875 HTTP/1.1" 200 0 "-" "WordPress/6.8.1; https://read11.windbreakermanga.com"
202.214.125.236 - - [08/Jun/2025:12:08:16 -0400] "POST /wp-admin/admin-ajax.php HTTP/1.1" 200 61 "https://read11.windbreakermanga.com/wind-breaker-chapter-31/" "Mozilla/5.0 (Linux; Android 10; K) AppleWebKit/537.36 (KHTML, like Gecko) Chrome/136.0.0.0 Mobile Safari/537.36"
202.214.125.236 - - [08/Jun/2025:12:08:18 -0400] "GET /apple-touch-icon.png HTTP/1.1" 301 0 "-" "DuckDuckGo/5 (com.duckduckgo.mobile.android; Android API 35)"
202.214.125.236 - - [08/Jun/2025:12:08:19 -0400] "GET / HTTP/1.1" 200 12552 "-" "DuckDuckGo/5 (com.duckduckgo.mobile.android; Android API 35)"
202.214.125.236 - - [08/Jun/2025:12:08:20 -0400] "GET /favicon.ico HTTP/1.1" 302 0 "-" "DuckDuckGo/5 (com.duckduckgo.mobile.android; Android API 35)"
162.0.232.193 - - [08/Jun/2025:12:08:20 -0400] "GET /wp-content/uploads/f979bbbcbe9df560cb74049269d2541e_4104.xml HTTP/1.1" 200 2572 "-" "Mozilla/5.0 (X11; Linux x86_64) AppleWebKit/537.36 (KHTML, like Gecko) Ubuntu Chromium/41.0.2272.76"
202.214.125.236 - - [08/Jun/2025:12:08:31 -0400] "GET /wind-breaker-chapter-32/ HTTP/1.1" 200 11940 "https://read11.windbreakermanga.com/wind-breaker-chapter-31/" "Mozilla/5.0 (Linux; Android 10; K) AppleWebKit/537.36 (KHTML, like Gecko) Chrome/136.0.0.0 Mobile Safari/537.36"
202.214.125.236 - - [08/Jun/2025:12:08:31 -0400] "GET /wind-breaker-chapter-32/ HTTP/1.1" 304 0 "https://read11.windbreakermanga.com/wind-breaker-chapter-31/" "Mozilla/5.0 (Linux; Android 15; SM-S918U1 Build/AP3A.240905.015.A2; wv) AppleWebKit/537.36 (KHTML, like Gecko) Version/4.0 Chrome/136.0.7103.125 Mobile Safari/537.36"
202.214.125.236 - - [08/Jun/2025:12:08:32 -0400] "POST /wp-admin/admin-ajax.php HTTP/1.1" 200 61 "https://read11.windbreakermanga.com/wind-breaker-chapter-32/" "Mozilla/5.0 (Linux; Android 10; K) AppleWebKit/537.36 (KHTML, like Gecko) Chrome/136.0.0.0 Mobile Safari/537.36"
202.214.125.236 - - [08/Jun/2025:12:08:33 -0400] "GET /apple-touch-icon.png HTTP/1.1" 301 0 "-" "DuckDuckGo/5 (com.duckduckgo.mobile.android; Android API 35)"
202.214.125.236 - - [08/Jun/2025:12:08:33 -0400] "GET / HTTP/1.1" 200 12552 "-" "DuckDuckGo/5 (com.duckduckgo.mobile.android; Android API 35)"
202.214.125.236 - - [08/Jun/2025:12:08:33 -0400] "GET /favicon.ico HTTP/1.1" 302 0 "-" "DuckDuckGo/5 (com.duckduckgo.mobile.android; Android API 35)"
47.82.60.227 - - [08/Jun/2025:12:08:45 -0400] "GET /category/manga/page/7/ HTTP/1.1" 200 12754 "https://read11.windbreakermanga.com/category/manga/page/7/" "Mozilla/5.0 (Windows NT 10.0; Win64; x64) AppleWebKit/537.36 (KHTML, like Gecko) Chrome/114.0.0.0 Safari/537.36 Edg/114.0.1823.43"
202.214.125.236 - - [08/Jun/2025:12:08:51 -0400] "GET /wind-breaker-chapter-33/ HTTP/1.1" 200 11963 "https://read11.windbreakermanga.com/wind-breaker-chapter-32/" "Mozilla/5.0 (Linux; Android 10; K) AppleWebKit/537.36 (KHTML, like Gecko) Chrome/136.0.0.0 Mobile Safari/537.36"
202.214.125.236 - - [08/Jun/2025:12:08:52 -0400] "GET /wind-breaker-chapter-33/ HTTP/1.1" 304 0 "https://read11.windbreakermanga.com/wind-breaker-chapter-32/" "Mozilla/5.0 (Linux; Android 15; SM-S918U1 Build/AP3A.240905.015.A2; wv) AppleWebKit/537.36 (KHTML, like Gecko) Version/4.0 Chrome/136.0.7103.125 Mobile Safari/537.36"
202.214.125.236 - - [08/Jun/2025:12:08:52 -0400] "POST /wp-admin/admin-ajax.php HTTP/1.1" 200 61 "https://read11.windbreakermanga.com/wind-breaker-chapter-33/" "Mozilla/5.0 (Linux; Android 10; K) AppleWebKit/537.36 (KHTML, like Gecko) Chrome/136.0.0.0 Mobile Safari/537.36"
202.214.125.236 - - [08/Jun/2025:12:08:53 -0400] "GET /apple-touch-icon.png HTTP/1.1" 301 0 "-" "DuckDuckGo/5 (com.duckduckgo.mobile.android; Android API 35)"
202.214.125.236 - - [08/Jun/2025:12:08:54 -0400] "GET / HTTP/1.1" 200 12552 "-" "DuckDuckGo/5 (com.duckduckgo.mobile.android; Android API 35)"
202.214.125.236 - - [08/Jun/2025:12:08:54 -0400] "GET /favicon.ico HTTP/1.1" 302 0 "-" "DuckDuckGo/5 (com.duckduckgo.mobile.android; Android API 35)"
162.0.232.193 - - [08/Jun/2025:12:10:18 -0400] "POST /wp-cron.php?doing_wp_cron=1749399017.9088399410247802734375 HTTP/1.1" 200 0 "-" "WordPress/6.8.1; https://read11.windbreakermanga.com"
2001:ee0:429d:b0f8:bd72:dd8e:7c21:adce - - [08/Jun/2025:12:10:25 -0400] "GET / HTTP/1.1" 200 12564 "-" "Mozilla/5.0 (Macintosh; Intel Mac OS X 10_15_7) AppleWebKit/537.36 (KHTML, like Gecko) Chrome/122.0.0.0 Safari/537.36"
47.82.60.68 - - [08/Jun/2025:12:12:09 -0400] "GET /wind-breaker-chapter-55/ HTTP/1.1" 200 11827 "https://read11.windbreakermanga.com/wind-breaker-chapter-55/" "Mozilla/5.0 (Windows NT 10.0; Win64; x64) AppleWebKit/537.36 (KHTML, like Gecko) Chrome/114.0.0.0 Safari/537.36 Edg/114.0.1823.43"
162.0.232.193 - - [08/Jun/2025:12:14:01 -0400] "POST /wp-cron.php?doing_wp_cron=1749399241.2925930023193359375000 HTTP/1.1" 200 0 "-" "WordPress/6.8.1; https://read11.windbreakermanga.com"
114.119.135.251 - - [08/Jun/2025:12:14:02 -0400] "GET / HTTP/1.1" 200 12552 "https://read8.windbreakermanga.com/wind-breaker/page/40/" "Mozilla/5.0 (Linux; Android 7.0;) AppleWebKit/537.36 (KHTML, like Gecko) Mobile Safari/537.36 (compatible; PetalBot;+https://webmaster.petalsearch.com/site/petalbot)"
162.0.232.193 - - [08/Jun/2025:12:14:05 -0400] "GET /wp-content/uploads/f979bbbcbe9df560cb74049269d2541e_4104.xml HTTP/1.1" 200 2263 "-" "Mozilla/5.0 (X11; Linux x86_64) AppleWebKit/537.36 (KHTML, like Gecko) Ubuntu Chromium/41.0.2272.76"
52.167.144.230 - - [08/Jun/2025:12:14:24 -0400] "GET /wind-breaker-chapter-140/ HTTP/1.1" 200 12257 "-" "Mozilla/5.0 AppleWebKit/537.36 (KHTML, like Gecko; compatible; bingbot/2.0; +http://www.bing.com/bingbot.htm) Chrome/116.0.1938.76 Safari/537.36"
202.214.125.236 - - [08/Jun/2025:12:14:26 -0400] "GET /wind-breaker-chapter-34/ HTTP/1.1" 200 11507 "https://read11.windbreakermanga.com/wind-breaker-chapter-33/" "Mozilla/5.0 (Linux; Android 10; K) AppleWebKit/537.36 (KHTML, like Gecko) Chrome/136.0.0.0 Mobile Safari/537.36"
202.214.125.236 - - [08/Jun/2025:12:14:26 -0400] "GET /wind-breaker-chapter-34/ HTTP/1.1" 304 0 "https://read11.windbreakermanga.com/wind-breaker-chapter-33/" "Mozilla/5.0 (Linux; Android 15; SM-S918U1 Build/AP3A.240905.015.A2; wv) AppleWebKit/537.36 (KHTML, like Gecko) Version/4.0 Chrome/136.0.7103.125 Mobile Safari/537.36"
202.214.125.236 - - [08/Jun/2025:12:14:29 -0400] "GET /apple-touch-icon.png HTTP/1.1" 301 0 "-" "DuckDuckGo/5 (com.duckduckgo.mobile.android; Android API 35)"
202.214.125.236 - - [08/Jun/2025:12:14:30 -0400] "GET / HTTP/1.1" 200 12552 "-" "DuckDuckGo/5 (com.duckduckgo.mobile.android; Android API 35)"
202.214.125.236 - - [08/Jun/2025:12:14:30 -0400] "GET /favicon.ico HTTP/1.1" 302 0 "-" "DuckDuckGo/5 (com.duckduckgo.mobile.android; Android API 35)"
202.214.125.236 - - [08/Jun/2025:12:14:53 -0400] "GET /wind-breaker-chapter-35/ HTTP/1.1" 200 11901 "https://read11.windbreakermanga.com/wind-breaker-chapter-34/" "Mozilla/5.0 (Linux; Android 10; K) AppleWebKit/537.36 (KHTML, like Gecko) Chrome/136.0.0.0 Mobile Safari/537.36"
202.214.125.236 - - [08/Jun/2025:12:14:53 -0400] "GET /wind-breaker-chapter-35/ HTTP/1.1" 304 0 "https://read11.windbreakermanga.com/wind-breaker-chapter-34/" "Mozilla/5.0 (Linux; Android 15; SM-S918U1 Build/AP3A.240905.015.A2; wv) AppleWebKit/537.36 (KHTML, like Gecko) Version/4.0 Chrome/136.0.7103.125 Mobile Safari/537.36"
202.214.125.236 - - [08/Jun/2025:12:14:53 -0400] "POST /wp-admin/admin-ajax.php HTTP/1.1" 200 61 "https://read11.windbreakermanga.com/wind-breaker-chapter-35/" "Mozilla/5.0 (Linux; Android 10; K) AppleWebKit/537.36 (KHTML, like Gecko) Chrome/136.0.0.0 Mobile Safari/537.36"
202.214.125.236 - - [08/Jun/2025:12:14:55 -0400] "GET /apple-touch-icon.png HTTP/1.1" 301 0 "-" "DuckDuckGo/5 (com.duckduckgo.mobile.android; Android API 35)"
202.214.125.236 - - [08/Jun/2025:12:14:55 -0400] "GET / HTTP/1.1" 200 12552 "-" "DuckDuckGo/5 (com.duckduckgo.mobile.android; Android API 35)"
202.214.125.236 - - [08/Jun/2025:12:14:56 -0400] "GET /favicon.ico HTTP/1.1" 302 0 "-" "DuckDuckGo/5 (com.duckduckgo.mobile.android; Android API 35)"
66.249.77.201 - - [08/Jun/2025:12:15:03 -0400] "GET /wind-breaker-chapter-291/ HTTP/1.1" 200 12585 "-" "Mozilla/5.0 (Linux; Android 6.0.1; Nexus 5X Build/MMB29P) AppleWebKit/537.36 (KHTML, like Gecko) Chrome/136.0.7103.113 Mobile Safari/537.36 (compatible; Googlebot/2.1; +http://www.google.com/bot.html)"
162.0.232.193 - - [08/Jun/2025:12:15:07 -0400] "POST /wp-cron.php?doing_wp_cron=1749399307.5087859630584716796875 HTTP/1.1" 200 0 "-" "WordPress/6.8.1; https://read11.windbreakermanga.com"
66.249.77.192 - - [08/Jun/2025:12:15:07 -0400] "POST /wp-admin/admin-ajax.php HTTP/1.1" 200 61 "https://read11.windbreakermanga.com/wind-breaker-chapter-291/" "Mozilla/5.0 (Linux; Android 6.0.1; Nexus 5X Build/MMB29P) AppleWebKit/537.36 (KHTML, like Gecko) Chrome/136.0.7103.92 Mobile Safari/537.36 (compatible; Googlebot/2.1; +http://www.google.com/bot.html)"
162.0.232.193 - - [08/Jun/2025:12:15:20 -0400] "POST /wp-cron.php?doing_wp_cron=1749399320.4863350391387939453125 HTTP/1.1" 200 0 "-" "WordPress/6.8.1; https://read11.windbreakermanga.com"
2a03:2880:f800:1d:: - - [08/Jun/2025:12:15:24 -0400] "GET / HTTP/1.1" 200 12564 "-" "meta-externalagent/1.1 (+https://developers.facebook.com/docs/sharing/webmasters/crawler)"
114.119.135.251 - - [08/Jun/2025:12:15:32 -0400] "GET / HTTP/1.1" 200 12552 "https://read8.windbreakermanga.com/wind-breaker/wind-breaker-chapter-251/" "Mozilla/5.0 (Linux; Android 7.0;) AppleWebKit/537.36 (KHTML, like Gecko) Mobile Safari/537.36 (compatible; PetalBot;+https://webmaster.petalsearch.com/site/petalbot)"
43.159.148.221 - - [08/Jun/2025:12:15:32 -0400] "GET /wp-json/oembed/1.0/embed?url=https%3A%2F%2Fread11.windbreakermanga.com%2Fwind-breaker-chapter-110%2F&format=xml HTTP/1.1" 200 1177 "-" "Mozilla/5.0 (iPhone; CPU iPhone OS 13_2_3 like Mac OS X) AppleWebKit/605.1.15 (KHTML, like Gecko) Version/13.0.3 Mobile/15E148 Safari/604.1"
202.214.125.236 - - [08/Jun/2025:12:16:12 -0400] "GET /wind-breaker-chapter-36/ HTTP/1.1" 200 11935 "https://read11.windbreakermanga.com/wind-breaker-chapter-35/" "Mozilla/5.0 (Linux; Android 10; K) AppleWebKit/537.36 (KHTML, like Gecko) Chrome/136.0.0.0 Mobile Safari/537.36"
202.214.125.236 - - [08/Jun/2025:12:16:13 -0400] "GET /wind-breaker-chapter-36/ HTTP/1.1" 304 0 "https://read11.windbreakermanga.com/wind-breaker-chapter-35/" "Mozilla/5.0 (Linux; Android 15; SM-S918U1 Build/AP3A.240905.015.A2; wv) AppleWebKit/537.36 (KHTML, like Gecko) Version/4.0 Chrome/136.0.7103.125 Mobile Safari/537.36"
162.0.232.193 - - [08/Jun/2025:12:16:14 -0400] "POST /wp-cron.php?doing_wp_cron=1749399374.3090479373931884765625 HTTP/1.1" 200 0 "-" "WordPress/6.8.1; https://read11.windbreakermanga.com"
202.214.125.236 - - [08/Jun/2025:12:16:14 -0400] "GET /apple-touch-icon.png HTTP/1.1" 301 0 "-" "DuckDuckGo/5 (com.duckduckgo.mobile.android; Android API 35)"
202.214.125.236 - - [08/Jun/2025:12:16:13 -0400] "POST /wp-admin/admin-ajax.php HTTP/1.1" 200 61 "https://read11.windbreakermanga.com/wind-breaker-chapter-36/" "Mozilla/5.0 (Linux; Android 10; K) AppleWebKit/537.36 (KHTML, like Gecko) Chrome/136.0.0.0 Mobile Safari/537.36"
202.214.125.236 - - [08/Jun/2025:12:16:15 -0400] "GET / HTTP/1.1" 200 12552 "-" "DuckDuckGo/5 (com.duckduckgo.mobile.android; Android API 35)"
202.214.125.236 - - [08/Jun/2025:12:16:16 -0400] "GET /favicon.ico HTTP/1.1" 302 0 "-" "DuckDuckGo/5 (com.duckduckgo.mobile.android; Android API 35)"
47.79.6.241 - - [08/Jun/2025:12:16:51 -0400] "GET /category/wind-breaker/page/3/ HTTP/1.1" 200 12772 "https://read11.windbreakermanga.com/category/wind-breaker/page/3/" "Mozilla/5.0 (Windows NT 10.0; Win64; x64) AppleWebKit/537.36 (KHTML, like Gecko) Chrome/114.0.0.0 Safari/537.36 Edg/114.0.1823.43"
162.0.232.193 - - [08/Jun/2025:12:16:53 -0400] "POST /wp-cron.php?doing_wp_cron=1749399413.2894918918609619140625 HTTP/1.1" 200 0 "-" "WordPress/6.8.1; https://read11.windbreakermanga.com"
114.119.145.123 - - [08/Jun/2025:12:16:54 -0400] "GET / HTTP/1.1" 200 12552 "https://read8.windbreakermanga.com/wind-breaker/page/45/" "Mozilla/5.0 (Linux; Android 7.0;) AppleWebKit/537.36 (KHTML, like Gecko) Mobile Safari/537.36 (compatible; PetalBot;+https://webmaster.petalsearch.com/site/petalbot)"
47.128.28.54 - - [08/Jun/2025:12:17:10 -0400] "GET /tag/volumes/ HTTP/1.1" 301 0 "-" "Mozilla/5.0 (Linux; Android 5.0) AppleWebKit/537.36 (KHTML, like Gecko) Mobile Safari/537.36 (compatible; Bytespider; [email protected])"
