162.0.232.193 - - [08/Jun/2025:13:31:13 -0400] "POST /wp-cron.php?doing_wp_cron=1749403872.9040040969848632812500 HTTP/1.1" 200 0 "-" "WordPress/6.8.1; https://read11.windbreakermanga.com"
162.0.232.193 - - [08/Jun/2025:13:31:12 -0400] "GET /wind-breaker-chapter-125/ HTTP/1.1" 200 11866 "-" "WP Rocket/Preload"
162.0.232.193 - - [08/Jun/2025:13:31:14 -0400] "GET /wind-breaker-chapter-125/ HTTP/1.1" 200 11960 "-" "WP Rocket/Preload Mozilla/5.0 (iPhone; CPU iPhone OS 9_1 like Mac OS X) AppleWebKit/601.1.46 (KHTML, like Gecko) Version/9.0 Mobile/13B143 Safari/601.1"
162.0.232.193 - - [08/Jun/2025:13:31:14 -0400] "GET /wind-breaker-chapter-94/ HTTP/1.1" 200 12165 "-" "WP Rocket/Preload"
159.89.207.154 - - [08/Jun/2025:13:30:46 -0400] "POST //xmlrpc.php HTTP/1.1" 200 205 "-" "Mozilla/5.0 (Windows NT 10.0; Win64; x64) AppleWebKit/537.36 (KHTML, like Gecko) Chrome/78.0.3904.108 Safari/537.36"
162.0.232.193 - - [08/Jun/2025:13:31:16 -0400] "GET /wind-breaker-chapter-94/ HTTP/1.1" 200 11908 "-" "WP Rocket/Preload Mozilla/5.0 (iPhone; CPU iPhone OS 9_1 like Mac OS X) AppleWebKit/601.1.46 (KHTML, like Gecko) Version/9.0 Mobile/13B143 Safari/601.1"
40.77.167.55 - - [08/Jun/2025:13:31:28 -0400] "GET /wind-breaker-chapter-202/feed/ HTTP/1.1" 200 421 "-" "Mozilla/5.0 AppleWebKit/537.36 (KHTML, like Gecko; compatible; bingbot/2.0; +http://www.bing.com/bingbot.htm) Chrome/116.0.1938.76 Safari/537.36"
162.0.232.193 - - [08/Jun/2025:13:31:45 -0400] "POST /wp-cron.php?doing_wp_cron=1749403905.1940319538116455078125 HTTP/1.1" 200 0 "-" "WordPress/6.8.1; https://read11.windbreakermanga.com"
159.89.207.154 - - [08/Jun/2025:13:31:16 -0400] "POST //xmlrpc.php HTTP/1.1" 200 205 "-" "Mozilla/5.0 (Windows NT 10.0; Win64; x64) AppleWebKit/537.36 (KHTML, like Gecko) Chrome/78.0.3904.108 Safari/537.36"
52.205.141.124 - - [08/Jun/2025:13:31:54 -0400] "GET /manga/wind-breaker-chapter-110/ HTTP/1.1" 301 0 "-" "Mozilla/5.0 AppleWebKit/537.36 (KHTML, like Gecko; compatible; Amazonbot/0.1; +https://developer.amazon.com/support/amazonbot) Chrome/119.0.6045.214 Safari/537.36"
2a03:2880:f800:a:: - - [08/Jun/2025:13:32:02 -0400] "GET /wind-breaker-chapter-332-part-3-ep-82/ HTTP/1.1" 301 0 "-" "meta-externalagent/1.1 (+https://developers.facebook.com/docs/sharing/webmasters/crawler)"
2a03:2880:f800:4:: - - [08/Jun/2025:13:32:06 -0400] "GET / HTTP/1.1" 200 12564 "-" "meta-externalagent/1.1 (+https://developers.facebook.com/docs/sharing/webmasters/crawler)"
162.0.232.193 - - [08/Jun/2025:13:32:15 -0400] "POST /wp-cron.php?doing_wp_cron=1749403935.2423679828643798828125 HTTP/1.1" 200 0 "-" "WordPress/6.8.1; https://read11.windbreakermanga.com"
159.89.207.154 - - [08/Jun/2025:13:31:46 -0400] "POST //xmlrpc.php HTTP/1.1" 200 205 "-" "Mozilla/5.0 (Windows NT 10.0; Win64; x64) AppleWebKit/537.36 (KHTML, like Gecko) Chrome/78.0.3904.108 Safari/537.36"
162.0.232.193 - - [08/Jun/2025:13:32:45 -0400] "POST /wp-cron.php?doing_wp_cron=1749403965.4320750236511230468750 HTTP/1.1" 200 0 "-" "WordPress/6.8.1; https://read11.windbreakermanga.com"
159.89.207.154 - - [08/Jun/2025:13:32:16 -0400] "POST //xmlrpc.php HTTP/1.1" 200 205 "-" "Mozilla/5.0 (Windows NT 10.0; Win64; x64) AppleWebKit/537.36 (KHTML, like Gecko) Chrome/78.0.3904.108 Safari/537.36"
23.21.225.190 - - [08/Jun/2025:13:32:55 -0400] "GET /wind-breaker-chapter-409/ HTTP/1.1" 301 0 "-" "Mozilla/5.0 AppleWebKit/537.36 (KHTML, like Gecko; compatible; Amazonbot/0.1; +https://developer.amazon.com/support/amazonbot) Chrome/119.0.6045.214 Safari/537.36"
54.87.95.7 - - [08/Jun/2025:13:33:03 -0400] "GET /wind-breaker-chapter-195-part-2-ep-127/ HTTP/1.1" 301 0 "-" "Mozilla/5.0 AppleWebKit/537.36 (KHTML, like Gecko; compatible; Amazonbot/0.1; +https://developer.amazon.com/support/amazonbot) Chrome/119.0.6045.214 Safari/537.36"
162.0.232.193 - - [08/Jun/2025:13:33:15 -0400] "POST /wp-cron.php?doing_wp_cron=1749403995.4304950237274169921875 HTTP/1.1" 200 0 "-" "WordPress/6.8.1; https://read11.windbreakermanga.com"
159.89.207.154 - - [08/Jun/2025:13:32:46 -0400] "POST //xmlrpc.php HTTP/1.1" 200 205 "-" "Mozilla/5.0 (Windows NT 10.0; Win64; x64) AppleWebKit/537.36 (KHTML, like Gecko) Chrome/78.0.3904.108 Safari/537.36"
47.79.122.126 - - [08/Jun/2025:13:33:15 -0400] "GET /category/wind-breaker-manhwa/page/20/ HTTP/1.1" 200 13251 "https://read11.windbreakermanga.com/category/wind-breaker-manhwa/page/20/" "Mozilla/5.0 (Windows NT 10.0; Win64; x64) AppleWebKit/537.36 (KHTML, like Gecko) Chrome/114.0.0.0 Safari/537.36 Edg/114.0.1823.43"
162.0.232.193 - - [08/Jun/2025:13:33:45 -0400] "POST /wp-cron.php?doing_wp_cron=1749404025.2418980598449707031250 HTTP/1.1" 200 0 "-" "WordPress/6.8.1; https://read11.windbreakermanga.com"
159.89.207.154 - - [08/Jun/2025:13:33:16 -0400] "POST //xmlrpc.php HTTP/1.1" 200 205 "-" "Mozilla/5.0 (Windows NT 10.0; Win64; x64) AppleWebKit/537.36 (KHTML, like Gecko) Chrome/78.0.3904.108 Safari/537.36"
162.0.232.193 - - [08/Jun/2025:13:34:15 -0400] "POST /wp-cron.php?doing_wp_cron=1749404055.6670579910278320312500 HTTP/1.1" 200 0 "-" "WordPress/6.8.1; https://read11.windbreakermanga.com"
159.89.207.154 - - [08/Jun/2025:13:33:46 -0400] "POST //xmlrpc.php HTTP/1.1" 200 205 "-" "Mozilla/5.0 (Windows NT 10.0; Win64; x64) AppleWebKit/537.36 (KHTML, like Gecko) Chrome/78.0.3904.108 Safari/537.36"
162.0.232.193 - - [08/Jun/2025:13:34:17 -0400] "GET /wp-content/uploads/f979bbbcbe9df560cb74049269d2541e_4104.xml HTTP/1.1" 200 2572 "-" "Mozilla/5.0 (X11; Linux x86_64) AppleWebKit/537.36 (KHTML, like Gecko) Ubuntu Chromium/41.0.2272.76"
159.89.207.154 - - [08/Jun/2025:13:34:16 -0400] "POST //xmlrpc.php HTTP/1.1" 200 205 "-" "Mozilla/5.0 (Windows NT 10.0; Win64; x64) AppleWebKit/537.36 (KHTML, like Gecko) Chrome/78.0.3904.108 Safari/537.36"
43.157.53.115 - - [08/Jun/2025:13:34:47 -0400] "GET /wind-breaker-chapter-7/feed/ HTTP/1.1" 200 420 "-" "Mozilla/5.0 (iPhone; CPU iPhone OS 13_2_3 like Mac OS X) AppleWebKit/605.1.15 (KHTML, like Gecko) Version/13.0.3 Mobile/15E148 Safari/604.1"
194.145.227.125 - - [08/Jun/2025:13:35:01 -0400] "GET /assets/fileupload/server/php/index.php?file=tf2rghf.jpg HTTP/1.1" 301 0 "-" "ALittle Client"
162.0.232.193 - - [08/Jun/2025:13:35:16 -0400] "POST /wp-cron.php?doing_wp_cron=1749404115.9810650348663330078125 HTTP/1.1" 200 0 "-" "WordPress/6.8.1; https://read11.windbreakermanga.com"
159.89.207.154 - - [08/Jun/2025:13:34:45 -0400] "POST //xmlrpc.php HTTP/1.1" 200 205 "-" "Mozilla/5.0 (Windows NT 10.0; Win64; x64) AppleWebKit/537.36 (KHTML, like Gecko) Chrome/78.0.3904.108 Safari/537.36"
123.24.71.94 - - [08/Jun/2025:13:35:35 -0400] "GET / HTTP/1.1" 200 12564 "-" "Mozilla/5.0 (Windows NT 10.0; Win64; x64) AppleWebKit/537.36 (KHTML, like Gecko) Chrome/121.0.0.0 Safari/537.36 Edg/121.0.0.0"
2409:40c4:300e:a54:8000:: - - [08/Jun/2025:13:35:38 -0400] "GET /wind-breaker-chapter-37/ HTTP/1.1" 200 11774 "-" "Mozilla/5.0 (Linux; Android 10; K) AppleWebKit/537.36 (KHTML, like Gecko) Chrome/136.0.0.0 Mobile Safari/537.36"
2409:40c4:300e:a54:8000:: - - [08/Jun/2025:13:35:39 -0400] "GET /wind-breaker-chapter-37/ HTTP/1.1" 304 0 "https://read11.windbreakermanga.com/wind-breaker-chapter-36/" "Mozilla/5.0 (Linux; Android 10; K) AppleWebKit/537.36 (KHTML, like Gecko) Chrome/136.0.0.0 Mobile Safari/537.36"
162.0.232.193 - - [08/Jun/2025:13:35:40 -0400] "POST /wp-cron.php?doing_wp_cron=1749404140.3279490470886230468750 HTTP/1.1" 200 0 "-" "WordPress/6.8.1; https://read11.windbreakermanga.com"
2409:40c4:300e:a54:8000:: - - [08/Jun/2025:13:35:40 -0400] "POST /wp-admin/admin-ajax.php HTTP/1.1" 200 61 "https://read11.windbreakermanga.com/wind-breaker-chapter-37/" "Mozilla/5.0 (Linux; Android 10; K) AppleWebKit/537.36 (KHTML, like Gecko) Chrome/136.0.0.0 Mobile Safari/537.36"
2409:40c4:300e:a54:8000:: - - [08/Jun/2025:13:35:41 -0400] "GET / HTTP/1.1" 304 0 "-" "Mozilla/5.0 (Linux; Android 10; K) AppleWebKit/537.36 (KHTML, like Gecko) Chrome/136.0.0.0 Mobile Safari/537.36"
162.0.232.193 - - [08/Jun/2025:13:35:45 -0400] "POST /wp-cron.php?doing_wp_cron=1749404145.2508881092071533203125 HTTP/1.1" 200 0 "-" "WordPress/6.8.1; https://read11.windbreakermanga.com"
159.89.207.154 - - [08/Jun/2025:13:35:17 -0400] "POST //xmlrpc.php HTTP/1.1" 200 205 "-" "Mozilla/5.0 (Windows NT 10.0; Win64; x64) AppleWebKit/537.36 (KHTML, like Gecko) Chrome/78.0.3904.108 Safari/537.36"
2409:40c4:300e:a54:8000:: - - [08/Jun/2025:13:35:50 -0400] "GET /wind-breaker-chapter-37/ HTTP/1.1" 304 0 "https://read11.windbreakermanga.com/wind-breaker-chapter-36/" "Mozilla/5.0 (Linux; Android 10; K) AppleWebKit/537.36 (KHTML, like Gecko) Chrome/136.0.0.0 Mobile Safari/537.36"
2409:40c4:300e:a54:8000:: - - [08/Jun/2025:13:35:51 -0400] "POST /wp-admin/admin-ajax.php HTTP/1.1" 200 61 "https://read11.windbreakermanga.com/wind-breaker-chapter-37/" "Mozilla/5.0 (Linux; Android 10; K) AppleWebKit/537.36 (KHTML, like Gecko) Chrome/136.0.0.0 Mobile Safari/537.36"
194.145.227.125 - - [08/Jun/2025:13:35:54 -0400] "GET / HTTP/1.1" 200 12564 "-" "ALittle Client"
2409:40c4:300e:a54:8000:: - - [08/Jun/2025:13:36:12 -0400] "GET /wind-breaker-chapter-37/ HTTP/1.1" 304 0 "https://read11.windbreakermanga.com/wind-breaker-chapter-36/" "Mozilla/5.0 (Linux; Android 10; K) AppleWebKit/537.36 (KHTML, like Gecko) Chrome/136.0.0.0 Mobile Safari/537.36"
162.0.232.193 - - [08/Jun/2025:13:36:13 -0400] "POST /wp-cron.php?doing_wp_cron=1749404173.3173100948333740234375 HTTP/1.1" 200 0 "-" "WordPress/6.8.1; https://read11.windbreakermanga.com"
2409:40c4:300e:a54:8000:: - - [08/Jun/2025:13:36:13 -0400] "GET /category/manga/ HTTP/1.1" 200 11932 "-" "Mozilla/5.0 (Linux; Android 10; K) AppleWebKit/537.36 (KHTML, like Gecko) Chrome/136.0.0.0 Mobile Safari/537.36"
2409:40c4:300e:a54:8000:: - - [08/Jun/2025:13:36:13 -0400] "POST /wp-admin/admin-ajax.php HTTP/1.1" 200 61 "https://read11.windbreakermanga.com/wind-breaker-chapter-37/" "Mozilla/5.0 (Linux; Android 10; K) AppleWebKit/537.36 (KHTML, like Gecko) Chrome/136.0.0.0 Mobile Safari/537.36"
159.89.207.154 - - [08/Jun/2025:13:35:46 -0400] "POST //xmlrpc.php HTTP/1.1" 200 205 "-" "Mozilla/5.0 (Windows NT 10.0; Win64; x64) AppleWebKit/537.36 (KHTML, like Gecko) Chrome/78.0.3904.108 Safari/537.36"
2409:40c4:300e:a54:8000:: - - [08/Jun/2025:13:36:16 -0400] "GET /wind-breaker-chapter-37/ HTTP/1.1" 304 0 "https://read11.windbreakermanga.com/wind-breaker-chapter-36/" "Mozilla/5.0 (Linux; Android 10; K) AppleWebKit/537.36 (KHTML, like Gecko) Chrome/136.0.0.0 Mobile Safari/537.36"
2409:40c4:300e:a54:8000:: - - [08/Jun/2025:13:36:17 -0400] "GET / HTTP/1.1" 304 0 "-" "Mozilla/5.0 (Linux; Android 10; K) AppleWebKit/537.36 (KHTML, like Gecko) Chrome/136.0.0.0 Mobile Safari/537.36"
2409:40c4:300e:a54:8000:: - - [08/Jun/2025:13:36:17 -0400] "GET /wind-breaker-chapter-37/ HTTP/1.1" 304 0 "https://read11.windbreakermanga.com/wind-breaker-chapter-36/" "Mozilla/5.0 (Linux; Android 10; K) AppleWebKit/537.36 (KHTML, like Gecko) Chrome/136.0.0.0 Mobile Safari/537.36"
2409:40c4:300e:a54:8000:: - - [08/Jun/2025:13:36:16 -0400] "POST /wp-admin/admin-ajax.php HTTP/1.1" 200 61 "https://read11.windbreakermanga.com/wind-breaker-chapter-37/" "Mozilla/5.0 (Linux; Android 10; K) AppleWebKit/537.36 (KHTML, like Gecko) Chrome/136.0.0.0 Mobile Safari/537.36"
2409:40c4:300e:a54:8000:: - - [08/Jun/2025:13:36:18 -0400] "GET / HTTP/1.1" 304 0 "-" "Mozilla/5.0 (Linux; Android 10; K) AppleWebKit/537.36 (KHTML, like Gecko) Chrome/136.0.0.0 Mobile Safari/537.36"
2409:40c4:300e:a54:8000:: - - [08/Jun/2025:13:36:18 -0400] "POST /wp-admin/admin-ajax.php HTTP/1.1" 200 61 "https://read11.windbreakermanga.com/wind-breaker-chapter-37/" "Mozilla/5.0 (Linux; Android 10; K) AppleWebKit/537.36 (KHTML, like Gecko) Chrome/136.0.0.0 Mobile Safari/537.36"
2409:40c4:300e:a54:8000:: - - [08/Jun/2025:13:36:27 -0400] "GET /wind-breaker-chapter-37/ HTTP/1.1" 304 0 "https://read11.windbreakermanga.com/wind-breaker-chapter-36/" "Mozilla/5.0 (Linux; Android 10; K) AppleWebKit/537.36 (KHTML, like Gecko) Chrome/136.0.0.0 Mobile Safari/537.36"
2409:40c4:300e:a54:8000:: - - [08/Jun/2025:13:36:28 -0400] "POST /wp-admin/admin-ajax.php HTTP/1.1" 200 61 "https://read11.windbreakermanga.com/wind-breaker-chapter-37/" "Mozilla/5.0 (Linux; Android 10; K) AppleWebKit/537.36 (KHTML, like Gecko) Chrome/136.0.0.0 Mobile Safari/537.36"
162.0.232.193 - - [08/Jun/2025:13:36:46 -0400] "POST /wp-cron.php?doing_wp_cron=1749404205.8569719791412353515625 HTTP/1.1" 200 0 "-" "WordPress/6.8.1; https://read11.windbreakermanga.com"
159.89.207.154 - - [08/Jun/2025:13:36:15 -0400] "POST //xmlrpc.php HTTP/1.1" 200 205 "-" "Mozilla/5.0 (Windows NT 10.0; Win64; x64) AppleWebKit/537.36 (KHTML, like Gecko) Chrome/78.0.3904.108 Safari/537.36"
3.230.224.6 - - [08/Jun/2025:13:36:59 -0400] "GET /wind-breaker-chapter-192-part-2-ep-124/ HTTP/1.1" 301 0 "-" "Mozilla/5.0 AppleWebKit/537.36 (KHTML, like Gecko; compatible; Amazonbot/0.1; +https://developer.amazon.com/support/amazonbot) Chrome/119.0.6045.214 Safari/537.36"
2a03:2880:f800:17:: - - [08/Jun/2025:13:37:02 -0400] "GET /wind-breaker-chapter-10-1/ HTTP/1.1" 301 0 "-" "meta-externalagent/1.1 (+https://developers.facebook.com/docs/sharing/webmasters/crawler)"
3.208.156.9 - - [08/Jun/2025:13:37:03 -0400] "GET /wind-breaker-chapter-403/ HTTP/1.1" 301 0 "-" "Mozilla/5.0 AppleWebKit/537.36 (KHTML, like Gecko; compatible; Amazonbot/0.1; +https://developer.amazon.com/support/amazonbot) Chrome/119.0.6045.214 Safari/537.36"
2a03:2880:f800:6:: - - [08/Jun/2025:13:37:05 -0400] "GET / HTTP/1.1" 200 12564 "-" "meta-externalagent/1.1 (+https://developers.facebook.com/docs/sharing/webmasters/crawler)"
162.0.232.193 - - [08/Jun/2025:13:37:16 -0400] "POST /wp-cron.php?doing_wp_cron=1749404235.8346059322357177734375 HTTP/1.1" 200 0 "-" "WordPress/6.8.1; https://read11.windbreakermanga.com"
159.89.207.154 - - [08/Jun/2025:13:36:46 -0400] "POST //xmlrpc.php HTTP/1.1" 200 205 "-" "Mozilla/5.0 (Windows NT 10.0; Win64; x64) AppleWebKit/537.36 (KHTML, like Gecko) Chrome/78.0.3904.108 Safari/537.36"
14.188.25.104 - - [08/Jun/2025:13:37:24 -0400] "GET / HTTP/1.1" 200 12552 "-" "Mozilla/5.0 (Linux; Android 10; K) AppleWebKit/537.36 (KHTML, like Gecko) Chrome/122.0.0.0 Mobile Safari/537.36"
98.84.184.80 - - [08/Jun/2025:13:37:27 -0400] "GET /wind-breaker-chapter-411/ HTTP/1.1" 301 0 "-" "Mozilla/5.0 AppleWebKit/537.36 (KHTML, like Gecko; compatible; Amazonbot/0.1; +https://developer.amazon.com/support/amazonbot) Chrome/119.0.6045.214 Safari/537.36"
47.128.61.24 - - [08/Jun/2025:13:37:43 -0400] "GET /tag/original/ HTTP/1.1" 301 0 "-" "Mozilla/5.0 (Linux; Android 5.0) AppleWebKit/537.36 (KHTML, like Gecko) Mobile Safari/537.36 (compatible; Bytespider; [email protected])"
47.128.61.24 - - [08/Jun/2025:13:37:44 -0400] "GET / HTTP/1.1" 200 12552 "-" "Mozilla/5.0 (Linux; Android 5.0) AppleWebKit/537.36 (KHTML, like Gecko) Mobile Safari/537.36 (compatible; Bytespider; [email protected])"
162.0.232.193 - - [08/Jun/2025:13:37:45 -0400] "POST /wp-cron.php?doing_wp_cron=1749404265.7800309658050537109375 HTTP/1.1" 200 0 "-" "WordPress/6.8.1; https://read11.windbreakermanga.com"
159.89.207.154 - - [08/Jun/2025:13:37:16 -0400] "POST //xmlrpc.php HTTP/1.1" 200 205 "-" "Mozilla/5.0 (Windows NT 10.0; Win64; x64) AppleWebKit/537.36 (KHTML, like Gecko) Chrome/78.0.3904.108 Safari/537.36"
192.0.85.93 - - [08/Jun/2025:13:37:46 -0400] "GET /wp-content/uploads/2022/03/tumblr_cab03e326b977dd50b071e35114800e1_faf8654b_1280.jpeg HTTP/1.1" 301 0 "-" "Photon/1.0"
192.0.85.93 - - [08/Jun/2025:13:37:46 -0400] "GET / HTTP/1.1" 200 12467 "-" "Photon/1.0"
192.0.91.155 - - [08/Jun/2025:13:37:49 -0400] "GET /wp-content/uploads/2022/03/6387248.png HTTP/1.1" 301 0 "-" "Photon/1.0"
192.0.91.155 - - [08/Jun/2025:13:37:49 -0400] "GET / HTTP/1.1" 200 12499 "-" "Photon/1.0"
35.168.238.50 - - [08/Jun/2025:13:37:59 -0400] "GET /wind-breaker-chapter-208-part-2-ep-140/ HTTP/1.1" 301 0 "-" "Mozilla/5.0 AppleWebKit/537.36 (KHTML, like Gecko; compatible; Amazonbot/0.1; +https://developer.amazon.com/support/amazonbot) Chrome/119.0.6045.214 Safari/537.36"
66.249.77.200 - - [08/Jun/2025:13:38:04 -0400] "GET /wind-breaker-chapter-314/feed/ HTTP/1.1" 200 422 "-" "Mozilla/5.0 (Linux; Android 6.0.1; Nexus 5X Build/MMB29P) AppleWebKit/537.36 (KHTML, like Gecko) Chrome/136.0.7103.113 Mobile Safari/537.36 (compatible; Googlebot/2.1; +http://www.google.com/bot.html)"
47.82.60.228 - - [08/Jun/2025:13:38:14 -0400] "GET /wind-breaker-chapter-490/ HTTP/1.1" 200 12104 "https://read11.windbreakermanga.com/wind-breaker-chapter-490/" "Mozilla/5.0 (Windows NT 10.0; Win64; x64) AppleWebKit/537.36 (KHTML, like Gecko) Chrome/114.0.0.0 Safari/537.36 Edg/114.0.1823.43"
162.0.232.193 - - [08/Jun/2025:13:38:15 -0400] "POST /wp-cron.php?doing_wp_cron=1749404295.8067090511322021484375 HTTP/1.1" 200 0 "-" "WordPress/6.8.1; https://read11.windbreakermanga.com"
159.89.207.154 - - [08/Jun/2025:13:37:46 -0400] "POST //xmlrpc.php HTTP/1.1" 200 205 "-" "Mozilla/5.0 (Windows NT 10.0; Win64; x64) AppleWebKit/537.36 (KHTML, like Gecko) Chrome/78.0.3904.108 Safari/537.36"
162.0.232.193 - - [08/Jun/2025:13:38:18 -0400] "GET /wp-content/uploads/f979bbbcbe9df560cb74049269d2541e_4104.xml HTTP/1.1" 200 2572 "-" "Mozilla/5.0 (X11; Linux x86_64) AppleWebKit/537.36 (KHTML, like Gecko) Ubuntu Chromium/41.0.2272.76"
47.82.60.105 - - [08/Jun/2025:13:38:33 -0400] "GET /wind-breaker-chapter-487/ HTTP/1.1" 200 12159 "https://read11.windbreakermanga.com/wind-breaker-chapter-487/" "Mozilla/5.0 (Windows NT 10.0; Win64; x64) AppleWebKit/537.36 (KHTML, like Gecko) Chrome/114.0.0.0 Safari/537.36 Edg/114.0.1823.43"
47.128.47.131 - - [08/Jun/2025:13:38:43 -0400] "GET /tag/volume/ HTTP/1.1" 301 0 "-" "Mozilla/5.0 (Linux; Android 5.0) AppleWebKit/537.36 (KHTML, like Gecko) Mobile Safari/537.36 (compatible; Bytespider; [email protected])"
47.128.47.131 - - [08/Jun/2025:13:38:44 -0400] "GET / HTTP/1.1" 200 12552 "-" "Mozilla/5.0 (Linux; Android 5.0) AppleWebKit/537.36 (KHTML, like Gecko) Mobile Safari/537.36 (compatible; Bytespider; [email protected])"
159.89.207.154 - - [08/Jun/2025:13:38:16 -0400] "POST //xmlrpc.php HTTP/1.1" 200 205 "-" "Mozilla/5.0 (Windows NT 10.0; Win64; x64) AppleWebKit/537.36 (KHTML, like Gecko) Chrome/78.0.3904.108 Safari/537.36"
159.89.207.154 - - [08/Jun/2025:13:38:46 -0400] "POST //xmlrpc.php HTTP/1.1" 200 205 "-" "Mozilla/5.0 (Windows NT 10.0; Win64; x64) AppleWebKit/537.36 (KHTML, like Gecko) Chrome/78.0.3904.108 Safari/537.36"
47.79.1.203 - - [08/Jun/2025:13:39:17 -0400] "GET /chapter-248/ HTTP/1.1" 200 11161 "https://read11.windbreakermanga.com/chapter-248/" "Mozilla/5.0 (Windows NT 10.0; Win64; x64) AppleWebKit/537.36 (KHTML, like Gecko) Chrome/114.0.0.0 Safari/537.36 Edg/114.0.1823.43"
47.82.61.83 - - [08/Jun/2025:13:39:28 -0400] "GET /category/wind-breaker-manga/page/20/ HTTP/1.1" 200 13418 "https://read11.windbreakermanga.com/category/wind-breaker-manga/page/20/" "Mozilla/5.0 (Windows NT 10.0; Win64; x64) AppleWebKit/537.36 (KHTML, like Gecko) Chrome/114.0.0.0 Safari/537.36 Edg/114.0.1823.43"
162.0.232.193 - - [08/Jun/2025:13:39:41 -0400] "POST /wp-cron.php?doing_wp_cron=1749404381.2946920394897460937500 HTTP/1.1" 200 0 "-" "WordPress/6.8.1; https://read11.windbreakermanga.com"
52.167.144.138 - - [08/Jun/2025:13:39:41 -0400] "GET /manga/wind-breaker-chapter-32/ HTTP/1.1" 301 0 "-" "Mozilla/5.0 AppleWebKit/537.36 (KHTML, like Gecko; compatible; bingbot/2.0; +http://www.bing.com/bingbot.htm) Chrome/116.0.1938.76 Safari/537.36"
47.128.61.203 - - [08/Jun/2025:13:39:43 -0400] "GET /tag/webcomic/ HTTP/1.1" 301 0 "-" "Mozilla/5.0 (Linux; Android 5.0) AppleWebKit/537.36 (KHTML, like Gecko) Mobile Safari/537.36 (compatible; Bytespider; [email protected])"
47.128.61.203 - - [08/Jun/2025:13:39:44 -0400] "GET / HTTP/1.1" 200 12552 "-" "Mozilla/5.0 (Linux; Android 5.0) AppleWebKit/537.36 (KHTML, like Gecko) Mobile Safari/537.36 (compatible; Bytespider; [email protected])"
159.89.207.154 - - [08/Jun/2025:13:39:16 -0400] "POST //xmlrpc.php HTTP/1.1" 200 205 "-" "Mozilla/5.0 (Windows NT 10.0; Win64; x64) AppleWebKit/537.36 (KHTML, like Gecko) Chrome/78.0.3904.108 Safari/537.36"
47.82.60.227 - - [08/Jun/2025:13:39:50 -0400] "GET /wind-breaker-chapter-204/ HTTP/1.1" 200 12390 "https://read11.windbreakermanga.com/wind-breaker-chapter-204/" "Mozilla/5.0 (Windows NT 10.0; Win64; x64) AppleWebKit/537.36 (KHTML, like Gecko) Chrome/114.0.0.0 Safari/537.36 Edg/114.0.1823.43"
2409:40c4:300e:a54:8000:: - - [08/Jun/2025:13:40:06 -0400] "GET /wind-breaker-chapter-38/ HTTP/1.1" 200 11957 "-" "Mozilla/5.0 (Linux; Android 10; K) AppleWebKit/537.36 (KHTML, like Gecko) Chrome/136.0.0.0 Mobile Safari/537.36"
2409:40c4:300e:a54:8000:: - - [08/Jun/2025:13:40:06 -0400] "GET /wind-breaker-chapter-38/ HTTP/1.1" 304 0 "https://read11.windbreakermanga.com/wind-breaker-chapter-37/" "Mozilla/5.0 (Linux; Android 10; K) AppleWebKit/537.36 (KHTML, like Gecko) Chrome/136.0.0.0 Mobile Safari/537.36"
2409:40c4:300e:a54:8000:: - - [08/Jun/2025:13:40:07 -0400] "POST /wp-admin/admin-ajax.php HTTP/1.1" 200 61 "https://read11.windbreakermanga.com/wind-breaker-chapter-38/" "Mozilla/5.0 (Linux; Android 10; K) AppleWebKit/537.36 (KHTML, like Gecko) Chrome/136.0.0.0 Mobile Safari/537.36"
47.82.61.83 - - [08/Jun/2025:13:40:14 -0400] "GET /wind-breaker-chapter-261/ HTTP/1.1" 200 12278 "https://read11.windbreakermanga.com/wind-breaker-chapter-261/" "Mozilla/5.0 (Windows NT 10.0; Win64; x64) AppleWebKit/537.36 (KHTML, like Gecko) Chrome/114.0.0.0 Safari/537.36 Edg/114.0.1823.43"
103.179.248.139 - - [08/Jun/2025:13:40:14 -0400] "GET /wind-breaker-chapter-319/ HTTP/1.1" 200 13078 "-" "Mozilla/5.0 (Macintosh; Intel Mac OS X 10_15_7) AppleWebKit/605.1.15 (KHTML, like Gecko) Version/17.0.1 Safari/605.1.15"
85.208.96.201 - - [08/Jun/2025:13:40:22 -0400] "GET /wind-breaker-chapter-18/ HTTP/1.1" 200 12318 "-" "Mozilla/5.0 (compatible; SemrushBot/7~bl; +http://www.semrush.com/bot.html)"
47.82.60.132 - - [08/Jun/2025:13:40:25 -0400] "GET /category/wind-breaker-webtoon/page/12/ HTTP/1.1" 200 12901 "https://read11.windbreakermanga.com/category/wind-breaker-webtoon/page/12/" "Mozilla/5.0 (Windows NT 10.0; Win64; x64) AppleWebKit/537.36 (KHTML, like Gecko) Chrome/114.0.0.0 Safari/537.36 Edg/114.0.1823.43"
162.0.232.193 - - [08/Jun/2025:13:40:31 -0400] "POST /wp-cron.php?doing_wp_cron=1749404431.0006279945373535156250 HTTP/1.1" 200 0 "-" "WordPress/6.8.1; https://read11.windbreakermanga.com"
159.89.207.154 - - [08/Jun/2025:13:39:45 -0400] "POST //xmlrpc.php HTTP/1.1" 200 205 "-" "Mozilla/5.0 (Windows NT 10.0; Win64; x64) AppleWebKit/537.36 (KHTML, like Gecko) Chrome/78.0.3904.108 Safari/537.36"
47.128.46.61 - - [08/Jun/2025:13:40:43 -0400] "GET /tag/chapters/ HTTP/1.1" 301 0 "-" "Mozilla/5.0 (Linux; Android 5.0) AppleWebKit/537.36 (KHTML, like Gecko) Mobile Safari/537.36 (compatible; Bytespider; [email protected])"
47.128.46.61 - - [08/Jun/2025:13:40:44 -0400] "GET / HTTP/1.1" 200 12474 "-" "Mozilla/5.0 (Linux; Android 5.0) AppleWebKit/537.36 (KHTML, like Gecko) Mobile Safari/537.36 (compatible; Bytespider; [email protected])"
162.0.232.193 - - [08/Jun/2025:13:41:01 -0400] "POST /wp-cron.php?doing_wp_cron=1749404461.1127209663391113281250 HTTP/1.1" 200 0 "-" "WordPress/6.8.1; https://read11.windbreakermanga.com"
159.89.207.154 - - [08/Jun/2025:13:40:31 -0400] "POST //xmlrpc.php HTTP/1.1" 200 205 "-" "Mozilla/5.0 (Windows NT 10.0; Win64; x64) AppleWebKit/537.36 (KHTML, like Gecko) Chrome/78.0.3904.108 Safari/537.36"
162.0.232.193 - - [08/Jun/2025:13:41:36 -0400] "POST /wp-cron.php?doing_wp_cron=1749404496.3450489044189453125000 HTTP/1.1" 200 0 "-" "WordPress/6.8.1; https://read11.windbreakermanga.com"
44.221.180.179 - - [08/Jun/2025:13:41:36 -0400] "GET /wind-breaker-chapter-234-part-2-ep-166/ HTTP/1.1" 301 0 "-" "Mozilla/5.0 AppleWebKit/537.36 (KHTML, like Gecko; compatible; Amazonbot/0.1; +https://developer.amazon.com/support/amazonbot) Chrome/119.0.6045.214 Safari/537.36"
100.28.44.58 - - [08/Jun/2025:13:41:39 -0400] "GET /wind-breaker-chapter-269-part-3-ep-19/ HTTP/1.1" 301 0 "-" "Mozilla/5.0 AppleWebKit/537.36 (KHTML, like Gecko; compatible; Amazonbot/0.1; +https://developer.amazon.com/support/amazonbot) Chrome/119.0.6045.214 Safari/537.36"
162.0.232.193 - - [08/Jun/2025:13:41:43 -0400] "POST /wp-cron.php?doing_wp_cron=1749404503.0359430313110351562500 HTTP/1.1" 200 0 "-" "WordPress/6.8.1; https://read11.windbreakermanga.com"
34.230.124.21 - - [08/Jun/2025:13:41:42 -0400] "GET /wind-breaker-chapter-190-part-2-ep-122/ HTTP/1.1" 301 0 "-" "Mozilla/5.0 AppleWebKit/537.36 (KHTML, like Gecko; compatible; Amazonbot/0.1; +https://developer.amazon.com/support/amazonbot) Chrome/119.0.6045.214 Safari/537.36"
47.128.25.220 - - [08/Jun/2025:13:41:44 -0400] "GET /tag/wind-breaker/ HTTP/1.1" 301 0 "-" "Mozilla/5.0 (Linux; Android 5.0) AppleWebKit/537.36 (KHTML, like Gecko) Mobile Safari/537.36 (compatible; Bytespider; [email protected])"
47.128.25.220 - - [08/Jun/2025:13:41:45 -0400] "GET / HTTP/1.1" 200 12552 "-" "Mozilla/5.0 (Linux; Android 5.0) AppleWebKit/537.36 (KHTML, like Gecko) Mobile Safari/537.36 (compatible; Bytespider; [email protected])"
159.89.207.154 - - [08/Jun/2025:13:41:01 -0400] "POST //xmlrpc.php HTTP/1.1" 200 205 "-" "Mozilla/5.0 (Windows NT 10.0; Win64; x64) AppleWebKit/537.36 (KHTML, like Gecko) Chrome/78.0.3904.108 Safari/537.36"
136.158.33.142 - - [08/Jun/2025:13:41:47 -0400] "GET / HTTP/1.1" 200 12564 "https://www.bing.com/" "Mozilla/5.0 (Windows NT 10.0; Win64; x64) AppleWebKit/537.36 (KHTML, like Gecko) Chrome/137.0.0.0 Safari/537.36 Edg/137.0.0.0"
54.83.56.1 - - [08/Jun/2025:13:41:47 -0400] "GET /wind-breaker-chapter-235-part-2-ep-167/ HTTP/1.1" 301 0 "-" "Mozilla/5.0 AppleWebKit/537.36 (KHTML, like Gecko; compatible; Amazonbot/0.1; +https://developer.amazon.com/support/amazonbot) Chrome/119.0.6045.214 Safari/537.36"
3.93.211.16 - - [08/Jun/2025:13:41:51 -0400] "GET /wind-breaker-chapter-20/ HTTP/1.1" 200 12233 "-" "Mozilla/5.0 AppleWebKit/537.36 (KHTML, like Gecko; compatible; Amazonbot/0.1; +https://developer.amazon.com/support/amazonbot) Chrome/119.0.6045.214 Safari/537.36"
136.158.33.142 - - [08/Jun/2025:13:41:52 -0400] "GET /wind-breaker-chapter-550/ HTTP/1.1" 200 11159 "https://read11.windbreakermanga.com/" "Mozilla/5.0 (Windows NT 10.0; Win64; x64) AppleWebKit/537.36 (KHTML, like Gecko) Chrome/137.0.0.0 Safari/537.36 Edg/137.0.0.0"
136.158.33.142 - - [08/Jun/2025:13:41:53 -0400] "GET /wind-breaker-chapter-549/ HTTP/1.1" 200 11658 "https://read11.windbreakermanga.com/" "Mozilla/5.0 (Windows NT 10.0; Win64; x64) AppleWebKit/537.36 (KHTML, like Gecko) Chrome/137.0.0.0 Safari/537.36 Edg/137.0.0.0"
136.158.33.142 - - [08/Jun/2025:13:41:55 -0400] "GET /wind-breaker-chapter-550/ HTTP/1.1" 304 0 "https://read11.windbreakermanga.com/" "Mozilla/5.0 (Windows NT 10.0; Win64; x64) AppleWebKit/537.36 (KHTML, like Gecko) Chrome/137.0.0.0 Safari/537.36 Edg/137.0.0.0"
136.158.33.142 - - [08/Jun/2025:13:42:02 -0400] "GET /category/wind-breaker-manhwa/ HTTP/1.1" 200 11922 "https://read11.windbreakermanga.com/wind-breaker-chapter-550/" "Mozilla/5.0 (Windows NT 10.0; Win64; x64) AppleWebKit/537.36 (KHTML, like Gecko) Chrome/137.0.0.0 Safari/537.36 Edg/137.0.0.0"
136.158.33.142 - - [08/Jun/2025:13:42:03 -0400] "GET /wind-breaker-chapter-550/ HTTP/1.1" 304 0 "https://read11.windbreakermanga.com/wind-breaker-chapter-550/" "Mozilla/5.0 (Windows NT 10.0; Win64; x64) AppleWebKit/537.36 (KHTML, like Gecko) Chrome/137.0.0.0 Safari/537.36 Edg/137.0.0.0"
162.0.232.193 - - [08/Jun/2025:13:42:46 -0400] "POST /wp-cron.php?doing_wp_cron=1749404566.1302759647369384765625 HTTP/1.1" 200 0 "-" "WordPress/6.8.1; https://read11.windbreakermanga.com"
159.89.207.154 - - [08/Jun/2025:13:41:46 -0400] "POST //xmlrpc.php HTTP/1.1" 200 205 "-" "Mozilla/5.0 (Windows NT 10.0; Win64; x64) AppleWebKit/537.36 (KHTML, like Gecko) Chrome/78.0.3904.108 Safari/537.36"
162.0.232.193 - - [08/Jun/2025:13:42:48 -0400] "GET /wp-content/uploads/f979bbbcbe9df560cb74049269d2541e_4104.xml HTTP/1.1" 200 2572 "-" "Mozilla/5.0 (X11; Linux x86_64) AppleWebKit/537.36 (KHTML, like Gecko) Ubuntu Chromium/41.0.2272.76"
2001:ee0:4423:b003:f091:e032:c3e5:25a2 - - [08/Jun/2025:13:42:58 -0400] "GET / HTTP/1.1" 200 12552 "-" "Mozilla/5.0 (Linux; Android 10; K) AppleWebKit/537.36 (KHTML, like Gecko) Chrome/122.0.0.0 Mobile Safari/537.36"
159.89.207.154 - - [08/Jun/2025:13:42:47 -0400] "POST //xmlrpc.php HTTP/1.1" 200 205 "-" "Mozilla/5.0 (Windows NT 10.0; Win64; x64) AppleWebKit/537.36 (KHTML, like Gecko) Chrome/78.0.3904.108 Safari/537.36"
43.157.180.116 - - [08/Jun/2025:13:43:17 -0400] "GET /wp-json/oembed/1.0/embed?url=https%3A%2F%2Fread11.windbreakermanga.com%2Fwind-breaker-chapter-43%2F&format=xml HTTP/1.1" 200 1171 "-" "Mozilla/5.0 (iPhone; CPU iPhone OS 13_2_3 like Mac OS X) AppleWebKit/605.1.15 (KHTML, like Gecko) Version/13.0.3 Mobile/15E148 Safari/604.1"
47.79.98.246 - - [08/Jun/2025:13:43:25 -0400] "GET /wind-breaker-chapter-208/ HTTP/1.1" 200 12390 "https://read11.windbreakermanga.com/wind-breaker-chapter-208/" "Mozilla/5.0 (Windows NT 10.0; Win64; x64) AppleWebKit/537.36 (KHTML, like Gecko) Chrome/114.0.0.0 Safari/537.36 Edg/114.0.1823.43"
44.194.139.149 - - [08/Jun/2025:13:43:35 -0400] "GET /category/manga/page/36/ HTTP/1.1" 200 12159 "-" "Mozilla/5.0 AppleWebKit/537.36 (KHTML, like Gecko; compatible; Amazonbot/0.1; +https://developer.amazon.com/support/amazonbot) Chrome/119.0.6045.214 Safari/537.36"
136.158.33.142 - - [08/Jun/2025:13:43:35 -0400] "GET /wind-breaker-chapter-545/ HTTP/1.1" 200 12032 "https://read11.windbreakermanga.com/wind-breaker-chapter-550/" "Mozilla/5.0 (Windows NT 10.0; Win64; x64) AppleWebKit/537.36 (KHTML, like Gecko) Chrome/137.0.0.0 Safari/537.36 Edg/137.0.0.0"
136.158.33.142 - - [08/Jun/2025:13:43:35 -0400] "GET /category/manga/ HTTP/1.1" 200 11927 "https://read11.windbreakermanga.com/wind-breaker-chapter-550/" "Mozilla/5.0 (Windows NT 10.0; Win64; x64) AppleWebKit/537.36 (KHTML, like Gecko) Chrome/137.0.0.0 Safari/537.36 Edg/137.0.0.0"
136.158.33.142 - - [08/Jun/2025:13:43:37 -0400] "GET /wind-breaker-chapter-545/ HTTP/1.1" 304 0 "https://read11.windbreakermanga.com/wind-breaker-chapter-550/" "Mozilla/5.0 (Windows NT 10.0; Win64; x64) AppleWebKit/537.36 (KHTML, like Gecko) Chrome/137.0.0.0 Safari/537.36 Edg/137.0.0.0"
136.158.33.142 - - [08/Jun/2025:13:43:38 -0400] "GET /wind-breaker-chapter-545/ HTTP/1.1" 304 0 "https://read11.windbreakermanga.com/wind-breaker-chapter-545/" "Mozilla/5.0 (Windows NT 10.0; Win64; x64) AppleWebKit/537.36 (KHTML, like Gecko) Chrome/137.0.0.0 Safari/537.36 Edg/137.0.0.0"
136.158.33.142 - - [08/Jun/2025:13:43:38 -0400] "POST /wp-admin/admin-ajax.php HTTP/1.1" 200 61 "https://read11.windbreakermanga.com/wind-breaker-chapter-545/" "Mozilla/5.0 (Windows NT 10.0; Win64; x64) AppleWebKit/537.36 (KHTML, like Gecko) Chrome/137.0.0.0 Safari/537.36 Edg/137.0.0.0"
136.158.33.142 - - [08/Jun/2025:13:43:39 -0400] "GET /category/wind-breaker-manhwa/ HTTP/1.1" 304 0 "https://read11.windbreakermanga.com/wind-breaker-chapter-545/" "Mozilla/5.0 (Windows NT 10.0; Win64; x64) AppleWebKit/537.36 (KHTML, like Gecko) Chrome/137.0.0.0 Safari/537.36 Edg/137.0.0.0"
136.158.33.142 - - [08/Jun/2025:13:43:39 -0400] "GET /category/manga/ HTTP/1.1" 304 0 "https://read11.windbreakermanga.com/wind-breaker-chapter-545/" "Mozilla/5.0 (Windows NT 10.0; Win64; x64) AppleWebKit/537.36 (KHTML, like Gecko) Chrome/137.0.0.0 Safari/537.36 Edg/137.0.0.0"
136.158.33.142 - - [08/Jun/2025:13:43:39 -0400] "GET /category/manga/ HTTP/1.1" 304 0 "https://read11.windbreakermanga.com/wind-breaker-chapter-545/" "Mozilla/5.0 (Windows NT 10.0; Win64; x64) AppleWebKit/537.36 (KHTML, like Gecko) Chrome/137.0.0.0 Safari/537.36 Edg/137.0.0.0"
136.158.33.142 - - [08/Jun/2025:13:43:43 -0400] "GET / HTTP/1.1" 200 12564 "https://read11.windbreakermanga.com/category/manga/" "Mozilla/5.0 (Windows NT 10.0; Win64; x64) AppleWebKit/537.36 (KHTML, like Gecko) Chrome/137.0.0.0 Safari/537.36 Edg/137.0.0.0"
136.158.33.142 - - [08/Jun/2025:13:43:43 -0400] "GET / HTTP/1.1" 304 0 "https://read11.windbreakermanga.com/category/manga/" "Mozilla/5.0 (Windows NT 10.0; Win64; x64) AppleWebKit/537.36 (KHTML, like Gecko) Chrome/137.0.0.0 Safari/537.36 Edg/137.0.0.0"
159.89.207.154 - - [08/Jun/2025:13:43:15 -0400] "POST //xmlrpc.php HTTP/1.1" 200 205 "-" "Mozilla/5.0 (Windows NT 10.0; Win64; x64) AppleWebKit/537.36 (KHTML, like Gecko) Chrome/78.0.3904.108 Safari/537.36"
136.158.33.142 - - [08/Jun/2025:13:43:46 -0400] "GET /wind-breaker-chapter-9/ HTTP/1.1" 200 11250 "https://read11.windbreakermanga.com/" "Mozilla/5.0 (Windows NT 10.0; Win64; x64) AppleWebKit/537.36 (KHTML, like Gecko) Chrome/137.0.0.0 Safari/537.36 Edg/137.0.0.0"
136.158.33.142 - - [08/Jun/2025:13:43:51 -0400] "GET /wind-breaker-chapter-222/ HTTP/1.1" 200 12402 "https://read11.windbreakermanga.com/" "Mozilla/5.0 (Windows NT 10.0; Win64; x64) AppleWebKit/537.36 (KHTML, like Gecko) Chrome/137.0.0.0 Safari/537.36 Edg/137.0.0.0"
136.158.33.142 - - [08/Jun/2025:13:43:51 -0400] "GET /chapter-236/ HTTP/1.1" 200 11160 "https://read11.windbreakermanga.com/" "Mozilla/5.0 (Windows NT 10.0; Win64; x64) AppleWebKit/537.36 (KHTML, like Gecko) Chrome/137.0.0.0 Safari/537.36 Edg/137.0.0.0"
136.158.33.142 - - [08/Jun/2025:13:43:52 -0400] "GET /chapter-233/ HTTP/1.1" 200 11159 "https://read11.windbreakermanga.com/" "Mozilla/5.0 (Windows NT 10.0; Win64; x64) AppleWebKit/537.36 (KHTML, like Gecko) Chrome/137.0.0.0 Safari/537.36 Edg/137.0.0.0"
136.158.33.142 - - [08/Jun/2025:13:43:52 -0400] "GET /chapter-232/ HTTP/1.1" 200 11099 "https://read11.windbreakermanga.com/" "Mozilla/5.0 (Windows NT 10.0; Win64; x64) AppleWebKit/537.36 (KHTML, like Gecko) Chrome/137.0.0.0 Safari/537.36 Edg/137.0.0.0"
136.158.33.142 - - [08/Jun/2025:13:43:53 -0400] "GET /chapter-231/ HTTP/1.1" 200 11094 "https://read11.windbreakermanga.com/" "Mozilla/5.0 (Windows NT 10.0; Win64; x64) AppleWebKit/537.36 (KHTML, like Gecko) Chrome/137.0.0.0 Safari/537.36 Edg/137.0.0.0"
136.158.33.142 - - [08/Jun/2025:13:43:53 -0400] "GET /chapter-231/ HTTP/1.1" 200 0 "https://read11.windbreakermanga.com/" "Mozilla/5.0 (Windows NT 10.0; Win64; x64) AppleWebKit/537.36 (KHTML, like Gecko) Chrome/137.0.0.0 Safari/537.36 Edg/137.0.0.0"
162.0.232.193 - - [08/Jun/2025:13:43:53 -0400] "POST /wp-cron.php?doing_wp_cron=1749404633.6120870113372802734375 HTTP/1.1" 200 0 "-" "WordPress/6.8.1; https://read11.windbreakermanga.com"
136.158.33.142 - - [08/Jun/2025:13:43:53 -0400] "POST /wp-admin/admin-ajax.php HTTP/1.1" 200 61 "https://read11.windbreakermanga.com/chapter-231/" "Mozilla/5.0 (Windows NT 10.0; Win64; x64) AppleWebKit/537.36 (KHTML, like Gecko) Chrome/137.0.0.0 Safari/537.36 Edg/137.0.0.0"
136.158.33.142 - - [08/Jun/2025:13:43:54 -0400] "GET /chapter-232/ HTTP/1.1" 304 0 "https://read11.windbreakermanga.com/chapter-231/" "Mozilla/5.0 (Windows NT 10.0; Win64; x64) AppleWebKit/537.36 (KHTML, like Gecko) Chrome/137.0.0.0 Safari/537.36 Edg/137.0.0.0"
162.0.232.193 - - [08/Jun/2025:13:44:15 -0400] "POST /wp-cron.php?doing_wp_cron=1749404655.5214369297027587890625 HTTP/1.1" 200 0 "-" "WordPress/6.8.1; https://read11.windbreakermanga.com"
159.89.207.154 - - [08/Jun/2025:13:43:46 -0400] "POST //xmlrpc.php HTTP/1.1" 200 205 "-" "Mozilla/5.0 (Windows NT 10.0; Win64; x64) AppleWebKit/537.36 (KHTML, like Gecko) Chrome/78.0.3904.108 Safari/537.36"
47.82.60.85 - - [08/Jun/2025:13:44:24 -0400] "GET /wind-breaker-chapter-265/ HTTP/1.1" 200 12550 "https://read11.windbreakermanga.com/wind-breaker-chapter-265/" "Mozilla/5.0 (Windows NT 10.0; Win64; x64) AppleWebKit/537.36 (KHTML, like Gecko) Chrome/114.0.0.0 Safari/537.36 Edg/114.0.1823.43"
162.0.232.193 - - [08/Jun/2025:13:44:46 -0400] "POST /wp-cron.php?doing_wp_cron=1749404685.8298399448394775390625 HTTP/1.1" 200 0 "-" "WordPress/6.8.1; https://read11.windbreakermanga.com"
159.89.207.154 - - [08/Jun/2025:13:44:16 -0400] "POST //xmlrpc.php HTTP/1.1" 200 205 "-" "Mozilla/5.0 (Windows NT 10.0; Win64; x64) AppleWebKit/537.36 (KHTML, like Gecko) Chrome/78.0.3904.108 Safari/537.36"
2a03:2880:f800:16:: - - [08/Jun/2025:13:44:57 -0400] "GET /category/wind-breaker-webtoon/page/6/ HTTP/1.1" 200 12992 "-" "meta-externalagent/1.1 (+https://developers.facebook.com/docs/sharing/webmasters/crawler)"
47.82.60.72 - - [08/Jun/2025:13:45:08 -0400] "GET /wind-breaker-chapter-73/ HTTP/1.1" 200 12248 "https://read11.windbreakermanga.com/wind-breaker-chapter-73/" "Mozilla/5.0 (Windows NT 10.0; Win64; x64) AppleWebKit/537.36 (KHTML, like Gecko) Chrome/114.0.0.0 Safari/537.36 Edg/114.0.1823.43"
162.0.232.193 - - [08/Jun/2025:13:45:15 -0400] "POST /wp-cron.php?doing_wp_cron=1749404715.5297420024871826171875 HTTP/1.1" 200 0 "-" "WordPress/6.8.1; https://read11.windbreakermanga.com"
159.89.207.154 - - [08/Jun/2025:13:44:47 -0400] "POST //xmlrpc.php HTTP/1.1" 200 205 "-" "Mozilla/5.0 (Windows NT 10.0; Win64; x64) AppleWebKit/537.36 (KHTML, like Gecko) Chrome/78.0.3904.108 Safari/537.36"
162.0.232.193 - - [08/Jun/2025:13:45:39 -0400] "POST /wp-cron.php?doing_wp_cron=1749404739.6128840446472167968750 HTTP/1.1" 200 0 "-" "WordPress/6.8.1; https://read11.windbreakermanga.com"
44.205.192.249 - - [08/Jun/2025:13:45:39 -0400] "GET /wind-breaker-chapter-196-part-2-ep-128/ HTTP/1.1" 301 0 "-" "Mozilla/5.0 AppleWebKit/537.36 (KHTML, like Gecko; compatible; Amazonbot/0.1; +https://developer.amazon.com/support/amazonbot) Chrome/119.0.6045.214 Safari/537.36"
162.0.232.193 - - [08/Jun/2025:13:45:43 -0400] "POST /wp-cron.php?doing_wp_cron=1749404743.5391330718994140625000 HTTP/1.1" 200 0 "-" "WordPress/6.8.1; https://read11.windbreakermanga.com"
50.87.146.10 - - [08/Jun/2025:13:45:43 -0400] "POST /xmlrpc.php HTTP/1.1" 200 205 "-" "Mozilla/5.0 (X11; Ubuntu; Linux x86_64; rv:85.0) Gecko/20100101 Firefox/91.0"
159.89.207.154 - - [08/Jun/2025:13:45:16 -0400] "POST //xmlrpc.php HTTP/1.1" 200 205 "-" "Mozilla/5.0 (Windows NT 10.0; Win64; x64) AppleWebKit/537.36 (KHTML, like Gecko) Chrome/78.0.3904.108 Safari/537.36"
47.82.60.113 - - [08/Jun/2025:13:46:05 -0400] "GET /wind-breaker-chapter-272/ HTTP/1.1" 200 12266 "https://read11.windbreakermanga.com/wind-breaker-chapter-272/" "Mozilla/5.0 (Windows NT 10.0; Win64; x64) AppleWebKit/537.36 (KHTML, like Gecko) Chrome/114.0.0.0 Safari/537.36 Edg/114.0.1823.43"
162.0.232.193 - - [08/Jun/2025:13:46:14 -0400] "POST /wp-cron.php?doing_wp_cron=1749404773.8001968860626220703125 HTTP/1.1" 200 0 "-" "WordPress/6.8.1; https://read11.windbreakermanga.com"
114.119.152.134 - - [08/Jun/2025:13:46:16 -0400] "GET / HTTP/1.1" 200 12552 "https://windbreakermanga.com/wp-content/uploads/2021/11/wbr-685x1024.jpeg" "Mozilla/5.0 (Linux; Android 7.0;) AppleWebKit/537.36 (KHTML, like Gecko) Mobile Safari/537.36 (compatible; PetalBot;+https://webmaster.petalsearch.com/site/petalbot)"
159.89.207.154 - - [08/Jun/2025:13:45:46 -0400] "POST //xmlrpc.php HTTP/1.1" 200 205 "-" "Mozilla/5.0 (Windows NT 10.0; Win64; x64) AppleWebKit/537.36 (KHTML, like Gecko) Chrome/78.0.3904.108 Safari/537.36"
162.0.232.193 - - [08/Jun/2025:13:46:45 -0400] "POST /wp-cron.php?doing_wp_cron=1749404805.7407898902893066406250 HTTP/1.1" 200 0 "-" "WordPress/6.8.1; https://read11.windbreakermanga.com"
159.89.207.154 - - [08/Jun/2025:13:46:18 -0400] "POST //xmlrpc.php HTTP/1.1" 200 205 "-" "Mozilla/5.0 (Windows NT 10.0; Win64; x64) AppleWebKit/537.36 (KHTML, like Gecko) Chrome/78.0.3904.108 Safari/537.36"
66.249.77.201 - - [08/Jun/2025:13:47:04 -0400] "GET /category/manga/page/33/ HTTP/1.1" 200 14520 "-" "Mozilla/5.0 (Linux; Android 6.0.1; Nexus 5X Build/MMB29P) AppleWebKit/537.36 (KHTML, like Gecko) Chrome/136.0.7103.113 Mobile Safari/537.36 (compatible; Googlebot/2.1; +http://www.google.com/bot.html)"
162.0.232.193 - - [08/Jun/2025:13:47:16 -0400] "POST /wp-cron.php?doing_wp_cron=1749404836.0945448875427246093750 HTTP/1.1" 200 0 "-" "WordPress/6.8.1; https://read11.windbreakermanga.com"
159.89.207.154 - - [08/Jun/2025:13:46:46 -0400] "POST //xmlrpc.php HTTP/1.1" 200 205 "-" "Mozilla/5.0 (Windows NT 10.0; Win64; x64) AppleWebKit/537.36 (KHTML, like Gecko) Chrome/78.0.3904.108 Safari/537.36"
162.0.232.193 - - [08/Jun/2025:13:47:18 -0400] "GET /wp-content/uploads/f979bbbcbe9df560cb74049269d2541e_4104.xml HTTP/1.1" 200 2572 "-" "Mozilla/5.0 (X11; Linux x86_64) AppleWebKit/537.36 (KHTML, like Gecko) Ubuntu Chromium/41.0.2272.76"
2a03:2880:f800:3:: - - [08/Jun/2025:13:47:44 -0400] "GET /category/wind-breaker/page/4/ HTTP/1.1" 200 13041 "-" "meta-externalagent/1.1 (+https://developers.facebook.com/docs/sharing/webmasters/crawler)"
159.89.207.154 - - [08/Jun/2025:13:47:17 -0400] "POST //xmlrpc.php HTTP/1.1" 200 205 "-" "Mozilla/5.0 (Windows NT 10.0; Win64; x64) AppleWebKit/537.36 (KHTML, like Gecko) Chrome/78.0.3904.108 Safari/537.36"
159.89.207.154 - - [08/Jun/2025:13:47:45 -0400] "POST //xmlrpc.php HTTP/1.1" 200 205 "-" "Mozilla/5.0 (Windows NT 10.0; Win64; x64) AppleWebKit/537.36 (KHTML, like Gecko) Chrome/78.0.3904.108 Safari/537.36"
114.119.129.189 - - [08/Jun/2025:13:48:31 -0400] "GET /wind-breaker-chapter-535/ HTTP/1.1" 200 11997 "https://read11.windbreakermanga.com/category/wind-breaker/page/55/" "Mozilla/5.0 (Linux; Android 7.0;) AppleWebKit/537.36 (KHTML, like Gecko) Mobile Safari/537.36 (compatible; PetalBot;+https://webmaster.petalsearch.com/site/petalbot)"
162.0.232.193 - - [08/Jun/2025:13:48:46 -0400] "POST /wp-cron.php?doing_wp_cron=1749404925.7980089187622070312500 HTTP/1.1" 200 0 "-" "WordPress/6.8.1; https://read11.windbreakermanga.com"
159.89.207.154 - - [08/Jun/2025:13:48:16 -0400] "POST //xmlrpc.php HTTP/1.1" 200 205 "-" "Mozilla/5.0 (Windows NT 10.0; Win64; x64) AppleWebKit/537.36 (KHTML, like Gecko) Chrome/78.0.3904.108 Safari/537.36"
2a06:98c0:3600::103 - - [08/Jun/2025:13:48:49 -0400] "GET /favicon.ico HTTP/1.1" 302 0 "-" "-"
162.0.232.193 - - [08/Jun/2025:13:49:16 -0400] "POST /wp-cron.php?doing_wp_cron=1749404956.2920720577239990234375 HTTP/1.1" 200 0 "-" "WordPress/6.8.1; https://read11.windbreakermanga.com"
159.89.207.154 - - [08/Jun/2025:13:48:46 -0400] "POST //xmlrpc.php HTTP/1.1" 200 205 "-" "Mozilla/5.0 (Windows NT 10.0; Win64; x64) AppleWebKit/537.36 (KHTML, like Gecko) Chrome/78.0.3904.108 Safari/537.36"
162.0.232.193 - - [08/Jun/2025:13:49:46 -0400] "POST /wp-cron.php?doing_wp_cron=1749404985.8258728981018066406250 HTTP/1.1" 200 0 "-" "WordPress/6.8.1; https://read11.windbreakermanga.com"
159.89.207.154 - - [08/Jun/2025:13:49:17 -0400] "POST //xmlrpc.php HTTP/1.1" 200 205 "-" "Mozilla/5.0 (Windows NT 10.0; Win64; x64) AppleWebKit/537.36 (KHTML, like Gecko) Chrome/78.0.3904.108 Safari/537.36"
216.73.216.191 - - [08/Jun/2025:13:50:04 -0400] "GET /sitemap_index.xml HTTP/1.1" 200 318 "-" "Mozilla/5.0 AppleWebKit/537.36 (KHTML, like Gecko; compatible; ClaudeBot/1.0; [email protected])"
114.119.154.207 - - [08/Jun/2025:13:50:09 -0400] "GET /wind-breaker-chapter-496/ HTTP/1.1" 200 11847 "https://read10.windbreakermanga.com/category/wind-breaker-manga/page/52/" "Mozilla/5.0 (Linux; Android 7.0;) AppleWebKit/537.36 (KHTML, like Gecko) Mobile Safari/537.36 (compatible; PetalBot;+https://webmaster.petalsearch.com/site/petalbot)"
162.0.232.193 - - [08/Jun/2025:13:50:13 -0400] "POST /wp-cron.php?doing_wp_cron=1749405013.7086939811706542968750 HTTP/1.1" 200 0 "-" "WordPress/6.8.1; https://read11.windbreakermanga.com"
47.82.60.34 - - [08/Jun/2025:13:50:13 -0400] "GET /category/manga/page/20/ HTTP/1.1" 200 13373 "https://read11.windbreakermanga.com/category/manga/page/20/" "Mozilla/5.0 (Windows NT 10.0; Win64; x64) AppleWebKit/537.36 (KHTML, like Gecko) Chrome/114.0.0.0 Safari/537.36 Edg/114.0.1823.43"
159.89.207.154 - - [08/Jun/2025:13:49:47 -0400] "POST //xmlrpc.php HTTP/1.1" 200 205 "-" "Mozilla/5.0 (Windows NT 10.0; Win64; x64) AppleWebKit/537.36 (KHTML, like Gecko) Chrome/78.0.3904.108 Safari/537.36"
162.0.232.193 - - [08/Jun/2025:13:50:46 -0400] "POST /wp-cron.php?doing_wp_cron=1749405045.8201670646667480468750 HTTP/1.1" 200 0 "-" "WordPress/6.8.1; https://read11.windbreakermanga.com"
159.89.207.154 - - [08/Jun/2025:13:50:16 -0400] "POST //xmlrpc.php HTTP/1.1" 200 205 "-" "Mozilla/5.0 (Windows NT 10.0; Win64; x64) AppleWebKit/537.36 (KHTML, like Gecko) Chrome/78.0.3904.108 Safari/537.36"
2001:ee0:4f3a:4f49:e0a1:c7b6:45b:50d6 - - [08/Jun/2025:13:50:57 -0400] "GET / HTTP/1.1" 200 12552 "-" "Mozilla/5.0 (iPhone; CPU iPhone OS 17_1 like Mac OS X) AppleWebKit/605.1.15 (KHTML, like Gecko) EdgiOS/119.0.2151.65 Version/17.0 Mobile/15E148 Safari/604.1"
2a03:2880:f800:1b:: - - [08/Jun/2025:13:51:03 -0400] "GET / HTTP/1.1" 200 12564 "-" "meta-externalagent/1.1 (+https://developers.facebook.com/docs/sharing/webmasters/crawler)"
162.0.232.193 - - [08/Jun/2025:13:51:16 -0400] "POST /wp-cron.php?doing_wp_cron=1749405075.3289659023284912109375 HTTP/1.1" 200 0 "-" "WordPress/6.8.1; https://read11.windbreakermanga.com"
159.89.207.154 - - [08/Jun/2025:13:50:48 -0400] "POST //xmlrpc.php HTTP/1.1" 200 205 "-" "Mozilla/5.0 (Windows NT 10.0; Win64; x64) AppleWebKit/537.36 (KHTML, like Gecko) Chrome/78.0.3904.108 Safari/537.36"
162.0.232.193 - - [08/Jun/2025:13:51:18 -0400] "GET /wp-content/uploads/f979bbbcbe9df560cb74049269d2541e_4104.xml HTTP/1.1" 200 2263 "-" "Mozilla/5.0 (X11; Linux x86_64) AppleWebKit/537.36 (KHTML, like Gecko) Ubuntu Chromium/41.0.2272.76"
2a06:98c0:3600::103 - - [08/Jun/2025:13:51:30 -0400] "GET /favicon.ico HTTP/1.1" 302 0 "-" "-"
159.89.207.154 - - [08/Jun/2025:13:51:18 -0400] "POST //xmlrpc.php HTTP/1.1" 200 205 "-" "Mozilla/5.0 (Windows NT 10.0; Win64; x64) AppleWebKit/537.36 (KHTML, like Gecko) Chrome/78.0.3904.108 Safari/537.36"
47.82.60.46 - - [08/Jun/2025:13:52:07 -0400] "GET /author/admin/page/38/ HTTP/1.1" 200 12252 "https://read11.windbreakermanga.com/author/admin/page/38/" "Mozilla/5.0 (Windows NT 10.0; Win64; x64) AppleWebKit/537.36 (KHTML, like Gecko) Chrome/114.0.0.0 Safari/537.36 Edg/114.0.1823.43"
40.77.167.116 - - [08/Jun/2025:13:52:09 -0400] "GET /wind-breaker-chapter-256/ HTTP/1.1" 200 12543 "-" "Mozilla/5.0 AppleWebKit/537.36 (KHTML, like Gecko; compatible; bingbot/2.0; +http://www.bing.com/bingbot.htm) Chrome/116.0.1938.76 Safari/537.36"
162.0.232.193 - - [08/Jun/2025:13:52:15 -0400] "POST /wp-cron.php?doing_wp_cron=1749405135.4270570278167724609375 HTTP/1.1" 200 0 "-" "WordPress/6.8.1; https://read11.windbreakermanga.com"
159.89.207.154 - - [08/Jun/2025:13:51:47 -0400] "POST //xmlrpc.php HTTP/1.1" 200 205 "-" "Mozilla/5.0 (Windows NT 10.0; Win64; x64) AppleWebKit/537.36 (KHTML, like Gecko) Chrome/78.0.3904.108 Safari/537.36"
40.77.167.116 - - [08/Jun/2025:13:52:30 -0400] "GET /wp-json/wp/v2/posts/4439 HTTP/1.1" 200 34453 "-" "Mozilla/5.0 AppleWebKit/537.36 (KHTML, like Gecko; compatible; bingbot/2.0; +http://www.bing.com/bingbot.htm) Chrome/116.0.1938.76 Safari/537.36"
47.82.60.99 - - [08/Jun/2025:13:52:41 -0400] "GET /wind-breaker-chapter-63/ HTTP/1.1" 200 12243 "https://read11.windbreakermanga.com/wind-breaker-chapter-63/" "Mozilla/5.0 (Windows NT 10.0; Win64; x64) AppleWebKit/537.36 (KHTML, like Gecko) Chrome/114.0.0.0 Safari/537.36 Edg/114.0.1823.43"
162.0.232.193 - - [08/Jun/2025:13:52:46 -0400] "POST /wp-cron.php?doing_wp_cron=1749405165.9250340461730957031250 HTTP/1.1" 200 0 "-" "WordPress/6.8.1; https://read11.windbreakermanga.com"
159.89.207.154 - - [08/Jun/2025:13:52:16 -0400] "POST //xmlrpc.php HTTP/1.1" 200 205 "-" "Mozilla/5.0 (Windows NT 10.0; Win64; x64) AppleWebKit/537.36 (KHTML, like Gecko) Chrome/78.0.3904.108 Safari/537.36"
2a06:98c0:3600::103 - - [08/Jun/2025:13:53:02 -0400] "GET /favicon.ico HTTP/1.1" 302 0 "-" "-"
162.0.232.193 - - [08/Jun/2025:13:53:17 -0400] "POST /wp-cron.php?doing_wp_cron=1749405196.3718640804290771484375 HTTP/1.1" 200 0 "-" "WordPress/6.8.1; https://read11.windbreakermanga.com"
159.89.207.154 - - [08/Jun/2025:13:52:47 -0400] "POST //xmlrpc.php HTTP/1.1" 200 205 "-" "Mozilla/5.0 (Windows NT 10.0; Win64; x64) AppleWebKit/537.36 (KHTML, like Gecko) Chrome/78.0.3904.108 Safari/537.36"
2a03:2880:31ff:4:: - - [08/Jun/2025:13:53:23 -0400] "GET / HTTP/1.1" 200 12564 "-" "meta-externalagent/1.1 (+https://developers.facebook.com/docs/sharing/webmasters/crawler)"
129.226.93.214 - - [08/Jun/2025:13:53:24 -0400] "GET /wind-breaker-chapter-77/ HTTP/1.1" 200 11934 "-" "Mozilla/5.0 (iPhone; CPU iPhone OS 13_2_3 like Mac OS X) AppleWebKit/605.1.15 (KHTML, like Gecko) Version/13.0.3 Mobile/15E148 Safari/604.1"
162.0.232.193 - - [08/Jun/2025:13:53:38 -0400] "POST /wp-cron.php?doing_wp_cron=1749405218.3927180767059326171875 HTTP/1.1" 200 0 "-" "WordPress/6.8.1; https://read11.windbreakermanga.com"
40.77.167.116 - - [08/Jun/2025:13:53:37 -0400] "GET /wind-breaker-chapter-437/feed/ HTTP/1.1" 200 423 "-" "Mozilla/5.0 AppleWebKit/537.36 (KHTML, like Gecko; compatible; bingbot/2.0; +http://www.bing.com/bingbot.htm) Chrome/116.0.1938.76 Safari/537.36"
2001:ee0:4f35:f64e:81ca:615f:787e:93cb - - [08/Jun/2025:13:53:41 -0400] "GET /wind-breaker-chapter-289/ HTTP/1.1" 200 12561 "-" "Mozilla/5.0 (Windows NT 10.0; Win64; x64) AppleWebKit/537.36 (KHTML, like Gecko) Chrome/121.0.0.0 Safari/537.36 Edg/121.0.0.0"
162.0.232.193 - - [08/Jun/2025:13:53:46 -0400] "POST /wp-cron.php?doing_wp_cron=1749405225.8202519416809082031250 HTTP/1.1" 200 0 "-" "WordPress/6.8.1; https://read11.windbreakermanga.com"
159.89.207.154 - - [08/Jun/2025:13:53:18 -0400] "POST //xmlrpc.php HTTP/1.1" 200 205 "-" "Mozilla/5.0 (Windows NT 10.0; Win64; x64) AppleWebKit/537.36 (KHTML, like Gecko) Chrome/78.0.3904.108 Safari/537.36"
51.8.102.121 - - [08/Jun/2025:13:53:58 -0400] "GET /chapter-412/ HTTP/1.1" 200 11098 "-" "Mozilla/5.0 (Macintosh; Intel Mac OS X 10_15_7) AppleWebKit/537.36 (KHTML, like Gecko) Chrome/131.0.0.0 Safari/537.36; compatible; OAI-SearchBot/1.0; +https://openai.com/searchbot"
66.249.77.195 - - [08/Jun/2025:13:54:05 -0400] "GET /author/admin/page/43/ HTTP/1.1" 200 10365 "-" "Mozilla/5.0 (Linux; Android 6.0.1; Nexus 5X Build/MMB29P) AppleWebKit/537.36 (KHTML, like Gecko) Chrome/136.0.7103.113 Mobile Safari/537.36 (compatible; Googlebot/2.1; +http://www.google.com/bot.html)"
