52.14.149.112 - - [08/Jun/2025:05:16:31 -0400] "GET /wind-breaker-chapter-278/ HTTP/1.1" 200 12509 "https://read11.windbreakermanga.com/" "Mozilla/5.0 (Linux; Android 10; EVE-LX9; HMSCore 6.15.0.312) AppleWebKit/537.36 (KHTML, like Gecko) Chrome/114.0.5735.196 HuaweiBrowser/15.0.10.302 Mobile Safari/537.36"
52.14.149.112 - - [08/Jun/2025:05:16:32 -0400] "GET /wind-breaker-chapter-282/ HTTP/1.1" 200 12208 "https://read11.windbreakermanga.com/" "Mozilla/5.0 (Linux; Android 10; EVE-LX9; HMSCore 6.15.0.312) AppleWebKit/537.36 (KHTML, like Gecko) Chrome/114.0.5735.196 HuaweiBrowser/15.0.10.302 Mobile Safari/537.36"
52.14.149.112 - - [08/Jun/2025:05:16:32 -0400] "GET /wind-breaker-chapter-265/ HTTP/1.1" 200 12549 "https://read11.windbreakermanga.com/" "Mozilla/5.0 (Linux; Android 10; EVE-LX9; HMSCore 6.15.0.312) AppleWebKit/537.36 (KHTML, like Gecko) Chrome/114.0.5735.196 HuaweiBrowser/15.0.10.302 Mobile Safari/537.36"
52.14.149.112 - - [08/Jun/2025:05:16:32 -0400] "GET /wind-breaker-chapter-261/ HTTP/1.1" 200 12571 "https://read11.windbreakermanga.com/" "Mozilla/5.0 (Linux; Android 10; EVE-LX9; HMSCore 6.15.0.312) AppleWebKit/537.36 (KHTML, like Gecko) Chrome/114.0.5735.196 HuaweiBrowser/15.0.10.302 Mobile Safari/537.36"
52.14.149.112 - - [08/Jun/2025:05:16:34 -0400] "GET /wind-breaker-chapter-216/ HTTP/1.1" 200 12177 "https://read11.windbreakermanga.com/" "Mozilla/5.0 (Linux; Android 10; EVE-LX9; HMSCore 6.15.0.312) AppleWebKit/537.36 (KHTML, like Gecko) Chrome/114.0.5735.196 HuaweiBrowser/15.0.10.302 Mobile Safari/537.36"
52.14.149.112 - - [08/Jun/2025:05:16:35 -0400] "GET /wind-breaker-chapter-139/ HTTP/1.1" 200 11951 "https://read11.windbreakermanga.com/" "Mozilla/5.0 (Linux; Android 10; EVE-LX9; HMSCore 6.15.0.312) AppleWebKit/537.36 (KHTML, like Gecko) Chrome/114.0.5735.196 HuaweiBrowser/15.0.10.302 Mobile Safari/537.36"
52.14.149.112 - - [08/Jun/2025:05:16:35 -0400] "GET /wind-breaker-chapter-84/ HTTP/1.1" 200 11902 "https://read11.windbreakermanga.com/" "Mozilla/5.0 (Linux; Android 10; EVE-LX9; HMSCore 6.15.0.312) AppleWebKit/537.36 (KHTML, like Gecko) Chrome/114.0.5735.196 HuaweiBrowser/15.0.10.302 Mobile Safari/537.36"
52.14.149.112 - - [08/Jun/2025:05:16:35 -0400] "GET /wind-breaker-chapter-64/ HTTP/1.1" 200 12031 "https://read11.windbreakermanga.com/" "Mozilla/5.0 (Linux; Android 10; EVE-LX9; HMSCore 6.15.0.312) AppleWebKit/537.36 (KHTML, like Gecko) Chrome/114.0.5735.196 HuaweiBrowser/15.0.10.302 Mobile Safari/537.36"
52.14.149.112 - - [08/Jun/2025:05:16:36 -0400] "GET /wind-breaker-chapter-52/ HTTP/1.1" 200 11936 "https://read11.windbreakermanga.com/" "Mozilla/5.0 (Linux; Android 10; EVE-LX9; HMSCore 6.15.0.312) AppleWebKit/537.36 (KHTML, like Gecko) Chrome/114.0.5735.196 HuaweiBrowser/15.0.10.302 Mobile Safari/537.36"
52.14.149.112 - - [08/Jun/2025:05:16:36 -0400] "GET /wind-breaker-chapter-16/ HTTP/1.1" 200 11937 "https://read11.windbreakermanga.com/" "Mozilla/5.0 (Linux; Android 10; EVE-LX9; HMSCore 6.15.0.312) AppleWebKit/537.36 (KHTML, like Gecko) Chrome/114.0.5735.196 HuaweiBrowser/15.0.10.302 Mobile Safari/537.36"
52.14.149.112 - - [08/Jun/2025:05:16:36 -0400] "GET /wind-breaker-chapter-7/ HTTP/1.1" 200 11725 "https://read11.windbreakermanga.com/" "Mozilla/5.0 (Linux; Android 10; EVE-LX9; HMSCore 6.15.0.312) AppleWebKit/537.36 (KHTML, like Gecko) Chrome/114.0.5735.196 HuaweiBrowser/15.0.10.302 Mobile Safari/537.36"
52.14.149.112 - - [08/Jun/2025:05:16:37 -0400] "GET /wind-breaker-chapter-3/ HTTP/1.1" 200 11639 "https://read11.windbreakermanga.com/" "Mozilla/5.0 (Linux; Android 10; EVE-LX9; HMSCore 6.15.0.312) AppleWebKit/537.36 (KHTML, like Gecko) Chrome/114.0.5735.196 HuaweiBrowser/15.0.10.302 Mobile Safari/537.36"
52.14.149.112 - - [08/Jun/2025:05:16:38 -0400] "GET /wind-breaker-chapter-0/ HTTP/1.1" 200 11273 "https://read11.windbreakermanga.com/" "Mozilla/5.0 (Linux; Android 10; EVE-LX9; HMSCore 6.15.0.312) AppleWebKit/537.36 (KHTML, like Gecko) Chrome/114.0.5735.196 HuaweiBrowser/15.0.10.302 Mobile Safari/537.36"
52.14.149.112 - - [08/Jun/2025:05:16:41 -0400] "GET /wp-content/plugins/simple-social-buttons/assets/fonts/ssb-icon.ttf?eahqa2 HTTP/1.1" 200 7412 "https://read11.windbreakermanga.com/wp-content/cache/min/1/wp-content/plugins/simple-social-buttons/assets/css/front.css?ver=1746140519" "Mozilla/5.0 (Linux; Android 10; EVE-LX9; HMSCore 6.15.0.312) AppleWebKit/537.36 (KHTML, like Gecko) Chrome/114.0.5735.196 HuaweiBrowser/15.0.10.302 Mobile Safari/537.36"
162.0.232.193 - - [08/Jun/2025:05:16:42 -0400] "POST /wp-cron.php?doing_wp_cron=1749374202.0859000682830810546875 HTTP/1.1" 200 0 "-" "WordPress/6.8.1; https://read11.windbreakermanga.com"
52.14.149.112 - - [08/Jun/2025:05:16:41 -0400] "POST /wp-admin/admin-ajax.php HTTP/1.1" 200 61 "https://read11.windbreakermanga.com/wind-breaker-chapter-0/" "Mozilla/5.0 (Linux; Android 10; EVE-LX9; HMSCore 6.15.0.312) AppleWebKit/537.36 (KHTML, like Gecko) Chrome/114.0.5735.196 HuaweiBrowser/15.0.10.302 Mobile Safari/537.36"
47.79.122.126 - - [08/Jun/2025:05:17:08 -0400] "GET /wind-breaker-chapter-506-2/ HTTP/1.1" 200 11669 "https://read11.windbreakermanga.com/wind-breaker-chapter-506-2/" "Mozilla/5.0 (Windows NT 10.0; Win64; x64) AppleWebKit/537.36 (KHTML, like Gecko) Chrome/114.0.0.0 Safari/537.36 Edg/114.0.1823.43"
47.82.61.9 - - [08/Jun/2025:05:17:10 -0400] "GET /wind-breaker-chapter-258/ HTTP/1.1" 200 12719 "https://read11.windbreakermanga.com/wind-breaker-chapter-258/" "Mozilla/5.0 (Windows NT 10.0; Win64; x64) AppleWebKit/537.36 (KHTML, like Gecko) Chrome/114.0.0.0 Safari/537.36 Edg/114.0.1823.43"
2001:861:e182:ce90:208e:17ac:c326:e771 - - [08/Jun/2025:05:17:35 -0400] "GET /wind-breaker-chapter-547/ HTTP/1.1" 200 11301 "https://read11.windbreakermanga.com/wind-breaker-chapter-546/" "Mozilla/5.0 (iPhone; CPU iPhone OS 18_5 like Mac OS X) AppleWebKit/605.1.15 (KHTML, like Gecko) Version/18.5 Mobile/15E148 Safari/604.1 OPT/5.5.3"
2001:ee0:4f39:9fa:3827:1f4e:caf4:2c8e - - [08/Jun/2025:05:17:40 -0400] "GET /wind-breaker-chapter-317/ HTTP/1.1" 200 12884 "-" "Mozilla/5.0 (Windows NT 10.0; Win64; x64) AppleWebKit/537.36 (KHTML, like Gecko) Chrome/121.0.0.0 Safari/537.36 Edg/121.0.0.0"
43.159.143.139 - - [08/Jun/2025:05:17:43 -0400] "GET /wind-breaker-chapter-79/ HTTP/1.1" 200 11940 "-" "Mozilla/5.0 (iPhone; CPU iPhone OS 13_2_3 like Mac OS X) AppleWebKit/605.1.15 (KHTML, like Gecko) Version/13.0.3 Mobile/15E148 Safari/604.1"
2001:861:e182:ce90:208e:17ac:c326:e771 - - [08/Jun/2025:05:17:56 -0400] "GET /wind-breaker-chapter-547/ HTTP/1.1" 304 0 "https://read11.windbreakermanga.com/wind-breaker-chapter-546/" "Mozilla/5.0 (iPhone; CPU iPhone OS 18_5 like Mac OS X) AppleWebKit/605.1.15 (KHTML, like Gecko) Version/18.5 Mobile/15E148 Safari/604.1 OPT/5.5.3"
162.0.232.193 - - [08/Jun/2025:05:17:57 -0400] "POST /wp-cron.php?doing_wp_cron=1749374277.6408538818359375000000 HTTP/1.1" 200 0 "-" "WordPress/6.8.1; https://read11.windbreakermanga.com"
34.195.25.237 - - [08/Jun/2025:05:17:57 -0400] "GET /ads.txt HTTP/1.1" 301 0 "-" "DisqusAdstxtCrawler/0.1 (+https://help.disqus.com/en/articles/1765357-ads-txt-implementation-guide)"
34.195.25.237 - - [08/Jun/2025:05:17:57 -0400] "GET / HTTP/1.1" 200 12564 "-" "DisqusAdstxtCrawler/0.1 (+https://help.disqus.com/en/articles/1765357-ads-txt-implementation-guide)"
66.249.77.194 - - [08/Jun/2025:05:18:02 -0400] "GET /chapter-418/feed/ HTTP/1.1" 200 416 "-" "Mozilla/5.0 (Linux; Android 6.0.1; Nexus 5X Build/MMB29P) AppleWebKit/537.36 (KHTML, like Gecko) Chrome/136.0.7103.113 Mobile Safari/537.36 (compatible; Googlebot/2.1; +http://www.google.com/bot.html)"
47.82.60.222 - - [08/Jun/2025:05:18:35 -0400] "GET /category/manga/page/50/ HTTP/1.1" 200 12411 "https://read11.windbreakermanga.com/category/manga/page/50/" "Mozilla/5.0 (Windows NT 10.0; Win64; x64) AppleWebKit/537.36 (KHTML, like Gecko) Chrome/114.0.0.0 Safari/537.36 Edg/114.0.1823.43"
2001:861:e182:ce90:208e:17ac:c326:e771 - - [08/Jun/2025:05:19:25 -0400] "GET /wind-breaker-chapter-548/ HTTP/1.1" 200 11623 "https://read11.windbreakermanga.com/wind-breaker-chapter-547/" "Mozilla/5.0 (iPhone; CPU iPhone OS 18_5 like Mac OS X) AppleWebKit/605.1.15 (KHTML, like Gecko) Version/18.5 Mobile/15E148 Safari/604.1 OPT/5.5.3"
162.0.232.193 - - [08/Jun/2025:05:19:26 -0400] "POST /wp-cron.php?doing_wp_cron=1749374366.2958319187164306640625 HTTP/1.1" 200 0 "-" "WordPress/6.8.1; https://read11.windbreakermanga.com"
2001:861:e182:ce90:208e:17ac:c326:e771 - - [08/Jun/2025:05:19:26 -0400] "POST /wp-admin/admin-ajax.php HTTP/1.1" 200 61 "https://read11.windbreakermanga.com/wind-breaker-chapter-548/" "Mozilla/5.0 (iPhone; CPU iPhone OS 18_5 like Mac OS X) AppleWebKit/605.1.15 (KHTML, like Gecko) Version/18.5 Mobile/15E148 Safari/604.1 OPT/5.5.3"
162.0.232.193 - - [08/Jun/2025:05:19:28 -0400] "GET /wp-content/uploads/f979bbbcbe9df560cb74049269d2541e_4104.xml HTTP/1.1" 200 2572 "-" "Mozilla/5.0 (X11; Linux x86_64) AppleWebKit/537.36 (KHTML, like Gecko) Ubuntu Chromium/41.0.2272.76"
117.5.129.64 - - [08/Jun/2025:05:20:00 -0400] "GET /wind-breaker-chapter-454/ HTTP/1.1" 200 11930 "-" "Mozilla/5.0 (iPhone; CPU iPhone OS 17_1 like Mac OS X) AppleWebKit/605.1.15 (KHTML, like Gecko) EdgiOS/119.0.2151.78 Version/17.0 Mobile/15E148 Safari/604.1"
2a03:2880:13ff:71:: - - [08/Jun/2025:05:20:01 -0400] "GET / HTTP/1.1" 200 12564 "-" "meta-externalagent/1.1 (+https://developers.facebook.com/docs/sharing/webmasters/crawler)"
2001:ee0:5681:4fc5:3d3d:da81:8d5:b345 - - [08/Jun/2025:05:20:06 -0400] "GET / HTTP/1.1" 200 12573 "-" "Mozilla/5.0 (Linux; Android 10; K) AppleWebKit/537.36 (KHTML, like Gecko) Chrome/122.0.0.0 Mobile Safari/537.36"
2001:861:e182:ce90:208e:17ac:c326:e771 - - [08/Jun/2025:05:20:25 -0400] "GET /wind-breaker-chapter-549/ HTTP/1.1" 200 11281 "https://read11.windbreakermanga.com/wind-breaker-chapter-548/" "Mozilla/5.0 (iPhone; CPU iPhone OS 18_5 like Mac OS X) AppleWebKit/605.1.15 (KHTML, like Gecko) Version/18.5 Mobile/15E148 Safari/604.1 OPT/5.5.3"
2a0c:5a86:3082:1000:a129:7fda:b130:f40 - - [08/Jun/2025:05:20:32 -0400] "GET / HTTP/1.1" 200 12564 "https://www.bing.com/" "Mozilla/5.0 (Windows NT 10.0; Win64; x64) AppleWebKit/537.36 (KHTML, like Gecko) Chrome/137.0.0.0 Safari/537.36 Edg/137.0.0.0"
2a0c:5a86:3082:1000:a129:7fda:b130:f40 - - [08/Jun/2025:05:20:32 -0400] "GET /wp-content/cache/min/1/wp-content/plugins/widgets-on-pages/public/css/widgets-on-pages-public.css?ver=1746140519 HTTP/1.1" 200 75 "https://read11.windbreakermanga.com/" "Mozilla/5.0 (Windows NT 10.0; Win64; x64) AppleWebKit/537.36 (KHTML, like Gecko) Chrome/137.0.0.0 Safari/537.36 Edg/137.0.0.0"
2a0c:5a86:3082:1000:a129:7fda:b130:f40 - - [08/Jun/2025:05:20:32 -0400] "GET /wp-content/cache/min/1/wp-content/plugins/comic-easel/js/keynav.js?ver=1746140519 HTTP/1.1" 200 221 "https://read11.windbreakermanga.com/" "Mozilla/5.0 (Windows NT 10.0; Win64; x64) AppleWebKit/537.36 (KHTML, like Gecko) Chrome/137.0.0.0 Safari/537.36 Edg/137.0.0.0"
2a0c:5a86:3082:1000:a129:7fda:b130:f40 - - [08/Jun/2025:05:20:32 -0400] "GET /wp-content/cache/min/1/wp-content/plugins/comic-easel/css/comiceasel.css?ver=1746140519 HTTP/1.1" 200 1064 "https://read11.windbreakermanga.com/" "Mozilla/5.0 (Windows NT 10.0; Win64; x64) AppleWebKit/537.36 (KHTML, like Gecko) Chrome/137.0.0.0 Safari/537.36 Edg/137.0.0.0"
2a0c:5a86:3082:1000:a129:7fda:b130:f40 - - [08/Jun/2025:05:20:32 -0400] "GET /wp-includes/js/jquery/jquery-migrate.min.js?ver=3.4.1 HTTP/1.1" 200 4678 "https://read11.windbreakermanga.com/" "Mozilla/5.0 (Windows NT 10.0; Win64; x64) AppleWebKit/537.36 (KHTML, like Gecko) Chrome/137.0.0.0 Safari/537.36 Edg/137.0.0.0"
2a0c:5a86:3082:1000:a129:7fda:b130:f40 - - [08/Jun/2025:05:20:32 -0400] "GET /wp-content/uploads/2024/02/te926m2lqxc91.webp HTTP/1.1" 200 51244 "https://read11.windbreakermanga.com/" "Mozilla/5.0 (Windows NT 10.0; Win64; x64) AppleWebKit/537.36 (KHTML, like Gecko) Chrome/137.0.0.0 Safari/537.36 Edg/137.0.0.0"
2a0c:5a86:3082:1000:a129:7fda:b130:f40 - - [08/Jun/2025:05:20:32 -0400] "GET /wp-content/uploads/2024/02/is-wind-breaker-worth-reading-right-now-v0-caa0pw3v7f8b1-768x1365.webp HTTP/1.1" 200 104870 "https://read11.windbreakermanga.com/" "Mozilla/5.0 (Windows NT 10.0; Win64; x64) AppleWebKit/537.36 (KHTML, like Gecko) Chrome/137.0.0.0 Safari/537.36 Edg/137.0.0.0"
2a0c:5a86:3082:1000:a129:7fda:b130:f40 - - [08/Jun/2025:05:20:32 -0400] "GET /wp-content/cache/min/1/wp-content/themes/toivo-lite/style.css?ver=1746140519 HTTP/1.1" 200 10061 "https://read11.windbreakermanga.com/" "Mozilla/5.0 (Windows NT 10.0; Win64; x64) AppleWebKit/537.36 (KHTML, like Gecko) Chrome/137.0.0.0 Safari/537.36 Edg/137.0.0.0"
2a0c:5a86:3082:1000:a129:7fda:b130:f40 - - [08/Jun/2025:05:20:32 -0400] "GET /wp-content/cache/min/1/wp-content/themes/toivo-lite/fonts/genericons/genericons/genericons.min.css?ver=1746140519 HTTP/1.1" 200 15990 "https://read11.windbreakermanga.com/" "Mozilla/5.0 (Windows NT 10.0; Win64; x64) AppleWebKit/537.36 (KHTML, like Gecko) Chrome/137.0.0.0 Safari/537.36 Edg/137.0.0.0"
2a0c:5a86:3082:1000:a129:7fda:b130:f40 - - [08/Jun/2025:05:20:32 -0400] "GET /wp-includes/js/jquery/jquery.min.js?ver=3.7.1 HTTP/1.1" 200 29744 "https://read11.windbreakermanga.com/" "Mozilla/5.0 (Windows NT 10.0; Win64; x64) AppleWebKit/537.36 (KHTML, like Gecko) Chrome/137.0.0.0 Safari/537.36 Edg/137.0.0.0"
2a0c:5a86:3082:1000:a129:7fda:b130:f40 - - [08/Jun/2025:05:20:32 -0400] "GET /wp-content/cache/min/1/wp-content/plugins/simple-social-buttons/assets/css/front.css?ver=1746140519 HTTP/1.1" 200 9651 "https://read11.windbreakermanga.com/" "Mozilla/5.0 (Windows NT 10.0; Win64; x64) AppleWebKit/537.36 (KHTML, like Gecko) Chrome/137.0.0.0 Safari/537.36 Edg/137.0.0.0"
2a0c:5a86:3082:1000:a129:7fda:b130:f40 - - [08/Jun/2025:05:20:33 -0400] "GET /wp-content/plugins/simple-social-buttons/assets/js/frontend-blocks.js?ver=6.1.0 HTTP/1.1" 200 0 "https://read11.windbreakermanga.com/" "Mozilla/5.0 (Windows NT 10.0; Win64; x64) AppleWebKit/537.36 (KHTML, like Gecko) Chrome/137.0.0.0 Safari/537.36 Edg/137.0.0.0"
2a0c:5a86:3082:1000:a129:7fda:b130:f40 - - [08/Jun/2025:05:20:33 -0400] "GET /wp-content/themes/toivo-lite/js/settings.min.js?ver=1.2.0 HTTP/1.1" 200 307 "https://read11.windbreakermanga.com/" "Mozilla/5.0 (Windows NT 10.0; Win64; x64) AppleWebKit/537.36 (KHTML, like Gecko) Chrome/137.0.0.0 Safari/537.36 Edg/137.0.0.0"
2a0c:5a86:3082:1000:a129:7fda:b130:f40 - - [08/Jun/2025:05:20:33 -0400] "GET /wp-content/themes/toivo-lite/js/responsive-nav.min.js?ver=1.2.0 HTTP/1.1" 200 2102 "https://read11.windbreakermanga.com/" "Mozilla/5.0 (Windows NT 10.0; Win64; x64) AppleWebKit/537.36 (KHTML, like Gecko) Chrome/137.0.0.0 Safari/537.36 Edg/137.0.0.0"
2a0c:5a86:3082:1000:a129:7fda:b130:f40 - - [08/Jun/2025:05:20:33 -0400] "GET /wp-content/cache/min/1/wp-content/plugins/simple-social-buttons/assets/js/front.js?ver=1746140519 HTTP/1.1" 200 1525 "https://read11.windbreakermanga.com/" "Mozilla/5.0 (Windows NT 10.0; Win64; x64) AppleWebKit/537.36 (KHTML, like Gecko) Chrome/137.0.0.0 Safari/537.36 Edg/137.0.0.0"
2a0c:5a86:3082:1000:a129:7fda:b130:f40 - - [08/Jun/2025:05:20:33 -0400] "GET /wp-content/themes/toivo-lite/js/functions.min.js?ver=1.2.0 HTTP/1.1" 200 593 "https://read11.windbreakermanga.com/" "Mozilla/5.0 (Windows NT 10.0; Win64; x64) AppleWebKit/537.36 (KHTML, like Gecko) Chrome/137.0.0.0 Safari/537.36 Edg/137.0.0.0"
2a0c:5a86:3082:1000:a129:7fda:b130:f40 - - [08/Jun/2025:05:20:34 -0400] "GET /wp-content/uploads/2024/02/cropped-jay-jo-32x32.webp HTTP/1.1" 200 540 "https://read11.windbreakermanga.com/" "Mozilla/5.0 (Windows NT 10.0; Win64; x64) AppleWebKit/537.36 (KHTML, like Gecko) Chrome/137.0.0.0 Safari/537.36 Edg/137.0.0.0"
2a0c:5a86:3082:1000:a129:7fda:b130:f40 - - [08/Jun/2025:05:20:36 -0400] "GET /wind-breaker-chapter-550/ HTTP/1.1" 200 11220 "https://read11.windbreakermanga.com/" "Mozilla/5.0 (Windows NT 10.0; Win64; x64) AppleWebKit/537.36 (KHTML, like Gecko) Chrome/137.0.0.0 Safari/537.36 Edg/137.0.0.0"
2a0c:5a86:3082:1000:a129:7fda:b130:f40 - - [08/Jun/2025:05:20:37 -0400] "GET /wind-breaker-chapter-550/ HTTP/1.1" 304 0 "https://read11.windbreakermanga.com/" "Mozilla/5.0 (Windows NT 10.0; Win64; x64) AppleWebKit/537.36 (KHTML, like Gecko) Chrome/137.0.0.0 Safari/537.36 Edg/137.0.0.0"
2a0c:5a86:3082:1000:a129:7fda:b130:f40 - - [08/Jun/2025:05:20:37 -0400] "GET /wp-content/cache/min/1/wp-content/plugins/disqus-comment-system/public/js/comment_count.js?ver=1746140935 HTTP/1.1" 200 308 "https://read11.windbreakermanga.com/wind-breaker-chapter-550/" "Mozilla/5.0 (Windows NT 10.0; Win64; x64) AppleWebKit/537.36 (KHTML, like Gecko) Chrome/137.0.0.0 Safari/537.36 Edg/137.0.0.0"
2a0c:5a86:3082:1000:a129:7fda:b130:f40 - - [08/Jun/2025:05:20:37 -0400] "GET /wp-content/cache/min/1/wp-content/plugins/wp-automatic/js/main-front.js?ver=1746140935 HTTP/1.1" 200 276 "https://read11.windbreakermanga.com/wind-breaker-chapter-550/" "Mozilla/5.0 (Windows NT 10.0; Win64; x64) AppleWebKit/537.36 (KHTML, like Gecko) Chrome/137.0.0.0 Safari/537.36 Edg/137.0.0.0"
2a0c:5a86:3082:1000:a129:7fda:b130:f40 - - [08/Jun/2025:05:20:37 -0400] "GET /wp-content/cache/min/1/wp-content/plugins/wp-automatic/css/wp-automatic.css?ver=1746140935 HTTP/1.1" 200 484 "https://read11.windbreakermanga.com/wind-breaker-chapter-550/" "Mozilla/5.0 (Windows NT 10.0; Win64; x64) AppleWebKit/537.36 (KHTML, like Gecko) Chrome/137.0.0.0 Safari/537.36 Edg/137.0.0.0"
2a0c:5a86:3082:1000:a129:7fda:b130:f40 - - [08/Jun/2025:05:20:38 -0400] "GET /wp-content/cache/min/1/wp-content/plugins/disqus-comment-system/public/js/comment_embed.js?ver=1746140935 HTTP/1.1" 200 494 "https://read11.windbreakermanga.com/wind-breaker-chapter-550/" "Mozilla/5.0 (Windows NT 10.0; Win64; x64) AppleWebKit/537.36 (KHTML, like Gecko) Chrome/137.0.0.0 Safari/537.36 Edg/137.0.0.0"
2a0c:5a86:3082:1000:a129:7fda:b130:f40 - - [08/Jun/2025:05:20:38 -0400] "GET /wp-content/plugins/simple-social-buttons/assets/fonts/ssb-icon.ttf?eahqa2 HTTP/1.1" 200 7412 "https://read11.windbreakermanga.com/wp-content/cache/min/1/wp-content/plugins/simple-social-buttons/assets/css/front.css?ver=1746140519" "Mozilla/5.0 (Windows NT 10.0; Win64; x64) AppleWebKit/537.36 (KHTML, like Gecko) Chrome/137.0.0.0 Safari/537.36 Edg/137.0.0.0"
162.0.232.193 - - [08/Jun/2025:05:20:40 -0400] "POST /wp-cron.php?doing_wp_cron=1749374440.5835459232330322265625 HTTP/1.1" 200 0 "-" "WordPress/6.8.1; https://read11.windbreakermanga.com"
47.128.121.125 - - [08/Jun/2025:05:20:41 -0400] "GET / HTTP/1.1" 200 12573 "-" "Mozilla/5.0 (Linux; Android 5.0) AppleWebKit/537.36 (KHTML, like Gecko) Mobile Safari/537.36 (compatible; TikTokSpider; [email protected])"
2001:861:e182:ce90:208e:17ac:c326:e771 - - [08/Jun/2025:05:21:31 -0400] "GET /wind-breaker-chapter-550/ HTTP/1.1" 200 11563 "https://read11.windbreakermanga.com/wind-breaker-chapter-549/" "Mozilla/5.0 (iPhone; CPU iPhone OS 18_5 like Mac OS X) AppleWebKit/605.1.15 (KHTML, like Gecko) Version/18.5 Mobile/15E148 Safari/604.1 OPT/5.5.3"
162.0.232.193 - - [08/Jun/2025:05:21:32 -0400] "POST /wp-cron.php?doing_wp_cron=1749374492.1626369953155517578125 HTTP/1.1" 200 0 "-" "WordPress/6.8.1; https://read11.windbreakermanga.com"
2001:861:e182:ce90:208e:17ac:c326:e771 - - [08/Jun/2025:05:21:31 -0400] "POST /wp-admin/admin-ajax.php HTTP/1.1" 200 61 "https://read11.windbreakermanga.com/wind-breaker-chapter-550/" "Mozilla/5.0 (iPhone; CPU iPhone OS 18_5 like Mac OS X) AppleWebKit/605.1.15 (KHTML, like Gecko) Version/18.5 Mobile/15E148 Safari/604.1 OPT/5.5.3"
162.0.232.193 - - [08/Jun/2025:05:23:02 -0400] "POST /wp-cron.php?doing_wp_cron=1749374582.7744090557098388671875 HTTP/1.1" 200 0 "-" "WordPress/6.8.1; https://read11.windbreakermanga.com"
64.233.173.13 - - [08/Jun/2025:05:23:01 -0400] "GET /wp-content/uploads/2022/03/tumblr_cab03e326b977dd50b071e35114800e1_faf8654b_1280.jpeg HTTP/1.1" 301 0 "-" "Mozilla/5.0 (Windows NT 5.1; rv:11.0) Gecko Firefox/11.0 (via ggpht.com GoogleImageProxy)"
64.233.173.12 - - [08/Jun/2025:05:23:03 -0400] "GET / HTTP/1.1" 200 12564 "-" "Mozilla/5.0 (Windows NT 5.1; rv:11.0) Gecko Firefox/11.0 (via ggpht.com GoogleImageProxy)"
64.233.173.13 - - [08/Jun/2025:05:23:03 -0400] "GET /wp-content/uploads/2022/03/tumblr_cab03e326b977dd50b071e35114800e1_faf8654b_1280.jpeg HTTP/1.1" 301 0 "-" "Mozilla/5.0 (Windows NT 5.1; rv:11.0) Gecko Firefox/11.0 (via ggpht.com GoogleImageProxy)"
64.233.173.11 - - [08/Jun/2025:05:23:04 -0400] "GET / HTTP/1.1" 200 12564 "-" "Mozilla/5.0 (Windows NT 5.1; rv:11.0) Gecko Firefox/11.0 (via ggpht.com GoogleImageProxy)"
162.0.232.193 - - [08/Jun/2025:05:23:04 -0400] "GET /wp-content/uploads/f979bbbcbe9df560cb74049269d2541e_4104.xml HTTP/1.1" 200 2572 "-" "Mozilla/5.0 (X11; Linux x86_64) AppleWebKit/537.36 (KHTML, like Gecko) Ubuntu Chromium/41.0.2272.76"
2001:861:e182:ce90:208e:17ac:c326:e771 - - [08/Jun/2025:05:23:49 -0400] "GET /wind-breaker-chapter-549/ HTTP/1.1" 304 0 "-" "Mozilla/5.0 (iPhone; CPU iPhone OS 18_5 like Mac OS X) AppleWebKit/605.1.15 (KHTML, like Gecko) Version/18.5 Mobile/15E148 Safari/604.1 OPT/5.5.3"
2001:861:e182:ce90:208e:17ac:c326:e771 - - [08/Jun/2025:05:23:49 -0400] "GET /apple-touch-icon.png HTTP/1.1" 301 0 "-" "Opera/4 CFNetwork/3826.500.131 Darwin/24.5.0"
2001:861:e182:ce90:208e:17ac:c326:e771 - - [08/Jun/2025:05:23:50 -0400] "GET / HTTP/1.1" 200 12564 "-" "Opera/4 CFNetwork/3826.500.131 Darwin/24.5.0"
2001:861:e182:ce90:208e:17ac:c326:e771 - - [08/Jun/2025:05:23:50 -0400] "GET /apple-touch-icon-precomposed.png HTTP/1.1" 301 0 "-" "Opera/4 CFNetwork/3826.500.131 Darwin/24.5.0"
2001:861:e182:ce90:208e:17ac:c326:e771 - - [08/Jun/2025:05:23:51 -0400] "GET / HTTP/1.1" 200 12564 "-" "Opera/4 CFNetwork/3826.500.131 Darwin/24.5.0"
2001:861:e182:ce90:208e:17ac:c326:e771 - - [08/Jun/2025:05:23:51 -0400] "GET /favicon.ico HTTP/1.1" 302 0 "-" "Opera/4 CFNetwork/3826.500.131 Darwin/24.5.0"
2001:861:e182:ce90:208e:17ac:c326:e771 - - [08/Jun/2025:05:24:12 -0400] "GET /wind-breaker-chapter-548/ HTTP/1.1" 304 0 "-" "Mozilla/5.0 (iPhone; CPU iPhone OS 18_5 like Mac OS X) AppleWebKit/605.1.15 (KHTML, like Gecko) Version/18.5 Mobile/15E148 Safari/604.1 OPT/5.5.3"
162.0.232.193 - - [08/Jun/2025:05:24:12 -0400] "POST /wp-cron.php?doing_wp_cron=1749374652.7132089138031005859375 HTTP/1.1" 200 0 "-" "WordPress/6.8.1; https://read11.windbreakermanga.com"
2001:861:e182:ce90:208e:17ac:c326:e771 - - [08/Jun/2025:05:24:12 -0400] "GET /apple-touch-icon.png HTTP/1.1" 301 0 "-" "Opera/4 CFNetwork/3826.500.131 Darwin/24.5.0"
2001:861:e182:ce90:208e:17ac:c326:e771 - - [08/Jun/2025:05:24:13 -0400] "GET / HTTP/1.1" 200 12564 "-" "Opera/4 CFNetwork/3826.500.131 Darwin/24.5.0"
2001:861:e182:ce90:208e:17ac:c326:e771 - - [08/Jun/2025:05:24:13 -0400] "GET /apple-touch-icon-precomposed.png HTTP/1.1" 301 0 "-" "Opera/4 CFNetwork/3826.500.131 Darwin/24.5.0"
2001:861:e182:ce90:208e:17ac:c326:e771 - - [08/Jun/2025:05:24:13 -0400] "GET / HTTP/1.1" 200 12467 "-" "Opera/4 CFNetwork/3826.500.131 Darwin/24.5.0"
2001:861:e182:ce90:208e:17ac:c326:e771 - - [08/Jun/2025:05:24:12 -0400] "POST /wp-admin/admin-ajax.php HTTP/1.1" 200 61 "https://read11.windbreakermanga.com/wind-breaker-chapter-548/" "Mozilla/5.0 (iPhone; CPU iPhone OS 18_5 like Mac OS X) AppleWebKit/605.1.15 (KHTML, like Gecko) Version/18.5 Mobile/15E148 Safari/604.1 OPT/5.5.3"
2a03:2880:3ff:4:: - - [08/Jun/2025:05:24:33 -0400] "GET / HTTP/1.1" 200 12564 "-" "meta-externalagent/1.1 (+https://developers.facebook.com/docs/sharing/webmasters/crawler)"
162.0.232.193 - - [08/Jun/2025:05:26:05 -0400] "POST /wp-cron.php?doing_wp_cron=1749374764.7799179553985595703125 HTTP/1.1" 200 0 "-" "WordPress/6.8.1; https://read11.windbreakermanga.com"
66.249.77.201 - - [08/Jun/2025:05:26:03 -0400] "GET /wind-breaker-chapter-344/feed/ HTTP/1.1" 200 423 "-" "Mozilla/5.0 (Linux; Android 6.0.1; Nexus 5X Build/MMB29P) AppleWebKit/537.36 (KHTML, like Gecko) Chrome/136.0.7103.113 Mobile Safari/537.36 (compatible; Googlebot/2.1; +http://www.google.com/bot.html)"
43.167.232.38 - - [08/Jun/2025:05:26:16 -0400] "GET /wind-breaker-chapter-90/ HTTP/1.1" 200 11922 "-" "Mozilla/5.0 (iPhone; CPU iPhone OS 13_2_3 like Mac OS X) AppleWebKit/605.1.15 (KHTML, like Gecko) Version/13.0.3 Mobile/15E148 Safari/604.1"
162.0.232.193 - - [08/Jun/2025:05:26:22 -0400] "POST /wp-cron.php?doing_wp_cron=1749374782.0936949253082275390625 HTTP/1.1" 200 0 "-" "WordPress/6.8.1; https://read11.windbreakermanga.com"
2a03:2880:f800:1c:: - - [08/Jun/2025:05:26:21 -0400] "GET /category/wind-breaker/page/7/ HTTP/1.1" 200 12923 "-" "meta-externalagent/1.1 (+https://developers.facebook.com/docs/sharing/webmasters/crawler)"
162.0.232.193 - - [08/Jun/2025:05:26:59 -0400] "POST /wp-cron.php?doing_wp_cron=1749374818.8503611087799072265625 HTTP/1.1" 200 0 "-" "WordPress/6.8.1; https://read11.windbreakermanga.com"
2001:ee0:468a:8426:f877:1fa5:2986:7b99 - - [08/Jun/2025:05:27:04 -0400] "GET / HTTP/1.1" 200 12564 "-" "Mozilla/5.0 (Windows NT 10.0; Win64; x64) AppleWebKit/537.36 (KHTML, like Gecko) Chrome/121.0.0.0 Safari/537.36 Edg/121.0.0.0 GLS/100.10.9415.94"
66.249.77.201 - - [08/Jun/2025:05:27:05 -0400] "GET /wind-breaker-chapter-43/ HTTP/1.1" 200 11981 "-" "Mozilla/5.0 (Linux; Android 6.0.1; Nexus 5X Build/MMB29P) AppleWebKit/537.36 (KHTML, like Gecko) Chrome/136.0.7103.113 Mobile Safari/537.36 (compatible; Googlebot/2.1; +http://www.google.com/bot.html)"
66.249.77.193 - - [08/Jun/2025:05:27:08 -0400] "POST /wp-admin/admin-ajax.php HTTP/1.1" 200 61 "https://read11.windbreakermanga.com/wind-breaker-chapter-43/" "Mozilla/5.0 (Linux; Android 6.0.1; Nexus 5X Build/MMB29P) AppleWebKit/537.36 (KHTML, like Gecko) Chrome/136.0.7103.92 Mobile Safari/537.36 (compatible; Googlebot/2.1; +http://www.google.com/bot.html)"
162.0.232.193 - - [08/Jun/2025:05:27:27 -0400] "POST /wp-cron.php?doing_wp_cron=1749374846.9356820583343505859375 HTTP/1.1" 200 0 "-" "WordPress/6.8.1; https://read11.windbreakermanga.com"
2a03:2880:f800:c:: - - [08/Jun/2025:05:27:26 -0400] "GET /category/wind-breaker-manhwa/page/8/ HTTP/1.1" 200 13296 "-" "meta-externalagent/1.1 (+https://developers.facebook.com/docs/sharing/webmasters/crawler)"
162.0.232.193 - - [08/Jun/2025:05:27:29 -0400] "GET /wp-content/uploads/f979bbbcbe9df560cb74049269d2541e_4104.xml HTTP/1.1" 200 2572 "-" "Mozilla/5.0 (X11; Linux x86_64) AppleWebKit/537.36 (KHTML, like Gecko) Ubuntu Chromium/41.0.2272.76"
86.11.143.182 - - [08/Jun/2025:05:27:36 -0400] "GET / HTTP/1.1" 200 12573 "https://search.brave.com/" "Mozilla/5.0 (Linux; Android 10; K) AppleWebKit/537.36 (KHTML, like Gecko) Chrome/137.0.0.0 Mobile Safari/537.36"
86.11.143.182 - - [08/Jun/2025:05:27:38 -0400] "GET / HTTP/1.1" 200 12573 "-" "Mozilla/5.0 (Linux; Android 10; K) AppleWebKit/537.36 (KHTML, like Gecko) Chrome/137.0.0.0 Mobile Safari/537.36"
111.68.4.98 - - [08/Jun/2025:05:27:38 -0400] "GET / HTTP/1.1" 200 12564 "-" "Mozilla/5.0 (Windows NT 10.0; WOW64; rv:48.0) Gecko/20100101 Firefox/48.0"
86.11.143.182 - - [08/Jun/2025:05:27:41 -0400] "GET /wind-breaker-chapter-33/ HTTP/1.1" 200 11963 "-" "Mozilla/5.0 (Linux; Android 10; K) AppleWebKit/537.36 (KHTML, like Gecko) Chrome/137.0.0.0 Mobile Safari/537.36"
86.11.143.182 - - [08/Jun/2025:05:27:41 -0400] "GET /wind-breaker-chapter-38/ HTTP/1.1" 200 11957 "-" "Mozilla/5.0 (Linux; Android 10; K) AppleWebKit/537.36 (KHTML, like Gecko) Chrome/137.0.0.0 Mobile Safari/537.36"
86.11.143.182 - - [08/Jun/2025:05:27:42 -0400] "GET /wind-breaker-chapter-49/ HTTP/1.1" 200 11967 "-" "Mozilla/5.0 (Linux; Android 10; K) AppleWebKit/537.36 (KHTML, like Gecko) Chrome/137.0.0.0 Mobile Safari/537.36"
86.11.143.182 - - [08/Jun/2025:05:27:42 -0400] "GET /wind-breaker-chapter-53/ HTTP/1.1" 200 11934 "-" "Mozilla/5.0 (Linux; Android 10; K) AppleWebKit/537.36 (KHTML, like Gecko) Chrome/137.0.0.0 Mobile Safari/537.36"
86.11.143.182 - - [08/Jun/2025:05:27:44 -0400] "GET /wind-breaker-chapter-62/ HTTP/1.1" 200 11886 "-" "Mozilla/5.0 (Linux; Android 10; K) AppleWebKit/537.36 (KHTML, like Gecko) Chrome/137.0.0.0 Mobile Safari/537.36"
86.11.143.182 - - [08/Jun/2025:05:27:45 -0400] "GET /wind-breaker-chapter-65-5/ HTTP/1.1" 200 11945 "-" "Mozilla/5.0 (Linux; Android 10; K) AppleWebKit/537.36 (KHTML, like Gecko) Chrome/137.0.0.0 Mobile Safari/537.36"
86.11.143.182 - - [08/Jun/2025:05:27:45 -0400] "GET /wind-breaker-chapter-65-5/ HTTP/1.1" 304 0 "https://read11.windbreakermanga.com/" "Mozilla/5.0 (Linux; Android 10; K) AppleWebKit/537.36 (KHTML, like Gecko) Chrome/137.0.0.0 Mobile Safari/537.36"
86.11.143.182 - - [08/Jun/2025:05:27:45 -0400] "POST /wp-admin/admin-ajax.php HTTP/1.1" 200 61 "https://read11.windbreakermanga.com/wind-breaker-chapter-65-5/" "Mozilla/5.0 (Linux; Android 10; K) AppleWebKit/537.36 (KHTML, like Gecko) Chrome/137.0.0.0 Mobile Safari/537.36"
86.11.143.182 - - [08/Jun/2025:05:27:51 -0400] "GET /wind-breaker-chapter-66/ HTTP/1.1" 200 12036 "-" "Mozilla/5.0 (Linux; Android 10; K) AppleWebKit/537.36 (KHTML, like Gecko) Chrome/137.0.0.0 Mobile Safari/537.36"
86.11.143.182 - - [08/Jun/2025:05:27:51 -0400] "GET /wind-breaker-chapter-66/ HTTP/1.1" 304 0 "https://read11.windbreakermanga.com/" "Mozilla/5.0 (Linux; Android 10; K) AppleWebKit/537.36 (KHTML, like Gecko) Chrome/137.0.0.0 Mobile Safari/537.36"
86.11.143.182 - - [08/Jun/2025:05:27:52 -0400] "POST /wp-admin/admin-ajax.php HTTP/1.1" 200 61 "https://read11.windbreakermanga.com/wind-breaker-chapter-66/" "Mozilla/5.0 (Linux; Android 10; K) AppleWebKit/537.36 (KHTML, like Gecko) Chrome/137.0.0.0 Mobile Safari/537.36"
2001:ee0:4294:a7b3:5ddc:c8b7:244d:a443 - - [08/Jun/2025:05:28:04 -0400] "GET /wind-breaker-chapter-322/ HTTP/1.1" 200 12992 "-" "Mozilla/5.0 (Windows NT 10.0; Win64; x64) AppleWebKit/537.36 (KHTML, like Gecko) Chrome/121.0.0.0 Safari/537.36 Edg/121.0.0.0"
2001:ee0:4423:148a:c46d:94ad:67fb:8001 - - [08/Jun/2025:05:28:06 -0400] "GET /wind-breaker-chapter-207-part-2-ep-139/ HTTP/1.1" 301 0 "-" "Mozilla/5.0 (Windows NT 10.0; Win64; x64) AppleWebKit/537.36 (KHTML, like Gecko) Chrome/121.0.0.0 Safari/537.36 Edg/121.0.0.0"
86.11.143.182 - - [08/Jun/2025:05:28:06 -0400] "GET /wind-breaker-chapter-166/ HTTP/1.1" 200 12007 "-" "Mozilla/5.0 (Linux; Android 10; K) AppleWebKit/537.36 (KHTML, like Gecko) Chrome/137.0.0.0 Mobile Safari/537.36"
86.11.143.182 - - [08/Jun/2025:05:28:07 -0400] "GET /wind-breaker-chapter-166/ HTTP/1.1" 304 0 "https://read11.windbreakermanga.com/" "Mozilla/5.0 (Linux; Android 10; K) AppleWebKit/537.36 (KHTML, like Gecko) Chrome/137.0.0.0 Mobile Safari/537.36"
86.11.143.182 - - [08/Jun/2025:05:28:07 -0400] "POST /wp-admin/admin-ajax.php HTTP/1.1" 200 61 "https://read11.windbreakermanga.com/wind-breaker-chapter-166/" "Mozilla/5.0 (Linux; Android 10; K) AppleWebKit/537.36 (KHTML, like Gecko) Chrome/137.0.0.0 Mobile Safari/537.36"
14.187.155.136 - - [08/Jun/2025:05:28:09 -0400] "GET / HTTP/1.1" 200 12564 "-" "Mozilla/5.0 (Windows NT 10.0; Win64; x64) AppleWebKit/537.36 (KHTML, like Gecko) Chrome/121.0.0.0 Safari/537.36 Edg/121.0.0.0"
86.11.143.182 - - [08/Jun/2025:05:28:17 -0400] "GET /wind-breaker-chapter-167/ HTTP/1.1" 200 11967 "-" "Mozilla/5.0 (Linux; Android 10; K) AppleWebKit/537.36 (KHTML, like Gecko) Chrome/137.0.0.0 Mobile Safari/537.36"
86.11.143.182 - - [08/Jun/2025:05:28:19 -0400] "GET /wind-breaker-chapter-255/ HTTP/1.1" 200 12208 "-" "Mozilla/5.0 (Linux; Android 10; K) AppleWebKit/537.36 (KHTML, like Gecko) Chrome/137.0.0.0 Mobile Safari/537.36"
86.11.143.182 - - [08/Jun/2025:05:28:20 -0400] "GET /chapter-247/ HTTP/1.1" 200 11085 "-" "Mozilla/5.0 (Linux; Android 10; K) AppleWebKit/537.36 (KHTML, like Gecko) Chrome/137.0.0.0 Mobile Safari/537.36"
86.11.143.182 - - [08/Jun/2025:05:28:21 -0400] "GET /wind-breaker-chapter-257/ HTTP/1.1" 200 12635 "-" "Mozilla/5.0 (Linux; Android 10; K) AppleWebKit/537.36 (KHTML, like Gecko) Chrome/137.0.0.0 Mobile Safari/537.36"
86.11.143.182 - - [08/Jun/2025:05:28:22 -0400] "GET /wind-breaker-chapter-262/ HTTP/1.1" 200 12806 "-" "Mozilla/5.0 (Linux; Android 10; K) AppleWebKit/537.36 (KHTML, like Gecko) Chrome/137.0.0.0 Mobile Safari/537.36"
86.11.143.182 - - [08/Jun/2025:05:28:22 -0400] "GET /wind-breaker-chapter-266/ HTTP/1.1" 200 12547 "-" "Mozilla/5.0 (Linux; Android 10; K) AppleWebKit/537.36 (KHTML, like Gecko) Chrome/137.0.0.0 Mobile Safari/537.36"
86.11.143.182 - - [08/Jun/2025:05:28:23 -0400] "GET /wind-breaker-chapter-266/ HTTP/1.1" 304 0 "https://read11.windbreakermanga.com/" "Mozilla/5.0 (Linux; Android 10; K) AppleWebKit/537.36 (KHTML, like Gecko) Chrome/137.0.0.0 Mobile Safari/537.36"
86.11.143.182 - - [08/Jun/2025:05:28:23 -0400] "GET /wp-content/plugins/wp-rocket/assets/js/wpr-beacon.min.js HTTP/1.1" 304 0 "https://read11.windbreakermanga.com/wind-breaker-chapter-266/" "Mozilla/5.0 (Linux; Android 10; K) AppleWebKit/537.36 (KHTML, like Gecko) Chrome/137.0.0.0 Mobile Safari/537.36"
86.11.143.182 - - [08/Jun/2025:05:28:23 -0400] "POST /wp-admin/admin-ajax.php HTTP/1.1" 200 61 "https://read11.windbreakermanga.com/wind-breaker-chapter-266/" "Mozilla/5.0 (Linux; Android 10; K) AppleWebKit/537.36 (KHTML, like Gecko) Chrome/137.0.0.0 Mobile Safari/537.36"
86.11.143.182 - - [08/Jun/2025:05:28:35 -0400] "GET /wind-breaker-chapter-365/ HTTP/1.1" 200 11625 "-" "Mozilla/5.0 (Linux; Android 10; K) AppleWebKit/537.36 (KHTML, like Gecko) Chrome/137.0.0.0 Mobile Safari/537.36"
86.11.143.182 - - [08/Jun/2025:05:28:35 -0400] "GET /wind-breaker-chapter-365/ HTTP/1.1" 304 0 "https://read11.windbreakermanga.com/" "Mozilla/5.0 (Linux; Android 10; K) AppleWebKit/537.36 (KHTML, like Gecko) Chrome/137.0.0.0 Mobile Safari/537.36"
162.0.232.193 - - [08/Jun/2025:05:28:36 -0400] "POST /wp-cron.php?doing_wp_cron=1749374916.2532699108123779296875 HTTP/1.1" 200 0 "-" "WordPress/6.8.1; https://read11.windbreakermanga.com"
86.11.143.182 - - [08/Jun/2025:05:28:36 -0400] "POST /wp-admin/admin-ajax.php HTTP/1.1" 200 61 "https://read11.windbreakermanga.com/wind-breaker-chapter-365/" "Mozilla/5.0 (Linux; Android 10; K) AppleWebKit/537.36 (KHTML, like Gecko) Chrome/137.0.0.0 Mobile Safari/537.36"
86.11.143.182 - - [08/Jun/2025:05:28:41 -0400] "GET /wind-breaker-chapter-366/ HTTP/1.1" 200 11636 "-" "Mozilla/5.0 (Linux; Android 10; K) AppleWebKit/537.36 (KHTML, like Gecko) Chrome/137.0.0.0 Mobile Safari/537.36"
86.11.143.182 - - [08/Jun/2025:05:28:41 -0400] "GET /wind-breaker-chapter-366/ HTTP/1.1" 304 0 "https://read11.windbreakermanga.com/" "Mozilla/5.0 (Linux; Android 10; K) AppleWebKit/537.36 (KHTML, like Gecko) Chrome/137.0.0.0 Mobile Safari/537.36"
162.0.232.193 - - [08/Jun/2025:05:28:42 -0400] "POST /wp-cron.php?doing_wp_cron=1749374921.8881480693817138671875 HTTP/1.1" 200 0 "-" "WordPress/6.8.1; https://read11.windbreakermanga.com"
86.11.143.182 - - [08/Jun/2025:05:28:41 -0400] "POST /wp-admin/admin-ajax.php HTTP/1.1" 200 61 "https://read11.windbreakermanga.com/wind-breaker-chapter-366/" "Mozilla/5.0 (Linux; Android 10; K) AppleWebKit/537.36 (KHTML, like Gecko) Chrome/137.0.0.0 Mobile Safari/537.36"
86.11.143.182 - - [08/Jun/2025:05:28:47 -0400] "GET /wind-breaker-chapter-369/ HTTP/1.1" 200 11151 "-" "Mozilla/5.0 (Linux; Android 10; K) AppleWebKit/537.36 (KHTML, like Gecko) Chrome/137.0.0.0 Mobile Safari/537.36"
86.11.143.182 - - [08/Jun/2025:05:28:48 -0400] "GET /chapter-424/ HTTP/1.1" 200 10765 "-" "Mozilla/5.0 (Linux; Android 10; K) AppleWebKit/537.36 (KHTML, like Gecko) Chrome/137.0.0.0 Mobile Safari/537.36"
86.11.143.182 - - [08/Jun/2025:05:28:49 -0400] "GET /wind-breaker-chapter-451/ HTTP/1.1" 200 12168 "-" "Mozilla/5.0 (Linux; Android 10; K) AppleWebKit/537.36 (KHTML, like Gecko) Chrome/137.0.0.0 Mobile Safari/537.36"
86.11.143.182 - - [08/Jun/2025:05:28:51 -0400] "GET /wind-breaker-chapter-465/ HTTP/1.1" 200 11958 "-" "Mozilla/5.0 (Linux; Android 10; K) AppleWebKit/537.36 (KHTML, like Gecko) Chrome/137.0.0.0 Mobile Safari/537.36"
2001:4451:135b:3400:c89f:4192:3c19:9a - - [08/Jun/2025:05:28:51 -0400] "GET / HTTP/1.1" 200 12573 "https://search.brave.com/" "Mozilla/5.0 (Linux; Android 10; K) AppleWebKit/537.36 (KHTML, like Gecko) Chrome/137.0.0.0 Mobile Safari/537.36"
86.11.143.182 - - [08/Jun/2025:05:28:51 -0400] "GET /wind-breaker-chapter-465/ HTTP/1.1" 304 0 "https://read11.windbreakermanga.com/" "Mozilla/5.0 (Linux; Android 10; K) AppleWebKit/537.36 (KHTML, like Gecko) Chrome/137.0.0.0 Mobile Safari/537.36"
86.11.143.182 - - [08/Jun/2025:05:28:52 -0400] "POST /wp-admin/admin-ajax.php HTTP/1.1" 200 61 "https://read11.windbreakermanga.com/wind-breaker-chapter-465/" "Mozilla/5.0 (Linux; Android 10; K) AppleWebKit/537.36 (KHTML, like Gecko) Chrome/137.0.0.0 Mobile Safari/537.36"
2001:4451:135b:3400:c89f:4192:3c19:9a - - [08/Jun/2025:05:28:54 -0400] "GET /wind-breaker-chapter-546/ HTTP/1.1" 200 11670 "-" "Mozilla/5.0 (Linux; Android 10; K) AppleWebKit/537.36 (KHTML, like Gecko) Chrome/137.0.0.0 Mobile Safari/537.36"
86.11.143.182 - - [08/Jun/2025:05:28:56 -0400] "GET /wind-breaker-chapter-457/ HTTP/1.1" 200 11879 "-" "Mozilla/5.0 (Linux; Android 10; K) AppleWebKit/537.36 (KHTML, like Gecko) Chrome/137.0.0.0 Mobile Safari/537.36"
86.11.143.182 - - [08/Jun/2025:05:28:56 -0400] "GET /wind-breaker-chapter-466/ HTTP/1.1" 200 12045 "-" "Mozilla/5.0 (Linux; Android 10; K) AppleWebKit/537.36 (KHTML, like Gecko) Chrome/137.0.0.0 Mobile Safari/537.36"
86.11.143.182 - - [08/Jun/2025:05:28:56 -0400] "GET /wind-breaker-chapter-466/ HTTP/1.1" 304 0 "https://read11.windbreakermanga.com/" "Mozilla/5.0 (Linux; Android 10; K) AppleWebKit/537.36 (KHTML, like Gecko) Chrome/137.0.0.0 Mobile Safari/537.36"
2001:4451:135b:3400:c89f:4192:3c19:9a - - [08/Jun/2025:05:28:57 -0400] "GET /wind-breaker-chapter-19/ HTTP/1.1" 200 11917 "-" "Mozilla/5.0 (Linux; Android 10; K) AppleWebKit/537.36 (KHTML, like Gecko) Chrome/137.0.0.0 Mobile Safari/537.36"
2001:4451:135b:3400:c89f:4192:3c19:9a - - [08/Jun/2025:05:28:56 -0400] "GET /wind-breaker-chapter-2/ HTTP/1.1" 200 11714 "-" "Mozilla/5.0 (Linux; Android 10; K) AppleWebKit/537.36 (KHTML, like Gecko) Chrome/137.0.0.0 Mobile Safari/537.36"
2001:4451:135b:3400:c89f:4192:3c19:9a - - [08/Jun/2025:05:28:57 -0400] "GET /wind-breaker-chapter-32/ HTTP/1.1" 200 11940 "-" "Mozilla/5.0 (Linux; Android 10; K) AppleWebKit/537.36 (KHTML, like Gecko) Chrome/137.0.0.0 Mobile Safari/537.36"
2001:4451:135b:3400:c89f:4192:3c19:9a - - [08/Jun/2025:05:28:57 -0400] "GET /wind-breaker-chapter-55/ HTTP/1.1" 200 11821 "-" "Mozilla/5.0 (Linux; Android 10; K) AppleWebKit/537.36 (KHTML, like Gecko) Chrome/137.0.0.0 Mobile Safari/537.36"
2001:4451:135b:3400:c89f:4192:3c19:9a - - [08/Jun/2025:05:28:58 -0400] "GET /wind-breaker-chapter-100/ HTTP/1.1" 200 11951 "-" "Mozilla/5.0 (Linux; Android 10; K) AppleWebKit/537.36 (KHTML, like Gecko) Chrome/137.0.0.0 Mobile Safari/537.36"
86.11.143.182 - - [08/Jun/2025:05:28:57 -0400] "POST /wp-admin/admin-ajax.php HTTP/1.1" 200 61 "https://read11.windbreakermanga.com/wind-breaker-chapter-466/" "Mozilla/5.0 (Linux; Android 10; K) AppleWebKit/537.36 (KHTML, like Gecko) Chrome/137.0.0.0 Mobile Safari/537.36"
2001:4451:135b:3400:c89f:4192:3c19:9a - - [08/Jun/2025:05:28:58 -0400] "GET /wind-breaker-chapter-180/ HTTP/1.1" 200 11986 "-" "Mozilla/5.0 (Linux; Android 10; K) AppleWebKit/537.36 (KHTML, like Gecko) Chrome/137.0.0.0 Mobile Safari/537.36"
2001:4451:135b:3400:c89f:4192:3c19:9a - - [08/Jun/2025:05:28:58 -0400] "GET /wind-breaker-chapter-337/ HTTP/1.1" 200 11552 "-" "Mozilla/5.0 (Linux; Android 10; K) AppleWebKit/537.36 (KHTML, like Gecko) Chrome/137.0.0.0 Mobile Safari/537.36"
2001:4451:135b:3400:c89f:4192:3c19:9a - - [08/Jun/2025:05:29:01 -0400] "GET /wind-breaker-chapter-491/ HTTP/1.1" 200 11716 "-" "Mozilla/5.0 (Linux; Android 10; K) AppleWebKit/537.36 (KHTML, like Gecko) Chrome/137.0.0.0 Mobile Safari/537.36"
86.11.143.182 - - [08/Jun/2025:05:29:05 -0400] "GET /chapter-423/ HTTP/1.1" 200 11084 "-" "Mozilla/5.0 (Linux; Android 10; K) AppleWebKit/537.36 (KHTML, like Gecko) Chrome/137.0.0.0 Mobile Safari/537.36"
86.11.143.182 - - [08/Jun/2025:05:29:05 -0400] "GET /chapter-423/ HTTP/1.1" 304 0 "https://read11.windbreakermanga.com/" "Mozilla/5.0 (Linux; Android 10; K) AppleWebKit/537.36 (KHTML, like Gecko) Chrome/137.0.0.0 Mobile Safari/537.36"
86.11.143.182 - - [08/Jun/2025:05:29:06 -0400] "POST /wp-admin/admin-ajax.php HTTP/1.1" 200 61 "https://read11.windbreakermanga.com/chapter-423/" "Mozilla/5.0 (Linux; Android 10; K) AppleWebKit/537.36 (KHTML, like Gecko) Chrome/137.0.0.0 Mobile Safari/537.36"
86.11.143.182 - - [08/Jun/2025:05:29:10 -0400] "GET /chapter-420/ HTTP/1.1" 200 10764 "-" "Mozilla/5.0 (Linux; Android 10; K) AppleWebKit/537.36 (KHTML, like Gecko) Chrome/137.0.0.0 Mobile Safari/537.36"
86.11.143.182 - - [08/Jun/2025:05:29:10 -0400] "GET /chapter-420/ HTTP/1.1" 304 0 "https://read11.windbreakermanga.com/" "Mozilla/5.0 (Linux; Android 10; K) AppleWebKit/537.36 (KHTML, like Gecko) Chrome/137.0.0.0 Mobile Safari/537.36"
162.0.232.193 - - [08/Jun/2025:05:29:11 -0400] "POST /wp-cron.php?doing_wp_cron=1749374951.3467199802398681640625 HTTP/1.1" 200 0 "-" "WordPress/6.8.1; https://read11.windbreakermanga.com"
86.11.143.182 - - [08/Jun/2025:05:29:11 -0400] "POST /wp-admin/admin-ajax.php HTTP/1.1" 200 61 "https://read11.windbreakermanga.com/chapter-420/" "Mozilla/5.0 (Linux; Android 10; K) AppleWebKit/537.36 (KHTML, like Gecko) Chrome/137.0.0.0 Mobile Safari/537.36"
86.11.143.182 - - [08/Jun/2025:05:29:13 -0400] "GET /wind-breaker-chapter-433/ HTTP/1.1" 200 12063 "-" "Mozilla/5.0 (Linux; Android 10; K) AppleWebKit/537.36 (KHTML, like Gecko) Chrome/137.0.0.0 Mobile Safari/537.36"
86.11.143.182 - - [08/Jun/2025:05:29:13 -0400] "GET /wind-breaker-chapter-433/ HTTP/1.1" 304 0 "https://read11.windbreakermanga.com/" "Mozilla/5.0 (Linux; Android 10; K) AppleWebKit/537.36 (KHTML, like Gecko) Chrome/137.0.0.0 Mobile Safari/537.36"
86.11.143.182 - - [08/Jun/2025:05:29:13 -0400] "POST /wp-admin/admin-ajax.php HTTP/1.1" 200 61 "https://read11.windbreakermanga.com/wind-breaker-chapter-433/" "Mozilla/5.0 (Linux; Android 10; K) AppleWebKit/537.36 (KHTML, like Gecko) Chrome/137.0.0.0 Mobile Safari/537.36"
86.11.143.182 - - [08/Jun/2025:05:29:19 -0400] "GET /wind-breaker-chapter-453/ HTTP/1.1" 200 12271 "-" "Mozilla/5.0 (Linux; Android 10; K) AppleWebKit/537.36 (KHTML, like Gecko) Chrome/137.0.0.0 Mobile Safari/537.36"
86.11.143.182 - - [08/Jun/2025:05:29:19 -0400] "GET /wind-breaker-chapter-453/ HTTP/1.1" 304 0 "https://read11.windbreakermanga.com/" "Mozilla/5.0 (Linux; Android 10; K) AppleWebKit/537.36 (KHTML, like Gecko) Chrome/137.0.0.0 Mobile Safari/537.36"
86.11.143.182 - - [08/Jun/2025:05:29:19 -0400] "POST /wp-admin/admin-ajax.php HTTP/1.1" 200 61 "https://read11.windbreakermanga.com/wind-breaker-chapter-453/" "Mozilla/5.0 (Linux; Android 10; K) AppleWebKit/537.36 (KHTML, like Gecko) Chrome/137.0.0.0 Mobile Safari/537.36"
86.11.143.182 - - [08/Jun/2025:05:29:26 -0400] "GET /wind-breaker-chapter-450/ HTTP/1.1" 200 12123 "-" "Mozilla/5.0 (Linux; Android 10; K) AppleWebKit/537.36 (KHTML, like Gecko) Chrome/137.0.0.0 Mobile Safari/537.36"
86.11.143.182 - - [08/Jun/2025:05:29:26 -0400] "GET /wind-breaker-chapter-450/ HTTP/1.1" 304 0 "https://read11.windbreakermanga.com/" "Mozilla/5.0 (Linux; Android 10; K) AppleWebKit/537.36 (KHTML, like Gecko) Chrome/137.0.0.0 Mobile Safari/537.36"
86.11.143.182 - - [08/Jun/2025:05:29:26 -0400] "POST /wp-admin/admin-ajax.php HTTP/1.1" 200 61 "https://read11.windbreakermanga.com/wind-breaker-chapter-450/" "Mozilla/5.0 (Linux; Android 10; K) AppleWebKit/537.36 (KHTML, like Gecko) Chrome/137.0.0.0 Mobile Safari/537.36"
86.11.143.182 - - [08/Jun/2025:05:29:31 -0400] "GET /wind-breaker-chapter-446/ HTTP/1.1" 200 11954 "-" "Mozilla/5.0 (Linux; Android 10; K) AppleWebKit/537.36 (KHTML, like Gecko) Chrome/137.0.0.0 Mobile Safari/537.36"
86.11.143.182 - - [08/Jun/2025:05:29:32 -0400] "GET /wind-breaker-chapter-446/ HTTP/1.1" 304 0 "https://read11.windbreakermanga.com/" "Mozilla/5.0 (Linux; Android 10; K) AppleWebKit/537.36 (KHTML, like Gecko) Chrome/137.0.0.0 Mobile Safari/537.36"
86.11.143.182 - - [08/Jun/2025:05:29:32 -0400] "POST /wp-admin/admin-ajax.php HTTP/1.1" 200 61 "https://read11.windbreakermanga.com/wind-breaker-chapter-446/" "Mozilla/5.0 (Linux; Android 10; K) AppleWebKit/537.36 (KHTML, like Gecko) Chrome/137.0.0.0 Mobile Safari/537.36"
86.11.143.182 - - [08/Jun/2025:05:29:40 -0400] "GET /wind-breaker-chapter-440/ HTTP/1.1" 200 12247 "-" "Mozilla/5.0 (Linux; Android 10; K) AppleWebKit/537.36 (KHTML, like Gecko) Chrome/137.0.0.0 Mobile Safari/537.36"
86.11.143.182 - - [08/Jun/2025:05:29:40 -0400] "GET /wind-breaker-chapter-440/ HTTP/1.1" 304 0 "https://read11.windbreakermanga.com/" "Mozilla/5.0 (Linux; Android 10; K) AppleWebKit/537.36 (KHTML, like Gecko) Chrome/137.0.0.0 Mobile Safari/537.36"
162.0.232.193 - - [08/Jun/2025:05:29:41 -0400] "POST /wp-cron.php?doing_wp_cron=1749374980.9589200019836425781250 HTTP/1.1" 200 0 "-" "WordPress/6.8.1; https://read11.windbreakermanga.com"
86.11.143.182 - - [08/Jun/2025:05:29:40 -0400] "POST /wp-admin/admin-ajax.php HTTP/1.1" 200 61 "https://read11.windbreakermanga.com/wind-breaker-chapter-440/" "Mozilla/5.0 (Linux; Android 10; K) AppleWebKit/537.36 (KHTML, like Gecko) Chrome/137.0.0.0 Mobile Safari/537.36"
47.79.123.193 - - [08/Jun/2025:05:29:44 -0400] "GET /category/wind-breaker-manga/page/4/ HTTP/1.1" 200 12976 "https://read11.windbreakermanga.com/category/wind-breaker-manga/page/4/" "Mozilla/5.0 (Windows NT 10.0; Win64; x64) AppleWebKit/537.36 (KHTML, like Gecko) Chrome/114.0.0.0 Safari/537.36 Edg/114.0.1823.43"
86.11.143.182 - - [08/Jun/2025:05:29:54 -0400] "GET /wind-breaker-chapter-441/ HTTP/1.1" 200 12162 "-" "Mozilla/5.0 (Linux; Android 10; K) AppleWebKit/537.36 (KHTML, like Gecko) Chrome/137.0.0.0 Mobile Safari/537.36"
86.11.143.182 - - [08/Jun/2025:05:29:54 -0400] "GET /wind-breaker-chapter-441/ HTTP/1.1" 304 0 "https://read11.windbreakermanga.com/" "Mozilla/5.0 (Linux; Android 10; K) AppleWebKit/537.36 (KHTML, like Gecko) Chrome/137.0.0.0 Mobile Safari/537.36"
86.11.143.182 - - [08/Jun/2025:05:29:54 -0400] "POST /wp-admin/admin-ajax.php HTTP/1.1" 200 61 "https://read11.windbreakermanga.com/wind-breaker-chapter-441/" "Mozilla/5.0 (Linux; Android 10; K) AppleWebKit/537.36 (KHTML, like Gecko) Chrome/137.0.0.0 Mobile Safari/537.36"
47.79.1.203 - - [08/Jun/2025:05:30:00 -0400] "GET /category/wind-breaker/page/7/ HTTP/1.1" 200 12684 "https://read11.windbreakermanga.com/category/wind-breaker/page/7/" "Mozilla/5.0 (Windows NT 10.0; Win64; x64) AppleWebKit/537.36 (KHTML, like Gecko) Chrome/114.0.0.0 Safari/537.36 Edg/114.0.1823.43"
162.0.232.193 - - [08/Jun/2025:05:30:13 -0400] "POST /wp-cron.php?doing_wp_cron=1749375013.7543079853057861328125 HTTP/1.1" 200 0 "-" "WordPress/6.8.1; https://read11.windbreakermanga.com"
47.128.96.132 - - [08/Jun/2025:05:30:14 -0400] "GET / HTTP/1.1" 200 12573 "-" "Mozilla/5.0 (Linux; Android 5.0) AppleWebKit/537.36 (KHTML, like Gecko) Mobile Safari/537.36 (compatible; TikTokSpider; [email protected])"
86.11.143.182 - - [08/Jun/2025:05:30:50 -0400] "GET /wind-breaker-chapter-442/ HTTP/1.1" 200 11936 "-" "Mozilla/5.0 (Linux; Android 10; K) AppleWebKit/537.36 (KHTML, like Gecko) Chrome/137.0.0.0 Mobile Safari/537.36"
86.11.143.182 - - [08/Jun/2025:05:30:50 -0400] "GET /wind-breaker-chapter-442/ HTTP/1.1" 304 0 "https://read11.windbreakermanga.com/" "Mozilla/5.0 (Linux; Android 10; K) AppleWebKit/537.36 (KHTML, like Gecko) Chrome/137.0.0.0 Mobile Safari/537.36"
162.0.232.193 - - [08/Jun/2025:05:30:51 -0400] "POST /wp-cron.php?doing_wp_cron=1749375051.1439180374145507812500 HTTP/1.1" 200 0 "-" "WordPress/6.8.1; https://read11.windbreakermanga.com"
86.11.143.182 - - [08/Jun/2025:05:30:50 -0400] "POST /wp-admin/admin-ajax.php HTTP/1.1" 200 61 "https://read11.windbreakermanga.com/wind-breaker-chapter-442/" "Mozilla/5.0 (Linux; Android 10; K) AppleWebKit/537.36 (KHTML, like Gecko) Chrome/137.0.0.0 Mobile Safari/537.36"
2a03:2880:f800:5:: - - [08/Jun/2025:05:30:59 -0400] "GET /wind-breaker-chapter-53/ HTTP/1.1" 200 11920 "-" "meta-externalagent/1.1 (+https://developers.facebook.com/docs/sharing/webmasters/crawler)"
90.77.181.22 - - [08/Jun/2025:05:31:22 -0400] "GET /wp-content/uploads/2024/02/te926m2lqxc91-578x1024.webp HTTP/1.1" 200 40812 "https://read11.windbreakermanga.com/" "okhttp/5.0.0-alpha.14"
162.0.232.193 - - [08/Jun/2025:05:33:10 -0400] "POST /wp-cron.php?doing_wp_cron=1749375189.8699650764465332031250 HTTP/1.1" 200 0 "-" "WordPress/6.8.1; https://read11.windbreakermanga.com"
47.128.31.241 - - [08/Jun/2025:05:33:08 -0400] "GET /category/wind-breaker-manga/page/50/ HTTP/1.1" 200 12508 "-" "Mozilla/5.0 (compatible; Bytespider; [email protected]) AppleWebKit/537.36 (KHTML, like Gecko) Chrome/70.0.0.0 Safari/537.36"
162.0.232.193 - - [08/Jun/2025:05:33:12 -0400] "GET /wp-content/uploads/f979bbbcbe9df560cb74049269d2541e_4104.xml HTTP/1.1" 200 2263 "-" "Mozilla/5.0 (X11; Linux x86_64) AppleWebKit/537.36 (KHTML, like Gecko) Ubuntu Chromium/41.0.2272.76"
86.11.143.182 - - [08/Jun/2025:05:33:12 -0400] "GET /wind-breaker-chapter-443/ HTTP/1.1" 200 12170 "-" "Mozilla/5.0 (Linux; Android 10; K) AppleWebKit/537.36 (KHTML, like Gecko) Chrome/137.0.0.0 Mobile Safari/537.36"
86.11.143.182 - - [08/Jun/2025:05:33:13 -0400] "GET /wind-breaker-chapter-443/ HTTP/1.1" 304 0 "https://read11.windbreakermanga.com/" "Mozilla/5.0 (Linux; Android 10; K) AppleWebKit/537.36 (KHTML, like Gecko) Chrome/137.0.0.0 Mobile Safari/537.36"
86.11.143.182 - - [08/Jun/2025:05:33:13 -0400] "POST /wp-admin/admin-ajax.php HTTP/1.1" 200 61 "https://read11.windbreakermanga.com/wind-breaker-chapter-443/" "Mozilla/5.0 (Linux; Android 10; K) AppleWebKit/537.36 (KHTML, like Gecko) Chrome/137.0.0.0 Mobile Safari/537.36"
86.11.143.182 - - [08/Jun/2025:05:33:23 -0400] "GET /wind-breaker-chapter-443/ HTTP/1.1" 304 0 "https://read11.windbreakermanga.com/" "Mozilla/5.0 (Linux; Android 10; K) AppleWebKit/537.36 (KHTML, like Gecko) Chrome/137.0.0.0 Mobile Safari/537.36"
