66.249.77.192 - - [11/Jun/2025:06:11:07 -0400] "GET /goodscode117138172 HTTP/1.1" 200 82705 "-" "Mozilla/5.0 (Linux; Android 6.0.1; Nexus 5X Build/MMB29P) AppleWebKit/537.36 (KHTML, like Gecko) Chrome/136.0.7103.113 Mobile Safari/537.36 (compatible; Googlebot/2.1; +http://www.google.com/bot.html)"
66.249.77.201 - - [11/Jun/2025:06:11:19 -0400] "GET /detail117134364 HTTP/1.1" 200 81327 "-" "Mozilla/5.0 (Linux; Android 6.0.1; Nexus 5X Build/MMB29P) AppleWebKit/537.36 (KHTML, like Gecko) Chrome/136.0.7103.113 Mobile Safari/537.36 (compatible; Googlebot/2.1; +http://www.google.com/bot.html)"
66.249.77.192 - - [11/Jun/2025:06:11:22 -0400] "GET /shopbrand/10499168 HTTP/1.1" 200 81613 "-" "Mozilla/5.0 (Linux; Android 6.0.1; Nexus 5X Build/MMB29P) AppleWebKit/537.36 (KHTML, like Gecko) Chrome/136.0.7103.113 Mobile Safari/537.36 (compatible; Googlebot/2.1; +http://www.google.com/bot.html)"
66.249.77.192 - - [11/Jun/2025:06:11:25 -0400] "GET /shopdetail222295216 HTTP/1.1" 200 82759 "-" "Mozilla/5.0 (Linux; Android 6.0.1; Nexus 5X Build/MMB29P) AppleWebKit/537.36 (KHTML, like Gecko) Chrome/136.0.7103.113 Mobile Safari/537.36 (compatible; Googlebot/2.1; +http://www.google.com/bot.html)"
2001:41d0:303:34e2::1 - - [11/Jun/2025:06:11:27 -0400] "GET /wp-includes/sodium_compat/namespaced/Core/Curve25519/Ge/?MD HTTP/1.1" 200 735 "-" "Mozilla/5.0 (compatible; MJ12bot/v1.4.8; http://mj12bot.com/)"
45.141.215.55 - - [11/Jun/2025:06:11:27 -0400] "GET / HTTP/1.1" 200 12631 "-" "Mozilla/5.0 (Macintosh; Intel Mac OS X 14_3_1) AppleWebKit/605.1.15 (KHTML, like Gecko) Version/17.3.1 Safari/605.1.15"
66.249.77.201 - - [11/Jun/2025:06:11:27 -0400] "GET /item117147012 HTTP/1.1" 200 81368 "-" "Mozilla/5.0 (Linux; Android 6.0.1; Nexus 5X Build/MMB29P) AppleWebKit/537.36 (KHTML, like Gecko) Chrome/136.0.7103.113 Mobile Safari/537.36 (compatible; Googlebot/2.1; +http://www.google.com/bot.html)"
45.141.215.55 - - [11/Jun/2025:06:11:30 -0400] "GET /wp-admin/install.php?step=1&language=en_US HTTP/1.1" 403 1242 "-" "Mozilla/5.0 (Windows NT 11.0; Win64; x64) AppleWebKit/537.36 (KHTML, like Gecko) Chrome/123.0.0.0 Safari/537.36"
2001:41d0:303:34e2::1 - - [11/Jun/2025:06:11:30 -0400] "GET /wp-includes/sodium_compat/namespaced/Core/Curve25519/Ge/?NA HTTP/1.1" 200 732 "-" "Mozilla/5.0 (compatible; MJ12bot/v1.4.8; http://mj12bot.com/)"
45.141.215.55 - - [11/Jun/2025:06:11:30 -0400] "GET /wp-admin/setup-config.php?step=1&language=en_US HTTP/1.1" 409 1041 "-" "Mozilla/5.0 (Windows NT 11.0; Win64; x64) AppleWebKit/537.36 (KHTML, like Gecko) Chrome/123.0.0.0 Safari/537.36"
2001:41d0:303:34e2::1 - - [11/Jun/2025:06:11:32 -0400] "GET /wp-includes/sodium_compat/namespaced/Core/Curve25519/Ge/?SD HTTP/1.1" 200 734 "-" "Mozilla/5.0 (compatible; MJ12bot/v1.4.8; http://mj12bot.com/)"
45.141.215.55 - - [11/Jun/2025:06:11:30 -0400] "GET /staging/wp-admin/setup-config.php?step=1&language=en_US HTTP/1.1" 301 0 "-" "Mozilla/5.0 (Windows NT 11.0; Win64; x64) AppleWebKit/537.36 (KHTML, like Gecko) Chrome/123.0.0.0 Safari/537.36"
45.141.215.55 - - [11/Jun/2025:06:11:30 -0400] "GET /new/wp-admin/install.php?step=1&language=en_US HTTP/1.1" 301 0 "-" "Mozilla/5.0 (Windows NT 11.0; Win64; x64) AppleWebKit/537.36 (KHTML, like Gecko) Chrome/123.0.0.0 Safari/537.36"
162.0.232.193 - - [11/Jun/2025:06:11:36 -0400] "POST /wp-cron.php?doing_wp_cron=1749636694.9037089347839355468750 HTTP/1.1" 200 0 "-" "WordPress/6.8.1; https://read11.windbreakermanga.com"
45.141.215.55 - - [11/Jun/2025:06:11:30 -0400] "GET /dev/wp-admin/setup-config.php?step=1&language=en_US HTTP/1.1" 301 0 "-" "Mozilla/5.0 (Windows NT 11.0; Win64; x64) AppleWebKit/537.36 (KHTML, like Gecko) Chrome/123.0.0.0 Safari/537.36"
162.0.232.193 - - [11/Jun/2025:06:11:36 -0400] "POST /wp-cron.php?doing_wp_cron=1749636694.9128589630126953125000 HTTP/1.1" 200 0 "-" "WordPress/6.8.1; https://read11.windbreakermanga.com"
162.0.232.193 - - [11/Jun/2025:06:11:36 -0400] "POST /wp-cron.php?doing_wp_cron=1749636694.9088320732116699218750 HTTP/1.1" 200 0 "-" "WordPress/6.8.1; https://read11.windbreakermanga.com"
45.141.215.55 - - [11/Jun/2025:06:11:30 -0400] "GET /wp/wp-admin/setup-config.php?step=1&language=en_US HTTP/1.1" 301 0 "-" "Mozilla/5.0 (Windows NT 11.0; Win64; x64) AppleWebKit/537.36 (KHTML, like Gecko) Chrome/123.0.0.0 Safari/537.36"
162.0.232.193 - - [11/Jun/2025:06:11:36 -0400] "POST /wp-cron.php?doing_wp_cron=1749636694.9551780223846435546875 HTTP/1.1" 200 0 "-" "WordPress/6.8.1; https://read11.windbreakermanga.com"
162.0.232.193 - - [11/Jun/2025:06:11:36 -0400] "POST /wp-cron.php?doing_wp_cron=1749636695.2079720497131347656250 HTTP/1.1" 200 0 "-" "WordPress/6.8.1; https://read11.windbreakermanga.com"
2001:41d0:303:34e2::1 - - [11/Jun/2025:06:11:36 -0400] "GET /wp-includes/sodium_compat/src/Core/Curve25519/Ge/?MD HTTP/1.1" 200 744 "-" "Mozilla/5.0 (compatible; MJ12bot/v1.4.8; http://mj12bot.com/)"
162.0.232.193 - - [11/Jun/2025:06:11:36 -0400] "POST /wp-cron.php?doing_wp_cron=1749636695.0141000747680664062500 HTTP/1.1" 200 0 "-" "WordPress/6.8.1; https://read11.windbreakermanga.com"
162.0.232.193 - - [11/Jun/2025:06:11:36 -0400] "POST /wp-cron.php?doing_wp_cron=1749636695.0397939682006835937500 HTTP/1.1" 200 0 "-" "WordPress/6.8.1; https://read11.windbreakermanga.com"
45.141.215.55 - - [11/Jun/2025:06:11:30 -0400] "GET /backup/wp-admin/setup-config.php?step=1&language=en_US HTTP/1.1" 301 0 "-" "Mozilla/5.0 (Windows NT 11.0; Win64; x64) AppleWebKit/537.36 (KHTML, like Gecko) Chrome/123.0.0.0 Safari/537.36"
45.141.215.55 - - [11/Jun/2025:06:11:30 -0400] "GET /dev/wp-admin/install.php?step=1&language=en_US HTTP/1.1" 301 0 "-" "Mozilla/5.0 (Windows NT 11.0; Win64; x64) AppleWebKit/537.36 (KHTML, like Gecko) Chrome/123.0.0.0 Safari/537.36"
45.141.215.55 - - [11/Jun/2025:06:11:30 -0400] "GET /blog/wp-admin/setup-config.php?step=1&language=en_US HTTP/1.1" 301 0 "-" "Mozilla/5.0 (Windows NT 11.0; Win64; x64) AppleWebKit/537.36 (KHTML, like Gecko) Chrome/123.0.0.0 Safari/537.36"
162.0.232.193 - - [11/Jun/2025:06:11:37 -0400] "POST /wp-cron.php?doing_wp_cron=1749636695.8036379814147949218750 HTTP/1.1" 200 0 "-" "WordPress/6.8.1; https://read11.windbreakermanga.com"
162.0.232.193 - - [11/Jun/2025:06:11:37 -0400] "POST /wp-cron.php?doing_wp_cron=1749636695.9733369350433349609375 HTTP/1.1" 200 0 "-" "WordPress/6.8.1; https://read11.windbreakermanga.com"
162.0.232.193 - - [11/Jun/2025:06:11:37 -0400] "POST /wp-cron.php?doing_wp_cron=1749636695.9557390213012695312500 HTTP/1.1" 200 0 "-" "WordPress/6.8.1; https://read11.windbreakermanga.com"
162.0.232.193 - - [11/Jun/2025:06:11:37 -0400] "POST /wp-cron.php?doing_wp_cron=1749636696.1324980258941650390625 HTTP/1.1" 200 0 "-" "WordPress/6.8.1; https://read11.windbreakermanga.com"
162.0.232.193 - - [11/Jun/2025:06:11:37 -0400] "POST /wp-cron.php?doing_wp_cron=1749636696.1362578868865966796875 HTTP/1.1" 200 0 "-" "WordPress/6.8.1; https://read11.windbreakermanga.com"
162.0.232.193 - - [11/Jun/2025:06:11:37 -0400] "POST /wp-cron.php?doing_wp_cron=1749636696.2079029083251953125000 HTTP/1.1" 200 0 "-" "WordPress/6.8.1; https://read11.windbreakermanga.com"
162.0.232.193 - - [11/Jun/2025:06:11:37 -0400] "POST /wp-cron.php?doing_wp_cron=1749636696.2307510375976562500000 HTTP/1.1" 200 0 "-" "WordPress/6.8.1; https://read11.windbreakermanga.com"
162.0.232.193 - - [11/Jun/2025:06:11:37 -0400] "POST /wp-cron.php?doing_wp_cron=1749636696.1241440773010253906250 HTTP/1.1" 200 0 "-" "WordPress/6.8.1; https://read11.windbreakermanga.com"
162.0.232.193 - - [11/Jun/2025:06:11:37 -0400] "POST /wp-cron.php?doing_wp_cron=1749636696.4157989025115966796875 HTTP/1.1" 200 0 "-" "WordPress/6.8.1; https://read11.windbreakermanga.com"
162.0.232.193 - - [11/Jun/2025:06:11:37 -0400] "POST /wp-cron.php?doing_wp_cron=1749636696.2009990215301513671875 HTTP/1.1" 200 0 "-" "WordPress/6.8.1; https://read11.windbreakermanga.com"
162.0.232.193 - - [11/Jun/2025:06:11:37 -0400] "POST /wp-cron.php?doing_wp_cron=1749636696.2134718894958496093750 HTTP/1.1" 200 0 "-" "WordPress/6.8.1; https://read11.windbreakermanga.com"
45.141.215.55 - - [11/Jun/2025:06:11:30 -0400] "GET /site/wp-admin/install.php?step=1&language=en_US HTTP/1.1" 301 0 "-" "Mozilla/5.0 (Windows NT 11.0; Win64; x64) AppleWebKit/537.36 (KHTML, like Gecko) Chrome/123.0.0.0 Safari/537.36"
45.141.215.55 - - [11/Jun/2025:06:11:30 -0400] "GET /blog/wp-admin/install.php?step=1&language=en_US HTTP/1.1" 301 0 "-" "Mozilla/5.0 (Windows NT 11.0; Win64; x64) AppleWebKit/537.36 (KHTML, like Gecko) Chrome/123.0.0.0 Safari/537.36"
45.141.215.55 - - [11/Jun/2025:06:11:30 -0400] "GET /demo/wp-admin/install.php?step=1&language=en_US HTTP/1.1" 301 0 "-" "Mozilla/5.0 (Windows NT 11.0; Win64; x64) AppleWebKit/537.36 (KHTML, like Gecko) Chrome/123.0.0.0 Safari/537.36"
45.141.215.55 - - [11/Jun/2025:06:11:30 -0400] "GET /new/wp-admin/setup-config.php?step=1&language=en_US HTTP/1.1" 301 0 "-" "Mozilla/5.0 (Windows NT 11.0; Win64; x64) AppleWebKit/537.36 (KHTML, like Gecko) Chrome/123.0.0.0 Safari/537.36"
45.141.215.55 - - [11/Jun/2025:06:11:30 -0400] "GET /wp-dev/wp-admin/setup-config.php?step=1&language=en_US HTTP/1.1" 301 0 "-" "Mozilla/5.0 (Windows NT 11.0; Win64; x64) AppleWebKit/537.36 (KHTML, like Gecko) Chrome/123.0.0.0 Safari/537.36"
45.141.215.55 - - [11/Jun/2025:06:11:30 -0400] "GET /old/wp-admin/install.php?step=1&language=en_US HTTP/1.1" 301 0 "-" "Mozilla/5.0 (Windows NT 11.0; Win64; x64) AppleWebKit/537.36 (KHTML, like Gecko) Chrome/123.0.0.0 Safari/537.36"
45.141.215.55 - - [11/Jun/2025:06:11:30 -0400] "GET /demo/wp-admin/setup-config.php?step=1&language=en_US HTTP/1.1" 301 0 "-" "Mozilla/5.0 (Windows NT 11.0; Win64; x64) AppleWebKit/537.36 (KHTML, like Gecko) Chrome/123.0.0.0 Safari/537.36"
45.141.215.55 - - [11/Jun/2025:06:11:30 -0400] "GET /wp-dev/wp-admin/install.php?step=1&language=en_US HTTP/1.1" 301 0 "-" "Mozilla/5.0 (Windows NT 11.0; Win64; x64) AppleWebKit/537.36 (KHTML, like Gecko) Chrome/123.0.0.0 Safari/537.36"
162.0.232.193 - - [11/Jun/2025:06:11:38 -0400] "POST /wp-cron.php?doing_wp_cron=1749636696.4445788860321044921875 HTTP/1.1" 200 0 "-" "WordPress/6.8.1; https://read11.windbreakermanga.com"
45.141.215.55 - - [11/Jun/2025:06:11:30 -0400] "GET /wordpress/wp-admin/setup-config.php?step=1&language=en_US HTTP/1.1" 301 0 "-" "Mozilla/5.0 (Windows NT 11.0; Win64; x64) AppleWebKit/537.36 (KHTML, like Gecko) Chrome/123.0.0.0 Safari/537.36"
45.141.215.55 - - [11/Jun/2025:06:11:30 -0400] "GET /old/wp-admin/setup-config.php?step=1&language=en_US HTTP/1.1" 301 0 "-" "Mozilla/5.0 (Windows NT 11.0; Win64; x64) AppleWebKit/537.36 (KHTML, like Gecko) Chrome/123.0.0.0 Safari/537.36"
45.141.215.55 - - [11/Jun/2025:06:11:30 -0400] "GET /wordpress/wp-admin/install.php?step=1&language=en_US HTTP/1.1" 301 0 "-" "Mozilla/5.0 (Windows NT 11.0; Win64; x64) AppleWebKit/537.36 (KHTML, like Gecko) Chrome/123.0.0.0 Safari/537.36"
162.0.232.193 - - [11/Jun/2025:06:11:38 -0400] "POST /wp-cron.php?doing_wp_cron=1749636696.8018410205841064453125 HTTP/1.1" 200 0 "-" "WordPress/6.8.1; https://read11.windbreakermanga.com"
162.0.232.193 - - [11/Jun/2025:06:11:38 -0400] "POST /wp-cron.php?doing_wp_cron=1749636696.7147190570831298828125 HTTP/1.1" 200 0 "-" "WordPress/6.8.1; https://read11.windbreakermanga.com"
45.141.215.55 - - [11/Jun/2025:06:11:30 -0400] "GET /staging/wp-admin/install.php?step=1&language=en_US HTTP/1.1" 301 0 "-" "Mozilla/5.0 (Windows NT 11.0; Win64; x64) AppleWebKit/537.36 (KHTML, like Gecko) Chrome/123.0.0.0 Safari/537.36"
45.141.215.55 - - [11/Jun/2025:06:11:30 -0400] "GET /wp/wp-admin/install.php?step=1&language=en_US HTTP/1.1" 301 0 "-" "Mozilla/5.0 (Windows NT 11.0; Win64; x64) AppleWebKit/537.36 (KHTML, like Gecko) Chrome/123.0.0.0 Safari/537.36"
162.0.232.193 - - [11/Jun/2025:06:11:38 -0400] "POST /wp-cron.php?doing_wp_cron=1749636696.8348329067230224609375 HTTP/1.1" 200 0 "-" "WordPress/6.8.1; https://read11.windbreakermanga.com"
45.141.215.55 - - [11/Jun/2025:06:11:30 -0400] "GET /site/wp-admin/setup-config.php?step=1&language=en_US HTTP/1.1" 301 0 "-" "Mozilla/5.0 (Windows NT 11.0; Win64; x64) AppleWebKit/537.36 (KHTML, like Gecko) Chrome/123.0.0.0 Safari/537.36"
45.141.215.55 - - [11/Jun/2025:06:11:38 -0400] "GET / HTTP/1.1" 200 12631 "-" "Mozilla/5.0 (Windows NT 11.0; Win64; x64) AppleWebKit/537.36 (KHTML, like Gecko) Chrome/123.0.0.0 Safari/537.36"
45.141.215.55 - - [11/Jun/2025:06:11:30 -0400] "GET /backup/wp-admin/install.php?step=1&language=en_US HTTP/1.1" 301 0 "-" "Mozilla/5.0 (Windows NT 11.0; Win64; x64) AppleWebKit/537.36 (KHTML, like Gecko) Chrome/123.0.0.0 Safari/537.36"
45.141.215.55 - - [11/Jun/2025:06:11:38 -0400] "GET / HTTP/1.1" 200 12631 "-" "Mozilla/5.0 (Windows NT 11.0; Win64; x64) AppleWebKit/537.36 (KHTML, like Gecko) Chrome/123.0.0.0 Safari/537.36"
45.141.215.55 - - [11/Jun/2025:06:11:38 -0400] "GET / HTTP/1.1" 200 12631 "-" "Mozilla/5.0 (Windows NT 11.0; Win64; x64) AppleWebKit/537.36 (KHTML, like Gecko) Chrome/123.0.0.0 Safari/537.36"
2001:41d0:303:34e2::1 - - [11/Jun/2025:06:11:38 -0400] "GET /wp-includes/sodium_compat/src/Core/Curve25519/Ge/?NA HTTP/1.1" 200 739 "-" "Mozilla/5.0 (compatible; MJ12bot/v1.4.8; http://mj12bot.com/)"
45.141.215.55 - - [11/Jun/2025:06:11:38 -0400] "GET / HTTP/1.1" 200 12631 "-" "Mozilla/5.0 (Windows NT 11.0; Win64; x64) AppleWebKit/537.36 (KHTML, like Gecko) Chrome/123.0.0.0 Safari/537.36"
45.141.215.55 - - [11/Jun/2025:06:11:38 -0400] "GET / HTTP/1.1" 200 12631 "-" "Mozilla/5.0 (Windows NT 11.0; Win64; x64) AppleWebKit/537.36 (KHTML, like Gecko) Chrome/123.0.0.0 Safari/537.36"
45.141.215.55 - - [11/Jun/2025:06:11:38 -0400] "GET / HTTP/1.1" 200 12631 "-" "Mozilla/5.0 (Windows NT 11.0; Win64; x64) AppleWebKit/537.36 (KHTML, like Gecko) Chrome/123.0.0.0 Safari/537.36"
45.141.215.55 - - [11/Jun/2025:06:11:38 -0400] "GET / HTTP/1.1" 200 12631 "-" "Mozilla/5.0 (Windows NT 11.0; Win64; x64) AppleWebKit/537.36 (KHTML, like Gecko) Chrome/123.0.0.0 Safari/537.36"
66.249.77.192 - - [11/Jun/2025:06:11:38 -0400] "GET /shopdetail117134528 HTTP/1.1" 200 83628 "-" "Mozilla/5.0 (Linux; Android 6.0.1; Nexus 5X Build/MMB29P) AppleWebKit/537.36 (KHTML, like Gecko) Chrome/136.0.7103.113 Mobile Safari/537.36 (compatible; Googlebot/2.1; +http://www.google.com/bot.html)"
45.141.215.55 - - [11/Jun/2025:06:11:39 -0400] "GET / HTTP/1.1" 200 12631 "-" "Mozilla/5.0 (Windows NT 11.0; Win64; x64) AppleWebKit/537.36 (KHTML, like Gecko) Chrome/123.0.0.0 Safari/537.36"
45.141.215.55 - - [11/Jun/2025:06:11:39 -0400] "GET / HTTP/1.1" 200 12631 "-" "Mozilla/5.0 (Windows NT 11.0; Win64; x64) AppleWebKit/537.36 (KHTML, like Gecko) Chrome/123.0.0.0 Safari/537.36"
45.141.215.55 - - [11/Jun/2025:06:11:39 -0400] "GET / HTTP/1.1" 200 12631 "-" "Mozilla/5.0 (Windows NT 11.0; Win64; x64) AppleWebKit/537.36 (KHTML, like Gecko) Chrome/123.0.0.0 Safari/537.36"
45.141.215.55 - - [11/Jun/2025:06:11:38 -0400] "GET / HTTP/1.1" 200 12631 "-" "Mozilla/5.0 (Windows NT 11.0; Win64; x64) AppleWebKit/537.36 (KHTML, like Gecko) Chrome/123.0.0.0 Safari/537.36"
45.141.215.55 - - [11/Jun/2025:06:11:38 -0400] "GET / HTTP/1.1" 200 12631 "-" "Mozilla/5.0 (Windows NT 11.0; Win64; x64) AppleWebKit/537.36 (KHTML, like Gecko) Chrome/123.0.0.0 Safari/537.36"
45.141.215.55 - - [11/Jun/2025:06:11:39 -0400] "GET / HTTP/1.1" 200 12631 "-" "Mozilla/5.0 (Windows NT 11.0; Win64; x64) AppleWebKit/537.36 (KHTML, like Gecko) Chrome/123.0.0.0 Safari/537.36"
45.141.215.55 - - [11/Jun/2025:06:11:39 -0400] "GET / HTTP/1.1" 200 12631 "-" "Mozilla/5.0 (Windows NT 11.0; Win64; x64) AppleWebKit/537.36 (KHTML, like Gecko) Chrome/123.0.0.0 Safari/537.36"
45.141.215.55 - - [11/Jun/2025:06:11:39 -0400] "GET / HTTP/1.1" 200 12631 "-" "Mozilla/5.0 (Windows NT 11.0; Win64; x64) AppleWebKit/537.36 (KHTML, like Gecko) Chrome/123.0.0.0 Safari/537.36"
45.141.215.55 - - [11/Jun/2025:06:11:38 -0400] "GET / HTTP/1.1" 200 12631 "-" "Mozilla/5.0 (Windows NT 11.0; Win64; x64) AppleWebKit/537.36 (KHTML, like Gecko) Chrome/123.0.0.0 Safari/537.36"
45.141.215.55 - - [11/Jun/2025:06:11:39 -0400] "GET / HTTP/1.1" 200 12631 "-" "Mozilla/5.0 (Windows NT 11.0; Win64; x64) AppleWebKit/537.36 (KHTML, like Gecko) Chrome/123.0.0.0 Safari/537.36"
45.141.215.55 - - [11/Jun/2025:06:11:39 -0400] "GET / HTTP/1.1" 200 12631 "-" "Mozilla/5.0 (Windows NT 11.0; Win64; x64) AppleWebKit/537.36 (KHTML, like Gecko) Chrome/123.0.0.0 Safari/537.36"
45.141.215.55 - - [11/Jun/2025:06:11:39 -0400] "GET / HTTP/1.1" 200 12631 "-" "Mozilla/5.0 (Windows NT 11.0; Win64; x64) AppleWebKit/537.36 (KHTML, like Gecko) Chrome/123.0.0.0 Safari/537.36"
45.141.215.55 - - [11/Jun/2025:06:11:39 -0400] "GET / HTTP/1.1" 200 12631 "-" "Mozilla/5.0 (Windows NT 11.0; Win64; x64) AppleWebKit/537.36 (KHTML, like Gecko) Chrome/123.0.0.0 Safari/537.36"
45.141.215.55 - - [11/Jun/2025:06:11:39 -0400] "GET / HTTP/1.1" 200 12631 "-" "Mozilla/5.0 (Windows NT 11.0; Win64; x64) AppleWebKit/537.36 (KHTML, like Gecko) Chrome/123.0.0.0 Safari/537.36"
45.141.215.55 - - [11/Jun/2025:06:11:39 -0400] "GET / HTTP/1.1" 200 12631 "-" "Mozilla/5.0 (Windows NT 11.0; Win64; x64) AppleWebKit/537.36 (KHTML, like Gecko) Chrome/123.0.0.0 Safari/537.36"
2001:41d0:303:34e2::1 - - [11/Jun/2025:06:11:41 -0400] "GET /wp-includes/sodium_compat/src/Core/Curve25519/Ge/?SD HTTP/1.1" 200 740 "-" "Mozilla/5.0 (compatible; MJ12bot/v1.4.8; http://mj12bot.com/)"
2001:41d0:303:34e2::1 - - [11/Jun/2025:06:11:44 -0400] "GET /wp-includes/sodium_compat/src/Core32/Curve25519/Ge/?MD HTTP/1.1" 200 743 "-" "Mozilla/5.0 (compatible; MJ12bot/v1.4.8; http://mj12bot.com/)"
45.141.215.55 - - [11/Jun/2025:06:11:41 -0400] "GET /installer.php HTTP/1.1" 301 0 "-" "Mozilla/5.0 (Windows NT 11.0; Win64; x64) AppleWebKit/537.36 (KHTML, like Gecko) Chrome/123.0.0.0 Safari/537.36"
45.141.215.55 - - [11/Jun/2025:06:11:46 -0400] "GET / HTTP/1.1" 200 12631 "-" "Mozilla/5.0 (Windows NT 11.0; Win64; x64) AppleWebKit/537.36 (KHTML, like Gecko) Chrome/123.0.0.0 Safari/537.36"
2001:41d0:303:34e2::1 - - [11/Jun/2025:06:11:47 -0400] "GET /wp-includes/sodium_compat/src/Core32/Curve25519/Ge/?NA HTTP/1.1" 200 734 "-" "Mozilla/5.0 (compatible; MJ12bot/v1.4.8; http://mj12bot.com/)"
2001:41d0:303:34e2::1 - - [11/Jun/2025:06:11:50 -0400] "GET /wp-includes/sodium_compat/src/Core32/Curve25519/Ge/?SD HTTP/1.1" 200 738 "-" "Mozilla/5.0 (compatible; MJ12bot/v1.4.8; http://mj12bot.com/)"
66.249.77.201 - - [11/Jun/2025:06:11:52 -0400] "GET /detail117147640 HTTP/1.1" 200 81657 "-" "Mozilla/5.0 (Linux; Android 6.0.1; Nexus 5X Build/MMB29P) AppleWebKit/537.36 (KHTML, like Gecko) Chrome/136.0.7103.113 Mobile Safari/537.36 (compatible; Googlebot/2.1; +http://www.google.com/bot.html)"
114.119.151.50 - - [11/Jun/2025:06:11:55 -0400] "GET /chapter-403/ HTTP/1.1" 200 10816 "https://read10.windbreakermanga.com/wind-breaker-chapter-225-part-2-ep-157/" "Mozilla/5.0 (Linux; Android 7.0;) AppleWebKit/537.36 (KHTML, like Gecko) Mobile Safari/537.36 (compatible; PetalBot;+https://webmaster.petalsearch.com/site/petalbot)"
175.176.36.169 - - [11/Jun/2025:06:12:04 -0400] "POST /wp-admin/admin-ajax.php HTTP/1.1" 200 61 "https://read11.windbreakermanga.com/wind-breaker-chapter-27/" "Mozilla/5.0 (Linux; Android 10; K) AppleWebKit/537.36 (KHTML, like Gecko) Chrome/136.0.0.0 Mobile Safari/537.36"
175.176.36.169 - - [11/Jun/2025:06:12:13 -0400] "GET /wind-breaker-chapter-27/ HTTP/1.1" 304 0 "https://read11.windbreakermanga.com/wind-breaker-chapter-26/" "Mozilla/5.0 (Linux; Android 10; K) AppleWebKit/537.36 (KHTML, like Gecko) Chrome/136.0.0.0 Mobile Safari/537.36"
66.249.77.193 - - [11/Jun/2025:06:12:13 -0400] "GET /shopping7044656 HTTP/1.1" 200 81444 "-" "Mozilla/5.0 (Linux; Android 6.0.1; Nexus 5X Build/MMB29P) AppleWebKit/537.36 (KHTML, like Gecko) Chrome/136.0.7103.113 Mobile Safari/537.36 (compatible; Googlebot/2.1; +http://www.google.com/bot.html)"
175.176.36.169 - - [11/Jun/2025:06:12:15 -0400] "POST /wp-admin/admin-ajax.php HTTP/1.1" 200 61 "https://read11.windbreakermanga.com/wind-breaker-chapter-27/" "Mozilla/5.0 (Linux; Android 10; K) AppleWebKit/537.36 (KHTML, like Gecko) Chrome/136.0.0.0 Mobile Safari/537.36"
66.249.77.201 - - [11/Jun/2025:06:12:25 -0400] "GET /entity117148912 HTTP/1.1" 200 80936 "-" "Mozilla/5.0 (Linux; Android 6.0.1; Nexus 5X Build/MMB29P) AppleWebKit/537.36 (KHTML, like Gecko) Chrome/136.0.7103.113 Mobile Safari/537.36 (compatible; Googlebot/2.1; +http://www.google.com/bot.html)"
66.249.77.201 - - [11/Jun/2025:06:12:36 -0400] "GET /shopbrand7045392 HTTP/1.1" 200 82235 "-" "Mozilla/5.0 (Linux; Android 6.0.1; Nexus 5X Build/MMB29P) AppleWebKit/537.36 (KHTML, like Gecko) Chrome/136.0.7103.113 Mobile Safari/537.36 (compatible; Googlebot/2.1; +http://www.google.com/bot.html)"
66.249.77.201 - - [11/Jun/2025:06:12:57 -0400] "GET /entity13204540 HTTP/1.1" 200 81262 "-" "Mozilla/5.0 (Linux; Android 6.0.1; Nexus 5X Build/MMB29P) AppleWebKit/537.36 (KHTML, like Gecko) Chrome/136.0.7103.113 Mobile Safari/537.36 (compatible; Googlebot/2.1; +http://www.google.com/bot.html)"
66.249.77.201 - - [11/Jun/2025:06:12:59 -0400] "GET /goodscode117136172 HTTP/1.1" 200 81884 "-" "Mozilla/5.0 (Linux; Android 6.0.1; Nexus 5X Build/MMB29P) AppleWebKit/537.36 (KHTML, like Gecko) Chrome/136.0.7103.113 Mobile Safari/537.36 (compatible; Googlebot/2.1; +http://www.google.com/bot.html)"
66.249.77.201 - - [11/Jun/2025:06:13:11 -0400] "GET /shopdetail117143332 HTTP/1.1" 200 82170 "-" "Mozilla/5.0 (Linux; Android 6.0.1; Nexus 5X Build/MMB29P) AppleWebKit/537.36 (KHTML, like Gecko) Chrome/136.0.7103.113 Mobile Safari/537.36 (compatible; Googlebot/2.1; +http://www.google.com/bot.html)"
175.176.36.169 - - [11/Jun/2025:06:13:13 -0400] "GET /wind-breaker-chapter-27/ HTTP/1.1" 304 0 "https://read11.windbreakermanga.com/wind-breaker-chapter-26/" "Mozilla/5.0 (Linux; Android 10; K) AppleWebKit/537.36 (KHTML, like Gecko) Chrome/136.0.0.0 Mobile Safari/537.36"
162.0.232.193 - - [11/Jun/2025:06:13:16 -0400] "POST /wp-cron.php?doing_wp_cron=1749636796.4660990238189697265625 HTTP/1.1" 200 0 "-" "WordPress/6.8.1; https://read11.windbreakermanga.com"
175.176.36.169 - - [11/Jun/2025:06:13:15 -0400] "POST /wp-admin/admin-ajax.php HTTP/1.1" 200 61 "https://read11.windbreakermanga.com/wind-breaker-chapter-27/" "Mozilla/5.0 (Linux; Android 10; K) AppleWebKit/537.36 (KHTML, like Gecko) Chrome/136.0.0.0 Mobile Safari/537.36"
66.249.77.201 - - [11/Jun/2025:06:13:22 -0400] "GET /goods12228968 HTTP/1.1" 200 81459 "-" "Mozilla/5.0 (Linux; Android 6.0.1; Nexus 5X Build/MMB29P) AppleWebKit/537.36 (KHTML, like Gecko) Chrome/136.0.7103.113 Mobile Safari/537.36 (compatible; Googlebot/2.1; +http://www.google.com/bot.html)"
66.249.77.201 - - [11/Jun/2025:06:13:25 -0400] "GET /goodscode117138580 HTTP/1.1" 200 81679 "-" "Mozilla/5.0 (Linux; Android 6.0.1; Nexus 5X Build/MMB29P) AppleWebKit/537.36 (KHTML, like Gecko) Chrome/136.0.7103.113 Mobile Safari/537.36 (compatible; Googlebot/2.1; +http://www.google.com/bot.html)"
66.249.77.192 - - [11/Jun/2025:06:13:37 -0400] "GET /shopdetail34658768 HTTP/1.1" 200 81735 "-" "Mozilla/5.0 (Linux; Android 6.0.1; Nexus 5X Build/MMB29P) AppleWebKit/537.36 (KHTML, like Gecko) Chrome/136.0.7103.113 Mobile Safari/537.36 (compatible; Googlebot/2.1; +http://www.google.com/bot.html)"
66.249.77.201 - - [11/Jun/2025:06:13:48 -0400] "GET /shopdetail34652216 HTTP/1.1" 200 81522 "-" "Mozilla/5.0 (Linux; Android 6.0.1; Nexus 5X Build/MMB29P) AppleWebKit/537.36 (KHTML, like Gecko) Chrome/136.0.7103.113 Mobile Safari/537.36 (compatible; Googlebot/2.1; +http://www.google.com/bot.html)"
66.249.77.192 - - [11/Jun/2025:06:14:00 -0400] "GET /shopping34661612 HTTP/1.1" 200 81373 "-" "Mozilla/5.0 (Linux; Android 6.0.1; Nexus 5X Build/MMB29P) AppleWebKit/537.36 (KHTML, like Gecko) Chrome/136.0.7103.113 Mobile Safari/537.36 (compatible; Googlebot/2.1; +http://www.google.com/bot.html)"
66.249.77.201 - - [11/Jun/2025:06:14:21 -0400] "GET /items34654052 HTTP/1.1" 200 80954 "-" "Mozilla/5.0 (Linux; Android 6.0.1; Nexus 5X Build/MMB29P) AppleWebKit/537.36 (KHTML, like Gecko) Chrome/136.0.7103.113 Mobile Safari/537.36 (compatible; Googlebot/2.1; +http://www.google.com/bot.html)"
66.249.77.201 - - [11/Jun/2025:06:14:32 -0400] "GET /items34654688 HTTP/1.1" 200 82781 "-" "Mozilla/5.0 (Linux; Android 6.0.1; Nexus 5X Build/MMB29P) AppleWebKit/537.36 (KHTML, like Gecko) Chrome/136.0.7103.113 Mobile Safari/537.36 (compatible; Googlebot/2.1; +http://www.google.com/bot.html)"
66.249.77.201 - - [11/Jun/2025:06:14:42 -0400] "GET /product34657496 HTTP/1.1" 200 81637 "-" "Mozilla/5.0 (Linux; Android 6.0.1; Nexus 5X Build/MMB29P) AppleWebKit/537.36 (KHTML, like Gecko) Chrome/136.0.7103.113 Mobile Safari/537.36 (compatible; Googlebot/2.1; +http://www.google.com/bot.html)"
66.249.77.192 - - [11/Jun/2025:06:15:02 -0400] "GET /products34664728 HTTP/1.1" 200 81786 "-" "Mozilla/5.0 (Linux; Android 6.0.1; Nexus 5X Build/MMB29P) AppleWebKit/537.36 (KHTML, like Gecko) Chrome/136.0.7103.113 Mobile Safari/537.36 (compatible; Googlebot/2.1; +http://www.google.com/bot.html)"
66.249.77.192 - - [11/Jun/2025:06:15:04 -0400] "GET /info117136908 HTTP/1.1" 200 81024 "-" "Mozilla/5.0 (Linux; Android 6.0.1; Nexus 5X Build/MMB29P) AppleWebKit/537.36 (KHTML, like Gecko) Chrome/136.0.7103.113 Mobile Safari/537.36 (compatible; Googlebot/2.1; +http://www.google.com/bot.html)"
66.249.77.192 - - [11/Jun/2025:06:15:15 -0400] "GET /goods34664864 HTTP/1.1" 200 81567 "-" "Mozilla/5.0 (Linux; Android 6.0.1; Nexus 5X Build/MMB29P) AppleWebKit/537.36 (KHTML, like Gecko) Chrome/136.0.7103.113 Mobile Safari/537.36 (compatible; Googlebot/2.1; +http://www.google.com/bot.html)"
66.249.77.201 - - [11/Jun/2025:06:15:26 -0400] "GET /shopbrand/drowse36226784 HTTP/1.1" 200 81207 "-" "Mozilla/5.0 (Linux; Android 6.0.1; Nexus 5X Build/MMB29P) AppleWebKit/537.36 (KHTML, like Gecko) Chrome/136.0.7103.113 Mobile Safari/537.36 (compatible; Googlebot/2.1; +http://www.google.com/bot.html)"
66.249.77.201 - - [11/Jun/2025:06:15:29 -0400] "GET /info223245192 HTTP/1.1" 200 81554 "-" "Mozilla/5.0 (Linux; Android 6.0.1; Nexus 5X Build/MMB29P) AppleWebKit/537.36 (KHTML, like Gecko) Chrome/136.0.7103.113 Mobile Safari/537.36 (compatible; Googlebot/2.1; +http://www.google.com/bot.html)"
66.249.77.192 - - [11/Jun/2025:06:15:31 -0400] "GET /item34664964 HTTP/1.1" 200 81615 "-" "Mozilla/5.0 (Linux; Android 6.0.1; Nexus 5X Build/MMB29P) AppleWebKit/537.36 (KHTML, like Gecko) Chrome/136.0.7103.113 Mobile Safari/537.36 (compatible; Googlebot/2.1; +http://www.google.com/bot.html)"
114.119.135.251 - - [11/Jun/2025:06:15:39 -0400] "GET /chapter-245/ HTTP/1.1" 200 11085 "https://windbreakermanga.com/manga/wind-breaker-chapter-397/" "Mozilla/5.0 (Linux; Android 7.0;) AppleWebKit/537.36 (KHTML, like Gecko) Mobile Safari/537.36 (compatible; PetalBot;+https://webmaster.petalsearch.com/site/petalbot)"
66.249.77.201 - - [11/Jun/2025:06:15:43 -0400] "GET /info34666964 HTTP/1.1" 200 81179 "-" "Mozilla/5.0 (Linux; Android 6.0.1; Nexus 5X Build/MMB29P) AppleWebKit/537.36 (KHTML, like Gecko) Chrome/136.0.7103.113 Mobile Safari/537.36 (compatible; Googlebot/2.1; +http://www.google.com/bot.html)"
66.249.77.201 - - [11/Jun/2025:06:15:53 -0400] "GET /special34660440 HTTP/1.1" 200 81773 "-" "Mozilla/5.0 (Linux; Android 6.0.1; Nexus 5X Build/MMB29P) AppleWebKit/537.36 (KHTML, like Gecko) Chrome/136.0.7103.113 Mobile Safari/537.36 (compatible; Googlebot/2.1; +http://www.google.com/bot.html)"
66.249.77.201 - - [11/Jun/2025:06:16:13 -0400] "GET /info34666328 HTTP/1.1" 200 81073 "-" "Mozilla/5.0 (Linux; Android 6.0.1; Nexus 5X Build/MMB29P) AppleWebKit/537.36 (KHTML, like Gecko) Chrome/136.0.7103.113 Mobile Safari/537.36 (compatible; Googlebot/2.1; +http://www.google.com/bot.html)"
114.119.154.207 - - [11/Jun/2025:06:16:23 -0400] "GET /wind-breaker-chapter-492/ HTTP/1.1" 200 11636 "https://windbreakermanga.com/manga/wind-breaker-chapter-397/" "Mozilla/5.0 (Linux; Android 7.0;) AppleWebKit/537.36 (KHTML, like Gecko) Mobile Safari/537.36 (compatible; PetalBot;+https://webmaster.petalsearch.com/site/petalbot)"
66.249.77.201 - - [11/Jun/2025:06:16:26 -0400] "GET /shopbrand11762008 HTTP/1.1" 200 81138 "-" "Mozilla/5.0 (Linux; Android 6.0.1; Nexus 5X Build/MMB29P) AppleWebKit/537.36 (KHTML, like Gecko) Chrome/136.0.7103.113 Mobile Safari/537.36 (compatible; Googlebot/2.1; +http://www.google.com/bot.html)"
66.249.77.201 - - [11/Jun/2025:06:16:28 -0400] "GET /entity13334340 HTTP/1.1" 200 82325 "-" "Mozilla/5.0 (Linux; Android 6.0.1; Nexus 5X Build/MMB29P) AppleWebKit/537.36 (KHTML, like Gecko) Chrome/136.0.7103.113 Mobile Safari/537.36 (compatible; Googlebot/2.1; +http://www.google.com/bot.html)"
66.249.77.201 - - [11/Jun/2025:06:16:30 -0400] "GET /goods34658340 HTTP/1.1" 200 81302 "-" "Mozilla/5.0 (Linux; Android 6.0.1; Nexus 5X Build/MMB29P) AppleWebKit/537.36 (KHTML, like Gecko) Chrome/136.0.7103.113 Mobile Safari/537.36 (compatible; Googlebot/2.1; +http://www.google.com/bot.html)"
66.249.77.201 - - [11/Jun/2025:06:16:40 -0400] "GET /shopping34651916 HTTP/1.1" 200 81208 "-" "Mozilla/5.0 (Linux; Android 6.0.1; Nexus 5X Build/MMB29P) AppleWebKit/537.36 (KHTML, like Gecko) Chrome/136.0.7103.113 Mobile Safari/537.36 (compatible; Googlebot/2.1; +http://www.google.com/bot.html)"
66.249.77.192 - - [11/Jun/2025:06:16:51 -0400] "GET /item116930120 HTTP/1.1" 200 81363 "-" "Mozilla/5.0 (Linux; Android 6.0.1; Nexus 5X Build/MMB29P) AppleWebKit/537.36 (KHTML, like Gecko) Chrome/136.0.7103.113 Mobile Safari/537.36 (compatible; Googlebot/2.1; +http://www.google.com/bot.html)"
66.249.77.192 - - [11/Jun/2025:06:16:52 -0400] "GET /items116936308 HTTP/1.1" 200 81561 "-" "Mozilla/5.0 (Linux; Android 6.0.1; Nexus 5X Build/MMB29P) AppleWebKit/537.36 (KHTML, like Gecko) Chrome/136.0.7103.113 Mobile Safari/537.36 (compatible; Googlebot/2.1; +http://www.google.com/bot.html)"
66.249.77.193 - - [11/Jun/2025:06:17:13 -0400] "GET /goods34666936 HTTP/1.1" 200 81400 "-" "Mozilla/5.0 (Linux; Android 6.0.1; Nexus 5X Build/MMB29P) AppleWebKit/537.36 (KHTML, like Gecko) Chrome/136.0.7103.113 Mobile Safari/537.36 (compatible; Googlebot/2.1; +http://www.google.com/bot.html)"
66.249.77.192 - - [11/Jun/2025:06:17:23 -0400] "GET /info37261472 HTTP/1.1" 200 81221 "-" "Mozilla/5.0 (Linux; Android 6.0.1; Nexus 5X Build/MMB29P) AppleWebKit/537.36 (KHTML, like Gecko) Chrome/136.0.7103.113 Mobile Safari/537.36 (compatible; Googlebot/2.1; +http://www.google.com/bot.html)"
66.249.77.201 - - [11/Jun/2025:06:17:25 -0400] "GET /entity34656532 HTTP/1.1" 200 81257 "-" "Mozilla/5.0 (Linux; Android 6.0.1; Nexus 5X Build/MMB29P) AppleWebKit/537.36 (KHTML, like Gecko) Chrome/136.0.7103.113 Mobile Safari/537.36 (compatible; Googlebot/2.1; +http://www.google.com/bot.html)"
66.249.77.201 - - [11/Jun/2025:06:17:26 -0400] "GET /entity11582732 HTTP/1.1" 200 81611 "-" "Mozilla/5.0 (Linux; Android 6.0.1; Nexus 5X Build/MMB29P) AppleWebKit/537.36 (KHTML, like Gecko) Chrome/136.0.7103.113 Mobile Safari/537.36 (compatible; Googlebot/2.1; +http://www.google.com/bot.html)"
66.249.77.201 - - [11/Jun/2025:06:17:37 -0400] "GET /special34658440 HTTP/1.1" 200 81205 "-" "Mozilla/5.0 (Linux; Android 6.0.1; Nexus 5X Build/MMB29P) AppleWebKit/537.36 (KHTML, like Gecko) Chrome/136.0.7103.113 Mobile Safari/537.36 (compatible; Googlebot/2.1; +http://www.google.com/bot.html)"
66.249.77.201 - - [11/Jun/2025:06:17:48 -0400] "GET /shopping34653416 HTTP/1.1" 200 80858 "-" "Mozilla/5.0 (Linux; Android 6.0.1; Nexus 5X Build/MMB29P) AppleWebKit/537.36 (KHTML, like Gecko) Chrome/136.0.7103.113 Mobile Safari/537.36 (compatible; Googlebot/2.1; +http://www.google.com/bot.html)"
162.0.232.193 - - [11/Jun/2025:06:17:57 -0400] "POST /wp-cron.php?doing_wp_cron=1749637077.4093859195709228515625 HTTP/1.1" 200 0 "-" "WordPress/6.8.1; https://read11.windbreakermanga.com"
66.249.77.201 - - [11/Jun/2025:06:17:58 -0400] "GET /entity/perdiz34659940 HTTP/1.1" 200 81528 "-" "Mozilla/5.0 (Linux; Android 6.0.1; Nexus 5X Build/MMB29P) AppleWebKit/537.36 (KHTML, like Gecko) Chrome/136.0.7103.113 Mobile Safari/537.36 (compatible; Googlebot/2.1; +http://www.google.com/bot.html)"
162.0.232.193 - - [11/Jun/2025:06:18:02 -0400] "GET /wp-content/uploads/f979bbbcbe9df560cb74049269d2541e_4104.xml HTTP/1.1" 200 2271 "-" "Mozilla/5.0 (X11; Linux x86_64) AppleWebKit/537.36 (KHTML, like Gecko) Ubuntu Chromium/41.0.2272.76"
47.82.61.76 - - [11/Jun/2025:06:17:59 -0400] "GET /category/wind-breaker/page/7/ HTTP/1.1" 200 12951 "https://read11.windbreakermanga.com/category/wind-breaker/page/7/" "Mozilla/5.0 (Windows NT 10.0; Win64; x64) AppleWebKit/537.36 (KHTML, like Gecko) Chrome/114.0.0.0 Safari/537.36 Edg/114.0.1823.43"
66.249.77.201 - - [11/Jun/2025:06:18:09 -0400] "GET /products34661712 HTTP/1.1" 200 80967 "-" "Mozilla/5.0 (Linux; Android 6.0.1; Nexus 5X Build/MMB29P) AppleWebKit/537.36 (KHTML, like Gecko) Chrome/136.0.7103.113 Mobile Safari/537.36 (compatible; Googlebot/2.1; +http://www.google.com/bot.html)"
66.249.77.192 - - [11/Jun/2025:06:18:21 -0400] "GET /products34662020 HTTP/1.1" 200 81279 "-" "Mozilla/5.0 (Linux; Android 6.0.1; Nexus 5X Build/MMB29P) AppleWebKit/537.36 (KHTML, like Gecko) Chrome/136.0.7103.113 Mobile Safari/537.36 (compatible; Googlebot/2.1; +http://www.google.com/bot.html)"
114.119.130.178 - - [11/Jun/2025:06:18:26 -0400] "GET /wind-breaker-chapter-262/ HTTP/1.1" 200 12804 "https://read11.windbreakermanga.com/wind-breaker-chapter-263/" "Mozilla/5.0 (Linux; Android 7.0;) AppleWebKit/537.36 (KHTML, like Gecko) Mobile Safari/537.36 (compatible; PetalBot;+https://webmaster.petalsearch.com/site/petalbot)"
66.249.77.201 - - [11/Jun/2025:06:18:33 -0400] "GET /items34659712 HTTP/1.1" 200 81370 "-" "Mozilla/5.0 (Linux; Android 6.0.1; Nexus 5X Build/MMB29P) AppleWebKit/537.36 (KHTML, like Gecko) Chrome/136.0.7103.113 Mobile Safari/537.36 (compatible; Googlebot/2.1; +http://www.google.com/bot.html)"
66.249.77.201 - - [11/Jun/2025:06:18:44 -0400] "GET /shopping34658032 HTTP/1.1" 200 81633 "-" "Mozilla/5.0 (Linux; Android 6.0.1; Nexus 5X Build/MMB29P) AppleWebKit/537.36 (KHTML, like Gecko) Chrome/136.0.7103.113 Mobile Safari/537.36 (compatible; Googlebot/2.1; +http://www.google.com/bot.html)"
66.249.77.193 - - [11/Jun/2025:06:19:05 -0400] "GET /goodscode34659304 HTTP/1.1" 200 81054 "-" "Mozilla/5.0 (Linux; Android 6.0.1; Nexus 5X Build/MMB29P) AppleWebKit/537.36 (KHTML, like Gecko) Chrome/136.0.7103.113 Mobile Safari/537.36 (compatible; Googlebot/2.1; +http://www.google.com/bot.html)"
66.249.77.193 - - [11/Jun/2025:06:19:06 -0400] "GET /detail116366844 HTTP/1.1" 200 81692 "-" "Mozilla/5.0 (Linux; Android 6.0.1; Nexus 5X Build/MMB29P) AppleWebKit/537.36 (KHTML, like Gecko) Chrome/136.0.7103.113 Mobile Safari/537.36 (compatible; Googlebot/2.1; +http://www.google.com/bot.html)"
66.249.77.201 - - [11/Jun/2025:06:19:18 -0400] "GET /shopping116929884 HTTP/1.1" 200 81869 "-" "Mozilla/5.0 (Linux; Android 6.0.1; Nexus 5X Build/MMB29P) AppleWebKit/537.36 (KHTML, like Gecko) Chrome/136.0.7103.113 Mobile Safari/537.36 (compatible; Googlebot/2.1; +http://www.google.com/bot.html)"
66.249.77.201 - - [11/Jun/2025:06:19:21 -0400] "GET /product11582424 HTTP/1.1" 200 81323 "-" "Mozilla/5.0 (Linux; Android 6.0.1; Nexus 5X Build/MMB29P) AppleWebKit/537.36 (KHTML, like Gecko) Chrome/136.0.7103.113 Mobile Safari/537.36 (compatible; Googlebot/2.1; +http://www.google.com/bot.html)"
66.249.77.201 - - [11/Jun/2025:06:19:34 -0400] "GET /detail34660040 HTTP/1.1" 200 83080 "-" "Mozilla/5.0 (Linux; Android 6.0.1; Nexus 5X Build/MMB29P) AppleWebKit/537.36 (KHTML, like Gecko) Chrome/136.0.7103.113 Mobile Safari/537.36 (compatible; Googlebot/2.1; +http://www.google.com/bot.html)"
66.249.77.201 - - [11/Jun/2025:06:19:37 -0400] "GET /product34661784 HTTP/1.1" 200 80266 "-" "Mozilla/5.0 (Linux; Android 6.0.1; Nexus 5X Build/MMB29P) AppleWebKit/537.36 (KHTML, like Gecko) Chrome/136.0.7103.113 Mobile Safari/537.36 (compatible; Googlebot/2.1; +http://www.google.com/bot.html)"
66.249.77.192 - - [11/Jun/2025:06:19:42 -0400] "GET /info/117140416 HTTP/1.1" 200 81011 "-" "Mozilla/5.0 (Linux; Android 6.0.1; Nexus 5X Build/MMB29P) AppleWebKit/537.36 (KHTML, like Gecko) Chrome/136.0.7103.113 Mobile Safari/537.36 (compatible; Googlebot/2.1; +http://www.google.com/bot.html)"
66.249.77.192 - - [11/Jun/2025:06:19:44 -0400] "GET /item34656768 HTTP/1.1" 200 80274 "-" "Mozilla/5.0 (Linux; Android 6.0.1; Nexus 5X Build/MMB29P) AppleWebKit/537.36 (KHTML, like Gecko) Chrome/136.0.7103.113 Mobile Safari/537.36 (compatible; Googlebot/2.1; +http://www.google.com/bot.html)"
51.222.253.1 - - [11/Jun/2025:06:19:50 -0400] "GET /robots.txt HTTP/1.1" 304 0 "-" "Mozilla/5.0 (compatible; AhrefsBot/7.0; +http://ahrefs.com/robot/)"
51.222.253.7 - - [11/Jun/2025:06:19:54 -0400] "GET /sitemap_index.xml HTTP/1.1" 200 546 "-" "Mozilla/5.0 (compatible; AhrefsBot/7.0; +http://ahrefs.com/robot/)"
66.249.77.192 - - [11/Jun/2025:06:19:55 -0400] "GET /info34657396 HTTP/1.1" 200 81150 "-" "Mozilla/5.0 (Linux; Android 6.0.1; Nexus 5X Build/MMB29P) AppleWebKit/537.36 (KHTML, like Gecko) Chrome/136.0.7103.113 Mobile Safari/537.36 (compatible; Googlebot/2.1; +http://www.google.com/bot.html)"
51.222.253.9 - - [11/Jun/2025:06:20:07 -0400] "GET /sitemap-subitems-337.xml HTTP/1.1" 200 10066 "-" "Mozilla/5.0 (compatible; AhrefsBot/7.0; +http://ahrefs.com/robot/)"
66.249.77.193 - - [11/Jun/2025:06:20:15 -0400] "GET /shopbrand116373368 HTTP/1.1" 200 82048 "-" "Mozilla/5.0 (Linux; Android 6.0.1; Nexus 5X Build/MMB29P) AppleWebKit/537.36 (KHTML, like Gecko) Chrome/136.0.7103.113 Mobile Safari/537.36 (compatible; Googlebot/2.1; +http://www.google.com/bot.html)"
51.222.253.5 - - [11/Jun/2025:06:20:16 -0400] "GET /sitemap-subitems-390.xml HTTP/1.1" 200 10110 "-" "Mozilla/5.0 (compatible; AhrefsBot/7.0; +http://ahrefs.com/robot/)"
51.222.253.20 - - [11/Jun/2025:06:20:23 -0400] "GET /sitemap-subitems-392.xml HTTP/1.1" 200 10123 "-" "Mozilla/5.0 (compatible; AhrefsBot/7.0; +http://ahrefs.com/robot/)"
66.249.77.201 - - [11/Jun/2025:06:20:26 -0400] "GET /shopping34664956 HTTP/1.1" 200 81233 "-" "Mozilla/5.0 (Linux; Android 6.0.1; Nexus 5X Build/MMB29P) AppleWebKit/537.36 (KHTML, like Gecko) Chrome/136.0.7103.113 Mobile Safari/537.36 (compatible; Googlebot/2.1; +http://www.google.com/bot.html)"
66.249.77.201 - - [11/Jun/2025:06:20:28 -0400] "GET /goods116375584 HTTP/1.1" 200 82733 "-" "Mozilla/5.0 (Linux; Android 6.0.1; Nexus 5X Build/MMB29P) AppleWebKit/537.36 (KHTML, like Gecko) Chrome/136.0.7103.113 Mobile Safari/537.36 (compatible; Googlebot/2.1; +http://www.google.com/bot.html)"
51.222.253.18 - - [11/Jun/2025:06:20:34 -0400] "GET /sitemap-subitems-447.xml HTTP/1.1" 200 10091 "-" "Mozilla/5.0 (compatible; AhrefsBot/7.0; +http://ahrefs.com/robot/)"
66.249.77.201 - - [11/Jun/2025:06:20:39 -0400] "GET /items116365580 HTTP/1.1" 200 81170 "-" "Mozilla/5.0 (Linux; Android 6.0.1; Nexus 5X Build/MMB29P) AppleWebKit/537.36 (KHTML, like Gecko) Chrome/136.0.7103.113 Mobile Safari/537.36 (compatible; Googlebot/2.1; +http://www.google.com/bot.html)"
51.222.253.19 - - [11/Jun/2025:06:20:42 -0400] "GET /sitemap-subitems-549.xml HTTP/1.1" 200 10355 "-" "Mozilla/5.0 (compatible; AhrefsBot/7.0; +http://ahrefs.com/robot/)"
51.222.253.7 - - [11/Jun/2025:06:20:53 -0400] "GET /sitemap-subitems-569.xml HTTP/1.1" 200 9940 "-" "Mozilla/5.0 (compatible; AhrefsBot/7.0; +http://ahrefs.com/robot/)"
66.249.77.201 - - [11/Jun/2025:06:20:59 -0400] "GET /goods116367480 HTTP/1.1" 200 81040 "-" "Mozilla/5.0 (Linux; Android 6.0.1; Nexus 5X Build/MMB29P) AppleWebKit/537.36 (KHTML, like Gecko) Chrome/136.0.7103.113 Mobile Safari/537.36 (compatible; Googlebot/2.1; +http://www.google.com/bot.html)"
51.222.253.2 - - [11/Jun/2025:06:21:04 -0400] "GET /sitemap-subitems-674.xml HTTP/1.1" 200 10216 "-" "Mozilla/5.0 (compatible; AhrefsBot/7.0; +http://ahrefs.com/robot/)"
66.249.77.201 - - [11/Jun/2025:06:21:10 -0400] "GET /shopbrand/223226892 HTTP/1.1" 200 81386 "-" "Mozilla/5.0 (Linux; Android 6.0.1; Nexus 5X Build/MMB29P) AppleWebKit/537.36 (KHTML, like Gecko) Chrome/136.0.7103.113 Mobile Safari/537.36 (compatible; Googlebot/2.1; +http://www.google.com/bot.html)"
51.222.253.12 - - [11/Jun/2025:06:21:12 -0400] "GET /sitemap-subitems-707.xml HTTP/1.1" 200 10113 "-" "Mozilla/5.0 (compatible; AhrefsBot/7.0; +http://ahrefs.com/robot/)"
66.249.77.201 - - [11/Jun/2025:06:21:12 -0400] "GET /product116366852 HTTP/1.1" 200 82667 "-" "Mozilla/5.0 (Linux; Android 6.0.1; Nexus 5X Build/MMB29P) AppleWebKit/537.36 (KHTML, like Gecko) Chrome/136.0.7103.113 Mobile Safari/537.36 (compatible; Googlebot/2.1; +http://www.google.com/bot.html)"
51.222.253.11 - - [11/Jun/2025:06:21:21 -0400] "GET /sitemap-subitems-719.xml HTTP/1.1" 200 10116 "-" "Mozilla/5.0 (compatible; AhrefsBot/7.0; +http://ahrefs.com/robot/)"
66.249.77.192 - - [11/Jun/2025:06:21:24 -0400] "GET /product116363172 HTTP/1.1" 200 80923 "-" "Mozilla/5.0 (Linux; Android 6.0.1; Nexus 5X Build/MMB29P) AppleWebKit/537.36 (KHTML, like Gecko) Chrome/136.0.7103.113 Mobile Safari/537.36 (compatible; Googlebot/2.1; +http://www.google.com/bot.html)"
162.0.232.193 - - [11/Jun/2025:06:21:34 -0400] "POST /wp-cron.php?doing_wp_cron=1749637293.0724830627441406250000 HTTP/1.1" 200 0 "-" "WordPress/6.8.1; https://read11.windbreakermanga.com"
51.222.253.16 - - [11/Jun/2025:06:21:34 -0400] "GET /sitemap-subitems-783.xml HTTP/1.1" 200 10049 "-" "Mozilla/5.0 (compatible; AhrefsBot/7.0; +http://ahrefs.com/robot/)"
114.119.145.123 - - [11/Jun/2025:06:21:29 -0400] "GET /category/wind-breaker-webtoon/page/22/ HTTP/1.1" 200 13497 "https://read10.windbreakermanga.com/category/wind-breaker-webtoon/page/21/" "Mozilla/5.0 (Linux; Android 7.0;) AppleWebKit/537.36 (KHTML, like Gecko) Mobile Safari/537.36 (compatible; PetalBot;+https://webmaster.petalsearch.com/site/petalbot)"
66.249.77.193 - - [11/Jun/2025:06:21:37 -0400] "GET /entity116367580 HTTP/1.1" 200 81382 "-" "Mozilla/5.0 (Linux; Android 6.0.1; Nexus 5X Build/MMB29P) AppleWebKit/537.36 (KHTML, like Gecko) Chrome/136.0.7103.113 Mobile Safari/537.36 (compatible; Googlebot/2.1; +http://www.google.com/bot.html)"
51.222.253.11 - - [11/Jun/2025:06:21:41 -0400] "GET /sitemap-subitems-785.xml HTTP/1.1" 200 10055 "-" "Mozilla/5.0 (compatible; AhrefsBot/7.0; +http://ahrefs.com/robot/)"
66.249.77.192 - - [11/Jun/2025:06:21:48 -0400] "GET /detail116375048 HTTP/1.1" 200 81002 "-" "Mozilla/5.0 (Linux; Android 6.0.1; Nexus 5X Build/MMB29P) AppleWebKit/537.36 (KHTML, like Gecko) Chrome/136.0.7103.113 Mobile Safari/537.36 (compatible; Googlebot/2.1; +http://www.google.com/bot.html)"
51.222.253.19 - - [11/Jun/2025:06:21:49 -0400] "GET /sitemap-subitems-873.xml HTTP/1.1" 200 10169 "-" "Mozilla/5.0 (compatible; AhrefsBot/7.0; +http://ahrefs.com/robot/)"
66.249.77.192 - - [11/Jun/2025:06:21:50 -0400] "GET /product117134900 HTTP/1.1" 200 81119 "-" "Mozilla/5.0 (Linux; Android 6.0.1; Nexus 5X Build/MMB29P) AppleWebKit/537.36 (KHTML, like Gecko) Chrome/136.0.7103.113 Mobile Safari/537.36 (compatible; Googlebot/2.1; +http://www.google.com/bot.html)"
66.249.77.192 - - [11/Jun/2025:06:21:53 -0400] "GET /entity13333068 HTTP/1.1" 200 81497 "-" "Mozilla/5.0 (Linux; Android 6.0.1; Nexus 5X Build/MMB29P) AppleWebKit/537.36 (KHTML, like Gecko) Chrome/136.0.7103.113 Mobile Safari/537.36 (compatible; Googlebot/2.1; +http://www.google.com/bot.html)"
51.222.253.4 - - [11/Jun/2025:06:22:03 -0400] "GET /sitemap-subitems-877.xml HTTP/1.1" 200 10069 "-" "Mozilla/5.0 (compatible; AhrefsBot/7.0; +http://ahrefs.com/robot/)"
66.249.77.194 - - [11/Jun/2025:06:22:04 -0400] "GET /item116372640 HTTP/1.1" 200 83425 "-" "Mozilla/5.0 (Linux; Android 6.0.1; Nexus 5X Build/MMB29P) AppleWebKit/537.36 (KHTML, like Gecko) Chrome/136.0.7103.113 Mobile Safari/537.36 (compatible; Googlebot/2.1; +http://www.google.com/bot.html)"
51.222.253.3 - - [11/Jun/2025:06:22:13 -0400] "GET /sitemap-subitems-936.xml HTTP/1.1" 200 10158 "-" "Mozilla/5.0 (compatible; AhrefsBot/7.0; +http://ahrefs.com/robot/)"
51.222.253.10 - - [11/Jun/2025:06:22:21 -0400] "GET /sitemap-subitems-961.xml HTTP/1.1" 200 10284 "-" "Mozilla/5.0 (compatible; AhrefsBot/7.0; +http://ahrefs.com/robot/)"
66.249.77.193 - - [11/Jun/2025:06:22:24 -0400] "GET /special/7307308 HTTP/1.1" 200 81656 "-" "Mozilla/5.0 (Linux; Android 6.0.1; Nexus 5X Build/MMB29P) AppleWebKit/537.36 (KHTML, like Gecko) Chrome/136.0.7103.113 Mobile Safari/537.36 (compatible; Googlebot/2.1; +http://www.google.com/bot.html)"
66.249.77.192 - - [11/Jun/2025:06:22:27 -0400] "GET /goodscode116365808 HTTP/1.1" 200 81696 "-" "Mozilla/5.0 (Linux; Android 6.0.1; Nexus 5X Build/MMB29P) AppleWebKit/537.36 (KHTML, like Gecko) Chrome/136.0.7103.113 Mobile Safari/537.36 (compatible; Googlebot/2.1; +http://www.google.com/bot.html)"
51.222.253.19 - - [11/Jun/2025:06:22:28 -0400] "GET /sitemap-subitems-1017.xml HTTP/1.1" 200 10043 "-" "Mozilla/5.0 (compatible; AhrefsBot/7.0; +http://ahrefs.com/robot/)"
66.249.77.192 - - [11/Jun/2025:06:22:29 -0400] "GET /goods117139116 HTTP/1.1" 200 82171 "-" "Mozilla/5.0 (Linux; Android 6.0.1; Nexus 5X Build/MMB29P) AppleWebKit/537.36 (KHTML, like Gecko) Chrome/136.0.7103.113 Mobile Safari/537.36 (compatible; Googlebot/2.1; +http://www.google.com/bot.html)"
51.222.253.2 - - [11/Jun/2025:06:22:37 -0400] "GET /sitemap-subitems-1034.xml HTTP/1.1" 200 10168 "-" "Mozilla/5.0 (compatible; AhrefsBot/7.0; +http://ahrefs.com/robot/)"
66.249.77.192 - - [11/Jun/2025:06:22:39 -0400] "GET /items116366116 HTTP/1.1" 200 81900 "-" "Mozilla/5.0 (Linux; Android 6.0.1; Nexus 5X Build/MMB29P) AppleWebKit/537.36 (KHTML, like Gecko) Chrome/136.0.7103.113 Mobile Safari/537.36 (compatible; Googlebot/2.1; +http://www.google.com/bot.html)"
51.222.253.12 - - [11/Jun/2025:06:22:44 -0400] "GET /sitemap-subitems-1035.xml HTTP/1.1" 200 9967 "-" "Mozilla/5.0 (compatible; AhrefsBot/7.0; +http://ahrefs.com/robot/)"
66.249.77.192 - - [11/Jun/2025:06:22:50 -0400] "GET /shopdetail/abyss12348808 HTTP/1.1" 200 80756 "-" "Mozilla/5.0 (Linux; Android 6.0.1; Nexus 5X Build/MMB29P) AppleWebKit/537.36 (KHTML, like Gecko) Chrome/136.0.7103.113 Mobile Safari/537.36 (compatible; Googlebot/2.1; +http://www.google.com/bot.html)"
66.249.77.192 - - [11/Jun/2025:06:22:52 -0400] "GET /shopping116368116 HTTP/1.1" 200 81294 "-" "Mozilla/5.0 (Linux; Android 6.0.1; Nexus 5X Build/MMB29P) AppleWebKit/537.36 (KHTML, like Gecko) Chrome/136.0.7103.113 Mobile Safari/537.36 (compatible; Googlebot/2.1; +http://www.google.com/bot.html)"
51.222.253.9 - - [11/Jun/2025:06:22:54 -0400] "GET /sitemap-subitems-1045.xml HTTP/1.1" 200 9994 "-" "Mozilla/5.0 (compatible; AhrefsBot/7.0; +http://ahrefs.com/robot/)"
66.249.77.192 - - [11/Jun/2025:06:22:54 -0400] "GET /shopping222049220 HTTP/1.1" 200 80943 "-" "Mozilla/5.0 (Linux; Android 6.0.1; Nexus 5X Build/MMB29P) AppleWebKit/537.36 (KHTML, like Gecko) Chrome/136.0.7103.113 Mobile Safari/537.36 (compatible; Googlebot/2.1; +http://www.google.com/bot.html)"
66.249.77.192 - - [11/Jun/2025:06:23:06 -0400] "GET /shopdetail116365172 HTTP/1.1" 200 81117 "-" "Mozilla/5.0 (Linux; Android 6.0.1; Nexus 5X Build/MMB29P) AppleWebKit/537.36 (KHTML, like Gecko) Chrome/136.0.7103.113 Mobile Safari/537.36 (compatible; Googlebot/2.1; +http://www.google.com/bot.html)"
51.222.253.10 - - [11/Jun/2025:06:23:10 -0400] "GET /sitemap-subitems-1089.xml HTTP/1.1" 200 10014 "-" "Mozilla/5.0 (compatible; AhrefsBot/7.0; +http://ahrefs.com/robot/)"
162.0.232.193 - - [11/Jun/2025:06:23:15 -0400] "POST /wp-cron.php?doing_wp_cron=1749637394.6996688842773437500000 HTTP/1.1" 200 0 "-" "WordPress/6.8.1; https://read11.windbreakermanga.com"
114.119.139.202 - - [11/Jun/2025:06:23:07 -0400] "GET /category/wind-breaker-manga/page/3/ HTTP/1.1" 200 12982 "https://read11.windbreakermanga.com/category/wind-breaker-manga/page/2/" "Mozilla/5.0 (Linux; Android 7.0;) AppleWebKit/537.36 (KHTML, like Gecko) Mobile Safari/537.36 (compatible; PetalBot;+https://webmaster.petalsearch.com/site/petalbot)"
66.249.77.193 - - [11/Jun/2025:06:23:18 -0400] "GET /shopping116365508 HTTP/1.1" 200 80964 "-" "Mozilla/5.0 (Linux; Android 6.0.1; Nexus 5X Build/MMB29P) AppleWebKit/537.36 (KHTML, like Gecko) Chrome/136.0.7103.113 Mobile Safari/537.36 (compatible; Googlebot/2.1; +http://www.google.com/bot.html)"
162.0.232.193 - - [11/Jun/2025:06:23:20 -0400] "GET /wp-content/uploads/f979bbbcbe9df560cb74049269d2541e_4104.xml HTTP/1.1" 200 2271 "-" "Mozilla/5.0 (X11; Linux x86_64) AppleWebKit/537.36 (KHTML, like Gecko) Ubuntu Chromium/41.0.2272.76"
51.222.253.7 - - [11/Jun/2025:06:23:21 -0400] "GET /sitemap-subitems-1118.xml HTTP/1.1" 200 9974 "-" "Mozilla/5.0 (compatible; AhrefsBot/7.0; +http://ahrefs.com/robot/)"
66.249.77.192 - - [11/Jun/2025:06:23:21 -0400] "GET /shopdetail223237860 HTTP/1.1" 200 82834 "-" "Mozilla/5.0 (Linux; Android 6.0.1; Nexus 5X Build/MMB29P) AppleWebKit/537.36 (KHTML, like Gecko) Chrome/136.0.7103.113 Mobile Safari/537.36 (compatible; Googlebot/2.1; +http://www.google.com/bot.html)"
51.222.253.8 - - [11/Jun/2025:06:23:31 -0400] "GET /sitemap-subitems-1132.xml HTTP/1.1" 200 9832 "-" "Mozilla/5.0 (compatible; AhrefsBot/7.0; +http://ahrefs.com/robot/)"
66.249.77.192 - - [11/Jun/2025:06:23:34 -0400] "GET /special116373468 HTTP/1.1" 200 81613 "-" "Mozilla/5.0 (Linux; Android 6.0.1; Nexus 5X Build/MMB29P) AppleWebKit/537.36 (KHTML, like Gecko) Chrome/136.0.7103.113 Mobile Safari/537.36 (compatible; Googlebot/2.1; +http://www.google.com/bot.html)"
51.222.253.5 - - [11/Jun/2025:06:23:41 -0400] "GET /sitemap-subitems-1134.xml HTTP/1.1" 200 10131 "-" "Mozilla/5.0 (compatible; AhrefsBot/7.0; +http://ahrefs.com/robot/)"
66.249.77.193 - - [11/Jun/2025:06:23:46 -0400] "GET /shopbrand116373676 HTTP/1.1" 200 80954 "-" "Mozilla/5.0 (Linux; Android 6.0.1; Nexus 5X Build/MMB29P) AppleWebKit/537.36 (KHTML, like Gecko) Chrome/136.0.7103.113 Mobile Safari/537.36 (compatible; Googlebot/2.1; +http://www.google.com/bot.html)"
51.222.253.20 - - [11/Jun/2025:06:23:48 -0400] "GET /sitemap-subitems-1145.xml HTTP/1.1" 200 10003 "-" "Mozilla/5.0 (compatible; AhrefsBot/7.0; +http://ahrefs.com/robot/)"
