162.0.232.193 - - [11/Jun/2025:04:08:58 -0400] "GET /wind-breaker-chapter-529/ HTTP/1.1" 200 0 "-" "WP Rocket/Preload Mozilla/5.0 (iPhone; CPU iPhone OS 9_1 like Mac OS X) AppleWebKit/601.1.46 (KHTML, like Gecko) Version/9.0 Mobile/13B143 Safari/601.1"
162.0.232.193 - - [11/Jun/2025:04:08:59 -0400] "GET /wind-breaker-chapter-521/ HTTP/1.1" 200 11868 "-" "WP Rocket/Preload"
162.0.232.193 - - [11/Jun/2025:04:09:00 -0400] "GET /wind-breaker-chapter-521/ HTTP/1.1" 200 0 "-" "WP Rocket/Preload Mozilla/5.0 (iPhone; CPU iPhone OS 9_1 like Mac OS X) AppleWebKit/601.1.46 (KHTML, like Gecko) Version/9.0 Mobile/13B143 Safari/601.1"
162.0.232.193 - - [11/Jun/2025:04:09:02 -0400] "GET /wind-breaker-chapter-517/ HTTP/1.1" 200 0 "-" "WP Rocket/Preload"
66.249.77.201 - - [11/Jun/2025:04:09:02 -0400] "GET /goodscode11103496 HTTP/1.1" 200 81331 "-" "Mozilla/5.0 (Linux; Android 6.0.1; Nexus 5X Build/MMB29P) AppleWebKit/537.36 (KHTML, like Gecko) Chrome/136.0.7103.113 Mobile Safari/537.36 (compatible; Googlebot/2.1; +http://www.google.com/bot.html)"
162.0.232.193 - - [11/Jun/2025:04:09:04 -0400] "GET /wind-breaker-chapter-517/ HTTP/1.1" 200 0 "-" "WP Rocket/Preload Mozilla/5.0 (iPhone; CPU iPhone OS 9_1 like Mac OS X) AppleWebKit/601.1.46 (KHTML, like Gecko) Version/9.0 Mobile/13B143 Safari/601.1"
66.249.77.199 - - [11/Jun/2025:04:09:19 -0400] "GET /product74415716 HTTP/1.1" 200 81514 "-" "Mozilla/5.0 (Linux; Android 6.0.1; Nexus 5X Build/MMB29P) AppleWebKit/537.36 (KHTML, like Gecko) Chrome/136.0.7103.113 Mobile Safari/537.36 (compatible; Googlebot/2.1; +http://www.google.com/bot.html)"
66.249.77.199 - - [11/Jun/2025:04:09:21 -0400] "GET /goods/conodonta/11402440 HTTP/1.1" 200 82246 "-" "Mozilla/5.0 (Linux; Android 6.0.1; Nexus 5X Build/MMB29P) AppleWebKit/537.36 (KHTML, like Gecko) Chrome/136.0.7103.113 Mobile Safari/537.36 (compatible; Googlebot/2.1; +http://www.google.com/bot.html)"
66.249.77.199 - - [11/Jun/2025:04:09:30 -0400] "GET /shopbrand11115200 HTTP/1.1" 200 81535 "-" "Mozilla/5.0 (Linux; Android 6.0.1; Nexus 5X Build/MMB29P) AppleWebKit/537.36 (KHTML, like Gecko) Chrome/136.0.7103.113 Mobile Safari/537.36 (compatible; Googlebot/2.1; +http://www.google.com/bot.html)"
216.73.216.239 - - [11/Jun/2025:04:09:38 -0400] "GET /sitemap-subitems-2057.xml HTTP/1.1" 200 10186 "-" "Mozilla/5.0 AppleWebKit/537.36 (KHTML, like Gecko; compatible; ClaudeBot/1.0; [email protected])"
216.73.216.239 - - [11/Jun/2025:04:09:38 -0400] "GET /sitemap-subitems-347.xml HTTP/1.1" 200 10186 "-" "Mozilla/5.0 AppleWebKit/537.36 (KHTML, like Gecko; compatible; ClaudeBot/1.0; [email protected])"
216.73.216.239 - - [11/Jun/2025:04:09:38 -0400] "GET /sitemap-subitems-1753.xml HTTP/1.1" 200 10186 "-" "Mozilla/5.0 AppleWebKit/537.36 (KHTML, like Gecko; compatible; ClaudeBot/1.0; [email protected])"
66.249.77.199 - - [11/Jun/2025:04:09:40 -0400] "GET /shopdetail11103796 HTTP/1.1" 200 81006 "-" "Mozilla/5.0 (Linux; Android 6.0.1; Nexus 5X Build/MMB29P) AppleWebKit/537.36 (KHTML, like Gecko) Chrome/136.0.7103.113 Mobile Safari/537.36 (compatible; Googlebot/2.1; +http://www.google.com/bot.html)"
66.249.77.199 - - [11/Jun/2025:04:09:42 -0400] "GET /detail/vehemently11108976 HTTP/1.1" 200 82158 "-" "Mozilla/5.0 (Linux; Android 6.0.1; Nexus 5X Build/MMB29P) AppleWebKit/537.36 (KHTML, like Gecko) Chrome/136.0.7103.113 Mobile Safari/537.36 (compatible; Googlebot/2.1; +http://www.google.com/bot.html)"
66.249.77.199 - - [11/Jun/2025:04:09:52 -0400] "GET /info74414544 HTTP/1.1" 200 83364 "-" "Mozilla/5.0 (Linux; Android 6.0.1; Nexus 5X Build/MMB29P) AppleWebKit/537.36 (KHTML, like Gecko) Chrome/136.0.7103.113 Mobile Safari/537.36 (compatible; Googlebot/2.1; +http://www.google.com/bot.html)"
66.249.77.200 - - [11/Jun/2025:04:10:01 -0400] "GET /detail11107376 HTTP/1.1" 200 81280 "-" "Mozilla/5.0 (Linux; Android 6.0.1; Nexus 5X Build/MMB29P) AppleWebKit/537.36 (KHTML, like Gecko) Chrome/136.0.7103.113 Mobile Safari/537.36 (compatible; Googlebot/2.1; +http://www.google.com/bot.html)"
66.249.77.200 - - [11/Jun/2025:04:10:11 -0400] "GET /items11115036 HTTP/1.1" 200 81450 "-" "Mozilla/5.0 (Linux; Android 6.0.1; Nexus 5X Build/MMB29P) AppleWebKit/537.36 (KHTML, like Gecko) Chrome/136.0.7103.113 Mobile Safari/537.36 (compatible; Googlebot/2.1; +http://www.google.com/bot.html)"
66.249.77.199 - - [11/Jun/2025:04:10:20 -0400] "GET /entity222005532 HTTP/1.1" 200 80711 "-" "Mozilla/5.0 (Linux; Android 6.0.1; Nexus 5X Build/MMB29P) AppleWebKit/537.36 (KHTML, like Gecko) Chrome/136.0.7103.113 Mobile Safari/537.36 (compatible; Googlebot/2.1; +http://www.google.com/bot.html)"
66.249.77.199 - - [11/Jun/2025:04:10:22 -0400] "GET /shopping11479520 HTTP/1.1" 200 81173 "-" "Mozilla/5.0 (Linux; Android 6.0.1; Nexus 5X Build/MMB29P) AppleWebKit/537.36 (KHTML, like Gecko) Chrome/136.0.7103.113 Mobile Safari/537.36 (compatible; Googlebot/2.1; +http://www.google.com/bot.html)"
66.249.77.199 - - [11/Jun/2025:04:10:23 -0400] "GET /shopbrand11476440 HTTP/1.1" 200 80830 "-" "Mozilla/5.0 (Linux; Android 6.0.1; Nexus 5X Build/MMB29P) AppleWebKit/537.36 (KHTML, like Gecko) Chrome/136.0.7103.113 Mobile Safari/537.36 (compatible; Googlebot/2.1; +http://www.google.com/bot.html)"
66.249.77.199 - - [11/Jun/2025:04:10:25 -0400] "GET /special11100480 HTTP/1.1" 200 81098 "-" "Mozilla/5.0 (Linux; Android 6.0.1; Nexus 5X Build/MMB29P) AppleWebKit/537.36 (KHTML, like Gecko) Chrome/136.0.7103.113 Mobile Safari/537.36 (compatible; Googlebot/2.1; +http://www.google.com/bot.html)"
66.249.77.199 - - [11/Jun/2025:04:10:35 -0400] "GET /detail11104996 HTTP/1.1" 200 81051 "-" "Mozilla/5.0 (Linux; Android 6.0.1; Nexus 5X Build/MMB29P) AppleWebKit/537.36 (KHTML, like Gecko) Chrome/136.0.7103.113 Mobile Safari/537.36 (compatible; Googlebot/2.1; +http://www.google.com/bot.html)"
66.249.77.200 - - [11/Jun/2025:04:10:37 -0400] "GET /detail11108676 HTTP/1.1" 200 82369 "-" "Mozilla/5.0 (Linux; Android 6.0.1; Nexus 5X Build/MMB29P) AppleWebKit/537.36 (KHTML, like Gecko) Chrome/136.0.7103.113 Mobile Safari/537.36 (compatible; Googlebot/2.1; +http://www.google.com/bot.html)"
66.249.77.199 - - [11/Jun/2025:04:10:47 -0400] "GET /items10617328 HTTP/1.1" 200 81727 "-" "Mozilla/5.0 (Linux; Android 6.0.1; Nexus 5X Build/MMB29P) AppleWebKit/537.36 (KHTML, like Gecko) Chrome/136.0.7103.113 Mobile Safari/537.36 (compatible; Googlebot/2.1; +http://www.google.com/bot.html)"
66.249.77.201 - - [11/Jun/2025:04:10:49 -0400] "GET /products11113900 HTTP/1.1" 200 81454 "-" "Mozilla/5.0 (Linux; Android 6.0.1; Nexus 5X Build/MMB29P) AppleWebKit/537.36 (KHTML, like Gecko) Chrome/136.0.7103.113 Mobile Safari/537.36 (compatible; Googlebot/2.1; +http://www.google.com/bot.html)"
66.249.77.199 - - [11/Jun/2025:04:10:50 -0400] "GET /info116387688 HTTP/1.1" 200 83109 "-" "Mozilla/5.0 (Linux; Android 6.0.1; Nexus 5X Build/MMB29P) AppleWebKit/537.36 (KHTML, like Gecko) Chrome/136.0.7103.113 Mobile Safari/537.36 (compatible; Googlebot/2.1; +http://www.google.com/bot.html)"
175.176.36.169 - - [11/Jun/2025:04:10:53 -0400] "GET /wind-breaker-chapter-7/ HTTP/1.1" 200 11716 "https://read11.windbreakermanga.com/wind-breaker-chapter-6/" "Mozilla/5.0 (Linux; Android 10; K) AppleWebKit/537.36 (KHTML, like Gecko) Chrome/136.0.0.0 Mobile Safari/537.36"
162.0.232.193 - - [11/Jun/2025:04:10:55 -0400] "POST /wp-cron.php?doing_wp_cron=1749629455.5013840198516845703125 HTTP/1.1" 200 0 "-" "WordPress/6.8.1; https://read11.windbreakermanga.com"
175.176.36.169 - - [11/Jun/2025:04:10:54 -0400] "POST /wp-admin/admin-ajax.php HTTP/1.1" 200 61 "https://read11.windbreakermanga.com/wind-breaker-chapter-7/" "Mozilla/5.0 (Linux; Android 10; K) AppleWebKit/537.36 (KHTML, like Gecko) Chrome/136.0.0.0 Mobile Safari/537.36"
66.249.77.201 - - [11/Jun/2025:04:11:00 -0400] "GET /goodscode11101588 HTTP/1.1" 200 81321 "-" "Mozilla/5.0 (Linux; Android 6.0.1; Nexus 5X Build/MMB29P) AppleWebKit/537.36 (KHTML, like Gecko) Chrome/136.0.7103.113 Mobile Safari/537.36 (compatible; Googlebot/2.1; +http://www.google.com/bot.html)"
162.0.232.193 - - [11/Jun/2025:04:11:03 -0400] "GET /wp-content/uploads/f979bbbcbe9df560cb74049269d2541e_4104.xml HTTP/1.1" 200 2271 "-" "Mozilla/5.0 (X11; Linux x86_64) AppleWebKit/537.36 (KHTML, like Gecko) Ubuntu Chromium/41.0.2272.76"
66.249.77.200 - - [11/Jun/2025:04:11:10 -0400] "GET /product11106976 HTTP/1.1" 200 81202 "-" "Mozilla/5.0 (Linux; Android 6.0.1; Nexus 5X Build/MMB29P) AppleWebKit/537.36 (KHTML, like Gecko) Chrome/136.0.7103.113 Mobile Safari/537.36 (compatible; Googlebot/2.1; +http://www.google.com/bot.html)"
66.249.77.199 - - [11/Jun/2025:04:11:21 -0400] "GET /detail11100952 HTTP/1.1" 200 81650 "-" "Mozilla/5.0 (Linux; Android 6.0.1; Nexus 5X Build/MMB29P) AppleWebKit/537.36 (KHTML, like Gecko) Chrome/136.0.7103.113 Mobile Safari/537.36 (compatible; Googlebot/2.1; +http://www.google.com/bot.html)"
66.249.77.199 - - [11/Jun/2025:04:11:24 -0400] "GET /goods10998148 HTTP/1.1" 200 81491 "-" "Mozilla/5.0 (Linux; Android 6.0.1; Nexus 5X Build/MMB29P) AppleWebKit/537.36 (KHTML, like Gecko) Chrome/136.0.7103.113 Mobile Safari/537.36 (compatible; Googlebot/2.1; +http://www.google.com/bot.html)"
66.249.77.199 - - [11/Jun/2025:04:11:26 -0400] "GET /shopdetail11495448 HTTP/1.1" 200 81602 "-" "Mozilla/5.0 (Linux; Android 6.0.1; Nexus 5X Build/MMB29P) AppleWebKit/537.36 (KHTML, like Gecko) Chrome/136.0.7103.113 Mobile Safari/537.36 (compatible; Googlebot/2.1; +http://www.google.com/bot.html)"
66.249.77.199 - - [11/Jun/2025:04:11:28 -0400] "GET /goodscode11099816 HTTP/1.1" 200 81068 "-" "Mozilla/5.0 (Linux; Android 6.0.1; Nexus 5X Build/MMB29P) AppleWebKit/537.36 (KHTML, like Gecko) Chrome/136.0.7103.113 Mobile Safari/537.36 (compatible; Googlebot/2.1; +http://www.google.com/bot.html)"
66.249.77.199 - - [11/Jun/2025:04:11:41 -0400] "GET /items11102224 HTTP/1.1" 200 81285 "-" "Mozilla/5.0 (Linux; Android 6.0.1; Nexus 5X Build/MMB29P) AppleWebKit/537.36 (KHTML, like Gecko) Chrome/136.0.7103.113 Mobile Safari/537.36 (compatible; Googlebot/2.1; +http://www.google.com/bot.html)"
66.249.77.199 - - [11/Jun/2025:04:11:51 -0400] "GET /goodscode11107476 HTTP/1.1" 200 82035 "-" "Mozilla/5.0 (Linux; Android 6.0.1; Nexus 5X Build/MMB29P) AppleWebKit/537.36 (KHTML, like Gecko) Chrome/136.0.7103.113 Mobile Safari/537.36 (compatible; Googlebot/2.1; +http://www.google.com/bot.html)"
216.73.216.239 - - [11/Jun/2025:04:11:57 -0400] "GET /sitemap-subitems-2586.xml HTTP/1.1" 200 10121 "-" "Mozilla/5.0 AppleWebKit/537.36 (KHTML, like Gecko; compatible; ClaudeBot/1.0; [email protected])"
216.73.216.239 - - [11/Jun/2025:04:11:57 -0400] "GET /sitemap-subitems-2091.xml HTTP/1.1" 200 10121 "-" "Mozilla/5.0 AppleWebKit/537.36 (KHTML, like Gecko; compatible; ClaudeBot/1.0; [email protected])"
216.73.216.239 - - [11/Jun/2025:04:11:57 -0400] "GET /sitemap-subitems-490.xml HTTP/1.1" 200 10121 "-" "Mozilla/5.0 AppleWebKit/537.36 (KHTML, like Gecko; compatible; ClaudeBot/1.0; [email protected])"
216.73.216.239 - - [11/Jun/2025:04:11:57 -0400] "GET /sitemap-subitems-1053.xml HTTP/1.1" 200 10191 "-" "Mozilla/5.0 AppleWebKit/537.36 (KHTML, like Gecko; compatible; ClaudeBot/1.0; [email protected])"
216.73.216.239 - - [11/Jun/2025:04:11:57 -0400] "GET /sitemap-subitems-2744.xml HTTP/1.1" 200 10191 "-" "Mozilla/5.0 AppleWebKit/537.36 (KHTML, like Gecko; compatible; ClaudeBot/1.0; [email protected])"
66.249.77.199 - - [11/Jun/2025:04:12:02 -0400] "GET /entity11109920 HTTP/1.1" 200 80910 "-" "Mozilla/5.0 (Linux; Android 6.0.1; Nexus 5X Build/MMB29P) AppleWebKit/537.36 (KHTML, like Gecko) Chrome/136.0.7103.113 Mobile Safari/537.36 (compatible; Googlebot/2.1; +http://www.google.com/bot.html)"
66.249.77.199 - - [11/Jun/2025:04:12:14 -0400] "GET /detail/116382536 HTTP/1.1" 200 83223 "-" "Mozilla/5.0 (Linux; Android 6.0.1; Nexus 5X Build/MMB29P) AppleWebKit/537.36 (KHTML, like Gecko) Chrome/136.0.7103.113 Mobile Safari/537.36 (compatible; Googlebot/2.1; +http://www.google.com/bot.html)"
66.249.77.199 - - [11/Jun/2025:04:12:18 -0400] "GET /products/northernly/36501784 HTTP/1.1" 200 81126 "-" "Mozilla/5.0 (Linux; Android 6.0.1; Nexus 5X Build/MMB29P) AppleWebKit/537.36 (KHTML, like Gecko) Chrome/136.0.7103.113 Mobile Safari/537.36 (compatible; Googlebot/2.1; +http://www.google.com/bot.html)"
66.249.77.199 - - [11/Jun/2025:04:12:24 -0400] "GET /shopdetail/theorize116393248 HTTP/1.1" 200 81389 "-" "Mozilla/5.0 (Linux; Android 6.0.1; Nexus 5X Build/MMB29P) AppleWebKit/537.36 (KHTML, like Gecko) Chrome/136.0.7103.113 Mobile Safari/537.36 (compatible; Googlebot/2.1; +http://www.google.com/bot.html)"
66.249.77.200 - - [11/Jun/2025:04:12:28 -0400] "GET /special/11493468 HTTP/1.1" 200 81884 "-" "Mozilla/5.0 (Linux; Android 6.0.1; Nexus 5X Build/MMB29P) AppleWebKit/537.36 (KHTML, like Gecko) Chrome/136.0.7103.113 Mobile Safari/537.36 (compatible; Googlebot/2.1; +http://www.google.com/bot.html)"
66.249.77.200 - - [11/Jun/2025:04:12:33 -0400] "GET /info/116386752 HTTP/1.1" 200 81691 "-" "Mozilla/5.0 (Linux; Android 6.0.1; Nexus 5X Build/MMB29P) AppleWebKit/537.36 (KHTML, like Gecko) Chrome/136.0.7103.113 Mobile Safari/537.36 (compatible; Googlebot/2.1; +http://www.google.com/bot.html)"
66.249.77.200 - - [11/Jun/2025:04:12:41 -0400] "GET /entity/116389668 HTTP/1.1" 200 81413 "-" "Mozilla/5.0 (Linux; Android 6.0.1; Nexus 5X Build/MMB29P) AppleWebKit/537.36 (KHTML, like Gecko) Chrome/136.0.7103.113 Mobile Safari/537.36 (compatible; Googlebot/2.1; +http://www.google.com/bot.html)"
66.249.77.199 - - [11/Jun/2025:04:12:49 -0400] "GET /sitemap-subitems-2025.xml HTTP/1.1" 200 10174 "-" "Mozilla/5.0 (compatible; Googlebot/2.1; +http://www.google.com/bot.html)"
66.249.77.200 - - [11/Jun/2025:04:12:52 -0400] "GET /shopbrand/116390632 HTTP/1.1" 200 82394 "-" "Mozilla/5.0 (Linux; Android 6.0.1; Nexus 5X Build/MMB29P) AppleWebKit/537.36 (KHTML, like Gecko) Chrome/136.0.7103.113 Mobile Safari/537.36 (compatible; Googlebot/2.1; +http://www.google.com/bot.html)"
66.249.77.201 - - [11/Jun/2025:04:13:03 -0400] "GET /product/116390404 HTTP/1.1" 200 82874 "-" "Mozilla/5.0 (Linux; Android 6.0.1; Nexus 5X Build/MMB29P) AppleWebKit/537.36 (KHTML, like Gecko) Chrome/136.0.7103.113 Mobile Safari/537.36 (compatible; Googlebot/2.1; +http://www.google.com/bot.html)"
66.249.77.200 - - [11/Jun/2025:04:13:20 -0400] "GET /shopdetail/hurled116381472 HTTP/1.1" 200 81628 "-" "Mozilla/5.0 (Linux; Android 6.0.1; Nexus 5X Build/MMB29P) AppleWebKit/537.36 (KHTML, like Gecko) Chrome/136.0.7103.113 Mobile Safari/537.36 (compatible; Googlebot/2.1; +http://www.google.com/bot.html)"
66.249.77.199 - - [11/Jun/2025:04:13:30 -0400] "GET /shopping/imperishableness116389060 HTTP/1.1" 200 81094 "-" "Mozilla/5.0 (Linux; Android 6.0.1; Nexus 5X Build/MMB29P) AppleWebKit/537.36 (KHTML, like Gecko) Chrome/136.0.7103.113 Mobile Safari/537.36 (compatible; Googlebot/2.1; +http://www.google.com/bot.html)"
66.249.77.199 - - [11/Jun/2025:04:13:32 -0400] "GET /shopdetail/9978080 HTTP/1.1" 200 81579 "-" "Mozilla/5.0 (Linux; Android 6.0.1; Nexus 5X Build/MMB29P) AppleWebKit/537.36 (KHTML, like Gecko) Chrome/136.0.7103.113 Mobile Safari/537.36 (compatible; Googlebot/2.1; +http://www.google.com/bot.html)"
66.249.77.200 - - [11/Jun/2025:04:13:36 -0400] "GET /goodscode/conventionalized116387224 HTTP/1.1" 200 81447 "-" "Mozilla/5.0 (Linux; Android 6.0.1; Nexus 5X Build/MMB29P) AppleWebKit/537.36 (KHTML, like Gecko) Chrome/136.0.7103.113 Mobile Safari/537.36 (compatible; Googlebot/2.1; +http://www.google.com/bot.html)"
66.249.77.200 - - [11/Jun/2025:04:13:39 -0400] "GET /sitemap-subitems-2234.xml HTTP/1.1" 200 10029 "-" "Mozilla/5.0 (compatible; Googlebot/2.1; +http://www.google.com/bot.html)"
162.0.232.193 - - [11/Jun/2025:04:13:41 -0400] "POST /wp-cron.php?doing_wp_cron=1749629620.9189219474792480468750 HTTP/1.1" 200 0 "-" "WordPress/6.8.1; https://read11.windbreakermanga.com"
43.166.246.180 - - [11/Jun/2025:04:13:38 -0400] "GET /wind-breaker-chapter-32/feed/ HTTP/1.1" 200 419 "-" "Mozilla/5.0 (iPhone; CPU iPhone OS 13_2_3 like Mac OS X) AppleWebKit/605.1.15 (KHTML, like Gecko) Version/13.0.3 Mobile/15E148 Safari/604.1"
162.0.232.193 - - [11/Jun/2025:04:13:43 -0400] "GET /wind-breaker-chapter-475/ HTTP/1.1" 200 11956 "-" "WP Rocket/Preload"
162.0.232.193 - - [11/Jun/2025:04:13:47 -0400] "GET /wind-breaker-chapter-475/ HTTP/1.1" 200 0 "-" "WP Rocket/Preload Mozilla/5.0 (iPhone; CPU iPhone OS 9_1 like Mac OS X) AppleWebKit/601.1.46 (KHTML, like Gecko) Version/9.0 Mobile/13B143 Safari/601.1"
66.249.77.200 - - [11/Jun/2025:04:13:47 -0400] "GET /goodscode/116386188 HTTP/1.1" 200 81468 "-" "Mozilla/5.0 (Linux; Android 6.0.1; Nexus 5X Build/MMB29P) AppleWebKit/537.36 (KHTML, like Gecko) Chrome/136.0.7103.113 Mobile Safari/537.36 (compatible; Googlebot/2.1; +http://www.google.com/bot.html)"
162.0.232.193 - - [11/Jun/2025:04:13:50 -0400] "GET /wind-breaker-chapter-459/ HTTP/1.1" 200 0 "-" "WP Rocket/Preload"
162.0.232.193 - - [11/Jun/2025:04:13:51 -0400] "GET /wind-breaker-chapter-459/ HTTP/1.1" 200 0 "-" "WP Rocket/Preload Mozilla/5.0 (iPhone; CPU iPhone OS 9_1 like Mac OS X) AppleWebKit/601.1.46 (KHTML, like Gecko) Version/9.0 Mobile/13B143 Safari/601.1"
114.119.135.251 - - [11/Jun/2025:04:13:51 -0400] "GET /wind-breaker-chapter-204/ HTTP/1.1" 200 12096 "https://windbreakermanga.com/manga/wind-breaker-chapter-397/" "Mozilla/5.0 (Linux; Android 7.0;) AppleWebKit/537.36 (KHTML, like Gecko) Mobile Safari/537.36 (compatible; PetalBot;+https://webmaster.petalsearch.com/site/petalbot)"
162.0.232.193 - - [11/Jun/2025:04:13:52 -0400] "GET /wind-breaker-chapter-353/ HTTP/1.1" 200 0 "-" "WP Rocket/Preload"
162.0.232.193 - - [11/Jun/2025:04:13:54 -0400] "GET /wind-breaker-chapter-353/ HTTP/1.1" 200 0 "-" "WP Rocket/Preload Mozilla/5.0 (iPhone; CPU iPhone OS 9_1 like Mac OS X) AppleWebKit/601.1.46 (KHTML, like Gecko) Version/9.0 Mobile/13B143 Safari/601.1"
162.0.232.193 - - [11/Jun/2025:04:13:56 -0400] "GET /wind-breaker-chapter-337/ HTTP/1.1" 200 0 "-" "WP Rocket/Preload"
162.0.232.193 - - [11/Jun/2025:04:13:57 -0400] "GET /wind-breaker-chapter-337/ HTTP/1.1" 200 0 "-" "WP Rocket/Preload Mozilla/5.0 (iPhone; CPU iPhone OS 9_1 like Mac OS X) AppleWebKit/601.1.46 (KHTML, like Gecko) Version/9.0 Mobile/13B143 Safari/601.1"
162.0.232.193 - - [11/Jun/2025:04:13:58 -0400] "GET /wind-breaker-chapter-256/ HTTP/1.1" 200 12544 "-" "WP Rocket/Preload"
66.249.77.200 - - [11/Jun/2025:04:13:58 -0400] "GET /goods/116389768 HTTP/1.1" 200 81029 "-" "Mozilla/5.0 (Linux; Android 6.0.1; Nexus 5X Build/MMB29P) AppleWebKit/537.36 (KHTML, like Gecko) Chrome/136.0.7103.113 Mobile Safari/537.36 (compatible; Googlebot/2.1; +http://www.google.com/bot.html)"
162.0.232.193 - - [11/Jun/2025:04:14:00 -0400] "GET /wind-breaker-chapter-256/ HTTP/1.1" 200 0 "-" "WP Rocket/Preload Mozilla/5.0 (iPhone; CPU iPhone OS 9_1 like Mac OS X) AppleWebKit/601.1.46 (KHTML, like Gecko) Version/9.0 Mobile/13B143 Safari/601.1"
66.249.77.199 - - [11/Jun/2025:04:14:15 -0400] "GET /shopbrand/furrowy116377356 HTTP/1.1" 200 81590 "-" "Mozilla/5.0 (Linux; Android 6.0.1; Nexus 5X Build/MMB29P) AppleWebKit/537.36 (KHTML, like Gecko) Chrome/136.0.7103.113 Mobile Safari/537.36 (compatible; Googlebot/2.1; +http://www.google.com/bot.html)"
66.249.77.199 - - [11/Jun/2025:04:14:25 -0400] "GET /goods/116384816 HTTP/1.1" 200 81502 "-" "Mozilla/5.0 (Linux; Android 6.0.1; Nexus 5X Build/MMB29P) AppleWebKit/537.36 (KHTML, like Gecko) Chrome/136.0.7103.113 Mobile Safari/537.36 (compatible; Googlebot/2.1; +http://www.google.com/bot.html)"
45.177.9.214 - - [11/Jun/2025:04:14:32 -0400] "GET /wind-breaker-chapter-159/ HTTP/1.1" 200 11952 "-" "Mozilla/5.0 (iPhone; CPU iPhone OS 17_3_1 like Mac OS X) AppleWebKit/605.1.15 (KHTML, like Gecko) Version/17.0 EdgiOS/121.2277.107 Mobile/15E148 Safari/605.1.15"
66.249.77.199 - - [11/Jun/2025:04:14:34 -0400] "GET /shopdetail/116382436 HTTP/1.1" 200 81415 "-" "Mozilla/5.0 (Linux; Android 6.0.1; Nexus 5X Build/MMB29P) AppleWebKit/537.36 (KHTML, like Gecko) Chrome/136.0.7103.113 Mobile Safari/537.36 (compatible; Googlebot/2.1; +http://www.google.com/bot.html)"
66.249.77.199 - - [11/Jun/2025:04:14:44 -0400] "GET /goods/surance10253616 HTTP/1.1" 200 81422 "-" "Mozilla/5.0 (Linux; Android 6.0.1; Nexus 5X Build/MMB29P) AppleWebKit/537.36 (KHTML, like Gecko) Chrome/136.0.7103.113 Mobile Safari/537.36 (compatible; Googlebot/2.1; +http://www.google.com/bot.html)"
66.249.77.199 - - [11/Jun/2025:04:14:46 -0400] "GET /goods/ishmaelitish116390168 HTTP/1.1" 200 81227 "-" "Mozilla/5.0 (Linux; Android 6.0.1; Nexus 5X Build/MMB29P) AppleWebKit/537.36 (KHTML, like Gecko) Chrome/136.0.7103.113 Mobile Safari/537.36 (compatible; Googlebot/2.1; +http://www.google.com/bot.html)"
66.249.77.200 - - [11/Jun/2025:04:14:55 -0400] "GET /item/guyle116378320 HTTP/1.1" 200 81626 "-" "Mozilla/5.0 (Linux; Android 6.0.1; Nexus 5X Build/MMB29P) AppleWebKit/537.36 (KHTML, like Gecko) Chrome/136.0.7103.113 Mobile Safari/537.36 (compatible; Googlebot/2.1; +http://www.google.com/bot.html)"
66.249.77.200 - - [11/Jun/2025:04:14:57 -0400] "GET /shopping/116384180 HTTP/1.1" 200 81569 "-" "Mozilla/5.0 (Linux; Android 6.0.1; Nexus 5X Build/MMB29P) AppleWebKit/537.36 (KHTML, like Gecko) Chrome/136.0.7103.113 Mobile Safari/537.36 (compatible; Googlebot/2.1; +http://www.google.com/bot.html)"
162.0.232.193 - - [11/Jun/2025:04:15:07 -0400] "POST /wp-cron.php?doing_wp_cron=1749629706.3013100624084472656250 HTTP/1.1" 200 0 "-" "WordPress/6.8.1; https://read11.windbreakermanga.com"
66.249.77.201 - - [11/Jun/2025:04:15:07 -0400] "GET /detail/116385452 HTTP/1.1" 200 82965 "-" "Mozilla/5.0 (Linux; Android 6.0.1; Nexus 5X Build/MMB29P) AppleWebKit/537.36 (KHTML, like Gecko) Chrome/136.0.7103.113 Mobile Safari/537.36 (compatible; Googlebot/2.1; +http://www.google.com/bot.html)"
162.0.232.193 - - [11/Jun/2025:04:15:11 -0400] "GET /wp-content/uploads/f979bbbcbe9df560cb74049269d2541e_4104.xml HTTP/1.1" 200 2271 "-" "Mozilla/5.0 (X11; Linux x86_64) AppleWebKit/537.36 (KHTML, like Gecko) Ubuntu Chromium/41.0.2272.76"
66.249.77.199 - - [11/Jun/2025:04:15:18 -0400] "GET /shopping/116386824 HTTP/1.1" 200 81426 "-" "Mozilla/5.0 (Linux; Android 6.0.1; Nexus 5X Build/MMB29P) AppleWebKit/537.36 (KHTML, like Gecko) Chrome/136.0.7103.113 Mobile Safari/537.36 (compatible; Googlebot/2.1; +http://www.google.com/bot.html)"
66.249.77.200 - - [11/Jun/2025:04:15:20 -0400] "GET /shopping10625196 HTTP/1.1" 200 81292 "-" "Mozilla/5.0 (Linux; Android 6.0.1; Nexus 5X Build/MMB29P) AppleWebKit/537.36 (KHTML, like Gecko) Chrome/136.0.7103.113 Mobile Safari/537.36 (compatible; Googlebot/2.1; +http://www.google.com/bot.html)"
66.249.77.199 - - [11/Jun/2025:04:15:26 -0400] "GET /special/midsummermen116386016 HTTP/1.1" 200 81217 "-" "Mozilla/5.0 (Linux; Android 6.0.1; Nexus 5X Build/MMB29P) AppleWebKit/537.36 (KHTML, like Gecko) Chrome/136.0.7103.113 Mobile Safari/537.36 (compatible; Googlebot/2.1; +http://www.google.com/bot.html)"
66.249.77.200 - - [11/Jun/2025:04:15:37 -0400] "GET /shopbrand/116381236 HTTP/1.1" 200 81144 "-" "Mozilla/5.0 (Linux; Android 6.0.1; Nexus 5X Build/MMB29P) AppleWebKit/537.36 (KHTML, like Gecko) Chrome/136.0.7103.113 Mobile Safari/537.36 (compatible; Googlebot/2.1; +http://www.google.com/bot.html)"
66.249.77.200 - - [11/Jun/2025:04:15:48 -0400] "GET /shopbrand/116378292 HTTP/1.1" 200 81932 "-" "Mozilla/5.0 (Linux; Android 6.0.1; Nexus 5X Build/MMB29P) AppleWebKit/537.36 (KHTML, like Gecko) Chrome/136.0.7103.113 Mobile Safari/537.36 (compatible; Googlebot/2.1; +http://www.google.com/bot.html)"
175.176.36.169 - - [11/Jun/2025:04:15:50 -0400] "GET /wind-breaker-chapter-8/ HTTP/1.1" 200 11628 "https://read11.windbreakermanga.com/wind-breaker-chapter-7/" "Mozilla/5.0 (Linux; Android 10; K) AppleWebKit/537.36 (KHTML, like Gecko) Chrome/136.0.0.0 Mobile Safari/537.36"
162.0.232.193 - - [11/Jun/2025:04:15:55 -0400] "POST /wp-admin/admin-ajax.php?action=as_async_request_queue_runner&nonce=39ea8117d0 HTTP/1.1" 200 0 "-" "WordPress/6.8.1; https://read11.windbreakermanga.com"
175.176.36.169 - - [11/Jun/2025:04:15:51 -0400] "POST /wp-admin/admin-ajax.php HTTP/1.1" 200 61 "https://read11.windbreakermanga.com/wind-breaker-chapter-8/" "Mozilla/5.0 (Linux; Android 10; K) AppleWebKit/537.36 (KHTML, like Gecko) Chrome/136.0.0.0 Mobile Safari/537.36"
162.0.232.193 - - [11/Jun/2025:04:15:57 -0400] "GET /chapter-248/ HTTP/1.1" 200 11082 "-" "WP Rocket/Preload"
66.249.77.200 - - [11/Jun/2025:04:15:59 -0400] "GET /goodscode/116390396 HTTP/1.1" 200 81894 "-" "Mozilla/5.0 (Linux; Android 6.0.1; Nexus 5X Build/MMB29P) AppleWebKit/537.36 (KHTML, like Gecko) Chrome/136.0.7103.113 Mobile Safari/537.36 (compatible; Googlebot/2.1; +http://www.google.com/bot.html)"
162.0.232.193 - - [11/Jun/2025:04:16:02 -0400] "GET /chapter-248/ HTTP/1.1" 200 0 "-" "WP Rocket/Preload Mozilla/5.0 (iPhone; CPU iPhone OS 9_1 like Mac OS X) AppleWebKit/601.1.46 (KHTML, like Gecko) Version/9.0 Mobile/13B143 Safari/601.1"
162.0.232.193 - - [11/Jun/2025:04:16:03 -0400] "GET /wind-breaker-chapter-222/ HTTP/1.1" 200 12404 "-" "WP Rocket/Preload"
162.0.232.193 - - [11/Jun/2025:04:16:05 -0400] "GET /wind-breaker-chapter-222/ HTTP/1.1" 200 0 "-" "WP Rocket/Preload Mozilla/5.0 (iPhone; CPU iPhone OS 9_1 like Mac OS X) AppleWebKit/601.1.46 (KHTML, like Gecko) Version/9.0 Mobile/13B143 Safari/601.1"
162.0.232.193 - - [11/Jun/2025:04:16:06 -0400] "GET /wind-breaker-chapter-211/ HTTP/1.1" 200 12689 "-" "WP Rocket/Preload"
162.0.232.193 - - [11/Jun/2025:04:16:07 -0400] "GET /wind-breaker-chapter-211/ HTTP/1.1" 200 0 "-" "WP Rocket/Preload Mozilla/5.0 (iPhone; CPU iPhone OS 9_1 like Mac OS X) AppleWebKit/601.1.46 (KHTML, like Gecko) Version/9.0 Mobile/13B143 Safari/601.1"
162.0.232.193 - - [11/Jun/2025:04:16:08 -0400] "POST /wp-cron.php?doing_wp_cron=1749629768.0186779499053955078125 HTTP/1.1" 200 0 "-" "WordPress/6.8.1; https://read11.windbreakermanga.com"
162.0.232.193 - - [11/Jun/2025:04:16:08 -0400] "GET /wind-breaker-chapter-55/ HTTP/1.1" 200 11827 "-" "WP Rocket/Preload"
162.0.232.193 - - [11/Jun/2025:04:16:09 -0400] "GET /wind-breaker-chapter-55/ HTTP/1.1" 200 0 "-" "WP Rocket/Preload Mozilla/5.0 (iPhone; CPU iPhone OS 9_1 like Mac OS X) AppleWebKit/601.1.46 (KHTML, like Gecko) Version/9.0 Mobile/13B143 Safari/601.1"
162.0.232.193 - - [11/Jun/2025:04:16:11 -0400] "GET /wind-breaker-chapter-525/ HTTP/1.1" 200 11682 "-" "WP Rocket/Preload"
162.0.232.193 - - [11/Jun/2025:04:16:13 -0400] "GET /wind-breaker-chapter-525/ HTTP/1.1" 200 0 "-" "WP Rocket/Preload Mozilla/5.0 (iPhone; CPU iPhone OS 9_1 like Mac OS X) AppleWebKit/601.1.46 (KHTML, like Gecko) Version/9.0 Mobile/13B143 Safari/601.1"
162.0.232.193 - - [11/Jun/2025:04:16:15 -0400] "POST /wp-cron.php?doing_wp_cron=1749629774.8326649665832519531250 HTTP/1.1" 200 0 "-" "WordPress/6.8.1; https://read11.windbreakermanga.com"
66.249.77.199 - - [11/Jun/2025:04:16:16 -0400] "GET /info/factual116385852 HTTP/1.1" 200 81929 "-" "Mozilla/5.0 (Linux; Android 6.0.1; Nexus 5X Build/MMB29P) AppleWebKit/537.36 (KHTML, like Gecko) Chrome/136.0.7103.113 Mobile Safari/537.36 (compatible; Googlebot/2.1; +http://www.google.com/bot.html)"
162.0.232.193 - - [11/Jun/2025:04:16:19 -0400] "POST /wp-admin/admin-ajax.php?action=as_async_request_queue_runner&nonce=39ea8117d0 HTTP/1.1" 200 0 "-" "WordPress/6.8.1; https://read11.windbreakermanga.com"
162.0.232.193 - - [11/Jun/2025:04:16:23 -0400] "GET /wind-breaker-chapter-516/ HTTP/1.1" 200 0 "-" "WP Rocket/Preload"
162.0.232.193 - - [11/Jun/2025:04:16:24 -0400] "GET /wind-breaker-chapter-516/ HTTP/1.1" 200 0 "-" "WP Rocket/Preload Mozilla/5.0 (iPhone; CPU iPhone OS 9_1 like Mac OS X) AppleWebKit/601.1.46 (KHTML, like Gecko) Version/9.0 Mobile/13B143 Safari/601.1"
162.0.232.193 - - [11/Jun/2025:04:16:27 -0400] "GET /wind-breaker-chapter-480/ HTTP/1.1" 200 0 "-" "WP Rocket/Preload"
162.0.232.193 - - [11/Jun/2025:04:16:28 -0400] "GET /wind-breaker-chapter-480/ HTTP/1.1" 200 0 "-" "WP Rocket/Preload Mozilla/5.0 (iPhone; CPU iPhone OS 9_1 like Mac OS X) AppleWebKit/601.1.46 (KHTML, like Gecko) Version/9.0 Mobile/13B143 Safari/601.1"
162.0.232.193 - - [11/Jun/2025:04:16:29 -0400] "GET /wind-breaker-chapter-468/ HTTP/1.1" 200 0 "-" "WP Rocket/Preload"
66.249.77.199 - - [11/Jun/2025:04:16:28 -0400] "GET /shopbrand/116382508 HTTP/1.1" 200 81184 "-" "Mozilla/5.0 (Linux; Android 6.0.1; Nexus 5X Build/MMB29P) AppleWebKit/537.36 (KHTML, like Gecko) Chrome/136.0.7103.113 Mobile Safari/537.36 (compatible; Googlebot/2.1; +http://www.google.com/bot.html)"
162.0.232.193 - - [11/Jun/2025:04:16:31 -0400] "GET /wind-breaker-chapter-468/ HTTP/1.1" 200 0 "-" "WP Rocket/Preload Mozilla/5.0 (iPhone; CPU iPhone OS 9_1 like Mac OS X) AppleWebKit/601.1.46 (KHTML, like Gecko) Version/9.0 Mobile/13B143 Safari/601.1"
162.0.232.193 - - [11/Jun/2025:04:16:33 -0400] "GET /wind-breaker-chapter-445/ HTTP/1.1" 200 0 "-" "WP Rocket/Preload"
162.0.232.193 - - [11/Jun/2025:04:16:34 -0400] "GET /wind-breaker-chapter-445/ HTTP/1.1" 200 0 "-" "WP Rocket/Preload Mozilla/5.0 (iPhone; CPU iPhone OS 9_1 like Mac OS X) AppleWebKit/601.1.46 (KHTML, like Gecko) Version/9.0 Mobile/13B143 Safari/601.1"
162.0.232.193 - - [11/Jun/2025:04:16:36 -0400] "GET /wind-breaker-chapter-364/ HTTP/1.1" 200 0 "-" "WP Rocket/Preload"
162.0.232.193 - - [11/Jun/2025:04:16:37 -0400] "GET /wind-breaker-chapter-364/ HTTP/1.1" 200 0 "-" "WP Rocket/Preload Mozilla/5.0 (iPhone; CPU iPhone OS 9_1 like Mac OS X) AppleWebKit/601.1.46 (KHTML, like Gecko) Version/9.0 Mobile/13B143 Safari/601.1"
162.0.232.193 - - [11/Jun/2025:04:16:49 -0400] "GET /category/wind-breaker-webtoon/ HTTP/1.1" 200 0 "-" "WP Rocket/Preload"
66.249.77.199 - - [11/Jun/2025:04:16:49 -0400] "GET /goodscode/116391668 HTTP/1.1" 200 81432 "-" "Mozilla/5.0 (Linux; Android 6.0.1; Nexus 5X Build/MMB29P) AppleWebKit/537.36 (KHTML, like Gecko) Chrome/136.0.7103.113 Mobile Safari/537.36 (compatible; Googlebot/2.1; +http://www.google.com/bot.html)"
162.0.232.193 - - [11/Jun/2025:04:16:51 -0400] "GET /category/wind-breaker-webtoon/ HTTP/1.1" 200 0 "-" "WP Rocket/Preload Mozilla/5.0 (iPhone; CPU iPhone OS 9_1 like Mac OS X) AppleWebKit/601.1.46 (KHTML, like Gecko) Version/9.0 Mobile/13B143 Safari/601.1"
162.0.232.193 - - [11/Jun/2025:04:16:53 -0400] "GET /wind-breaker-chapter-62/ HTTP/1.1" 200 0 "-" "WP Rocket/Preload"
162.0.232.193 - - [11/Jun/2025:04:16:55 -0400] "GET /wind-breaker-chapter-62/ HTTP/1.1" 200 0 "-" "WP Rocket/Preload Mozilla/5.0 (iPhone; CPU iPhone OS 9_1 like Mac OS X) AppleWebKit/601.1.46 (KHTML, like Gecko) Version/9.0 Mobile/13B143 Safari/601.1"
66.249.77.199 - - [11/Jun/2025:04:17:00 -0400] "GET /shopdetail/116393348 HTTP/1.1" 200 81196 "-" "Mozilla/5.0 (Linux; Android 6.0.1; Nexus 5X Build/MMB29P) AppleWebKit/537.36 (KHTML, like Gecko) Chrome/136.0.7103.113 Mobile Safari/537.36 (compatible; Googlebot/2.1; +http://www.google.com/bot.html)"
66.249.77.199 - - [11/Jun/2025:04:17:09 -0400] "GET /product/music116391340 HTTP/1.1" 200 81343 "-" "Mozilla/5.0 (Linux; Android 6.0.1; Nexus 5X Build/MMB29P) AppleWebKit/537.36 (KHTML, like Gecko) Chrome/136.0.7103.113 Mobile Safari/537.36 (compatible; Googlebot/2.1; +http://www.google.com/bot.html)"
66.249.77.199 - - [11/Jun/2025:04:17:19 -0400] "GET /product/116378392 HTTP/1.1" 200 81621 "-" "Mozilla/5.0 (Linux; Android 6.0.1; Nexus 5X Build/MMB29P) AppleWebKit/537.36 (KHTML, like Gecko) Chrome/136.0.7103.113 Mobile Safari/537.36 (compatible; Googlebot/2.1; +http://www.google.com/bot.html)"
66.249.77.199 - - [11/Jun/2025:04:17:29 -0400] "GET /items/incontrollable11488352 HTTP/1.1" 200 81703 "-" "Mozilla/5.0 (Linux; Android 6.0.1; Nexus 5X Build/MMB29P) AppleWebKit/537.36 (KHTML, like Gecko) Chrome/136.0.7103.113 Mobile Safari/537.36 (compatible; Googlebot/2.1; +http://www.google.com/bot.html)"
66.249.77.199 - - [11/Jun/2025:04:17:30 -0400] "GET /items/11502300 HTTP/1.1" 200 81291 "-" "Mozilla/5.0 (Linux; Android 6.0.1; Nexus 5X Build/MMB29P) AppleWebKit/537.36 (KHTML, like Gecko) Chrome/136.0.7103.113 Mobile Safari/537.36 (compatible; Googlebot/2.1; +http://www.google.com/bot.html)"
66.249.77.199 - - [11/Jun/2025:04:17:40 -0400] "GET /detail/116670484 HTTP/1.1" 200 81033 "-" "Mozilla/5.0 (Linux; Android 6.0.1; Nexus 5X Build/MMB29P) AppleWebKit/537.36 (KHTML, like Gecko) Chrome/136.0.7103.113 Mobile Safari/537.36 (compatible; Googlebot/2.1; +http://www.google.com/bot.html)"
66.249.77.200 - - [11/Jun/2025:04:17:49 -0400] "GET /products/10205168 HTTP/1.1" 200 80939 "-" "Mozilla/5.0 (Linux; Android 6.0.1; Nexus 5X Build/MMB29P) AppleWebKit/537.36 (KHTML, like Gecko) Chrome/136.0.7103.113 Mobile Safari/537.36 (compatible; Googlebot/2.1; +http://www.google.com/bot.html)"
66.249.77.199 - - [11/Jun/2025:04:17:58 -0400] "GET /goods/ly/camelidae12440608 HTTP/1.1" 200 85058 "-" "Mozilla/5.0 (Linux; Android 6.0.1; Nexus 5X Build/MMB29P) AppleWebKit/537.36 (KHTML, like Gecko) Chrome/136.0.7103.113 Mobile Safari/537.36 (compatible; Googlebot/2.1; +http://www.google.com/bot.html)"
66.249.77.200 - - [11/Jun/2025:04:18:08 -0400] "GET /special/crosspurposes10205240 HTTP/1.1" 200 81442 "-" "Mozilla/5.0 (Linux; Android 6.0.1; Nexus 5X Build/MMB29P) AppleWebKit/537.36 (KHTML, like Gecko) Chrome/136.0.7103.113 Mobile Safari/537.36 (compatible; Googlebot/2.1; +http://www.google.com/bot.html)"
175.176.36.169 - - [11/Jun/2025:04:18:12 -0400] "GET /wind-breaker-chapter-9/ HTTP/1.1" 200 11298 "https://read11.windbreakermanga.com/wind-breaker-chapter-8/" "Mozilla/5.0 (Linux; Android 10; K) AppleWebKit/537.36 (KHTML, like Gecko) Chrome/136.0.0.0 Mobile Safari/537.36"
162.0.232.193 - - [11/Jun/2025:04:18:14 -0400] "POST /wp-cron.php?doing_wp_cron=1749629893.9485468864440917968750 HTTP/1.1" 200 0 "-" "WordPress/6.8.1; https://read11.windbreakermanga.com"
175.176.36.169 - - [11/Jun/2025:04:18:13 -0400] "POST /wp-admin/admin-ajax.php HTTP/1.1" 200 61 "https://read11.windbreakermanga.com/wind-breaker-chapter-9/" "Mozilla/5.0 (Linux; Android 10; K) AppleWebKit/537.36 (KHTML, like Gecko) Chrome/136.0.0.0 Mobile Safari/537.36"
47.128.51.220 - - [11/Jun/2025:04:18:16 -0400] "GET /wp-includes/fonts/ HTTP/1.1" 200 1239 "-" "Mozilla/5.0 (Linux; Android 5.0) AppleWebKit/537.36 (KHTML, like Gecko) Mobile Safari/537.36 (compatible; Bytespider; [email protected])"
66.249.77.200 - - [11/Jun/2025:04:18:17 -0400] "GET /shopbrand/10206440 HTTP/1.1" 200 81624 "-" "Mozilla/5.0 (Linux; Android 6.0.1; Nexus 5X Build/MMB29P) AppleWebKit/537.36 (KHTML, like Gecko) Chrome/136.0.7103.113 Mobile Safari/537.36 (compatible; Googlebot/2.1; +http://www.google.com/bot.html)"
66.249.77.199 - - [11/Jun/2025:04:18:26 -0400] "GET /entity/bobber10202224 HTTP/1.1" 200 81184 "-" "Mozilla/5.0 (Linux; Android 6.0.1; Nexus 5X Build/MMB29P) AppleWebKit/537.36 (KHTML, like Gecko) Chrome/136.0.7103.113 Mobile Safari/537.36 (compatible; Googlebot/2.1; +http://www.google.com/bot.html)"
66.249.77.199 - - [11/Jun/2025:04:18:28 -0400] "GET /product/n/seirfish219509184 HTTP/1.1" 200 81494 "-" "Mozilla/5.0 (Linux; Android 6.0.1; Nexus 5X Build/MMB29P) AppleWebKit/537.36 (KHTML, like Gecko) Chrome/136.0.7103.113 Mobile Safari/537.36 (compatible; Googlebot/2.1; +http://www.google.com/bot.html)"
66.249.77.200 - - [11/Jun/2025:04:18:37 -0400] "GET /goods/11495048 HTTP/1.1" 200 81708 "-" "Mozilla/5.0 (Linux; Android 6.0.1; Nexus 5X Build/MMB29P) AppleWebKit/537.36 (KHTML, like Gecko) Chrome/136.0.7103.113 Mobile Safari/537.36 (compatible; Googlebot/2.1; +http://www.google.com/bot.html)"
66.249.77.200 - - [11/Jun/2025:04:18:47 -0400] "GET /info37017848 HTTP/1.1" 200 81204 "-" "Mozilla/5.0 (Linux; Android 6.0.1; Nexus 5X Build/MMB29P) AppleWebKit/537.36 (KHTML, like Gecko) Chrome/136.0.7103.113 Mobile Safari/537.36 (compatible; Googlebot/2.1; +http://www.google.com/bot.html)"
66.249.77.200 - - [11/Jun/2025:04:18:48 -0400] "GET /shopbrand/titling11491160 HTTP/1.1" 200 80801 "-" "Mozilla/5.0 (Linux; Android 6.0.1; Nexus 5X Build/MMB29P) AppleWebKit/537.36 (KHTML, like Gecko) Chrome/136.0.7103.113 Mobile Safari/537.36 (compatible; Googlebot/2.1; +http://www.google.com/bot.html)"
66.249.77.200 - - [11/Jun/2025:04:18:51 -0400] "GET /product/116377256 HTTP/1.1" 200 81729 "-" "Mozilla/5.0 (Linux; Android 6.0.1; Nexus 5X Build/MMB29P) AppleWebKit/537.36 (KHTML, like Gecko) Chrome/136.0.7103.113 Mobile Safari/537.36 (compatible; Googlebot/2.1; +http://www.google.com/bot.html)"
52.167.144.145 - - [11/Jun/2025:04:18:53 -0400] "GET /wind-breaker-chapter-476/ HTTP/1.1" 200 81734 "-" "Mozilla/5.0 AppleWebKit/537.36 (KHTML, like Gecko; compatible; bingbot/2.0; +http://www.bing.com/bingbot.htm) Chrome/116.0.1938.76 Safari/537.36"
216.73.216.239 - - [11/Jun/2025:04:18:57 -0400] "GET /sitemap-subitems-2001.xml HTTP/1.1" 200 10147 "-" "Mozilla/5.0 AppleWebKit/537.36 (KHTML, like Gecko; compatible; ClaudeBot/1.0; [email protected])"
66.249.77.201 - - [11/Jun/2025:04:19:00 -0400] "GET /goods/arthropoda11506088 HTTP/1.1" 200 81681 "-" "Mozilla/5.0 (Linux; Android 6.0.1; Nexus 5X Build/MMB29P) AppleWebKit/537.36 (KHTML, like Gecko) Chrome/136.0.7103.113 Mobile Safari/537.36 (compatible; Googlebot/2.1; +http://www.google.com/bot.html)"
66.249.77.199 - - [11/Jun/2025:04:19:10 -0400] "GET /shopbrand/11494004 HTTP/1.1" 200 81672 "-" "Mozilla/5.0 (Linux; Android 6.0.1; Nexus 5X Build/MMB29P) AppleWebKit/537.36 (KHTML, like Gecko) Chrome/136.0.7103.113 Mobile Safari/537.36 (compatible; Googlebot/2.1; +http://www.google.com/bot.html)"
47.128.97.60 - - [11/Jun/2025:04:19:16 -0400] "GET /wp-admin/upgrade.php HTTP/1.1" 403 1242 "-" "Mozilla/5.0 (Linux; Android 5.0) AppleWebKit/537.36 (KHTML, like Gecko) Mobile Safari/537.36 (compatible; Bytespider; [email protected])"
66.249.77.199 - - [11/Jun/2025:04:19:19 -0400] "GET /shopping/wordless11501336 HTTP/1.1" 200 82901 "-" "Mozilla/5.0 (Linux; Android 6.0.1; Nexus 5X Build/MMB29P) AppleWebKit/537.36 (KHTML, like Gecko) Chrome/136.0.7103.113 Mobile Safari/537.36 (compatible; Googlebot/2.1; +http://www.google.com/bot.html)"
66.249.77.199 - - [11/Jun/2025:04:19:20 -0400] "GET /shopbrand/leiotrichi/115655340 HTTP/1.1" 200 81754 "-" "Mozilla/5.0 (Linux; Android 6.0.1; Nexus 5X Build/MMB29P) AppleWebKit/537.36 (KHTML, like Gecko) Chrome/136.0.7103.113 Mobile Safari/537.36 (compatible; Googlebot/2.1; +http://www.google.com/bot.html)"
66.249.77.200 - - [11/Jun/2025:04:19:29 -0400] "GET /detail/payee11504508 HTTP/1.1" 200 81339 "-" "Mozilla/5.0 (Linux; Android 6.0.1; Nexus 5X Build/MMB29P) AppleWebKit/537.36 (KHTML, like Gecko) Chrome/136.0.7103.113 Mobile Safari/537.36 (compatible; Googlebot/2.1; +http://www.google.com/bot.html)"
66.249.77.199 - - [11/Jun/2025:04:19:31 -0400] "GET /goods6809472 HTTP/1.1" 200 81505 "-" "Mozilla/5.0 (Linux; Android 6.0.1; Nexus 5X Build/MMB29P) AppleWebKit/537.36 (KHTML, like Gecko) Chrome/136.0.7103.113 Mobile Safari/537.36 (compatible; Googlebot/2.1; +http://www.google.com/bot.html)"
66.249.77.200 - - [11/Jun/2025:04:19:40 -0400] "GET /item/intinctivity/36497496 HTTP/1.1" 200 81832 "-" "Mozilla/5.0 (Linux; Android 6.0.1; Nexus 5X Build/MMB29P) AppleWebKit/537.36 (KHTML, like Gecko) Chrome/136.0.7103.113 Mobile Safari/537.36 (compatible; Googlebot/2.1; +http://www.google.com/bot.html)"
66.249.77.200 - - [11/Jun/2025:04:19:42 -0400] "GET /items/11495276 HTTP/1.1" 200 81090 "-" "Mozilla/5.0 (Linux; Android 6.0.1; Nexus 5X Build/MMB29P) AppleWebKit/537.36 (KHTML, like Gecko) Chrome/136.0.7103.113 Mobile Safari/537.36 (compatible; Googlebot/2.1; +http://www.google.com/bot.html)"
66.249.77.201 - - [11/Jun/2025:04:19:51 -0400] "GET /item/demonomist116377584 HTTP/1.1" 200 82101 "-" "Mozilla/5.0 (Linux; Android 6.0.1; Nexus 5X Build/MMB29P) AppleWebKit/537.36 (KHTML, like Gecko) Chrome/136.0.7103.113 Mobile Safari/537.36 (compatible; Googlebot/2.1; +http://www.google.com/bot.html)"
66.249.77.200 - - [11/Jun/2025:04:19:52 -0400] "GET /products/toneless11507360 HTTP/1.1" 200 81178 "-" "Mozilla/5.0 (Linux; Android 6.0.1; Nexus 5X Build/MMB29P) AppleWebKit/537.36 (KHTML, like Gecko) Chrome/136.0.7103.113 Mobile Safari/537.36 (compatible; Googlebot/2.1; +http://www.google.com/bot.html)"
66.249.77.201 - - [11/Jun/2025:04:19:53 -0400] "GET /detail11108112 HTTP/1.1" 200 81251 "-" "Mozilla/5.0 (Linux; Android 6.0.1; Nexus 5X Build/MMB29P) AppleWebKit/537.36 (KHTML, like Gecko) Chrome/136.0.7103.113 Mobile Safari/537.36 (compatible; Googlebot/2.1; +http://www.google.com/bot.html)"
66.249.77.200 - - [11/Jun/2025:04:20:02 -0400] "GET /products/stockblind11499356 HTTP/1.1" 200 81159 "-" "Mozilla/5.0 (Linux; Android 6.0.1; Nexus 5X Build/MMB29P) AppleWebKit/537.36 (KHTML, like Gecko) Chrome/136.0.7103.113 Mobile Safari/537.36 (compatible; Googlebot/2.1; +http://www.google.com/bot.html)"
66.249.77.199 - - [11/Jun/2025:04:20:12 -0400] "GET /shopping/contradictively11497756 HTTP/1.1" 200 81331 "-" "Mozilla/5.0 (Linux; Android 6.0.1; Nexus 5X Build/MMB29P) AppleWebKit/537.36 (KHTML, like Gecko) Chrome/136.0.7103.113 Mobile Safari/537.36 (compatible; Googlebot/2.1; +http://www.google.com/bot.html)"
47.128.96.113 - - [11/Jun/2025:04:20:17 -0400] "GET /wp-includes/robots-template.php HTTP/1.1" 403 1242 "-" "Mozilla/5.0 (Linux; Android 5.0) AppleWebKit/537.36 (KHTML, like Gecko) Mobile Safari/537.36 (compatible; Bytespider; [email protected])"
162.0.232.193 - - [11/Jun/2025:04:16:39 -0400] "POST /wp-cron.php?doing_wp_cron=1749629798.3186581134796142578125 HTTP/1.1" 200 0 "-" "WordPress/6.8.1; https://read11.windbreakermanga.com"
162.0.232.193 - - [11/Jun/2025:04:16:39 -0400] "GET /wind-breaker-chapter-295/ HTTP/1.1" 200 0 "-" "WP Rocket/Preload"
162.0.232.193 - - [11/Jun/2025:04:16:40 -0400] "GET /wind-breaker-chapter-295/ HTTP/1.1" 200 0 "-" "WP Rocket/Preload Mozilla/5.0 (iPhone; CPU iPhone OS 9_1 like Mac OS X) AppleWebKit/601.1.46 (KHTML, like Gecko) Version/9.0 Mobile/13B143 Safari/601.1"
66.249.77.199 - - [11/Jun/2025:04:16:39 -0400] "GET /shopping/116388096 HTTP/1.1" 200 81609 "-" "Mozilla/5.0 (Linux; Android 6.0.1; Nexus 5X Build/MMB29P) AppleWebKit/537.36 (KHTML, like Gecko) Chrome/136.0.7103.113 Mobile Safari/537.36 (compatible; Googlebot/2.1; +http://www.google.com/bot.html)"
162.0.232.193 - - [11/Jun/2025:04:16:47 -0400] "POST /wp-admin/admin-ajax.php?action=as_async_request_queue_runner&nonce=39ea8117d0 HTTP/1.1" 200 0 "-" "WordPress/6.8.1; https://read11.windbreakermanga.com"
66.249.77.199 - - [11/Jun/2025:04:20:32 -0400] "GET /shopping/pernickety11505144 HTTP/1.1" 200 81290 "-" "Mozilla/5.0 (Linux; Android 6.0.1; Nexus 5X Build/MMB29P) AppleWebKit/537.36 (KHTML, like Gecko) Chrome/136.0.7103.113 Mobile Safari/537.36 (compatible; Googlebot/2.1; +http://www.google.com/bot.html)"
66.249.77.199 - - [11/Jun/2025:04:20:36 -0400] "GET /products/predicate11483600 HTTP/1.1" 200 81300 "-" "Mozilla/5.0 (Linux; Android 6.0.1; Nexus 5X Build/MMB29P) AppleWebKit/537.36 (KHTML, like Gecko) Chrome/136.0.7103.113 Mobile Safari/537.36 (compatible; Googlebot/2.1; +http://www.google.com/bot.html)"
66.249.77.199 - - [11/Jun/2025:04:20:49 -0400] "GET /entity/11470760 HTTP/1.1" 200 80977 "-" "Mozilla/5.0 (Linux; Android 6.0.1; Nexus 5X Build/MMB29P) AppleWebKit/537.36 (KHTML, like Gecko) Chrome/136.0.7103.113 Mobile Safari/537.36 (compatible; Googlebot/2.1; +http://www.google.com/bot.html)"
66.249.77.200 - - [11/Jun/2025:04:20:52 -0400] "GET /sitemap-subitems-2675.xml HTTP/1.1" 200 10130 "-" "Mozilla/5.0 (compatible; Googlebot/2.1; +http://www.google.com/bot.html)"
66.249.77.199 - - [11/Jun/2025:04:20:54 -0400] "GET /entity/motivation221515156 HTTP/1.1" 200 81143 "-" "Mozilla/5.0 (Linux; Android 6.0.1; Nexus 5X Build/MMB29P) AppleWebKit/537.36 (KHTML, like Gecko) Chrome/136.0.7103.113 Mobile Safari/537.36 (compatible; Googlebot/2.1; +http://www.google.com/bot.html)"
66.249.77.201 - - [11/Jun/2025:04:21:04 -0400] "GET /goods/11474204 HTTP/1.1" 200 81335 "-" "Mozilla/5.0 (Linux; Android 6.0.1; Nexus 5X Build/MMB29P) AppleWebKit/537.36 (KHTML, like Gecko) Chrome/136.0.7103.113 Mobile Safari/537.36 (compatible; Googlebot/2.1; +http://www.google.com/bot.html)"
66.249.77.200 - - [11/Jun/2025:04:21:16 -0400] "GET /shopbrand/jockeyship11471260 HTTP/1.1" 200 81333 "-" "Mozilla/5.0 (Linux; Android 6.0.1; Nexus 5X Build/MMB29P) AppleWebKit/537.36 (KHTML, like Gecko) Chrome/136.0.7103.113 Mobile Safari/537.36 (compatible; Googlebot/2.1; +http://www.google.com/bot.html)"
175.176.36.169 - - [11/Jun/2025:04:21:22 -0400] "GET /wind-breaker-chapter-10/ HTTP/1.1" 200 11279 "https://read11.windbreakermanga.com/wind-breaker-chapter-9/" "Mozilla/5.0 (Linux; Android 10; K) AppleWebKit/537.36 (KHTML, like Gecko) Chrome/136.0.0.0 Mobile Safari/537.36"
43.130.47.33 - - [11/Jun/2025:04:21:25 -0400] "GET /wind-breaker-chapter-70/ HTTP/1.1" 200 11911 "-" "Mozilla/5.0 (iPhone; CPU iPhone OS 13_2_3 like Mac OS X) AppleWebKit/605.1.15 (KHTML, like Gecko) Version/13.0.3 Mobile/15E148 Safari/604.1"
216.73.216.239 - - [11/Jun/2025:04:21:25 -0400] "GET /sitemap-subitems-2735.xml HTTP/1.1" 200 9972 "-" "Mozilla/5.0 AppleWebKit/537.36 (KHTML, like Gecko; compatible; ClaudeBot/1.0; [email protected])"
175.176.36.169 - - [11/Jun/2025:04:21:26 -0400] "GET / HTTP/1.1" 200 12625 "https://read11.windbreakermanga.com/wind-breaker-chapter-10/" "Mozilla/5.0 (Linux; Android 10; K) AppleWebKit/537.36 (KHTML, like Gecko) Chrome/136.0.0.0 Mobile Safari/537.36"
66.249.77.199 - - [11/Jun/2025:04:21:26 -0400] "GET /goods/peritrochium11474668 HTTP/1.1" 200 81058 "-" "Mozilla/5.0 (Linux; Android 6.0.1; Nexus 5X Build/MMB29P) AppleWebKit/537.36 (KHTML, like Gecko) Chrome/136.0.7103.113 Mobile Safari/537.36 (compatible; Googlebot/2.1; +http://www.google.com/bot.html)"
162.0.232.193 - - [11/Jun/2025:04:21:29 -0400] "POST /wp-cron.php?doing_wp_cron=1749630088.8918859958648681640625 HTTP/1.1" 200 0 "-" "WordPress/6.8.1; https://read11.windbreakermanga.com"
175.176.36.169 - - [11/Jun/2025:04:21:24 -0400] "POST /wp-admin/admin-ajax.php HTTP/1.1" 200 61 "https://read11.windbreakermanga.com/wind-breaker-chapter-10/" "Mozilla/5.0 (Linux; Android 10; K) AppleWebKit/537.36 (KHTML, like Gecko) Chrome/136.0.0.0 Mobile Safari/537.36"
162.0.232.193 - - [11/Jun/2025:04:21:33 -0400] "GET /wp-content/uploads/f979bbbcbe9df560cb74049269d2541e_4104.xml HTTP/1.1" 200 2271 "-" "Mozilla/5.0 (X11; Linux x86_64) AppleWebKit/537.36 (KHTML, like Gecko) Ubuntu Chromium/41.0.2272.76"
66.249.77.199 - - [11/Jun/2025:04:23:27 -0400] "GET /special11105096 HTTP/1.1" 200 81129 "-" "Mozilla/5.0 (Linux; Android 6.0.1; Nexus 5X Build/MMB29P) AppleWebKit/537.36 (KHTML, like Gecko) Chrome/136.0.7103.113 Mobile Safari/537.36 (compatible; Googlebot/2.1; +http://www.google.com/bot.html)"
66.249.77.199 - - [11/Jun/2025:04:23:28 -0400] "GET /special/11106032 HTTP/1.1" 200 81606 "-" "Mozilla/5.0 (Linux; Android 6.0.1; Nexus 5X Build/MMB29P) AppleWebKit/537.36 (KHTML, like Gecko) Chrome/136.0.7103.113 Mobile Safari/537.36 (compatible; Googlebot/2.1; +http://www.google.com/bot.html)"
66.249.77.201 - - [11/Jun/2025:04:23:38 -0400] "GET /entity/iraki11105468 HTTP/1.1" 200 83224 "-" "Mozilla/5.0 (Linux; Android 6.0.1; Nexus 5X Build/MMB29P) AppleWebKit/537.36 (KHTML, like Gecko) Chrome/136.0.7103.113 Mobile Safari/537.36 (compatible; Googlebot/2.1; +http://www.google.com/bot.html)"
66.249.77.201 - - [11/Jun/2025:04:23:47 -0400] "GET /special/74415480 HTTP/1.1" 200 81422 "-" "Mozilla/5.0 (Linux; Android 6.0.1; Nexus 5X Build/MMB29P) AppleWebKit/537.36 (KHTML, like Gecko) Chrome/136.0.7103.113 Mobile Safari/537.36 (compatible; Googlebot/2.1; +http://www.google.com/bot.html)"
175.176.36.169 - - [11/Jun/2025:04:23:49 -0400] "GET /wind-breaker-chapter-11/ HTTP/1.1" 200 11940 "https://read11.windbreakermanga.com/wind-breaker-chapter-10/" "Mozilla/5.0 (Linux; Android 10; K) AppleWebKit/537.36 (KHTML, like Gecko) Chrome/136.0.0.0 Mobile Safari/537.36"
52.167.144.139 - - [11/Jun/2025:04:23:49 -0400] "GET /wind-breaker-chapter-472/feed/ HTTP/1.1" 200 81839 "-" "Mozilla/5.0 AppleWebKit/537.36 (KHTML, like Gecko; compatible; bingbot/2.0; +http://www.bing.com/bingbot.htm) Chrome/116.0.1938.76 Safari/537.36"
175.176.36.169 - - [11/Jun/2025:04:23:50 -0400] "POST /wp-admin/admin-ajax.php HTTP/1.1" 200 61 "https://read11.windbreakermanga.com/wind-breaker-chapter-11/" "Mozilla/5.0 (Linux; Android 10; K) AppleWebKit/537.36 (KHTML, like Gecko) Chrome/136.0.0.0 Mobile Safari/537.36"
66.249.77.201 - - [11/Jun/2025:04:23:56 -0400] "GET /shopdetail/11111992 HTTP/1.1" 200 81162 "-" "Mozilla/5.0 (Linux; Android 6.0.1; Nexus 5X Build/MMB29P) AppleWebKit/537.36 (KHTML, like Gecko) Chrome/136.0.7103.113 Mobile Safari/537.36 (compatible; Googlebot/2.1; +http://www.google.com/bot.html)"
66.249.77.201 - - [11/Jun/2025:04:24:05 -0400] "GET /entity/11104124 HTTP/1.1" 200 81202 "-" "Mozilla/5.0 (Linux; Android 6.0.1; Nexus 5X Build/MMB29P) AppleWebKit/537.36 (KHTML, like Gecko) Chrome/136.0.7103.113 Mobile Safari/537.36 (compatible; Googlebot/2.1; +http://www.google.com/bot.html)"
66.249.77.192 - - [11/Jun/2025:04:24:15 -0400] "GET /special/gashing11106368 HTTP/1.1" 200 81296 "-" "Mozilla/5.0 (Linux; Android 6.0.1; Nexus 5X Build/MMB29P) AppleWebKit/537.36 (KHTML, like Gecko) Chrome/136.0.7103.113 Mobile Safari/537.36 (compatible; Googlebot/2.1; +http://www.google.com/bot.html)"
66.249.77.201 - - [11/Jun/2025:04:24:24 -0400] "GET /detail/sleepwalker9981832 HTTP/1.1" 200 81663 "-" "Mozilla/5.0 (Linux; Android 6.0.1; Nexus 5X Build/MMB29P) AppleWebKit/537.36 (KHTML, like Gecko) Chrome/136.0.7103.113 Mobile Safari/537.36 (compatible; Googlebot/2.1; +http://www.google.com/bot.html)"
66.249.77.201 - - [11/Jun/2025:04:24:27 -0400] "GET /shopping/amarine11110656 HTTP/1.1" 200 81176 "-" "Mozilla/5.0 (Linux; Android 6.0.1; Nexus 5X Build/MMB29P) AppleWebKit/537.36 (KHTML, like Gecko) Chrome/136.0.7103.113 Mobile Safari/537.36 (compatible; Googlebot/2.1; +http://www.google.com/bot.html)"
66.249.77.192 - - [11/Jun/2025:04:24:36 -0400] "GET /products/11109048 HTTP/1.1" 200 81058 "-" "Mozilla/5.0 (Linux; Android 6.0.1; Nexus 5X Build/MMB29P) AppleWebKit/537.36 (KHTML, like Gecko) Chrome/136.0.7103.113 Mobile Safari/537.36 (compatible; Googlebot/2.1; +http://www.google.com/bot.html)"
