162.0.232.193 - - [09/Jun/2025:00:08:47 -0400] "GET /wind-breaker-chapter-525/ HTTP/1.1" 200 11655 "-" "WP Rocket/Preload Mozilla/5.0 (iPhone; CPU iPhone OS 9_1 like Mac OS X) AppleWebKit/601.1.46 (KHTML, like Gecko) Version/9.0 Mobile/13B143 Safari/601.1"
144.76.19.3 - - [09/Jun/2025:00:08:49 -0400] "GET /wind-breaker-chapter-90/ HTTP/1.1" 200 11913 "-" "Mozilla/5.0 (compatible; BLEXBot/1.0; +https://help.seranking.com/en/blex-crawler)"
162.0.232.193 - - [09/Jun/2025:00:08:50 -0400] "GET /wp-content/uploads/f979bbbcbe9df560cb74049269d2541e_4104.xml HTTP/1.1" 200 2577 "-" "Mozilla/5.0 (X11; Linux x86_64) AppleWebKit/537.36 (KHTML, like Gecko) Ubuntu Chromium/41.0.2272.76"
144.76.19.3 - - [09/Jun/2025:00:08:54 -0400] "GET /wind-breaker-chapter-91/ HTTP/1.1" 200 11762 "-" "Mozilla/5.0 (compatible; BLEXBot/1.0; +https://help.seranking.com/en/blex-crawler)"
54.152.163.42 - - [09/Jun/2025:00:08:58 -0400] "GET /search/262/page/31/ HTTP/1.1" 200 9568 "-" "Mozilla/5.0 AppleWebKit/537.36 (KHTML, like Gecko; compatible; Amazonbot/0.1; +https://developer.amazon.com/support/amazonbot) Chrome/119.0.6045.214 Safari/537.36"
144.76.19.3 - - [09/Jun/2025:00:08:59 -0400] "GET /wind-breaker-chapter-92/ HTTP/1.1" 200 11861 "-" "Mozilla/5.0 (compatible; BLEXBot/1.0; +https://help.seranking.com/en/blex-crawler)"
40.77.167.143 - - [09/Jun/2025:00:09:12 -0400] "GET /privacy-policy/ HTTP/1.1" 200 12639 "-" "Mozilla/5.0 AppleWebKit/537.36 (KHTML, like Gecko; compatible; bingbot/2.0; +http://www.bing.com/bingbot.htm) Chrome/116.0.1938.76 Safari/537.36"
144.76.19.3 - - [09/Jun/2025:00:09:34 -0400] "GET /wind-breaker-chapter-93/ HTTP/1.1" 200 12231 "-" "Mozilla/5.0 (compatible; BLEXBot/1.0; +https://help.seranking.com/en/blex-crawler)"
162.0.232.193 - - [09/Jun/2025:00:09:39 -0400] "POST /wp-cron.php?doing_wp_cron=1749442179.5063378810882568359375 HTTP/1.1" 200 0 "-" "WordPress/6.8.1; https://read11.windbreakermanga.com"
144.76.19.3 - - [09/Jun/2025:00:09:39 -0400] "GET /wind-breaker-chapter-94/ HTTP/1.1" 200 11764 "-" "Mozilla/5.0 (compatible; BLEXBot/1.0; +https://help.seranking.com/en/blex-crawler)"
162.0.232.193 - - [09/Jun/2025:00:09:39 -0400] "GET /wind-breaker-chapter-521/ HTTP/1.1" 200 11450 "-" "WP Rocket/Preload"
162.0.232.193 - - [09/Jun/2025:00:09:40 -0400] "GET /wind-breaker-chapter-521/ HTTP/1.1" 200 11166 "-" "WP Rocket/Preload Mozilla/5.0 (iPhone; CPU iPhone OS 9_1 like Mac OS X) AppleWebKit/601.1.46 (KHTML, like Gecko) Version/9.0 Mobile/13B143 Safari/601.1"
162.0.232.193 - - [09/Jun/2025:00:09:41 -0400] "GET /wind-breaker-chapter-517/ HTTP/1.1" 200 11715 "-" "WP Rocket/Preload"
162.0.232.193 - - [09/Jun/2025:00:09:42 -0400] "GET /wind-breaker-chapter-517/ HTTP/1.1" 200 11729 "-" "WP Rocket/Preload Mozilla/5.0 (iPhone; CPU iPhone OS 9_1 like Mac OS X) AppleWebKit/601.1.46 (KHTML, like Gecko) Version/9.0 Mobile/13B143 Safari/601.1"
162.0.232.193 - - [09/Jun/2025:00:09:43 -0400] "GET /wind-breaker-chapter-516/ HTTP/1.1" 200 11687 "-" "WP Rocket/Preload"
144.76.19.3 - - [09/Jun/2025:00:09:43 -0400] "GET /wind-breaker-chapter-95/ HTTP/1.1" 200 12240 "-" "Mozilla/5.0 (compatible; BLEXBot/1.0; +https://help.seranking.com/en/blex-crawler)"
162.0.232.193 - - [09/Jun/2025:00:09:44 -0400] "GET /wind-breaker-chapter-516/ HTTP/1.1" 200 11689 "-" "WP Rocket/Preload Mozilla/5.0 (iPhone; CPU iPhone OS 9_1 like Mac OS X) AppleWebKit/601.1.46 (KHTML, like Gecko) Version/9.0 Mobile/13B143 Safari/601.1"
162.0.232.193 - - [09/Jun/2025:00:09:45 -0400] "GET /wind-breaker-chapter-514/ HTTP/1.1" 200 11503 "-" "WP Rocket/Preload"
162.0.232.193 - - [09/Jun/2025:00:09:46 -0400] "GET /wind-breaker-chapter-514/ HTTP/1.1" 200 11487 "-" "WP Rocket/Preload Mozilla/5.0 (iPhone; CPU iPhone OS 9_1 like Mac OS X) AppleWebKit/601.1.46 (KHTML, like Gecko) Version/9.0 Mobile/13B143 Safari/601.1"
162.0.232.193 - - [09/Jun/2025:00:09:47 -0400] "GET /wind-breaker-chapter-510/ HTTP/1.1" 200 11566 "-" "WP Rocket/Preload"
162.0.232.193 - - [09/Jun/2025:00:09:47 -0400] "GET /wind-breaker-chapter-510/ HTTP/1.1" 200 11556 "-" "WP Rocket/Preload Mozilla/5.0 (iPhone; CPU iPhone OS 9_1 like Mac OS X) AppleWebKit/601.1.46 (KHTML, like Gecko) Version/9.0 Mobile/13B143 Safari/601.1"
162.0.232.193 - - [09/Jun/2025:00:09:48 -0400] "GET /wind-breaker-chapter-505/ HTTP/1.1" 200 11891 "-" "WP Rocket/Preload"
162.0.232.193 - - [09/Jun/2025:00:09:49 -0400] "GET /wind-breaker-chapter-505/ HTTP/1.1" 200 11610 "-" "WP Rocket/Preload Mozilla/5.0 (iPhone; CPU iPhone OS 9_1 like Mac OS X) AppleWebKit/601.1.46 (KHTML, like Gecko) Version/9.0 Mobile/13B143 Safari/601.1"
162.0.232.193 - - [09/Jun/2025:00:09:50 -0400] "GET /wind-breaker-chapter-504/ HTTP/1.1" 200 11596 "-" "WP Rocket/Preload"
162.0.232.193 - - [09/Jun/2025:00:09:51 -0400] "GET /wind-breaker-chapter-504/ HTTP/1.1" 200 11633 "-" "WP Rocket/Preload Mozilla/5.0 (iPhone; CPU iPhone OS 9_1 like Mac OS X) AppleWebKit/601.1.46 (KHTML, like Gecko) Version/9.0 Mobile/13B143 Safari/601.1"
162.0.232.193 - - [09/Jun/2025:00:09:52 -0400] "GET /wind-breaker-chapter-502/ HTTP/1.1" 200 11933 "-" "WP Rocket/Preload"
162.0.232.193 - - [09/Jun/2025:00:09:53 -0400] "GET /wind-breaker-chapter-502/ HTTP/1.1" 200 11628 "-" "WP Rocket/Preload Mozilla/5.0 (iPhone; CPU iPhone OS 9_1 like Mac OS X) AppleWebKit/601.1.46 (KHTML, like Gecko) Version/9.0 Mobile/13B143 Safari/601.1"
162.0.232.193 - - [09/Jun/2025:00:09:54 -0400] "GET /wind-breaker-chapter-490/ HTTP/1.1" 200 12082 "-" "WP Rocket/Preload"
162.0.232.193 - - [09/Jun/2025:00:09:55 -0400] "GET /wind-breaker-chapter-490/ HTTP/1.1" 200 11733 "-" "WP Rocket/Preload Mozilla/5.0 (iPhone; CPU iPhone OS 9_1 like Mac OS X) AppleWebKit/601.1.46 (KHTML, like Gecko) Version/9.0 Mobile/13B143 Safari/601.1"
162.0.232.193 - - [09/Jun/2025:00:09:56 -0400] "GET /wind-breaker-chapter-447/ HTTP/1.1" 200 12187 "-" "WP Rocket/Preload"
162.0.232.193 - - [09/Jun/2025:00:09:57 -0400] "GET /wind-breaker-chapter-447/ HTTP/1.1" 200 11888 "-" "WP Rocket/Preload Mozilla/5.0 (iPhone; CPU iPhone OS 9_1 like Mac OS X) AppleWebKit/601.1.46 (KHTML, like Gecko) Version/9.0 Mobile/13B143 Safari/601.1"
162.0.232.193 - - [09/Jun/2025:00:09:57 -0400] "GET /wind-breaker-chapter-487/ HTTP/1.1" 200 12100 "-" "WP Rocket/Preload"
162.0.232.193 - - [09/Jun/2025:00:09:58 -0400] "GET /wind-breaker-chapter-487/ HTTP/1.1" 200 11818 "-" "WP Rocket/Preload Mozilla/5.0 (iPhone; CPU iPhone OS 9_1 like Mac OS X) AppleWebKit/601.1.46 (KHTML, like Gecko) Version/9.0 Mobile/13B143 Safari/601.1"
162.0.232.193 - - [09/Jun/2025:00:09:59 -0400] "GET /wind-breaker-chapter-480/ HTTP/1.1" 200 12082 "-" "WP Rocket/Preload"
162.0.232.193 - - [09/Jun/2025:00:10:00 -0400] "GET /wind-breaker-chapter-480/ HTTP/1.1" 200 11764 "-" "WP Rocket/Preload Mozilla/5.0 (iPhone; CPU iPhone OS 9_1 like Mac OS X) AppleWebKit/601.1.46 (KHTML, like Gecko) Version/9.0 Mobile/13B143 Safari/601.1"
162.0.232.193 - - [09/Jun/2025:00:10:01 -0400] "GET /wind-breaker-chapter-482/ HTTP/1.1" 200 11929 "-" "WP Rocket/Preload"
162.0.232.193 - - [09/Jun/2025:00:10:02 -0400] "GET /wind-breaker-chapter-482/ HTTP/1.1" 200 11615 "-" "WP Rocket/Preload Mozilla/5.0 (iPhone; CPU iPhone OS 9_1 like Mac OS X) AppleWebKit/601.1.46 (KHTML, like Gecko) Version/9.0 Mobile/13B143 Safari/601.1"
162.0.232.193 - - [09/Jun/2025:00:10:03 -0400] "GET /wind-breaker-chapter-479/ HTTP/1.1" 200 11864 "-" "WP Rocket/Preload"
162.0.232.193 - - [09/Jun/2025:00:10:04 -0400] "GET /wind-breaker-chapter-479/ HTTP/1.1" 200 11885 "-" "WP Rocket/Preload Mozilla/5.0 (iPhone; CPU iPhone OS 9_1 like Mac OS X) AppleWebKit/601.1.46 (KHTML, like Gecko) Version/9.0 Mobile/13B143 Safari/601.1"
66.249.77.201 - - [09/Jun/2025:00:10:11 -0400] "GET /wind-breaker-chapter-162/ HTTP/1.1" 200 11958 "-" "Mozilla/5.0 (Linux; Android 6.0.1; Nexus 5X Build/MMB29P) AppleWebKit/537.36 (KHTML, like Gecko) Chrome/136.0.7103.113 Mobile Safari/537.36 (compatible; Googlebot/2.1; +http://www.google.com/bot.html)"
162.0.232.193 - - [09/Jun/2025:00:10:27 -0400] "POST /wp-cron.php?doing_wp_cron=1749442227.1510729789733886718750 HTTP/1.1" 200 0 "-" "WordPress/6.8.1; https://read11.windbreakermanga.com"
162.0.232.193 - - [09/Jun/2025:00:10:28 -0400] "GET /wind-breaker-chapter-475/ HTTP/1.1" 200 11958 "-" "WP Rocket/Preload"
66.249.77.200 - - [09/Jun/2025:00:10:26 -0400] "POST /wp-admin/admin-ajax.php HTTP/1.1" 200 61 "https://read11.windbreakermanga.com/wind-breaker-chapter-162/" "Mozilla/5.0 (Linux; Android 6.0.1; Nexus 5X Build/MMB29P) AppleWebKit/537.36 (KHTML, like Gecko) Chrome/136.0.7103.92 Mobile Safari/537.36 (compatible; Googlebot/2.1; +http://www.google.com/bot.html)"
162.0.232.193 - - [09/Jun/2025:00:10:28 -0400] "POST /wp-admin/admin-ajax.php?action=as_async_request_queue_runner&nonce=7b78fcdc7b HTTP/1.1" 200 0 "-" "WordPress/6.8.1; https://read11.windbreakermanga.com"
162.0.232.193 - - [09/Jun/2025:00:10:29 -0400] "GET /wind-breaker-chapter-475/ HTTP/1.1" 200 11961 "-" "WP Rocket/Preload Mozilla/5.0 (iPhone; CPU iPhone OS 9_1 like Mac OS X) AppleWebKit/601.1.46 (KHTML, like Gecko) Version/9.0 Mobile/13B143 Safari/601.1"
162.0.232.193 - - [09/Jun/2025:00:10:30 -0400] "GET /wind-breaker-chapter-468/ HTTP/1.1" 200 11930 "-" "WP Rocket/Preload"
162.0.232.193 - - [09/Jun/2025:00:10:31 -0400] "GET /wind-breaker-chapter-468/ HTTP/1.1" 200 11920 "-" "WP Rocket/Preload Mozilla/5.0 (iPhone; CPU iPhone OS 9_1 like Mac OS X) AppleWebKit/601.1.46 (KHTML, like Gecko) Version/9.0 Mobile/13B143 Safari/601.1"
162.0.232.193 - - [09/Jun/2025:00:10:32 -0400] "GET /wind-breaker-chapter-473/ HTTP/1.1" 200 11588 "-" "WP Rocket/Preload"
162.0.232.193 - - [09/Jun/2025:00:10:33 -0400] "GET /wind-breaker-chapter-473/ HTTP/1.1" 200 11304 "-" "WP Rocket/Preload Mozilla/5.0 (iPhone; CPU iPhone OS 9_1 like Mac OS X) AppleWebKit/601.1.46 (KHTML, like Gecko) Version/9.0 Mobile/13B143 Safari/601.1"
162.0.232.193 - - [09/Jun/2025:00:10:34 -0400] "GET /wind-breaker-chapter-471/ HTTP/1.1" 200 11934 "-" "WP Rocket/Preload"
162.0.232.193 - - [09/Jun/2025:00:10:35 -0400] "GET /wind-breaker-chapter-471/ HTTP/1.1" 200 11637 "-" "WP Rocket/Preload Mozilla/5.0 (iPhone; CPU iPhone OS 9_1 like Mac OS X) AppleWebKit/601.1.46 (KHTML, like Gecko) Version/9.0 Mobile/13B143 Safari/601.1"
162.0.232.193 - - [09/Jun/2025:00:10:36 -0400] "POST /wp-cron.php?doing_wp_cron=1749442236.3728280067443847656250 HTTP/1.1" 200 0 "-" "WordPress/6.8.1; https://read11.windbreakermanga.com"
162.0.232.193 - - [09/Jun/2025:00:10:36 -0400] "GET /wind-breaker-chapter-467/ HTTP/1.1" 200 12077 "-" "WP Rocket/Preload"
162.0.232.193 - - [09/Jun/2025:00:10:37 -0400] "GET /wind-breaker-chapter-467/ HTTP/1.1" 200 12060 "-" "WP Rocket/Preload Mozilla/5.0 (iPhone; CPU iPhone OS 9_1 like Mac OS X) AppleWebKit/601.1.46 (KHTML, like Gecko) Version/9.0 Mobile/13B143 Safari/601.1"
144.76.19.3 - - [09/Jun/2025:00:10:37 -0400] "GET /wind-breaker-chapter-96/ HTTP/1.1" 200 11764 "-" "Mozilla/5.0 (compatible; BLEXBot/1.0; +https://help.seranking.com/en/blex-crawler)"
162.0.232.193 - - [09/Jun/2025:00:10:38 -0400] "GET /wind-breaker-chapter-456/ HTTP/1.1" 200 11584 "-" "WP Rocket/Preload"
162.0.232.193 - - [09/Jun/2025:00:10:39 -0400] "GET /wind-breaker-chapter-456/ HTTP/1.1" 200 11617 "-" "WP Rocket/Preload Mozilla/5.0 (iPhone; CPU iPhone OS 9_1 like Mac OS X) AppleWebKit/601.1.46 (KHTML, like Gecko) Version/9.0 Mobile/13B143 Safari/601.1"
162.0.232.193 - - [09/Jun/2025:00:10:39 -0400] "GET /wind-breaker-chapter-459/ HTTP/1.1" 200 11814 "-" "WP Rocket/Preload"
162.0.232.193 - - [09/Jun/2025:00:10:40 -0400] "GET /wind-breaker-chapter-459/ HTTP/1.1" 200 11522 "-" "WP Rocket/Preload Mozilla/5.0 (iPhone; CPU iPhone OS 9_1 like Mac OS X) AppleWebKit/601.1.46 (KHTML, like Gecko) Version/9.0 Mobile/13B143 Safari/601.1"
162.0.232.193 - - [09/Jun/2025:00:10:41 -0400] "POST /wp-cron.php?doing_wp_cron=1749442241.6937940120697021484375 HTTP/1.1" 200 0 "-" "WordPress/6.8.1; https://read11.windbreakermanga.com"
144.76.19.3 - - [09/Jun/2025:00:10:41 -0400] "GET /wind-breaker-chapter-98/ HTTP/1.1" 200 11472 "-" "Mozilla/5.0 (compatible; BLEXBot/1.0; +https://help.seranking.com/en/blex-crawler)"
162.0.232.193 - - [09/Jun/2025:00:10:41 -0400] "GET /wind-breaker-chapter-445/ HTTP/1.1" 200 12088 "-" "WP Rocket/Preload"
162.0.232.193 - - [09/Jun/2025:00:10:42 -0400] "GET /wind-breaker-chapter-445/ HTTP/1.1" 200 12099 "-" "WP Rocket/Preload Mozilla/5.0 (iPhone; CPU iPhone OS 9_1 like Mac OS X) AppleWebKit/601.1.46 (KHTML, like Gecko) Version/9.0 Mobile/13B143 Safari/601.1"
162.0.232.193 - - [09/Jun/2025:00:10:43 -0400] "GET /wind-breaker-chapter-438/ HTTP/1.1" 200 11789 "-" "WP Rocket/Preload"
162.0.232.193 - - [09/Jun/2025:00:10:44 -0400] "GET /wind-breaker-chapter-438/ HTTP/1.1" 200 11771 "-" "WP Rocket/Preload Mozilla/5.0 (iPhone; CPU iPhone OS 9_1 like Mac OS X) AppleWebKit/601.1.46 (KHTML, like Gecko) Version/9.0 Mobile/13B143 Safari/601.1"
162.0.232.193 - - [09/Jun/2025:00:10:45 -0400] "GET /wind-breaker-chapter-436/ HTTP/1.1" 200 11778 "-" "WP Rocket/Preload"
144.76.19.3 - - [09/Jun/2025:00:10:46 -0400] "GET /wind-breaker-chapter-99/ HTTP/1.1" 200 11903 "-" "Mozilla/5.0 (compatible; BLEXBot/1.0; +https://help.seranking.com/en/blex-crawler)"
162.0.232.193 - - [09/Jun/2025:00:10:46 -0400] "GET /wind-breaker-chapter-436/ HTTP/1.1" 200 12104 "-" "WP Rocket/Preload Mozilla/5.0 (iPhone; CPU iPhone OS 9_1 like Mac OS X) AppleWebKit/601.1.46 (KHTML, like Gecko) Version/9.0 Mobile/13B143 Safari/601.1"
162.0.232.193 - - [09/Jun/2025:00:10:47 -0400] "GET /wind-breaker-chapter-434/ HTTP/1.1" 200 12104 "-" "WP Rocket/Preload"
162.0.232.193 - - [09/Jun/2025:00:10:48 -0400] "GET /wind-breaker-chapter-434/ HTTP/1.1" 200 12093 "-" "WP Rocket/Preload Mozilla/5.0 (iPhone; CPU iPhone OS 9_1 like Mac OS X) AppleWebKit/601.1.46 (KHTML, like Gecko) Version/9.0 Mobile/13B143 Safari/601.1"
162.0.232.193 - - [09/Jun/2025:00:10:49 -0400] "GET /chapter-432/ HTTP/1.1" 200 10783 "-" "WP Rocket/Preload"
162.0.232.193 - - [09/Jun/2025:00:10:50 -0400] "GET /chapter-432/ HTTP/1.1" 200 10762 "-" "WP Rocket/Preload Mozilla/5.0 (iPhone; CPU iPhone OS 9_1 like Mac OS X) AppleWebKit/601.1.46 (KHTML, like Gecko) Version/9.0 Mobile/13B143 Safari/601.1"
162.0.232.193 - - [09/Jun/2025:00:10:50 -0400] "GET /chapter-428/ HTTP/1.1" 200 11082 "-" "WP Rocket/Preload"
162.0.232.193 - - [09/Jun/2025:00:10:51 -0400] "GET /chapter-428/ HTTP/1.1" 200 10741 "-" "WP Rocket/Preload Mozilla/5.0 (iPhone; CPU iPhone OS 9_1 like Mac OS X) AppleWebKit/601.1.46 (KHTML, like Gecko) Version/9.0 Mobile/13B143 Safari/601.1"
162.0.232.193 - - [09/Jun/2025:00:10:52 -0400] "GET /chapter-422/ HTTP/1.1" 200 11082 "-" "WP Rocket/Preload"
162.0.232.193 - - [09/Jun/2025:00:10:53 -0400] "GET /chapter-422/ HTTP/1.1" 200 10742 "-" "WP Rocket/Preload Mozilla/5.0 (iPhone; CPU iPhone OS 9_1 like Mac OS X) AppleWebKit/601.1.46 (KHTML, like Gecko) Version/9.0 Mobile/13B143 Safari/601.1"
162.0.232.193 - - [09/Jun/2025:00:10:59 -0400] "GET /chapter-420/ HTTP/1.1" 200 11084 "-" "WP Rocket/Preload"
162.0.232.193 - - [09/Jun/2025:00:10:59 -0400] "POST /wp-admin/admin-ajax.php?action=as_async_request_queue_runner&nonce=7b78fcdc7b HTTP/1.1" 200 0 "-" "WordPress/6.8.1; https://read11.windbreakermanga.com"
162.0.232.193 - - [09/Jun/2025:00:11:00 -0400] "GET /chapter-420/ HTTP/1.1" 200 10743 "-" "WP Rocket/Preload Mozilla/5.0 (iPhone; CPU iPhone OS 9_1 like Mac OS X) AppleWebKit/601.1.46 (KHTML, like Gecko) Version/9.0 Mobile/13B143 Safari/601.1"
162.0.232.193 - - [09/Jun/2025:00:11:01 -0400] "GET /chapter-417/ HTTP/1.1" 200 10785 "-" "WP Rocket/Preload"
162.0.232.193 - - [09/Jun/2025:00:11:02 -0400] "GET /chapter-417/ HTTP/1.1" 200 10739 "-" "WP Rocket/Preload Mozilla/5.0 (iPhone; CPU iPhone OS 9_1 like Mac OS X) AppleWebKit/601.1.46 (KHTML, like Gecko) Version/9.0 Mobile/13B143 Safari/601.1"
162.0.232.193 - - [09/Jun/2025:00:11:03 -0400] "GET /chapter-411/ HTTP/1.1" 200 10736 "-" "WP Rocket/Preload"
162.0.232.193 - - [09/Jun/2025:00:11:03 -0400] "GET /chapter-411/ HTTP/1.1" 200 10741 "-" "WP Rocket/Preload Mozilla/5.0 (iPhone; CPU iPhone OS 9_1 like Mac OS X) AppleWebKit/601.1.46 (KHTML, like Gecko) Version/9.0 Mobile/13B143 Safari/601.1"
162.0.232.193 - - [09/Jun/2025:00:11:04 -0400] "GET /chapter-412/ HTTP/1.1" 200 11083 "-" "WP Rocket/Preload"
162.0.232.193 - - [09/Jun/2025:00:11:05 -0400] "GET /chapter-412/ HTTP/1.1" 200 10797 "-" "WP Rocket/Preload Mozilla/5.0 (iPhone; CPU iPhone OS 9_1 like Mac OS X) AppleWebKit/601.1.46 (KHTML, like Gecko) Version/9.0 Mobile/13B143 Safari/601.1"
162.0.232.193 - - [09/Jun/2025:00:11:06 -0400] "GET /chapter-410/ HTTP/1.1" 200 10735 "-" "WP Rocket/Preload"
162.0.232.193 - - [09/Jun/2025:00:11:07 -0400] "GET /chapter-410/ HTTP/1.1" 200 10796 "-" "WP Rocket/Preload Mozilla/5.0 (iPhone; CPU iPhone OS 9_1 like Mac OS X) AppleWebKit/601.1.46 (KHTML, like Gecko) Version/9.0 Mobile/13B143 Safari/601.1"
162.0.232.193 - - [09/Jun/2025:00:11:08 -0400] "GET /chapter-407/ HTTP/1.1" 200 11083 "-" "WP Rocket/Preload"
162.0.232.193 - - [09/Jun/2025:00:11:09 -0400] "GET /chapter-407/ HTTP/1.1" 200 11069 "-" "WP Rocket/Preload Mozilla/5.0 (iPhone; CPU iPhone OS 9_1 like Mac OS X) AppleWebKit/601.1.46 (KHTML, like Gecko) Version/9.0 Mobile/13B143 Safari/601.1"
162.0.232.193 - - [09/Jun/2025:00:11:09 -0400] "GET /chapter-404/ HTTP/1.1" 200 11083 "-" "WP Rocket/Preload"
162.0.232.193 - - [09/Jun/2025:00:11:10 -0400] "GET /chapter-404/ HTTP/1.1" 200 10743 "-" "WP Rocket/Preload Mozilla/5.0 (iPhone; CPU iPhone OS 9_1 like Mac OS X) AppleWebKit/601.1.46 (KHTML, like Gecko) Version/9.0 Mobile/13B143 Safari/601.1"
162.0.232.193 - - [09/Jun/2025:00:11:11 -0400] "POST /wp-cron.php?doing_wp_cron=1749442271.6645400524139404296875 HTTP/1.1" 200 0 "-" "WordPress/6.8.1; https://read11.windbreakermanga.com"
162.0.232.193 - - [09/Jun/2025:00:11:11 -0400] "GET /chapter-402/ HTTP/1.1" 200 11083 "-" "WP Rocket/Preload"
162.0.232.193 - - [09/Jun/2025:00:11:12 -0400] "GET /chapter-402/ HTTP/1.1" 200 10741 "-" "WP Rocket/Preload Mozilla/5.0 (iPhone; CPU iPhone OS 9_1 like Mac OS X) AppleWebKit/601.1.46 (KHTML, like Gecko) Version/9.0 Mobile/13B143 Safari/601.1"
162.0.232.193 - - [09/Jun/2025:00:11:13 -0400] "GET /chapter-393/ HTTP/1.1" 200 11083 "-" "WP Rocket/Preload"
162.0.232.193 - - [09/Jun/2025:00:11:14 -0400] "GET /chapter-393/ HTTP/1.1" 200 11067 "-" "WP Rocket/Preload Mozilla/5.0 (iPhone; CPU iPhone OS 9_1 like Mac OS X) AppleWebKit/601.1.46 (KHTML, like Gecko) Version/9.0 Mobile/13B143 Safari/601.1"
162.0.232.193 - - [09/Jun/2025:00:11:15 -0400] "GET /chapter-394/ HTTP/1.1" 200 11084 "-" "WP Rocket/Preload"
162.0.232.193 - - [09/Jun/2025:00:11:16 -0400] "GET /chapter-394/ HTTP/1.1" 200 10742 "-" "WP Rocket/Preload Mozilla/5.0 (iPhone; CPU iPhone OS 9_1 like Mac OS X) AppleWebKit/601.1.46 (KHTML, like Gecko) Version/9.0 Mobile/13B143 Safari/601.1"
216.73.216.253 - - [09/Jun/2025:00:11:17 -0400] "GET /category/wind-breaker/page/16 HTTP/1.1" 301 0 "-" "Mozilla/5.0 AppleWebKit/537.36 (KHTML, like Gecko; compatible; ClaudeBot/1.0; [email protected])"
162.0.232.193 - - [09/Jun/2025:00:11:17 -0400] "GET /chapter-392/ HTTP/1.1" 200 11082 "-" "WP Rocket/Preload"
216.73.216.253 - - [09/Jun/2025:00:11:17 -0400] "GET /category/wind-breaker/page/16/ HTTP/1.1" 200 13249 "https://read11.windbreakermanga.com/category/wind-breaker/page/16" "Mozilla/5.0 AppleWebKit/537.36 (KHTML, like Gecko; compatible; ClaudeBot/1.0; [email protected])"
162.0.232.193 - - [09/Jun/2025:00:11:18 -0400] "GET /chapter-392/ HTTP/1.1" 200 10741 "-" "WP Rocket/Preload Mozilla/5.0 (iPhone; CPU iPhone OS 9_1 like Mac OS X) AppleWebKit/601.1.46 (KHTML, like Gecko) Version/9.0 Mobile/13B143 Safari/601.1"
162.0.232.193 - - [09/Jun/2025:00:11:19 -0400] "GET /wind-breaker-chapter-387/ HTTP/1.1" 200 12075 "-" "WP Rocket/Preload"
162.0.232.193 - - [09/Jun/2025:00:11:20 -0400] "GET /wind-breaker-chapter-387/ HTTP/1.1" 200 11729 "-" "WP Rocket/Preload Mozilla/5.0 (iPhone; CPU iPhone OS 9_1 like Mac OS X) AppleWebKit/601.1.46 (KHTML, like Gecko) Version/9.0 Mobile/13B143 Safari/601.1"
162.0.232.193 - - [09/Jun/2025:00:11:20 -0400] "GET /wind-breaker-chapter-385/ HTTP/1.1" 200 11774 "-" "WP Rocket/Preload"
162.0.232.193 - - [09/Jun/2025:00:11:21 -0400] "GET /wind-breaker-chapter-385/ HTTP/1.1" 200 11802 "-" "WP Rocket/Preload Mozilla/5.0 (iPhone; CPU iPhone OS 9_1 like Mac OS X) AppleWebKit/601.1.46 (KHTML, like Gecko) Version/9.0 Mobile/13B143 Safari/601.1"
162.0.232.193 - - [09/Jun/2025:00:11:22 -0400] "GET /wind-breaker-chapter-383/ HTTP/1.1" 200 11942 "-" "WP Rocket/Preload"
162.0.232.193 - - [09/Jun/2025:00:11:23 -0400] "GET /wind-breaker-chapter-383/ HTTP/1.1" 200 11625 "-" "WP Rocket/Preload Mozilla/5.0 (iPhone; CPU iPhone OS 9_1 like Mac OS X) AppleWebKit/601.1.46 (KHTML, like Gecko) Version/9.0 Mobile/13B143 Safari/601.1"
144.76.19.3 - - [09/Jun/2025:00:11:28 -0400] "GET /wind-breaker-chapter-100/ HTTP/1.1" 200 12245 "-" "Mozilla/5.0 (compatible; BLEXBot/1.0; +https://help.seranking.com/en/blex-crawler)"
162.0.232.193 - - [09/Jun/2025:00:11:29 -0400] "GET /wind-breaker-chapter-382/ HTTP/1.1" 200 11994 "-" "WP Rocket/Preload"
162.0.232.193 - - [09/Jun/2025:00:11:29 -0400] "POST /wp-admin/admin-ajax.php?action=as_async_request_queue_runner&nonce=7b78fcdc7b HTTP/1.1" 200 0 "-" "WordPress/6.8.1; https://read11.windbreakermanga.com"
162.0.232.193 - - [09/Jun/2025:00:11:30 -0400] "GET /wind-breaker-chapter-382/ HTTP/1.1" 200 11693 "-" "WP Rocket/Preload Mozilla/5.0 (iPhone; CPU iPhone OS 9_1 like Mac OS X) AppleWebKit/601.1.46 (KHTML, like Gecko) Version/9.0 Mobile/13B143 Safari/601.1"
162.0.232.193 - - [09/Jun/2025:00:11:31 -0400] "GET /wind-breaker-chapter-377/ HTTP/1.1" 200 11965 "-" "WP Rocket/Preload"
162.0.232.193 - - [09/Jun/2025:00:11:32 -0400] "GET /wind-breaker-chapter-377/ HTTP/1.1" 200 11626 "-" "WP Rocket/Preload Mozilla/5.0 (iPhone; CPU iPhone OS 9_1 like Mac OS X) AppleWebKit/601.1.46 (KHTML, like Gecko) Version/9.0 Mobile/13B143 Safari/601.1"
144.76.19.3 - - [09/Jun/2025:00:11:33 -0400] "GET /wind-breaker-chapter-101/ HTTP/1.1" 200 11785 "-" "Mozilla/5.0 (compatible; BLEXBot/1.0; +https://help.seranking.com/en/blex-crawler)"
162.0.232.193 - - [09/Jun/2025:00:11:33 -0400] "GET /wind-breaker-chapter-371/ HTTP/1.1" 200 11853 "-" "WP Rocket/Preload"
162.0.232.193 - - [09/Jun/2025:00:11:34 -0400] "GET /wind-breaker-chapter-371/ HTTP/1.1" 200 11593 "-" "WP Rocket/Preload Mozilla/5.0 (iPhone; CPU iPhone OS 9_1 like Mac OS X) AppleWebKit/601.1.46 (KHTML, like Gecko) Version/9.0 Mobile/13B143 Safari/601.1"
162.0.232.193 - - [09/Jun/2025:00:11:37 -0400] "POST /wp-cron.php?doing_wp_cron=1749442297.8011779785156250000000 HTTP/1.1" 200 0 "-" "WordPress/6.8.1; https://read11.windbreakermanga.com"
144.76.19.3 - - [09/Jun/2025:00:11:37 -0400] "GET /wind-breaker-chapter-102/ HTTP/1.1" 200 11854 "-" "Mozilla/5.0 (compatible; BLEXBot/1.0; +https://help.seranking.com/en/blex-crawler)"
144.76.19.3 - - [09/Jun/2025:00:11:41 -0400] "GET /wind-breaker-chapter-103/ HTTP/1.1" 200 12043 "-" "Mozilla/5.0 (compatible; BLEXBot/1.0; +https://help.seranking.com/en/blex-crawler)"
144.76.19.3 - - [09/Jun/2025:00:12:14 -0400] "GET /wind-breaker-chapter-106/ HTTP/1.1" 200 12280 "-" "Mozilla/5.0 (compatible; BLEXBot/1.0; +https://help.seranking.com/en/blex-crawler)"
162.0.232.193 - - [09/Jun/2025:00:12:20 -0400] "POST /wp-cron.php?doing_wp_cron=1749442340.0295009613037109375000 HTTP/1.1" 200 0 "-" "WordPress/6.8.1; https://read11.windbreakermanga.com"
144.76.19.3 - - [09/Jun/2025:00:12:19 -0400] "GET /wind-breaker-chapter-107/ HTTP/1.1" 200 11427 "-" "Mozilla/5.0 (compatible; BLEXBot/1.0; +https://help.seranking.com/en/blex-crawler)"
162.0.232.193 - - [09/Jun/2025:00:12:22 -0400] "GET /wp-content/uploads/f979bbbcbe9df560cb74049269d2541e_4104.xml HTTP/1.1" 200 2577 "-" "Mozilla/5.0 (X11; Linux x86_64) AppleWebKit/537.36 (KHTML, like Gecko) Ubuntu Chromium/41.0.2272.76"
162.0.232.193 - - [09/Jun/2025:00:13:29 -0400] "POST /wp-cron.php?doing_wp_cron=1749442409.8098840713500976562500 HTTP/1.1" 200 0 "-" "WordPress/6.8.1; https://read11.windbreakermanga.com"
144.76.19.3 - - [09/Jun/2025:00:13:29 -0400] "GET /wind-breaker-chapter-110/ HTTP/1.1" 200 11764 "-" "Mozilla/5.0 (compatible; BLEXBot/1.0; +https://help.seranking.com/en/blex-crawler)"
162.0.232.193 - - [09/Jun/2025:00:13:30 -0400] "GET /wind-breaker-chapter-367/ HTTP/1.1" 200 11813 "-" "WP Rocket/Preload"
162.0.232.193 - - [09/Jun/2025:00:13:31 -0400] "GET /wind-breaker-chapter-367/ HTTP/1.1" 200 11514 "-" "WP Rocket/Preload Mozilla/5.0 (iPhone; CPU iPhone OS 9_1 like Mac OS X) AppleWebKit/601.1.46 (KHTML, like Gecko) Version/9.0 Mobile/13B143 Safari/601.1"
162.0.232.193 - - [09/Jun/2025:00:13:32 -0400] "GET /wind-breaker-chapter-364/ HTTP/1.1" 200 11812 "-" "WP Rocket/Preload"
162.0.232.193 - - [09/Jun/2025:00:13:33 -0400] "GET /wind-breaker-chapter-364/ HTTP/1.1" 200 11518 "-" "WP Rocket/Preload Mozilla/5.0 (iPhone; CPU iPhone OS 9_1 like Mac OS X) AppleWebKit/601.1.46 (KHTML, like Gecko) Version/9.0 Mobile/13B143 Safari/601.1"
162.0.232.193 - - [09/Jun/2025:00:13:34 -0400] "GET /wind-breaker-chapter-361/ HTTP/1.1" 200 11811 "-" "WP Rocket/Preload"
162.0.232.193 - - [09/Jun/2025:00:13:35 -0400] "GET /wind-breaker-chapter-361/ HTTP/1.1" 200 11517 "-" "WP Rocket/Preload Mozilla/5.0 (iPhone; CPU iPhone OS 9_1 like Mac OS X) AppleWebKit/601.1.46 (KHTML, like Gecko) Version/9.0 Mobile/13B143 Safari/601.1"
144.76.19.3 - - [09/Jun/2025:00:13:35 -0400] "GET /wind-breaker-chapter-111/ HTTP/1.1" 200 12229 "-" "Mozilla/5.0 (compatible; BLEXBot/1.0; +https://help.seranking.com/en/blex-crawler)"
162.0.232.193 - - [09/Jun/2025:00:13:36 -0400] "GET /wind-breaker-chapter-353/ HTTP/1.1" 200 11929 "-" "WP Rocket/Preload"
162.0.232.193 - - [09/Jun/2025:00:13:37 -0400] "GET /wind-breaker-chapter-353/ HTTP/1.1" 200 11600 "-" "WP Rocket/Preload Mozilla/5.0 (iPhone; CPU iPhone OS 9_1 like Mac OS X) AppleWebKit/601.1.46 (KHTML, like Gecko) Version/9.0 Mobile/13B143 Safari/601.1"
162.0.232.193 - - [09/Jun/2025:00:13:38 -0400] "GET /wind-breaker-chapter-352/ HTTP/1.1" 200 11929 "-" "WP Rocket/Preload"
162.0.232.193 - - [09/Jun/2025:00:13:38 -0400] "GET /wind-breaker-chapter-352/ HTTP/1.1" 200 11615 "-" "WP Rocket/Preload Mozilla/5.0 (iPhone; CPU iPhone OS 9_1 like Mac OS X) AppleWebKit/601.1.46 (KHTML, like Gecko) Version/9.0 Mobile/13B143 Safari/601.1"
162.0.232.193 - - [09/Jun/2025:00:13:39 -0400] "GET /wind-breaker-chapter-344/ HTTP/1.1" 200 11625 "-" "WP Rocket/Preload"
162.0.232.193 - - [09/Jun/2025:00:13:40 -0400] "GET /wind-breaker-chapter-344/ HTTP/1.1" 200 11312 "-" "WP Rocket/Preload Mozilla/5.0 (iPhone; CPU iPhone OS 9_1 like Mac OS X) AppleWebKit/601.1.46 (KHTML, like Gecko) Version/9.0 Mobile/13B143 Safari/601.1"
162.0.232.193 - - [09/Jun/2025:00:13:41 -0400] "GET /wind-breaker-chapter-345/ HTTP/1.1" 200 11829 "-" "WP Rocket/Preload"
162.0.232.193 - - [09/Jun/2025:00:13:42 -0400] "GET /wind-breaker-chapter-345/ HTTP/1.1" 200 11531 "-" "WP Rocket/Preload Mozilla/5.0 (iPhone; CPU iPhone OS 9_1 like Mac OS X) AppleWebKit/601.1.46 (KHTML, like Gecko) Version/9.0 Mobile/13B143 Safari/601.1"
162.0.232.193 - - [09/Jun/2025:00:13:43 -0400] "GET /wind-breaker-chapter-336/ HTTP/1.1" 200 11551 "-" "WP Rocket/Preload"
162.0.232.193 - - [09/Jun/2025:00:13:44 -0400] "GET /wind-breaker-chapter-336/ HTTP/1.1" 200 11267 "-" "WP Rocket/Preload Mozilla/5.0 (iPhone; CPU iPhone OS 9_1 like Mac OS X) AppleWebKit/601.1.46 (KHTML, like Gecko) Version/9.0 Mobile/13B143 Safari/601.1"
162.0.232.193 - - [09/Jun/2025:00:13:45 -0400] "GET /wind-breaker-chapter-338/ HTTP/1.1" 200 11975 "-" "WP Rocket/Preload"
162.0.232.193 - - [09/Jun/2025:00:13:46 -0400] "GET /wind-breaker-chapter-338/ HTTP/1.1" 200 11693 "-" "WP Rocket/Preload Mozilla/5.0 (iPhone; CPU iPhone OS 9_1 like Mac OS X) AppleWebKit/601.1.46 (KHTML, like Gecko) Version/9.0 Mobile/13B143 Safari/601.1"
162.0.232.193 - - [09/Jun/2025:00:13:47 -0400] "GET /wind-breaker-chapter-329/ HTTP/1.1" 200 12900 "-" "WP Rocket/Preload"
162.0.232.193 - - [09/Jun/2025:00:13:47 -0400] "GET /wind-breaker-chapter-329/ HTTP/1.1" 200 12907 "-" "WP Rocket/Preload Mozilla/5.0 (iPhone; CPU iPhone OS 9_1 like Mac OS X) AppleWebKit/601.1.46 (KHTML, like Gecko) Version/9.0 Mobile/13B143 Safari/601.1"
162.0.232.193 - - [09/Jun/2025:00:13:48 -0400] "GET /wind-breaker-chapter-315/ HTTP/1.1" 200 12843 "-" "WP Rocket/Preload"
162.0.232.193 - - [09/Jun/2025:00:13:49 -0400] "GET /wind-breaker-chapter-315/ HTTP/1.1" 200 12514 "-" "WP Rocket/Preload Mozilla/5.0 (iPhone; CPU iPhone OS 9_1 like Mac OS X) AppleWebKit/601.1.46 (KHTML, like Gecko) Version/9.0 Mobile/13B143 Safari/601.1"
162.0.232.193 - - [09/Jun/2025:00:13:50 -0400] "GET /wind-breaker-chapter-323/ HTTP/1.1" 200 12944 "-" "WP Rocket/Preload"
162.0.232.193 - - [09/Jun/2025:00:13:51 -0400] "GET /wind-breaker-chapter-323/ HTTP/1.1" 200 12949 "-" "WP Rocket/Preload Mozilla/5.0 (iPhone; CPU iPhone OS 9_1 like Mac OS X) AppleWebKit/601.1.46 (KHTML, like Gecko) Version/9.0 Mobile/13B143 Safari/601.1"
162.0.232.193 - - [09/Jun/2025:00:13:52 -0400] "GET /wind-breaker-chapter-316/ HTTP/1.1" 200 12783 "-" "WP Rocket/Preload"
162.0.232.193 - - [09/Jun/2025:00:13:53 -0400] "GET /wind-breaker-chapter-316/ HTTP/1.1" 200 12757 "-" "WP Rocket/Preload Mozilla/5.0 (iPhone; CPU iPhone OS 9_1 like Mac OS X) AppleWebKit/601.1.46 (KHTML, like Gecko) Version/9.0 Mobile/13B143 Safari/601.1"
162.0.232.193 - - [09/Jun/2025:00:14:06 -0400] "POST /wp-cron.php?doing_wp_cron=1749442446.6893808841705322265625 HTTP/1.1" 200 0 "-" "WordPress/6.8.1; https://read11.windbreakermanga.com"
144.76.19.3 - - [09/Jun/2025:00:14:06 -0400] "GET /wind-breaker-chapter-114/ HTTP/1.1" 200 11827 "-" "Mozilla/5.0 (compatible; BLEXBot/1.0; +https://help.seranking.com/en/blex-crawler)"
162.0.232.193 - - [09/Jun/2025:00:14:07 -0400] "GET /wind-breaker-chapter-306/ HTTP/1.1" 200 12816 "-" "WP Rocket/Preload"
162.0.232.193 - - [09/Jun/2025:00:14:08 -0400] "GET /wind-breaker-chapter-306/ HTTP/1.1" 200 12500 "-" "WP Rocket/Preload Mozilla/5.0 (iPhone; CPU iPhone OS 9_1 like Mac OS X) AppleWebKit/601.1.46 (KHTML, like Gecko) Version/9.0 Mobile/13B143 Safari/601.1"
162.0.232.193 - - [09/Jun/2025:00:14:09 -0400] "GET /wind-breaker-chapter-295/ HTTP/1.1" 200 12824 "-" "WP Rocket/Preload"
162.0.232.193 - - [09/Jun/2025:00:14:10 -0400] "GET /wind-breaker-chapter-295/ HTTP/1.1" 200 12526 "-" "WP Rocket/Preload Mozilla/5.0 (iPhone; CPU iPhone OS 9_1 like Mac OS X) AppleWebKit/601.1.46 (KHTML, like Gecko) Version/9.0 Mobile/13B143 Safari/601.1"
162.0.232.193 - - [09/Jun/2025:00:14:11 -0400] "GET /wind-breaker-chapter-294/ HTTP/1.1" 200 12904 "-" "WP Rocket/Preload"
162.0.232.193 - - [09/Jun/2025:00:14:12 -0400] "GET /wind-breaker-chapter-294/ HTTP/1.1" 200 12553 "-" "WP Rocket/Preload Mozilla/5.0 (iPhone; CPU iPhone OS 9_1 like Mac OS X) AppleWebKit/601.1.46 (KHTML, like Gecko) Version/9.0 Mobile/13B143 Safari/601.1"
162.0.232.193 - - [09/Jun/2025:00:14:13 -0400] "GET /wind-breaker-chapter-291/ HTTP/1.1" 200 12862 "-" "WP Rocket/Preload"
162.0.232.193 - - [09/Jun/2025:00:14:14 -0400] "GET /wind-breaker-chapter-291/ HTTP/1.1" 200 12543 "-" "WP Rocket/Preload Mozilla/5.0 (iPhone; CPU iPhone OS 9_1 like Mac OS X) AppleWebKit/601.1.46 (KHTML, like Gecko) Version/9.0 Mobile/13B143 Safari/601.1"
162.0.232.193 - - [09/Jun/2025:00:14:14 -0400] "GET /wind-breaker-chapter-289/ HTTP/1.1" 200 12536 "-" "WP Rocket/Preload"
144.76.19.3 - - [09/Jun/2025:00:14:15 -0400] "GET /wind-breaker-chapter-115/ HTTP/1.1" 200 11771 "-" "Mozilla/5.0 (compatible; BLEXBot/1.0; +https://help.seranking.com/en/blex-crawler)"
162.0.232.193 - - [09/Jun/2025:00:14:15 -0400] "GET /wind-breaker-chapter-289/ HTTP/1.1" 200 12191 "-" "WP Rocket/Preload Mozilla/5.0 (iPhone; CPU iPhone OS 9_1 like Mac OS X) AppleWebKit/601.1.46 (KHTML, like Gecko) Version/9.0 Mobile/13B143 Safari/601.1"
162.0.232.193 - - [09/Jun/2025:00:14:16 -0400] "GET /wind-breaker-chapter-283/ HTTP/1.1" 200 12213 "-" "WP Rocket/Preload"
162.0.232.193 - - [09/Jun/2025:00:14:17 -0400] "GET /wind-breaker-chapter-283/ HTTP/1.1" 200 12181 "-" "WP Rocket/Preload Mozilla/5.0 (iPhone; CPU iPhone OS 9_1 like Mac OS X) AppleWebKit/601.1.46 (KHTML, like Gecko) Version/9.0 Mobile/13B143 Safari/601.1"
162.0.232.193 - - [09/Jun/2025:00:14:18 -0400] "GET /wind-breaker-chapter-280/ HTTP/1.1" 200 12264 "-" "WP Rocket/Preload"
144.76.19.3 - - [09/Jun/2025:00:14:19 -0400] "GET /wind-breaker-chapter-116/ HTTP/1.1" 200 11770 "-" "Mozilla/5.0 (compatible; BLEXBot/1.0; +https://help.seranking.com/en/blex-crawler)"
162.0.232.193 - - [09/Jun/2025:00:14:19 -0400] "GET /wind-breaker-chapter-280/ HTTP/1.1" 200 12202 "-" "WP Rocket/Preload Mozilla/5.0 (iPhone; CPU iPhone OS 9_1 like Mac OS X) AppleWebKit/601.1.46 (KHTML, like Gecko) Version/9.0 Mobile/13B143 Safari/601.1"
162.0.232.193 - - [09/Jun/2025:00:14:20 -0400] "GET /wind-breaker-chapter-275/ HTTP/1.1" 200 12368 "-" "WP Rocket/Preload"
162.0.232.193 - - [09/Jun/2025:00:14:21 -0400] "GET /wind-breaker-chapter-275/ HTTP/1.1" 200 12656 "-" "WP Rocket/Preload Mozilla/5.0 (iPhone; CPU iPhone OS 9_1 like Mac OS X) AppleWebKit/601.1.46 (KHTML, like Gecko) Version/9.0 Mobile/13B143 Safari/601.1"
162.0.232.193 - - [09/Jun/2025:00:14:22 -0400] "GET /wind-breaker-chapter-259/ HTTP/1.1" 200 12674 "-" "WP Rocket/Preload"
162.0.232.193 - - [09/Jun/2025:00:14:23 -0400] "GET /wind-breaker-chapter-259/ HTTP/1.1" 200 12672 "-" "WP Rocket/Preload Mozilla/5.0 (iPhone; CPU iPhone OS 9_1 like Mac OS X) AppleWebKit/601.1.46 (KHTML, like Gecko) Version/9.0 Mobile/13B143 Safari/601.1"
162.0.232.193 - - [09/Jun/2025:00:14:24 -0400] "GET /wind-breaker-chapter-256/ HTTP/1.1" 200 12528 "-" "WP Rocket/Preload"
162.0.232.193 - - [09/Jun/2025:00:14:25 -0400] "GET /wind-breaker-chapter-256/ HTTP/1.1" 200 12168 "-" "WP Rocket/Preload Mozilla/5.0 (iPhone; CPU iPhone OS 9_1 like Mac OS X) AppleWebKit/601.1.46 (KHTML, like Gecko) Version/9.0 Mobile/13B143 Safari/601.1"
162.0.232.193 - - [09/Jun/2025:00:14:26 -0400] "GET /chapter-249/ HTTP/1.1" 200 10734 "-" "WP Rocket/Preload"
162.0.232.193 - - [09/Jun/2025:00:14:27 -0400] "GET /chapter-249/ HTTP/1.1" 200 11083 "-" "WP Rocket/Preload Mozilla/5.0 (iPhone; CPU iPhone OS 9_1 like Mac OS X) AppleWebKit/601.1.46 (KHTML, like Gecko) Version/9.0 Mobile/13B143 Safari/601.1"
162.0.232.193 - - [09/Jun/2025:00:14:28 -0400] "GET /chapter-248/ HTTP/1.1" 200 11082 "-" "WP Rocket/Preload"
162.0.232.193 - - [09/Jun/2025:00:14:29 -0400] "GET /chapter-248/ HTTP/1.1" 200 11069 "-" "WP Rocket/Preload Mozilla/5.0 (iPhone; CPU iPhone OS 9_1 like Mac OS X) AppleWebKit/601.1.46 (KHTML, like Gecko) Version/9.0 Mobile/13B143 Safari/601.1"
162.0.232.193 - - [09/Jun/2025:00:14:30 -0400] "GET /chapter-241/ HTTP/1.1" 200 11081 "-" "WP Rocket/Preload"
162.0.232.193 - - [09/Jun/2025:00:14:31 -0400] "GET /chapter-241/ HTTP/1.1" 200 11069 "-" "WP Rocket/Preload Mozilla/5.0 (iPhone; CPU iPhone OS 9_1 like Mac OS X) AppleWebKit/601.1.46 (KHTML, like Gecko) Version/9.0 Mobile/13B143 Safari/601.1"
162.0.232.193 - - [09/Jun/2025:00:14:49 -0400] "POST /wp-cron.php?doing_wp_cron=1749442489.7933969497680664062500 HTTP/1.1" 200 0 "-" "WordPress/6.8.1; https://read11.windbreakermanga.com"
144.76.19.3 - - [09/Jun/2025:00:14:49 -0400] "GET /wind-breaker-chapter-117/ HTTP/1.1" 200 11853 "-" "Mozilla/5.0 (compatible; BLEXBot/1.0; +https://help.seranking.com/en/blex-crawler)"
162.0.232.193 - - [09/Jun/2025:00:14:50 -0400] "GET /chapter-231/ HTTP/1.1" 200 11076 "-" "WP Rocket/Preload"
162.0.232.193 - - [09/Jun/2025:00:14:51 -0400] "GET /chapter-231/ HTTP/1.1" 200 11075 "-" "WP Rocket/Preload Mozilla/5.0 (iPhone; CPU iPhone OS 9_1 like Mac OS X) AppleWebKit/601.1.46 (KHTML, like Gecko) Version/9.0 Mobile/13B143 Safari/601.1"
162.0.232.193 - - [09/Jun/2025:00:14:52 -0400] "GET /wind-breaker-chapter-228/ HTTP/1.1" 200 12527 "-" "WP Rocket/Preload"
162.0.232.193 - - [09/Jun/2025:00:14:53 -0400] "GET /wind-breaker-chapter-228/ HTTP/1.1" 200 12217 "-" "WP Rocket/Preload Mozilla/5.0 (iPhone; CPU iPhone OS 9_1 like Mac OS X) AppleWebKit/601.1.46 (KHTML, like Gecko) Version/9.0 Mobile/13B143 Safari/601.1"
144.76.19.3 - - [09/Jun/2025:00:14:53 -0400] "GET /wind-breaker-chapter-118/ HTTP/1.1" 200 12268 "-" "Mozilla/5.0 (compatible; BLEXBot/1.0; +https://help.seranking.com/en/blex-crawler)"
162.0.232.193 - - [09/Jun/2025:00:14:54 -0400] "GET /chapter-234/ HTTP/1.1" 200 11082 "-" "WP Rocket/Preload"
162.0.232.193 - - [09/Jun/2025:00:14:54 -0400] "GET /chapter-234/ HTTP/1.1" 200 11068 "-" "WP Rocket/Preload Mozilla/5.0 (iPhone; CPU iPhone OS 9_1 like Mac OS X) AppleWebKit/601.1.46 (KHTML, like Gecko) Version/9.0 Mobile/13B143 Safari/601.1"
162.0.232.193 - - [09/Jun/2025:00:14:55 -0400] "GET /wind-breaker-chapter-229/ HTTP/1.1" 200 12485 "-" "WP Rocket/Preload"
162.0.232.193 - - [09/Jun/2025:00:14:56 -0400] "GET /wind-breaker-chapter-229/ HTTP/1.1" 200 12149 "-" "WP Rocket/Preload Mozilla/5.0 (iPhone; CPU iPhone OS 9_1 like Mac OS X) AppleWebKit/601.1.46 (KHTML, like Gecko) Version/9.0 Mobile/13B143 Safari/601.1"
162.0.232.193 - - [09/Jun/2025:00:14:57 -0400] "GET /wind-breaker-chapter-225/ HTTP/1.1" 200 12274 "-" "WP Rocket/Preload"
162.0.232.193 - - [09/Jun/2025:00:14:58 -0400] "GET /wind-breaker-chapter-225/ HTTP/1.1" 200 11969 "-" "WP Rocket/Preload Mozilla/5.0 (iPhone; CPU iPhone OS 9_1 like Mac OS X) AppleWebKit/601.1.46 (KHTML, like Gecko) Version/9.0 Mobile/13B143 Safari/601.1"
162.0.232.193 - - [09/Jun/2025:00:14:59 -0400] "GET /wind-breaker-chapter-222/ HTTP/1.1" 200 12390 "-" "WP Rocket/Preload"
162.0.232.193 - - [09/Jun/2025:00:15:00 -0400] "GET /wind-breaker-chapter-222/ HTTP/1.1" 200 12093 "-" "WP Rocket/Preload Mozilla/5.0 (iPhone; CPU iPhone OS 9_1 like Mac OS X) AppleWebKit/601.1.46 (KHTML, like Gecko) Version/9.0 Mobile/13B143 Safari/601.1"
162.0.232.193 - - [09/Jun/2025:00:15:01 -0400] "GET /wind-breaker-chapter-217/ HTTP/1.1" 200 12388 "-" "WP Rocket/Preload"
162.0.232.193 - - [09/Jun/2025:00:15:03 -0400] "GET /wind-breaker-chapter-217/ HTTP/1.1" 200 12062 "-" "WP Rocket/Preload Mozilla/5.0 (iPhone; CPU iPhone OS 9_1 like Mac OS X) AppleWebKit/601.1.46 (KHTML, like Gecko) Version/9.0 Mobile/13B143 Safari/601.1"
162.0.232.193 - - [09/Jun/2025:00:15:04 -0400] "GET /wind-breaker-chapter-212/ HTTP/1.1" 200 12430 "-" "WP Rocket/Preload"
162.0.232.193 - - [09/Jun/2025:00:15:05 -0400] "GET /wind-breaker-chapter-212/ HTTP/1.1" 200 12144 "-" "WP Rocket/Preload Mozilla/5.0 (iPhone; CPU iPhone OS 9_1 like Mac OS X) AppleWebKit/601.1.46 (KHTML, like Gecko) Version/9.0 Mobile/13B143 Safari/601.1"
162.0.232.193 - - [09/Jun/2025:00:15:07 -0400] "GET /wind-breaker-chapter-214/ HTTP/1.1" 200 12377 "-" "WP Rocket/Preload"
162.0.232.193 - - [09/Jun/2025:00:15:08 -0400] "GET /wind-breaker-chapter-214/ HTTP/1.1" 200 11994 "-" "WP Rocket/Preload Mozilla/5.0 (iPhone; CPU iPhone OS 9_1 like Mac OS X) AppleWebKit/601.1.46 (KHTML, like Gecko) Version/9.0 Mobile/13B143 Safari/601.1"
162.0.232.193 - - [09/Jun/2025:00:15:09 -0400] "GET /wind-breaker-chapter-196/ HTTP/1.1" 200 12399 "-" "WP Rocket/Preload"
162.0.232.193 - - [09/Jun/2025:00:15:11 -0400] "GET /wind-breaker-chapter-196/ HTTP/1.1" 200 0 "-" "WP Rocket/Preload Mozilla/5.0 (iPhone; CPU iPhone OS 9_1 like Mac OS X) AppleWebKit/601.1.46 (KHTML, like Gecko) Version/9.0 Mobile/13B143 Safari/601.1"
162.0.232.193 - - [09/Jun/2025:00:15:12 -0400] "GET /wind-breaker-chapter-86/ HTTP/1.1" 200 11836 "-" "WP Rocket/Preload"
162.0.232.193 - - [09/Jun/2025:00:15:13 -0400] "GET /wind-breaker-chapter-86/ HTTP/1.1" 200 11893 "-" "WP Rocket/Preload Mozilla/5.0 (iPhone; CPU iPhone OS 9_1 like Mac OS X) AppleWebKit/601.1.46 (KHTML, like Gecko) Version/9.0 Mobile/13B143 Safari/601.1"
144.76.19.3 - - [09/Jun/2025:00:15:21 -0400] "GET /wind-breaker-chapter-119/ HTTP/1.1" 200 11930 "-" "Mozilla/5.0 (compatible; BLEXBot/1.0; +https://help.seranking.com/en/blex-crawler)"
162.0.232.193 - - [09/Jun/2025:00:15:23 -0400] "POST /wp-cron.php?doing_wp_cron=1749442523.1384439468383789062500 HTTP/1.1" 200 0 "-" "WordPress/6.8.1; https://read11.windbreakermanga.com"
144.76.19.3 - - [09/Jun/2025:00:15:24 -0400] "GET /wind-breaker-chapter-120/ HTTP/1.1" 200 11803 "-" "Mozilla/5.0 (compatible; BLEXBot/1.0; +https://help.seranking.com/en/blex-crawler)"
114.119.139.202 - - [09/Jun/2025:00:15:28 -0400] "GET / HTTP/1.1" 200 12578 "https://read8.windbreakermanga.com/wind-breaker/page/41/" "Mozilla/5.0 (Linux; Android 7.0;) AppleWebKit/537.36 (KHTML, like Gecko) Mobile Safari/537.36 (compatible; PetalBot;+https://webmaster.petalsearch.com/site/petalbot)"
144.76.19.3 - - [09/Jun/2025:00:15:29 -0400] "GET /wind-breaker-chapter-121/ HTTP/1.1" 200 12278 "-" "Mozilla/5.0 (compatible; BLEXBot/1.0; +https://help.seranking.com/en/blex-crawler)"
2a03:2880:22ff:5:: - - [09/Jun/2025:00:15:32 -0400] "GET / HTTP/1.1" 200 12572 "-" "meta-externalagent/1.1 (+https://developers.facebook.com/docs/sharing/webmasters/crawler)"
162.0.232.193 - - [09/Jun/2025:00:15:55 -0400] "POST /wp-cron.php?doing_wp_cron=1749442555.7017350196838378906250 HTTP/1.1" 200 0 "-" "WordPress/6.8.1; https://read11.windbreakermanga.com"
144.76.19.3 - - [09/Jun/2025:00:15:55 -0400] "GET /wind-breaker-chapter-122/ HTTP/1.1" 200 11800 "-" "Mozilla/5.0 (compatible; BLEXBot/1.0; +https://help.seranking.com/en/blex-crawler)"
162.0.232.193 - - [09/Jun/2025:00:15:56 -0400] "GET /wind-breaker-chapter-198/ HTTP/1.1" 200 12321 "-" "WP Rocket/Preload"
162.0.232.193 - - [09/Jun/2025:00:15:56 -0400] "GET /wind-breaker-chapter-198/ HTTP/1.1" 200 12029 "-" "WP Rocket/Preload Mozilla/5.0 (iPhone; CPU iPhone OS 9_1 like Mac OS X) AppleWebKit/601.1.46 (KHTML, like Gecko) Version/9.0 Mobile/13B143 Safari/601.1"
162.0.232.193 - - [09/Jun/2025:00:15:57 -0400] "GET /wind-breaker-chapter-197/ HTTP/1.1" 200 12378 "-" "WP Rocket/Preload"
162.0.232.193 - - [09/Jun/2025:00:15:58 -0400] "GET /wind-breaker-chapter-197/ HTTP/1.1" 200 12048 "-" "WP Rocket/Preload Mozilla/5.0 (iPhone; CPU iPhone OS 9_1 like Mac OS X) AppleWebKit/601.1.46 (KHTML, like Gecko) Version/9.0 Mobile/13B143 Safari/601.1"
144.76.19.3 - - [09/Jun/2025:00:15:59 -0400] "GET /wind-breaker-chapter-123/ HTTP/1.1" 200 12277 "-" "Mozilla/5.0 (compatible; BLEXBot/1.0; +https://help.seranking.com/en/blex-crawler)"
162.0.232.193 - - [09/Jun/2025:00:15:59 -0400] "GET /wind-breaker-chapter-194/ HTTP/1.1" 200 12318 "-" "WP Rocket/Preload"
162.0.232.193 - - [09/Jun/2025:00:16:00 -0400] "GET /wind-breaker-chapter-194/ HTTP/1.1" 200 12032 "-" "WP Rocket/Preload Mozilla/5.0 (iPhone; CPU iPhone OS 9_1 like Mac OS X) AppleWebKit/601.1.46 (KHTML, like Gecko) Version/9.0 Mobile/13B143 Safari/601.1"
162.0.232.193 - - [09/Jun/2025:00:16:01 -0400] "GET /wind-breaker-chapter-109/ HTTP/1.1" 200 12250 "-" "WP Rocket/Preload"
162.0.232.193 - - [09/Jun/2025:00:16:02 -0400] "GET /wind-breaker-chapter-109/ HTTP/1.1" 200 11916 "-" "WP Rocket/Preload Mozilla/5.0 (iPhone; CPU iPhone OS 9_1 like Mac OS X) AppleWebKit/601.1.46 (KHTML, like Gecko) Version/9.0 Mobile/13B143 Safari/601.1"
162.0.232.193 - - [09/Jun/2025:00:16:03 -0400] "GET /wind-breaker-chapter-187/ HTTP/1.1" 200 12325 "-" "WP Rocket/Preload"
162.0.232.193 - - [09/Jun/2025:00:16:04 -0400] "GET /wind-breaker-chapter-187/ HTTP/1.1" 200 11995 "-" "WP Rocket/Preload Mozilla/5.0 (iPhone; CPU iPhone OS 9_1 like Mac OS X) AppleWebKit/601.1.46 (KHTML, like Gecko) Version/9.0 Mobile/13B143 Safari/601.1"
162.0.232.193 - - [09/Jun/2025:00:16:05 -0400] "GET /wind-breaker-chapter-191/ HTTP/1.1" 200 12248 "-" "WP Rocket/Preload"
162.0.232.193 - - [09/Jun/2025:00:16:06 -0400] "GET /wind-breaker-chapter-191/ HTTP/1.1" 200 11935 "-" "WP Rocket/Preload Mozilla/5.0 (iPhone; CPU iPhone OS 9_1 like Mac OS X) AppleWebKit/601.1.46 (KHTML, like Gecko) Version/9.0 Mobile/13B143 Safari/601.1"
162.0.232.193 - - [09/Jun/2025:00:16:07 -0400] "GET /wind-breaker-chapter-190/ HTTP/1.1" 200 12418 "-" "WP Rocket/Preload"
162.0.232.193 - - [09/Jun/2025:00:16:08 -0400] "GET /wind-breaker-chapter-190/ HTTP/1.1" 200 12067 "-" "WP Rocket/Preload Mozilla/5.0 (iPhone; CPU iPhone OS 9_1 like Mac OS X) AppleWebKit/601.1.46 (KHTML, like Gecko) Version/9.0 Mobile/13B143 Safari/601.1"
162.0.232.193 - - [09/Jun/2025:00:16:09 -0400] "GET /wind-breaker-chapter-189/ HTTP/1.1" 200 12382 "-" "WP Rocket/Preload"
162.0.232.193 - - [09/Jun/2025:00:16:09 -0400] "GET /wind-breaker-chapter-189/ HTTP/1.1" 200 12056 "-" "WP Rocket/Preload Mozilla/5.0 (iPhone; CPU iPhone OS 9_1 like Mac OS X) AppleWebKit/601.1.46 (KHTML, like Gecko) Version/9.0 Mobile/13B143 Safari/601.1"
162.0.232.193 - - [09/Jun/2025:00:16:10 -0400] "GET /wind-breaker-chapter-185/ HTTP/1.1" 200 12277 "-" "WP Rocket/Preload"
162.0.232.193 - - [09/Jun/2025:00:16:11 -0400] "GET /wind-breaker-chapter-185/ HTTP/1.1" 200 11974 "-" "WP Rocket/Preload Mozilla/5.0 (iPhone; CPU iPhone OS 9_1 like Mac OS X) AppleWebKit/601.1.46 (KHTML, like Gecko) Version/9.0 Mobile/13B143 Safari/601.1"
162.0.232.193 - - [09/Jun/2025:00:16:12 -0400] "GET /wind-breaker-chapter-184/ HTTP/1.1" 200 12518 "-" "WP Rocket/Preload"
162.0.232.193 - - [09/Jun/2025:00:16:13 -0400] "GET /wind-breaker-chapter-184/ HTTP/1.1" 200 12193 "-" "WP Rocket/Preload Mozilla/5.0 (iPhone; CPU iPhone OS 9_1 like Mac OS X) AppleWebKit/601.1.46 (KHTML, like Gecko) Version/9.0 Mobile/13B143 Safari/601.1"
162.0.232.193 - - [09/Jun/2025:00:16:14 -0400] "GET /wind-breaker-chapter-181/ HTTP/1.1" 200 12309 "-" "WP Rocket/Preload"
162.0.232.193 - - [09/Jun/2025:00:16:15 -0400] "GET /wind-breaker-chapter-181/ HTTP/1.1" 200 12017 "-" "WP Rocket/Preload Mozilla/5.0 (iPhone; CPU iPhone OS 9_1 like Mac OS X) AppleWebKit/601.1.46 (KHTML, like Gecko) Version/9.0 Mobile/13B143 Safari/601.1"
162.0.232.193 - - [09/Jun/2025:00:16:16 -0400] "GET /wind-breaker-chapter-177/ HTTP/1.1" 200 12170 "-" "WP Rocket/Preload"
162.0.232.193 - - [09/Jun/2025:00:16:17 -0400] "GET /wind-breaker-chapter-177/ HTTP/1.1" 200 11886 "-" "WP Rocket/Preload Mozilla/5.0 (iPhone; CPU iPhone OS 9_1 like Mac OS X) AppleWebKit/601.1.46 (KHTML, like Gecko) Version/9.0 Mobile/13B143 Safari/601.1"
162.0.232.193 - - [09/Jun/2025:00:16:18 -0400] "GET /wind-breaker-chapter-57/ HTTP/1.1" 200 12160 "-" "WP Rocket/Preload"
162.0.232.193 - - [09/Jun/2025:00:16:18 -0400] "GET /wind-breaker-chapter-57/ HTTP/1.1" 200 11830 "-" "WP Rocket/Preload Mozilla/5.0 (iPhone; CPU iPhone OS 9_1 like Mac OS X) AppleWebKit/601.1.46 (KHTML, like Gecko) Version/9.0 Mobile/13B143 Safari/601.1"
162.0.232.193 - - [09/Jun/2025:00:16:19 -0400] "GET /wind-breaker-chapter-169/ HTTP/1.1" 200 12286 "-" "WP Rocket/Preload"
162.0.232.193 - - [09/Jun/2025:00:16:20 -0400] "GET /wind-breaker-chapter-169/ HTTP/1.1" 200 11986 "-" "WP Rocket/Preload Mozilla/5.0 (iPhone; CPU iPhone OS 9_1 like Mac OS X) AppleWebKit/601.1.46 (KHTML, like Gecko) Version/9.0 Mobile/13B143 Safari/601.1"
162.0.232.193 - - [09/Jun/2025:00:16:53 -0400] "POST /wp-cron.php?doing_wp_cron=1749442613.7879250049591064453125 HTTP/1.1" 200 0 "-" "WordPress/6.8.1; https://read11.windbreakermanga.com"
162.0.232.193 - - [09/Jun/2025:00:16:55 -0400] "GET /wp-content/uploads/f979bbbcbe9df560cb74049269d2541e_4104.xml HTTP/1.1" 200 2577 "-" "Mozilla/5.0 (X11; Linux x86_64) AppleWebKit/537.36 (KHTML, like Gecko) Ubuntu Chromium/41.0.2272.76"
47.128.111.119 - - [09/Jun/2025:00:17:12 -0400] "GET / HTTP/1.1" 200 12578 "-" "Mozilla/5.0 (Linux; Android 5.0) AppleWebKit/537.36 (KHTML, like Gecko) Mobile Safari/537.36 (compatible; TikTokSpider; [email protected])"
114.119.154.207 - - [09/Jun/2025:00:17:13 -0400] "GET / HTTP/1.1" 200 12578 "https://windbreakermanga.com/wp-content/uploads/2021/11/wbr-685x1024.jpeg" "Mozilla/5.0 (Linux; Android 7.0;) AppleWebKit/537.36 (KHTML, like Gecko) Mobile Safari/537.36 (compatible; PetalBot;+https://webmaster.petalsearch.com/site/petalbot)"
144.76.19.3 - - [09/Jun/2025:00:18:20 -0400] "GET /wind-breaker-chapter-124/ HTTP/1.1" 200 12224 "-" "Mozilla/5.0 (compatible; BLEXBot/1.0; +https://help.seranking.com/en/blex-crawler)"
162.0.232.193 - - [09/Jun/2025:00:18:26 -0400] "POST /wp-cron.php?doing_wp_cron=1749442705.9334011077880859375000 HTTP/1.1" 200 0 "-" "WordPress/6.8.1; https://read11.windbreakermanga.com"
144.76.19.3 - - [09/Jun/2025:00:18:25 -0400] "GET /wind-breaker-chapter-125/ HTTP/1.1" 200 11456 "-" "Mozilla/5.0 (compatible; BLEXBot/1.0; +https://help.seranking.com/en/blex-crawler)"
162.0.232.193 - - [09/Jun/2025:00:18:26 -0400] "GET /wind-breaker-chapter-171/ HTTP/1.1" 200 11922 "-" "WP Rocket/Preload"
162.0.232.193 - - [09/Jun/2025:00:18:27 -0400] "GET /wind-breaker-chapter-171/ HTTP/1.1" 200 11928 "-" "WP Rocket/Preload Mozilla/5.0 (iPhone; CPU iPhone OS 9_1 like Mac OS X) AppleWebKit/601.1.46 (KHTML, like Gecko) Version/9.0 Mobile/13B143 Safari/601.1"
162.0.232.193 - - [09/Jun/2025:00:18:28 -0400] "GET /wind-breaker-chapter-167/ HTTP/1.1" 200 12225 "-" "WP Rocket/Preload"
162.0.232.193 - - [09/Jun/2025:00:18:29 -0400] "GET /wind-breaker-chapter-167/ HTTP/1.1" 200 12238 "-" "WP Rocket/Preload Mozilla/5.0 (iPhone; CPU iPhone OS 9_1 like Mac OS X) AppleWebKit/601.1.46 (KHTML, like Gecko) Version/9.0 Mobile/13B143 Safari/601.1"
144.76.19.3 - - [09/Jun/2025:00:18:30 -0400] "GET /wind-breaker-chapter-126/ HTTP/1.1" 200 12277 "-" "Mozilla/5.0 (compatible; BLEXBot/1.0; +https://help.seranking.com/en/blex-crawler)"
162.0.232.193 - - [09/Jun/2025:00:18:30 -0400] "GET /wind-breaker-chapter-158/ HTTP/1.1" 200 12519 "-" "WP Rocket/Preload"
162.0.232.193 - - [09/Jun/2025:00:18:31 -0400] "GET /wind-breaker-chapter-158/ HTTP/1.1" 200 12194 "-" "WP Rocket/Preload Mozilla/5.0 (iPhone; CPU iPhone OS 9_1 like Mac OS X) AppleWebKit/601.1.46 (KHTML, like Gecko) Version/9.0 Mobile/13B143 Safari/601.1"
162.0.232.193 - - [09/Jun/2025:00:18:32 -0400] "GET /wind-breaker-chapter-46/ HTTP/1.1" 200 12208 "-" "WP Rocket/Preload"
162.0.232.193 - - [09/Jun/2025:00:18:33 -0400] "GET /wind-breaker-chapter-46/ HTTP/1.1" 200 11920 "-" "WP Rocket/Preload Mozilla/5.0 (iPhone; CPU iPhone OS 9_1 like Mac OS X) AppleWebKit/601.1.46 (KHTML, like Gecko) Version/9.0 Mobile/13B143 Safari/601.1"
