170.106.84.136 - - [11/Jun/2025:01:01:43 -0400] "GET /wind-breaker-chapter-29/ HTTP/1.1" 200 11928 "-" "Mozilla/5.0 (iPhone; CPU iPhone OS 13_2_3 like Mac OS X) AppleWebKit/605.1.15 (KHTML, like Gecko) Version/13.0.3 Mobile/15E148 Safari/604.1"
162.0.232.193 - - [11/Jun/2025:01:01:44 -0400] "GET /wind-breaker-chapter-452/ HTTP/1.1" 200 12123 "-" "WP Rocket/Preload"
162.0.232.193 - - [11/Jun/2025:01:01:46 -0400] "GET /wind-breaker-chapter-452/ HTTP/1.1" 200 0 "-" "WP Rocket/Preload Mozilla/5.0 (iPhone; CPU iPhone OS 9_1 like Mac OS X) AppleWebKit/601.1.46 (KHTML, like Gecko) Version/9.0 Mobile/13B143 Safari/601.1"
216.73.216.239 - - [11/Jun/2025:01:01:47 -0400] "GET /shopdetail/273417476 HTTP/1.1" 500 1034 "-" "Mozilla/5.0 AppleWebKit/537.36 (KHTML, like Gecko; compatible; ClaudeBot/1.0; [email protected])"
216.73.216.239 - - [11/Jun/2025:01:01:47 -0400] "GET /shopdetail/273410008 HTTP/1.1" 500 1034 "-" "Mozilla/5.0 AppleWebKit/537.36 (KHTML, like Gecko; compatible; ClaudeBot/1.0; [email protected])"
162.0.232.193 - - [11/Jun/2025:01:01:48 -0400] "GET /wind-breaker-chapter-449/ HTTP/1.1" 200 0 "-" "WP Rocket/Preload"
162.0.232.193 - - [11/Jun/2025:01:01:49 -0400] "GET /wind-breaker-chapter-449/ HTTP/1.1" 200 0 "-" "WP Rocket/Preload Mozilla/5.0 (iPhone; CPU iPhone OS 9_1 like Mac OS X) AppleWebKit/601.1.46 (KHTML, like Gecko) Version/9.0 Mobile/13B143 Safari/601.1"
162.0.232.193 - - [11/Jun/2025:01:01:51 -0400] "GET /wind-breaker-chapter-448/ HTTP/1.1" 200 12175 "-" "WP Rocket/Preload"
2001:861:3143:8140:b06e:1d9a:daef:1288 - - [11/Jun/2025:01:01:53 -0400] "GET /wind-breaker-chapter-449/ HTTP/1.1" 200 12163 "-" "Mozilla/5.0 (iPad; CPU OS 13_6 like Mac OS X) AppleWebKit/605.1.15 (KHTML, like Gecko) Version/13.1.2 Mobile/15E148 Safari/604.1"
162.0.232.193 - - [11/Jun/2025:01:01:53 -0400] "GET /wind-breaker-chapter-448/ HTTP/1.1" 200 0 "-" "WP Rocket/Preload Mozilla/5.0 (iPhone; CPU iPhone OS 9_1 like Mac OS X) AppleWebKit/601.1.46 (KHTML, like Gecko) Version/9.0 Mobile/13B143 Safari/601.1"
162.0.232.193 - - [11/Jun/2025:01:01:54 -0400] "GET /wind-breaker-chapter-433/ HTTP/1.1" 200 11755 "-" "WP Rocket/Preload"
162.0.232.193 - - [11/Jun/2025:01:01:56 -0400] "GET /wind-breaker-chapter-433/ HTTP/1.1" 200 0 "-" "WP Rocket/Preload Mozilla/5.0 (iPhone; CPU iPhone OS 9_1 like Mac OS X) AppleWebKit/601.1.46 (KHTML, like Gecko) Version/9.0 Mobile/13B143 Safari/601.1"
162.0.232.193 - - [11/Jun/2025:01:01:57 -0400] "GET /wind-breaker-chapter-437/ HTTP/1.1" 200 12278 "-" "WP Rocket/Preload"
162.0.232.193 - - [11/Jun/2025:01:01:58 -0400] "GET /wind-breaker-chapter-437/ HTTP/1.1" 200 0 "-" "WP Rocket/Preload Mozilla/5.0 (iPhone; CPU iPhone OS 9_1 like Mac OS X) AppleWebKit/601.1.46 (KHTML, like Gecko) Version/9.0 Mobile/13B143 Safari/601.1"
162.0.232.193 - - [11/Jun/2025:01:02:00 -0400] "GET /wind-breaker-chapter-328/ HTTP/1.1" 200 12751 "-" "WP Rocket/Preload"
162.0.232.193 - - [11/Jun/2025:01:02:01 -0400] "GET /wind-breaker-chapter-328/ HTTP/1.1" 200 0 "-" "WP Rocket/Preload Mozilla/5.0 (iPhone; CPU iPhone OS 9_1 like Mac OS X) AppleWebKit/601.1.46 (KHTML, like Gecko) Version/9.0 Mobile/13B143 Safari/601.1"
162.0.232.193 - - [11/Jun/2025:01:02:03 -0400] "GET /chapter-427/ HTTP/1.1" 200 0 "-" "WP Rocket/Preload"
162.0.232.193 - - [11/Jun/2025:01:02:04 -0400] "GET /chapter-427/ HTTP/1.1" 200 0 "-" "WP Rocket/Preload Mozilla/5.0 (iPhone; CPU iPhone OS 9_1 like Mac OS X) AppleWebKit/601.1.46 (KHTML, like Gecko) Version/9.0 Mobile/13B143 Safari/601.1"
66.249.77.192 - - [11/Jun/2025:01:02:06 -0400] "GET /info/clarifying221025952 HTTP/1.1" 200 81171 "-" "Mozilla/5.0 (Linux; Android 6.0.1; Nexus 5X Build/MMB29P) AppleWebKit/537.36 (KHTML, like Gecko) Chrome/136.0.7103.113 Mobile Safari/537.36 (compatible; Googlebot/2.1; +http://www.google.com/bot.html)"
66.249.77.193 - - [11/Jun/2025:01:02:22 -0400] "GET /item/charactery220025728 HTTP/1.1" 200 80720 "-" "Mozilla/5.0 (Linux; Android 6.0.1; Nexus 5X Build/MMB29P) AppleWebKit/537.36 (KHTML, like Gecko) Chrome/136.0.7103.113 Mobile Safari/537.36 (compatible; Googlebot/2.1; +http://www.google.com/bot.html)"
66.249.77.192 - - [11/Jun/2025:01:02:23 -0400] "GET /products/10163016 HTTP/1.1" 200 80748 "-" "Mozilla/5.0 (Linux; Android 6.0.1; Nexus 5X Build/MMB29P) AppleWebKit/537.36 (KHTML, like Gecko) Chrome/136.0.7103.113 Mobile Safari/537.36 (compatible; Googlebot/2.1; +http://www.google.com/bot.html)"
47.128.44.13 - - [11/Jun/2025:01:02:40 -0400] "GET /wp-includes/media.php HTTP/1.1" 403 1242 "-" "Mozilla/5.0 (Linux; Android 5.0) AppleWebKit/537.36 (KHTML, like Gecko) Mobile Safari/537.36 (compatible; Bytespider; [email protected])"
216.73.216.239 - - [11/Jun/2025:01:02:46 -0400] "GET /shopdetail/274658872 HTTP/1.1" 500 1034 "-" "Mozilla/5.0 AppleWebKit/537.36 (KHTML, like Gecko; compatible; ClaudeBot/1.0; [email protected])"
216.73.216.239 - - [11/Jun/2025:01:02:47 -0400] "GET /shopdetail/273361232 HTTP/1.1" 500 1034 "-" "Mozilla/5.0 AppleWebKit/537.36 (KHTML, like Gecko; compatible; ClaudeBot/1.0; [email protected])"
66.249.77.192 - - [11/Jun/2025:01:02:52 -0400] "GET /item/221024608 HTTP/1.1" 200 81526 "-" "Mozilla/5.0 (Linux; Android 6.0.1; Nexus 5X Build/MMB29P) AppleWebKit/537.36 (KHTML, like Gecko) Chrome/136.0.7103.113 Mobile Safari/537.36 (compatible; Googlebot/2.1; +http://www.google.com/bot.html)"
66.249.77.194 - - [11/Jun/2025:01:03:08 -0400] "GET /items/36961048 HTTP/1.1" 200 81650 "-" "Mozilla/5.0 (Linux; Android 6.0.1; Nexus 5X Build/MMB29P) AppleWebKit/537.36 (KHTML, like Gecko) Chrome/136.0.7103.113 Mobile Safari/537.36 (compatible; Googlebot/2.1; +http://www.google.com/bot.html)"
162.0.232.193 - - [11/Jun/2025:01:03:18 -0400] "POST /wp-cron.php?doing_wp_cron=1749618197.2977569103240966796875 HTTP/1.1" 200 0 "-" "WordPress/6.8.1; https://read11.windbreakermanga.com"
66.249.77.192 - - [11/Jun/2025:01:03:24 -0400] "GET /goodscode/pocard36740712 HTTP/1.1" 200 81360 "-" "Mozilla/5.0 (Linux; Android 6.0.1; Nexus 5X Build/MMB29P) AppleWebKit/537.36 (KHTML, like Gecko) Chrome/136.0.7103.113 Mobile Safari/537.36 (compatible; Googlebot/2.1; +http://www.google.com/bot.html)"
2a03:2880:f800:1b:: - - [11/Jun/2025:01:03:05 -0400] "GET /?MA HTTP/1.1" 200 12429 "-" "meta-externalagent/1.1 (+https://developers.facebook.com/docs/sharing/webmasters/crawler)"
66.249.77.193 - - [11/Jun/2025:01:03:28 -0400] "GET /manga/wind-breaker-chapter-1/ HTTP/1.1" 200 81439 "-" "Mozilla/5.0 (Linux; Android 6.0.1; Nexus 5X Build/MMB29P) AppleWebKit/537.36 (KHTML, like Gecko) Chrome/136.0.7103.113 Mobile Safari/537.36 (compatible; Googlebot/2.1; +http://www.google.com/bot.html)"
2001:861:3143:8140:b06e:1d9a:daef:1288 - - [11/Jun/2025:01:03:33 -0400] "GET /wind-breaker-chapter-450/ HTTP/1.1" 200 12104 "-" "Mozilla/5.0 (iPad; CPU OS 13_6 like Mac OS X) AppleWebKit/605.1.15 (KHTML, like Gecko) Version/13.1.2 Mobile/15E148 Safari/604.1"
47.128.40.141 - - [11/Jun/2025:01:03:41 -0400] "GET /wp-includes/class-wp-phpmailer.php HTTP/1.1" 403 1242 "-" "Mozilla/5.0 (Linux; Android 5.0) AppleWebKit/537.36 (KHTML, like Gecko) Mobile Safari/537.36 (compatible; Bytespider; [email protected])"
216.73.216.239 - - [11/Jun/2025:01:03:44 -0400] "GET /shopdetail/274673192 HTTP/1.1" 500 1034 "-" "Mozilla/5.0 AppleWebKit/537.36 (KHTML, like Gecko; compatible; ClaudeBot/1.0; [email protected])"
66.249.77.192 - - [11/Jun/2025:01:03:45 -0400] "GET /items/36741448 HTTP/1.1" 200 81621 "-" "Mozilla/5.0 (Linux; Android 6.0.1; Nexus 5X Build/MMB29P) AppleWebKit/537.36 (KHTML, like Gecko) Chrome/136.0.7103.113 Mobile Safari/537.36 (compatible; Googlebot/2.1; +http://www.google.com/bot.html)"
216.73.216.239 - - [11/Jun/2025:01:03:44 -0400] "GET /shopdetail/274635320 HTTP/1.1" 500 1034 "-" "Mozilla/5.0 AppleWebKit/537.36 (KHTML, like Gecko; compatible; ClaudeBot/1.0; [email protected])"
66.249.77.192 - - [11/Jun/2025:01:04:01 -0400] "GET /shopping/36742720 HTTP/1.1" 200 81413 "-" "Mozilla/5.0 (Linux; Android 6.0.1; Nexus 5X Build/MMB29P) AppleWebKit/537.36 (KHTML, like Gecko) Chrome/136.0.7103.113 Mobile Safari/537.36 (compatible; Googlebot/2.1; +http://www.google.com/bot.html)"
66.249.77.193 - - [11/Jun/2025:01:04:16 -0400] "GET /items/hoveringly10628704 HTTP/1.1" 200 81099 "-" "Mozilla/5.0 (Linux; Android 6.0.1; Nexus 5X Build/MMB29P) AppleWebKit/537.36 (KHTML, like Gecko) Chrome/136.0.7103.113 Mobile Safari/537.36 (compatible; Googlebot/2.1; +http://www.google.com/bot.html)"
66.249.77.192 - - [11/Jun/2025:01:04:32 -0400] "GET /items/loblolly36961276 HTTP/1.1" 200 82035 "-" "Mozilla/5.0 (Linux; Android 6.0.1; Nexus 5X Build/MMB29P) AppleWebKit/537.36 (KHTML, like Gecko) Chrome/136.0.7103.113 Mobile Safari/537.36 (compatible; Googlebot/2.1; +http://www.google.com/bot.html)"
66.249.77.192 - - [11/Jun/2025:01:04:33 -0400] "GET /goodscode/coltishness33915208 HTTP/1.1" 200 80910 "-" "Mozilla/5.0 (Linux; Android 6.0.1; Nexus 5X Build/MMB29P) AppleWebKit/537.36 (KHTML, like Gecko) Chrome/136.0.7103.113 Mobile Safari/537.36 (compatible; Googlebot/2.1; +http://www.google.com/bot.html)"
66.249.77.192 - - [11/Jun/2025:01:04:36 -0400] "GET /item/fi/retiring221022472 HTTP/1.1" 200 81268 "-" "Mozilla/5.0 (Linux; Android 6.0.1; Nexus 5X Build/MMB29P) AppleWebKit/537.36 (KHTML, like Gecko) Chrome/136.0.7103.113 Mobile Safari/537.36 (compatible; Googlebot/2.1; +http://www.google.com/bot.html)"
47.128.119.59 - - [11/Jun/2025:01:04:42 -0400] "GET /wp-includes/class.wp-styles.php HTTP/1.1" 403 1242 "-" "Mozilla/5.0 (Linux; Android 5.0) AppleWebKit/537.36 (KHTML, like Gecko) Mobile Safari/537.36 (compatible; Bytespider; [email protected])"
216.73.216.239 - - [11/Jun/2025:01:04:44 -0400] "GET /shopdetail/274666032 HTTP/1.1" 500 1034 "-" "Mozilla/5.0 AppleWebKit/537.36 (KHTML, like Gecko; compatible; ClaudeBot/1.0; [email protected])"
216.73.216.239 - - [11/Jun/2025:01:04:44 -0400] "GET /shopdetail/274657536 HTTP/1.1" 500 1034 "-" "Mozilla/5.0 AppleWebKit/537.36 (KHTML, like Gecko; compatible; ClaudeBot/1.0; [email protected])"
66.249.77.192 - - [11/Jun/2025:01:04:51 -0400] "GET /shopping/12469512 HTTP/1.1" 200 81221 "-" "Mozilla/5.0 (Linux; Android 6.0.1; Nexus 5X Build/MMB29P) AppleWebKit/537.36 (KHTML, like Gecko) Chrome/136.0.7103.113 Mobile Safari/537.36 (compatible; Googlebot/2.1; +http://www.google.com/bot.html)"
66.249.77.193 - - [11/Jun/2025:01:05:06 -0400] "GET /product/115663864 HTTP/1.1" 200 81279 "-" "Mozilla/5.0 (Linux; Android 6.0.1; Nexus 5X Build/MMB29P) AppleWebKit/537.36 (KHTML, like Gecko) Chrome/136.0.7103.113 Mobile Safari/537.36 (compatible; Googlebot/2.1; +http://www.google.com/bot.html)"
2001:861:3143:8140:b06e:1d9a:daef:1288 - - [11/Jun/2025:01:05:08 -0400] "GET /wind-breaker-chapter-451/ HTTP/1.1" 200 12188 "-" "Mozilla/5.0 (Macintosh; Intel Mac OS X 10_15_7) AppleWebKit/605.1.15 (KHTML, like Gecko) Version/14.0.3 Safari/605.1.15"
66.249.77.193 - - [11/Jun/2025:01:05:08 -0400] "GET /item/slumped115703080 HTTP/1.1" 200 81665 "-" "Mozilla/5.0 (Linux; Android 6.0.1; Nexus 5X Build/MMB29P) AppleWebKit/537.36 (KHTML, like Gecko) Chrome/136.0.7103.113 Mobile Safari/537.36 (compatible; Googlebot/2.1; +http://www.google.com/bot.html)"
66.249.77.192 - - [11/Jun/2025:01:05:10 -0400] "GET /products/36742084 HTTP/1.1" 200 81987 "-" "Mozilla/5.0 (Linux; Android 6.0.1; Nexus 5X Build/MMB29P) AppleWebKit/537.36 (KHTML, like Gecko) Chrome/136.0.7103.113 Mobile Safari/537.36 (compatible; Googlebot/2.1; +http://www.google.com/bot.html)"
66.249.77.193 - - [11/Jun/2025:01:05:28 -0400] "GET /products/kinoyl115700772 HTTP/1.1" 200 80712 "-" "Mozilla/5.0 (Linux; Android 6.0.1; Nexus 5X Build/MMB29P) AppleWebKit/537.36 (KHTML, like Gecko) Chrome/136.0.7103.113 Mobile Safari/537.36 (compatible; Googlebot/2.1; +http://www.google.com/bot.html)"
216.73.216.239 - - [11/Jun/2025:01:05:36 -0400] "GET /shopdetail/274698416 HTTP/1.1" 500 1034 "-" "Mozilla/5.0 AppleWebKit/537.36 (KHTML, like Gecko; compatible; ClaudeBot/1.0; [email protected])"
216.73.216.239 - - [11/Jun/2025:01:05:36 -0400] "GET /shopdetail/273409980 HTTP/1.1" 500 1034 "-" "Mozilla/5.0 AppleWebKit/537.36 (KHTML, like Gecko; compatible; ClaudeBot/1.0; [email protected])"
47.128.57.211 - - [11/Jun/2025:01:05:41 -0400] "GET /wp-includes/comment-template.php HTTP/1.1" 403 1242 "-" "Mozilla/5.0 (Linux; Android 5.0) AppleWebKit/537.36 (KHTML, like Gecko) Mobile Safari/537.36 (compatible; Bytespider; [email protected])"
66.249.77.193 - - [11/Jun/2025:01:05:43 -0400] "GET /product/115700236 HTTP/1.1" 200 80747 "-" "Mozilla/5.0 (Linux; Android 6.0.1; Nexus 5X Build/MMB29P) AppleWebKit/537.36 (KHTML, like Gecko) Chrome/136.0.7103.113 Mobile Safari/537.36 (compatible; Googlebot/2.1; +http://www.google.com/bot.html)"
66.249.77.193 - - [11/Jun/2025:01:05:45 -0400] "GET /product10628468 HTTP/1.1" 200 80869 "-" "Mozilla/5.0 (Linux; Android 6.0.1; Nexus 5X Build/MMB29P) AppleWebKit/537.36 (KHTML, like Gecko) Chrome/136.0.7103.113 Mobile Safari/537.36 (compatible; Googlebot/2.1; +http://www.google.com/bot.html)"
66.249.77.192 - - [11/Jun/2025:01:05:47 -0400] "GET /entity/dutch9007996 HTTP/1.1" 200 82038 "-" "Mozilla/5.0 (Linux; Android 6.0.1; Nexus 5X Build/MMB29P) AppleWebKit/537.36 (KHTML, like Gecko) Chrome/136.0.7103.113 Mobile Safari/537.36 (compatible; Googlebot/2.1; +http://www.google.com/bot.html)"
66.249.77.194 - - [11/Jun/2025:01:06:16 -0400] "GET /detail/acock12468540 HTTP/1.1" 200 81397 "-" "Mozilla/5.0 (Linux; Android 6.0.1; Nexus 5X Build/MMB29P) AppleWebKit/537.36 (KHTML, like Gecko) Chrome/136.0.7103.113 Mobile Safari/537.36 (compatible; Googlebot/2.1; +http://www.google.com/bot.html)"
216.73.216.239 - - [11/Jun/2025:01:06:25 -0400] "GET /shopdetail/273384992 HTTP/1.1" 500 1034 "-" "Mozilla/5.0 AppleWebKit/537.36 (KHTML, like Gecko; compatible; ClaudeBot/1.0; [email protected])"
216.73.216.239 - - [11/Jun/2025:01:06:25 -0400] "GET /shopdetail/273413796 HTTP/1.1" 500 1034 "-" "Mozilla/5.0 AppleWebKit/537.36 (KHTML, like Gecko; compatible; ClaudeBot/1.0; [email protected])"
66.249.77.192 - - [11/Jun/2025:01:06:32 -0400] "GET /shopping/115702372 HTTP/1.1" 200 81759 "-" "Mozilla/5.0 (Linux; Android 6.0.1; Nexus 5X Build/MMB29P) AppleWebKit/537.36 (KHTML, like Gecko) Chrome/136.0.7103.113 Mobile Safari/537.36 (compatible; Googlebot/2.1; +http://www.google.com/bot.html)"
66.249.77.192 - - [11/Jun/2025:01:06:43 -0400] "GET /sitemap-subitems-1522.xml HTTP/1.1" 200 10152 "-" "Mozilla/5.0 (compatible; Googlebot/2.1; +http://www.google.com/bot.html)"
66.249.77.192 - - [11/Jun/2025:01:06:47 -0400] "GET /goods/shrubberies115704352 HTTP/1.1" 200 82786 "-" "Mozilla/5.0 (Linux; Android 6.0.1; Nexus 5X Build/MMB29P) AppleWebKit/537.36 (KHTML, like Gecko) Chrome/136.0.7103.113 Mobile Safari/537.36 (compatible; Googlebot/2.1; +http://www.google.com/bot.html)"
2001:861:3143:8140:b06e:1d9a:daef:1288 - - [11/Jun/2025:01:06:52 -0400] "GET /wind-breaker-chapter-452/ HTTP/1.1" 200 12180 "-" "Mozilla/5.0 (iPad; CPU OS 13_6 like Mac OS X) AppleWebKit/605.1.15 (KHTML, like Gecko) Version/13.1.2 Mobile/15E148 Safari/604.1"
52.178.154.88 - - [11/Jun/2025:01:07:11 -0400] "GET /wp-content/plugins/seoo/ulc2.php HTTP/1.1" 200 0 "-" "-"
52.178.154.88 - - [11/Jun/2025:01:07:12 -0400] "GET /wp-content/atomlib.php HTTP/1.1" 200 0 "-" "-"
66.249.77.193 - - [11/Jun/2025:01:07:14 -0400] "GET /sitemap-subitems-3068.xml HTTP/1.1" 200 9983 "-" "Mozilla/5.0 (compatible; Googlebot/2.1; +http://www.google.com/bot.html)"
162.0.232.193 - - [11/Jun/2025:01:07:16 -0400] "POST /wp-cron.php?doing_wp_cron=1749618435.8661160469055175781250 HTTP/1.1" 200 0 "-" "WordPress/6.8.1; https://read11.windbreakermanga.com"
52.178.154.88 - - [11/Jun/2025:01:07:12 -0400] "GET /alfanew.PHP7 HTTP/1.1" 301 0 "-" "-"
52.178.154.88 - - [11/Jun/2025:01:07:16 -0400] "GET / HTTP/1.1" 200 12631 "-" "-"
66.249.77.194 - - [11/Jun/2025:01:07:16 -0400] "GET /products115900120 HTTP/1.1" 200 81366 "-" "Mozilla/5.0 (Linux; Android 6.0.1; Nexus 5X Build/MMB29P) AppleWebKit/537.36 (KHTML, like Gecko) Chrome/136.0.7103.113 Mobile Safari/537.36 (compatible; Googlebot/2.1; +http://www.google.com/bot.html)"
162.0.232.193 - - [11/Jun/2025:01:07:16 -0400] "GET /chapter-421/ HTTP/1.1" 200 11082 "-" "WP Rocket/Preload"
52.178.154.88 - - [11/Jun/2025:01:07:16 -0400] "GET /lv.php HTTP/1.1" 301 0 "-" "-"
66.249.77.193 - - [11/Jun/2025:01:07:17 -0400] "GET /product/115702236 HTTP/1.1" 200 81295 "-" "Mozilla/5.0 (Linux; Android 6.0.1; Nexus 5X Build/MMB29P) AppleWebKit/537.36 (KHTML, like Gecko) Chrome/136.0.7103.113 Mobile Safari/537.36 (compatible; Googlebot/2.1; +http://www.google.com/bot.html)"
52.178.154.88 - - [11/Jun/2025:01:07:18 -0400] "GET / HTTP/1.1" 200 12631 "-" "-"
40.77.167.149 - - [11/Jun/2025:01:07:18 -0400] "GET /wp-json/wp/v2/posts/4378 HTTP/1.1" 200 81474 "-" "Mozilla/5.0 AppleWebKit/537.36 (KHTML, like Gecko; compatible; bingbot/2.0; +http://www.bing.com/bingbot.htm) Chrome/116.0.1938.76 Safari/537.36"
162.0.232.193 - - [11/Jun/2025:01:07:18 -0400] "GET /chapter-421/ HTTP/1.1" 200 0 "-" "WP Rocket/Preload Mozilla/5.0 (iPhone; CPU iPhone OS 9_1 like Mac OS X) AppleWebKit/601.1.46 (KHTML, like Gecko) Version/9.0 Mobile/13B143 Safari/601.1"
52.178.154.88 - - [11/Jun/2025:01:07:18 -0400] "GET /wi.php HTTP/1.1" 301 0 "-" "-"
52.178.154.88 - - [11/Jun/2025:01:07:20 -0400] "GET / HTTP/1.1" 200 12631 "-" "-"
162.0.232.193 - - [11/Jun/2025:01:07:20 -0400] "GET /chapter-418/ HTTP/1.1" 200 0 "-" "WP Rocket/Preload"
162.0.232.193 - - [11/Jun/2025:01:07:22 -0400] "GET /chapter-418/ HTTP/1.1" 200 0 "-" "WP Rocket/Preload Mozilla/5.0 (iPhone; CPU iPhone OS 9_1 like Mac OS X) AppleWebKit/601.1.46 (KHTML, like Gecko) Version/9.0 Mobile/13B143 Safari/601.1"
52.178.154.88 - - [11/Jun/2025:01:07:21 -0400] "GET /he.php HTTP/1.1" 301 0 "-" "-"
52.178.154.88 - - [11/Jun/2025:01:07:23 -0400] "GET / HTTP/1.1" 200 12631 "-" "-"
162.0.232.193 - - [11/Jun/2025:01:07:23 -0400] "GET /wind-breaker-chapter-324/ HTTP/1.1" 200 0 "-" "WP Rocket/Preload"
216.73.216.239 - - [11/Jun/2025:01:07:24 -0400] "GET /shopdetail/273373944 HTTP/1.1" 500 1034 "-" "Mozilla/5.0 AppleWebKit/537.36 (KHTML, like Gecko; compatible; ClaudeBot/1.0; [email protected])"
216.73.216.239 - - [11/Jun/2025:01:07:24 -0400] "GET /shopdetail/273374044 HTTP/1.1" 500 1034 "-" "Mozilla/5.0 AppleWebKit/537.36 (KHTML, like Gecko; compatible; ClaudeBot/1.0; [email protected])"
162.0.232.193 - - [11/Jun/2025:01:07:25 -0400] "GET /wind-breaker-chapter-324/ HTTP/1.1" 200 0 "-" "WP Rocket/Preload Mozilla/5.0 (iPhone; CPU iPhone OS 9_1 like Mac OS X) AppleWebKit/601.1.46 (KHTML, like Gecko) Version/9.0 Mobile/13B143 Safari/601.1"
52.178.154.88 - - [11/Jun/2025:01:07:23 -0400] "GET /makeasmtp.php HTTP/1.1" 301 0 "-" "-"
52.178.154.88 - - [11/Jun/2025:01:07:26 -0400] "GET / HTTP/1.1" 200 12631 "-" "-"
162.0.232.193 - - [11/Jun/2025:01:07:26 -0400] "GET /chapter-399/ HTTP/1.1" 200 0 "-" "WP Rocket/Preload"
162.0.232.193 - - [11/Jun/2025:01:07:28 -0400] "GET /chapter-399/ HTTP/1.1" 200 0 "-" "WP Rocket/Preload Mozilla/5.0 (iPhone; CPU iPhone OS 9_1 like Mac OS X) AppleWebKit/601.1.46 (KHTML, like Gecko) Version/9.0 Mobile/13B143 Safari/601.1"
52.178.154.88 - - [11/Jun/2025:01:07:27 -0400] "GET /about/function.php HTTP/1.1" 301 0 "-" "-"
52.178.154.88 - - [11/Jun/2025:01:07:29 -0400] "GET / HTTP/1.1" 200 12631 "-" "-"
52.178.154.88 - - [11/Jun/2025:01:07:30 -0400] "GET /wp-admin/network/index.php HTTP/1.1" 403 1242 "-" "-"
162.0.232.193 - - [11/Jun/2025:01:07:29 -0400] "GET /chapter-397/ HTTP/1.1" 200 0 "-" "WP Rocket/Preload"
162.0.232.193 - - [11/Jun/2025:01:07:31 -0400] "GET /chapter-397/ HTTP/1.1" 200 0 "-" "WP Rocket/Preload Mozilla/5.0 (iPhone; CPU iPhone OS 9_1 like Mac OS X) AppleWebKit/601.1.46 (KHTML, like Gecko) Version/9.0 Mobile/13B143 Safari/601.1"
162.0.232.193 - - [11/Jun/2025:01:07:33 -0400] "GET /wind-breaker-chapter-389/ HTTP/1.1" 200 11947 "-" "WP Rocket/Preload"
66.249.77.193 - - [11/Jun/2025:01:07:32 -0400] "GET /products/115704116 HTTP/1.1" 200 81369 "-" "Mozilla/5.0 (Linux; Android 6.0.1; Nexus 5X Build/MMB29P) AppleWebKit/537.36 (KHTML, like Gecko) Chrome/136.0.7103.113 Mobile Safari/537.36 (compatible; Googlebot/2.1; +http://www.google.com/bot.html)"
52.178.154.88 - - [11/Jun/2025:01:07:30 -0400] "GET /wp-class.php HTTP/1.1" 301 0 "-" "-"
52.178.154.88 - - [11/Jun/2025:01:07:34 -0400] "GET / HTTP/1.1" 200 12631 "-" "-"
162.0.232.193 - - [11/Jun/2025:01:07:34 -0400] "GET /wind-breaker-chapter-389/ HTTP/1.1" 200 0 "-" "WP Rocket/Preload Mozilla/5.0 (iPhone; CPU iPhone OS 9_1 like Mac OS X) AppleWebKit/601.1.46 (KHTML, like Gecko) Version/9.0 Mobile/13B143 Safari/601.1"
162.0.232.193 - - [11/Jun/2025:01:07:35 -0400] "GET /wind-breaker-chapter-381/ HTTP/1.1" 200 11963 "-" "WP Rocket/Preload"
52.178.154.88 - - [11/Jun/2025:01:07:34 -0400] "GET /wp-includes/Text/Diff/Engine.php HTTP/1.1" 301 0 "-" "-"
52.178.154.88 - - [11/Jun/2025:01:07:36 -0400] "GET / HTTP/1.1" 200 12560 "-" "-"
52.178.154.88 - - [11/Jun/2025:01:07:37 -0400] "GET /wp-content/plugins/wso.php HTTP/1.1" 200 0 "-" "-"
162.0.232.193 - - [11/Jun/2025:01:07:36 -0400] "GET /wind-breaker-chapter-381/ HTTP/1.1" 200 0 "-" "WP Rocket/Preload Mozilla/5.0 (iPhone; CPU iPhone OS 9_1 like Mac OS X) AppleWebKit/601.1.46 (KHTML, like Gecko) Version/9.0 Mobile/13B143 Safari/601.1"
52.178.154.88 - - [11/Jun/2025:01:07:37 -0400] "GET /chosen.php HTTP/1.1" 301 0 "-" "-"
66.249.77.192 - - [11/Jun/2025:01:07:38 -0400] "GET /sitemap-subitems-921.xml HTTP/1.1" 200 10062 "-" "Mozilla/5.0 (compatible; Googlebot/2.1; +http://www.google.com/bot.html)"
52.178.154.88 - - [11/Jun/2025:01:07:38 -0400] "GET / HTTP/1.1" 200 12631 "-" "-"
52.178.154.88 - - [11/Jun/2025:01:07:39 -0400] "GET /wp-content/upgrade/index.php HTTP/1.1" 200 0 "-" "-"
52.178.154.88 - - [11/Jun/2025:01:07:39 -0400] "GET /wp-content/uploads/de_fb_uploads/b.php HTTP/1.1" 200 0 "-" "-"
162.0.232.193 - - [11/Jun/2025:01:07:40 -0400] "GET /wp-content/uploads/f979bbbcbe9df560cb74049269d2541e_4104.xml HTTP/1.1" 200 2582 "-" "Mozilla/5.0 (X11; Linux x86_64) AppleWebKit/537.36 (KHTML, like Gecko) Ubuntu Chromium/41.0.2272.76"
52.178.154.88 - - [11/Jun/2025:01:07:39 -0400] "GET /.well-known/acme-challenge/themes.php HTTP/1.1" 301 0 "-" "-"
52.178.154.88 - - [11/Jun/2025:01:07:41 -0400] "GET / HTTP/1.1" 200 12631 "-" "-"
52.178.154.88 - - [11/Jun/2025:01:07:41 -0400] "GET /defaults.php HTTP/1.1" 301 0 "-" "-"
52.178.154.88 - - [11/Jun/2025:01:07:42 -0400] "GET / HTTP/1.1" 200 12631 "-" "-"
52.178.154.88 - - [11/Jun/2025:01:07:43 -0400] "GET /al.php HTTP/1.1" 301 0 "-" "-"
52.178.154.88 - - [11/Jun/2025:01:07:44 -0400] "GET / HTTP/1.1" 200 12631 "-" "-"
52.178.154.88 - - [11/Jun/2025:01:07:44 -0400] "GET /wp-admin/css/colors/blue/admin.php HTTP/1.1" 302 0 "-" "-"
162.0.232.193 - - [11/Jun/2025:01:07:47 -0400] "POST /wp-admin/admin-ajax.php?action=as_async_request_queue_runner&nonce=39ea8117d0 HTTP/1.1" 200 0 "-" "WordPress/6.8.1; https://read11.windbreakermanga.com"
66.249.77.192 - - [11/Jun/2025:01:07:48 -0400] "GET /item/12467604 HTTP/1.1" 200 81799 "-" "Mozilla/5.0 (Linux; Android 6.0.1; Nexus 5X Build/MMB29P) AppleWebKit/537.36 (KHTML, like Gecko) Chrome/136.0.7103.113 Mobile Safari/537.36 (compatible; Googlebot/2.1; +http://www.google.com/bot.html)"
162.0.232.193 - - [11/Jun/2025:01:07:48 -0400] "GET /wind-breaker-chapter-380/ HTTP/1.1" 200 11753 "-" "WP Rocket/Preload"
52.178.154.88 - - [11/Jun/2025:01:07:48 -0400] "GET /wp-login.php?redirect_to=https%3A%2F%2Fread11.windbreakermanga.com%2Fwp-admin%2Fcss%2Fcolors%2Fblue%2Fadmin.php&reauth=1 HTTP/1.1" 200 1904 "-" "-"
52.178.154.88 - - [11/Jun/2025:01:07:49 -0400] "GET /wp-content/updates.php HTTP/1.1" 200 0 "-" "-"
66.249.77.192 - - [11/Jun/2025:01:07:49 -0400] "GET /detail/ethylate35986412 HTTP/1.1" 200 81100 "-" "Mozilla/5.0 (Linux; Android 6.0.1; Nexus 5X Build/MMB29P) AppleWebKit/537.36 (KHTML, like Gecko) Chrome/136.0.7103.113 Mobile Safari/537.36 (compatible; Googlebot/2.1; +http://www.google.com/bot.html)"
162.0.232.193 - - [11/Jun/2025:01:07:50 -0400] "GET /wind-breaker-chapter-380/ HTTP/1.1" 200 0 "-" "WP Rocket/Preload Mozilla/5.0 (iPhone; CPU iPhone OS 9_1 like Mac OS X) AppleWebKit/601.1.46 (KHTML, like Gecko) Version/9.0 Mobile/13B143 Safari/601.1"
66.249.77.192 - - [11/Jun/2025:01:07:50 -0400] "GET /product/heroine9213040 HTTP/1.1" 200 81044 "-" "Mozilla/5.0 (Linux; Android 6.0.1; Nexus 5X Build/MMB29P) AppleWebKit/537.36 (KHTML, like Gecko) Chrome/136.0.7103.113 Mobile Safari/537.36 (compatible; Googlebot/2.1; +http://www.google.com/bot.html)"
52.178.154.88 - - [11/Jun/2025:01:07:50 -0400] "GET /wp-includes/admin.php HTTP/1.1" 301 0 "-" "-"
162.0.232.193 - - [11/Jun/2025:01:07:51 -0400] "GET /wind-breaker-chapter-369/ HTTP/1.1" 200 11838 "-" "WP Rocket/Preload"
52.178.154.88 - - [11/Jun/2025:01:07:51 -0400] "GET / HTTP/1.1" 200 12631 "-" "-"
66.249.77.192 - - [11/Jun/2025:01:07:51 -0400] "GET /goodscode/avenage219509020 HTTP/1.1" 200 81637 "-" "Mozilla/5.0 (Linux; Android 6.0.1; Nexus 5X Build/MMB29P) AppleWebKit/537.36 (KHTML, like Gecko) Chrome/136.0.7103.113 Mobile Safari/537.36 (compatible; Googlebot/2.1; +http://www.google.com/bot.html)"
162.0.232.193 - - [11/Jun/2025:01:07:52 -0400] "GET /wind-breaker-chapter-369/ HTTP/1.1" 200 0 "-" "WP Rocket/Preload Mozilla/5.0 (iPhone; CPU iPhone OS 9_1 like Mac OS X) AppleWebKit/601.1.46 (KHTML, like Gecko) Version/9.0 Mobile/13B143 Safari/601.1"
52.178.154.88 - - [11/Jun/2025:01:07:52 -0400] "GET /wp-includes/blocks/button/index.php HTTP/1.1" 301 0 "-" "-"
162.0.232.193 - - [11/Jun/2025:01:07:54 -0400] "GET /wind-breaker-chapter-365/ HTTP/1.1" 200 11937 "-" "WP Rocket/Preload"
52.178.154.88 - - [11/Jun/2025:01:07:54 -0400] "GET / HTTP/1.1" 200 12631 "-" "-"
52.178.154.88 - - [11/Jun/2025:01:07:55 -0400] "GET /wp-includes/Text/about.php HTTP/1.1" 301 0 "-" "-"
46.4.120.42 - - [11/Jun/2025:01:07:56 -0400] "GET / HTTP/1.1" 200 12631 "-" "Mozilla/5.0 (Windows NT 10.0; Win64; x64) AppleWebKit/537.36 (KHTML, like Gecko) Chrome/137.0.0.0 Safari/537.36"
162.0.232.193 - - [11/Jun/2025:01:07:55 -0400] "GET /wind-breaker-chapter-365/ HTTP/1.1" 200 0 "-" "WP Rocket/Preload Mozilla/5.0 (iPhone; CPU iPhone OS 9_1 like Mac OS X) AppleWebKit/601.1.46 (KHTML, like Gecko) Version/9.0 Mobile/13B143 Safari/601.1"
52.178.154.88 - - [11/Jun/2025:01:07:56 -0400] "GET / HTTP/1.1" 200 12631 "-" "-"
46.4.120.42 - - [11/Jun/2025:01:07:56 -0400] "GET /wp-content/cache/min/1/wp-content/plugins/comic-easel/css/comiceasel.css?ver=1746140519 HTTP/1.1" 200 1064 "https://read11.windbreakermanga.com/" "Mozilla/5.0 (Windows NT 10.0; Win64; x64) AppleWebKit/537.36 (KHTML, like Gecko) Chrome/137.0.0.0 Safari/537.36"
46.4.120.42 - - [11/Jun/2025:01:07:56 -0400] "GET /wp-includes/css/dist/block-library/style.min.css?ver=6.8.1 HTTP/1.1" 200 14358 "https://read11.windbreakermanga.com/" "Mozilla/5.0 (Windows NT 10.0; Win64; x64) AppleWebKit/537.36 (KHTML, like Gecko) Chrome/137.0.0.0 Safari/537.36"
46.4.120.42 - - [11/Jun/2025:01:07:56 -0400] "GET /wp-content/cache/min/1/wp-content/plugins/comic-easel/js/keynav.js?ver=1746140519 HTTP/1.1" 200 221 "https://read11.windbreakermanga.com/" "Mozilla/5.0 (Windows NT 10.0; Win64; x64) AppleWebKit/537.36 (KHTML, like Gecko) Chrome/137.0.0.0 Safari/537.36"
46.4.120.42 - - [11/Jun/2025:01:07:56 -0400] "GET /wp-includes/js/jquery/jquery-migrate.min.js?ver=3.4.1 HTTP/1.1" 200 4678 "https://read11.windbreakermanga.com/" "Mozilla/5.0 (Windows NT 10.0; Win64; x64) AppleWebKit/537.36 (KHTML, like Gecko) Chrome/137.0.0.0 Safari/537.36"
46.4.120.42 - - [11/Jun/2025:01:07:56 -0400] "GET /wp-content/cache/min/1/wp-content/plugins/widgets-on-pages/public/css/widgets-on-pages-public.css?ver=1746140519 HTTP/1.1" 200 75 "https://read11.windbreakermanga.com/" "Mozilla/5.0 (Windows NT 10.0; Win64; x64) AppleWebKit/537.36 (KHTML, like Gecko) Chrome/137.0.0.0 Safari/537.36"
46.4.120.42 - - [11/Jun/2025:01:07:56 -0400] "GET /wp-content/cache/min/1/wp-content/plugins/simple-social-buttons/assets/js/front.js?ver=1746140519 HTTP/1.1" 200 1525 "https://read11.windbreakermanga.com/" "Mozilla/5.0 (Windows NT 10.0; Win64; x64) AppleWebKit/537.36 (KHTML, like Gecko) Chrome/137.0.0.0 Safari/537.36"
52.178.154.88 - - [11/Jun/2025:01:07:57 -0400] "GET /wp-content/cache/index.php HTTP/1.1" 200 0 "-" "-"
162.0.232.193 - - [11/Jun/2025:01:07:57 -0400] "GET /wind-breaker-chapter-357/ HTTP/1.1" 200 11915 "-" "WP Rocket/Preload"
52.178.154.88 - - [11/Jun/2025:01:07:57 -0400] "GET /wp2.php HTTP/1.1" 301 0 "-" "-"
52.178.154.88 - - [11/Jun/2025:01:07:58 -0400] "GET / HTTP/1.1" 200 12631 "-" "-"
162.0.232.193 - - [11/Jun/2025:01:07:58 -0400] "GET /wind-breaker-chapter-357/ HTTP/1.1" 200 0 "-" "WP Rocket/Preload Mozilla/5.0 (iPhone; CPU iPhone OS 9_1 like Mac OS X) AppleWebKit/601.1.46 (KHTML, like Gecko) Version/9.0 Mobile/13B143 Safari/601.1"
52.178.154.88 - - [11/Jun/2025:01:07:59 -0400] "GET /server.php HTTP/1.1" 301 0 "-" "-"
162.0.232.193 - - [11/Jun/2025:01:07:59 -0400] "GET /wind-breaker-chapter-360/ HTTP/1.1" 200 11619 "-" "WP Rocket/Preload"
52.178.154.88 - - [11/Jun/2025:01:08:00 -0400] "GET / HTTP/1.1" 200 12631 "-" "-"
52.178.154.88 - - [11/Jun/2025:01:08:00 -0400] "GET /wp-content/plugins/envato-market/inc/class-envato-market-github.php HTTP/1.1" 200 0 "-" "-"
162.0.232.193 - - [11/Jun/2025:01:08:00 -0400] "GET /wind-breaker-chapter-360/ HTTP/1.1" 200 0 "-" "WP Rocket/Preload Mozilla/5.0 (iPhone; CPU iPhone OS 9_1 like Mac OS X) AppleWebKit/601.1.46 (KHTML, like Gecko) Version/9.0 Mobile/13B143 Safari/601.1"
52.178.154.88 - - [11/Jun/2025:01:08:01 -0400] "GET /hehehehe.php HTTP/1.1" 301 0 "-" "-"
162.0.232.193 - - [11/Jun/2025:01:08:02 -0400] "GET /wind-breaker-chapter-351/ HTTP/1.1" 200 11877 "-" "WP Rocket/Preload"
52.178.154.88 - - [11/Jun/2025:01:08:02 -0400] "GET / HTTP/1.1" 200 12631 "-" "-"
52.178.154.88 - - [11/Jun/2025:01:08:03 -0400] "GET /x/index.php HTTP/1.1" 301 0 "-" "-"
162.0.232.193 - - [11/Jun/2025:01:08:03 -0400] "GET /wind-breaker-chapter-351/ HTTP/1.1" 200 0 "-" "WP Rocket/Preload Mozilla/5.0 (iPhone; CPU iPhone OS 9_1 like Mac OS X) AppleWebKit/601.1.46 (KHTML, like Gecko) Version/9.0 Mobile/13B143 Safari/601.1"
52.178.154.88 - - [11/Jun/2025:01:08:04 -0400] "GET / HTTP/1.1" 200 12631 "-" "-"
52.178.154.88 - - [11/Jun/2025:01:08:04 -0400] "GET /wp-content/admin.php HTTP/1.1" 200 0 "-" "-"
162.0.232.193 - - [11/Jun/2025:01:08:05 -0400] "GET /wind-breaker-chapter-202/ HTTP/1.1" 200 0 "-" "WP Rocket/Preload"
52.178.154.88 - - [11/Jun/2025:01:08:05 -0400] "GET /bypass.php HTTP/1.1" 301 0 "-" "-"
52.178.154.88 - - [11/Jun/2025:01:08:06 -0400] "GET / HTTP/1.1" 200 12631 "-" "-"
66.249.77.193 - - [11/Jun/2025:01:08:06 -0400] "GET /products/longhorned12467196 HTTP/1.1" 200 81522 "-" "Mozilla/5.0 (Linux; Android 6.0.1; Nexus 5X Build/MMB29P) AppleWebKit/537.36 (KHTML, like Gecko) Chrome/136.0.7103.113 Mobile Safari/537.36 (compatible; Googlebot/2.1; +http://www.google.com/bot.html)"
52.178.154.88 - - [11/Jun/2025:01:08:07 -0400] "GET /wp-includes/ID3/ HTTP/1.1" 200 1347 "-" "-"
162.0.232.193 - - [11/Jun/2025:01:08:06 -0400] "GET /wind-breaker-chapter-202/ HTTP/1.1" 200 0 "-" "WP Rocket/Preload Mozilla/5.0 (iPhone; CPU iPhone OS 9_1 like Mac OS X) AppleWebKit/601.1.46 (KHTML, like Gecko) Version/9.0 Mobile/13B143 Safari/601.1"
52.178.154.88 - - [11/Jun/2025:01:08:07 -0400] "GET /wp-admin/css/colors/coffee/index.php HTTP/1.1" 302 0 "-" "-"
162.0.232.193 - - [11/Jun/2025:01:08:08 -0400] "GET /wind-breaker-chapter-335/ HTTP/1.1" 200 13086 "-" "WP Rocket/Preload"
52.178.154.88 - - [11/Jun/2025:01:08:08 -0400] "GET /wp-login.php?redirect_to=https%3A%2F%2Fread11.windbreakermanga.com%2Fwp-admin%2Fcss%2Fcolors%2Fcoffee%2Findex.php&reauth=1 HTTP/1.1" 200 1899 "-" "-"
162.0.232.193 - - [11/Jun/2025:01:08:09 -0400] "GET /wind-breaker-chapter-335/ HTTP/1.1" 200 0 "-" "WP Rocket/Preload Mozilla/5.0 (iPhone; CPU iPhone OS 9_1 like Mac OS X) AppleWebKit/601.1.46 (KHTML, like Gecko) Version/9.0 Mobile/13B143 Safari/601.1"
52.178.154.88 - - [11/Jun/2025:01:08:09 -0400] "GET /classwithtostring.php HTTP/1.1" 301 0 "-" "-"
52.178.154.88 - - [11/Jun/2025:01:08:11 -0400] "GET / HTTP/1.1" 200 12631 "-" "-"
52.178.154.88 - - [11/Jun/2025:01:08:12 -0400] "GET /sx.php HTTP/1.1" 301 0 "-" "-"
52.178.154.88 - - [11/Jun/2025:01:08:14 -0400] "GET / HTTP/1.1" 200 12631 "-" "-"
162.0.232.193 - - [11/Jun/2025:01:08:16 -0400] "POST /wp-cron.php?doing_wp_cron=1749618496.1490519046783447265625 HTTP/1.1" 200 0 "-" "WordPress/6.8.1; https://read11.windbreakermanga.com"
52.178.154.88 - - [11/Jun/2025:01:08:15 -0400] "GET /.tmb/cloud.php HTTP/1.1" 301 0 "-" "-"
162.0.232.193 - - [11/Jun/2025:01:08:16 -0400] "POST /wp-admin/admin-ajax.php?action=as_async_request_queue_runner&nonce=39ea8117d0 HTTP/1.1" 200 0 "-" "WordPress/6.8.1; https://read11.windbreakermanga.com"
52.178.154.88 - - [11/Jun/2025:01:08:16 -0400] "GET / HTTP/1.1" 200 12631 "-" "-"
52.178.154.88 - - [11/Jun/2025:01:08:17 -0400] "GET /wp-content/plugins/index.php HTTP/1.1" 403 1242 "-" "-"
162.0.232.193 - - [11/Jun/2025:01:08:17 -0400] "GET /wind-breaker-chapter-314/ HTTP/1.1" 200 0 "-" "WP Rocket/Preload"
162.0.232.193 - - [11/Jun/2025:01:08:19 -0400] "GET /wind-breaker-chapter-314/ HTTP/1.1" 200 0 "-" "WP Rocket/Preload Mozilla/5.0 (iPhone; CPU iPhone OS 9_1 like Mac OS X) AppleWebKit/601.1.46 (KHTML, like Gecko) Version/9.0 Mobile/13B143 Safari/601.1"
216.73.216.239 - - [11/Jun/2025:01:08:18 -0400] "GET /shopdetail/273414524 HTTP/1.1" 500 1034 "-" "Mozilla/5.0 AppleWebKit/537.36 (KHTML, like Gecko; compatible; ClaudeBot/1.0; [email protected])"
52.178.154.88 - - [11/Jun/2025:01:08:17 -0400] "GET /thumbs.php HTTP/1.1" 301 0 "-" "-"
216.73.216.239 - - [11/Jun/2025:01:08:19 -0400] "GET /shopdetail/273352472 HTTP/1.1" 500 1034 "-" "Mozilla/5.0 AppleWebKit/537.36 (KHTML, like Gecko; compatible; ClaudeBot/1.0; [email protected])"
52.178.154.88 - - [11/Jun/2025:01:08:20 -0400] "GET / HTTP/1.1" 200 12631 "-" "-"
52.178.154.88 - - [11/Jun/2025:01:08:21 -0400] "GET /templates/beez3/index.php HTTP/1.1" 301 0 "-" "-"
52.178.154.88 - - [11/Jun/2025:01:08:23 -0400] "GET / HTTP/1.1" 200 12631 "-" "-"
52.178.154.88 - - [11/Jun/2025:01:08:23 -0400] "GET /wp-content/uploads/ HTTP/1.1" 200 1215 "-" "-"
40.77.167.5 - - [11/Jun/2025:01:08:23 -0400] "GET /wind-breaker-chapter-172/ HTTP/1.1" 200 81625 "-" "Mozilla/5.0 AppleWebKit/537.36 (KHTML, like Gecko; compatible; bingbot/2.0; +http://www.bing.com/bingbot.htm) Chrome/116.0.1938.76 Safari/537.36"
162.0.232.193 - - [11/Jun/2025:01:08:20 -0400] "GET /wind-breaker-chapter-302/ HTTP/1.1" 200 12933 "-" "WP Rocket/Preload"
52.178.154.88 - - [11/Jun/2025:01:08:24 -0400] "GET /.well-known/acme-challenge/doc.php HTTP/1.1" 301 0 "-" "-"
162.0.232.193 - - [11/Jun/2025:01:08:26 -0400] "GET /wind-breaker-chapter-302/ HTTP/1.1" 200 0 "-" "WP Rocket/Preload Mozilla/5.0 (iPhone; CPU iPhone OS 9_1 like Mac OS X) AppleWebKit/601.1.46 (KHTML, like Gecko) Version/9.0 Mobile/13B143 Safari/601.1"
52.178.154.88 - - [11/Jun/2025:01:08:27 -0400] "GET / HTTP/1.1" 200 12631 "-" "-"
66.249.77.192 - - [11/Jun/2025:01:08:27 -0400] "GET /shopdetail5568540 HTTP/1.1" 200 80865 "-" "Mozilla/5.0 (Linux; Android 6.0.1; Nexus 5X Build/MMB29P) AppleWebKit/537.36 (KHTML, like Gecko) Chrome/136.0.7103.113 Mobile Safari/537.36 (compatible; Googlebot/2.1; +http://www.google.com/bot.html)"
162.0.232.193 - - [11/Jun/2025:01:08:28 -0400] "GET /wind-breaker-chapter-297/ HTTP/1.1" 200 0 "-" "WP Rocket/Preload"
162.0.232.193 - - [11/Jun/2025:01:08:29 -0400] "GET /wind-breaker-chapter-297/ HTTP/1.1" 200 0 "-" "WP Rocket/Preload Mozilla/5.0 (iPhone; CPU iPhone OS 9_1 like Mac OS X) AppleWebKit/601.1.46 (KHTML, like Gecko) Version/9.0 Mobile/13B143 Safari/601.1"
52.178.154.88 - - [11/Jun/2025:01:08:28 -0400] "GET /revision.php HTTP/1.1" 301 0 "-" "-"
52.178.154.88 - - [11/Jun/2025:01:08:31 -0400] "GET / HTTP/1.1" 200 12631 "-" "-"
162.0.232.193 - - [11/Jun/2025:01:08:31 -0400] "GET /wind-breaker-chapter-270/ HTTP/1.1" 200 0 "-" "WP Rocket/Preload"
162.0.232.193 - - [11/Jun/2025:01:08:33 -0400] "GET /wind-breaker-chapter-270/ HTTP/1.1" 200 0 "-" "WP Rocket/Preload Mozilla/5.0 (iPhone; CPU iPhone OS 9_1 like Mac OS X) AppleWebKit/601.1.46 (KHTML, like Gecko) Version/9.0 Mobile/13B143 Safari/601.1"
52.178.154.88 - - [11/Jun/2025:01:08:32 -0400] "GET /wp-includes/certificates/about.php HTTP/1.1" 301 0 "-" "-"
2001:861:3143:8140:b06e:1d9a:daef:1288 - - [11/Jun/2025:01:08:34 -0400] "GET /wind-breaker-chapter-453/ HTTP/1.1" 200 12278 "-" "Mozilla/5.0 (Macintosh; Intel Mac OS X 10_15_7) AppleWebKit/605.1.15 (KHTML, like Gecko) Version/14.0.3 Safari/605.1.15"
52.178.154.88 - - [11/Jun/2025:01:08:34 -0400] "GET / HTTP/1.1" 200 12631 "-" "-"
162.0.232.193 - - [11/Jun/2025:01:08:37 -0400] "POST /wp-cron.php?doing_wp_cron=1749618517.1050870418548583984375 HTTP/1.1" 200 0 "-" "WordPress/6.8.1; https://read11.windbreakermanga.com"
52.178.154.88 - - [11/Jun/2025:01:08:35 -0400] "GET /wp-includes/wp-includes_function.php HTTP/1.1" 301 0 "-" "-"
52.178.154.88 - - [11/Jun/2025:01:08:37 -0400] "GET / HTTP/1.1" 200 12631 "-" "-"
52.178.154.88 - - [11/Jun/2025:01:08:38 -0400] "GET /wp-content/about.php HTTP/1.1" 200 0 "-" "-"
162.0.232.193 - - [11/Jun/2025:01:08:39 -0400] "GET /wind-breaker-chapter-262/ HTTP/1.1" 200 0 "-" "WP Rocket/Preload"
52.178.154.88 - - [11/Jun/2025:01:08:38 -0400] "GET /wp-admin/css/colors/blue/blkafewl.php HTTP/1.1" 302 0 "-" "-"
162.0.232.193 - - [11/Jun/2025:01:08:40 -0400] "GET /wind-breaker-chapter-262/ HTTP/1.1" 200 0 "-" "WP Rocket/Preload Mozilla/5.0 (iPhone; CPU iPhone OS 9_1 like Mac OS X) AppleWebKit/601.1.46 (KHTML, like Gecko) Version/9.0 Mobile/13B143 Safari/601.1"
52.178.154.88 - - [11/Jun/2025:01:08:40 -0400] "GET /wp-login.php?redirect_to=https%3A%2F%2Fread11.windbreakermanga.com%2Fwp-admin%2Fcss%2Fcolors%2Fblue%2Fblkafewl.php&reauth=1 HTTP/1.1" 200 1899 "-" "-"
162.0.232.193 - - [11/Jun/2025:01:08:42 -0400] "GET /wind-breaker-chapter-255/ HTTP/1.1" 200 0 "-" "WP Rocket/Preload"
52.178.154.88 - - [11/Jun/2025:01:08:42 -0400] "GET /as.php HTTP/1.1" 301 0 "-" "-"
52.178.154.88 - - [11/Jun/2025:01:08:44 -0400] "GET / HTTP/1.1" 200 12631 "-" "-"
162.0.232.193 - - [11/Jun/2025:01:08:43 -0400] "GET /wind-breaker-chapter-255/ HTTP/1.1" 200 0 "-" "WP Rocket/Preload Mozilla/5.0 (iPhone; CPU iPhone OS 9_1 like Mac OS X) AppleWebKit/601.1.46 (KHTML, like Gecko) Version/9.0 Mobile/13B143 Safari/601.1"
52.178.154.88 - - [11/Jun/2025:01:08:44 -0400] "GET /wp-admin/css/fw.php HTTP/1.1" 302 0 "-" "-"
162.0.232.193 - - [11/Jun/2025:01:08:45 -0400] "GET /wind-breaker-chapter-84/ HTTP/1.1" 200 0 "-" "WP Rocket/Preload"
40.77.167.5 - - [11/Jun/2025:01:08:46 -0400] "GET /wind-breaker-chapter-73/ HTTP/1.1" 200 81211 "-" "Mozilla/5.0 AppleWebKit/537.36 (KHTML, like Gecko; compatible; bingbot/2.0; +http://www.bing.com/bingbot.htm) Chrome/116.0.1938.76 Safari/537.36"
52.178.154.88 - - [11/Jun/2025:01:08:46 -0400] "GET /wp-login.php?redirect_to=https%3A%2F%2Fread11.windbreakermanga.com%2Fwp-admin%2Fcss%2Ffw.php&reauth=1 HTTP/1.1" 200 1896 "-" "-"
162.0.232.193 - - [11/Jun/2025:01:08:47 -0400] "GET /wind-breaker-chapter-84/ HTTP/1.1" 200 0 "-" "WP Rocket/Preload Mozilla/5.0 (iPhone; CPU iPhone OS 9_1 like Mac OS X) AppleWebKit/601.1.46 (KHTML, like Gecko) Version/9.0 Mobile/13B143 Safari/601.1"
52.178.154.88 - - [11/Jun/2025:01:08:47 -0400] "GET /templates/atomic/templates.php HTTP/1.1" 301 0 "-" "-"
162.0.232.193 - - [11/Jun/2025:01:08:48 -0400] "GET /chapter-233/ HTTP/1.1" 200 0 "-" "WP Rocket/Preload"
52.178.154.88 - - [11/Jun/2025:01:08:49 -0400] "GET / HTTP/1.1" 200 12631 "-" "-"
162.0.232.193 - - [11/Jun/2025:01:08:50 -0400] "GET /chapter-233/ HTTP/1.1" 200 0 "-" "WP Rocket/Preload Mozilla/5.0 (iPhone; CPU iPhone OS 9_1 like Mac OS X) AppleWebKit/601.1.46 (KHTML, like Gecko) Version/9.0 Mobile/13B143 Safari/601.1"
52.178.154.88 - - [11/Jun/2025:01:08:49 -0400] "GET /wp-includes/js/tinymce/skins/wordpress/images/index.php HTTP/1.1" 301 0 "-" "-"
52.178.154.88 - - [11/Jun/2025:01:08:51 -0400] "GET / HTTP/1.1" 200 12631 "-" "-"
162.0.232.193 - - [11/Jun/2025:01:08:51 -0400] "GET /wind-breaker-chapter-227/ HTTP/1.1" 200 0 "-" "WP Rocket/Preload"
52.178.154.88 - - [11/Jun/2025:01:08:51 -0400] "GET /wp-signin.php HTTP/1.1" 301 0 "-" "-"
66.249.77.192 - - [11/Jun/2025:01:08:52 -0400] "GET /special/12468140 HTTP/1.1" 200 81435 "-" "Mozilla/5.0 (Linux; Android 6.0.1; Nexus 5X Build/MMB29P) AppleWebKit/537.36 (KHTML, like Gecko) Chrome/136.0.7103.113 Mobile Safari/537.36 (compatible; Googlebot/2.1; +http://www.google.com/bot.html)"
52.178.154.88 - - [11/Jun/2025:01:08:53 -0400] "GET / HTTP/1.1" 200 12631 "-" "-"
162.0.232.193 - - [11/Jun/2025:01:08:53 -0400] "GET /wind-breaker-chapter-227/ HTTP/1.1" 200 0 "-" "WP Rocket/Preload Mozilla/5.0 (iPhone; CPU iPhone OS 9_1 like Mac OS X) AppleWebKit/601.1.46 (KHTML, like Gecko) Version/9.0 Mobile/13B143 Safari/601.1"
52.178.154.88 - - [11/Jun/2025:01:08:54 -0400] "GET /1.php7 HTTP/1.1" 301 0 "-" "-"
162.0.232.193 - - [11/Jun/2025:01:08:54 -0400] "GET /wind-breaker-chapter-220/ HTTP/1.1" 200 0 "-" "WP Rocket/Preload"
52.178.154.88 - - [11/Jun/2025:01:08:55 -0400] "GET / HTTP/1.1" 200 12631 "-" "-"
162.0.232.193 - - [11/Jun/2025:01:08:56 -0400] "GET /wind-breaker-chapter-220/ HTTP/1.1" 200 0 "-" "WP Rocket/Preload Mozilla/5.0 (iPhone; CPU iPhone OS 9_1 like Mac OS X) AppleWebKit/601.1.46 (KHTML, like Gecko) Version/9.0 Mobile/13B143 Safari/601.1"
52.178.154.88 - - [11/Jun/2025:01:08:56 -0400] "GET /avaa.php HTTP/1.1" 301 0 "-" "-"
66.249.77.192 - - [11/Jun/2025:01:08:57 -0400] "GET /sitemap-subitems-1951.xml HTTP/1.1" 200 10201 "-" "Mozilla/5.0 (compatible; Googlebot/2.1; +http://www.google.com/bot.html)"
52.178.154.88 - - [11/Jun/2025:01:08:57 -0400] "GET / HTTP/1.1" 200 12631 "-" "-"
162.0.232.193 - - [11/Jun/2025:01:08:57 -0400] "GET /wind-breaker-chapter-221/ HTTP/1.1" 200 0 "-" "WP Rocket/Preload"
52.178.154.88 - - [11/Jun/2025:01:08:58 -0400] "GET /hehe.php HTTP/1.1" 301 0 "-" "-"
52.178.154.88 - - [11/Jun/2025:01:08:59 -0400] "GET / HTTP/1.1" 200 12631 "-" "-"
162.0.232.193 - - [11/Jun/2025:01:08:59 -0400] "GET /wind-breaker-chapter-221/ HTTP/1.1" 200 0 "-" "WP Rocket/Preload Mozilla/5.0 (iPhone; CPU iPhone OS 9_1 like Mac OS X) AppleWebKit/601.1.46 (KHTML, like Gecko) Version/9.0 Mobile/13B143 Safari/601.1"
52.178.154.88 - - [11/Jun/2025:01:09:00 -0400] "GET /lock360.php HTTP/1.1" 301 0 "-" "-"
52.178.154.88 - - [11/Jun/2025:01:09:01 -0400] "GET / HTTP/1.1" 200 12631 "-" "-"
162.0.232.193 - - [11/Jun/2025:01:09:03 -0400] "POST /wp-cron.php?doing_wp_cron=1749618543.0475199222564697265625 HTTP/1.1" 200 0 "-" "WordPress/6.8.1; https://read11.windbreakermanga.com"
52.178.154.88 - - [11/Jun/2025:01:09:02 -0400] "GET /plugin.php HTTP/1.1" 301 0 "-" "-"
52.178.154.88 - - [11/Jun/2025:01:09:03 -0400] "GET / HTTP/1.1" 200 12631 "-" "-"
52.178.154.88 - - [11/Jun/2025:01:09:04 -0400] "GET /wp-admin/user/index.php HTTP/1.1" 403 1242 "-" "-"
52.178.154.88 - - [11/Jun/2025:01:09:04 -0400] "GET /item.php HTTP/1.1" 301 0 "-" "-"
66.249.77.193 - - [11/Jun/2025:01:09:05 -0400] "GET /sitemap-subitems-2203.xml HTTP/1.1" 200 10109 "-" "Mozilla/5.0 (compatible; Googlebot/2.1; +http://www.google.com/bot.html)"
52.178.154.88 - - [11/Jun/2025:01:09:05 -0400] "GET / HTTP/1.1" 200 12631 "-" "-"
52.178.154.88 - - [11/Jun/2025:01:09:06 -0400] "GET /fx.php HTTP/1.1" 301 0 "-" "-"
52.178.154.88 - - [11/Jun/2025:01:09:08 -0400] "GET / HTTP/1.1" 200 12631 "-" "-"
162.0.232.193 - - [11/Jun/2025:01:09:09 -0400] "POST /wp-admin/admin-ajax.php?action=as_async_request_queue_runner&nonce=39ea8117d0 HTTP/1.1" 200 0 "-" "WordPress/6.8.1; https://read11.windbreakermanga.com"
52.178.154.88 - - [11/Jun/2025:01:09:08 -0400] "GET /wp-admin/js/widgets/xmrlpc.php HTTP/1.1" 302 0 "-" "-"
162.0.232.193 - - [11/Jun/2025:01:09:12 -0400] "GET /wind-breaker-chapter-218/ HTTP/1.1" 200 0 "-" "WP Rocket/Preload"
162.0.232.193 - - [11/Jun/2025:01:09:12 -0400] "POST /wp-cron.php?doing_wp_cron=1749618551.9453630447387695312500 HTTP/1.1" 200 0 "-" "WordPress/6.8.1; https://read11.windbreakermanga.com"
52.178.154.88 - - [11/Jun/2025:01:09:10 -0400] "GET /wp-login.php?redirect_to=https%3A%2F%2Fread11.windbreakermanga.com%2Fwp-admin%2Fjs%2Fwidgets%2Fxmrlpc.php&reauth=1 HTTP/1.1" 200 1898 "-" "-"
52.178.154.88 - - [11/Jun/2025:01:09:13 -0400] "GET /wp-admin/network/about.php HTTP/1.1" 403 1242 "-" "-"
162.0.232.193 - - [11/Jun/2025:01:09:13 -0400] "GET /wind-breaker-chapter-218/ HTTP/1.1" 200 0 "-" "WP Rocket/Preload Mozilla/5.0 (iPhone; CPU iPhone OS 9_1 like Mac OS X) AppleWebKit/601.1.46 (KHTML, like Gecko) Version/9.0 Mobile/13B143 Safari/601.1"
52.178.154.88 - - [11/Jun/2025:01:09:13 -0400] "GET /wp.php HTTP/1.1" 301 0 "-" "-"
162.0.232.193 - - [11/Jun/2025:01:09:15 -0400] "GET /wind-breaker-chapter-216/ HTTP/1.1" 200 0 "-" "WP Rocket/Preload"
52.178.154.88 - - [11/Jun/2025:01:09:15 -0400] "GET / HTTP/1.1" 200 12631 "-" "-"
162.0.232.193 - - [11/Jun/2025:01:09:16 -0400] "GET /wind-breaker-chapter-216/ HTTP/1.1" 200 0 "-" "WP Rocket/Preload Mozilla/5.0 (iPhone; CPU iPhone OS 9_1 like Mac OS X) AppleWebKit/601.1.46 (KHTML, like Gecko) Version/9.0 Mobile/13B143 Safari/601.1"
52.178.154.88 - - [11/Jun/2025:01:09:16 -0400] "GET /wp-logout.php HTTP/1.1" 301 0 "-" "-"
52.178.154.88 - - [11/Jun/2025:01:09:18 -0400] "GET / HTTP/1.1" 200 12631 "-" "-"
162.0.232.193 - - [11/Jun/2025:01:09:18 -0400] "GET /wind-breaker-chapter-215/ HTTP/1.1" 200 0 "-" "WP Rocket/Preload"
52.178.154.88 - - [11/Jun/2025:01:09:18 -0400] "GET /sh.php HTTP/1.1" 301 0 "-" "-"
52.178.154.88 - - [11/Jun/2025:01:09:19 -0400] "GET / HTTP/1.1" 200 12631 "-" "-"
52.178.154.88 - - [11/Jun/2025:01:09:20 -0400] "GET /wp-content/plugins/wordfence/js/ HTTP/1.1" 200 0 "-" "-"
162.0.232.193 - - [11/Jun/2025:01:09:19 -0400] "GET /wind-breaker-chapter-215/ HTTP/1.1" 200 0 "-" "WP Rocket/Preload Mozilla/5.0 (iPhone; CPU iPhone OS 9_1 like Mac OS X) AppleWebKit/601.1.46 (KHTML, like Gecko) Version/9.0 Mobile/13B143 Safari/601.1"
52.178.154.88 - - [11/Jun/2025:01:09:20 -0400] "GET /.well-known/about.php HTTP/1.1" 301 0 "-" "-"
162.0.232.193 - - [11/Jun/2025:01:09:21 -0400] "GET /wind-breaker-chapter-205/ HTTP/1.1" 200 0 "-" "WP Rocket/Preload"
52.178.154.88 - - [11/Jun/2025:01:09:22 -0400] "GET / HTTP/1.1" 200 12631 "-" "-"
52.178.154.88 - - [11/Jun/2025:01:09:22 -0400] "GET /wp-content/plugins/core-plugin/include.php HTTP/1.1" 200 0 "-" "-"
52.178.154.88 - - [11/Jun/2025:01:09:22 -0400] "GET /wp-content/gallery/about.php HTTP/1.1" 200 0 "-" "-"
66.249.77.192 - - [11/Jun/2025:01:09:22 -0400] "GET /shopping/12469812 HTTP/1.1" 200 82147 "-" "Mozilla/5.0 (Linux; Android 6.0.1; Nexus 5X Build/MMB29P) AppleWebKit/537.36 (KHTML, like Gecko) Chrome/136.0.7103.113 Mobile Safari/537.36 (compatible; Googlebot/2.1; +http://www.google.com/bot.html)"
162.0.232.193 - - [11/Jun/2025:01:09:23 -0400] "GET /wind-breaker-chapter-205/ HTTP/1.1" 200 0 "-" "WP Rocket/Preload Mozilla/5.0 (iPhone; CPU iPhone OS 9_1 like Mac OS X) AppleWebKit/601.1.46 (KHTML, like Gecko) Version/9.0 Mobile/13B143 Safari/601.1"
52.178.154.88 - - [11/Jun/2025:01:09:23 -0400] "GET /epinyins.php HTTP/1.1" 301 0 "-" "-"
216.73.216.239 - - [11/Jun/2025:01:09:24 -0400] "GET /shopdetail/273422020 HTTP/1.1" 500 1034 "-" "Mozilla/5.0 AppleWebKit/537.36 (KHTML, like Gecko; compatible; ClaudeBot/1.0; [email protected])"
216.73.216.239 - - [11/Jun/2025:01:09:24 -0400] "GET /shopdetail/273392016 HTTP/1.1" 500 1034 "-" "Mozilla/5.0 AppleWebKit/537.36 (KHTML, like Gecko; compatible; ClaudeBot/1.0; [email protected])"
162.0.232.193 - - [11/Jun/2025:01:09:24 -0400] "GET /wind-breaker-chapter-186/ HTTP/1.1" 200 0 "-" "WP Rocket/Preload"
52.178.154.88 - - [11/Jun/2025:01:09:25 -0400] "GET / HTTP/1.1" 200 12631 "-" "-"
162.0.232.193 - - [11/Jun/2025:01:09:26 -0400] "GET /wind-breaker-chapter-186/ HTTP/1.1" 200 0 "-" "WP Rocket/Preload Mozilla/5.0 (iPhone; CPU iPhone OS 9_1 like Mac OS X) AppleWebKit/601.1.46 (KHTML, like Gecko) Version/9.0 Mobile/13B143 Safari/601.1"
52.178.154.88 - - [11/Jun/2025:01:09:25 -0400] "GET /bi.php HTTP/1.1" 301 0 "-" "-"
52.178.154.88 - - [11/Jun/2025:01:09:27 -0400] "GET / HTTP/1.1" 200 12631 "-" "-"
162.0.232.193 - - [11/Jun/2025:01:09:27 -0400] "GET /wind-breaker-chapter-180/ HTTP/1.1" 200 11972 "-" "WP Rocket/Preload"
52.178.154.88 - - [11/Jun/2025:01:09:28 -0400] "GET /class.php HTTP/1.1" 301 0 "-" "-"
52.178.154.88 - - [11/Jun/2025:01:09:30 -0400] "GET / HTTP/1.1" 200 12631 "-" "-"
162.0.232.193 - - [11/Jun/2025:01:09:30 -0400] "GET /wind-breaker-chapter-180/ HTTP/1.1" 200 0 "-" "WP Rocket/Preload Mozilla/5.0 (iPhone; CPU iPhone OS 9_1 like Mac OS X) AppleWebKit/601.1.46 (KHTML, like Gecko) Version/9.0 Mobile/13B143 Safari/601.1"
52.178.154.88 - - [11/Jun/2025:01:09:31 -0400] "GET /xmlrpc.php HTTP/1.1" 405 46 "-" "-"
52.178.154.88 - - [11/Jun/2025:01:09:32 -0400] "GET /raf.php HTTP/1.1" 301 0 "-" "-"
52.178.154.88 - - [11/Jun/2025:01:09:33 -0400] "GET / HTTP/1.1" 200 12561 "-" "-"
52.178.154.88 - - [11/Jun/2025:01:09:34 -0400] "GET /wp-admin/alfa.php HTTP/1.1" 302 0 "-" "-"
162.0.232.193 - - [11/Jun/2025:01:09:36 -0400] "POST /wp-cron.php?doing_wp_cron=1749618576.0454480648040771484375 HTTP/1.1" 200 0 "-" "WordPress/6.8.1; https://read11.windbreakermanga.com"
52.178.154.88 - - [11/Jun/2025:01:09:35 -0400] "GET /wp-login.php?redirect_to=https%3A%2F%2Fread11.windbreakermanga.com%2Fwp-admin%2Falfa.php&reauth=1 HTTP/1.1" 200 1892 "-" "-"
52.178.154.88 - - [11/Jun/2025:01:09:36 -0400] "GET /1bwqtre/admin.php HTTP/1.1" 301 0 "-" "-"
162.0.232.193 - - [11/Jun/2025:01:09:37 -0400] "POST /wp-admin/admin-ajax.php?action=as_async_request_queue_runner&nonce=39ea8117d0 HTTP/1.1" 200 0 "-" "WordPress/6.8.1; https://read11.windbreakermanga.com"
52.178.154.88 - - [11/Jun/2025:01:09:37 -0400] "GET / HTTP/1.1" 200 12631 "-" "-"
