65.108.0.71 - - [11/Jun/2025:00:20:03 -0400] "GET /wp-includes/SimplePie/library/SimplePie/Decode/HTML/ HTTP/1.1" 200 660 "-" "Mozilla/5.0 (compatible; MJ12bot/v1.4.8; http://mj12bot.com/)"
66.249.77.194 - - [11/Jun/2025:00:20:03 -0400] "GET /item36507572 HTTP/1.1" 200 81429 "-" "Mozilla/5.0 (Linux; Android 6.0.1; Nexus 5X Build/MMB29P) AppleWebKit/537.36 (KHTML, like Gecko) Chrome/136.0.7103.113 Mobile Safari/537.36 (compatible; Googlebot/2.1; +http://www.google.com/bot.html)"
65.108.0.71 - - [11/Jun/2025:00:20:05 -0400] "GET /wp-includes/SimplePie/library/SimplePie/HTTP/?MA HTTP/1.1" 200 656 "-" "Mozilla/5.0 (compatible; MJ12bot/v1.4.8; http://mj12bot.com/)"
65.108.0.71 - - [11/Jun/2025:00:20:07 -0400] "GET /wp-includes/SimplePie/library/SimplePie/HTTP/?ND HTTP/1.1" 200 653 "-" "Mozilla/5.0 (compatible; MJ12bot/v1.4.8; http://mj12bot.com/)"
65.108.0.71 - - [11/Jun/2025:00:20:10 -0400] "GET /wp-includes/SimplePie/library/SimplePie/HTTP/?SA HTTP/1.1" 200 654 "-" "Mozilla/5.0 (compatible; MJ12bot/v1.4.8; http://mj12bot.com/)"
65.108.0.71 - - [11/Jun/2025:00:20:12 -0400] "GET /wp-includes/SimplePie/library/SimplePie/HTTP/Parser.php HTTP/1.1" 403 1242 "-" "Mozilla/5.0 (compatible; MJ12bot/v1.4.8; http://mj12bot.com/)"
65.108.0.71 - - [11/Jun/2025:00:20:14 -0400] "GET /wp-includes/SimplePie/library/SimplePie/Net/?MA HTTP/1.1" 200 657 "-" "Mozilla/5.0 (compatible; MJ12bot/v1.4.8; http://mj12bot.com/)"
2001:861:3143:8140:b06e:1d9a:daef:1288 - - [11/Jun/2025:00:20:15 -0400] "GET /wind-breaker-chapter-377/ HTTP/1.1" 200 11986 "-" "Mozilla/5.0 (iPad; CPU OS 13_6 like Mac OS X) AppleWebKit/605.1.15 (KHTML, like Gecko) Version/13.1.2 Mobile/15E148 Safari/604.1"
65.108.0.71 - - [11/Jun/2025:00:20:16 -0400] "GET /wp-includes/SimplePie/library/SimplePie/Net/?ND HTTP/1.1" 200 653 "-" "Mozilla/5.0 (compatible; MJ12bot/v1.4.8; http://mj12bot.com/)"
65.108.0.71 - - [11/Jun/2025:00:20:18 -0400] "GET /wp-includes/SimplePie/library/SimplePie/Net/?SA HTTP/1.1" 200 657 "-" "Mozilla/5.0 (compatible; MJ12bot/v1.4.8; http://mj12bot.com/)"
66.249.77.194 - - [11/Jun/2025:00:20:18 -0400] "GET /shopdetail36495396 HTTP/1.1" 200 81521 "-" "Mozilla/5.0 (Linux; Android 6.0.1; Nexus 5X Build/MMB29P) AppleWebKit/537.36 (KHTML, like Gecko) Chrome/136.0.7103.113 Mobile Safari/537.36 (compatible; Googlebot/2.1; +http://www.google.com/bot.html)"
65.108.0.71 - - [11/Jun/2025:00:20:21 -0400] "GET /wp-includes/SimplePie/library/SimplePie/Net/IPv6.php HTTP/1.1" 403 1242 "-" "Mozilla/5.0 (compatible; MJ12bot/v1.4.8; http://mj12bot.com/)"
65.108.0.71 - - [11/Jun/2025:00:20:23 -0400] "GET /wp-includes/SimplePie/library/SimplePie/Parse/?MA HTTP/1.1" 200 654 "-" "Mozilla/5.0 (compatible; MJ12bot/v1.4.8; http://mj12bot.com/)"
65.108.0.71 - - [11/Jun/2025:00:20:25 -0400] "GET /wp-includes/SimplePie/library/SimplePie/Parse/?ND HTTP/1.1" 200 648 "-" "Mozilla/5.0 (compatible; MJ12bot/v1.4.8; http://mj12bot.com/)"
216.73.216.239 - - [11/Jun/2025:00:20:27 -0400] "GET /shopdetail/273396868 HTTP/1.1" 500 1034 "-" "Mozilla/5.0 AppleWebKit/537.36 (KHTML, like Gecko; compatible; ClaudeBot/1.0; [email protected])"
216.73.216.239 - - [11/Jun/2025:00:20:27 -0400] "GET /shopdetail/273421148 HTTP/1.1" 500 1034 "-" "Mozilla/5.0 AppleWebKit/537.36 (KHTML, like Gecko; compatible; ClaudeBot/1.0; [email protected])"
216.73.216.239 - - [11/Jun/2025:00:20:27 -0400] "GET /shopdetail/273395996 HTTP/1.1" 500 1034 "-" "Mozilla/5.0 AppleWebKit/537.36 (KHTML, like Gecko; compatible; ClaudeBot/1.0; [email protected])"
65.108.0.71 - - [11/Jun/2025:00:20:28 -0400] "GET /wp-includes/SimplePie/library/SimplePie/Parse/?SA HTTP/1.1" 200 653 "-" "Mozilla/5.0 (compatible; MJ12bot/v1.4.8; http://mj12bot.com/)"
65.108.0.71 - - [11/Jun/2025:00:20:30 -0400] "GET /wp-includes/SimplePie/library/SimplePie/Parse/Date.php HTTP/1.1" 403 1242 "-" "Mozilla/5.0 (compatible; MJ12bot/v1.4.8; http://mj12bot.com/)"
65.108.0.71 - - [11/Jun/2025:00:20:32 -0400] "GET /wp-includes/SimplePie/library/SimplePie/XML/?MA HTTP/1.1" 200 643 "-" "Mozilla/5.0 (compatible; MJ12bot/v1.4.8; http://mj12bot.com/)"
65.108.0.71 - - [11/Jun/2025:00:20:34 -0400] "GET /wp-includes/SimplePie/library/SimplePie/XML/?ND HTTP/1.1" 200 641 "-" "Mozilla/5.0 (compatible; MJ12bot/v1.4.8; http://mj12bot.com/)"
65.108.0.71 - - [11/Jun/2025:00:20:37 -0400] "GET /wp-includes/SimplePie/library/SimplePie/XML/?SA HTTP/1.1" 200 644 "-" "Mozilla/5.0 (compatible; MJ12bot/v1.4.8; http://mj12bot.com/)"
65.108.0.71 - - [11/Jun/2025:00:20:39 -0400] "GET /wp-includes/SimplePie/library/SimplePie/XML/Declaration/ HTTP/1.1" 200 656 "-" "Mozilla/5.0 (compatible; MJ12bot/v1.4.8; http://mj12bot.com/)"
65.108.0.71 - - [11/Jun/2025:00:20:41 -0400] "GET /wp-includes/SimplePie/src/Cache/?MD HTTP/1.1" 200 1193 "-" "Mozilla/5.0 (compatible; MJ12bot/v1.4.8; http://mj12bot.com/)"
65.108.0.71 - - [11/Jun/2025:00:20:44 -0400] "GET /wp-includes/SimplePie/src/Cache/?NA HTTP/1.1" 200 1193 "-" "Mozilla/5.0 (compatible; MJ12bot/v1.4.8; http://mj12bot.com/)"
65.108.0.71 - - [11/Jun/2025:00:20:46 -0400] "GET /wp-includes/SimplePie/src/Cache/?SD HTTP/1.1" 200 1181 "-" "Mozilla/5.0 (compatible; MJ12bot/v1.4.8; http://mj12bot.com/)"
52.167.144.203 - - [11/Jun/2025:00:20:47 -0400] "GET /wind-breaker-chapter-461/ HTTP/1.1" 200 81736 "-" "Mozilla/5.0 AppleWebKit/537.36 (KHTML, like Gecko; compatible; bingbot/2.0; +http://www.bing.com/bingbot.htm) Chrome/116.0.1938.76 Safari/537.36"
65.108.0.71 - - [11/Jun/2025:00:20:49 -0400] "GET /wp-includes/SimplePie/src/Content/?MD HTTP/1.1" 200 639 "-" "Mozilla/5.0 (compatible; MJ12bot/v1.4.8; http://mj12bot.com/)"
66.249.77.194 - - [11/Jun/2025:00:20:48 -0400] "GET /shopdetail36502956 HTTP/1.1" 200 81474 "-" "Mozilla/5.0 (Linux; Android 6.0.1; Nexus 5X Build/MMB29P) AppleWebKit/537.36 (KHTML, like Gecko) Chrome/136.0.7103.113 Mobile Safari/537.36 (compatible; Googlebot/2.1; +http://www.google.com/bot.html)"
65.108.0.71 - - [11/Jun/2025:00:20:51 -0400] "GET /wp-includes/SimplePie/src/Content/?NA HTTP/1.1" 200 634 "-" "Mozilla/5.0 (compatible; MJ12bot/v1.4.8; http://mj12bot.com/)"
65.108.0.71 - - [11/Jun/2025:00:20:53 -0400] "GET /wp-includes/SimplePie/src/Content/?SD HTTP/1.1" 200 640 "-" "Mozilla/5.0 (compatible; MJ12bot/v1.4.8; http://mj12bot.com/)"
65.108.0.71 - - [11/Jun/2025:00:20:55 -0400] "GET /wp-includes/SimplePie/src/Content/Type/?MA HTTP/1.1" 200 655 "-" "Mozilla/5.0 (compatible; MJ12bot/v1.4.8; http://mj12bot.com/)"
65.108.0.71 - - [11/Jun/2025:00:20:58 -0400] "GET /wp-includes/SimplePie/src/Content/Type/?ND HTTP/1.1" 200 650 "-" "Mozilla/5.0 (compatible; MJ12bot/v1.4.8; http://mj12bot.com/)"
65.108.0.71 - - [11/Jun/2025:00:21:00 -0400] "GET /wp-includes/SimplePie/src/Content/Type/?SA HTTP/1.1" 200 653 "-" "Mozilla/5.0 (compatible; MJ12bot/v1.4.8; http://mj12bot.com/)"
65.108.0.71 - - [11/Jun/2025:00:21:03 -0400] "GET /wp-includes/SimplePie/src/Content/Type/Sniffer.php HTTP/1.1" 403 1242 "-" "Mozilla/5.0 (compatible; MJ12bot/v1.4.8; http://mj12bot.com/)"
65.108.0.71 - - [11/Jun/2025:00:21:05 -0400] "GET /wp-includes/SimplePie/src/Decode/?MD HTTP/1.1" 200 646 "-" "Mozilla/5.0 (compatible; MJ12bot/v1.4.8; http://mj12bot.com/)"
66.249.77.195 - - [11/Jun/2025:00:21:04 -0400] "GET /special36507808 HTTP/1.1" 200 81397 "-" "Mozilla/5.0 (Linux; Android 6.0.1; Nexus 5X Build/MMB29P) AppleWebKit/537.36 (KHTML, like Gecko) Chrome/136.0.7103.113 Mobile Safari/537.36 (compatible; Googlebot/2.1; +http://www.google.com/bot.html)"
65.108.0.71 - - [11/Jun/2025:00:21:08 -0400] "GET /wp-includes/SimplePie/src/Decode/?NA HTTP/1.1" 200 638 "-" "Mozilla/5.0 (compatible; MJ12bot/v1.4.8; http://mj12bot.com/)"
65.108.0.71 - - [11/Jun/2025:00:21:10 -0400] "GET /wp-includes/SimplePie/src/Decode/?SD HTTP/1.1" 200 645 "-" "Mozilla/5.0 (compatible; MJ12bot/v1.4.8; http://mj12bot.com/)"
65.108.0.71 - - [11/Jun/2025:00:21:13 -0400] "GET /wp-includes/SimplePie/src/Decode/HTML/?MA HTTP/1.1" 200 659 "-" "Mozilla/5.0 (compatible; MJ12bot/v1.4.8; http://mj12bot.com/)"
65.108.0.71 - - [11/Jun/2025:00:21:15 -0400] "GET /wp-includes/SimplePie/src/Decode/HTML/?ND HTTP/1.1" 200 653 "-" "Mozilla/5.0 (compatible; MJ12bot/v1.4.8; http://mj12bot.com/)"
65.108.0.71 - - [11/Jun/2025:00:21:17 -0400] "GET /wp-includes/SimplePie/src/Decode/HTML/?SA HTTP/1.1" 200 657 "-" "Mozilla/5.0 (compatible; MJ12bot/v1.4.8; http://mj12bot.com/)"
65.108.0.71 - - [11/Jun/2025:00:21:20 -0400] "GET /wp-includes/SimplePie/src/Decode/HTML/Entities.php HTTP/1.1" 403 1242 "-" "Mozilla/5.0 (compatible; MJ12bot/v1.4.8; http://mj12bot.com/)"
162.0.232.193 - - [11/Jun/2025:00:21:21 -0400] "POST /wp-cron.php?doing_wp_cron=1749615681.0387790203094482421875 HTTP/1.1" 200 0 "-" "WordPress/6.8.1; https://read11.windbreakermanga.com"
65.108.0.71 - - [11/Jun/2025:00:21:22 -0400] "GET /wp-includes/SimplePie/src/HTTP/?MD HTTP/1.1" 200 653 "-" "Mozilla/5.0 (compatible; MJ12bot/v1.4.8; http://mj12bot.com/)"
66.249.77.195 - - [11/Jun/2025:00:21:21 -0400] "GET /special221026044 HTTP/1.1" 200 82044 "-" "Mozilla/5.0 (Linux; Android 6.0.1; Nexus 5X Build/MMB29P) AppleWebKit/537.36 (KHTML, like Gecko) Chrome/136.0.7103.113 Mobile Safari/537.36 (compatible; Googlebot/2.1; +http://www.google.com/bot.html)"
66.249.77.194 - - [11/Jun/2025:00:21:23 -0400] "GET /item36231808 HTTP/1.1" 200 81223 "-" "Mozilla/5.0 (Linux; Android 6.0.1; Nexus 5X Build/MMB29P) AppleWebKit/537.36 (KHTML, like Gecko) Chrome/136.0.7103.113 Mobile Safari/537.36 (compatible; Googlebot/2.1; +http://www.google.com/bot.html)"
65.108.0.71 - - [11/Jun/2025:00:21:24 -0400] "GET /wp-includes/SimplePie/src/HTTP/?NA HTTP/1.1" 200 645 "-" "Mozilla/5.0 (compatible; MJ12bot/v1.4.8; http://mj12bot.com/)"
65.108.0.71 - - [11/Jun/2025:00:21:26 -0400] "GET /wp-includes/SimplePie/src/HTTP/?SD HTTP/1.1" 200 651 "-" "Mozilla/5.0 (compatible; MJ12bot/v1.4.8; http://mj12bot.com/)"
2001:861:3143:8140:b06e:1d9a:daef:1288 - - [11/Jun/2025:00:21:05 -0400] "GET /wind-breaker-chapter-378/ HTTP/1.1" 200 12087 "-" "Mozilla/5.0 (Windows NT 10.0; Win64; x64) AppleWebKit/537.36 (KHTML, like Gecko) Chrome/91.0.4472.124 Safari/537.36"
65.108.0.71 - - [11/Jun/2025:00:21:28 -0400] "GET /wp-includes/SimplePie/src/Net/?MD HTTP/1.1" 200 652 "-" "Mozilla/5.0 (compatible; MJ12bot/v1.4.8; http://mj12bot.com/)"
65.108.0.71 - - [11/Jun/2025:00:21:30 -0400] "GET /wp-includes/SimplePie/src/Net/?NA HTTP/1.1" 200 643 "-" "Mozilla/5.0 (compatible; MJ12bot/v1.4.8; http://mj12bot.com/)"
162.0.232.193 - - [11/Jun/2025:00:21:26 -0400] "GET /wind-breaker-chapter-58/ HTTP/1.1" 200 12187 "-" "WP Rocket/Preload"
162.0.232.193 - - [11/Jun/2025:00:21:32 -0400] "GET /wind-breaker-chapter-58/ HTTP/1.1" 200 0 "-" "WP Rocket/Preload Mozilla/5.0 (iPhone; CPU iPhone OS 9_1 like Mac OS X) AppleWebKit/601.1.46 (KHTML, like Gecko) Version/9.0 Mobile/13B143 Safari/601.1"
65.108.0.71 - - [11/Jun/2025:00:21:33 -0400] "GET /wp-includes/SimplePie/src/Net/?SD HTTP/1.1" 200 650 "-" "Mozilla/5.0 (compatible; MJ12bot/v1.4.8; http://mj12bot.com/)"
216.73.216.239 - - [11/Jun/2025:00:21:33 -0400] "GET /shopdetail/274641444 HTTP/1.1" 500 1034 "-" "Mozilla/5.0 AppleWebKit/537.36 (KHTML, like Gecko; compatible; ClaudeBot/1.0; [email protected])"
216.73.216.239 - - [11/Jun/2025:00:21:34 -0400] "GET /shopdetail/273392316 HTTP/1.1" 500 1034 "-" "Mozilla/5.0 AppleWebKit/537.36 (KHTML, like Gecko; compatible; ClaudeBot/1.0; [email protected])"
216.73.216.239 - - [11/Jun/2025:00:21:34 -0400] "GET /shopdetail/274669712 HTTP/1.1" 500 1034 "-" "Mozilla/5.0 AppleWebKit/537.36 (KHTML, like Gecko; compatible; ClaudeBot/1.0; [email protected])"
65.108.0.71 - - [11/Jun/2025:00:21:35 -0400] "GET /wp-includes/SimplePie/src/Parse/?MD HTTP/1.1" 200 650 "-" "Mozilla/5.0 (compatible; MJ12bot/v1.4.8; http://mj12bot.com/)"
162.0.232.193 - - [11/Jun/2025:00:21:37 -0400] "GET /wp-content/uploads/f979bbbcbe9df560cb74049269d2541e_4104.xml HTTP/1.1" 200 2582 "-" "Mozilla/5.0 (X11; Linux x86_64) AppleWebKit/537.36 (KHTML, like Gecko) Ubuntu Chromium/41.0.2272.76"
65.108.0.71 - - [11/Jun/2025:00:21:37 -0400] "GET /wp-includes/SimplePie/src/Parse/?NA HTTP/1.1" 200 647 "-" "Mozilla/5.0 (compatible; MJ12bot/v1.4.8; http://mj12bot.com/)"
65.108.0.71 - - [11/Jun/2025:00:21:40 -0400] "GET /wp-includes/SimplePie/src/Parse/?SD HTTP/1.1" 200 647 "-" "Mozilla/5.0 (compatible; MJ12bot/v1.4.8; http://mj12bot.com/)"
66.249.77.194 - - [11/Jun/2025:00:21:39 -0400] "GET /item36231400 HTTP/1.1" 200 81116 "-" "Mozilla/5.0 (Linux; Android 6.0.1; Nexus 5X Build/MMB29P) AppleWebKit/537.36 (KHTML, like Gecko) Chrome/136.0.7103.113 Mobile Safari/537.36 (compatible; Googlebot/2.1; +http://www.google.com/bot.html)"
65.108.0.71 - - [11/Jun/2025:00:21:42 -0400] "GET /wp-includes/SimplePie/src/XML/?MD HTTP/1.1" 200 640 "-" "Mozilla/5.0 (compatible; MJ12bot/v1.4.8; http://mj12bot.com/)"
65.108.0.71 - - [11/Jun/2025:00:21:44 -0400] "GET /wp-includes/SimplePie/src/XML/?NA HTTP/1.1" 200 638 "-" "Mozilla/5.0 (compatible; MJ12bot/v1.4.8; http://mj12bot.com/)"
47.128.96.158 - - [11/Jun/2025:00:21:44 -0400] "GET / HTTP/1.1" 200 12625 "-" "Mozilla/5.0 (Linux; Android 5.0) AppleWebKit/537.36 (KHTML, like Gecko) Mobile Safari/537.36 (compatible; TikTokSpider; [email protected])"
65.108.0.71 - - [11/Jun/2025:00:21:46 -0400] "GET /wp-includes/SimplePie/src/XML/?SD HTTP/1.1" 200 639 "-" "Mozilla/5.0 (compatible; MJ12bot/v1.4.8; http://mj12bot.com/)"
65.108.0.71 - - [11/Jun/2025:00:21:48 -0400] "GET /wp-includes/SimplePie/src/XML/Declaration/?MA HTTP/1.1" 200 654 "-" "Mozilla/5.0 (compatible; MJ12bot/v1.4.8; http://mj12bot.com/)"
65.108.0.71 - - [11/Jun/2025:00:21:51 -0400] "GET /wp-includes/SimplePie/src/XML/Declaration/?ND HTTP/1.1" 200 651 "-" "Mozilla/5.0 (compatible; MJ12bot/v1.4.8; http://mj12bot.com/)"
65.108.0.71 - - [11/Jun/2025:00:21:53 -0400] "GET /wp-includes/SimplePie/src/XML/Declaration/?SA HTTP/1.1" 200 653 "-" "Mozilla/5.0 (compatible; MJ12bot/v1.4.8; http://mj12bot.com/)"
65.108.0.71 - - [11/Jun/2025:00:21:55 -0400] "GET /wp-includes/SimplePie/src/XML/Declaration/Parser.php HTTP/1.1" 403 1242 "-" "Mozilla/5.0 (compatible; MJ12bot/v1.4.8; http://mj12bot.com/)"
65.108.0.71 - - [11/Jun/2025:00:21:57 -0400] "GET /wp-includes/Text/Diff/Engine/?MD HTTP/1.1" 200 780 "-" "Mozilla/5.0 (compatible; MJ12bot/v1.4.8; http://mj12bot.com/)"
65.108.0.71 - - [11/Jun/2025:00:21:59 -0400] "GET /wp-includes/Text/Diff/Engine/?NA HTTP/1.1" 200 772 "-" "Mozilla/5.0 (compatible; MJ12bot/v1.4.8; http://mj12bot.com/)"
65.108.0.71 - - [11/Jun/2025:00:22:02 -0400] "GET /wp-includes/Text/Diff/Engine/?SD HTTP/1.1" 200 777 "-" "Mozilla/5.0 (compatible; MJ12bot/v1.4.8; http://mj12bot.com/)"
65.108.0.71 - - [11/Jun/2025:00:22:04 -0400] "GET /wp-includes/Text/Diff/Renderer/?MD HTTP/1.1" 200 646 "-" "Mozilla/5.0 (compatible; MJ12bot/v1.4.8; http://mj12bot.com/)"
65.108.0.71 - - [11/Jun/2025:00:22:07 -0400] "GET /wp-includes/Text/Diff/Renderer/?NA HTTP/1.1" 200 640 "-" "Mozilla/5.0 (compatible; MJ12bot/v1.4.8; http://mj12bot.com/)"
65.108.0.71 - - [11/Jun/2025:00:22:09 -0400] "GET /wp-includes/Text/Diff/Renderer/?SD HTTP/1.1" 200 644 "-" "Mozilla/5.0 (compatible; MJ12bot/v1.4.8; http://mj12bot.com/)"
66.249.77.195 - - [11/Jun/2025:00:22:09 -0400] "GET /info36495496 HTTP/1.1" 200 83176 "-" "Mozilla/5.0 (Linux; Android 6.0.1; Nexus 5X Build/MMB29P) AppleWebKit/537.36 (KHTML, like Gecko) Chrome/136.0.7103.113 Mobile Safari/537.36 (compatible; Googlebot/2.1; +http://www.google.com/bot.html)"
65.108.0.71 - - [11/Jun/2025:00:22:11 -0400] "GET /wp-includes/css/dist/block-directory/?MD HTTP/1.1" 200 696 "-" "Mozilla/5.0 (compatible; MJ12bot/v1.4.8; http://mj12bot.com/)"
65.108.0.71 - - [11/Jun/2025:00:22:14 -0400] "GET /wp-includes/css/dist/block-directory/?NA HTTP/1.1" 200 695 "-" "Mozilla/5.0 (compatible; MJ12bot/v1.4.8; http://mj12bot.com/)"
65.108.0.71 - - [11/Jun/2025:00:22:16 -0400] "GET /wp-includes/css/dist/block-directory/?SD HTTP/1.1" 200 698 "-" "Mozilla/5.0 (compatible; MJ12bot/v1.4.8; http://mj12bot.com/)"
65.108.0.71 - - [11/Jun/2025:00:22:20 -0400] "GET /wp-includes/css/dist/block-editor/?MD HTTP/1.1" 200 1173 "-" "Mozilla/5.0 (compatible; MJ12bot/v1.4.8; http://mj12bot.com/)"
65.108.0.71 - - [11/Jun/2025:00:22:22 -0400] "GET /wp-includes/css/dist/block-editor/?NA HTTP/1.1" 200 1158 "-" "Mozilla/5.0 (compatible; MJ12bot/v1.4.8; http://mj12bot.com/)"
65.108.0.71 - - [11/Jun/2025:00:22:24 -0400] "GET /wp-includes/css/dist/block-editor/?SD HTTP/1.1" 200 1162 "-" "Mozilla/5.0 (compatible; MJ12bot/v1.4.8; http://mj12bot.com/)"
66.249.77.195 - - [11/Jun/2025:00:22:24 -0400] "GET /shopbrand36498204 HTTP/1.1" 200 81515 "-" "Mozilla/5.0 (Linux; Android 6.0.1; Nexus 5X Build/MMB29P) AppleWebKit/537.36 (KHTML, like Gecko) Chrome/136.0.7103.113 Mobile Safari/537.36 (compatible; Googlebot/2.1; +http://www.google.com/bot.html)"
66.249.77.195 - - [11/Jun/2025:00:22:25 -0400] "GET /shopping/ultramarine36236724 HTTP/1.1" 200 81212 "-" "Mozilla/5.0 (Linux; Android 6.0.1; Nexus 5X Build/MMB29P) AppleWebKit/537.36 (KHTML, like Gecko) Chrome/136.0.7103.113 Mobile Safari/537.36 (compatible; Googlebot/2.1; +http://www.google.com/bot.html)"
65.108.0.71 - - [11/Jun/2025:00:22:26 -0400] "GET /wp-includes/css/dist/block-library/?MD HTTP/1.1" 200 1559 "-" "Mozilla/5.0 (compatible; MJ12bot/v1.4.8; http://mj12bot.com/)"
216.73.216.239 - - [11/Jun/2025:00:22:28 -0400] "GET /shopdetail/273384220 HTTP/1.1" 500 1034 "-" "Mozilla/5.0 AppleWebKit/537.36 (KHTML, like Gecko; compatible; ClaudeBot/1.0; [email protected])"
216.73.216.239 - - [11/Jun/2025:00:22:28 -0400] "GET /shopdetail/274706212 HTTP/1.1" 500 1034 "-" "Mozilla/5.0 AppleWebKit/537.36 (KHTML, like Gecko; compatible; ClaudeBot/1.0; [email protected])"
216.73.216.239 - - [11/Jun/2025:00:22:28 -0400] "GET /shopdetail/273350392 HTTP/1.1" 500 1034 "-" "Mozilla/5.0 AppleWebKit/537.36 (KHTML, like Gecko; compatible; ClaudeBot/1.0; [email protected])"
65.108.0.71 - - [11/Jun/2025:00:22:29 -0400] "GET /wp-includes/css/dist/block-library/?NA HTTP/1.1" 200 1493 "-" "Mozilla/5.0 (compatible; MJ12bot/v1.4.8; http://mj12bot.com/)"
65.108.0.71 - - [11/Jun/2025:00:22:31 -0400] "GET /wp-includes/css/dist/block-library/?SD HTTP/1.1" 200 1500 "-" "Mozilla/5.0 (compatible; MJ12bot/v1.4.8; http://mj12bot.com/)"
65.108.0.71 - - [11/Jun/2025:00:22:33 -0400] "GET /wp-includes/css/dist/commands/?MD HTTP/1.1" 200 689 "-" "Mozilla/5.0 (compatible; MJ12bot/v1.4.8; http://mj12bot.com/)"
65.108.0.71 - - [11/Jun/2025:00:22:35 -0400] "GET /wp-includes/css/dist/commands/?NA HTTP/1.1" 200 688 "-" "Mozilla/5.0 (compatible; MJ12bot/v1.4.8; http://mj12bot.com/)"
47.128.125.37 - - [11/Jun/2025:00:22:36 -0400] "GET /wp-includes/block-patterns/ HTTP/1.1" 200 1099 "-" "Mozilla/5.0 (Linux; Android 5.0) AppleWebKit/537.36 (KHTML, like Gecko) Mobile Safari/537.36 (compatible; Bytespider; [email protected])"
65.108.0.71 - - [11/Jun/2025:00:22:38 -0400] "GET /wp-includes/css/dist/commands/?SD HTTP/1.1" 200 694 "-" "Mozilla/5.0 (compatible; MJ12bot/v1.4.8; http://mj12bot.com/)"
65.108.0.71 - - [11/Jun/2025:00:22:40 -0400] "GET /wp-includes/css/dist/components/?MD HTTP/1.1" 200 706 "-" "Mozilla/5.0 (compatible; MJ12bot/v1.4.8; http://mj12bot.com/)"
65.108.0.71 - - [11/Jun/2025:00:22:42 -0400] "GET /wp-includes/css/dist/components/?NA HTTP/1.1" 200 711 "-" "Mozilla/5.0 (compatible; MJ12bot/v1.4.8; http://mj12bot.com/)"
65.108.0.71 - - [11/Jun/2025:00:22:44 -0400] "GET /wp-includes/css/dist/components/?SD HTTP/1.1" 200 706 "-" "Mozilla/5.0 (compatible; MJ12bot/v1.4.8; http://mj12bot.com/)"
65.108.0.71 - - [11/Jun/2025:00:22:47 -0400] "GET /wp-includes/css/dist/customize-widgets/?MD HTTP/1.1" 200 750 "-" "Mozilla/5.0 (compatible; MJ12bot/v1.4.8; http://mj12bot.com/)"
65.108.0.71 - - [11/Jun/2025:00:22:49 -0400] "GET /wp-includes/css/dist/customize-widgets/?NA HTTP/1.1" 200 748 "-" "Mozilla/5.0 (compatible; MJ12bot/v1.4.8; http://mj12bot.com/)"
65.108.0.71 - - [11/Jun/2025:00:22:51 -0400] "GET /wp-includes/css/dist/customize-widgets/?SD HTTP/1.1" 200 753 "-" "Mozilla/5.0 (compatible; MJ12bot/v1.4.8; http://mj12bot.com/)"
65.108.0.71 - - [11/Jun/2025:00:22:53 -0400] "GET /wp-includes/css/dist/edit-post/?MD HTTP/1.1" 200 1076 "-" "Mozilla/5.0 (compatible; MJ12bot/v1.4.8; http://mj12bot.com/)"
66.249.77.194 - - [11/Jun/2025:00:22:55 -0400] "GET /info114881704 HTTP/1.1" 200 81489 "-" "Mozilla/5.0 (Linux; Android 6.0.1; Nexus 5X Build/MMB29P) AppleWebKit/537.36 (KHTML, like Gecko) Chrome/136.0.7103.113 Mobile Safari/537.36 (compatible; Googlebot/2.1; +http://www.google.com/bot.html)"
65.108.0.71 - - [11/Jun/2025:00:22:56 -0400] "GET /wp-includes/css/dist/edit-post/?NA HTTP/1.1" 200 1077 "-" "Mozilla/5.0 (compatible; MJ12bot/v1.4.8; http://mj12bot.com/)"
2001:861:3143:8140:b06e:1d9a:daef:1288 - - [11/Jun/2025:00:22:57 -0400] "GET /wind-breaker-chapter-379/ HTTP/1.1" 200 11788 "-" "Mozilla/5.0 (Windows NT 10.0; Win64; x64; rv:89.0) Gecko/20100101 Firefox/89.0"
65.108.0.71 - - [11/Jun/2025:00:22:58 -0400] "GET /wp-includes/css/dist/edit-post/?SD HTTP/1.1" 200 1077 "-" "Mozilla/5.0 (compatible; MJ12bot/v1.4.8; http://mj12bot.com/)"
65.108.0.71 - - [11/Jun/2025:00:23:00 -0400] "GET /wp-includes/css/dist/edit-site/?MD HTTP/1.1" 200 1060 "-" "Mozilla/5.0 (compatible; MJ12bot/v1.4.8; http://mj12bot.com/)"
65.108.0.71 - - [11/Jun/2025:00:23:03 -0400] "GET /wp-includes/css/dist/edit-site/?NA HTTP/1.1" 200 1056 "-" "Mozilla/5.0 (compatible; MJ12bot/v1.4.8; http://mj12bot.com/)"
65.108.0.71 - - [11/Jun/2025:00:23:05 -0400] "GET /wp-includes/css/dist/edit-site/?SD HTTP/1.1" 200 1055 "-" "Mozilla/5.0 (compatible; MJ12bot/v1.4.8; http://mj12bot.com/)"
65.108.0.71 - - [11/Jun/2025:00:23:07 -0400] "GET /wp-includes/css/dist/edit-widgets/?MD HTTP/1.1" 200 702 "-" "Mozilla/5.0 (compatible; MJ12bot/v1.4.8; http://mj12bot.com/)"
65.108.0.71 - - [11/Jun/2025:00:23:10 -0400] "GET /wp-includes/css/dist/edit-widgets/?NA HTTP/1.1" 200 698 "-" "Mozilla/5.0 (compatible; MJ12bot/v1.4.8; http://mj12bot.com/)"
66.249.77.196 - - [11/Jun/2025:00:23:10 -0400] "GET /shopbrand114890564 HTTP/1.1" 200 81056 "-" "Mozilla/5.0 (Linux; Android 6.0.1; Nexus 5X Build/MMB29P) AppleWebKit/537.36 (KHTML, like Gecko) Chrome/136.0.7103.113 Mobile Safari/537.36 (compatible; Googlebot/2.1; +http://www.google.com/bot.html)"
65.108.0.71 - - [11/Jun/2025:00:23:12 -0400] "GET /wp-includes/css/dist/edit-widgets/?SD HTTP/1.1" 200 705 "-" "Mozilla/5.0 (compatible; MJ12bot/v1.4.8; http://mj12bot.com/)"
65.108.0.71 - - [11/Jun/2025:00:23:14 -0400] "GET /wp-includes/css/dist/editor/?MD HTTP/1.1" 200 697 "-" "Mozilla/5.0 (compatible; MJ12bot/v1.4.8; http://mj12bot.com/)"
65.108.0.71 - - [11/Jun/2025:00:23:17 -0400] "GET /wp-includes/css/dist/editor/?NA HTTP/1.1" 200 698 "-" "Mozilla/5.0 (compatible; MJ12bot/v1.4.8; http://mj12bot.com/)"
65.108.0.71 - - [11/Jun/2025:00:23:19 -0400] "GET /wp-includes/css/dist/editor/?SD HTTP/1.1" 200 701 "-" "Mozilla/5.0 (compatible; MJ12bot/v1.4.8; http://mj12bot.com/)"
65.108.0.71 - - [11/Jun/2025:00:23:21 -0400] "GET /wp-includes/css/dist/format-library/?MD HTTP/1.1" 200 691 "-" "Mozilla/5.0 (compatible; MJ12bot/v1.4.8; http://mj12bot.com/)"
65.108.0.71 - - [11/Jun/2025:00:23:24 -0400] "GET /wp-includes/css/dist/format-library/?NA HTTP/1.1" 200 688 "-" "Mozilla/5.0 (compatible; MJ12bot/v1.4.8; http://mj12bot.com/)"
65.108.0.71 - - [11/Jun/2025:00:23:26 -0400] "GET /wp-includes/css/dist/format-library/?SD HTTP/1.1" 200 694 "-" "Mozilla/5.0 (compatible; MJ12bot/v1.4.8; http://mj12bot.com/)"
66.249.77.195 - - [11/Jun/2025:00:23:25 -0400] "GET /special10132304 HTTP/1.1" 200 81716 "-" "Mozilla/5.0 (Linux; Android 6.0.1; Nexus 5X Build/MMB29P) AppleWebKit/537.36 (KHTML, like Gecko) Chrome/136.0.7103.113 Mobile Safari/537.36 (compatible; Googlebot/2.1; +http://www.google.com/bot.html)"
114.119.151.50 - - [11/Jun/2025:00:23:27 -0400] "GET / HTTP/1.1" 200 12625 "https://read8.windbreakermanga.com/wind-breaker/wind-breaker-chapter-409/" "Mozilla/5.0 (Linux; Android 7.0;) AppleWebKit/537.36 (KHTML, like Gecko) Mobile Safari/537.36 (compatible; PetalBot;+https://webmaster.petalsearch.com/site/petalbot)"
66.249.77.194 - - [11/Jun/2025:00:23:27 -0400] "GET /info/221029632 HTTP/1.1" 200 81796 "-" "Mozilla/5.0 (Linux; Android 6.0.1; Nexus 5X Build/MMB29P) AppleWebKit/537.36 (KHTML, like Gecko) Chrome/136.0.7103.113 Mobile Safari/537.36 (compatible; Googlebot/2.1; +http://www.google.com/bot.html)"
65.108.0.71 - - [11/Jun/2025:00:23:28 -0400] "GET /wp-includes/css/dist/list-reusable-blocks/?MD HTTP/1.1" 200 705 "-" "Mozilla/5.0 (compatible; MJ12bot/v1.4.8; http://mj12bot.com/)"
216.73.216.239 - - [11/Jun/2025:00:23:28 -0400] "GET /shopdetail/273374180 HTTP/1.1" 500 1034 "-" "Mozilla/5.0 AppleWebKit/537.36 (KHTML, like Gecko; compatible; ClaudeBot/1.0; [email protected])"
216.73.216.239 - - [11/Jun/2025:00:23:28 -0400] "GET /shopdetail/274669312 HTTP/1.1" 500 1034 "-" "Mozilla/5.0 AppleWebKit/537.36 (KHTML, like Gecko; compatible; ClaudeBot/1.0; [email protected])"
216.73.216.239 - - [11/Jun/2025:00:23:28 -0400] "GET /shopdetail/274670276 HTTP/1.1" 500 1034 "-" "Mozilla/5.0 AppleWebKit/537.36 (KHTML, like Gecko; compatible; ClaudeBot/1.0; [email protected])"
65.108.0.71 - - [11/Jun/2025:00:23:30 -0400] "GET /wp-includes/css/dist/list-reusable-blocks/?NA HTTP/1.1" 200 698 "-" "Mozilla/5.0 (compatible; MJ12bot/v1.4.8; http://mj12bot.com/)"
65.108.0.71 - - [11/Jun/2025:00:23:33 -0400] "GET /wp-includes/css/dist/list-reusable-blocks/?SD HTTP/1.1" 200 708 "-" "Mozilla/5.0 (compatible; MJ12bot/v1.4.8; http://mj12bot.com/)"
65.108.0.71 - - [11/Jun/2025:00:23:35 -0400] "GET /wp-includes/css/dist/nux/?MD HTTP/1.1" 200 746 "-" "Mozilla/5.0 (compatible; MJ12bot/v1.4.8; http://mj12bot.com/)"
47.128.125.43 - - [11/Jun/2025:00:23:36 -0400] "GET /wp-includes/class-wp-term.php HTTP/1.1" 403 1242 "-" "Mozilla/5.0 (Linux; Android 5.0) AppleWebKit/537.36 (KHTML, like Gecko) Mobile Safari/537.36 (compatible; Bytespider; [email protected])"
65.108.0.71 - - [11/Jun/2025:00:23:37 -0400] "GET /wp-includes/css/dist/nux/?NA HTTP/1.1" 200 746 "-" "Mozilla/5.0 (compatible; MJ12bot/v1.4.8; http://mj12bot.com/)"
65.108.0.71 - - [11/Jun/2025:00:23:39 -0400] "GET /wp-includes/css/dist/nux/?SD HTTP/1.1" 200 750 "-" "Mozilla/5.0 (compatible; MJ12bot/v1.4.8; http://mj12bot.com/)"
65.108.0.71 - - [11/Jun/2025:00:23:41 -0400] "GET /wp-includes/css/dist/patterns/?MD HTTP/1.1" 200 685 "-" "Mozilla/5.0 (compatible; MJ12bot/v1.4.8; http://mj12bot.com/)"
66.249.77.192 - - [11/Jun/2025:00:23:42 -0400] "GET /shopbrand10133548 HTTP/1.1" 200 81472 "-" "Mozilla/5.0 (Linux; Android 6.0.1; Nexus 5X Build/MMB29P) AppleWebKit/537.36 (KHTML, like Gecko) Chrome/136.0.7103.113 Mobile Safari/537.36 (compatible; Googlebot/2.1; +http://www.google.com/bot.html)"
65.108.0.71 - - [11/Jun/2025:00:23:43 -0400] "GET /wp-includes/css/dist/patterns/?NA HTTP/1.1" 200 686 "-" "Mozilla/5.0 (compatible; MJ12bot/v1.4.8; http://mj12bot.com/)"
65.108.0.71 - - [11/Jun/2025:00:23:45 -0400] "GET /wp-includes/css/dist/patterns/?SD HTTP/1.1" 200 691 "-" "Mozilla/5.0 (compatible; MJ12bot/v1.4.8; http://mj12bot.com/)"
65.108.0.71 - - [11/Jun/2025:00:23:48 -0400] "GET /wp-includes/css/dist/preferences/?MD HTTP/1.1" 200 742 "-" "Mozilla/5.0 (compatible; MJ12bot/v1.4.8; http://mj12bot.com/)"
65.108.0.71 - - [11/Jun/2025:00:23:51 -0400] "GET /wp-includes/css/dist/preferences/?NA HTTP/1.1" 200 743 "-" "Mozilla/5.0 (compatible; MJ12bot/v1.4.8; http://mj12bot.com/)"
65.108.0.71 - - [11/Jun/2025:00:23:53 -0400] "GET /wp-includes/css/dist/preferences/?SD HTTP/1.1" 200 747 "-" "Mozilla/5.0 (compatible; MJ12bot/v1.4.8; http://mj12bot.com/)"
65.108.0.71 - - [11/Jun/2025:00:23:56 -0400] "GET /wp-includes/css/dist/reusable-blocks/?MD HTTP/1.1" 200 693 "-" "Mozilla/5.0 (compatible; MJ12bot/v1.4.8; http://mj12bot.com/)"
65.108.0.71 - - [11/Jun/2025:00:23:58 -0400] "GET /wp-includes/css/dist/reusable-blocks/?NA HTTP/1.1" 200 697 "-" "Mozilla/5.0 (compatible; MJ12bot/v1.4.8; http://mj12bot.com/)"
66.249.77.192 - - [11/Jun/2025:00:23:58 -0400] "GET /info115662500 HTTP/1.1" 200 81199 "-" "Mozilla/5.0 (Linux; Android 6.0.1; Nexus 5X Build/MMB29P) AppleWebKit/537.36 (KHTML, like Gecko) Chrome/136.0.7103.113 Mobile Safari/537.36 (compatible; Googlebot/2.1; +http://www.google.com/bot.html)"
65.108.0.71 - - [11/Jun/2025:00:24:01 -0400] "GET /wp-includes/css/dist/reusable-blocks/?SD HTTP/1.1" 200 696 "-" "Mozilla/5.0 (compatible; MJ12bot/v1.4.8; http://mj12bot.com/)"
65.108.0.71 - - [11/Jun/2025:00:24:03 -0400] "GET /wp-includes/css/dist/widgets/?MD HTTP/1.1" 200 690 "-" "Mozilla/5.0 (compatible; MJ12bot/v1.4.8; http://mj12bot.com/)"
65.108.0.71 - - [11/Jun/2025:00:24:05 -0400] "GET /wp-includes/css/dist/widgets/?NA HTTP/1.1" 200 685 "-" "Mozilla/5.0 (compatible; MJ12bot/v1.4.8; http://mj12bot.com/)"
65.108.0.71 - - [11/Jun/2025:00:24:07 -0400] "GET /wp-includes/css/dist/widgets/?SD HTTP/1.1" 200 692 "-" "Mozilla/5.0 (compatible; MJ12bot/v1.4.8; http://mj12bot.com/)"
66.249.77.194 - - [11/Jun/2025:00:24:13 -0400] "GET /goodscode7948800 HTTP/1.1" 200 81294 "-" "Mozilla/5.0 (Linux; Android 6.0.1; Nexus 5X Build/MMB29P) AppleWebKit/537.36 (KHTML, like Gecko) Chrome/136.0.7103.113 Mobile Safari/537.36 (compatible; Googlebot/2.1; +http://www.google.com/bot.html)"
216.73.216.239 - - [11/Jun/2025:00:24:20 -0400] "GET /shopdetail/274630068 HTTP/1.1" 500 1034 "-" "Mozilla/5.0 AppleWebKit/537.36 (KHTML, like Gecko; compatible; ClaudeBot/1.0; [email protected])"
216.73.216.239 - - [11/Jun/2025:00:24:20 -0400] "GET /shopdetail/273416532 HTTP/1.1" 500 1034 "-" "Mozilla/5.0 AppleWebKit/537.36 (KHTML, like Gecko; compatible; ClaudeBot/1.0; [email protected])"
216.73.216.239 - - [11/Jun/2025:00:24:20 -0400] "GET /shopdetail/273407372 HTTP/1.1" 500 1034 "-" "Mozilla/5.0 AppleWebKit/537.36 (KHTML, like Gecko; compatible; ClaudeBot/1.0; [email protected])"
66.249.77.193 - - [11/Jun/2025:00:24:28 -0400] "GET /goodscode35747312 HTTP/1.1" 200 81798 "-" "Mozilla/5.0 (Linux; Android 6.0.1; Nexus 5X Build/MMB29P) AppleWebKit/537.36 (KHTML, like Gecko) Chrome/136.0.7103.113 Mobile Safari/537.36 (compatible; Googlebot/2.1; +http://www.google.com/bot.html)"
47.128.118.117 - - [11/Jun/2025:00:24:37 -0400] "GET /wp-includes/class-wp-theme-json-schema.php HTTP/1.1" 403 1242 "-" "Mozilla/5.0 (Linux; Android 5.0) AppleWebKit/537.36 (KHTML, like Gecko) Mobile Safari/537.36 (compatible; Bytespider; [email protected])"
162.0.232.193 - - [11/Jun/2025:00:24:38 -0400] "POST /wp-cron.php?doing_wp_cron=1749615878.2058711051940917968750 HTTP/1.1" 200 0 "-" "WordPress/6.8.1; https://read11.windbreakermanga.com"
2001:861:3143:8140:b06e:1d9a:daef:1288 - - [11/Jun/2025:00:24:36 -0400] "GET /wind-breaker-chapter-380/ HTTP/1.1" 200 11729 "-" "Mozilla/5.0 (Windows NT 10.0; Win64; x64) AppleWebKit/537.36 (KHTML, like Gecko) Chrome/91.0.4472.124 Safari/537.36"
162.0.232.193 - - [11/Jun/2025:00:24:40 -0400] "GET /wind-breaker-chapter-48/ HTTP/1.1" 200 12172 "-" "WP Rocket/Preload"
2a03:2880:f800:2:: - - [11/Jun/2025:00:24:43 -0400] "GET /wind-breaker-chapter-138/ HTTP/1.1" 200 12225 "-" "meta-externalagent/1.1 (+https://developers.facebook.com/docs/sharing/webmasters/crawler)"
162.0.232.193 - - [11/Jun/2025:00:24:43 -0400] "GET /wind-breaker-chapter-48/ HTTP/1.1" 200 0 "-" "WP Rocket/Preload Mozilla/5.0 (iPhone; CPU iPhone OS 9_1 like Mac OS X) AppleWebKit/601.1.46 (KHTML, like Gecko) Version/9.0 Mobile/13B143 Safari/601.1"
162.0.232.193 - - [11/Jun/2025:00:24:45 -0400] "GET /wind-breaker-chapter-18/ HTTP/1.1" 200 0 "-" "WP Rocket/Preload"
162.0.232.193 - - [11/Jun/2025:00:24:46 -0400] "GET /wind-breaker-chapter-18/ HTTP/1.1" 200 0 "-" "WP Rocket/Preload Mozilla/5.0 (iPhone; CPU iPhone OS 9_1 like Mac OS X) AppleWebKit/601.1.46 (KHTML, like Gecko) Version/9.0 Mobile/13B143 Safari/601.1"
162.0.232.193 - - [11/Jun/2025:00:24:48 -0400] "GET /wind-breaker-chapter-485/ HTTP/1.1" 200 0 "-" "WP Rocket/Preload"
162.0.232.193 - - [11/Jun/2025:00:24:49 -0400] "GET /wind-breaker-chapter-485/ HTTP/1.1" 200 0 "-" "WP Rocket/Preload Mozilla/5.0 (iPhone; CPU iPhone OS 9_1 like Mac OS X) AppleWebKit/601.1.46 (KHTML, like Gecko) Version/9.0 Mobile/13B143 Safari/601.1"
162.0.232.193 - - [11/Jun/2025:00:24:51 -0400] "GET /wind-breaker-chapter-465/ HTTP/1.1" 200 0 "-" "WP Rocket/Preload"
162.0.232.193 - - [11/Jun/2025:00:24:53 -0400] "GET /wind-breaker-chapter-465/ HTTP/1.1" 200 0 "-" "WP Rocket/Preload Mozilla/5.0 (iPhone; CPU iPhone OS 9_1 like Mac OS X) AppleWebKit/601.1.46 (KHTML, like Gecko) Version/9.0 Mobile/13B143 Safari/601.1"
162.0.232.193 - - [11/Jun/2025:00:24:55 -0400] "GET /wind-breaker-chapter-354/ HTTP/1.1" 200 11952 "-" "WP Rocket/Preload"
162.0.232.193 - - [11/Jun/2025:00:24:56 -0400] "GET /wind-breaker-chapter-354/ HTTP/1.1" 200 0 "-" "WP Rocket/Preload Mozilla/5.0 (iPhone; CPU iPhone OS 9_1 like Mac OS X) AppleWebKit/601.1.46 (KHTML, like Gecko) Version/9.0 Mobile/13B143 Safari/601.1"
66.249.77.192 - - [11/Jun/2025:00:24:57 -0400] "GET /item35746048 HTTP/1.1" 200 81492 "-" "Mozilla/5.0 (Linux; Android 6.0.1; Nexus 5X Build/MMB29P) AppleWebKit/537.36 (KHTML, like Gecko) Chrome/136.0.7103.113 Mobile Safari/537.36 (compatible; Googlebot/2.1; +http://www.google.com/bot.html)"
162.0.232.193 - - [11/Jun/2025:00:24:57 -0400] "GET /wind-breaker-chapter-104/ HTTP/1.1" 200 0 "-" "WP Rocket/Preload"
162.0.232.193 - - [11/Jun/2025:00:24:59 -0400] "GET /wind-breaker-chapter-104/ HTTP/1.1" 200 0 "-" "WP Rocket/Preload Mozilla/5.0 (iPhone; CPU iPhone OS 9_1 like Mac OS X) AppleWebKit/601.1.46 (KHTML, like Gecko) Version/9.0 Mobile/13B143 Safari/601.1"
2a03:2880:f800:15:: - - [11/Jun/2025:00:24:59 -0400] "GET /category/wind-breaker/page/9/ HTTP/1.1" 200 13045 "-" "meta-externalagent/1.1 (+https://developers.facebook.com/docs/sharing/webmasters/crawler)"
216.73.216.239 - - [11/Jun/2025:00:25:10 -0400] "GET /shopdetail/274638192 HTTP/1.1" 500 1034 "-" "Mozilla/5.0 AppleWebKit/537.36 (KHTML, like Gecko; compatible; ClaudeBot/1.0; [email protected])"
216.73.216.239 - - [11/Jun/2025:00:25:10 -0400] "GET /shopdetail/274664124 HTTP/1.1" 500 1034 "-" "Mozilla/5.0 AppleWebKit/537.36 (KHTML, like Gecko; compatible; ClaudeBot/1.0; [email protected])"
66.249.77.193 - - [11/Jun/2025:00:25:13 -0400] "GET /detail35747720 HTTP/1.1" 200 81420 "-" "Mozilla/5.0 (Linux; Android 6.0.1; Nexus 5X Build/MMB29P) AppleWebKit/537.36 (KHTML, like Gecko) Chrome/136.0.7103.113 Mobile Safari/537.36 (compatible; Googlebot/2.1; +http://www.google.com/bot.html)"
66.249.77.192 - - [11/Jun/2025:00:25:28 -0400] "GET /goods35745812 HTTP/1.1" 200 81528 "-" "Mozilla/5.0 (Linux; Android 6.0.1; Nexus 5X Build/MMB29P) AppleWebKit/537.36 (KHTML, like Gecko) Chrome/136.0.7103.113 Mobile Safari/537.36 (compatible; Googlebot/2.1; +http://www.google.com/bot.html)"
66.249.77.192 - - [11/Jun/2025:00:25:29 -0400] "GET /products/scoliosis221038128 HTTP/1.1" 200 81264 "-" "Mozilla/5.0 (Linux; Android 6.0.1; Nexus 5X Build/MMB29P) AppleWebKit/537.36 (KHTML, like Gecko) Chrome/136.0.7103.113 Mobile Safari/537.36 (compatible; Googlebot/2.1; +http://www.google.com/bot.html)"
66.249.77.192 - - [11/Jun/2025:00:25:31 -0400] "GET /items/jocosely115662928 HTTP/1.1" 200 80997 "-" "Mozilla/5.0 (Linux; Android 6.0.1; Nexus 5X Build/MMB29P) AppleWebKit/537.36 (KHTML, like Gecko) Chrome/136.0.7103.113 Mobile Safari/537.36 (compatible; Googlebot/2.1; +http://www.google.com/bot.html)"
54.36.148.127 - - [11/Jun/2025:00:25:36 -0400] "GET /wind-breaker-chapter-179/ HTTP/1.1" 500 1034 "-" "Mozilla/5.0 (compatible; AhrefsBot/7.0; +http://ahrefs.com/robot/)"
47.128.125.152 - - [11/Jun/2025:00:25:37 -0400] "GET /wp-includes/class-wp-user-query.php HTTP/1.1" 403 1242 "-" "Mozilla/5.0 (Linux; Android 5.0) AppleWebKit/537.36 (KHTML, like Gecko) Mobile Safari/537.36 (compatible; Bytespider; [email protected])"
66.249.77.193 - - [11/Jun/2025:00:25:46 -0400] "GET /special35749720 HTTP/1.1" 200 81211 "-" "Mozilla/5.0 (Linux; Android 6.0.1; Nexus 5X Build/MMB29P) AppleWebKit/537.36 (KHTML, like Gecko) Chrome/136.0.7103.113 Mobile Safari/537.36 (compatible; Googlebot/2.1; +http://www.google.com/bot.html)"
162.0.232.193 - - [11/Jun/2025:00:26:01 -0400] "POST /wp-cron.php?doing_wp_cron=1749615960.8874690532684326171875 HTTP/1.1" 200 0 "-" "WordPress/6.8.1; https://read11.windbreakermanga.com"
2001:861:3143:8140:b06e:1d9a:daef:1288 - - [11/Jun/2025:00:25:59 -0400] "GET /wind-breaker-chapter-381/ HTTP/1.1" 200 11940 "-" "Mozilla/5.0 (Windows NT 10.0; Win64; x64) AppleWebKit/537.36 (KHTML, like Gecko) Chrome/91.0.4472.124 Safari/537.36"
162.0.232.193 - - [11/Jun/2025:00:26:07 -0400] "GET /wp-content/uploads/f979bbbcbe9df560cb74049269d2541e_4104.xml HTTP/1.1" 200 2271 "-" "Mozilla/5.0 (X11; Linux x86_64) AppleWebKit/537.36 (KHTML, like Gecko) Ubuntu Chromium/41.0.2272.76"
216.73.216.239 - - [11/Jun/2025:00:26:09 -0400] "GET /shopdetail/273373308 HTTP/1.1" 500 1034 "-" "Mozilla/5.0 AppleWebKit/537.36 (KHTML, like Gecko; compatible; ClaudeBot/1.0; [email protected])"
216.73.216.239 - - [11/Jun/2025:00:26:09 -0400] "GET /shopdetail/273410244 HTTP/1.1" 500 1034 "-" "Mozilla/5.0 AppleWebKit/537.36 (KHTML, like Gecko; compatible; ClaudeBot/1.0; [email protected])"
66.249.77.192 - - [11/Jun/2025:00:26:17 -0400] "GET /shopping36246220 HTTP/1.1" 200 81923 "-" "Mozilla/5.0 (Linux; Android 6.0.1; Nexus 5X Build/MMB29P) AppleWebKit/537.36 (KHTML, like Gecko) Chrome/136.0.7103.113 Mobile Safari/537.36 (compatible; Googlebot/2.1; +http://www.google.com/bot.html)"
66.249.77.192 - - [11/Jun/2025:00:26:33 -0400] "GET /special36245184 HTTP/1.1" 200 81570 "-" "Mozilla/5.0 (Linux; Android 6.0.1; Nexus 5X Build/MMB29P) AppleWebKit/537.36 (KHTML, like Gecko) Chrome/136.0.7103.113 Mobile Safari/537.36 (compatible; Googlebot/2.1; +http://www.google.com/bot.html)"
47.128.29.186 - - [11/Jun/2025:00:26:37 -0400] "GET /wp-includes/spl-autoload-compat.php HTTP/1.1" 403 1242 "-" "Mozilla/5.0 (Linux; Android 5.0) AppleWebKit/537.36 (KHTML, like Gecko) Mobile Safari/537.36 (compatible; Bytespider; [email protected])"
66.249.77.192 - - [11/Jun/2025:00:26:48 -0400] "GET /entity36241504 HTTP/1.1" 200 81371 "-" "Mozilla/5.0 (Linux; Android 6.0.1; Nexus 5X Build/MMB29P) AppleWebKit/537.36 (KHTML, like Gecko) Chrome/136.0.7103.113 Mobile Safari/537.36 (compatible; Googlebot/2.1; +http://www.google.com/bot.html)"
66.249.77.192 - - [11/Jun/2025:00:26:51 -0400] "GET /shopdetail/9008968 HTTP/1.1" 200 81659 "-" "Mozilla/5.0 (Linux; Android 6.0.1; Nexus 5X Build/MMB29P) AppleWebKit/537.36 (KHTML, like Gecko) Chrome/136.0.7103.113 Mobile Safari/537.36 (compatible; Googlebot/2.1; +http://www.google.com/bot.html)"
2001:861:3143:8140:b06e:1d9a:daef:1288 - - [11/Jun/2025:00:26:51 -0400] "GET /wind-breaker-chapter-382/ HTTP/1.1" 200 12019 "-" "Mozilla/5.0 (Macintosh; Intel Mac OS X 10_15_7) AppleWebKit/605.1.15 (KHTML, like Gecko) Version/14.0.3 Safari/605.1.15"
66.249.77.192 - - [11/Jun/2025:00:26:54 -0400] "GET /sitemap-subitems-1704.xml HTTP/1.1" 200 9847 "-" "Mozilla/5.0 (compatible; Googlebot/2.1; +http://www.google.com/bot.html)"
216.73.216.239 - - [11/Jun/2025:00:27:21 -0400] "GET /shopdetail/273378260 HTTP/1.1" 500 1034 "-" "Mozilla/5.0 AppleWebKit/537.36 (KHTML, like Gecko; compatible; ClaudeBot/1.0; [email protected])"
66.249.77.193 - - [11/Jun/2025:00:27:21 -0400] "GET /detail36238024 HTTP/1.1" 200 80853 "-" "Mozilla/5.0 (Linux; Android 6.0.1; Nexus 5X Build/MMB29P) AppleWebKit/537.36 (KHTML, like Gecko) Chrome/136.0.7103.113 Mobile Safari/537.36 (compatible; Googlebot/2.1; +http://www.google.com/bot.html)"
216.73.216.239 - - [11/Jun/2025:00:27:21 -0400] "GET /shopdetail/274692456 HTTP/1.1" 500 1034 "-" "Mozilla/5.0 AppleWebKit/537.36 (KHTML, like Gecko; compatible; ClaudeBot/1.0; [email protected])"
66.249.77.193 - - [11/Jun/2025:00:27:24 -0400] "GET /special/36476888 HTTP/1.1" 200 81320 "-" "Mozilla/5.0 (Linux; Android 6.0.1; Nexus 5X Build/MMB29P) AppleWebKit/537.36 (KHTML, like Gecko) Chrome/136.0.7103.113 Mobile Safari/537.36 (compatible; Googlebot/2.1; +http://www.google.com/bot.html)"
66.249.77.193 - - [11/Jun/2025:00:27:25 -0400] "GET /shopdetail/saponite34167020 HTTP/1.1" 200 81828 "-" "Mozilla/5.0 (Linux; Android 6.0.1; Nexus 5X Build/MMB29P) AppleWebKit/537.36 (KHTML, like Gecko) Chrome/136.0.7103.113 Mobile Safari/537.36 (compatible; Googlebot/2.1; +http://www.google.com/bot.html)"
47.128.25.139 - - [11/Jun/2025:00:27:38 -0400] "GET /wp-includes/media-template.php HTTP/1.1" 403 1242 "-" "Mozilla/5.0 (Linux; Android 5.0) AppleWebKit/537.36 (KHTML, like Gecko) Mobile Safari/537.36 (compatible; Bytespider; [email protected])"
66.249.77.192 - - [11/Jun/2025:00:27:41 -0400] "GET /products36245556 HTTP/1.1" 200 80965 "-" "Mozilla/5.0 (Linux; Android 6.0.1; Nexus 5X Build/MMB29P) AppleWebKit/537.36 (KHTML, like Gecko) Chrome/136.0.7103.113 Mobile Safari/537.36 (compatible; Googlebot/2.1; +http://www.google.com/bot.html)"
2001:861:3143:8140:b06e:1d9a:daef:1288 - - [11/Jun/2025:00:27:50 -0400] "GET /wind-breaker-chapter-383/ HTTP/1.1" 200 11965 "-" "Mozilla/5.0 (iPad; CPU OS 13_6 like Mac OS X) AppleWebKit/605.1.15 (KHTML, like Gecko) Version/13.1.2 Mobile/15E148 Safari/604.1"
66.249.77.193 - - [11/Jun/2025:00:27:58 -0400] "GET /goodscode36244284 HTTP/1.1" 200 81813 "-" "Mozilla/5.0 (Linux; Android 6.0.1; Nexus 5X Build/MMB29P) AppleWebKit/537.36 (KHTML, like Gecko) Chrome/136.0.7103.113 Mobile Safari/537.36 (compatible; Googlebot/2.1; +http://www.google.com/bot.html)"
66.249.77.193 - - [11/Jun/2025:00:28:14 -0400] "GET /products36253352 HTTP/1.1" 200 81076 "-" "Mozilla/5.0 (Linux; Android 6.0.1; Nexus 5X Build/MMB29P) AppleWebKit/537.36 (KHTML, like Gecko) Chrome/136.0.7103.113 Mobile Safari/537.36 (compatible; Googlebot/2.1; +http://www.google.com/bot.html)"
66.249.77.192 - - [11/Jun/2025:00:28:15 -0400] "GET /goodscode74145904 HTTP/1.1" 200 81585 "-" "Mozilla/5.0 (Linux; Android 6.0.1; Nexus 5X Build/MMB29P) AppleWebKit/537.36 (KHTML, like Gecko) Chrome/136.0.7103.113 Mobile Safari/537.36 (compatible; Googlebot/2.1; +http://www.google.com/bot.html)"
66.249.77.193 - - [11/Jun/2025:00:28:31 -0400] "GET /entity36250808 HTTP/1.1" 200 81633 "-" "Mozilla/5.0 (Linux; Android 6.0.1; Nexus 5X Build/MMB29P) AppleWebKit/537.36 (KHTML, like Gecko) Chrome/136.0.7103.113 Mobile Safari/537.36 (compatible; Googlebot/2.1; +http://www.google.com/bot.html)"
114.119.129.189 - - [11/Jun/2025:00:28:33 -0400] "GET /chapter-412/ HTTP/1.1" 200 10816 "https://read8.windbreakermanga.com/wind-breaker/page/26/" "Mozilla/5.0 (Linux; Android 7.0;) AppleWebKit/537.36 (KHTML, like Gecko) Mobile Safari/537.36 (compatible; PetalBot;+https://webmaster.petalsearch.com/site/petalbot)"
47.128.115.20 - - [11/Jun/2025:00:28:38 -0400] "GET /wp-includes/class-wp-application-passwords.php HTTP/1.1" 403 1242 "-" "Mozilla/5.0 (Linux; Android 5.0) AppleWebKit/537.36 (KHTML, like Gecko) Mobile Safari/537.36 (compatible; Bytespider; [email protected])"
216.73.216.239 - - [11/Jun/2025:00:28:40 -0400] "GET /shopdetail/274635584 HTTP/1.1" 500 1034 "-" "Mozilla/5.0 AppleWebKit/537.36 (KHTML, like Gecko; compatible; ClaudeBot/1.0; [email protected])"
216.73.216.239 - - [11/Jun/2025:00:28:40 -0400] "GET /shopdetail/274677408 HTTP/1.1" 500 1034 "-" "Mozilla/5.0 AppleWebKit/537.36 (KHTML, like Gecko; compatible; ClaudeBot/1.0; [email protected])"
2001:861:3143:8140:b06e:1d9a:daef:1288 - - [11/Jun/2025:00:28:55 -0400] "GET /wind-breaker-chapter-384/ HTTP/1.1" 200 11698 "-" "Mozilla/5.0 (iPad; CPU OS 13_6 like Mac OS X) AppleWebKit/605.1.15 (KHTML, like Gecko) Version/13.1.2 Mobile/15E148 Safari/604.1"
66.249.77.193 - - [11/Jun/2025:00:29:00 -0400] "GET /special/wqe/gradine/5751204 HTTP/1.1" 200 81154 "-" "Mozilla/5.0 (Linux; Android 6.0.1; Nexus 5X Build/MMB29P) AppleWebKit/537.36 (KHTML, like Gecko) Chrome/136.0.7103.113 Mobile Safari/537.36 (compatible; Googlebot/2.1; +http://www.google.com/bot.html)"
162.0.232.193 - - [11/Jun/2025:00:29:05 -0400] "POST /wp-cron.php?doing_wp_cron=1749616145.1050469875335693359375 HTTP/1.1" 200 0 "-" "WordPress/6.8.1; https://read11.windbreakermanga.com"
162.0.232.193 - - [11/Jun/2025:00:29:05 -0400] "POST /wp-admin/admin-ajax.php?action=as_async_request_queue_runner&nonce=39ea8117d0 HTTP/1.1" 200 0 "-" "WordPress/6.8.1; https://read11.windbreakermanga.com"
184.181.217.213 - - [11/Jun/2025:00:29:01 -0400] "GET /wp-admin/css/listtemplates.php HTTP/1.1" 302 0 "-" "Mozilla/5.0 (Macintosh; Intel Mac OS X 10_15_7) AppleWebKit/537.36 (KHTML, like Gecko) Chrome/120.0.0.0 Safari/537.36"
184.181.217.213 - - [11/Jun/2025:00:29:07 -0400] "GET /wp-login.php?redirect_to=https%3A%2F%2Fread11.windbreakermanga.com%2Fwp-admin%2Fcss%2Flisttemplates.php&reauth=1 HTTP/1.1" 200 1895 "-" "Mozilla/5.0 (Macintosh; Intel Mac OS X 10_15_7) AppleWebKit/537.36 (KHTML, like Gecko) Chrome/120.0.0.0 Safari/537.36"
66.249.77.201 - - [11/Jun/2025:00:29:16 -0400] "GET /shopdetail/35748984 HTTP/1.1" 200 81286 "-" "Mozilla/5.0 (Linux; Android 6.0.1; Nexus 5X Build/MMB29P) AppleWebKit/537.36 (KHTML, like Gecko) Chrome/136.0.7103.113 Mobile Safari/537.36 (compatible; Googlebot/2.1; +http://www.google.com/bot.html)"
66.249.77.201 - - [11/Jun/2025:00:29:18 -0400] "GET /goodscode36252744 HTTP/1.1" 200 82709 "-" "Mozilla/5.0 (Linux; Android 6.0.1; Nexus 5X Build/MMB29P) AppleWebKit/537.36 (KHTML, like Gecko) Chrome/136.0.7103.113 Mobile Safari/537.36 (compatible; Googlebot/2.1; +http://www.google.com/bot.html)"
162.0.232.193 - - [11/Jun/2025:00:29:06 -0400] "GET /wind-breaker-chapter-41/ HTTP/1.1" 200 12258 "-" "WP Rocket/Preload"
162.0.232.193 - - [11/Jun/2025:00:29:20 -0400] "GET /wind-breaker-chapter-41/ HTTP/1.1" 200 0 "-" "WP Rocket/Preload Mozilla/5.0 (iPhone; CPU iPhone OS 9_1 like Mac OS X) AppleWebKit/601.1.46 (KHTML, like Gecko) Version/9.0 Mobile/13B143 Safari/601.1"
216.73.216.239 - - [11/Jun/2025:00:29:33 -0400] "GET /shopdetail/273387092 HTTP/1.1" 500 1034 "-" "Mozilla/5.0 AppleWebKit/537.36 (KHTML, like Gecko; compatible; ClaudeBot/1.0; [email protected])"
216.73.216.239 - - [11/Jun/2025:00:29:33 -0400] "GET /shopdetail/274655456 HTTP/1.1" 500 1034 "-" "Mozilla/5.0 AppleWebKit/537.36 (KHTML, like Gecko; compatible; ClaudeBot/1.0; [email protected])"
66.249.77.201 - - [11/Jun/2025:00:29:33 -0400] "GET /shopping36249472 HTTP/1.1" 200 81480 "-" "Mozilla/5.0 (Linux; Android 6.0.1; Nexus 5X Build/MMB29P) AppleWebKit/537.36 (KHTML, like Gecko) Chrome/136.0.7103.113 Mobile Safari/537.36 (compatible; Googlebot/2.1; +http://www.google.com/bot.html)"
66.249.77.201 - - [11/Jun/2025:00:29:35 -0400] "GET /goodscode/115868372 HTTP/1.1" 200 82413 "-" "Mozilla/5.0 (Linux; Android 6.0.1; Nexus 5X Build/MMB29P) AppleWebKit/537.36 (KHTML, like Gecko) Chrome/136.0.7103.113 Mobile Safari/537.36 (compatible; Googlebot/2.1; +http://www.google.com/bot.html)"
47.128.20.90 - - [11/Jun/2025:00:29:38 -0400] "GET /wp-includes/class-wp-speculation-rules.php HTTP/1.1" 403 1242 "-" "Mozilla/5.0 (Linux; Android 5.0) AppleWebKit/537.36 (KHTML, like Gecko) Mobile Safari/537.36 (compatible; Bytespider; [email protected])"
162.0.232.193 - - [11/Jun/2025:00:30:03 -0400] "POST /wp-cron.php?doing_wp_cron=1749616202.7706780433654785156250 HTTP/1.1" 200 0 "-" "WordPress/6.8.1; https://read11.windbreakermanga.com"
114.119.130.178 - - [11/Jun/2025:00:30:01 -0400] "GET /category/manga/page/50/ HTTP/1.1" 200 12438 "https://read11.windbreakermanga.com/category/manga/page/49/" "Mozilla/5.0 (Linux; Android 7.0;) AppleWebKit/537.36 (KHTML, like Gecko) Mobile Safari/537.36 (compatible; PetalBot;+https://webmaster.petalsearch.com/site/petalbot)"
162.0.232.193 - - [11/Jun/2025:00:30:05 -0400] "GET /chapter-415/ HTTP/1.1" 200 0 "-" "WP Rocket/Preload"
66.249.77.192 - - [11/Jun/2025:00:30:06 -0400] "GET /shopbrand36256296 HTTP/1.1" 200 81076 "-" "Mozilla/5.0 (Linux; Android 6.0.1; Nexus 5X Build/MMB29P) AppleWebKit/537.36 (KHTML, like Gecko) Chrome/136.0.7103.113 Mobile Safari/537.36 (compatible; Googlebot/2.1; +http://www.google.com/bot.html)"
162.0.232.193 - - [11/Jun/2025:00:30:07 -0400] "GET /chapter-415/ HTTP/1.1" 200 0 "-" "WP Rocket/Preload Mozilla/5.0 (iPhone; CPU iPhone OS 9_1 like Mac OS X) AppleWebKit/601.1.46 (KHTML, like Gecko) Version/9.0 Mobile/13B143 Safari/601.1"
162.0.232.193 - - [11/Jun/2025:00:30:08 -0400] "GET /wind-breaker-chapter-277/ HTTP/1.1" 200 0 "-" "WP Rocket/Preload"
66.249.77.193 - - [11/Jun/2025:00:30:08 -0400] "GET /shopbrand/115651224 HTTP/1.1" 200 81824 "-" "Mozilla/5.0 (Linux; Android 6.0.1; Nexus 5X Build/MMB29P) AppleWebKit/537.36 (KHTML, like Gecko) Chrome/136.0.7103.113 Mobile Safari/537.36 (compatible; Googlebot/2.1; +http://www.google.com/bot.html)"
162.0.232.193 - - [11/Jun/2025:00:30:09 -0400] "GET /wind-breaker-chapter-277/ HTTP/1.1" 200 0 "-" "WP Rocket/Preload Mozilla/5.0 (iPhone; CPU iPhone OS 9_1 like Mac OS X) AppleWebKit/601.1.46 (KHTML, like Gecko) Version/9.0 Mobile/13B143 Safari/601.1"
162.0.232.193 - - [11/Jun/2025:00:30:11 -0400] "GET /wind-breaker-chapter-178/ HTTP/1.1" 200 0 "-" "WP Rocket/Preload"
162.0.232.193 - - [11/Jun/2025:00:30:13 -0400] "GET /wind-breaker-chapter-178/ HTTP/1.1" 200 0 "-" "WP Rocket/Preload Mozilla/5.0 (iPhone; CPU iPhone OS 9_1 like Mac OS X) AppleWebKit/601.1.46 (KHTML, like Gecko) Version/9.0 Mobile/13B143 Safari/601.1"
162.0.232.193 - - [11/Jun/2025:00:30:14 -0400] "GET /wind-breaker-chapter-67/ HTTP/1.1" 200 0 "-" "WP Rocket/Preload"
162.0.232.193 - - [11/Jun/2025:00:30:16 -0400] "GET /wind-breaker-chapter-67/ HTTP/1.1" 200 0 "-" "WP Rocket/Preload Mozilla/5.0 (iPhone; CPU iPhone OS 9_1 like Mac OS X) AppleWebKit/601.1.46 (KHTML, like Gecko) Version/9.0 Mobile/13B143 Safari/601.1"
162.0.232.193 - - [11/Jun/2025:00:30:17 -0400] "GET /terms-and-conditions/ HTTP/1.1" 200 0 "-" "WP Rocket/Preload"
162.0.232.193 - - [11/Jun/2025:00:30:19 -0400] "GET /terms-and-conditions/ HTTP/1.1" 200 0 "-" "WP Rocket/Preload Mozilla/5.0 (iPhone; CPU iPhone OS 9_1 like Mac OS X) AppleWebKit/601.1.46 (KHTML, like Gecko) Version/9.0 Mobile/13B143 Safari/601.1"
162.0.232.193 - - [11/Jun/2025:00:30:21 -0400] "GET /wind-breaker-chapter-541/ HTTP/1.1" 200 0 "-" "WP Rocket/Preload"
