2409:40c4:302d:227:8000:: - - [08/Jun/2025:08:06:12 -0400] "GET /wind-breaker-chapter-28/ HTTP/1.1" 200 11900 "-" "Mozilla/5.0 (Linux; Android 10; K) AppleWebKit/537.36 (KHTML, like Gecko) Chrome/136.0.0.0 Mobile Safari/537.36"
2409:40c4:302d:227:8000:: - - [08/Jun/2025:08:06:13 -0400] "GET /wind-breaker-chapter-28/ HTTP/1.1" 304 0 "https://read11.windbreakermanga.com/wind-breaker-chapter-27/" "Mozilla/5.0 (Linux; Android 10; K) AppleWebKit/537.36 (KHTML, like Gecko) Chrome/136.0.0.0 Mobile Safari/537.36"
162.0.232.193 - - [08/Jun/2025:08:06:14 -0400] "POST /wp-cron.php?doing_wp_cron=1749384374.1174240112304687500000 HTTP/1.1" 200 0 "-" "WordPress/6.8.1; https://read11.windbreakermanga.com"
162.0.232.193 - - [08/Jun/2025:08:06:15 -0400] "GET /chapter-398/ HTTP/1.1" 200 11101 "-" "WP Rocket/Preload"
2409:40c4:302d:227:8000:: - - [08/Jun/2025:08:06:13 -0400] "POST /wp-admin/admin-ajax.php HTTP/1.1" 200 61 "https://read11.windbreakermanga.com/wind-breaker-chapter-28/" "Mozilla/5.0 (Linux; Android 10; K) AppleWebKit/537.36 (KHTML, like Gecko) Chrome/136.0.0.0 Mobile Safari/537.36"
162.0.232.193 - - [08/Jun/2025:08:06:15 -0400] "POST /wp-admin/admin-ajax.php?action=as_async_request_queue_runner&nonce=9df7447c3d HTTP/1.1" 200 0 "-" "WordPress/6.8.1; https://read11.windbreakermanga.com"
162.0.232.193 - - [08/Jun/2025:08:06:16 -0400] "GET /chapter-398/ HTTP/1.1" 200 10743 "-" "WP Rocket/Preload Mozilla/5.0 (iPhone; CPU iPhone OS 9_1 like Mac OS X) AppleWebKit/601.1.46 (KHTML, like Gecko) Version/9.0 Mobile/13B143 Safari/601.1"
162.0.232.193 - - [08/Jun/2025:08:07:06 -0400] "POST /wp-cron.php?doing_wp_cron=1749384426.4207460880279541015625 HTTP/1.1" 200 0 "-" "WordPress/6.8.1; https://read11.windbreakermanga.com"
47.128.34.238 - - [08/Jun/2025:08:07:06 -0400] "GET /author/admin/page/9/ HTTP/1.1" 200 13242 "-" "Mozilla/5.0 (compatible; Bytespider; [email protected]) AppleWebKit/537.36 (KHTML, like Gecko) Chrome/70.0.0.0 Safari/537.36"
2600:4040:2af4:b900:1847:4158:31cd:fbb2 - - [08/Jun/2025:08:07:42 -0400] "GET /wind-breaker-chapter-550/ HTTP/1.1" 200 11159 "-" "Mozilla/5.0 (Macintosh; Intel Mac OS X 10_15_7) AppleWebKit/537.36 (KHTML, like Gecko) Chrome/137.0.0.0 Safari/537.36"
2600:4040:2af4:b900:1847:4158:31cd:fbb2 - - [08/Jun/2025:08:07:43 -0400] "GET /wind-breaker-chapter-550/ HTTP/1.1" 304 0 "https://read11.windbreakermanga.com/wind-breaker-chapter-549/" "Mozilla/5.0 (Macintosh; Intel Mac OS X 10_15_7) AppleWebKit/537.36 (KHTML, like Gecko) Chrome/137.0.0.0 Safari/537.36"
110.54.139.13 - - [08/Jun/2025:08:08:01 -0400] "GET / HTTP/1.1" 200 12573 "-" "Mozilla/5.0 (Linux; Android 12; Infinix X6827 Build/SP1A.210812.016; wv) AppleWebKit/537.36 (KHTML, like Gecko) Version/4.0 Chrome/136.0.7103.125 Mobile Safari/537.36"
110.54.139.13 - - [08/Jun/2025:08:08:09 -0400] "GET /wind-breaker-chapter-550/ HTTP/1.1" 200 11563 "https://read11.windbreakermanga.com/" "Mozilla/5.0 (Linux; Android 12; Infinix X6827 Build/SP1A.210812.016; wv) AppleWebKit/537.36 (KHTML, like Gecko) Version/4.0 Chrome/136.0.7103.125 Mobile Safari/537.36"
110.54.139.13 - - [08/Jun/2025:08:08:09 -0400] "GET /wind-breaker-chapter-550/ HTTP/1.1" 304 0 "https://read11.windbreakermanga.com/" "Mozilla/5.0 (Linux; Android 12; Infinix X6827 Build/SP1A.210812.016; wv) AppleWebKit/537.36 (KHTML, like Gecko) Version/4.0 Chrome/136.0.7103.125 Mobile Safari/537.36"
110.54.139.13 - - [08/Jun/2025:08:08:09 -0400] "GET /wind-breaker-chapter-550/ HTTP/1.1" 304 0 "-" "Mozilla/5.0 (Linux; Android 12; Infinix X6827 Build/SP1A.210812.016; wv) AppleWebKit/537.36 (KHTML, like Gecko) Version/4.0 Chrome/136.0.7103.125 Mobile Safari/537.36"
47.82.60.32 - - [08/Jun/2025:08:08:11 -0400] "GET /author/admin/page/38/ HTTP/1.1" 200 12192 "https://read11.windbreakermanga.com/author/admin/page/38/" "Mozilla/5.0 (Windows NT 10.0; Win64; x64) AppleWebKit/537.36 (KHTML, like Gecko) Chrome/114.0.0.0 Safari/537.36 Edg/114.0.1823.43"
162.0.232.193 - - [08/Jun/2025:08:08:11 -0400] "POST /wp-cron.php?doing_wp_cron=1749384491.0126760005950927734375 HTTP/1.1" 200 0 "-" "WordPress/6.8.1; https://read11.windbreakermanga.com"
110.54.139.13 - - [08/Jun/2025:08:08:10 -0400] "POST /wp-admin/admin-ajax.php HTTP/1.1" 200 61 "https://read11.windbreakermanga.com/wind-breaker-chapter-550/" "Mozilla/5.0 (Linux; Android 12; Infinix X6827 Build/SP1A.210812.016; wv) AppleWebKit/537.36 (KHTML, like Gecko) Version/4.0 Chrome/136.0.7103.125 Mobile Safari/537.36"
162.0.232.193 - - [08/Jun/2025:08:08:13 -0400] "GET /wp-content/uploads/f979bbbcbe9df560cb74049269d2541e_4104.xml HTTP/1.1" 200 2263 "-" "Mozilla/5.0 (X11; Linux x86_64) AppleWebKit/537.36 (KHTML, like Gecko) Ubuntu Chromium/41.0.2272.76"
66.249.77.193 - - [08/Jun/2025:08:08:59 -0400] "GET /wind-breaker-chapter-188/feed/ HTTP/1.1" 200 423 "-" "Mozilla/5.0 (Linux; Android 6.0.1; Nexus 5X Build/MMB29P) AppleWebKit/537.36 (KHTML, like Gecko) Chrome/136.0.7103.113 Mobile Safari/537.36 (compatible; Googlebot/2.1; +http://www.google.com/bot.html)"
47.79.98.210 - - [08/Jun/2025:08:09:04 -0400] "GET /wind-breaker-chapter-66/ HTTP/1.1" 200 12360 "https://read11.windbreakermanga.com/wind-breaker-chapter-66/" "Mozilla/5.0 (Windows NT 10.0; Win64; x64) AppleWebKit/537.36 (KHTML, like Gecko) Chrome/114.0.0.0 Safari/537.36 Edg/114.0.1823.43"
47.79.98.168 - - [08/Jun/2025:08:09:38 -0400] "GET /wind-breaker-chapter-271/ HTTP/1.1" 200 12528 "https://read11.windbreakermanga.com/wind-breaker-chapter-271/" "Mozilla/5.0 (Windows NT 10.0; Win64; x64) AppleWebKit/537.36 (KHTML, like Gecko) Chrome/114.0.0.0 Safari/537.36 Edg/114.0.1823.43"
47.82.61.62 - - [08/Jun/2025:08:10:09 -0400] "GET /wind-breaker-chapter-252/ HTTP/1.1" 200 12534 "https://read11.windbreakermanga.com/wind-breaker-chapter-252/" "Mozilla/5.0 (Windows NT 10.0; Win64; x64) AppleWebKit/537.36 (KHTML, like Gecko) Chrome/114.0.0.0 Safari/537.36 Edg/114.0.1823.43"
162.0.232.193 - - [08/Jun/2025:08:10:32 -0400] "POST /wp-cron.php?doing_wp_cron=1749384632.4586930274963378906250 HTTP/1.1" 200 0 "-" "WordPress/6.8.1; https://read11.windbreakermanga.com"
47.82.60.56 - - [08/Jun/2025:08:10:32 -0400] "GET /category/wind-breaker-manhwa/page/22/ HTTP/1.1" 200 13496 "https://read11.windbreakermanga.com/category/wind-breaker-manhwa/page/22/" "Mozilla/5.0 (Windows NT 10.0; Win64; x64) AppleWebKit/537.36 (KHTML, like Gecko) Chrome/114.0.0.0 Safari/537.36 Edg/114.0.1823.43"
47.82.60.247 - - [08/Jun/2025:08:10:46 -0400] "GET /wind-breaker-chapter-60/ HTTP/1.1" 200 12171 "https://read11.windbreakermanga.com/wind-breaker-chapter-60/" "Mozilla/5.0 (Windows NT 10.0; Win64; x64) AppleWebKit/537.36 (KHTML, like Gecko) Chrome/114.0.0.0 Safari/537.36 Edg/114.0.1823.43"
2a03:2880:f800:2:: - - [08/Jun/2025:08:10:59 -0400] "GET /wind-breaker-chapter-442/ HTTP/1.1" 200 11883 "-" "meta-externalagent/1.1 (+https://developers.facebook.com/docs/sharing/webmasters/crawler)"
47.82.60.138 - - [08/Jun/2025:08:11:35 -0400] "GET /category/wind-breaker/page/8/ HTTP/1.1" 200 13449 "https://read11.windbreakermanga.com/category/wind-breaker/page/8/" "Mozilla/5.0 (Windows NT 10.0; Win64; x64) AppleWebKit/537.36 (KHTML, like Gecko) Chrome/114.0.0.0 Safari/537.36 Edg/114.0.1823.43"
47.128.48.122 - - [08/Jun/2025:08:12:02 -0400] "GET /category/manga/page/34/ HTTP/1.1" 200 15109 "-" "Mozilla/5.0 (compatible; Bytespider; [email protected]) AppleWebKit/537.36 (KHTML, like Gecko) Chrome/70.0.0.0 Safari/537.36"
2409:40c4:302d:227:8000:: - - [08/Jun/2025:08:12:05 -0400] "GET /wind-breaker-chapter-29/ HTTP/1.1" 200 11927 "-" "Mozilla/5.0 (Linux; Android 10; K) AppleWebKit/537.36 (KHTML, like Gecko) Chrome/136.0.0.0 Mobile Safari/537.36"
2409:40c4:302d:227:8000:: - - [08/Jun/2025:08:12:05 -0400] "GET /wind-breaker-chapter-29/ HTTP/1.1" 304 0 "https://read11.windbreakermanga.com/wind-breaker-chapter-28/" "Mozilla/5.0 (Linux; Android 10; K) AppleWebKit/537.36 (KHTML, like Gecko) Chrome/136.0.0.0 Mobile Safari/537.36"
162.0.232.193 - - [08/Jun/2025:08:12:06 -0400] "POST /wp-cron.php?doing_wp_cron=1749384726.5437219142913818359375 HTTP/1.1" 200 0 "-" "WordPress/6.8.1; https://read11.windbreakermanga.com"
2409:40c4:302d:227:8000:: - - [08/Jun/2025:08:12:06 -0400] "POST /wp-admin/admin-ajax.php HTTP/1.1" 200 61 "https://read11.windbreakermanga.com/wind-breaker-chapter-29/" "Mozilla/5.0 (Linux; Android 10; K) AppleWebKit/537.36 (KHTML, like Gecko) Chrome/136.0.0.0 Mobile Safari/537.36"
2409:40c4:302d:227:8000:: - - [08/Jun/2025:08:12:07 -0400] "GET / HTTP/1.1" 304 0 "-" "Mozilla/5.0 (Linux; Android 10; K) AppleWebKit/537.36 (KHTML, like Gecko) Chrome/136.0.0.0 Mobile Safari/537.36"
162.0.232.193 - - [08/Jun/2025:08:12:08 -0400] "GET /wp-content/uploads/f979bbbcbe9df560cb74049269d2541e_4104.xml HTTP/1.1" 200 2572 "-" "Mozilla/5.0 (X11; Linux x86_64) AppleWebKit/537.36 (KHTML, like Gecko) Ubuntu Chromium/41.0.2272.76"
162.0.232.193 - - [08/Jun/2025:08:13:07 -0400] "POST /wp-cron.php?doing_wp_cron=1749384786.9477689266204833984375 HTTP/1.1" 200 0 "-" "WordPress/6.8.1; https://read11.windbreakermanga.com"
47.128.48.99 - - [08/Jun/2025:08:13:06 -0400] "GET /category/manga/page/31/ HTTP/1.1" 200 14519 "-" "Mozilla/5.0 (compatible; Bytespider; [email protected]) AppleWebKit/537.36 (KHTML, like Gecko) Chrome/70.0.0.0 Safari/537.36"
162.0.232.193 - - [08/Jun/2025:08:13:39 -0400] "POST /wp-cron.php?doing_wp_cron=1749384819.1526720523834228515625 HTTP/1.1" 200 0 "-" "WordPress/6.8.1; https://read11.windbreakermanga.com"
45.135.232.10 - - [08/Jun/2025:08:13:40 -0400] "GET / HTTP/1.1" 200 12564 "https://google.com/" "Mozilla/5.0 (Windows NT 10.0; Win64; x64; rv:134.0) Gecko/20100101 Firefox/135.0"
162.0.232.193 - - [08/Jun/2025:08:14:11 -0400] "POST /wp-cron.php?doing_wp_cron=1749384851.3873128890991210937500 HTTP/1.1" 200 0 "-" "WordPress/6.8.1; https://read11.windbreakermanga.com"
47.128.23.83 - - [08/Jun/2025:08:14:11 -0400] "GET /category/manga/page/29/ HTTP/1.1" 200 14073 "-" "Mozilla/5.0 (compatible; Bytespider; [email protected]) AppleWebKit/537.36 (KHTML, like Gecko) Chrome/70.0.0.0 Safari/537.36"
47.82.61.48 - - [08/Jun/2025:08:14:20 -0400] "GET /wind-breaker-chapter-262/ HTTP/1.1" 200 12516 "https://read11.windbreakermanga.com/wind-breaker-chapter-262/" "Mozilla/5.0 (Windows NT 10.0; Win64; x64) AppleWebKit/537.36 (KHTML, like Gecko) Chrome/114.0.0.0 Safari/537.36 Edg/114.0.1823.43"
47.79.0.139 - - [08/Jun/2025:08:14:27 -0400] "GET /wind-breaker-chapter-488/ HTTP/1.1" 200 11626 "https://read11.windbreakermanga.com/wind-breaker-chapter-488/" "Mozilla/5.0 (Windows NT 10.0; Win64; x64) AppleWebKit/537.36 (KHTML, like Gecko) Chrome/114.0.0.0 Safari/537.36 Edg/114.0.1823.43"
47.128.109.6 - - [08/Jun/2025:08:15:15 -0400] "GET /category/wind-breaker-manhwa/page/14/ HTTP/1.1" 200 12955 "-" "Mozilla/5.0 (compatible; Bytespider; [email protected]) AppleWebKit/537.36 (KHTML, like Gecko) Chrome/70.0.0.0 Safari/537.36"
47.82.60.7 - - [08/Jun/2025:08:15:58 -0400] "GET /wind-breaker-chapter-201/ HTTP/1.1" 200 12326 "https://read11.windbreakermanga.com/wind-breaker-chapter-201/" "Mozilla/5.0 (Windows NT 10.0; Win64; x64) AppleWebKit/537.36 (KHTML, like Gecko) Chrome/114.0.0.0 Safari/537.36 Edg/114.0.1823.43"
162.0.232.193 - - [08/Jun/2025:08:16:00 -0400] "POST /wp-cron.php?doing_wp_cron=1749384960.7244811058044433593750 HTTP/1.1" 200 0 "-" "WordPress/6.8.1; https://read11.windbreakermanga.com"
66.249.77.193 - - [08/Jun/2025:08:16:00 -0400] "GET /wind-breaker-chapter-24/feed/ HTTP/1.1" 200 420 "-" "Mozilla/5.0 (Linux; Android 6.0.1; Nexus 5X Build/MMB29P) AppleWebKit/537.36 (KHTML, like Gecko) Chrome/136.0.7103.113 Mobile Safari/537.36 (compatible; Googlebot/2.1; +http://www.google.com/bot.html)"
162.0.232.193 - - [08/Jun/2025:08:16:03 -0400] "GET /wp-content/uploads/f979bbbcbe9df560cb74049269d2541e_4104.xml HTTP/1.1" 200 2263 "-" "Mozilla/5.0 (X11; Linux x86_64) AppleWebKit/537.36 (KHTML, like Gecko) Ubuntu Chromium/41.0.2272.76"
47.128.51.165 - - [08/Jun/2025:08:16:20 -0400] "GET /category/wind-breaker-webtoon/page/10/ HTTP/1.1" 200 13024 "-" "Mozilla/5.0 (compatible; Bytespider; [email protected]) AppleWebKit/537.36 (KHTML, like Gecko) Chrome/70.0.0.0 Safari/537.36"
47.79.123.171 - - [08/Jun/2025:08:16:29 -0400] "GET /category/wind-breaker-manhwa/page/26/ HTTP/1.1" 200 12026 "https://read11.windbreakermanga.com/category/wind-breaker-manhwa/page/26/" "Mozilla/5.0 (Windows NT 10.0; Win64; x64) AppleWebKit/537.36 (KHTML, like Gecko) Chrome/114.0.0.0 Safari/537.36 Edg/114.0.1823.43"
162.0.232.193 - - [08/Jun/2025:08:17:25 -0400] "POST /wp-cron.php?doing_wp_cron=1749385045.1771268844604492187500 HTTP/1.1" 200 0 "-" "WordPress/6.8.1; https://read11.windbreakermanga.com"
47.128.113.212 - - [08/Jun/2025:08:17:25 -0400] "GET /category/manga/page/42/ HTTP/1.1" 200 10187 "-" "Mozilla/5.0 (compatible; Bytespider; [email protected]) AppleWebKit/537.36 (KHTML, like Gecko) Chrome/70.0.0.0 Safari/537.36"
2409:40c4:302d:227:8000:: - - [08/Jun/2025:08:18:20 -0400] "GET /wind-breaker-chapter-30/ HTTP/1.1" 200 11480 "-" "Mozilla/5.0 (Linux; Android 10; K) AppleWebKit/537.36 (KHTML, like Gecko) Chrome/136.0.0.0 Mobile Safari/537.36"
2409:40c4:302d:227:8000:: - - [08/Jun/2025:08:18:20 -0400] "GET /wind-breaker-chapter-30/ HTTP/1.1" 304 0 "https://read11.windbreakermanga.com/wind-breaker-chapter-29/" "Mozilla/5.0 (Linux; Android 10; K) AppleWebKit/537.36 (KHTML, like Gecko) Chrome/136.0.0.0 Mobile Safari/537.36"
52.164.228.255 - - [08/Jun/2025:08:18:51 -0400] "GET /wp-includes/js/ HTTP/1.1" 200 3391 "-" "-"
52.164.228.255 - - [08/Jun/2025:08:18:51 -0400] "GET /wp-includes/pomo/ HTTP/1.1" 200 1078 "-" "-"
52.164.228.255 - - [08/Jun/2025:08:18:51 -0400] "GET /wp-includes/rest-api/ HTTP/1.1" 200 1160 "-" "-"
52.164.228.255 - - [08/Jun/2025:08:18:52 -0400] "GET /wp-includes/widgets/ HTTP/1.1" 200 1442 "-" "-"
52.164.228.255 - - [08/Jun/2025:08:18:52 -0400] "GET /wp-admin/css/ HTTP/1.1" 200 2824 "-" "-"
52.164.228.255 - - [08/Jun/2025:08:18:52 -0400] "GET /wp-admin/images/ HTTP/1.1" 200 2424 "-" "-"
52.164.228.255 - - [08/Jun/2025:08:18:52 -0400] "GET /wp-admin/maint/ HTTP/1.1" 200 632 "-" "-"
162.0.232.193 - - [08/Jun/2025:08:18:53 -0400] "POST /wp-cron.php?doing_wp_cron=1749385133.1618919372558593750000 HTTP/1.1" 200 0 "-" "WordPress/6.8.1; https://read11.windbreakermanga.com"
52.164.228.255 - - [08/Jun/2025:08:18:52 -0400] "GET /wp-admin/meta/ HTTP/1.1" 301 0 "-" "-"
52.164.228.255 - - [08/Jun/2025:08:18:53 -0400] "GET / HTTP/1.1" 200 12564 "-" "-"
52.164.228.255 - - [08/Jun/2025:08:18:53 -0400] "GET /wp-admin/network/ HTTP/1.1" 302 0 "-" "-"
52.164.228.255 - - [08/Jun/2025:08:18:54 -0400] "GET /wp-login.php?redirect_to=https%3A%2F%2Fread11.windbreakermanga.com%2Fwp-admin%2Fnetwork%2F&reauth=1 HTTP/1.1" 200 1892 "-" "-"
52.164.228.255 - - [08/Jun/2025:08:18:54 -0400] "GET /wp-admin/user/ HTTP/1.1" 302 0 "-" "-"
52.164.228.255 - - [08/Jun/2025:08:18:55 -0400] "GET /wp-login.php?redirect_to=https%3A%2F%2Fread11.windbreakermanga.com%2Fwp-admin%2Fuser%2F&reauth=1 HTTP/1.1" 200 1886 "-" "-"
52.164.228.255 - - [08/Jun/2025:08:18:55 -0400] "GET /wp-content/ HTTP/1.1" 200 0 "-" "-"
52.164.228.255 - - [08/Jun/2025:08:18:55 -0400] "GET /wp-content/plugins/ HTTP/1.1" 200 0 "-" "-"
52.164.228.255 - - [08/Jun/2025:08:18:56 -0400] "GET /wp-content/themes/ HTTP/1.1" 200 0 "-" "-"
52.164.228.255 - - [08/Jun/2025:08:18:56 -0400] "GET /wp-admin/includes/ HTTP/1.1" 200 3500 "-" "-"
52.164.228.255 - - [08/Jun/2025:08:18:56 -0400] "GET /wp-admin/ HTTP/1.1" 302 0 "-" "-"
52.164.228.255 - - [08/Jun/2025:08:18:56 -0400] "GET /wp-login.php?redirect_to=https%3A%2F%2Fread11.windbreakermanga.com%2Fwp-admin%2F&reauth=1 HTTP/1.1" 200 1886 "-" "-"
52.164.228.255 - - [08/Jun/2025:08:18:57 -0400] "GET /wp-content/upgrade/ HTTP/1.1" 200 554 "-" "-"
52.164.228.255 - - [08/Jun/2025:08:18:57 -0400] "GET /wp-content/uploads/ HTTP/1.1" 200 1274 "-" "-"
52.164.228.255 - - [08/Jun/2025:08:18:57 -0400] "GET /wp-includes/ HTTP/1.1" 200 7264 "-" "-"
52.164.228.255 - - [08/Jun/2025:08:18:57 -0400] "GET /wp-includes/css/ HTTP/1.1" 200 1840 "-" "-"
52.164.228.255 - - [08/Jun/2025:08:18:58 -0400] "GET /wp-includes/ID3/ HTTP/1.1" 200 1347 "-" "-"
52.164.228.255 - - [08/Jun/2025:08:18:58 -0400] "GET /wp-includes/IXR/ HTTP/1.1" 200 1228 "-" "-"
52.164.228.255 - - [08/Jun/2025:08:18:58 -0400] "GET /wp-includes/Requests/ HTTP/1.1" 200 642 "-" "-"
52.164.228.255 - - [08/Jun/2025:08:18:58 -0400] "GET /wp-includes/SimplePie/ HTTP/1.1" 200 751 "-" "-"
52.164.228.255 - - [08/Jun/2025:08:18:59 -0400] "GET /wp-includes/Text/ HTTP/1.1" 200 722 "-" "-"
52.164.228.255 - - [08/Jun/2025:08:18:59 -0400] "GET /wp-content/mu-plugins-old/ HTTP/1.1" 301 0 "-" "-"
52.164.228.255 - - [08/Jun/2025:08:18:59 -0400] "GET / HTTP/1.1" 200 12564 "-" "-"
2a03:2880:f800:3:: - - [08/Jun/2025:08:18:59 -0400] "GET /category/wind-breaker-manhwa/page/55/ HTTP/1.1" 200 12402 "-" "meta-externalagent/1.1 (+https://developers.facebook.com/docs/sharing/webmasters/crawler)"
52.164.228.255 - - [08/Jun/2025:08:18:59 -0400] "GET /wp-content/themes/classic/inc/ HTTP/1.1" 301 0 "-" "-"
52.164.228.255 - - [08/Jun/2025:08:19:00 -0400] "GET / HTTP/1.1" 200 12564 "-" "-"
52.164.228.255 - - [08/Jun/2025:08:19:00 -0400] "GET /wp-content/plugins/ninja-forms/ HTTP/1.1" 301 0 "-" "-"
52.164.228.255 - - [08/Jun/2025:08:19:00 -0400] "GET / HTTP/1.1" 200 12564 "-" "-"
52.164.228.255 - - [08/Jun/2025:08:19:00 -0400] "GET /wp-content/mu-plugins/ HTTP/1.1" 301 0 "-" "-"
52.164.228.255 - - [08/Jun/2025:08:19:01 -0400] "GET / HTTP/1.1" 200 12564 "-" "-"
52.164.228.255 - - [08/Jun/2025:08:19:01 -0400] "GET /wp-includes/Text/Diff/Renderer/ HTTP/1.1" 200 640 "-" "-"
52.164.228.255 - - [08/Jun/2025:08:19:01 -0400] "GET /wp-includes/blocks/ HTTP/1.1" 200 6 "-" "-"
52.164.228.255 - - [08/Jun/2025:08:19:01 -0400] "GET /wp-includes/certificates/ HTTP/1.1" 200 629 "-" "-"
52.164.228.255 - - [08/Jun/2025:08:19:02 -0400] "GET /wp-includes/customize/ HTTP/1.1" 200 1885 "-" "-"
52.164.228.255 - - [08/Jun/2025:08:19:02 -0400] "GET /wp-includes/fonts/ HTTP/1.1" 200 1239 "-" "-"
52.164.228.255 - - [08/Jun/2025:08:19:02 -0400] "GET /wp-includes/images/ HTTP/1.1" 200 1527 "-" "-"
52.164.228.255 - - [08/Jun/2025:08:19:02 -0400] "GET /.well-known/ HTTP/1.1" 200 626 "-" "-"
52.164.228.255 - - [08/Jun/2025:08:19:02 -0400] "GET /ALFA_DATA/ HTTP/1.1" 301 0 "-" "-"
52.164.228.255 - - [08/Jun/2025:08:19:03 -0400] "GET / HTTP/1.1" 200 12564 "-" "-"
52.164.228.255 - - [08/Jun/2025:08:19:03 -0400] "GET /.well-knownold/ HTTP/1.1" 301 0 "-" "-"
52.164.228.255 - - [08/Jun/2025:08:19:03 -0400] "GET / HTTP/1.1" 200 12564 "-" "-"
52.164.228.255 - - [08/Jun/2025:08:19:04 -0400] "GET /.well-known/acme-challenge/ HTTP/1.1" 301 0 "-" "-"
52.164.228.255 - - [08/Jun/2025:08:19:04 -0400] "GET / HTTP/1.1" 200 12564 "-" "-"
52.164.228.255 - - [08/Jun/2025:08:19:04 -0400] "GET /cgi-bin/ HTTP/1.1" 403 1242 "-" "-"
52.164.228.255 - - [08/Jun/2025:08:19:04 -0400] "GET /uploads/ HTTP/1.1" 301 0 "-" "-"
52.164.228.255 - - [08/Jun/2025:08:19:05 -0400] "GET / HTTP/1.1" 200 12564 "-" "-"
52.164.228.255 - - [08/Jun/2025:08:19:05 -0400] "GET /upload/ HTTP/1.1" 301 0 "-" "-"
52.164.228.255 - - [08/Jun/2025:08:19:05 -0400] "GET / HTTP/1.1" 200 12564 "-" "-"
52.164.228.255 - - [08/Jun/2025:08:19:05 -0400] "GET /admin/uploads/ HTTP/1.1" 301 0 "-" "-"
52.164.228.255 - - [08/Jun/2025:08:19:06 -0400] "GET / HTTP/1.1" 200 12564 "-" "-"
52.164.228.255 - - [08/Jun/2025:08:19:06 -0400] "GET /Admin/uploads/ HTTP/1.1" 301 0 "-" "-"
52.164.228.255 - - [08/Jun/2025:08:19:06 -0400] "GET / HTTP/1.1" 200 12564 "-" "-"
52.164.228.255 - - [08/Jun/2025:08:19:06 -0400] "GET /admin/ HTTP/1.1" 301 0 "-" "-"
52.164.228.255 - - [08/Jun/2025:08:19:07 -0400] "GET / HTTP/1.1" 200 12564 "-" "-"
52.164.228.255 - - [08/Jun/2025:08:19:07 -0400] "GET /images/ HTTP/1.1" 301 0 "-" "-"
52.164.228.255 - - [08/Jun/2025:08:19:07 -0400] "GET / HTTP/1.1" 200 12564 "-" "-"
52.164.228.255 - - [08/Jun/2025:08:19:07 -0400] "GET /assets/ HTTP/1.1" 301 0 "-" "-"
52.164.228.255 - - [08/Jun/2025:08:19:08 -0400] "GET / HTTP/1.1" 200 12564 "-" "-"
52.164.228.255 - - [08/Jun/2025:08:19:08 -0400] "GET /vendor/phpunit/phpunit/src/Util/PHP/ HTTP/1.1" 301 0 "-" "-"
52.164.228.255 - - [08/Jun/2025:08:19:08 -0400] "GET / HTTP/1.1" 200 12564 "-" "-"
52.164.228.255 - - [08/Jun/2025:08:19:09 -0400] "GET /upload/image/ HTTP/1.1" 301 0 "-" "-"
52.164.228.255 - - [08/Jun/2025:08:19:09 -0400] "GET / HTTP/1.1" 200 12564 "-" "-"
52.164.228.255 - - [08/Jun/2025:08:19:09 -0400] "GET /assets/images/ HTTP/1.1" 301 0 "-" "-"
52.164.228.255 - - [08/Jun/2025:08:19:10 -0400] "GET / HTTP/1.1" 200 12564 "-" "-"
52.164.228.255 - - [08/Jun/2025:08:19:10 -0400] "GET /Public/ HTTP/1.1" 301 0 "-" "-"
52.164.228.255 - - [08/Jun/2025:08:19:10 -0400] "GET / HTTP/1.1" 200 12564 "-" "-"
52.164.228.255 - - [08/Jun/2025:08:19:10 -0400] "GET /vendor/ HTTP/1.1" 301 0 "-" "-"
52.164.228.255 - - [08/Jun/2025:08:19:11 -0400] "GET / HTTP/1.1" 200 12564 "-" "-"
162.0.232.193 - - [08/Jun/2025:08:19:11 -0400] "POST /wp-cron.php?doing_wp_cron=1749385151.3499460220336914062500 HTTP/1.1" 200 0 "-" "WordPress/6.8.1; https://read11.windbreakermanga.com"
52.164.228.255 - - [08/Jun/2025:08:19:11 -0400] "GET /local/ HTTP/1.1" 301 0 "-" "-"
52.164.228.255 - - [08/Jun/2025:08:19:11 -0400] "GET / HTTP/1.1" 200 12564 "-" "-"
52.164.228.255 - - [08/Jun/2025:08:19:12 -0400] "GET /modules/ HTTP/1.1" 301 0 "-" "-"
52.164.228.255 - - [08/Jun/2025:08:19:12 -0400] "GET / HTTP/1.1" 200 12564 "-" "-"
52.164.228.255 - - [08/Jun/2025:08:19:12 -0400] "GET /Site/ HTTP/1.1" 301 0 "-" "-"
52.164.228.255 - - [08/Jun/2025:08:19:12 -0400] "GET / HTTP/1.1" 200 12564 "-" "-"
52.164.228.255 - - [08/Jun/2025:08:19:13 -0400] "GET /system/ HTTP/1.1" 301 0 "-" "-"
52.164.228.255 - - [08/Jun/2025:08:19:13 -0400] "GET / HTTP/1.1" 200 12564 "-" "-"
52.164.228.255 - - [08/Jun/2025:08:19:13 -0400] "GET /template/ HTTP/1.1" 301 0 "-" "-"
52.164.228.255 - - [08/Jun/2025:08:19:13 -0400] "GET / HTTP/1.1" 200 12564 "-" "-"
52.164.228.255 - - [08/Jun/2025:08:19:14 -0400] "GET /shop/ HTTP/1.1" 301 0 "-" "-"
52.164.228.255 - - [08/Jun/2025:08:19:14 -0400] "GET / HTTP/1.1" 200 12564 "-" "-"
52.164.228.255 - - [08/Jun/2025:08:19:14 -0400] "GET /files/ HTTP/1.1" 301 0 "-" "-"
52.164.228.255 - - [08/Jun/2025:08:19:15 -0400] "GET / HTTP/1.1" 200 12564 "-" "-"
52.164.228.255 - - [08/Jun/2025:08:19:15 -0400] "GET /admin/editor/ HTTP/1.1" 301 0 "-" "-"
52.164.228.255 - - [08/Jun/2025:08:19:15 -0400] "GET / HTTP/1.1" 200 12564 "-" "-"
52.164.228.255 - - [08/Jun/2025:08:19:15 -0400] "GET /include/ HTTP/1.1" 301 0 "-" "-"
52.164.228.255 - - [08/Jun/2025:08:19:16 -0400] "GET / HTTP/1.1" 200 12564 "-" "-"
52.164.228.255 - - [08/Jun/2025:08:19:16 -0400] "GET /Assets/ HTTP/1.1" 301 0 "-" "-"
52.164.228.255 - - [08/Jun/2025:08:19:16 -0400] "GET / HTTP/1.1" 200 12286 "-" "-"
52.164.228.255 - - [08/Jun/2025:08:19:16 -0400] "GET /images/stories/ HTTP/1.1" 301 0 "-" "-"
52.164.228.255 - - [08/Jun/2025:08:19:17 -0400] "GET / HTTP/1.1" 200 12564 "-" "-"
52.164.228.255 - - [08/Jun/2025:08:19:17 -0400] "GET /plugins/ HTTP/1.1" 301 0 "-" "-"
52.164.228.255 - - [08/Jun/2025:08:19:17 -0400] "GET / HTTP/1.1" 200 12564 "-" "-"
52.164.228.255 - - [08/Jun/2025:08:19:17 -0400] "GET /php/ HTTP/1.1" 301 0 "-" "-"
52.164.228.255 - - [08/Jun/2025:08:19:18 -0400] "GET / HTTP/1.1" 200 12467 "-" "-"
52.164.228.255 - - [08/Jun/2025:08:19:18 -0400] "GET /wp-includes/assets/ HTTP/1.1" 200 1079 "-" "-"
52.164.228.255 - - [08/Jun/2025:08:19:18 -0400] "GET /wp-includes/Text/Diff/Engine/ HTTP/1.1" 200 707 "-" "-"
52.164.228.255 - - [08/Jun/2025:08:19:18 -0400] "GET /wp-includes/block-patterns/ HTTP/1.1" 200 1099 "-" "-"
52.164.228.255 - - [08/Jun/2025:08:19:19 -0400] "GET /wp-includes/Text/Diff/ HTTP/1.1" 200 708 "-" "-"
52.164.228.255 - - [08/Jun/2025:08:19:19 -0400] "GET /wp-includes/block-supports/ HTTP/1.1" 200 1381 "-" "-"
52.164.228.255 - - [08/Jun/2025:08:19:19 -0400] "GET /wp-includes/SimplePie/Cache/ HTTP/1.1" 301 0 "-" "-"
52.164.228.255 - - [08/Jun/2025:08:19:19 -0400] "GET / HTTP/1.1" 200 12564 "-" "-"
52.164.228.255 - - [08/Jun/2025:08:19:20 -0400] "GET /wp-includes/SimplePie/Content/Type/ HTTP/1.1" 301 0 "-" "-"
52.164.228.255 - - [08/Jun/2025:08:19:20 -0400] "GET / HTTP/1.1" 200 12564 "-" "-"
52.164.228.255 - - [08/Jun/2025:08:19:20 -0400] "GET /wp-includes/SimplePie/Content/ HTTP/1.1" 301 0 "-" "-"
52.164.228.255 - - [08/Jun/2025:08:19:21 -0400] "GET / HTTP/1.1" 200 12564 "-" "-"
52.164.228.255 - - [08/Jun/2025:08:19:21 -0400] "GET /wp-includes/rest-api/endpoints/ HTTP/1.1" 200 1964 "-" "-"
52.164.228.255 - - [08/Jun/2025:08:19:21 -0400] "GET /wp-includes/rest-api/fields/ HTTP/1.1" 200 765 "-" "-"
52.164.228.255 - - [08/Jun/2025:08:19:22 -0400] "GET /wp-includes/Requests/Cookie/ HTTP/1.1" 301 0 "-" "-"
52.164.228.255 - - [08/Jun/2025:08:19:22 -0400] "GET / HTTP/1.1" 200 12564 "-" "-"
52.164.228.255 - - [08/Jun/2025:08:19:22 -0400] "GET /wp-includes/Requests/Proxy/ HTTP/1.1" 301 0 "-" "-"
52.164.228.255 - - [08/Jun/2025:08:19:23 -0400] "GET / HTTP/1.1" 200 12564 "-" "-"
52.164.228.255 - - [08/Jun/2025:08:19:23 -0400] "GET /wp-includes/Requests/Response/ HTTP/1.1" 301 0 "-" "-"
52.164.228.255 - - [08/Jun/2025:08:19:23 -0400] "GET / HTTP/1.1" 200 12564 "-" "-"
52.164.228.255 - - [08/Jun/2025:08:19:24 -0400] "GET /wp-includes/Requests/Transport/ HTTP/1.1" 301 0 "-" "-"
52.164.228.255 - - [08/Jun/2025:08:19:24 -0400] "GET / HTTP/1.1" 200 12564 "-" "-"
52.164.228.255 - - [08/Jun/2025:08:19:24 -0400] "GET /wp-includes/Requests/Utility/ HTTP/1.1" 301 0 "-" "-"
52.164.228.255 - - [08/Jun/2025:08:19:24 -0400] "GET / HTTP/1.1" 200 12564 "-" "-"
52.164.228.255 - - [08/Jun/2025:08:19:25 -0400] "GET /wp-includes/js/codemirror/ HTTP/1.1" 200 1116 "-" "-"
52.164.228.255 - - [08/Jun/2025:08:19:25 -0400] "GET /wp-includes/Requests/Exception/HTTP/ HTTP/1.1" 301 0 "-" "-"
52.164.228.255 - - [08/Jun/2025:08:19:25 -0400] "GET / HTTP/1.1" 200 12564 "-" "-"
52.164.228.255 - - [08/Jun/2025:08:19:25 -0400] "GET /wp-includes/js/crop/ HTTP/1.1" 200 724 "-" "-"
52.164.228.255 - - [08/Jun/2025:08:19:26 -0400] "GET /wp-includes/images/crystal/ HTTP/1.1" 200 1136 "-" "-"
52.164.228.255 - - [08/Jun/2025:08:19:26 -0400] "GET /wp-includes/images/media/ HTTP/1.1" 200 1242 "-" "-"
52.164.228.255 - - [08/Jun/2025:08:19:26 -0400] "GET /wp-includes/images/smilies/ HTTP/1.1" 200 1425 "-" "-"
52.164.228.255 - - [08/Jun/2025:08:19:26 -0400] "GET /wp-includes/images/wlw/ HTTP/1.1" 301 0 "-" "-"
52.164.228.255 - - [08/Jun/2025:08:19:27 -0400] "GET / HTTP/1.1" 200 12467 "-" "-"
52.164.228.255 - - [08/Jun/2025:08:19:27 -0400] "GET /wp-includes/rest-api/search/ HTTP/1.1" 200 761 "-" "-"
52.164.228.255 - - [08/Jun/2025:08:19:27 -0400] "GET /wp-includes/Requests/Exception/ HTTP/1.1" 301 0 "-" "-"
52.164.228.255 - - [08/Jun/2025:08:19:28 -0400] "GET / HTTP/1.1" 200 12564 "-" "-"
52.164.228.255 - - [08/Jun/2025:08:19:28 -0400] "GET /wp-includes/Requests/Auth/ HTTP/1.1" 301 0 "-" "-"
52.164.228.255 - - [08/Jun/2025:08:19:28 -0400] "GET / HTTP/1.1" 200 12564 "-" "-"
52.164.228.255 - - [08/Jun/2025:08:19:29 -0400] "GET /wp-includes/sodium_compat/src/ HTTP/1.1" 200 1145 "-" "-"
52.164.228.255 - - [08/Jun/2025:08:19:29 -0400] "GET /wp-includes/sitemaps/providers/ HTTP/1.1" 200 736 "-" "-"
52.164.228.255 - - [08/Jun/2025:08:19:29 -0400] "GET /wp-includes/Text/Diff/Engine/Engine/ HTTP/1.1" 301 0 "-" "-"
52.164.228.255 - - [08/Jun/2025:08:19:29 -0400] "GET / HTTP/1.1" 200 12564 "-" "-"
52.164.228.255 - - [08/Jun/2025:08:19:30 -0400] "GET /wp-includes/html-api/ HTTP/1.1" 200 1323 "-" "-"
52.164.228.255 - - [08/Jun/2025:08:19:30 -0400] "GET /wp-includes/php-compat/ HTTP/1.1" 200 634 "-" "-"
52.164.228.255 - - [08/Jun/2025:08:19:30 -0400] "GET /wp-includes/PHPMailer/ HTTP/1.1" 200 697 "-" "-"
52.164.228.255 - - [08/Jun/2025:08:19:30 -0400] "GET /wp-includes/random_compat/ HTTP/1.1" 301 0 "-" "-"
52.164.228.255 - - [08/Jun/2025:08:19:31 -0400] "GET / HTTP/1.1" 200 12564 "-" "-"
52.164.228.255 - - [08/Jun/2025:08:19:31 -0400] "GET /wp-includes/sitemaps/ HTTP/1.1" 200 1091 "-" "-"
52.164.228.255 - - [08/Jun/2025:08:19:31 -0400] "GET /wp-includes/sodium_compat/ HTTP/1.1" 200 1130 "-" "-"
52.164.228.255 - - [08/Jun/2025:08:19:31 -0400] "GET /wp-includes/style-engine/ HTTP/1.1" 200 782 "-" "-"
52.164.228.255 - - [08/Jun/2025:08:19:31 -0400] "GET /wp-includes/theme-compat/ HTTP/1.1" 200 1169 "-" "-"
52.164.228.255 - - [08/Jun/2025:08:19:32 -0400] "GET /wp-admin/css/colors/ectoplasm/ HTTP/1.1" 200 720 "-" "-"
52.164.228.255 - - [08/Jun/2025:08:19:32 -0400] "GET /wp-admin/css/colors/ HTTP/1.1" 200 1137 "-" "-"
52.164.228.255 - - [08/Jun/2025:08:19:32 -0400] "GET /admin/images/slider/ HTTP/1.1" 301 0 "-" "-"
52.164.228.255 - - [08/Jun/2025:08:19:32 -0400] "GET / HTTP/1.1" 200 12564 "-" "-"
52.164.228.255 - - [08/Jun/2025:08:19:33 -0400] "GET /admin/fckeditor/editor/filemanager/ HTTP/1.1" 301 0 "-" "-"
52.164.228.255 - - [08/Jun/2025:08:19:33 -0400] "GET / HTTP/1.1" 200 12564 "-" "-"
52.164.228.255 - - [08/Jun/2025:08:19:33 -0400] "GET /sites/default/files/ HTTP/1.1" 301 0 "-" "-"
52.164.228.255 - - [08/Jun/2025:08:19:33 -0400] "GET / HTTP/1.1" 200 12286 "-" "-"
52.164.228.255 - - [08/Jun/2025:08:19:34 -0400] "GET /admin/controller/extension/extension/ HTTP/1.1" 301 0 "-" "-"
52.164.228.255 - - [08/Jun/2025:08:19:34 -0400] "GET / HTTP/1.1" 200 12564 "-" "-"
52.164.228.255 - - [08/Jun/2025:08:19:34 -0400] "GET /modules/mod_simplefileuploadv1.3/elements/ HTTP/1.1" 301 0 "-" "-"
52.164.228.255 - - [08/Jun/2025:08:19:34 -0400] "GET / HTTP/1.1" 200 12564 "-" "-"
52.164.228.255 - - [08/Jun/2025:08:19:35 -0400] "GET /components/ HTTP/1.1" 301 0 "-" "-"
52.164.228.255 - - [08/Jun/2025:08:19:35 -0400] "GET / HTTP/1.1" 200 12564 "-" "-"
52.164.228.255 - - [08/Jun/2025:08:19:35 -0400] "GET /admin/uploads/images/ HTTP/1.1" 301 0 "-" "-"
52.164.228.255 - - [08/Jun/2025:08:19:35 -0400] "GET / HTTP/1.1" 200 12564 "-" "-"
162.0.232.193 - - [08/Jun/2025:08:21:23 -0400] "POST /wp-cron.php?doing_wp_cron=1749385283.8388879299163818359375 HTTP/1.1" 200 0 "-" "WordPress/6.8.1; https://read11.windbreakermanga.com"
35.243.226.206 - - [08/Jun/2025:08:21:26 -0400] "GET /wp-content/uploads/2022/03/tumblr_cab03e326b977dd50b071e35114800e1_faf8654b_1280.jpeg HTTP/1.1" 301 0 "-" "Mozilla/5.0 (compatible; Discordbot/2.0; +https://discordapp.com)"
35.243.226.206 - - [08/Jun/2025:08:21:26 -0400] "GET / HTTP/1.1" 200 12564 "-" "Mozilla/5.0 (compatible; Discordbot/2.0; +https://discordapp.com)"
162.0.232.193 - - [08/Jun/2025:08:21:27 -0400] "GET /wp-content/uploads/f979bbbcbe9df560cb74049269d2541e_4104.xml HTTP/1.1" 200 2572 "-" "Mozilla/5.0 (X11; Linux x86_64) AppleWebKit/537.36 (KHTML, like Gecko) Ubuntu Chromium/41.0.2272.76"
2a03:2880:f800:6:: - - [08/Jun/2025:08:21:28 -0400] "GET / HTTP/1.1" 200 12564 "-" "meta-externalagent/1.1 (+https://developers.facebook.com/docs/sharing/webmasters/crawler)"
162.0.232.193 - - [08/Jun/2025:08:22:30 -0400] "POST /wp-cron.php?doing_wp_cron=1749385350.4076030254364013671875 HTTP/1.1" 200 0 "-" "WordPress/6.8.1; https://read11.windbreakermanga.com"
89.45.83.89 - - [08/Jun/2025:08:22:30 -0400] "POST /xmlrpc.php HTTP/1.1" 200 186 "https://read11.windbreakermanga.com" "Mozilla/5.0 (Macintosh; Intel Mac OS X 10.15; rv:126.0) Gecko/20100101 Firefox/126.0"
89.45.83.89 - - [08/Jun/2025:08:22:31 -0400] "POST /wp-login.php HTTP/1.1" 200 2035 "https://read11.windbreakermanga.com" "Mozilla/5.0 (Macintosh; Intel Mac OS X 10_15_7) AppleWebKit/537.36 (KHTML, like Gecko) Chrome/116.0.5845.96 Safari/537.36"
34.225.138.57 - - [08/Jun/2025:08:23:02 -0400] "GET /author/admin/page/5/ HTTP/1.1" 200 13136 "-" "Mozilla/5.0 AppleWebKit/537.36 (KHTML, like Gecko; compatible; Amazonbot/0.1; +https://developer.amazon.com/support/amazonbot) Chrome/119.0.6045.214 Safari/537.36"
162.0.232.193 - - [08/Jun/2025:08:23:04 -0400] "POST /wp-cron.php?doing_wp_cron=1749385383.9379069805145263671875 HTTP/1.1" 200 0 "-" "WordPress/6.8.1; https://read11.windbreakermanga.com"
2409:40c4:302d:227:8000:: - - [08/Jun/2025:08:23:45 -0400] "GET / HTTP/1.1" 304 0 "-" "Mozilla/5.0 (Linux; Android 10; K) AppleWebKit/537.36 (KHTML, like Gecko) Chrome/136.0.0.0 Mobile Safari/537.36"
162.0.232.193 - - [08/Jun/2025:08:24:00 -0400] "POST /wp-cron.php?doing_wp_cron=1749385440.1668319702148437500000 HTTP/1.1" 200 0 "-" "WordPress/6.8.1; https://read11.windbreakermanga.com"
66.249.77.192 - - [08/Jun/2025:08:24:01 -0400] "GET / HTTP/1.1" 200 12467 "-" "Mozilla/5.0 (compatible; Googlebot/2.1; +http://www.google.com/bot.html)"
66.249.77.192 - - [08/Jun/2025:08:24:02 -0400] "GET / HTTP/1.1" 200 12573 "-" "Mozilla/5.0 (Linux; Android 6.0.1; Nexus 5X Build/MMB29P) AppleWebKit/537.36 (KHTML, like Gecko) Chrome/99.0.4844.84 Mobile Safari/537.36 (compatible; Googlebot/2.1; +http://www.google.com/bot.html)"
66.249.77.192 - - [08/Jun/2025:08:24:03 -0400] "GET / HTTP/1.1" 200 12564 "-" "Mozilla/5.0 (compatible; Googlebot/2.1; +http://www.google.com/bot.html)"
66.249.77.201 - - [08/Jun/2025:08:24:04 -0400] "GET / HTTP/1.1" 200 12573 "-" "Mozilla/5.0 (Linux; Android 6.0.1; Nexus 5X Build/MMB29P) AppleWebKit/537.36 (KHTML, like Gecko) Chrome/99.0.4844.84 Mobile Safari/537.36 (compatible; Googlebot/2.1; +http://www.google.com/bot.html)"
47.79.123.158 - - [08/Jun/2025:08:24:53 -0400] "GET /wind-breaker-chapter-492/ HTTP/1.1" 200 11552 "https://read11.windbreakermanga.com/wind-breaker-chapter-492/" "Mozilla/5.0 (Windows NT 10.0; Win64; x64) AppleWebKit/537.36 (KHTML, like Gecko) Chrome/114.0.0.0 Safari/537.36 Edg/114.0.1823.43"
216.244.66.250 - - [08/Jun/2025:08:26:17 -0400] "GET /wind-breaker-chapter-488/ HTTP/1.1" 200 11583 "-" "Mozilla/5.0 (compatible; DotBot/1.2; +https://opensiteexplorer.org/dotbot; [email protected])"
216.244.66.250 - - [08/Jun/2025:08:26:20 -0400] "GET /wind-breaker-chapter-525/ HTTP/1.1" 200 11730 "-" "Mozilla/5.0 (compatible; DotBot/1.2; +https://opensiteexplorer.org/dotbot; [email protected])"
47.82.60.85 - - [08/Jun/2025:08:26:25 -0400] "GET /wind-breaker-chapter-73/ HTTP/1.1" 200 12248 "https://read11.windbreakermanga.com/wind-breaker-chapter-73/" "Mozilla/5.0 (Windows NT 10.0; Win64; x64) AppleWebKit/537.36 (KHTML, like Gecko) Chrome/114.0.0.0 Safari/537.36 Edg/114.0.1823.43"
47.82.60.146 - - [08/Jun/2025:08:26:33 -0400] "GET /wind-breaker-chapter-203/ HTTP/1.1" 200 12243 "https://read11.windbreakermanga.com/wind-breaker-chapter-203/" "Mozilla/5.0 (Windows NT 10.0; Win64; x64) AppleWebKit/537.36 (KHTML, like Gecko) Chrome/114.0.0.0 Safari/537.36 Edg/114.0.1823.43"
162.0.232.193 - - [08/Jun/2025:08:26:34 -0400] "POST /wp-cron.php?doing_wp_cron=1749385594.2104589939117431640625 HTTP/1.1" 200 0 "-" "WordPress/6.8.1; https://read11.windbreakermanga.com"
162.0.232.193 - - [08/Jun/2025:08:26:37 -0400] "GET /wp-content/uploads/f979bbbcbe9df560cb74049269d2541e_4104.xml HTTP/1.1" 200 2572 "-" "Mozilla/5.0 (X11; Linux x86_64) AppleWebKit/537.36 (KHTML, like Gecko) Ubuntu Chromium/41.0.2272.76"
2409:40c4:302d:227:8000:: - - [08/Jun/2025:08:28:22 -0400] "GET /wind-breaker-chapter-31/ HTTP/1.1" 200 11910 "-" "Mozilla/5.0 (Linux; Android 10; K) AppleWebKit/537.36 (KHTML, like Gecko) Chrome/136.0.0.0 Mobile Safari/537.36"
2409:40c4:302d:227:8000:: - - [08/Jun/2025:08:28:23 -0400] "GET /wind-breaker-chapter-31/ HTTP/1.1" 304 0 "https://read11.windbreakermanga.com/wind-breaker-chapter-30/" "Mozilla/5.0 (Linux; Android 10; K) AppleWebKit/537.36 (KHTML, like Gecko) Chrome/136.0.0.0 Mobile Safari/537.36"
162.0.232.193 - - [08/Jun/2025:08:28:25 -0400] "POST /wp-cron.php?doing_wp_cron=1749385705.6938650608062744140625 HTTP/1.1" 200 0 "-" "WordPress/6.8.1; https://read11.windbreakermanga.com"
2409:40c4:302d:227:8000:: - - [08/Jun/2025:08:28:24 -0400] "POST /wp-admin/admin-ajax.php HTTP/1.1" 200 61 "https://read11.windbreakermanga.com/wind-breaker-chapter-31/" "Mozilla/5.0 (Linux; Android 10; K) AppleWebKit/537.36 (KHTML, like Gecko) Chrome/136.0.0.0 Mobile Safari/537.36"
162.0.232.193 - - [08/Jun/2025:08:30:01 -0400] "POST /wp-cron.php?doing_wp_cron=1749385801.1394789218902587890625 HTTP/1.1" 200 0 "-" "WordPress/6.8.1; https://read11.windbreakermanga.com"
66.249.77.193 - - [08/Jun/2025:08:29:59 -0400] "GET /category/wind-breaker-webtoon/page/53/ HTTP/1.1" 200 12295 "-" "Mozilla/5.0 (Linux; Android 6.0.1; Nexus 5X Build/MMB29P) AppleWebKit/537.36 (KHTML, like Gecko) Chrome/136.0.7103.113 Mobile Safari/537.36 (compatible; Googlebot/2.1; +http://www.google.com/bot.html)"
47.79.7.143 - - [08/Jun/2025:08:30:10 -0400] "GET /category/wind-breaker-manhwa/page/49/ HTTP/1.1" 200 12376 "https://read11.windbreakermanga.com/category/wind-breaker-manhwa/page/49/" "Mozilla/5.0 (Windows NT 10.0; Win64; x64) AppleWebKit/537.36 (KHTML, like Gecko) Chrome/114.0.0.0 Safari/537.36 Edg/114.0.1823.43"
162.0.232.193 - - [08/Jun/2025:08:30:51 -0400] "POST /wp-cron.php?doing_wp_cron=1749385851.8043498992919921875000 HTTP/1.1" 200 0 "-" "WordPress/6.8.1; https://read11.windbreakermanga.com"
157.55.39.16 - - [08/Jun/2025:08:30:51 -0400] "GET /wp-json/wp/v2/posts/4508 HTTP/1.1" 200 27381 "-" "Mozilla/5.0 AppleWebKit/537.36 (KHTML, like Gecko; compatible; bingbot/2.0; +http://www.bing.com/bingbot.htm) Chrome/116.0.1938.76 Safari/537.36"
162.0.232.193 - - [08/Jun/2025:08:30:53 -0400] "GET /wp-content/uploads/f979bbbcbe9df560cb74049269d2541e_4104.xml HTTP/1.1" 200 2572 "-" "Mozilla/5.0 (X11; Linux x86_64) AppleWebKit/537.36 (KHTML, like Gecko) Ubuntu Chromium/41.0.2272.76"
2409:40c4:302d:227:8000:: - - [08/Jun/2025:08:33:07 -0400] "GET /wind-breaker-chapter-32/ HTTP/1.1" 200 11940 "-" "Mozilla/5.0 (Linux; Android 10; K) AppleWebKit/537.36 (KHTML, like Gecko) Chrome/136.0.0.0 Mobile Safari/537.36"
2409:40c4:302d:227:8000:: - - [08/Jun/2025:08:33:08 -0400] "GET /wind-breaker-chapter-32/ HTTP/1.1" 304 0 "https://read11.windbreakermanga.com/wind-breaker-chapter-31/" "Mozilla/5.0 (Linux; Android 10; K) AppleWebKit/537.36 (KHTML, like Gecko) Chrome/136.0.0.0 Mobile Safari/537.36"
162.0.232.193 - - [08/Jun/2025:08:33:11 -0400] "POST /wp-cron.php?doing_wp_cron=1749385991.0343360900878906250000 HTTP/1.1" 200 0 "-" "WordPress/6.8.1; https://read11.windbreakermanga.com"
2409:40c4:302d:227:8000:: - - [08/Jun/2025:08:33:08 -0400] "POST /wp-admin/admin-ajax.php HTTP/1.1" 200 61 "https://read11.windbreakermanga.com/wind-breaker-chapter-32/" "Mozilla/5.0 (Linux; Android 10; K) AppleWebKit/537.36 (KHTML, like Gecko) Chrome/136.0.0.0 Mobile Safari/537.36"
47.82.60.239 - - [08/Jun/2025:08:33:18 -0400] "GET /wind-breaker-chapter-267/ HTTP/1.1" 200 12691 "https://read11.windbreakermanga.com/wind-breaker-chapter-267/" "Mozilla/5.0 (Windows NT 10.0; Win64; x64) AppleWebKit/537.36 (KHTML, like Gecko) Chrome/114.0.0.0 Safari/537.36 Edg/114.0.1823.43"
162.0.232.193 - - [08/Jun/2025:08:33:44 -0400] "POST /wp-cron.php?doing_wp_cron=1749386024.0599510669708251953125 HTTP/1.1" 200 0 "-" "WordPress/6.8.1; https://read11.windbreakermanga.com"
2a03:2880:f800:d:: - - [08/Jun/2025:08:33:47 -0400] "GET / HTTP/1.1" 200 12564 "-" "meta-externalagent/1.1 (+https://developers.facebook.com/docs/sharing/webmasters/crawler)"
47.82.60.237 - - [08/Jun/2025:08:35:11 -0400] "GET /category/wind-breaker-webtoon/page/12/ HTTP/1.1" 200 12901 "https://read11.windbreakermanga.com/category/wind-breaker-webtoon/page/12/" "Mozilla/5.0 (Windows NT 10.0; Win64; x64) AppleWebKit/537.36 (KHTML, like Gecko) Chrome/114.0.0.0 Safari/537.36 Edg/114.0.1823.43"
47.82.60.90 - - [08/Jun/2025:08:35:38 -0400] "GET /wind-breaker-chapter-496/ HTTP/1.1" 200 12149 "https://read11.windbreakermanga.com/wind-breaker-chapter-496/" "Mozilla/5.0 (Windows NT 10.0; Win64; x64) AppleWebKit/537.36 (KHTML, like Gecko) Chrome/114.0.0.0 Safari/537.36 Edg/114.0.1823.43"
2a03:2880:f800:16:: - - [08/Jun/2025:08:35:59 -0400] "GET /category/wind-breaker-manhwa/page/54/ HTTP/1.1" 200 12328 "-" "meta-externalagent/1.1 (+https://developers.facebook.com/docs/sharing/webmasters/crawler)"
66.249.77.199 - - [08/Jun/2025:08:37:03 -0400] "GET /wind-breaker-chapter-132/ HTTP/1.1" 200 11956 "-" "Mozilla/5.0 (Linux; Android 6.0.1; Nexus 5X Build/MMB29P) AppleWebKit/537.36 (KHTML, like Gecko) Chrome/136.0.7103.113 Mobile Safari/537.36 (compatible; Googlebot/2.1; +http://www.google.com/bot.html)"
162.0.232.193 - - [08/Jun/2025:08:37:09 -0400] "POST /wp-cron.php?doing_wp_cron=1749386229.0348470211029052734375 HTTP/1.1" 200 0 "-" "WordPress/6.8.1; https://read11.windbreakermanga.com"
66.249.77.199 - - [08/Jun/2025:08:37:07 -0400] "POST /wp-admin/admin-ajax.php HTTP/1.1" 200 61 "https://read11.windbreakermanga.com/wind-breaker-chapter-132/" "Mozilla/5.0 (Linux; Android 6.0.1; Nexus 5X Build/MMB29P) AppleWebKit/537.36 (KHTML, like Gecko) Chrome/136.0.7103.92 Mobile Safari/537.36 (compatible; Googlebot/2.1; +http://www.google.com/bot.html)"
162.0.232.193 - - [08/Jun/2025:08:37:11 -0400] "GET /wp-content/uploads/f979bbbcbe9df560cb74049269d2541e_4104.xml HTTP/1.1" 200 2572 "-" "Mozilla/5.0 (X11; Linux x86_64) AppleWebKit/537.36 (KHTML, like Gecko) Ubuntu Chromium/41.0.2272.76"
2a03:2880:f800:1b:: - - [08/Jun/2025:08:38:07 -0400] "GET /wind-breaker-chapter-320/ HTTP/1.1" 200 12688 "-" "meta-externalagent/1.1 (+https://developers.facebook.com/docs/sharing/webmasters/crawler)"
2a03:2880:f800:10:: - - [08/Jun/2025:08:38:25 -0400] "GET /wind-breaker-chapter-354/ HTTP/1.1" 200 11987 "-" "meta-externalagent/1.1 (+https://developers.facebook.com/docs/sharing/webmasters/crawler)"
162.0.232.193 - - [08/Jun/2025:08:39:41 -0400] "POST /wp-cron.php?doing_wp_cron=1749386381.6850790977478027343750 HTTP/1.1" 200 0 "-" "WordPress/6.8.1; https://read11.windbreakermanga.com"
47.79.2.34 - - [08/Jun/2025:08:39:46 -0400] "GET /category/wind-breaker-manhwa/page/23/ HTTP/1.1" 200 13403 "https://read11.windbreakermanga.com/category/wind-breaker-manhwa/page/23/" "Mozilla/5.0 (Windows NT 10.0; Win64; x64) AppleWebKit/537.36 (KHTML, like Gecko) Chrome/114.0.0.0 Safari/537.36 Edg/114.0.1823.43"
2a03:2880:f800:16:: - - [08/Jun/2025:08:39:47 -0400] "GET / HTTP/1.1" 200 12564 "-" "meta-externalagent/1.1 (+https://developers.facebook.com/docs/sharing/webmasters/crawler)"
2409:40c4:302d:227:8000:: - - [08/Jun/2025:08:41:12 -0400] "GET /wind-breaker-chapter-33/ HTTP/1.1" 200 11963 "-" "Mozilla/5.0 (Linux; Android 10; K) AppleWebKit/537.36 (KHTML, like Gecko) Chrome/136.0.0.0 Mobile Safari/537.36"
2409:40c4:302d:227:8000:: - - [08/Jun/2025:08:41:13 -0400] "GET /wind-breaker-chapter-33/ HTTP/1.1" 304 0 "https://read11.windbreakermanga.com/wind-breaker-chapter-32/" "Mozilla/5.0 (Linux; Android 10; K) AppleWebKit/537.36 (KHTML, like Gecko) Chrome/136.0.0.0 Mobile Safari/537.36"
162.0.232.193 - - [08/Jun/2025:08:41:16 -0400] "POST /wp-cron.php?doing_wp_cron=1749386476.3155069351196289062500 HTTP/1.1" 200 0 "-" "WordPress/6.8.1; https://read11.windbreakermanga.com"
2409:40c4:302d:227:8000:: - - [08/Jun/2025:08:41:14 -0400] "POST /wp-admin/admin-ajax.php HTTP/1.1" 200 61 "https://read11.windbreakermanga.com/wind-breaker-chapter-33/" "Mozilla/5.0 (Linux; Android 10; K) AppleWebKit/537.36 (KHTML, like Gecko) Chrome/136.0.0.0 Mobile Safari/537.36"
162.0.232.193 - - [08/Jun/2025:08:41:18 -0400] "GET /wp-content/uploads/f979bbbcbe9df560cb74049269d2541e_4104.xml HTTP/1.1" 200 2572 "-" "Mozilla/5.0 (X11; Linux x86_64) AppleWebKit/537.36 (KHTML, like Gecko) Ubuntu Chromium/41.0.2272.76"
158.170.66.40 - - [08/Jun/2025:08:41:47 -0400] "GET /wp-login.php HTTP/1.1" 200 1886 "-" "Mozilla/5.0 (X11; Ubuntu; Linux x86_64; rv:85.0) Gecko/20100101 Firefox/91.0"
158.170.66.40 - - [08/Jun/2025:08:41:48 -0400] "POST /wp-login.php HTTP/1.1" 200 2038 "-" "Mozilla/5.0 (X11; Ubuntu; Linux x86_64; rv:85.0) Gecko/20100101 Firefox/91.0"
2a03:2880:f800:8:: - - [08/Jun/2025:08:42:38 -0400] "GET /wind-breaker-chapter-514/ HTTP/1.1" 200 11526 "-" "meta-externalagent/1.1 (+https://developers.facebook.com/docs/sharing/webmasters/crawler)"
162.0.232.193 - - [08/Jun/2025:08:43:00 -0400] "POST /wp-cron.php?doing_wp_cron=1749386580.5332019329071044921875 HTTP/1.1" 200 0 "-" "WordPress/6.8.1; https://read11.windbreakermanga.com"
2a03:2880:f800:16:: - - [08/Jun/2025:08:43:03 -0400] "GET / HTTP/1.1" 200 12467 "-" "meta-externalagent/1.1 (+https://developers.facebook.com/docs/sharing/webmasters/crawler)"
162.0.232.193 - - [08/Jun/2025:08:43:48 -0400] "POST /wp-cron.php?doing_wp_cron=1749386628.3536870479583740234375 HTTP/1.1" 200 0 "-" "WordPress/6.8.1; https://read11.windbreakermanga.com"
2a03:2880:f800:1:: - - [08/Jun/2025:08:43:50 -0400] "GET / HTTP/1.1" 200 12564 "-" "meta-externalagent/1.1 (+https://developers.facebook.com/docs/sharing/webmasters/crawler)"
66.249.77.196 - - [08/Jun/2025:08:44:04 -0400] "GET /wind-breaker-chapter-538/ HTTP/1.1" 200 11292 "-" "Mozilla/5.0 (Linux; Android 6.0.1; Nexus 5X Build/MMB29P) AppleWebKit/537.36 (KHTML, like Gecko) Chrome/136.0.7103.113 Mobile Safari/537.36 (compatible; Googlebot/2.1; +http://www.google.com/bot.html)"
2a03:2880:f800:10:: - - [08/Jun/2025:08:44:12 -0400] "GET / HTTP/1.1" 200 12564 "-" "meta-externalagent/1.1 (+https://developers.facebook.com/docs/sharing/webmasters/crawler)"
162.0.232.193 - - [08/Jun/2025:08:44:19 -0400] "POST /wp-cron.php?doing_wp_cron=1749386659.3696160316467285156250 HTTP/1.1" 200 0 "-" "WordPress/6.8.1; https://read11.windbreakermanga.com"
18.210.58.238 - - [08/Jun/2025:08:44:19 -0400] "GET /search/300/page/33/ HTTP/1.1" 200 9222 "-" "Mozilla/5.0 AppleWebKit/537.36 (KHTML, like Gecko; compatible; Amazonbot/0.1; +https://developer.amazon.com/support/amazonbot) Chrome/119.0.6045.214 Safari/537.36"
52.167.144.163 - - [08/Jun/2025:08:44:50 -0400] "GET /wind-breaker-chapter-20/ HTTP/1.1" 200 12233 "-" "Mozilla/5.0 AppleWebKit/537.36 (KHTML, like Gecko; compatible; bingbot/2.0; +http://www.bing.com/bingbot.htm) Chrome/116.0.1938.76 Safari/537.36"
162.0.232.193 - - [08/Jun/2025:08:44:57 -0400] "POST /wp-cron.php?doing_wp_cron=1749386696.9466819763183593750000 HTTP/1.1" 200 0 "-" "WordPress/6.8.1; https://read11.windbreakermanga.com"
2a03:2880:f800:d:: - - [08/Jun/2025:08:44:56 -0400] "GET /wind-breaker-chapter-259-part-3-ep-9/ HTTP/1.1" 301 0 "-" "meta-externalagent/1.1 (+https://developers.facebook.com/docs/sharing/webmasters/crawler)"
2a03:2880:f800:7:: - - [08/Jun/2025:08:45:01 -0400] "GET / HTTP/1.1" 200 12564 "-" "meta-externalagent/1.1 (+https://developers.facebook.com/docs/sharing/webmasters/crawler)"
66.249.77.194 - - [08/Jun/2025:08:45:05 -0400] "GET /chapter-413/ HTTP/1.1" 200 10765 "-" "Mozilla/5.0 (Linux; Android 6.0.1; Nexus 5X Build/MMB29P) AppleWebKit/537.36 (KHTML, like Gecko) Chrome/136.0.7103.113 Mobile Safari/537.36 (compatible; Googlebot/2.1; +http://www.google.com/bot.html)"
66.249.77.194 - - [08/Jun/2025:08:45:06 -0400] "GET /wind-breaker-chapter-285/ HTTP/1.1" 200 12246 "-" "Mozilla/5.0 (Linux; Android 6.0.1; Nexus 5X Build/MMB29P) AppleWebKit/537.36 (KHTML, like Gecko) Chrome/136.0.7103.113 Mobile Safari/537.36 (compatible; Googlebot/2.1; +http://www.google.com/bot.html)"
51.161.7.9 - - [08/Jun/2025:08:45:08 -0400] "POST /xmlrpc.php HTTP/1.1" 200 186 "https://read11.windbreakermanga.com" "Mozilla/5.0 (Macintosh; Intel Mac OS X 10_15_7) AppleWebKit/537.36 (KHTML, like Gecko) Chrome/114.0.5735.134 Safari/537.36"
66.249.77.196 - - [08/Jun/2025:08:45:07 -0400] "POST /wp-admin/admin-ajax.php HTTP/1.1" 200 61 "https://read11.windbreakermanga.com/chapter-413/" "Mozilla/5.0 (Linux; Android 6.0.1; Nexus 5X Build/MMB29P) AppleWebKit/537.36 (KHTML, like Gecko) Chrome/136.0.7103.92 Mobile Safari/537.36 (compatible; Googlebot/2.1; +http://www.google.com/bot.html)"
51.161.7.9 - - [08/Jun/2025:08:45:08 -0400] "POST /wp-login.php HTTP/1.1" 200 2038 "https://read11.windbreakermanga.com" "Mozilla/5.0 (Windows NT 10.0; Win64; x64) AppleWebKit/537.36 (KHTML, like Gecko) Chrome/114.0.5735.199 Safari/537.36 Edg/114.0.1823.67"
2a03:2880:f800:1:: - - [08/Jun/2025:08:45:51 -0400] "GET /wind-breaker-chapter-159/ HTTP/1.1" 200 11955 "-" "meta-externalagent/1.1 (+https://developers.facebook.com/docs/sharing/webmasters/crawler)"
162.0.232.193 - - [08/Jun/2025:08:46:07 -0400] "POST /wp-cron.php?doing_wp_cron=1749386767.6694939136505126953125 HTTP/1.1" 200 0 "-" "WordPress/6.8.1; https://read11.windbreakermanga.com"
66.249.77.194 - - [08/Jun/2025:08:46:07 -0400] "POST /wp-admin/admin-ajax.php HTTP/1.1" 200 61 "https://read11.windbreakermanga.com/wind-breaker-chapter-285/" "Mozilla/5.0 (Linux; Android 6.0.1; Nexus 5X Build/MMB29P) AppleWebKit/537.36 (KHTML, like Gecko) Chrome/136.0.7103.92 Mobile Safari/537.36 (compatible; Googlebot/2.1; +http://www.google.com/bot.html)"
162.0.232.193 - - [08/Jun/2025:08:46:09 -0400] "GET /wp-content/uploads/f979bbbcbe9df560cb74049269d2541e_4104.xml HTTP/1.1" 200 2570 "-" "Mozilla/5.0 (X11; Linux x86_64) AppleWebKit/537.36 (KHTML, like Gecko) Ubuntu Chromium/41.0.2272.76"
162.0.232.193 - - [08/Jun/2025:08:49:40 -0400] "POST /wp-cron.php?doing_wp_cron=1749386980.6326119899749755859375 HTTP/1.1" 200 0 "-" "WordPress/6.8.1; https://read11.windbreakermanga.com"
87.250.224.109 - - [08/Jun/2025:08:49:39 -0400] "GET /?p=4255 HTTP/1.1" 301 0 "-" "Mozilla/5.0 (compatible; YandexBot/3.0; +http://yandex.com/bots)"
95.108.213.232 - - [08/Jun/2025:08:49:42 -0400] "GET /chapter-405/ HTTP/1.1" 200 11101 "-" "Mozilla/5.0 (compatible; YandexBot/3.0; +http://yandex.com/bots)"
162.0.232.193 - - [08/Jun/2025:08:49:42 -0400] "GET /wp-content/uploads/f979bbbcbe9df560cb74049269d2541e_4104.xml HTTP/1.1" 200 2572 "-" "Mozilla/5.0 (X11; Linux x86_64) AppleWebKit/537.36 (KHTML, like Gecko) Ubuntu Chromium/41.0.2272.76"
47.82.60.207 - - [08/Jun/2025:08:50:00 -0400] "GET /wind-breaker-chapter-255/ HTTP/1.1" 200 12542 "https://read11.windbreakermanga.com/wind-breaker-chapter-255/" "Mozilla/5.0 (Windows NT 10.0; Win64; x64) AppleWebKit/537.36 (KHTML, like Gecko) Chrome/114.0.0.0 Safari/537.36 Edg/114.0.1823.43"
