47.82.61.27 - - [08/Jun/2025:12:53:24 -0400] "GET /wind-breaker-chapter-505/ HTTP/1.1" 200 11972 "https://read11.windbreakermanga.com/wind-breaker-chapter-505/" "Mozilla/5.0 (Windows NT 10.0; Win64; x64) AppleWebKit/537.36 (KHTML, like Gecko) Chrome/114.0.0.0 Safari/537.36 Edg/114.0.1823.43"
40.77.167.32 - - [08/Jun/2025:12:53:57 -0400] "GET /wind-breaker-chapter-548/ HTTP/1.1" 200 11653 "-" "Mozilla/5.0 AppleWebKit/537.36 (KHTML, like Gecko; compatible; bingbot/2.0; +http://www.bing.com/bingbot.htm) Chrome/116.0.1938.76 Safari/537.36"
66.249.77.193 - - [08/Jun/2025:12:54:10 -0400] "GET /wind-breaker-chapter-7/ HTTP/1.1" 200 11752 "-" "Mozilla/5.0 (Linux; Android 6.0.1; Nexus 5X Build/MMB29P) AppleWebKit/537.36 (KHTML, like Gecko) Chrome/136.0.7103.113 Mobile Safari/537.36 (compatible; Googlebot/2.1; +http://www.google.com/bot.html)"
162.0.232.193 - - [08/Jun/2025:12:54:13 -0400] "POST /wp-cron.php?doing_wp_cron=1749401653.6512041091918945312500 HTTP/1.1" 200 0 "-" "WordPress/6.8.1; https://read11.windbreakermanga.com"
66.249.77.192 - - [08/Jun/2025:12:54:13 -0400] "POST /wp-admin/admin-ajax.php HTTP/1.1" 200 61 "https://read11.windbreakermanga.com/wind-breaker-chapter-7/" "Mozilla/5.0 (Linux; Android 6.0.1; Nexus 5X Build/MMB29P) AppleWebKit/537.36 (KHTML, like Gecko) Chrome/136.0.7103.92 Mobile Safari/537.36 (compatible; Googlebot/2.1; +http://www.google.com/bot.html)"
162.0.232.193 - - [08/Jun/2025:12:54:16 -0400] "GET /wp-content/uploads/f979bbbcbe9df560cb74049269d2541e_4104.xml HTTP/1.1" 200 2572 "-" "Mozilla/5.0 (X11; Linux x86_64) AppleWebKit/537.36 (KHTML, like Gecko) Ubuntu Chromium/41.0.2272.76"
159.89.207.154 - - [08/Jun/2025:12:54:18 -0400] "GET //wp-includes/wlwmanifest.xml HTTP/1.1" 301 0 "-" "Mozilla/5.0 (Windows NT 10.0; Win64; x64) AppleWebKit/537.36 (KHTML, like Gecko) Chrome/78.0.3904.108 Safari/537.36"
159.89.207.154 - - [08/Jun/2025:12:54:18 -0400] "GET //xmlrpc.php?rsd HTTP/1.1" 200 302 "-" "Mozilla/5.0 (Windows NT 10.0; Win64; x64) AppleWebKit/537.36 (KHTML, like Gecko) Chrome/78.0.3904.108 Safari/537.36"
159.89.207.154 - - [08/Jun/2025:12:54:19 -0400] "GET //?author=1 HTTP/1.1" 301 0 "-" "Mozilla/5.0 (Windows NT 10.0; Win64; x64) AppleWebKit/537.36 (KHTML, like Gecko) Chrome/78.0.3904.108 Safari/537.36"
159.89.207.154 - - [08/Jun/2025:12:54:19 -0400] "GET //?author=2 HTTP/1.1" 301 0 "-" "Mozilla/5.0 (Windows NT 10.0; Win64; x64) AppleWebKit/537.36 (KHTML, like Gecko) Chrome/78.0.3904.108 Safari/537.36"
159.89.207.154 - - [08/Jun/2025:12:54:19 -0400] "GET //wp-json/wp/v2/users/ HTTP/1.1" 200 6725 "-" "Mozilla/5.0 (Windows NT 10.0; Win64; x64) AppleWebKit/537.36 (KHTML, like Gecko) Chrome/78.0.3904.108 Safari/537.36"
159.89.207.154 - - [08/Jun/2025:12:54:20 -0400] "GET //wp-json/oembed/1.0/embed?url=https://read11.windbreakermanga.com/ HTTP/1.1" 200 2527 "-" "Mozilla/5.0 (Windows NT 10.0; Win64; x64) AppleWebKit/537.36 (KHTML, like Gecko) Chrome/78.0.3904.108 Safari/537.36"
159.89.207.154 - - [08/Jun/2025:12:54:20 -0400] "POST //xmlrpc.php HTTP/1.1" 200 205 "-" "Mozilla/5.0 (Windows NT 10.0; Win64; x64) AppleWebKit/537.36 (KHTML, like Gecko) Chrome/78.0.3904.108 Safari/537.36"
162.0.232.193 - - [08/Jun/2025:12:55:44 -0400] "POST /wp-cron.php?doing_wp_cron=1749401744.4340949058532714843750 HTTP/1.1" 200 0 "-" "WordPress/6.8.1; https://read11.windbreakermanga.com"
159.89.207.154 - - [08/Jun/2025:12:55:01 -0400] "POST //xmlrpc.php HTTP/1.1" 200 205 "-" "Mozilla/5.0 (Windows NT 10.0; Win64; x64) AppleWebKit/537.36 (KHTML, like Gecko) Chrome/78.0.3904.108 Safari/537.36"
2001:ee0:4255:a3a0:7461:8e28:2c65:3b60 - - [08/Jun/2025:12:55:47 -0400] "GET / HTTP/1.1" 200 12564 "-" "Mozilla/5.0 (Macintosh; Intel Mac OS X 10_12_5; rv:123.0esr) Gecko/20100101 Firefox/123.0esr"
2a03:2880:f800:d:: - - [08/Jun/2025:12:56:04 -0400] "GET /wind-breaker-chapter-81/ HTTP/1.1" 200 12240 "-" "meta-externalagent/1.1 (+https://developers.facebook.com/docs/sharing/webmasters/crawler)"
162.0.232.193 - - [08/Jun/2025:12:56:12 -0400] "POST /wp-cron.php?doing_wp_cron=1749401772.3242568969726562500000 HTTP/1.1" 200 0 "-" "WordPress/6.8.1; https://read11.windbreakermanga.com"
2a03:2880:f800:1c:: - - [08/Jun/2025:12:56:12 -0400] "GET /category/wind-breaker-manhwa/page/11/ HTTP/1.1" 200 13027 "-" "meta-externalagent/1.1 (+https://developers.facebook.com/docs/sharing/webmasters/crawler)"
159.89.207.154 - - [08/Jun/2025:12:55:46 -0400] "POST //xmlrpc.php HTTP/1.1" 200 205 "-" "Mozilla/5.0 (Windows NT 10.0; Win64; x64) AppleWebKit/537.36 (KHTML, like Gecko) Chrome/78.0.3904.108 Safari/537.36"
162.0.232.193 - - [08/Jun/2025:12:56:45 -0400] "POST /wp-cron.php?doing_wp_cron=1749401805.2581191062927246093750 HTTP/1.1" 200 0 "-" "WordPress/6.8.1; https://read11.windbreakermanga.com"
159.89.207.154 - - [08/Jun/2025:12:56:16 -0400] "POST //xmlrpc.php HTTP/1.1" 200 205 "-" "Mozilla/5.0 (Windows NT 10.0; Win64; x64) AppleWebKit/537.36 (KHTML, like Gecko) Chrome/78.0.3904.108 Safari/537.36"
177.37.128.143 - - [08/Jun/2025:12:57:00 -0400] "GET /wind-breaker-chapter-161/ HTTP/1.1" 200 12259 "-" "Mozilla/5.0 (iPad; CPU OS 17_0_3 like Mac OS X) AppleWebKit/605.1.15 (KHTML, like Gecko) Version/17.0.1 Mobile/15E148 Safari/604.1"
162.0.232.193 - - [08/Jun/2025:12:57:31 -0400] "POST /wp-cron.php?doing_wp_cron=1749401851.0038330554962158203125 HTTP/1.1" 200 0 "-" "WordPress/6.8.1; https://read11.windbreakermanga.com"
159.89.207.154 - - [08/Jun/2025:12:56:45 -0400] "POST //xmlrpc.php HTTP/1.1" 200 205 "-" "Mozilla/5.0 (Windows NT 10.0; Win64; x64) AppleWebKit/537.36 (KHTML, like Gecko) Chrome/78.0.3904.108 Safari/537.36"
162.0.232.193 - - [08/Jun/2025:12:58:01 -0400] "POST /wp-cron.php?doing_wp_cron=1749401880.9166009426116943359375 HTTP/1.1" 200 0 "-" "WordPress/6.8.1; https://read11.windbreakermanga.com"
159.89.207.154 - - [08/Jun/2025:12:57:31 -0400] "POST //xmlrpc.php HTTP/1.1" 200 205 "-" "Mozilla/5.0 (Windows NT 10.0; Win64; x64) AppleWebKit/537.36 (KHTML, like Gecko) Chrome/78.0.3904.108 Safari/537.36"
162.0.232.193 - - [08/Jun/2025:12:58:11 -0400] "POST /wp-cron.php?doing_wp_cron=1749401891.2336480617523193359375 HTTP/1.1" 200 0 "-" "WordPress/6.8.1; https://read11.windbreakermanga.com"
103.188.82.198 - - [08/Jun/2025:12:58:11 -0400] "POST /xmlrpc.php HTTP/1.1" 200 205 "-" "Mozilla/5.0 (X11; U; Linux i686; en-US; rv:96.0) Gecko/20071914 Firefox/96.0"
162.0.232.193 - - [08/Jun/2025:12:58:13 -0400] "GET /wp-content/uploads/f979bbbcbe9df560cb74049269d2541e_4104.xml HTTP/1.1" 200 2572 "-" "Mozilla/5.0 (X11; Linux x86_64) AppleWebKit/537.36 (KHTML, like Gecko) Ubuntu Chromium/41.0.2272.76"
159.89.207.154 - - [08/Jun/2025:12:58:01 -0400] "POST //xmlrpc.php HTTP/1.1" 200 205 "-" "Mozilla/5.0 (Windows NT 10.0; Win64; x64) AppleWebKit/537.36 (KHTML, like Gecko) Chrome/78.0.3904.108 Safari/537.36"
2a03:2880:f800:8:: - - [08/Jun/2025:12:58:51 -0400] "GET /wind-breaker-chapter-135/ HTTP/1.1" 200 12267 "-" "meta-externalagent/1.1 (+https://developers.facebook.com/docs/sharing/webmasters/crawler)"
159.89.207.154 - - [08/Jun/2025:12:58:31 -0400] "POST //xmlrpc.php HTTP/1.1" 200 205 "-" "Mozilla/5.0 (Windows NT 10.0; Win64; x64) AppleWebKit/537.36 (KHTML, like Gecko) Chrome/78.0.3904.108 Safari/537.36"
2a03:2880:3ff:9:: - - [08/Jun/2025:12:59:14 -0400] "GET / HTTP/1.1" 200 12564 "-" "meta-externalagent/1.1 (+https://developers.facebook.com/docs/sharing/webmasters/crawler)"
2a03:2880:3ff:74:: - - [08/Jun/2025:12:59:18 -0400] "GET / HTTP/1.1" 200 12564 "-" "meta-externalagent/1.1 (+https://developers.facebook.com/docs/sharing/webmasters/crawler)"
162.0.232.193 - - [08/Jun/2025:12:59:30 -0400] "POST /wp-cron.php?doing_wp_cron=1749401970.5465478897094726562500 HTTP/1.1" 200 0 "-" "WordPress/6.8.1; https://read11.windbreakermanga.com"
159.89.207.154 - - [08/Jun/2025:12:59:01 -0400] "POST //xmlrpc.php HTTP/1.1" 200 205 "-" "Mozilla/5.0 (Windows NT 10.0; Win64; x64) AppleWebKit/537.36 (KHTML, like Gecko) Chrome/78.0.3904.108 Safari/537.36"
162.0.232.193 - - [08/Jun/2025:13:00:00 -0400] "POST /wp-cron.php?doing_wp_cron=1749402000.6462099552154541015625 HTTP/1.1" 200 0 "-" "WordPress/6.8.1; https://read11.windbreakermanga.com"
159.89.207.154 - - [08/Jun/2025:12:59:31 -0400] "POST //xmlrpc.php HTTP/1.1" 200 205 "-" "Mozilla/5.0 (Windows NT 10.0; Win64; x64) AppleWebKit/537.36 (KHTML, like Gecko) Chrome/78.0.3904.108 Safari/537.36"
162.0.232.193 - - [08/Jun/2025:13:00:30 -0400] "POST /wp-cron.php?doing_wp_cron=1749402030.5005719661712646484375 HTTP/1.1" 200 0 "-" "WordPress/6.8.1; https://read11.windbreakermanga.com"
159.89.207.154 - - [08/Jun/2025:13:00:01 -0400] "POST //xmlrpc.php HTTP/1.1" 200 205 "-" "Mozilla/5.0 (Windows NT 10.0; Win64; x64) AppleWebKit/537.36 (KHTML, like Gecko) Chrome/78.0.3904.108 Safari/537.36"
162.0.232.193 - - [08/Jun/2025:13:00:40 -0400] "POST /wp-cron.php?doing_wp_cron=1749402039.9334208965301513671875 HTTP/1.1" 200 0 "-" "WordPress/6.8.1; https://read11.windbreakermanga.com"
54.167.32.123 - - [08/Jun/2025:13:00:39 -0400] "GET /manga/wind-breaker-chapter-119/ HTTP/1.1" 301 0 "-" "Mozilla/5.0 AppleWebKit/537.36 (KHTML, like Gecko; compatible; Amazonbot/0.1; +https://developer.amazon.com/support/amazonbot) Chrome/119.0.6045.214 Safari/537.36"
162.0.232.193 - - [08/Jun/2025:13:00:40 -0400] "GET /wind-breaker-chapter-542/ HTTP/1.1" 200 12004 "-" "WP Rocket/Preload"
162.0.232.193 - - [08/Jun/2025:13:00:42 -0400] "GET /wind-breaker-chapter-542/ HTTP/1.1" 200 11702 "-" "WP Rocket/Preload Mozilla/5.0 (iPhone; CPU iPhone OS 9_1 like Mac OS X) AppleWebKit/601.1.46 (KHTML, like Gecko) Version/9.0 Mobile/13B143 Safari/601.1"
162.0.232.193 - - [08/Jun/2025:13:00:43 -0400] "GET /wind-breaker-chapter-476/ HTTP/1.1" 200 11726 "-" "WP Rocket/Preload"
162.0.232.193 - - [08/Jun/2025:13:00:44 -0400] "GET /wind-breaker-chapter-476/ HTTP/1.1" 200 11738 "-" "WP Rocket/Preload Mozilla/5.0 (iPhone; CPU iPhone OS 9_1 like Mac OS X) AppleWebKit/601.1.46 (KHTML, like Gecko) Version/9.0 Mobile/13B143 Safari/601.1"
162.0.232.193 - - [08/Jun/2025:13:00:45 -0400] "GET /wind-breaker-chapter-343/ HTTP/1.1" 200 11831 "-" "WP Rocket/Preload"
162.0.232.193 - - [08/Jun/2025:13:00:46 -0400] "GET /wind-breaker-chapter-343/ HTTP/1.1" 200 11545 "-" "WP Rocket/Preload Mozilla/5.0 (iPhone; CPU iPhone OS 9_1 like Mac OS X) AppleWebKit/601.1.46 (KHTML, like Gecko) Version/9.0 Mobile/13B143 Safari/601.1"
162.0.232.193 - - [08/Jun/2025:13:00:47 -0400] "GET /wind-breaker-chapter-340/ HTTP/1.1" 200 11539 "-" "WP Rocket/Preload"
162.0.232.193 - - [08/Jun/2025:13:00:48 -0400] "GET /wind-breaker-chapter-340/ HTTP/1.1" 200 11209 "-" "WP Rocket/Preload Mozilla/5.0 (iPhone; CPU iPhone OS 9_1 like Mac OS X) AppleWebKit/601.1.46 (KHTML, like Gecko) Version/9.0 Mobile/13B143 Safari/601.1"
162.0.232.193 - - [08/Jun/2025:13:00:49 -0400] "GET /wind-breaker-chapter-337/ HTTP/1.1" 200 11816 "-" "WP Rocket/Preload"
162.0.232.193 - - [08/Jun/2025:13:00:50 -0400] "GET /wind-breaker-chapter-337/ HTTP/1.1" 200 11528 "-" "WP Rocket/Preload Mozilla/5.0 (iPhone; CPU iPhone OS 9_1 like Mac OS X) AppleWebKit/601.1.46 (KHTML, like Gecko) Version/9.0 Mobile/13B143 Safari/601.1"
162.0.232.193 - - [08/Jun/2025:13:01:00 -0400] "POST /wp-cron.php?doing_wp_cron=1749402060.3975520133972167968750 HTTP/1.1" 200 0 "-" "WordPress/6.8.1; https://read11.windbreakermanga.com"
159.89.207.154 - - [08/Jun/2025:13:00:31 -0400] "POST //xmlrpc.php HTTP/1.1" 200 205 "-" "Mozilla/5.0 (Windows NT 10.0; Win64; x64) AppleWebKit/537.36 (KHTML, like Gecko) Chrome/78.0.3904.108 Safari/537.36"
162.0.232.193 - - [08/Jun/2025:13:01:30 -0400] "POST /wp-cron.php?doing_wp_cron=1749402090.3282980918884277343750 HTTP/1.1" 200 0 "-" "WordPress/6.8.1; https://read11.windbreakermanga.com"
159.89.207.154 - - [08/Jun/2025:13:01:01 -0400] "POST //xmlrpc.php HTTP/1.1" 200 205 "-" "Mozilla/5.0 (Windows NT 10.0; Win64; x64) AppleWebKit/537.36 (KHTML, like Gecko) Chrome/78.0.3904.108 Safari/537.36"
162.0.232.193 - - [08/Jun/2025:13:02:00 -0400] "POST /wp-cron.php?doing_wp_cron=1749402120.4558370113372802734375 HTTP/1.1" 200 0 "-" "WordPress/6.8.1; https://read11.windbreakermanga.com"
159.89.207.154 - - [08/Jun/2025:13:01:31 -0400] "POST //xmlrpc.php HTTP/1.1" 200 205 "-" "Mozilla/5.0 (Windows NT 10.0; Win64; x64) AppleWebKit/537.36 (KHTML, like Gecko) Chrome/78.0.3904.108 Safari/537.36"
162.0.232.193 - - [08/Jun/2025:13:02:01 -0400] "GET /wind-breaker-chapter-300/ HTTP/1.1" 200 12586 "-" "WP Rocket/Preload"
162.0.232.193 - - [08/Jun/2025:13:02:03 -0400] "GET /wind-breaker-chapter-300/ HTTP/1.1" 200 12540 "-" "WP Rocket/Preload Mozilla/5.0 (iPhone; CPU iPhone OS 9_1 like Mac OS X) AppleWebKit/601.1.46 (KHTML, like Gecko) Version/9.0 Mobile/13B143 Safari/601.1"
162.0.232.193 - - [08/Jun/2025:13:02:04 -0400] "GET /wind-breaker-chapter-292/ HTTP/1.1" 200 12692 "-" "WP Rocket/Preload"
162.0.232.193 - - [08/Jun/2025:13:02:05 -0400] "GET /wind-breaker-chapter-292/ HTTP/1.1" 200 0 "-" "WP Rocket/Preload Mozilla/5.0 (iPhone; CPU iPhone OS 9_1 like Mac OS X) AppleWebKit/601.1.46 (KHTML, like Gecko) Version/9.0 Mobile/13B143 Safari/601.1"
162.0.232.193 - - [08/Jun/2025:13:02:07 -0400] "GET /wind-breaker-chapter-271/ HTTP/1.1" 200 12484 "-" "WP Rocket/Preload"
162.0.232.193 - - [08/Jun/2025:13:02:08 -0400] "GET /wind-breaker-chapter-271/ HTTP/1.1" 200 12834 "-" "WP Rocket/Preload Mozilla/5.0 (iPhone; CPU iPhone OS 9_1 like Mac OS X) AppleWebKit/601.1.46 (KHTML, like Gecko) Version/9.0 Mobile/13B143 Safari/601.1"
162.0.232.193 - - [08/Jun/2025:13:02:09 -0400] "GET /wind-breaker-chapter-276/ HTTP/1.1" 200 12180 "-" "WP Rocket/Preload"
162.0.232.193 - - [08/Jun/2025:13:02:10 -0400] "GET /wind-breaker-chapter-276/ HTTP/1.1" 200 0 "-" "WP Rocket/Preload Mozilla/5.0 (iPhone; CPU iPhone OS 9_1 like Mac OS X) AppleWebKit/601.1.46 (KHTML, like Gecko) Version/9.0 Mobile/13B143 Safari/601.1"
162.0.232.193 - - [08/Jun/2025:13:02:12 -0400] "GET /wind-breaker-chapter-264/ HTTP/1.1" 200 0 "-" "WP Rocket/Preload"
162.0.232.193 - - [08/Jun/2025:13:02:13 -0400] "GET /wind-breaker-chapter-264/ HTTP/1.1" 200 12722 "-" "WP Rocket/Preload Mozilla/5.0 (iPhone; CPU iPhone OS 9_1 like Mac OS X) AppleWebKit/601.1.46 (KHTML, like Gecko) Version/9.0 Mobile/13B143 Safari/601.1"
162.0.232.193 - - [08/Jun/2025:13:02:14 -0400] "GET /chapter-236/ HTTP/1.1" 200 11081 "-" "WP Rocket/Preload"
162.0.232.193 - - [08/Jun/2025:13:02:16 -0400] "GET /chapter-236/ HTTP/1.1" 200 0 "-" "WP Rocket/Preload Mozilla/5.0 (iPhone; CPU iPhone OS 9_1 like Mac OS X) AppleWebKit/601.1.46 (KHTML, like Gecko) Version/9.0 Mobile/13B143 Safari/601.1"
162.0.232.193 - - [08/Jun/2025:13:02:17 -0400] "GET /wind-breaker-chapter-219/ HTTP/1.1" 200 12379 "-" "WP Rocket/Preload"
162.0.232.193 - - [08/Jun/2025:13:02:19 -0400] "GET /wind-breaker-chapter-219/ HTTP/1.1" 200 12051 "-" "WP Rocket/Preload Mozilla/5.0 (iPhone; CPU iPhone OS 9_1 like Mac OS X) AppleWebKit/601.1.46 (KHTML, like Gecko) Version/9.0 Mobile/13B143 Safari/601.1"
162.0.232.193 - - [08/Jun/2025:13:02:20 -0400] "GET /wind-breaker-chapter-203/ HTTP/1.1" 200 0 "-" "WP Rocket/Preload"
162.0.232.193 - - [08/Jun/2025:13:02:22 -0400] "GET /wind-breaker-chapter-203/ HTTP/1.1" 200 11920 "-" "WP Rocket/Preload Mozilla/5.0 (iPhone; CPU iPhone OS 9_1 like Mac OS X) AppleWebKit/601.1.46 (KHTML, like Gecko) Version/9.0 Mobile/13B143 Safari/601.1"
162.0.232.193 - - [08/Jun/2025:13:02:30 -0400] "POST /wp-cron.php?doing_wp_cron=1749402150.4088640213012695312500 HTTP/1.1" 200 0 "-" "WordPress/6.8.1; https://read11.windbreakermanga.com"
159.89.207.154 - - [08/Jun/2025:13:02:01 -0400] "POST //xmlrpc.php HTTP/1.1" 200 205 "-" "Mozilla/5.0 (Windows NT 10.0; Win64; x64) AppleWebKit/537.36 (KHTML, like Gecko) Chrome/78.0.3904.108 Safari/537.36"
162.0.232.193 - - [08/Jun/2025:13:02:32 -0400] "GET /wp-content/uploads/f979bbbcbe9df560cb74049269d2541e_4104.xml HTTP/1.1" 200 2572 "-" "Mozilla/5.0 (X11; Linux x86_64) AppleWebKit/537.36 (KHTML, like Gecko) Ubuntu Chromium/41.0.2272.76"
52.54.249.218 - - [08/Jun/2025:13:02:58 -0400] "GET /wind-breaker-chapter-177-part-2-ep-109/ HTTP/1.1" 301 0 "-" "Mozilla/5.0 AppleWebKit/537.36 (KHTML, like Gecko; compatible; Amazonbot/0.1; +https://developer.amazon.com/support/amazonbot) Chrome/119.0.6045.214 Safari/537.36"
159.89.207.154 - - [08/Jun/2025:13:02:31 -0400] "POST //xmlrpc.php HTTP/1.1" 200 205 "-" "Mozilla/5.0 (Windows NT 10.0; Win64; x64) AppleWebKit/537.36 (KHTML, like Gecko) Chrome/78.0.3904.108 Safari/537.36"
159.89.207.154 - - [08/Jun/2025:13:03:00 -0400] "POST //xmlrpc.php HTTP/1.1" 200 205 "-" "Mozilla/5.0 (Windows NT 10.0; Win64; x64) AppleWebKit/537.36 (KHTML, like Gecko) Chrome/78.0.3904.108 Safari/537.36"
162.0.232.193 - - [08/Jun/2025:13:03:45 -0400] "POST /wp-cron.php?doing_wp_cron=1749402225.5319380760192871093750 HTTP/1.1" 200 0 "-" "WordPress/6.8.1; https://read11.windbreakermanga.com"
159.89.207.154 - - [08/Jun/2025:13:03:16 -0400] "POST //xmlrpc.php HTTP/1.1" 200 205 "-" "Mozilla/5.0 (Windows NT 10.0; Win64; x64) AppleWebKit/537.36 (KHTML, like Gecko) Chrome/78.0.3904.108 Safari/537.36"
162.0.232.193 - - [08/Jun/2025:13:03:46 -0400] "GET /wind-breaker-chapter-211/ HTTP/1.1" 200 12652 "-" "WP Rocket/Preload"
162.0.232.193 - - [08/Jun/2025:13:03:48 -0400] "GET /wind-breaker-chapter-211/ HTTP/1.1" 200 12344 "-" "WP Rocket/Preload Mozilla/5.0 (iPhone; CPU iPhone OS 9_1 like Mac OS X) AppleWebKit/601.1.46 (KHTML, like Gecko) Version/9.0 Mobile/13B143 Safari/601.1"
162.0.232.193 - - [08/Jun/2025:13:03:49 -0400] "GET /wind-breaker-chapter-209/ HTTP/1.1" 200 12419 "-" "WP Rocket/Preload"
162.0.232.193 - - [08/Jun/2025:13:03:50 -0400] "GET /wind-breaker-chapter-209/ HTTP/1.1" 200 12115 "-" "WP Rocket/Preload Mozilla/5.0 (iPhone; CPU iPhone OS 9_1 like Mac OS X) AppleWebKit/601.1.46 (KHTML, like Gecko) Version/9.0 Mobile/13B143 Safari/601.1"
162.0.232.193 - - [08/Jun/2025:13:03:51 -0400] "GET /wind-breaker-chapter-201/ HTTP/1.1" 200 12323 "-" "WP Rocket/Preload"
162.0.232.193 - - [08/Jun/2025:13:03:52 -0400] "GET /wind-breaker-chapter-201/ HTTP/1.1" 200 12331 "-" "WP Rocket/Preload Mozilla/5.0 (iPhone; CPU iPhone OS 9_1 like Mac OS X) AppleWebKit/601.1.46 (KHTML, like Gecko) Version/9.0 Mobile/13B143 Safari/601.1"
162.0.232.193 - - [08/Jun/2025:13:03:53 -0400] "GET /wind-breaker-chapter-163/ HTTP/1.1" 200 12202 "-" "WP Rocket/Preload"
162.0.232.193 - - [08/Jun/2025:13:03:54 -0400] "GET /wind-breaker-chapter-163/ HTTP/1.1" 200 11892 "-" "WP Rocket/Preload Mozilla/5.0 (iPhone; CPU iPhone OS 9_1 like Mac OS X) AppleWebKit/601.1.46 (KHTML, like Gecko) Version/9.0 Mobile/13B143 Safari/601.1"
162.0.232.193 - - [08/Jun/2025:13:03:56 -0400] "GET /wind-breaker-chapter-111/ HTTP/1.1" 200 12159 "-" "WP Rocket/Preload"
162.0.232.193 - - [08/Jun/2025:13:03:56 -0400] "GET /wind-breaker-chapter-111/ HTTP/1.1" 200 11851 "-" "WP Rocket/Preload Mozilla/5.0 (iPhone; CPU iPhone OS 9_1 like Mac OS X) AppleWebKit/601.1.46 (KHTML, like Gecko) Version/9.0 Mobile/13B143 Safari/601.1"
162.0.232.193 - - [08/Jun/2025:13:03:58 -0400] "GET /wind-breaker-chapter-105/ HTTP/1.1" 200 12165 "-" "WP Rocket/Preload"
162.0.232.193 - - [08/Jun/2025:13:03:59 -0400] "GET /wind-breaker-chapter-105/ HTTP/1.1" 200 11826 "-" "WP Rocket/Preload Mozilla/5.0 (iPhone; CPU iPhone OS 9_1 like Mac OS X) AppleWebKit/601.1.46 (KHTML, like Gecko) Version/9.0 Mobile/13B143 Safari/601.1"
162.0.232.193 - - [08/Jun/2025:13:04:00 -0400] "GET /wind-breaker-chapter-56/ HTTP/1.1" 200 12190 "-" "WP Rocket/Preload"
162.0.232.193 - - [08/Jun/2025:13:04:01 -0400] "GET /wind-breaker-chapter-56/ HTTP/1.1" 200 11893 "-" "WP Rocket/Preload Mozilla/5.0 (iPhone; CPU iPhone OS 9_1 like Mac OS X) AppleWebKit/601.1.46 (KHTML, like Gecko) Version/9.0 Mobile/13B143 Safari/601.1"
162.0.232.193 - - [08/Jun/2025:13:04:03 -0400] "GET /wind-breaker-chapter-539/ HTTP/1.1" 200 11587 "-" "WP Rocket/Preload"
162.0.232.193 - - [08/Jun/2025:13:04:04 -0400] "GET /wind-breaker-chapter-539/ HTTP/1.1" 200 11573 "-" "WP Rocket/Preload Mozilla/5.0 (iPhone; CPU iPhone OS 9_1 like Mac OS X) AppleWebKit/601.1.46 (KHTML, like Gecko) Version/9.0 Mobile/13B143 Safari/601.1"
192.184.75.253 - - [08/Jun/2025:13:04:05 -0400] "GET /ads.txt HTTP/1.1" 301 0 "-" "Quantcastbot/1.0 (+http://www.quantcast.com/bot)"
192.184.75.253 - - [08/Jun/2025:13:04:05 -0400] "GET / HTTP/1.1" 200 12564 "-" "Quantcastbot/1.0 (+http://www.quantcast.com/bot)"
162.0.232.193 - - [08/Jun/2025:13:04:05 -0400] "GET /wind-breaker-chapter-529/ HTTP/1.1" 200 11659 "-" "WP Rocket/Preload"
162.0.232.193 - - [08/Jun/2025:13:04:06 -0400] "GET /wind-breaker-chapter-529/ HTTP/1.1" 200 11658 "-" "WP Rocket/Preload Mozilla/5.0 (iPhone; CPU iPhone OS 9_1 like Mac OS X) AppleWebKit/601.1.46 (KHTML, like Gecko) Version/9.0 Mobile/13B143 Safari/601.1"
162.0.232.193 - - [08/Jun/2025:13:04:08 -0400] "GET /wind-breaker-chapter-528/ HTTP/1.1" 200 11687 "-" "WP Rocket/Preload"
162.0.232.193 - - [08/Jun/2025:13:04:09 -0400] "GET /wind-breaker-chapter-528/ HTTP/1.1" 200 0 "-" "WP Rocket/Preload Mozilla/5.0 (iPhone; CPU iPhone OS 9_1 like Mac OS X) AppleWebKit/601.1.46 (KHTML, like Gecko) Version/9.0 Mobile/13B143 Safari/601.1"
159.89.207.154 - - [08/Jun/2025:13:03:46 -0400] "POST //xmlrpc.php HTTP/1.1" 200 205 "-" "Mozilla/5.0 (Windows NT 10.0; Win64; x64) AppleWebKit/537.36 (KHTML, like Gecko) Chrome/78.0.3904.108 Safari/537.36"
47.82.61.84 - - [08/Jun/2025:13:04:21 -0400] "GET /wind-breaker-chapter-13/ HTTP/1.1" 200 12121 "https://read11.windbreakermanga.com/wind-breaker-chapter-13/" "Mozilla/5.0 (Windows NT 10.0; Win64; x64) AppleWebKit/537.36 (KHTML, like Gecko) Chrome/114.0.0.0 Safari/537.36 Edg/114.0.1823.43"
2a03:2880:f800:b:: - - [08/Jun/2025:13:04:33 -0400] "GET /wind-breaker-chapter-330/ HTTP/1.1" 200 12693 "-" "meta-externalagent/1.1 (+https://developers.facebook.com/docs/sharing/webmasters/crawler)"
162.0.232.193 - - [08/Jun/2025:13:04:46 -0400] "POST /wp-cron.php?doing_wp_cron=1749402286.1280729770660400390625 HTTP/1.1" 200 0 "-" "WordPress/6.8.1; https://read11.windbreakermanga.com"
159.89.207.154 - - [08/Jun/2025:13:04:17 -0400] "POST //xmlrpc.php HTTP/1.1" 200 205 "-" "Mozilla/5.0 (Windows NT 10.0; Win64; x64) AppleWebKit/537.36 (KHTML, like Gecko) Chrome/78.0.3904.108 Safari/537.36"
162.0.232.193 - - [08/Jun/2025:13:04:46 -0400] "GET /wind-breaker-chapter-475/ HTTP/1.1" 200 11955 "-" "WP Rocket/Preload"
162.0.232.193 - - [08/Jun/2025:13:04:47 -0400] "GET /wind-breaker-chapter-475/ HTTP/1.1" 200 11960 "-" "WP Rocket/Preload Mozilla/5.0 (iPhone; CPU iPhone OS 9_1 like Mac OS X) AppleWebKit/601.1.46 (KHTML, like Gecko) Version/9.0 Mobile/13B143 Safari/601.1"
162.0.232.193 - - [08/Jun/2025:13:04:48 -0400] "GET /wind-breaker-chapter-456/ HTTP/1.1" 200 11581 "-" "WP Rocket/Preload"
162.0.232.193 - - [08/Jun/2025:13:04:49 -0400] "GET /wind-breaker-chapter-456/ HTTP/1.1" 200 11615 "-" "WP Rocket/Preload Mozilla/5.0 (iPhone; CPU iPhone OS 9_1 like Mac OS X) AppleWebKit/601.1.46 (KHTML, like Gecko) Version/9.0 Mobile/13B143 Safari/601.1"
162.0.232.193 - - [08/Jun/2025:13:04:50 -0400] "GET /wind-breaker-chapter-459/ HTTP/1.1" 200 11813 "-" "WP Rocket/Preload"
162.0.232.193 - - [08/Jun/2025:13:04:51 -0400] "GET /wind-breaker-chapter-459/ HTTP/1.1" 200 11522 "-" "WP Rocket/Preload Mozilla/5.0 (iPhone; CPU iPhone OS 9_1 like Mac OS X) AppleWebKit/601.1.46 (KHTML, like Gecko) Version/9.0 Mobile/13B143 Safari/601.1"
43.130.102.223 - - [08/Jun/2025:13:04:52 -0400] "GET /wind-breaker-chapter-97/ HTTP/1.1" 200 11827 "-" "Mozilla/5.0 (iPhone; CPU iPhone OS 13_2_3 like Mac OS X) AppleWebKit/605.1.15 (KHTML, like Gecko) Version/13.0.3 Mobile/15E148 Safari/604.1"
162.0.232.193 - - [08/Jun/2025:13:04:52 -0400] "GET /chapter-428/ HTTP/1.1" 200 11081 "-" "WP Rocket/Preload"
162.0.232.193 - - [08/Jun/2025:13:04:54 -0400] "GET /chapter-428/ HTTP/1.1" 200 0 "-" "WP Rocket/Preload Mozilla/5.0 (iPhone; CPU iPhone OS 9_1 like Mac OS X) AppleWebKit/601.1.46 (KHTML, like Gecko) Version/9.0 Mobile/13B143 Safari/601.1"
162.0.232.193 - - [08/Jun/2025:13:04:55 -0400] "GET /chapter-422/ HTTP/1.1" 200 11081 "-" "WP Rocket/Preload"
162.0.232.193 - - [08/Jun/2025:13:04:56 -0400] "GET /chapter-422/ HTTP/1.1" 200 10740 "-" "WP Rocket/Preload Mozilla/5.0 (iPhone; CPU iPhone OS 9_1 like Mac OS X) AppleWebKit/601.1.46 (KHTML, like Gecko) Version/9.0 Mobile/13B143 Safari/601.1"
162.0.232.193 - - [08/Jun/2025:13:04:57 -0400] "GET /chapter-420/ HTTP/1.1" 200 11082 "-" "WP Rocket/Preload"
162.0.232.193 - - [08/Jun/2025:13:04:59 -0400] "GET /chapter-420/ HTTP/1.1" 200 10743 "-" "WP Rocket/Preload Mozilla/5.0 (iPhone; CPU iPhone OS 9_1 like Mac OS X) AppleWebKit/601.1.46 (KHTML, like Gecko) Version/9.0 Mobile/13B143 Safari/601.1"
162.0.232.193 - - [08/Jun/2025:13:05:00 -0400] "GET /wind-breaker-chapter-377/ HTTP/1.1" 200 11962 "-" "WP Rocket/Preload"
162.0.232.193 - - [08/Jun/2025:13:05:01 -0400] "GET /wind-breaker-chapter-377/ HTTP/1.1" 200 11626 "-" "WP Rocket/Preload Mozilla/5.0 (iPhone; CPU iPhone OS 9_1 like Mac OS X) AppleWebKit/601.1.46 (KHTML, like Gecko) Version/9.0 Mobile/13B143 Safari/601.1"
162.0.232.193 - - [08/Jun/2025:13:05:02 -0400] "GET /wind-breaker-chapter-345/ HTTP/1.1" 200 11828 "-" "WP Rocket/Preload"
162.0.232.193 - - [08/Jun/2025:13:05:03 -0400] "GET /wind-breaker-chapter-345/ HTTP/1.1" 200 11530 "-" "WP Rocket/Preload Mozilla/5.0 (iPhone; CPU iPhone OS 9_1 like Mac OS X) AppleWebKit/601.1.46 (KHTML, like Gecko) Version/9.0 Mobile/13B143 Safari/601.1"
162.0.232.193 - - [08/Jun/2025:13:05:04 -0400] "GET /wind-breaker-chapter-336/ HTTP/1.1" 200 0 "-" "WP Rocket/Preload"
162.0.232.193 - - [08/Jun/2025:13:05:06 -0400] "GET /wind-breaker-chapter-336/ HTTP/1.1" 200 0 "-" "WP Rocket/Preload Mozilla/5.0 (iPhone; CPU iPhone OS 9_1 like Mac OS X) AppleWebKit/601.1.46 (KHTML, like Gecko) Version/9.0 Mobile/13B143 Safari/601.1"
162.0.232.193 - - [08/Jun/2025:13:05:08 -0400] "GET /chapter-241/ HTTP/1.1" 200 11080 "-" "WP Rocket/Preload"
162.0.232.193 - - [08/Jun/2025:13:05:09 -0400] "GET /chapter-241/ HTTP/1.1" 200 0 "-" "WP Rocket/Preload Mozilla/5.0 (iPhone; CPU iPhone OS 9_1 like Mac OS X) AppleWebKit/601.1.46 (KHTML, like Gecko) Version/9.0 Mobile/13B143 Safari/601.1"
162.0.232.193 - - [08/Jun/2025:13:05:16 -0400] "POST /wp-cron.php?doing_wp_cron=1749402316.0884599685668945312500 HTTP/1.1" 200 0 "-" "WordPress/6.8.1; https://read11.windbreakermanga.com"
159.89.207.154 - - [08/Jun/2025:13:04:46 -0400] "POST //xmlrpc.php HTTP/1.1" 200 205 "-" "Mozilla/5.0 (Windows NT 10.0; Win64; x64) AppleWebKit/537.36 (KHTML, like Gecko) Chrome/78.0.3904.108 Safari/537.36"
162.0.232.193 - - [08/Jun/2025:13:05:46 -0400] "POST /wp-cron.php?doing_wp_cron=1749402346.3105340003967285156250 HTTP/1.1" 200 0 "-" "WordPress/6.8.1; https://read11.windbreakermanga.com"
159.89.207.154 - - [08/Jun/2025:13:05:17 -0400] "POST //xmlrpc.php HTTP/1.1" 200 205 "-" "Mozilla/5.0 (Windows NT 10.0; Win64; x64) AppleWebKit/537.36 (KHTML, like Gecko) Chrome/78.0.3904.108 Safari/537.36"
162.0.232.193 - - [08/Jun/2025:13:05:46 -0400] "GET /wind-breaker-chapter-225/ HTTP/1.1" 200 12273 "-" "WP Rocket/Preload"
162.0.232.193 - - [08/Jun/2025:13:05:47 -0400] "GET /wind-breaker-chapter-225/ HTTP/1.1" 200 11968 "-" "WP Rocket/Preload Mozilla/5.0 (iPhone; CPU iPhone OS 9_1 like Mac OS X) AppleWebKit/601.1.46 (KHTML, like Gecko) Version/9.0 Mobile/13B143 Safari/601.1"
162.0.232.193 - - [08/Jun/2025:13:05:48 -0400] "GET /wind-breaker-chapter-222/ HTTP/1.1" 200 12388 "-" "WP Rocket/Preload"
189.68.18.122 - - [08/Jun/2025:13:05:50 -0400] "GET / HTTP/1.1" 200 12564 "-" "Mozilla/5.0 (Windows NT 10.0; Win64; x64) AppleWebKit/537.36 (KHTML, like Gecko) Chrome/122.0.0.0 Safari/537.36"
162.0.232.193 - - [08/Jun/2025:13:05:49 -0400] "GET /wind-breaker-chapter-222/ HTTP/1.1" 200 12094 "-" "WP Rocket/Preload Mozilla/5.0 (iPhone; CPU iPhone OS 9_1 like Mac OS X) AppleWebKit/601.1.46 (KHTML, like Gecko) Version/9.0 Mobile/13B143 Safari/601.1"
162.0.232.193 - - [08/Jun/2025:13:05:50 -0400] "GET /wind-breaker-chapter-212/ HTTP/1.1" 200 12430 "-" "WP Rocket/Preload"
162.0.232.193 - - [08/Jun/2025:13:05:51 -0400] "GET /wind-breaker-chapter-212/ HTTP/1.1" 200 12144 "-" "WP Rocket/Preload Mozilla/5.0 (iPhone; CPU iPhone OS 9_1 like Mac OS X) AppleWebKit/601.1.46 (KHTML, like Gecko) Version/9.0 Mobile/13B143 Safari/601.1"
162.0.232.193 - - [08/Jun/2025:13:05:52 -0400] "GET /wind-breaker-chapter-86/ HTTP/1.1" 200 12209 "-" "WP Rocket/Preload"
162.0.232.193 - - [08/Jun/2025:13:05:53 -0400] "GET /wind-breaker-chapter-86/ HTTP/1.1" 200 11893 "-" "WP Rocket/Preload Mozilla/5.0 (iPhone; CPU iPhone OS 9_1 like Mac OS X) AppleWebKit/601.1.46 (KHTML, like Gecko) Version/9.0 Mobile/13B143 Safari/601.1"
162.0.232.193 - - [08/Jun/2025:13:05:54 -0400] "GET /wind-breaker-chapter-197/ HTTP/1.1" 200 12376 "-" "WP Rocket/Preload"
162.0.232.193 - - [08/Jun/2025:13:05:55 -0400] "GET /wind-breaker-chapter-197/ HTTP/1.1" 200 12048 "-" "WP Rocket/Preload Mozilla/5.0 (iPhone; CPU iPhone OS 9_1 like Mac OS X) AppleWebKit/601.1.46 (KHTML, like Gecko) Version/9.0 Mobile/13B143 Safari/601.1"
162.0.232.193 - - [08/Jun/2025:13:05:57 -0400] "GET /wind-breaker-chapter-189/ HTTP/1.1" 200 12381 "-" "WP Rocket/Preload"
162.0.232.193 - - [08/Jun/2025:13:05:58 -0400] "GET /wind-breaker-chapter-189/ HTTP/1.1" 200 12056 "-" "WP Rocket/Preload Mozilla/5.0 (iPhone; CPU iPhone OS 9_1 like Mac OS X) AppleWebKit/601.1.46 (KHTML, like Gecko) Version/9.0 Mobile/13B143 Safari/601.1"
162.0.232.193 - - [08/Jun/2025:13:05:59 -0400] "GET /wind-breaker-chapter-185/ HTTP/1.1" 200 12275 "-" "WP Rocket/Preload"
162.0.232.193 - - [08/Jun/2025:13:06:00 -0400] "GET /wind-breaker-chapter-185/ HTTP/1.1" 200 11972 "-" "WP Rocket/Preload Mozilla/5.0 (iPhone; CPU iPhone OS 9_1 like Mac OS X) AppleWebKit/601.1.46 (KHTML, like Gecko) Version/9.0 Mobile/13B143 Safari/601.1"
162.0.232.193 - - [08/Jun/2025:13:06:02 -0400] "GET /wind-breaker-chapter-181/ HTTP/1.1" 200 12307 "-" "WP Rocket/Preload"
162.0.232.193 - - [08/Jun/2025:13:06:03 -0400] "GET /wind-breaker-chapter-181/ HTTP/1.1" 200 12017 "-" "WP Rocket/Preload Mozilla/5.0 (iPhone; CPU iPhone OS 9_1 like Mac OS X) AppleWebKit/601.1.46 (KHTML, like Gecko) Version/9.0 Mobile/13B143 Safari/601.1"
162.0.232.193 - - [08/Jun/2025:13:06:04 -0400] "GET /wind-breaker-chapter-157/ HTTP/1.1" 200 12257 "-" "WP Rocket/Preload"
162.0.232.193 - - [08/Jun/2025:13:06:06 -0400] "GET /wind-breaker-chapter-157/ HTTP/1.1" 200 11885 "-" "WP Rocket/Preload Mozilla/5.0 (iPhone; CPU iPhone OS 9_1 like Mac OS X) AppleWebKit/601.1.46 (KHTML, like Gecko) Version/9.0 Mobile/13B143 Safari/601.1"
162.0.232.193 - - [08/Jun/2025:13:06:07 -0400] "GET /wind-breaker-chapter-146/ HTTP/1.1" 200 11904 "-" "WP Rocket/Preload"
162.0.232.193 - - [08/Jun/2025:13:06:08 -0400] "GET /wind-breaker-chapter-146/ HTTP/1.1" 200 11971 "-" "WP Rocket/Preload Mozilla/5.0 (iPhone; CPU iPhone OS 9_1 like Mac OS X) AppleWebKit/601.1.46 (KHTML, like Gecko) Version/9.0 Mobile/13B143 Safari/601.1"
162.0.232.193 - - [08/Jun/2025:13:06:09 -0400] "GET /wind-breaker-chapter-144/ HTTP/1.1" 200 12357 "-" "WP Rocket/Preload"
162.0.232.193 - - [08/Jun/2025:13:06:10 -0400] "GET /wind-breaker-chapter-144/ HTTP/1.1" 200 12037 "-" "WP Rocket/Preload Mozilla/5.0 (iPhone; CPU iPhone OS 9_1 like Mac OS X) AppleWebKit/601.1.46 (KHTML, like Gecko) Version/9.0 Mobile/13B143 Safari/601.1"
162.0.232.193 - - [08/Jun/2025:13:06:31 -0400] "POST /wp-cron.php?doing_wp_cron=1749402391.1119110584259033203125 HTTP/1.1" 200 0 "-" "WordPress/6.8.1; https://read11.windbreakermanga.com"
159.89.207.154 - - [08/Jun/2025:13:05:46 -0400] "POST //xmlrpc.php HTTP/1.1" 200 205 "-" "Mozilla/5.0 (Windows NT 10.0; Win64; x64) AppleWebKit/537.36 (KHTML, like Gecko) Chrome/78.0.3904.108 Safari/537.36"
162.0.232.193 - - [08/Jun/2025:13:06:33 -0400] "GET /wp-content/uploads/f979bbbcbe9df560cb74049269d2541e_4104.xml HTTP/1.1" 200 2572 "-" "Mozilla/5.0 (X11; Linux x86_64) AppleWebKit/537.36 (KHTML, like Gecko) Ubuntu Chromium/41.0.2272.76"
159.89.207.154 - - [08/Jun/2025:13:06:31 -0400] "POST //xmlrpc.php HTTP/1.1" 200 205 "-" "Mozilla/5.0 (Windows NT 10.0; Win64; x64) AppleWebKit/537.36 (KHTML, like Gecko) Chrome/78.0.3904.108 Safari/537.36"
159.89.207.154 - - [08/Jun/2025:13:07:01 -0400] "POST //xmlrpc.php HTTP/1.1" 200 205 "-" "Mozilla/5.0 (Windows NT 10.0; Win64; x64) AppleWebKit/537.36 (KHTML, like Gecko) Chrome/78.0.3904.108 Safari/537.36"
162.0.232.193 - - [08/Jun/2025:13:07:43 -0400] "POST /wp-cron.php?doing_wp_cron=1749402463.5615708827972412109375 HTTP/1.1" 200 0 "-" "WordPress/6.8.1; https://read11.windbreakermanga.com"
3.94.199.128 - - [08/Jun/2025:13:07:43 -0400] "GET /wind-breaker-chapter-395/ HTTP/1.1" 301 0 "-" "Mozilla/5.0 AppleWebKit/537.36 (KHTML, like Gecko; compatible; Amazonbot/0.1; +https://developer.amazon.com/support/amazonbot) Chrome/119.0.6045.214 Safari/537.36"
162.0.232.193 - - [08/Jun/2025:13:07:44 -0400] "GET /wind-breaker-chapter-143/ HTTP/1.1" 200 12246 "-" "WP Rocket/Preload"
162.0.232.193 - - [08/Jun/2025:13:07:45 -0400] "GET /wind-breaker-chapter-143/ HTTP/1.1" 200 11976 "-" "WP Rocket/Preload Mozilla/5.0 (iPhone; CPU iPhone OS 9_1 like Mac OS X) AppleWebKit/601.1.46 (KHTML, like Gecko) Version/9.0 Mobile/13B143 Safari/601.1"
162.0.232.193 - - [08/Jun/2025:13:07:45 -0400] "GET /wind-breaker-chapter-136/ HTTP/1.1" 200 12259 "-" "WP Rocket/Preload"
2409:40c4:302d:227:8000:: - - [08/Jun/2025:13:07:45 -0400] "POST /wp-admin/admin-ajax.php HTTP/1.1" 200 61 "https://read11.windbreakermanga.com/wind-breaker-chapter-33/" "Mozilla/5.0 (Linux; Android 10; K) AppleWebKit/537.36 (KHTML, like Gecko) Chrome/136.0.0.0 Mobile Safari/537.36"
162.0.232.193 - - [08/Jun/2025:13:07:47 -0400] "GET /wind-breaker-chapter-136/ HTTP/1.1" 200 11884 "-" "WP Rocket/Preload Mozilla/5.0 (iPhone; CPU iPhone OS 9_1 like Mac OS X) AppleWebKit/601.1.46 (KHTML, like Gecko) Version/9.0 Mobile/13B143 Safari/601.1"
162.0.232.193 - - [08/Jun/2025:13:07:48 -0400] "GET /wind-breaker-chapter-134/ HTTP/1.1" 200 12280 "-" "WP Rocket/Preload"
100.28.118.16 - - [08/Jun/2025:13:07:48 -0400] "GET /wind-breaker-chapter-311-part-3-ep-61/ HTTP/1.1" 301 0 "-" "Mozilla/5.0 AppleWebKit/537.36 (KHTML, like Gecko; compatible; Amazonbot/0.1; +https://developer.amazon.com/support/amazonbot) Chrome/119.0.6045.214 Safari/537.36"
162.0.232.193 - - [08/Jun/2025:13:07:49 -0400] "GET /wind-breaker-chapter-134/ HTTP/1.1" 200 11973 "-" "WP Rocket/Preload Mozilla/5.0 (iPhone; CPU iPhone OS 9_1 like Mac OS X) AppleWebKit/601.1.46 (KHTML, like Gecko) Version/9.0 Mobile/13B143 Safari/601.1"
162.0.232.193 - - [08/Jun/2025:13:07:50 -0400] "GET /wind-breaker-chapter-117/ HTTP/1.1" 200 12253 "-" "WP Rocket/Preload"
35.174.253.85 - - [08/Jun/2025:13:07:51 -0400] "GET /wind-breaker-chapter-335-part-3-ep-85/ HTTP/1.1" 301 0 "-" "Mozilla/5.0 AppleWebKit/537.36 (KHTML, like Gecko; compatible; Amazonbot/0.1; +https://developer.amazon.com/support/amazonbot) Chrome/119.0.6045.214 Safari/537.36"
162.0.232.193 - - [08/Jun/2025:13:07:51 -0400] "GET /wind-breaker-chapter-117/ HTTP/1.1" 200 11893 "-" "WP Rocket/Preload Mozilla/5.0 (iPhone; CPU iPhone OS 9_1 like Mac OS X) AppleWebKit/601.1.46 (KHTML, like Gecko) Version/9.0 Mobile/13B143 Safari/601.1"
162.0.232.193 - - [08/Jun/2025:13:07:52 -0400] "GET /wind-breaker-chapter-96/ HTTP/1.1" 200 12164 "-" "WP Rocket/Preload"
162.0.232.193 - - [08/Jun/2025:13:07:53 -0400] "GET /wind-breaker-chapter-96/ HTTP/1.1" 200 11833 "-" "WP Rocket/Preload Mozilla/5.0 (iPhone; CPU iPhone OS 9_1 like Mac OS X) AppleWebKit/601.1.46 (KHTML, like Gecko) Version/9.0 Mobile/13B143 Safari/601.1"
162.0.232.193 - - [08/Jun/2025:13:07:54 -0400] "GET /wind-breaker-chapter-80/ HTTP/1.1" 200 12183 "-" "WP Rocket/Preload"
162.0.232.193 - - [08/Jun/2025:13:07:55 -0400] "GET /wind-breaker-chapter-80/ HTTP/1.1" 200 11848 "-" "WP Rocket/Preload Mozilla/5.0 (iPhone; CPU iPhone OS 9_1 like Mac OS X) AppleWebKit/601.1.46 (KHTML, like Gecko) Version/9.0 Mobile/13B143 Safari/601.1"
52.71.218.25 - - [08/Jun/2025:13:07:56 -0400] "GET /wind-breaker-chapter-245-part-2-ep-177/ HTTP/1.1" 301 0 "-" "Mozilla/5.0 AppleWebKit/537.36 (KHTML, like Gecko; compatible; Amazonbot/0.1; +https://developer.amazon.com/support/amazonbot) Chrome/119.0.6045.214 Safari/537.36"
162.0.232.193 - - [08/Jun/2025:13:07:56 -0400] "GET /wind-breaker-chapter-68/ HTTP/1.1" 200 12260 "-" "WP Rocket/Preload"
162.0.232.193 - - [08/Jun/2025:13:07:57 -0400] "GET /wind-breaker-chapter-68/ HTTP/1.1" 200 11919 "-" "WP Rocket/Preload Mozilla/5.0 (iPhone; CPU iPhone OS 9_1 like Mac OS X) AppleWebKit/601.1.46 (KHTML, like Gecko) Version/9.0 Mobile/13B143 Safari/601.1"
2a03:2880:f800:15:: - - [08/Jun/2025:13:07:59 -0400] "GET /wind-breaker-chapter-67/ HTTP/1.1" 200 12403 "-" "meta-externalagent/1.1 (+https://developers.facebook.com/docs/sharing/webmasters/crawler)"
162.0.232.193 - - [08/Jun/2025:13:07:58 -0400] "GET /wind-breaker-chapter-55/ HTTP/1.1" 200 11776 "-" "WP Rocket/Preload"
162.0.232.193 - - [08/Jun/2025:13:08:00 -0400] "GET /wind-breaker-chapter-55/ HTTP/1.1" 200 11775 "-" "WP Rocket/Preload Mozilla/5.0 (iPhone; CPU iPhone OS 9_1 like Mac OS X) AppleWebKit/601.1.46 (KHTML, like Gecko) Version/9.0 Mobile/13B143 Safari/601.1"
159.89.207.154 - - [08/Jun/2025:13:07:31 -0400] "POST //xmlrpc.php HTTP/1.1" 200 205 "-" "Mozilla/5.0 (Windows NT 10.0; Win64; x64) AppleWebKit/537.36 (KHTML, like Gecko) Chrome/78.0.3904.108 Safari/537.36"
162.0.232.193 - - [08/Jun/2025:13:08:01 -0400] "GET /wind-breaker-chapter-27/ HTTP/1.1" 200 11804 "-" "WP Rocket/Preload"
162.0.232.193 - - [08/Jun/2025:13:08:02 -0400] "GET /wind-breaker-chapter-27/ HTTP/1.1" 200 11492 "-" "WP Rocket/Preload Mozilla/5.0 (iPhone; CPU iPhone OS 9_1 like Mac OS X) AppleWebKit/601.1.46 (KHTML, like Gecko) Version/9.0 Mobile/13B143 Safari/601.1"
162.0.232.193 - - [08/Jun/2025:13:08:03 -0400] "GET /wind-breaker-chapter-455/ HTTP/1.1" 200 12155 "-" "WP Rocket/Preload"
162.0.232.193 - - [08/Jun/2025:13:08:04 -0400] "GET /wind-breaker-chapter-455/ HTTP/1.1" 200 11850 "-" "WP Rocket/Preload Mozilla/5.0 (iPhone; CPU iPhone OS 9_1 like Mac OS X) AppleWebKit/601.1.46 (KHTML, like Gecko) Version/9.0 Mobile/13B143 Safari/601.1"
162.0.232.193 - - [08/Jun/2025:13:08:06 -0400] "GET /wind-breaker-chapter-521/ HTTP/1.1" 200 11556 "-" "WP Rocket/Preload"
162.0.232.193 - - [08/Jun/2025:13:08:07 -0400] "GET /wind-breaker-chapter-521/ HTTP/1.1" 200 11571 "-" "WP Rocket/Preload Mozilla/5.0 (iPhone; CPU iPhone OS 9_1 like Mac OS X) AppleWebKit/601.1.46 (KHTML, like Gecko) Version/9.0 Mobile/13B143 Safari/601.1"
162.0.232.193 - - [08/Jun/2025:13:08:30 -0400] "POST /wp-cron.php?doing_wp_cron=1749402510.3176460266113281250000 HTTP/1.1" 200 0 "-" "WordPress/6.8.1; https://read11.windbreakermanga.com"
159.89.207.154 - - [08/Jun/2025:13:08:01 -0400] "POST //xmlrpc.php HTTP/1.1" 200 205 "-" "Mozilla/5.0 (Windows NT 10.0; Win64; x64) AppleWebKit/537.36 (KHTML, like Gecko) Chrome/78.0.3904.108 Safari/537.36"
162.0.232.193 - - [08/Jun/2025:13:08:44 -0400] "POST /wp-cron.php?doing_wp_cron=1749402524.5257880687713623046875 HTTP/1.1" 200 0 "-" "WordPress/6.8.1; https://read11.windbreakermanga.com"
162.0.232.193 - - [08/Jun/2025:13:08:44 -0400] "GET /wind-breaker-chapter-517/ HTTP/1.1" 200 11716 "-" "WP Rocket/Preload"
114.119.135.251 - - [08/Jun/2025:13:08:45 -0400] "GET / HTTP/1.1" 200 12552 "https://read8.windbreakermanga.com/wind-breaker/wind-breaker-chapter-368/" "Mozilla/5.0 (Linux; Android 7.0;) AppleWebKit/537.36 (KHTML, like Gecko) Mobile Safari/537.36 (compatible; PetalBot;+https://webmaster.petalsearch.com/site/petalbot)"
162.0.232.193 - - [08/Jun/2025:13:08:46 -0400] "GET /wind-breaker-chapter-517/ HTTP/1.1" 200 11724 "-" "WP Rocket/Preload Mozilla/5.0 (iPhone; CPU iPhone OS 9_1 like Mac OS X) AppleWebKit/601.1.46 (KHTML, like Gecko) Version/9.0 Mobile/13B143 Safari/601.1"
162.0.232.193 - - [08/Jun/2025:13:08:47 -0400] "GET /wind-breaker-chapter-510/ HTTP/1.1" 200 11564 "-" "WP Rocket/Preload"
162.0.232.193 - - [08/Jun/2025:13:08:48 -0400] "GET /wind-breaker-chapter-510/ HTTP/1.1" 200 11556 "-" "WP Rocket/Preload Mozilla/5.0 (iPhone; CPU iPhone OS 9_1 like Mac OS X) AppleWebKit/601.1.46 (KHTML, like Gecko) Version/9.0 Mobile/13B143 Safari/601.1"
162.0.232.193 - - [08/Jun/2025:13:08:49 -0400] "GET /wind-breaker-chapter-479/ HTTP/1.1" 200 11863 "-" "WP Rocket/Preload"
162.0.232.193 - - [08/Jun/2025:13:08:50 -0400] "GET /wind-breaker-chapter-479/ HTTP/1.1" 200 11883 "-" "WP Rocket/Preload Mozilla/5.0 (iPhone; CPU iPhone OS 9_1 like Mac OS X) AppleWebKit/601.1.46 (KHTML, like Gecko) Version/9.0 Mobile/13B143 Safari/601.1"
162.0.232.193 - - [08/Jun/2025:13:08:51 -0400] "GET /wind-breaker-chapter-471/ HTTP/1.1" 200 11933 "-" "WP Rocket/Preload"
162.0.232.193 - - [08/Jun/2025:13:08:52 -0400] "GET /wind-breaker-chapter-471/ HTTP/1.1" 200 11635 "-" "WP Rocket/Preload Mozilla/5.0 (iPhone; CPU iPhone OS 9_1 like Mac OS X) AppleWebKit/601.1.46 (KHTML, like Gecko) Version/9.0 Mobile/13B143 Safari/601.1"
162.0.232.193 - - [08/Jun/2025:13:08:53 -0400] "GET /wind-breaker-chapter-436/ HTTP/1.1" 200 11777 "-" "WP Rocket/Preload"
162.0.232.193 - - [08/Jun/2025:13:08:54 -0400] "GET /wind-breaker-chapter-436/ HTTP/1.1" 200 12103 "-" "WP Rocket/Preload Mozilla/5.0 (iPhone; CPU iPhone OS 9_1 like Mac OS X) AppleWebKit/601.1.46 (KHTML, like Gecko) Version/9.0 Mobile/13B143 Safari/601.1"
162.0.232.193 - - [08/Jun/2025:13:08:55 -0400] "GET /wind-breaker-chapter-434/ HTTP/1.1" 200 12104 "-" "WP Rocket/Preload"
162.0.232.193 - - [08/Jun/2025:13:08:56 -0400] "GET /wind-breaker-chapter-434/ HTTP/1.1" 200 12092 "-" "WP Rocket/Preload Mozilla/5.0 (iPhone; CPU iPhone OS 9_1 like Mac OS X) AppleWebKit/601.1.46 (KHTML, like Gecko) Version/9.0 Mobile/13B143 Safari/601.1"
162.0.232.193 - - [08/Jun/2025:13:08:57 -0400] "GET /chapter-417/ HTTP/1.1" 200 10784 "-" "WP Rocket/Preload"
162.0.232.193 - - [08/Jun/2025:13:08:58 -0400] "GET /chapter-417/ HTTP/1.1" 200 10738 "-" "WP Rocket/Preload Mozilla/5.0 (iPhone; CPU iPhone OS 9_1 like Mac OS X) AppleWebKit/601.1.46 (KHTML, like Gecko) Version/9.0 Mobile/13B143 Safari/601.1"
162.0.232.193 - - [08/Jun/2025:13:08:59 -0400] "GET /chapter-393/ HTTP/1.1" 200 11080 "-" "WP Rocket/Preload"
159.89.207.154 - - [08/Jun/2025:13:08:31 -0400] "POST //xmlrpc.php HTTP/1.1" 200 205 "-" "Mozilla/5.0 (Windows NT 10.0; Win64; x64) AppleWebKit/537.36 (KHTML, like Gecko) Chrome/78.0.3904.108 Safari/537.36"
162.0.232.193 - - [08/Jun/2025:13:09:00 -0400] "GET /chapter-393/ HTTP/1.1" 200 11067 "-" "WP Rocket/Preload Mozilla/5.0 (iPhone; CPU iPhone OS 9_1 like Mac OS X) AppleWebKit/601.1.46 (KHTML, like Gecko) Version/9.0 Mobile/13B143 Safari/601.1"
162.0.232.193 - - [08/Jun/2025:13:09:02 -0400] "GET /wind-breaker-chapter-385/ HTTP/1.1" 200 11772 "-" "WP Rocket/Preload"
162.0.232.193 - - [08/Jun/2025:13:09:03 -0400] "GET /wind-breaker-chapter-385/ HTTP/1.1" 200 11803 "-" "WP Rocket/Preload Mozilla/5.0 (iPhone; CPU iPhone OS 9_1 like Mac OS X) AppleWebKit/601.1.46 (KHTML, like Gecko) Version/9.0 Mobile/13B143 Safari/601.1"
162.0.232.193 - - [08/Jun/2025:13:09:04 -0400] "GET /wind-breaker-chapter-371/ HTTP/1.1" 200 11852 "-" "WP Rocket/Preload"
66.249.77.198 - - [08/Jun/2025:13:09:05 -0400] "GET /wind-breaker-chapter-357/ HTTP/1.1" 200 11617 "-" "Mozilla/5.0 (Linux; Android 6.0.1; Nexus 5X Build/MMB29P) AppleWebKit/537.36 (KHTML, like Gecko) Chrome/136.0.7103.113 Mobile Safari/537.36 (compatible; Googlebot/2.1; +http://www.google.com/bot.html)"
162.0.232.193 - - [08/Jun/2025:13:09:05 -0400] "GET /wind-breaker-chapter-371/ HTTP/1.1" 200 11591 "-" "WP Rocket/Preload Mozilla/5.0 (iPhone; CPU iPhone OS 9_1 like Mac OS X) AppleWebKit/601.1.46 (KHTML, like Gecko) Version/9.0 Mobile/13B143 Safari/601.1"
162.0.232.193 - - [08/Jun/2025:13:09:06 -0400] "GET /wind-breaker-chapter-338/ HTTP/1.1" 200 11974 "-" "WP Rocket/Preload"
162.0.232.193 - - [08/Jun/2025:13:09:07 -0400] "GET /wind-breaker-chapter-338/ HTTP/1.1" 200 11693 "-" "WP Rocket/Preload Mozilla/5.0 (iPhone; CPU iPhone OS 9_1 like Mac OS X) AppleWebKit/601.1.46 (KHTML, like Gecko) Version/9.0 Mobile/13B143 Safari/601.1"
66.249.77.197 - - [08/Jun/2025:13:09:07 -0400] "POST /wp-admin/admin-ajax.php HTTP/1.1" 200 61 "https://read11.windbreakermanga.com/wind-breaker-chapter-357/" "Mozilla/5.0 (Linux; Android 6.0.1; Nexus 5X Build/MMB29P) AppleWebKit/537.36 (KHTML, like Gecko) Chrome/136.0.7103.92 Mobile Safari/537.36 (compatible; Googlebot/2.1; +http://www.google.com/bot.html)"
162.0.232.193 - - [08/Jun/2025:13:09:28 -0400] "POST /wp-cron.php?doing_wp_cron=1749402568.0280220508575439453125 HTTP/1.1" 200 0 "-" "WordPress/6.8.1; https://read11.windbreakermanga.com"
2409:40c4:302d:227:8000:: - - [08/Jun/2025:13:09:27 -0400] "GET /wind-breaker-chapter-33/ HTTP/1.1" 200 11492 "https://read11.windbreakermanga.com/wind-breaker-chapter-32/" "Mozilla/5.0 (Linux; Android 10; K) AppleWebKit/537.36 (KHTML, like Gecko) Chrome/136.0.0.0 Mobile Safari/537.36"
159.89.207.154 - - [08/Jun/2025:13:09:01 -0400] "POST //xmlrpc.php HTTP/1.1" 200 205 "-" "Mozilla/5.0 (Windows NT 10.0; Win64; x64) AppleWebKit/537.36 (KHTML, like Gecko) Chrome/78.0.3904.108 Safari/537.36"
2409:40c4:302d:227:8000:: - - [08/Jun/2025:13:09:38 -0400] "GET /wind-breaker-chapter-33/ HTTP/1.1" 200 11563 "https://read11.windbreakermanga.com/wind-breaker-chapter-32/" "Mozilla/5.0 (Linux; Android 10; K) AppleWebKit/537.36 (KHTML, like Gecko) Chrome/136.0.0.0 Mobile Safari/537.36"
162.0.232.193 - - [08/Jun/2025:13:09:45 -0400] "POST /wp-cron.php?doing_wp_cron=1749402585.4744520187377929687500 HTTP/1.1" 200 0 "-" "WordPress/6.8.1; https://read11.windbreakermanga.com"
2409:40c4:302d:227:8000:: - - [08/Jun/2025:13:09:45 -0400] "POST /wp-admin/admin-ajax.php HTTP/1.1" 200 61 "https://read11.windbreakermanga.com/wind-breaker-chapter-32/" "Mozilla/5.0 (Linux; Android 10; K) AppleWebKit/537.36 (KHTML, like Gecko) Chrome/136.0.0.0 Mobile Safari/537.36"
162.0.232.193 - - [08/Jun/2025:13:09:46 -0400] "GET /wind-breaker-chapter-329/ HTTP/1.1" 200 12899 "-" "WP Rocket/Preload"
162.0.232.193 - - [08/Jun/2025:13:09:47 -0400] "GET /wind-breaker-chapter-329/ HTTP/1.1" 200 12906 "-" "WP Rocket/Preload Mozilla/5.0 (iPhone; CPU iPhone OS 9_1 like Mac OS X) AppleWebKit/601.1.46 (KHTML, like Gecko) Version/9.0 Mobile/13B143 Safari/601.1"
162.0.232.193 - - [08/Jun/2025:13:09:48 -0400] "GET /wind-breaker-chapter-323/ HTTP/1.1" 200 12943 "-" "WP Rocket/Preload"
162.0.232.193 - - [08/Jun/2025:13:09:49 -0400] "GET /wind-breaker-chapter-323/ HTTP/1.1" 200 12948 "-" "WP Rocket/Preload Mozilla/5.0 (iPhone; CPU iPhone OS 9_1 like Mac OS X) AppleWebKit/601.1.46 (KHTML, like Gecko) Version/9.0 Mobile/13B143 Safari/601.1"
162.0.232.193 - - [08/Jun/2025:13:09:50 -0400] "GET /wind-breaker-chapter-228/ HTTP/1.1" 200 12527 "-" "WP Rocket/Preload"
162.0.232.193 - - [08/Jun/2025:13:09:51 -0400] "GET /wind-breaker-chapter-228/ HTTP/1.1" 200 12217 "-" "WP Rocket/Preload Mozilla/5.0 (iPhone; CPU iPhone OS 9_1 like Mac OS X) AppleWebKit/601.1.46 (KHTML, like Gecko) Version/9.0 Mobile/13B143 Safari/601.1"
162.0.232.193 - - [08/Jun/2025:13:09:52 -0400] "GET /chapter-234/ HTTP/1.1" 200 11081 "-" "WP Rocket/Preload"
2409:40c4:302d:227:8000:: - - [08/Jun/2025:13:09:53 -0400] "POST /wp-admin/admin-ajax.php HTTP/1.1" 200 61 "https://read11.windbreakermanga.com/wind-breaker-chapter-31/" "Mozilla/5.0 (Linux; Android 10; K) AppleWebKit/537.36 (KHTML, like Gecko) Chrome/136.0.0.0 Mobile Safari/537.36"
162.0.232.193 - - [08/Jun/2025:13:09:53 -0400] "GET /chapter-234/ HTTP/1.1" 200 11067 "-" "WP Rocket/Preload Mozilla/5.0 (iPhone; CPU iPhone OS 9_1 like Mac OS X) AppleWebKit/601.1.46 (KHTML, like Gecko) Version/9.0 Mobile/13B143 Safari/601.1"
162.0.232.193 - - [08/Jun/2025:13:09:54 -0400] "GET /wind-breaker-chapter-198/ HTTP/1.1" 200 12320 "-" "WP Rocket/Preload"
162.0.232.193 - - [08/Jun/2025:13:09:55 -0400] "GET /wind-breaker-chapter-198/ HTTP/1.1" 200 12028 "-" "WP Rocket/Preload Mozilla/5.0 (iPhone; CPU iPhone OS 9_1 like Mac OS X) AppleWebKit/601.1.46 (KHTML, like Gecko) Version/9.0 Mobile/13B143 Safari/601.1"
162.0.232.193 - - [08/Jun/2025:13:09:56 -0400] "GET /wind-breaker-chapter-194/ HTTP/1.1" 200 12319 "-" "WP Rocket/Preload"
162.0.232.193 - - [08/Jun/2025:13:09:57 -0400] "GET /wind-breaker-chapter-194/ HTTP/1.1" 200 12031 "-" "WP Rocket/Preload Mozilla/5.0 (iPhone; CPU iPhone OS 9_1 like Mac OS X) AppleWebKit/601.1.46 (KHTML, like Gecko) Version/9.0 Mobile/13B143 Safari/601.1"
2409:40c4:302d:227:8000:: - - [08/Jun/2025:13:09:58 -0400] "GET /wind-breaker-chapter-32/ HTTP/1.1" 304 0 "-" "Mozilla/5.0 (Linux; Android 10; K) AppleWebKit/537.36 (KHTML, like Gecko) Chrome/136.0.0.0 Mobile Safari/537.36"
2409:40c4:302d:227:8000:: - - [08/Jun/2025:13:09:59 -0400] "GET /wind-breaker-chapter-32/ HTTP/1.1" 304 0 "https://read11.windbreakermanga.com/wind-breaker-chapter-31/" "Mozilla/5.0 (Linux; Android 10; K) AppleWebKit/537.36 (KHTML, like Gecko) Chrome/136.0.0.0 Mobile Safari/537.36"
162.0.232.193 - - [08/Jun/2025:13:09:58 -0400] "GET /wind-breaker-chapter-109/ HTTP/1.1" 200 12248 "-" "WP Rocket/Preload"
162.0.232.193 - - [08/Jun/2025:13:10:00 -0400] "GET /wind-breaker-chapter-109/ HTTP/1.1" 200 0 "-" "WP Rocket/Preload Mozilla/5.0 (iPhone; CPU iPhone OS 9_1 like Mac OS X) AppleWebKit/601.1.46 (KHTML, like Gecko) Version/9.0 Mobile/13B143 Safari/601.1"
2409:40c4:302d:227:8000:: - - [08/Jun/2025:13:09:59 -0400] "POST /wp-admin/admin-ajax.php HTTP/1.1" 200 61 "https://read11.windbreakermanga.com/wind-breaker-chapter-32/" "Mozilla/5.0 (Linux; Android 10; K) AppleWebKit/537.36 (KHTML, like Gecko) Chrome/136.0.0.0 Mobile Safari/537.36"
159.89.207.154 - - [08/Jun/2025:13:09:31 -0400] "POST //xmlrpc.php HTTP/1.1" 200 205 "-" "Mozilla/5.0 (Windows NT 10.0; Win64; x64) AppleWebKit/537.36 (KHTML, like Gecko) Chrome/78.0.3904.108 Safari/537.36"
162.0.232.193 - - [08/Jun/2025:13:10:01 -0400] "GET /wind-breaker-chapter-184/ HTTP/1.1" 200 12517 "-" "WP Rocket/Preload"
