2001:41d0:303:caf::1 - - [10/Jun/2025:23:54:35 -0400] "GET /wp-includes/js/tinymce/skins/wordpress/images/dashicon-no.png HTTP/1.1" 200 339 "-" "Mozilla/5.0 (compatible; MJ12bot/v1.4.8; http://mj12bot.com/)"
66.249.77.193 - - [10/Jun/2025:23:54:35 -0400] "GET /goodscode/na/scapulet/10132512 HTTP/1.1" 200 82410 "-" "Mozilla/5.0 (Linux; Android 6.0.1; Nexus 5X Build/MMB29P) AppleWebKit/537.36 (KHTML, like Gecko) Chrome/136.0.7103.113 Mobile Safari/537.36 (compatible; Googlebot/2.1; +http://www.google.com/bot.html)"
2001:41d0:303:caf::1 - - [10/Jun/2025:23:54:37 -0400] "GET /wp-includes/js/tinymce/skins/wordpress/images/gallery.png HTTP/1.1" 200 379 "-" "Mozilla/5.0 (compatible; MJ12bot/v1.4.8; http://mj12bot.com/)"
66.249.77.192 - - [10/Jun/2025:23:54:36 -0400] "GET /special/35758760 HTTP/1.1" 200 81734 "-" "Mozilla/5.0 (Linux; Android 6.0.1; Nexus 5X Build/MMB29P) AppleWebKit/537.36 (KHTML, like Gecko) Chrome/136.0.7103.113 Mobile Safari/537.36 (compatible; Googlebot/2.1; +http://www.google.com/bot.html)"
2001:41d0:303:caf::1 - - [10/Jun/2025:23:54:40 -0400] "GET /wp-includes/js/tinymce/skins/wordpress/images/pagebreak-2x.png HTTP/1.1" 200 835 "-" "Mozilla/5.0 (compatible; MJ12bot/v1.4.8; http://mj12bot.com/)"
2001:41d0:303:caf::1 - - [10/Jun/2025:23:54:43 -0400] "GET /wp-includes/js/tinymce/skins/wordpress/images/video.png HTTP/1.1" 200 363 "-" "Mozilla/5.0 (compatible; MJ12bot/v1.4.8; http://mj12bot.com/)"
162.0.232.193 - - [10/Jun/2025:23:54:44 -0400] "POST /wp-cron.php?doing_wp_cron=1749614084.0680470466613769531250 HTTP/1.1" 200 0 "-" "WordPress/6.8.1; https://read11.windbreakermanga.com"
52.167.144.23 - - [10/Jun/2025:23:54:43 -0400] "GET /wp-json/wp/v2/posts/4364 HTTP/1.1" 200 81470 "-" "Mozilla/5.0 AppleWebKit/537.36 (KHTML, like Gecko; compatible; bingbot/2.0; +http://www.bing.com/bingbot.htm) Chrome/116.0.1938.76 Safari/537.36"
2001:41d0:303:caf::1 - - [10/Jun/2025:23:54:45 -0400] "GET /wp-includes/sodium_compat/namespaced/Core/ChaCha20/?NA HTTP/1.1" 200 680 "-" "Mozilla/5.0 (compatible; MJ12bot/v1.4.8; http://mj12bot.com/)"
114.119.152.134 - - [10/Jun/2025:23:54:42 -0400] "GET /category/wind-breaker-manga/page/35/ HTTP/1.1" 200 13632 "https://read10.windbreakermanga.com/category/wind-breaker-manga/page/35/" "Mozilla/5.0 (Linux; Android 7.0;) AppleWebKit/537.36 (KHTML, like Gecko) Mobile Safari/537.36 (compatible; PetalBot;+https://webmaster.petalsearch.com/site/petalbot)"
2001:41d0:303:caf::1 - - [10/Jun/2025:23:54:47 -0400] "GET /wp-includes/sodium_compat/namespaced/Core/Curve25519/?NA HTTP/1.1" 200 723 "-" "Mozilla/5.0 (compatible; MJ12bot/v1.4.8; http://mj12bot.com/)"
216.73.216.239 - - [10/Jun/2025:23:54:47 -0400] "GET /shopdetail/274662380 HTTP/1.1" 500 1034 "-" "Mozilla/5.0 AppleWebKit/537.36 (KHTML, like Gecko; compatible; ClaudeBot/1.0; [email protected])"
216.73.216.239 - - [10/Jun/2025:23:54:47 -0400] "GET /shopdetail/273356380 HTTP/1.1" 500 1034 "-" "Mozilla/5.0 AppleWebKit/537.36 (KHTML, like Gecko; compatible; ClaudeBot/1.0; [email protected])"
216.73.216.239 - - [10/Jun/2025:23:54:47 -0400] "GET /shopdetail/273387728 HTTP/1.1" 500 1034 "-" "Mozilla/5.0 AppleWebKit/537.36 (KHTML, like Gecko; compatible; ClaudeBot/1.0; [email protected])"
2001:41d0:303:caf::1 - - [10/Jun/2025:23:54:49 -0400] "GET /wp-includes/sodium_compat/namespaced/Core/Curve25519/Ge/?MA HTTP/1.1" 200 736 "-" "Mozilla/5.0 (compatible; MJ12bot/v1.4.8; http://mj12bot.com/)"
162.0.232.193 - - [10/Jun/2025:23:54:45 -0400] "GET /wind-breaker-chapter-35/ HTTP/1.1" 200 12181 "-" "WP Rocket/Preload"
162.0.232.193 - - [10/Jun/2025:23:54:50 -0400] "GET /wind-breaker-chapter-35/ HTTP/1.1" 200 0 "-" "WP Rocket/Preload Mozilla/5.0 (iPhone; CPU iPhone OS 9_1 like Mac OS X) AppleWebKit/601.1.46 (KHTML, like Gecko) Version/9.0 Mobile/13B143 Safari/601.1"
162.0.232.193 - - [10/Jun/2025:23:54:52 -0400] "GET /wind-breaker-chapter-25/ HTTP/1.1" 200 0 "-" "WP Rocket/Preload"
2001:41d0:303:caf::1 - - [10/Jun/2025:23:54:53 -0400] "GET /wp-includes/sodium_compat/namespaced/Core/Curve25519/Ge/Cached.php HTTP/1.1" 403 1242 "-" "Mozilla/5.0 (compatible; MJ12bot/v1.4.8; http://mj12bot.com/)"
66.249.77.193 - - [10/Jun/2025:23:54:52 -0400] "GET /goodscode/colures220016988 HTTP/1.1" 200 81871 "-" "Mozilla/5.0 (Linux; Android 6.0.1; Nexus 5X Build/MMB29P) AppleWebKit/537.36 (KHTML, like Gecko) Chrome/136.0.7103.113 Mobile Safari/537.36 (compatible; Googlebot/2.1; +http://www.google.com/bot.html)"
162.0.232.193 - - [10/Jun/2025:23:54:53 -0400] "GET /wind-breaker-chapter-25/ HTTP/1.1" 200 0 "-" "WP Rocket/Preload Mozilla/5.0 (iPhone; CPU iPhone OS 9_1 like Mac OS X) AppleWebKit/601.1.46 (KHTML, like Gecko) Version/9.0 Mobile/13B143 Safari/601.1"
66.249.77.192 - - [10/Jun/2025:23:54:53 -0400] "GET /shopbrand/exhalement1032400 HTTP/1.1" 200 81267 "-" "Mozilla/5.0 (Linux; Android 6.0.1; Nexus 5X Build/MMB29P) AppleWebKit/537.36 (KHTML, like Gecko) Chrome/136.0.7103.113 Mobile Safari/537.36 (compatible; Googlebot/2.1; +http://www.google.com/bot.html)"
2001:41d0:303:caf::1 - - [10/Jun/2025:23:54:55 -0400] "GET /wp-includes/sodium_compat/namespaced/Core/Curve25519/Ge/P1p1.php HTTP/1.1" 403 1242 "-" "Mozilla/5.0 (compatible; MJ12bot/v1.4.8; http://mj12bot.com/)"
162.0.232.193 - - [10/Jun/2025:23:54:55 -0400] "GET /wind-breaker-chapter-20/ HTTP/1.1" 200 0 "-" "WP Rocket/Preload"
2001:41d0:303:caf::1 - - [10/Jun/2025:23:54:57 -0400] "GET /wp-includes/sodium_compat/namespaced/Core/Curve25519/Ge/P3.php HTTP/1.1" 403 1242 "-" "Mozilla/5.0 (compatible; MJ12bot/v1.4.8; http://mj12bot.com/)"
162.0.232.193 - - [10/Jun/2025:23:54:57 -0400] "GET /wind-breaker-chapter-20/ HTTP/1.1" 200 0 "-" "WP Rocket/Preload Mozilla/5.0 (iPhone; CPU iPhone OS 9_1 like Mac OS X) AppleWebKit/601.1.46 (KHTML, like Gecko) Version/9.0 Mobile/13B143 Safari/601.1"
162.0.232.193 - - [10/Jun/2025:23:54:58 -0400] "GET /wind-breaker-chapter-12/ HTTP/1.1" 200 0 "-" "WP Rocket/Preload"
2001:41d0:303:caf::1 - - [10/Jun/2025:23:54:59 -0400] "GET /wp-includes/sodium_compat/namespaced/Core/Curve25519/Ge/Precomp.php HTTP/1.1" 403 1242 "-" "Mozilla/5.0 (compatible; MJ12bot/v1.4.8; http://mj12bot.com/)"
162.0.232.193 - - [10/Jun/2025:23:55:00 -0400] "GET /wind-breaker-chapter-12/ HTTP/1.1" 200 0 "-" "WP Rocket/Preload Mozilla/5.0 (iPhone; CPU iPhone OS 9_1 like Mac OS X) AppleWebKit/601.1.46 (KHTML, like Gecko) Version/9.0 Mobile/13B143 Safari/601.1"
2001:41d0:303:caf::1 - - [10/Jun/2025:23:55:02 -0400] "GET /wp-includes/sodium_compat/namespaced/Core/Poly1305/?NA HTTP/1.1" 200 659 "-" "Mozilla/5.0 (compatible; MJ12bot/v1.4.8; http://mj12bot.com/)"
162.0.232.193 - - [10/Jun/2025:23:55:01 -0400] "GET /wind-breaker-chapter-483/ HTTP/1.1" 200 0 "-" "WP Rocket/Preload"
162.0.232.193 - - [10/Jun/2025:23:55:03 -0400] "GET /wind-breaker-chapter-483/ HTTP/1.1" 200 0 "-" "WP Rocket/Preload Mozilla/5.0 (iPhone; CPU iPhone OS 9_1 like Mac OS X) AppleWebKit/601.1.46 (KHTML, like Gecko) Version/9.0 Mobile/13B143 Safari/601.1"
2001:41d0:303:caf::1 - - [10/Jun/2025:23:55:04 -0400] "GET /wp-includes/sodium_compat/src/Core/AEGIS/?SD HTTP/1.1" 200 689 "-" "Mozilla/5.0 (compatible; MJ12bot/v1.4.8; http://mj12bot.com/)"
2a03:2880:f800:8:: - - [10/Jun/2025:23:55:05 -0400] "GET /category/wind-breaker-manga/page/5/ HTTP/1.1" 200 13024 "-" "meta-externalagent/1.1 (+https://developers.facebook.com/docs/sharing/webmasters/crawler)"
2001:41d0:303:caf::1 - - [10/Jun/2025:23:55:07 -0400] "GET /wp-includes/sodium_compat/src/Core/AES/?NA HTTP/1.1" 200 710 "-" "Mozilla/5.0 (compatible; MJ12bot/v1.4.8; http://mj12bot.com/)"
2001:41d0:303:caf::1 - - [10/Jun/2025:23:55:10 -0400] "GET /wp-includes/sodium_compat/src/Core/Base64/?MD HTTP/1.1" 200 686 "-" "Mozilla/5.0 (compatible; MJ12bot/v1.4.8; http://mj12bot.com/)"
66.249.77.192 - - [10/Jun/2025:23:55:09 -0400] "GET /detail/octogamy6330636 HTTP/1.1" 200 81137 "-" "Mozilla/5.0 (Linux; Android 6.0.1; Nexus 5X Build/MMB29P) AppleWebKit/537.36 (KHTML, like Gecko) Chrome/136.0.7103.113 Mobile Safari/537.36 (compatible; Googlebot/2.1; +http://www.google.com/bot.html)"
162.0.232.193 - - [10/Jun/2025:23:55:11 -0400] "POST /wp-cron.php?doing_wp_cron=1749614111.1335868835449218750000 HTTP/1.1" 200 0 "-" "WordPress/6.8.1; https://read11.windbreakermanga.com"
2001:41d0:303:caf::1 - - [10/Jun/2025:23:55:12 -0400] "GET /wp-includes/sodium_compat/src/Core/Curve25519/?SD HTTP/1.1" 200 763 "-" "Mozilla/5.0 (compatible; MJ12bot/v1.4.8; http://mj12bot.com/)"
2001:861:3143:8140:b06e:1d9a:daef:1288 - - [10/Jun/2025:23:55:09 -0400] "GET /wind-breaker-chapter-352/ HTTP/1.1" 200 11928 "-" "Mozilla/5.0 (Macintosh; Intel Mac OS X 10_15_7) AppleWebKit/605.1.15 (KHTML, like Gecko) Version/14.0.3 Safari/605.1.15"
66.249.77.193 - - [10/Jun/2025:23:55:12 -0400] "GET /sitemap-subitems-2607.xml HTTP/1.1" 200 10062 "-" "Mozilla/5.0 (compatible; Googlebot/2.1; +http://www.google.com/bot.html)"
2001:41d0:303:caf::1 - - [10/Jun/2025:23:55:15 -0400] "GET /wp-includes/sodium_compat/src/Core/Curve25519/Ge/P1p1.php HTTP/1.1" 403 1242 "-" "Mozilla/5.0 (compatible; MJ12bot/v1.4.8; http://mj12bot.com/)"
2001:41d0:303:caf::1 - - [10/Jun/2025:23:55:17 -0400] "GET /wp-includes/sodium_compat/src/Core/Poly1305/?NA HTTP/1.1" 200 657 "-" "Mozilla/5.0 (compatible; MJ12bot/v1.4.8; http://mj12bot.com/)"
2001:41d0:303:caf::1 - - [10/Jun/2025:23:55:19 -0400] "GET /wp-includes/sodium_compat/src/Core32/ChaCha20/?MD HTTP/1.1" 200 705 "-" "Mozilla/5.0 (compatible; MJ12bot/v1.4.8; http://mj12bot.com/)"
2001:41d0:303:caf::1 - - [10/Jun/2025:23:55:21 -0400] "GET /wp-includes/sodium_compat/src/Core32/Curve25519/?SD HTTP/1.1" 200 754 "-" "Mozilla/5.0 (compatible; MJ12bot/v1.4.8; http://mj12bot.com/)"
2001:41d0:303:caf::1 - - [10/Jun/2025:23:55:23 -0400] "GET /wp-includes/sodium_compat/src/Core32/Curve25519/Ge/?ND HTTP/1.1" 200 741 "-" "Mozilla/5.0 (compatible; MJ12bot/v1.4.8; http://mj12bot.com/)"
2001:41d0:303:caf::1 - - [10/Jun/2025:23:55:25 -0400] "GET /wp-includes/sodium_compat/src/Core32/Curve25519/Ge/P2.php HTTP/1.1" 403 1242 "-" "Mozilla/5.0 (compatible; MJ12bot/v1.4.8; http://mj12bot.com/)"
66.249.77.192 - - [10/Jun/2025:23:55:25 -0400] "GET /entity/coenesthesis1236808 HTTP/1.1" 200 81359 "-" "Mozilla/5.0 (Linux; Android 6.0.1; Nexus 5X Build/MMB29P) AppleWebKit/537.36 (KHTML, like Gecko) Chrome/136.0.7103.113 Mobile Safari/537.36 (compatible; Googlebot/2.1; +http://www.google.com/bot.html)"
2001:41d0:303:caf::1 - - [10/Jun/2025:23:55:27 -0400] "GET /wp-includes/sodium_compat/src/Core32/Poly1305/?NA HTTP/1.1" 200 658 "-" "Mozilla/5.0 (compatible; MJ12bot/v1.4.8; http://mj12bot.com/)"
2001:41d0:303:caf::1 - - [10/Jun/2025:23:55:30 -0400] "GET /wp-includes/js/dist/script-modules/block-library/file/?MA HTTP/1.1" 403 1242 "-" "Mozilla/5.0 (compatible; MJ12bot/v1.4.8; http://mj12bot.com/)"
2001:41d0:303:caf::1 - - [10/Jun/2025:23:55:32 -0400] "GET /wp-includes/js/dist/script-modules/block-library/navigation/view.js HTTP/1.1" 200 2041 "-" "Mozilla/5.0 (compatible; MJ12bot/v1.4.8; http://mj12bot.com/)"
2001:41d0:303:caf::1 - - [10/Jun/2025:23:55:37 -0400] "GET /wp-includes/js/tinymce/skins/lightgray/fonts/tinymce-small.ttf HTTP/1.1" 200 9304 "-" "Mozilla/5.0 (compatible; MJ12bot/v1.4.8; http://mj12bot.com/)"
216.73.216.239 - - [10/Jun/2025:23:55:36 -0400] "GET /shopdetail/274640572 HTTP/1.1" 500 1034 "-" "Mozilla/5.0 AppleWebKit/537.36 (KHTML, like Gecko; compatible; ClaudeBot/1.0; [email protected])"
216.73.216.239 - - [10/Jun/2025:23:55:36 -0400] "GET /shopdetail/273383484 HTTP/1.1" 500 1034 "-" "Mozilla/5.0 AppleWebKit/537.36 (KHTML, like Gecko; compatible; ClaudeBot/1.0; [email protected])"
216.73.216.239 - - [10/Jun/2025:23:55:36 -0400] "GET /shopdetail/274672348 HTTP/1.1" 500 1034 "-" "Mozilla/5.0 AppleWebKit/537.36 (KHTML, like Gecko; compatible; ClaudeBot/1.0; [email protected])"
2001:41d0:303:caf::1 - - [10/Jun/2025:23:55:39 -0400] "GET /wp-includes/js/tinymce/skins/lightgray/img/?MA HTTP/1.1" 403 1242 "-" "Mozilla/5.0 (compatible; MJ12bot/v1.4.8; http://mj12bot.com/)"
66.249.77.192 - - [10/Jun/2025:23:55:40 -0400] "GET /shopdetail/219507348 HTTP/1.1" 200 81480 "-" "Mozilla/5.0 (Linux; Android 6.0.1; Nexus 5X Build/MMB29P) AppleWebKit/537.36 (KHTML, like Gecko) Chrome/136.0.7103.113 Mobile Safari/537.36 (compatible; Googlebot/2.1; +http://www.google.com/bot.html)"
2001:41d0:303:caf::1 - - [10/Jun/2025:23:55:41 -0400] "GET /wp-includes/sodium_compat/namespaced/Core/Curve25519/Ge/?SA HTTP/1.1" 200 742 "-" "Mozilla/5.0 (compatible; MJ12bot/v1.4.8; http://mj12bot.com/)"
2001:41d0:303:caf::1 - - [10/Jun/2025:23:55:43 -0400] "GET /wp-includes/js/tinymce/skins/lightgray/fonts/tinymce-small.svg HTTP/1.1" 200 7406 "-" "Mozilla/5.0 (compatible; MJ12bot/v1.4.8; http://mj12bot.com/)"
66.249.77.192 - - [10/Jun/2025:23:55:56 -0400] "GET /info/5436924 HTTP/1.1" 200 81204 "-" "Mozilla/5.0 (Linux; Android 6.0.1; Nexus 5X Build/MMB29P) AppleWebKit/537.36 (KHTML, like Gecko) Chrome/136.0.7103.113 Mobile Safari/537.36 (compatible; Googlebot/2.1; +http://www.google.com/bot.html)"
66.249.77.192 - - [10/Jun/2025:23:56:11 -0400] "GET /entity/shiogun/11184556 HTTP/1.1" 200 81111 "-" "Mozilla/5.0 (Linux; Android 6.0.1; Nexus 5X Build/MMB29P) AppleWebKit/537.36 (KHTML, like Gecko) Chrome/136.0.7103.113 Mobile Safari/537.36 (compatible; Googlebot/2.1; +http://www.google.com/bot.html)"
66.249.77.193 - - [10/Jun/2025:23:56:12 -0400] "GET /shopping/1027456 HTTP/1.1" 200 81829 "-" "Mozilla/5.0 (Linux; Android 6.0.1; Nexus 5X Build/MMB29P) AppleWebKit/537.36 (KHTML, like Gecko) Chrome/136.0.7103.113 Mobile Safari/537.36 (compatible; Googlebot/2.1; +http://www.google.com/bot.html)"
66.249.77.193 - - [10/Jun/2025:23:56:14 -0400] "GET /shopping/115702844 HTTP/1.1" 200 80904 "-" "Mozilla/5.0 (Linux; Android 6.0.1; Nexus 5X Build/MMB29P) AppleWebKit/537.36 (KHTML, like Gecko) Chrome/136.0.7103.113 Mobile Safari/537.36 (compatible; Googlebot/2.1; +http://www.google.com/bot.html)"
2001:861:3143:8140:b06e:1d9a:daef:1288 - - [10/Jun/2025:23:56:22 -0400] "GET /wind-breaker-chapter-353/ HTTP/1.1" 200 11951 "-" "Mozilla/5.0 (iPad; CPU OS 13_6 like Mac OS X) AppleWebKit/605.1.15 (KHTML, like Gecko) Version/13.1.2 Mobile/15E148 Safari/604.1"
66.249.77.193 - - [10/Jun/2025:23:56:30 -0400] "GET /item/1028184 HTTP/1.1" 200 80768 "-" "Mozilla/5.0 (Linux; Android 6.0.1; Nexus 5X Build/MMB29P) AppleWebKit/537.36 (KHTML, like Gecko) Chrome/136.0.7103.113 Mobile Safari/537.36 (compatible; Googlebot/2.1; +http://www.google.com/bot.html)"
66.249.77.192 - - [10/Jun/2025:23:56:32 -0400] "GET /item/retract11955276 HTTP/1.1" 200 81328 "-" "Mozilla/5.0 (Linux; Android 6.0.1; Nexus 5X Build/MMB29P) AppleWebKit/537.36 (KHTML, like Gecko) Chrome/136.0.7103.113 Mobile Safari/537.36 (compatible; Googlebot/2.1; +http://www.google.com/bot.html)"
216.73.216.239 - - [10/Jun/2025:23:56:32 -0400] "GET /shopdetail/273349756 HTTP/1.1" 500 1034 "-" "Mozilla/5.0 AppleWebKit/537.36 (KHTML, like Gecko; compatible; ClaudeBot/1.0; [email protected])"
216.73.216.239 - - [10/Jun/2025:23:56:32 -0400] "GET /shopdetail/274635956 HTTP/1.1" 500 1034 "-" "Mozilla/5.0 AppleWebKit/537.36 (KHTML, like Gecko; compatible; ClaudeBot/1.0; [email protected])"
216.73.216.239 - - [10/Jun/2025:23:56:32 -0400] "GET /shopdetail/274669304 HTTP/1.1" 500 1034 "-" "Mozilla/5.0 AppleWebKit/537.36 (KHTML, like Gecko; compatible; ClaudeBot/1.0; [email protected])"
66.249.77.193 - - [10/Jun/2025:23:56:37 -0400] "GET /sitemap-subitems-2649.xml HTTP/1.1" 200 10398 "-" "Mozilla/5.0 (compatible; Googlebot/2.1; +http://www.google.com/bot.html)"
47.128.63.175 - - [10/Jun/2025:23:56:39 -0400] "GET /wp-includes/formatting.php HTTP/1.1" 403 1242 "-" "Mozilla/5.0 (Linux; Android 5.0) AppleWebKit/537.36 (KHTML, like Gecko) Mobile Safari/537.36 (compatible; Bytespider; [email protected])"
66.249.77.193 - - [10/Jun/2025:23:56:47 -0400] "GET /goods/superscription36477424 HTTP/1.1" 200 81542 "-" "Mozilla/5.0 (Linux; Android 6.0.1; Nexus 5X Build/MMB29P) AppleWebKit/537.36 (KHTML, like Gecko) Chrome/136.0.7103.113 Mobile Safari/537.36 (compatible; Googlebot/2.1; +http://www.google.com/bot.html)"
66.249.77.192 - - [10/Jun/2025:23:56:49 -0400] "GET /shopbrand/muricate1029528 HTTP/1.1" 200 80913 "-" "Mozilla/5.0 (Linux; Android 6.0.1; Nexus 5X Build/MMB29P) AppleWebKit/537.36 (KHTML, like Gecko) Chrome/136.0.7103.113 Mobile Safari/537.36 (compatible; Googlebot/2.1; +http://www.google.com/bot.html)"
66.249.77.192 - - [10/Jun/2025:23:56:50 -0400] "GET /goods/9771136 HTTP/1.1" 200 81382 "-" "Mozilla/5.0 (Linux; Android 6.0.1; Nexus 5X Build/MMB29P) AppleWebKit/537.36 (KHTML, like Gecko) Chrome/136.0.7103.113 Mobile Safari/537.36 (compatible; Googlebot/2.1; +http://www.google.com/bot.html)"
66.249.77.192 - - [10/Jun/2025:23:57:05 -0400] "GET /goodscode/1249120 HTTP/1.1" 200 81591 "-" "Mozilla/5.0 (Linux; Android 6.0.1; Nexus 5X Build/MMB29P) AppleWebKit/537.36 (KHTML, like Gecko) Chrome/136.0.7103.113 Mobile Safari/537.36 (compatible; Googlebot/2.1; +http://www.google.com/bot.html)"
162.0.232.193 - - [10/Jun/2025:23:57:14 -0400] "POST /wp-cron.php?doing_wp_cron=1749614234.3287329673767089843750 HTTP/1.1" 200 0 "-" "WordPress/6.8.1; https://read11.windbreakermanga.com"
2001:861:3143:8140:b06e:1d9a:daef:1288 - - [10/Jun/2025:23:57:11 -0400] "GET /wind-breaker-chapter-354/ HTTP/1.1" 200 11929 "-" "Mozilla/5.0 (Windows NT 10.0; Win64; x64; rv:89.0) Gecko/20100101 Firefox/89.0"
162.0.232.193 - - [10/Jun/2025:23:57:15 -0400] "GET /wind-breaker-chapter-443/ HTTP/1.1" 200 11794 "-" "WP Rocket/Preload"
162.0.232.193 - - [10/Jun/2025:23:57:19 -0400] "GET /wind-breaker-chapter-443/ HTTP/1.1" 200 0 "-" "WP Rocket/Preload Mozilla/5.0 (iPhone; CPU iPhone OS 9_1 like Mac OS X) AppleWebKit/601.1.46 (KHTML, like Gecko) Version/9.0 Mobile/13B143 Safari/601.1"
162.0.232.193 - - [10/Jun/2025:23:57:20 -0400] "GET /chapter-424/ HTTP/1.1" 200 0 "-" "WP Rocket/Preload"
162.0.232.193 - - [10/Jun/2025:23:57:22 -0400] "GET /chapter-424/ HTTP/1.1" 200 0 "-" "WP Rocket/Preload Mozilla/5.0 (iPhone; CPU iPhone OS 9_1 like Mac OS X) AppleWebKit/601.1.46 (KHTML, like Gecko) Version/9.0 Mobile/13B143 Safari/601.1"
162.0.232.193 - - [10/Jun/2025:23:57:23 -0400] "GET /wind-breaker-chapter-278/ HTTP/1.1" 200 0 "-" "WP Rocket/Preload"
162.0.232.193 - - [10/Jun/2025:23:57:25 -0400] "GET /wind-breaker-chapter-278/ HTTP/1.1" 200 0 "-" "WP Rocket/Preload Mozilla/5.0 (iPhone; CPU iPhone OS 9_1 like Mac OS X) AppleWebKit/601.1.46 (KHTML, like Gecko) Version/9.0 Mobile/13B143 Safari/601.1"
162.0.232.193 - - [10/Jun/2025:23:57:26 -0400] "GET /chapter-247/ HTTP/1.1" 200 0 "-" "WP Rocket/Preload"
162.0.232.193 - - [10/Jun/2025:23:57:28 -0400] "GET /chapter-247/ HTTP/1.1" 200 0 "-" "WP Rocket/Preload Mozilla/5.0 (iPhone; CPU iPhone OS 9_1 like Mac OS X) AppleWebKit/601.1.46 (KHTML, like Gecko) Version/9.0 Mobile/13B143 Safari/601.1"
216.73.216.239 - - [10/Jun/2025:23:57:28 -0400] "GET /shopdetail/274642172 HTTP/1.1" 500 1034 "-" "Mozilla/5.0 AppleWebKit/537.36 (KHTML, like Gecko; compatible; ClaudeBot/1.0; [email protected])"
216.73.216.239 - - [10/Jun/2025:23:57:28 -0400] "GET /shopdetail/274707248 HTTP/1.1" 500 1034 "-" "Mozilla/5.0 AppleWebKit/537.36 (KHTML, like Gecko; compatible; ClaudeBot/1.0; [email protected])"
216.73.216.239 - - [10/Jun/2025:23:57:28 -0400] "GET /shopdetail/274683296 HTTP/1.1" 500 1034 "-" "Mozilla/5.0 AppleWebKit/537.36 (KHTML, like Gecko; compatible; ClaudeBot/1.0; [email protected])"
162.0.232.193 - - [10/Jun/2025:23:57:29 -0400] "GET /chapter-239/ HTTP/1.1" 200 0 "-" "WP Rocket/Preload"
162.0.232.193 - - [10/Jun/2025:23:57:31 -0400] "GET /chapter-239/ HTTP/1.1" 200 0 "-" "WP Rocket/Preload Mozilla/5.0 (iPhone; CPU iPhone OS 9_1 like Mac OS X) AppleWebKit/601.1.46 (KHTML, like Gecko) Version/9.0 Mobile/13B143 Safari/601.1"
162.0.232.193 - - [10/Jun/2025:23:57:32 -0400] "GET /wind-breaker-chapter-230/ HTTP/1.1" 200 0 "-" "WP Rocket/Preload"
162.0.232.193 - - [10/Jun/2025:23:57:34 -0400] "GET /wind-breaker-chapter-230/ HTTP/1.1" 200 0 "-" "WP Rocket/Preload Mozilla/5.0 (iPhone; CPU iPhone OS 9_1 like Mac OS X) AppleWebKit/601.1.46 (KHTML, like Gecko) Version/9.0 Mobile/13B143 Safari/601.1"
66.249.77.193 - - [10/Jun/2025:23:57:35 -0400] "GET /product/renew/36248828 HTTP/1.1" 200 81612 "-" "Mozilla/5.0 (Linux; Android 6.0.1; Nexus 5X Build/MMB29P) AppleWebKit/537.36 (KHTML, like Gecko) Chrome/136.0.7103.113 Mobile Safari/537.36 (compatible; Googlebot/2.1; +http://www.google.com/bot.html)"
66.249.77.193 - - [10/Jun/2025:23:57:36 -0400] "GET /products/6027096 HTTP/1.1" 200 80978 "-" "Mozilla/5.0 (Linux; Android 6.0.1; Nexus 5X Build/MMB29P) AppleWebKit/537.36 (KHTML, like Gecko) Chrome/136.0.7103.113 Mobile Safari/537.36 (compatible; Googlebot/2.1; +http://www.google.com/bot.html)"
162.0.232.193 - - [10/Jun/2025:23:57:38 -0400] "GET /wp-content/uploads/f979bbbcbe9df560cb74049269d2541e_4104.xml HTTP/1.1" 200 2582 "-" "Mozilla/5.0 (X11; Linux x86_64) AppleWebKit/537.36 (KHTML, like Gecko) Ubuntu Chromium/41.0.2272.76"
47.128.58.233 - - [10/Jun/2025:23:57:39 -0400] "GET /wp-includes/style-engine.php HTTP/1.1" 403 1242 "-" "Mozilla/5.0 (Linux; Android 5.0) AppleWebKit/537.36 (KHTML, like Gecko) Mobile Safari/537.36 (compatible; Bytespider; [email protected])"
66.249.77.192 - - [10/Jun/2025:23:57:52 -0400] "GET /entity/6028368 HTTP/1.1" 200 81103 "-" "Mozilla/5.0 (Linux; Android 6.0.1; Nexus 5X Build/MMB29P) AppleWebKit/537.36 (KHTML, like Gecko) Chrome/136.0.7103.113 Mobile Safari/537.36 (compatible; Googlebot/2.1; +http://www.google.com/bot.html)"
2001:861:3143:8140:b06e:1d9a:daef:1288 - - [10/Jun/2025:23:58:08 -0400] "GET /wind-breaker-chapter-355/ HTTP/1.1" 200 11916 "-" "Mozilla/5.0 (iPad; CPU OS 13_6 like Mac OS X) AppleWebKit/605.1.15 (KHTML, like Gecko) Version/13.1.2 Mobile/15E148 Safari/604.1"
66.249.77.193 - - [10/Jun/2025:23:58:08 -0400] "GET /special/definiteness/36240968 HTTP/1.1" 200 81410 "-" "Mozilla/5.0 (Linux; Android 6.0.1; Nexus 5X Build/MMB29P) AppleWebKit/537.36 (KHTML, like Gecko) Chrome/136.0.7103.113 Mobile Safari/537.36 (compatible; Googlebot/2.1; +http://www.google.com/bot.html)"
66.249.77.192 - - [10/Jun/2025:23:58:10 -0400] "GET /special/5828248 HTTP/1.1" 200 81000 "-" "Mozilla/5.0 (Linux; Android 6.0.1; Nexus 5X Build/MMB29P) AppleWebKit/537.36 (KHTML, like Gecko) Chrome/136.0.7103.113 Mobile Safari/537.36 (compatible; Googlebot/2.1; +http://www.google.com/bot.html)"
216.73.216.239 - - [10/Jun/2025:23:58:30 -0400] "GET /shopdetail/273403084 HTTP/1.1" 500 1034 "-" "Mozilla/5.0 AppleWebKit/537.36 (KHTML, like Gecko; compatible; ClaudeBot/1.0; [email protected])"
216.73.216.239 - - [10/Jun/2025:23:58:30 -0400] "GET /shopdetail/274693192 HTTP/1.1" 500 1034 "-" "Mozilla/5.0 AppleWebKit/537.36 (KHTML, like Gecko; compatible; ClaudeBot/1.0; [email protected])"
216.73.216.239 - - [10/Jun/2025:23:58:30 -0400] "GET /shopdetail/274681088 HTTP/1.1" 500 1034 "-" "Mozilla/5.0 AppleWebKit/537.36 (KHTML, like Gecko; compatible; ClaudeBot/1.0; [email protected])"
66.249.77.192 - - [10/Jun/2025:23:58:37 -0400] "GET /sitemap-subitems-2131.xml HTTP/1.1" 200 10230 "-" "Mozilla/5.0 (compatible; Googlebot/2.1; +http://www.google.com/bot.html)"
66.249.77.201 - - [10/Jun/2025:23:58:39 -0400] "GET /product/simular5772540 HTTP/1.1" 200 80950 "-" "Mozilla/5.0 (Linux; Android 6.0.1; Nexus 5X Build/MMB29P) AppleWebKit/537.36 (KHTML, like Gecko) Chrome/136.0.7103.113 Mobile Safari/537.36 (compatible; Googlebot/2.1; +http://www.google.com/bot.html)"
66.249.77.201 - - [10/Jun/2025:23:58:54 -0400] "GET /shopbrand/sucre5775484 HTTP/1.1" 200 81667 "-" "Mozilla/5.0 (Linux; Android 6.0.1; Nexus 5X Build/MMB29P) AppleWebKit/537.36 (KHTML, like Gecko) Chrome/136.0.7103.113 Mobile Safari/537.36 (compatible; Googlebot/2.1; +http://www.google.com/bot.html)"
66.249.77.201 - - [10/Jun/2025:23:59:09 -0400] "GET /shopping/5774520 HTTP/1.1" 200 80849 "-" "Mozilla/5.0 (Linux; Android 6.0.1; Nexus 5X Build/MMB29P) AppleWebKit/537.36 (KHTML, like Gecko) Chrome/136.0.7103.113 Mobile Safari/537.36 (compatible; Googlebot/2.1; +http://www.google.com/bot.html)"
2001:861:3143:8140:b06e:1d9a:daef:1288 - - [10/Jun/2025:23:59:15 -0400] "GET /wind-breaker-chapter-356/ HTTP/1.1" 200 11809 "-" "Mozilla/5.0 (Macintosh; Intel Mac OS X 10_15_7) AppleWebKit/605.1.15 (KHTML, like Gecko) Version/14.0.3 Safari/605.1.15"
162.0.232.193 - - [10/Jun/2025:23:59:15 -0400] "POST /wp-cron.php?doing_wp_cron=1749614355.5089230537414550781250 HTTP/1.1" 200 0 "-" "WordPress/6.8.1; https://read11.windbreakermanga.com"
188.255.58.170 - - [10/Jun/2025:23:59:13 -0400] "GET /wind-breaker-chapter-71-part-2-ep-5/ HTTP/1.1" 301 0 "https://yandex.ru/" "Mozilla/5.0 (Windows NT 10.0; Win64; x64) AppleWebKit/537.36 (KHTML, like Gecko) Chrome/136.0.0.0 Safari/537.36 Edg/136.0.0.0"
188.255.58.170 - - [10/Jun/2025:23:59:16 -0400] "GET / HTTP/1.1" 200 12612 "https://yandex.ru/" "Mozilla/5.0 (Windows NT 10.0; Win64; x64) AppleWebKit/537.36 (KHTML, like Gecko) Chrome/136.0.0.0 Safari/537.36 Edg/136.0.0.0"
188.255.58.170 - - [10/Jun/2025:23:59:17 -0400] "GET /wp-includes/js/jquery/jquery.min.js?ver=3.7.1 HTTP/1.1" 304 0 "https://read11.windbreakermanga.com/" "Mozilla/5.0 (Windows NT 10.0; Win64; x64) AppleWebKit/537.36 (KHTML, like Gecko) Chrome/136.0.0.0 Safari/537.36 Edg/136.0.0.0"
188.255.58.170 - - [10/Jun/2025:23:59:17 -0400] "GET /wp-content/cache/min/1/wp-content/themes/toivo-lite/fonts/genericons/genericons/genericons.min.css?ver=1746140519 HTTP/1.1" 200 15990 "https://read11.windbreakermanga.com/" "Mozilla/5.0 (Windows NT 10.0; Win64; x64) AppleWebKit/537.36 (KHTML, like Gecko) Chrome/136.0.0.0 Safari/537.36 Edg/136.0.0.0"
188.255.58.170 - - [10/Jun/2025:23:59:17 -0400] "GET /wp-includes/js/jquery/jquery-migrate.min.js?ver=3.4.1 HTTP/1.1" 200 4678 "https://read11.windbreakermanga.com/" "Mozilla/5.0 (Windows NT 10.0; Win64; x64) AppleWebKit/537.36 (KHTML, like Gecko) Chrome/136.0.0.0 Safari/537.36 Edg/136.0.0.0"
188.255.58.170 - - [10/Jun/2025:23:59:17 -0400] "GET /wp-content/cache/min/1/wp-content/plugins/widgets-on-pages/public/css/widgets-on-pages-public.css?ver=1746140519 HTTP/1.1" 200 75 "https://read11.windbreakermanga.com/" "Mozilla/5.0 (Windows NT 10.0; Win64; x64) AppleWebKit/537.36 (KHTML, like Gecko) Chrome/136.0.0.0 Safari/537.36 Edg/136.0.0.0"
188.255.58.170 - - [10/Jun/2025:23:59:17 -0400] "GET /wp-content/uploads/2024/02/te926m2lqxc91-578x1024.webp HTTP/1.1" 200 40812 "https://read11.windbreakermanga.com/" "Mozilla/5.0 (Windows NT 10.0; Win64; x64) AppleWebKit/537.36 (KHTML, like Gecko) Chrome/136.0.0.0 Safari/537.36 Edg/136.0.0.0"
188.255.58.170 - - [10/Jun/2025:23:59:17 -0400] "GET /wp-content/cache/min/1/wp-content/plugins/comic-easel/js/keynav.js?ver=1746140519 HTTP/1.1" 200 221 "https://read11.windbreakermanga.com/" "Mozilla/5.0 (Windows NT 10.0; Win64; x64) AppleWebKit/537.36 (KHTML, like Gecko) Chrome/136.0.0.0 Safari/537.36 Edg/136.0.0.0"
188.255.58.170 - - [10/Jun/2025:23:59:17 -0400] "GET /wp-content/uploads/2024/02/cropped-Wind-Breaker-1024x538-1.webp HTTP/1.1" 200 27262 "https://read11.windbreakermanga.com/" "Mozilla/5.0 (Windows NT 10.0; Win64; x64) AppleWebKit/537.36 (KHTML, like Gecko) Chrome/136.0.0.0 Safari/537.36 Edg/136.0.0.0"
188.255.58.170 - - [10/Jun/2025:23:59:17 -0400] "GET /wp-content/cache/min/1/wp-content/plugins/simple-social-buttons/assets/css/front.css?ver=1746140519 HTTP/1.1" 200 9651 "https://read11.windbreakermanga.com/" "Mozilla/5.0 (Windows NT 10.0; Win64; x64) AppleWebKit/537.36 (KHTML, like Gecko) Chrome/136.0.0.0 Safari/537.36 Edg/136.0.0.0"
188.255.58.170 - - [10/Jun/2025:23:59:17 -0400] "GET /wp-includes/css/dist/block-library/style.min.css?ver=6.8.1 HTTP/1.1" 200 14358 "https://read11.windbreakermanga.com/" "Mozilla/5.0 (Windows NT 10.0; Win64; x64) AppleWebKit/537.36 (KHTML, like Gecko) Chrome/136.0.0.0 Safari/537.36 Edg/136.0.0.0"
188.255.58.170 - - [10/Jun/2025:23:59:17 -0400] "GET /wp-content/uploads/2024/02/is-wind-breaker-worth-reading-right-now-v0-caa0pw3v7f8b1-576x1024.webp HTTP/1.1" 200 76796 "https://read11.windbreakermanga.com/" "Mozilla/5.0 (Windows NT 10.0; Win64; x64) AppleWebKit/537.36 (KHTML, like Gecko) Chrome/136.0.0.0 Safari/537.36 Edg/136.0.0.0"
188.255.58.170 - - [10/Jun/2025:23:59:18 -0400] "GET /wp-content/plugins/simple-social-buttons/assets/js/frontend-blocks.js?ver=6.1.0 HTTP/1.1" 200 0 "https://read11.windbreakermanga.com/" "Mozilla/5.0 (Windows NT 10.0; Win64; x64) AppleWebKit/537.36 (KHTML, like Gecko) Chrome/136.0.0.0 Safari/537.36 Edg/136.0.0.0"
188.255.58.170 - - [10/Jun/2025:23:59:18 -0400] "GET /wp-content/themes/toivo-lite/js/responsive-nav.min.js?ver=1.2.0 HTTP/1.1" 304 0 "https://read11.windbreakermanga.com/" "Mozilla/5.0 (Windows NT 10.0; Win64; x64) AppleWebKit/537.36 (KHTML, like Gecko) Chrome/136.0.0.0 Safari/537.36 Edg/136.0.0.0"
188.255.58.170 - - [10/Jun/2025:23:59:18 -0400] "GET /wp-content/cache/min/1/wp-content/plugins/simple-social-buttons/assets/js/front.js?ver=1746140519 HTTP/1.1" 200 1525 "https://read11.windbreakermanga.com/" "Mozilla/5.0 (Windows NT 10.0; Win64; x64) AppleWebKit/537.36 (KHTML, like Gecko) Chrome/136.0.0.0 Safari/537.36 Edg/136.0.0.0"
188.255.58.170 - - [10/Jun/2025:23:59:18 -0400] "GET /wp-content/themes/toivo-lite/js/settings.min.js?ver=1.2.0 HTTP/1.1" 200 307 "https://read11.windbreakermanga.com/" "Mozilla/5.0 (Windows NT 10.0; Win64; x64) AppleWebKit/537.36 (KHTML, like Gecko) Chrome/136.0.0.0 Safari/537.36 Edg/136.0.0.0"
188.255.58.170 - - [10/Jun/2025:23:59:18 -0400] "GET /wp-content/themes/toivo-lite/js/functions.min.js?ver=1.2.0 HTTP/1.1" 304 0 "https://read11.windbreakermanga.com/" "Mozilla/5.0 (Windows NT 10.0; Win64; x64) AppleWebKit/537.36 (KHTML, like Gecko) Chrome/136.0.0.0 Safari/537.36 Edg/136.0.0.0"
162.0.232.193 - - [10/Jun/2025:23:59:17 -0400] "GET /chapter-235/ HTTP/1.1" 200 11083 "-" "WP Rocket/Preload"
162.0.232.193 - - [10/Jun/2025:23:59:21 -0400] "GET /chapter-235/ HTTP/1.1" 200 0 "-" "WP Rocket/Preload Mozilla/5.0 (iPhone; CPU iPhone OS 9_1 like Mac OS X) AppleWebKit/601.1.46 (KHTML, like Gecko) Version/9.0 Mobile/13B143 Safari/601.1"
162.0.232.193 - - [10/Jun/2025:23:59:23 -0400] "GET /wind-breaker-chapter-207/ HTTP/1.1" 200 0 "-" "WP Rocket/Preload"
162.0.232.193 - - [10/Jun/2025:23:59:24 -0400] "GET /wind-breaker-chapter-207/ HTTP/1.1" 200 0 "-" "WP Rocket/Preload Mozilla/5.0 (iPhone; CPU iPhone OS 9_1 like Mac OS X) AppleWebKit/601.1.46 (KHTML, like Gecko) Version/9.0 Mobile/13B143 Safari/601.1"
162.0.232.193 - - [10/Jun/2025:23:59:26 -0400] "POST /wp-cron.php?doing_wp_cron=1749614365.5059010982513427734375 HTTP/1.1" 200 0 "-" "WordPress/6.8.1; https://read11.windbreakermanga.com"
162.0.232.193 - - [10/Jun/2025:23:59:26 -0400] "GET /wind-breaker-chapter-164/ HTTP/1.1" 200 0 "-" "WP Rocket/Preload"
162.0.232.193 - - [10/Jun/2025:23:59:28 -0400] "GET /wind-breaker-chapter-164/ HTTP/1.1" 200 0 "-" "WP Rocket/Preload Mozilla/5.0 (iPhone; CPU iPhone OS 9_1 like Mac OS X) AppleWebKit/601.1.46 (KHTML, like Gecko) Version/9.0 Mobile/13B143 Safari/601.1"
162.0.232.193 - - [10/Jun/2025:23:59:30 -0400] "GET /wind-breaker-chapter-106/ HTTP/1.1" 200 0 "-" "WP Rocket/Preload"
162.0.232.193 - - [10/Jun/2025:23:59:31 -0400] "GET /wind-breaker-chapter-106/ HTTP/1.1" 200 0 "-" "WP Rocket/Preload Mozilla/5.0 (iPhone; CPU iPhone OS 9_1 like Mac OS X) AppleWebKit/601.1.46 (KHTML, like Gecko) Version/9.0 Mobile/13B143 Safari/601.1"
162.0.232.193 - - [10/Jun/2025:23:59:32 -0400] "GET /wind-breaker-chapter-512/ HTTP/1.1" 200 0 "-" "WP Rocket/Preload"
162.0.232.193 - - [10/Jun/2025:23:59:34 -0400] "GET /wind-breaker-chapter-512/ HTTP/1.1" 200 0 "-" "WP Rocket/Preload Mozilla/5.0 (iPhone; CPU iPhone OS 9_1 like Mac OS X) AppleWebKit/601.1.46 (KHTML, like Gecko) Version/9.0 Mobile/13B143 Safari/601.1"
162.0.232.193 - - [10/Jun/2025:23:59:37 -0400] "POST /wp-cron.php?doing_wp_cron=1749614376.5022120475769042968750 HTTP/1.1" 200 0 "-" "WordPress/6.8.1; https://read11.windbreakermanga.com"
162.0.232.193 - - [10/Jun/2025:23:59:38 -0400] "GET /wind-breaker-chapter-195/ HTTP/1.1" 200 0 "-" "WP Rocket/Preload"
66.249.77.192 - - [10/Jun/2025:23:59:38 -0400] "GET /item/5760036 HTTP/1.1" 200 81594 "-" "Mozilla/5.0 (Linux; Android 6.0.1; Nexus 5X Build/MMB29P) AppleWebKit/537.36 (KHTML, like Gecko) Chrome/136.0.7103.113 Mobile Safari/537.36 (compatible; Googlebot/2.1; +http://www.google.com/bot.html)"
162.0.232.193 - - [10/Jun/2025:23:59:40 -0400] "GET /wind-breaker-chapter-195/ HTTP/1.1" 200 0 "-" "WP Rocket/Preload Mozilla/5.0 (iPhone; CPU iPhone OS 9_1 like Mac OS X) AppleWebKit/601.1.46 (KHTML, like Gecko) Version/9.0 Mobile/13B143 Safari/601.1"
216.73.216.239 - - [10/Jun/2025:23:59:42 -0400] "GET /shopdetail/273355652 HTTP/1.1" 500 1034 "-" "Mozilla/5.0 AppleWebKit/537.36 (KHTML, like Gecko; compatible; ClaudeBot/1.0; [email protected])"
162.0.232.193 - - [10/Jun/2025:23:59:42 -0400] "GET /wind-breaker-chapter-506/ HTTP/1.1" 200 0 "-" "WP Rocket/Preload"
216.73.216.239 - - [10/Jun/2025:23:59:42 -0400] "GET /shopdetail/273400676 HTTP/1.1" 500 1034 "-" "Mozilla/5.0 AppleWebKit/537.36 (KHTML, like Gecko; compatible; ClaudeBot/1.0; [email protected])"
216.73.216.239 - - [10/Jun/2025:23:59:42 -0400] "GET /shopdetail/274659536 HTTP/1.1" 500 1034 "-" "Mozilla/5.0 AppleWebKit/537.36 (KHTML, like Gecko; compatible; ClaudeBot/1.0; [email protected])"
162.0.232.193 - - [10/Jun/2025:23:59:44 -0400] "GET /wind-breaker-chapter-506/ HTTP/1.1" 200 0 "-" "WP Rocket/Preload Mozilla/5.0 (iPhone; CPU iPhone OS 9_1 like Mac OS X) AppleWebKit/601.1.46 (KHTML, like Gecko) Version/9.0 Mobile/13B143 Safari/601.1"
162.0.232.193 - - [10/Jun/2025:23:59:45 -0400] "GET /wind-breaker-chapter-513/ HTTP/1.1" 200 0 "-" "WP Rocket/Preload"
162.0.232.193 - - [10/Jun/2025:23:59:46 -0400] "GET /wind-breaker-chapter-513/ HTTP/1.1" 200 0 "-" "WP Rocket/Preload Mozilla/5.0 (iPhone; CPU iPhone OS 9_1 like Mac OS X) AppleWebKit/601.1.46 (KHTML, like Gecko) Version/9.0 Mobile/13B143 Safari/601.1"
162.0.232.193 - - [10/Jun/2025:23:59:48 -0400] "GET /chapter-426/ HTTP/1.1" 200 0 "-" "WP Rocket/Preload"
40.77.167.70 - - [10/Jun/2025:23:59:48 -0400] "GET /wind-breaker-chapter-168/ HTTP/1.1" 200 81626 "-" "Mozilla/5.0 AppleWebKit/537.36 (KHTML, like Gecko; compatible; bingbot/2.0; +http://www.bing.com/bingbot.htm) Chrome/116.0.1938.76 Safari/537.36"
162.0.232.193 - - [10/Jun/2025:23:59:49 -0400] "GET /chapter-426/ HTTP/1.1" 200 0 "-" "WP Rocket/Preload Mozilla/5.0 (iPhone; CPU iPhone OS 9_1 like Mac OS X) AppleWebKit/601.1.46 (KHTML, like Gecko) Version/9.0 Mobile/13B143 Safari/601.1"
162.0.232.193 - - [10/Jun/2025:23:59:51 -0400] "GET /wind-breaker-chapter-266/ HTTP/1.1" 200 0 "-" "WP Rocket/Preload"
162.0.232.193 - - [10/Jun/2025:23:59:53 -0400] "GET /wind-breaker-chapter-266/ HTTP/1.1" 200 0 "-" "WP Rocket/Preload Mozilla/5.0 (iPhone; CPU iPhone OS 9_1 like Mac OS X) AppleWebKit/601.1.46 (KHTML, like Gecko) Version/9.0 Mobile/13B143 Safari/601.1"
66.249.77.201 - - [10/Jun/2025:23:59:54 -0400] "GET /product5247472 HTTP/1.1" 200 81611 "-" "Mozilla/5.0 (Linux; Android 6.0.1; Nexus 5X Build/MMB29P) AppleWebKit/537.36 (KHTML, like Gecko) Chrome/136.0.7103.113 Mobile Safari/537.36 (compatible; Googlebot/2.1; +http://www.google.com/bot.html)"
162.0.232.193 - - [10/Jun/2025:23:59:54 -0400] "GET /chapter-428/ HTTP/1.1" 200 0 "-" "WP Rocket/Preload"
162.0.232.193 - - [10/Jun/2025:23:59:56 -0400] "GET /chapter-428/ HTTP/1.1" 200 0 "-" "WP Rocket/Preload Mozilla/5.0 (iPhone; CPU iPhone OS 9_1 like Mac OS X) AppleWebKit/601.1.46 (KHTML, like Gecko) Version/9.0 Mobile/13B143 Safari/601.1"
162.0.232.193 - - [10/Jun/2025:23:59:57 -0400] "GET /chapter-420/ HTTP/1.1" 200 0 "-" "WP Rocket/Preload"
162.0.232.193 - - [10/Jun/2025:23:59:59 -0400] "GET /chapter-420/ HTTP/1.1" 200 0 "-" "WP Rocket/Preload Mozilla/5.0 (iPhone; CPU iPhone OS 9_1 like Mac OS X) AppleWebKit/601.1.46 (KHTML, like Gecko) Version/9.0 Mobile/13B143 Safari/601.1"
162.0.232.193 - - [11/Jun/2025:00:00:06 -0400] "POST /wp-cron.php?doing_wp_cron=1749614405.4991230964660644531250 HTTP/1.1" 200 0 "-" "WordPress/6.8.1; https://read11.windbreakermanga.com"
2001:861:3143:8140:b06e:1d9a:daef:1288 - - [11/Jun/2025:00:00:04 -0400] "GET /wind-breaker-chapter-357/ HTTP/1.1" 200 11893 "-" "Mozilla/5.0 (Macintosh; Intel Mac OS X 10.15; rv:89.0) Gecko/20100101 Firefox/89.0"
66.249.77.201 - - [11/Jun/2025:00:00:13 -0400] "GET /entity/lkc/chuckfull/5250416 HTTP/1.1" 200 81418 "-" "Mozilla/5.0 (Linux; Android 6.0.1; Nexus 5X Build/MMB29P) AppleWebKit/537.36 (KHTML, like Gecko) Chrome/136.0.7103.113 Mobile Safari/537.36 (compatible; Googlebot/2.1; +http://www.google.com/bot.html)"
66.249.77.201 - - [11/Jun/2025:00:00:29 -0400] "GET /product33912264 HTTP/1.1" 200 81093 "-" "Mozilla/5.0 (Linux; Android 6.0.1; Nexus 5X Build/MMB29P) AppleWebKit/537.36 (KHTML, like Gecko) Chrome/136.0.7103.113 Mobile Safari/537.36 (compatible; Googlebot/2.1; +http://www.google.com/bot.html)"
66.249.77.192 - - [11/Jun/2025:00:00:31 -0400] "GET /shopdetail115871388 HTTP/1.1" 200 81050 "-" "Mozilla/5.0 (Linux; Android 6.0.1; Nexus 5X Build/MMB29P) AppleWebKit/537.36 (KHTML, like Gecko) Chrome/136.0.7103.113 Mobile Safari/537.36 (compatible; Googlebot/2.1; +http://www.google.com/bot.html)"
66.249.77.201 - - [11/Jun/2025:00:02:34 -0400] "GET /goods/aci/experiential/6646180 HTTP/1.1" 200 81292 "-" "Mozilla/5.0 (Linux; Android 6.0.1; Nexus 5X Build/MMB29P) AppleWebKit/537.36 (KHTML, like Gecko) Chrome/136.0.7103.113 Mobile Safari/537.36 (compatible; Googlebot/2.1; +http://www.google.com/bot.html)"
216.73.216.239 - - [11/Jun/2025:00:02:34 -0400] "GET /shopdetail/274653084 HTTP/1.1" 500 1034 "-" "Mozilla/5.0 AppleWebKit/537.36 (KHTML, like Gecko; compatible; ClaudeBot/1.0; [email protected])"
216.73.216.239 - - [11/Jun/2025:00:02:34 -0400] "GET /shopdetail/273388028 HTTP/1.1" 500 1034 "-" "Mozilla/5.0 AppleWebKit/537.36 (KHTML, like Gecko; compatible; ClaudeBot/1.0; [email protected])"
216.73.216.239 - - [11/Jun/2025:00:02:34 -0400] "GET /shopdetail/273401484 HTTP/1.1" 500 1034 "-" "Mozilla/5.0 AppleWebKit/537.36 (KHTML, like Gecko; compatible; ClaudeBot/1.0; [email protected])"
162.0.232.193 - - [11/Jun/2025:00:02:56 -0400] "POST /wp-cron.php?doing_wp_cron=1749614576.4985249042510986328125 HTTP/1.1" 200 0 "-" "WordPress/6.8.1; https://read11.windbreakermanga.com"
2001:861:3143:8140:b06e:1d9a:daef:1288 - - [11/Jun/2025:00:02:53 -0400] "GET /wind-breaker-chapter-360/ HTTP/1.1" 200 11598 "-" "Mozilla/5.0 (iPad; CPU OS 13_6 like Mac OS X) AppleWebKit/605.1.15 (KHTML, like Gecko) Version/13.1.2 Mobile/15E148 Safari/604.1"
162.0.232.193 - - [11/Jun/2025:00:02:57 -0400] "GET /wind-breaker-chapter-271/ HTTP/1.1" 200 12485 "-" "WP Rocket/Preload"
66.249.77.192 - - [11/Jun/2025:00:02:59 -0400] "GET /entity36732288 HTTP/1.1" 200 80987 "-" "Mozilla/5.0 (Linux; Android 6.0.1; Nexus 5X Build/MMB29P) AppleWebKit/537.36 (KHTML, like Gecko) Chrome/136.0.7103.113 Mobile Safari/537.36 (compatible; Googlebot/2.1; +http://www.google.com/bot.html)"
162.0.232.193 - - [11/Jun/2025:00:02:59 -0400] "GET /wind-breaker-chapter-271/ HTTP/1.1" 200 0 "-" "WP Rocket/Preload Mozilla/5.0 (iPhone; CPU iPhone OS 9_1 like Mac OS X) AppleWebKit/601.1.46 (KHTML, like Gecko) Version/9.0 Mobile/13B143 Safari/601.1"
162.0.232.193 - - [11/Jun/2025:00:03:01 -0400] "GET /wind-breaker-chapter-276/ HTTP/1.1" 200 0 "-" "WP Rocket/Preload"
162.0.232.193 - - [11/Jun/2025:00:03:03 -0400] "GET /wind-breaker-chapter-276/ HTTP/1.1" 200 12239 "-" "WP Rocket/Preload Mozilla/5.0 (iPhone; CPU iPhone OS 9_1 like Mac OS X) AppleWebKit/601.1.46 (KHTML, like Gecko) Version/9.0 Mobile/13B143 Safari/601.1"
162.0.232.193 - - [11/Jun/2025:00:03:04 -0400] "GET /wind-breaker-chapter-219/ HTTP/1.1" 200 0 "-" "WP Rocket/Preload"
162.0.232.193 - - [11/Jun/2025:00:03:05 -0400] "GET /wind-breaker-chapter-219/ HTTP/1.1" 200 12091 "-" "WP Rocket/Preload Mozilla/5.0 (iPhone; CPU iPhone OS 9_1 like Mac OS X) AppleWebKit/601.1.46 (KHTML, like Gecko) Version/9.0 Mobile/13B143 Safari/601.1"
162.0.232.193 - - [11/Jun/2025:00:03:06 -0400] "GET /wind-breaker-chapter-197/ HTTP/1.1" 200 0 "-" "WP Rocket/Preload"
162.0.232.193 - - [11/Jun/2025:00:03:08 -0400] "GET /wind-breaker-chapter-197/ HTTP/1.1" 200 0 "-" "WP Rocket/Preload Mozilla/5.0 (iPhone; CPU iPhone OS 9_1 like Mac OS X) AppleWebKit/601.1.46 (KHTML, like Gecko) Version/9.0 Mobile/13B143 Safari/601.1"
162.0.232.193 - - [11/Jun/2025:00:03:09 -0400] "GET /wind-breaker-chapter-111/ HTTP/1.1" 200 0 "-" "WP Rocket/Preload"
162.0.232.193 - - [11/Jun/2025:00:03:11 -0400] "GET /wind-breaker-chapter-111/ HTTP/1.1" 200 0 "-" "WP Rocket/Preload Mozilla/5.0 (iPhone; CPU iPhone OS 9_1 like Mac OS X) AppleWebKit/601.1.46 (KHTML, like Gecko) Version/9.0 Mobile/13B143 Safari/601.1"
162.0.232.193 - - [11/Jun/2025:00:03:13 -0400] "GET /wind-breaker-chapter-27/ HTTP/1.1" 200 0 "-" "WP Rocket/Preload"
162.0.232.193 - - [11/Jun/2025:00:03:14 -0400] "GET /wind-breaker-chapter-27/ HTTP/1.1" 200 0 "-" "WP Rocket/Preload Mozilla/5.0 (iPhone; CPU iPhone OS 9_1 like Mac OS X) AppleWebKit/601.1.46 (KHTML, like Gecko) Version/9.0 Mobile/13B143 Safari/601.1"
66.249.77.199 - - [11/Jun/2025:00:03:15 -0400] "GET /product115875832 HTTP/1.1" 200 81452 "-" "Mozilla/5.0 (Linux; Android 6.0.1; Nexus 5X Build/MMB29P) AppleWebKit/537.36 (KHTML, like Gecko) Chrome/136.0.7103.113 Mobile Safari/537.36 (compatible; Googlebot/2.1; +http://www.google.com/bot.html)"
162.0.232.193 - - [11/Jun/2025:00:03:16 -0400] "GET /category/wind-breaker/ HTTP/1.1" 200 0 "-" "WP Rocket/Preload"
162.0.232.193 - - [11/Jun/2025:00:03:18 -0400] "GET /category/wind-breaker/ HTTP/1.1" 200 0 "-" "WP Rocket/Preload Mozilla/5.0 (iPhone; CPU iPhone OS 9_1 like Mac OS X) AppleWebKit/601.1.46 (KHTML, like Gecko) Version/9.0 Mobile/13B143 Safari/601.1"
216.73.216.239 - - [11/Jun/2025:00:03:21 -0400] "GET /shopdetail/273379840 HTTP/1.1" 500 1034 "-" "Mozilla/5.0 AppleWebKit/537.36 (KHTML, like Gecko; compatible; ClaudeBot/1.0; [email protected])"
216.73.216.239 - - [11/Jun/2025:00:03:21 -0400] "GET /shopdetail/274675528 HTTP/1.1" 500 1034 "-" "Mozilla/5.0 AppleWebKit/537.36 (KHTML, like Gecko; compatible; ClaudeBot/1.0; [email protected])"
216.73.216.239 - - [11/Jun/2025:00:03:22 -0400] "GET /shopdetail/273363848 HTTP/1.1" 500 1034 "-" "Mozilla/5.0 AppleWebKit/537.36 (KHTML, like Gecko; compatible; ClaudeBot/1.0; [email protected])"
66.249.77.199 - - [11/Jun/2025:00:03:44 -0400] "GET /shopbrand115870252 HTTP/1.1" 200 81150 "-" "Mozilla/5.0 (Linux; Android 6.0.1; Nexus 5X Build/MMB29P) AppleWebKit/537.36 (KHTML, like Gecko) Chrome/136.0.7103.113 Mobile Safari/537.36 (compatible; Googlebot/2.1; +http://www.google.com/bot.html)"
66.249.77.199 - - [11/Jun/2025:00:03:59 -0400] "GET /goodscode115871216 HTTP/1.1" 200 81825 "-" "Mozilla/5.0 (Linux; Android 6.0.1; Nexus 5X Build/MMB29P) AppleWebKit/537.36 (KHTML, like Gecko) Chrome/136.0.7103.113 Mobile Safari/537.36 (compatible; Googlebot/2.1; +http://www.google.com/bot.html)"
162.0.232.193 - - [11/Jun/2025:00:04:12 -0400] "POST /wp-cron.php?doing_wp_cron=1749614651.9159579277038574218750 HTTP/1.1" 200 0 "-" "WordPress/6.8.1; https://read11.windbreakermanga.com"
2001:861:3143:8140:b06e:1d9a:daef:1288 - - [11/Jun/2025:00:04:10 -0400] "GET /wind-breaker-chapter-361/ HTTP/1.1" 200 11810 "-" "Mozilla/5.0 (Macintosh; Intel Mac OS X 10.15; rv:89.0) Gecko/20100101 Firefox/89.0"
66.249.77.199 - - [11/Jun/2025:00:04:14 -0400] "GET /goods115866136 HTTP/1.1" 200 80770 "-" "Mozilla/5.0 (Linux; Android 6.0.1; Nexus 5X Build/MMB29P) AppleWebKit/537.36 (KHTML, like Gecko) Chrome/136.0.7103.113 Mobile Safari/537.36 (compatible; Googlebot/2.1; +http://www.google.com/bot.html)"
66.249.77.199 - - [11/Jun/2025:00:04:16 -0400] "GET /goodscode115652724 HTTP/1.1" 200 81341 "-" "Mozilla/5.0 (Linux; Android 6.0.1; Nexus 5X Build/MMB29P) AppleWebKit/537.36 (KHTML, like Gecko) Chrome/136.0.7103.113 Mobile Safari/537.36 (compatible; Googlebot/2.1; +http://www.google.com/bot.html)"
162.0.232.193 - - [11/Jun/2025:00:04:14 -0400] "GET /wind-breaker-chapter-529/ HTTP/1.1" 200 11659 "-" "WP Rocket/Preload"
162.0.232.193 - - [11/Jun/2025:00:04:18 -0400] "GET /wind-breaker-chapter-529/ HTTP/1.1" 200 11679 "-" "WP Rocket/Preload Mozilla/5.0 (iPhone; CPU iPhone OS 9_1 like Mac OS X) AppleWebKit/601.1.46 (KHTML, like Gecko) Version/9.0 Mobile/13B143 Safari/601.1"
216.73.216.239 - - [11/Jun/2025:00:04:19 -0400] "GET /shopdetail/274697808 HTTP/1.1" 500 1034 "-" "Mozilla/5.0 AppleWebKit/537.36 (KHTML, like Gecko; compatible; ClaudeBot/1.0; [email protected])"
216.73.216.239 - - [11/Jun/2025:00:04:19 -0400] "GET /shopdetail/273405292 HTTP/1.1" 500 1034 "-" "Mozilla/5.0 AppleWebKit/537.36 (KHTML, like Gecko; compatible; ClaudeBot/1.0; [email protected])"
216.73.216.239 - - [11/Jun/2025:00:04:19 -0400] "GET /shopdetail/274702096 HTTP/1.1" 500 1034 "-" "Mozilla/5.0 AppleWebKit/537.36 (KHTML, like Gecko; compatible; ClaudeBot/1.0; [email protected])"
162.0.232.193 - - [11/Jun/2025:00:04:20 -0400] "GET /wind-breaker-chapter-521/ HTTP/1.1" 200 0 "-" "WP Rocket/Preload"
162.0.232.193 - - [11/Jun/2025:00:04:21 -0400] "GET /wind-breaker-chapter-521/ HTTP/1.1" 200 11592 "-" "WP Rocket/Preload Mozilla/5.0 (iPhone; CPU iPhone OS 9_1 like Mac OS X) AppleWebKit/601.1.46 (KHTML, like Gecko) Version/9.0 Mobile/13B143 Safari/601.1"
162.0.232.193 - - [11/Jun/2025:00:04:22 -0400] "GET /wind-breaker-chapter-516/ HTTP/1.1" 200 0 "-" "WP Rocket/Preload"
162.0.232.193 - - [11/Jun/2025:00:04:24 -0400] "GET /wind-breaker-chapter-516/ HTTP/1.1" 200 11710 "-" "WP Rocket/Preload Mozilla/5.0 (iPhone; CPU iPhone OS 9_1 like Mac OS X) AppleWebKit/601.1.46 (KHTML, like Gecko) Version/9.0 Mobile/13B143 Safari/601.1"
162.0.232.193 - - [11/Jun/2025:00:04:25 -0400] "GET /wind-breaker-chapter-514/ HTTP/1.1" 200 0 "-" "WP Rocket/Preload"
162.0.232.193 - - [11/Jun/2025:00:04:26 -0400] "GET /wind-breaker-chapter-514/ HTTP/1.1" 200 11509 "-" "WP Rocket/Preload Mozilla/5.0 (iPhone; CPU iPhone OS 9_1 like Mac OS X) AppleWebKit/601.1.46 (KHTML, like Gecko) Version/9.0 Mobile/13B143 Safari/601.1"
162.0.232.193 - - [11/Jun/2025:00:04:28 -0400] "GET /wind-breaker-chapter-502/ HTTP/1.1" 200 11628 "-" "WP Rocket/Preload"
162.0.232.193 - - [11/Jun/2025:00:04:29 -0400] "GET /wind-breaker-chapter-502/ HTTP/1.1" 200 0 "-" "WP Rocket/Preload Mozilla/5.0 (iPhone; CPU iPhone OS 9_1 like Mac OS X) AppleWebKit/601.1.46 (KHTML, like Gecko) Version/9.0 Mobile/13B143 Safari/601.1"
162.0.232.193 - - [11/Jun/2025:00:04:31 -0400] "GET /wind-breaker-chapter-479/ HTTP/1.1" 200 0 "-" "WP Rocket/Preload"
66.249.77.199 - - [11/Jun/2025:00:04:32 -0400] "GET /special221036384 HTTP/1.1" 200 81323 "-" "Mozilla/5.0 (Linux; Android 6.0.1; Nexus 5X Build/MMB29P) AppleWebKit/537.36 (KHTML, like Gecko) Chrome/136.0.7103.113 Mobile Safari/537.36 (compatible; Googlebot/2.1; +http://www.google.com/bot.html)"
162.0.232.193 - - [11/Jun/2025:00:04:33 -0400] "GET /wind-breaker-chapter-479/ HTTP/1.1" 200 0 "-" "WP Rocket/Preload Mozilla/5.0 (iPhone; CPU iPhone OS 9_1 like Mac OS X) AppleWebKit/601.1.46 (KHTML, like Gecko) Version/9.0 Mobile/13B143 Safari/601.1"
162.0.232.193 - - [11/Jun/2025:00:04:43 -0400] "GET /wp-content/uploads/f979bbbcbe9df560cb74049269d2541e_4104.xml HTTP/1.1" 200 2271 "-" "Mozilla/5.0 (X11; Linux x86_64) AppleWebKit/537.36 (KHTML, like Gecko) Ubuntu Chromium/41.0.2272.76"
66.249.77.199 - - [11/Jun/2025:00:04:47 -0400] "GET /entity115868980 HTTP/1.1" 200 80995 "-" "Mozilla/5.0 (Linux; Android 6.0.1; Nexus 5X Build/MMB29P) AppleWebKit/537.36 (KHTML, like Gecko) Chrome/136.0.7103.113 Mobile Safari/537.36 (compatible; Googlebot/2.1; +http://www.google.com/bot.html)"
66.249.77.199 - - [11/Jun/2025:00:05:02 -0400] "GET /detail115871624 HTTP/1.1" 200 81403 "-" "Mozilla/5.0 (Linux; Android 6.0.1; Nexus 5X Build/MMB29P) AppleWebKit/537.36 (KHTML, like Gecko) Chrome/136.0.7103.113 Mobile Safari/537.36 (compatible; Googlebot/2.1; +http://www.google.com/bot.html)"
2001:861:3143:8140:b06e:1d9a:daef:1288 - - [11/Jun/2025:00:05:09 -0400] "GET /wind-breaker-chapter-362/ HTTP/1.1" 200 11790 "-" "Mozilla/5.0 (Windows NT 10.0; Win64; x64) AppleWebKit/537.36 (KHTML, like Gecko) Chrome/91.0.4472.124 Safari/537.36"
216.73.216.239 - - [11/Jun/2025:00:05:15 -0400] "GET /shopdetail/273390108 HTTP/1.1" 500 1034 "-" "Mozilla/5.0 AppleWebKit/537.36 (KHTML, like Gecko; compatible; ClaudeBot/1.0; [email protected])"
216.73.216.239 - - [11/Jun/2025:00:05:16 -0400] "GET /shopdetail/274633340 HTTP/1.1" 500 1034 "-" "Mozilla/5.0 AppleWebKit/537.36 (KHTML, like Gecko; compatible; ClaudeBot/1.0; [email protected])"
216.73.216.239 - - [11/Jun/2025:00:05:16 -0400] "GET /shopdetail/274636284 HTTP/1.1" 500 1034 "-" "Mozilla/5.0 AppleWebKit/537.36 (KHTML, like Gecko; compatible; ClaudeBot/1.0; [email protected])"
66.249.77.199 - - [11/Jun/2025:00:05:18 -0400] "GET /product115873832 HTTP/1.1" 200 81041 "-" "Mozilla/5.0 (Linux; Android 6.0.1; Nexus 5X Build/MMB29P) AppleWebKit/537.36 (KHTML, like Gecko) Chrome/136.0.7103.113 Mobile Safari/537.36 (compatible; Googlebot/2.1; +http://www.google.com/bot.html)"
66.249.77.201 - - [11/Jun/2025:00:00:32 -0400] "GET /detail/ki/skald/5250188 HTTP/1.1" 200 81309 "-" "Mozilla/5.0 (Linux; Android 6.0.1; Nexus 5X Build/MMB29P) AppleWebKit/537.36 (KHTML, like Gecko) Chrome/136.0.7103.113 Mobile Safari/537.36 (compatible; Googlebot/2.1; +http://www.google.com/bot.html)"
216.73.216.239 - - [11/Jun/2025:00:00:39 -0400] "GET /shopdetail/274688948 HTTP/1.1" 500 1034 "-" "Mozilla/5.0 AppleWebKit/537.36 (KHTML, like Gecko; compatible; ClaudeBot/1.0; [email protected])"
216.73.216.239 - - [11/Jun/2025:00:00:39 -0400] "GET /shopdetail/274691184 HTTP/1.1" 500 1034 "-" "Mozilla/5.0 AppleWebKit/537.36 (KHTML, like Gecko; compatible; ClaudeBot/1.0; [email protected])"
216.73.216.239 - - [11/Jun/2025:00:00:39 -0400] "GET /shopdetail/273404656 HTTP/1.1" 500 1034 "-" "Mozilla/5.0 AppleWebKit/537.36 (KHTML, like Gecko; compatible; ClaudeBot/1.0; [email protected])"
