49.51.195.195 - - [08/Jun/2025:20:48:42 -0400] "GET /wind-breaker-chapter-12/feed/ HTTP/1.1" 200 419 "-" "Mozilla/5.0 (iPhone; CPU iPhone OS 13_2_3 like Mac OS X) AppleWebKit/605.1.15 (KHTML, like Gecko) Version/13.0.3 Mobile/15E148 Safari/604.1"
47.128.27.201 - - [08/Jun/2025:20:48:54 -0400] "GET /category/wind-breaker/page/35/ HTTP/1.1" 200 13586 "-" "Mozilla/5.0 (compatible; Bytespider; [email protected]) AppleWebKit/537.36 (KHTML, like Gecko) Chrome/70.0.0.0 Safari/537.36"
162.0.232.193 - - [08/Jun/2025:20:49:27 -0400] "POST /wp-cron.php?doing_wp_cron=1749430166.9750399589538574218750 HTTP/1.1" 200 0 "-" "WordPress/6.8.1; https://read11.windbreakermanga.com"
2a03:2880:f800:18:: - - [08/Jun/2025:20:49:26 -0400] "GET /category/wind-breaker-manhwa/page/30/ HTTP/1.1" 200 14038 "-" "meta-externalagent/1.1 (+https://developers.facebook.com/docs/sharing/webmasters/crawler)"
162.0.232.193 - - [08/Jun/2025:20:49:57 -0400] "POST /wp-cron.php?doing_wp_cron=1749430197.8071200847625732421875 HTTP/1.1" 200 0 "-" "WordPress/6.8.1; https://read11.windbreakermanga.com"
14.162.157.20 - - [08/Jun/2025:20:49:57 -0400] "GET /wind-breaker-chapter-200-part-2-ep-132/ HTTP/1.1" 301 0 "-" "Mozilla/5.0 (Windows NT 10.0; Win64; x64) AppleWebKit/537.36 (KHTML, like Gecko) Chrome/122.0.0.0 Safari/537.36"
2001:ee0:42cd:c96e:d0cc:e1f9:94b4:8957 - - [08/Jun/2025:20:50:01 -0400] "GET / HTTP/1.1" 200 12572 "-" "Mozilla/5.0 (Windows NT 10.0; Win64; x64) AppleWebKit/537.36 (KHTML, like Gecko) Chrome/122.0.0.0 Safari/537.36"
2a03:2880:f800:3:: - - [08/Jun/2025:20:51:06 -0400] "GET /author/admin/ HTTP/1.1" 200 12443 "-" "meta-externalagent/1.1 (+https://developers.facebook.com/docs/sharing/webmasters/crawler)"
104.200.28.180 - - [08/Jun/2025:20:53:45 -0400] "GET /wp-content/plugins/fix/up.php HTTP/1.1" 200 151 "-" "Mozilla/5.0 (Windows NT 10.0; Win64; x64; rv:139.0) Gecko/20100101 Firefox/139.0"
104.200.28.180 - - [08/Jun/2025:20:53:47 -0400] "GET / HTTP/1.1" 200 12572 "-" "Mozilla/5.0 (Windows NT 10.0; Win64; x64; rv:139.0) Gecko/20100101 Firefox/139.0"
162.0.232.193 - - [08/Jun/2025:20:53:53 -0400] "POST /wp-cron.php?doing_wp_cron=1749430433.7200229167938232421875 HTTP/1.1" 200 0 "-" "WordPress/6.8.1; https://read11.windbreakermanga.com"
104.200.28.180 - - [08/Jun/2025:20:53:52 -0400] "GET /favicon.ico HTTP/1.1" 302 0 "https://read11.windbreakermanga.com/wp-content/plugins/fix/up.php" "Mozilla/5.0 (Windows NT 10.0; Win64; x64; rv:139.0) Gecko/20100101 Firefox/139.0"
162.0.232.193 - - [08/Jun/2025:20:53:55 -0400] "GET /wp-content/uploads/f979bbbcbe9df560cb74049269d2541e_4104.xml HTTP/1.1" 200 2577 "-" "Mozilla/5.0 (X11; Linux x86_64) AppleWebKit/537.36 (KHTML, like Gecko) Ubuntu Chromium/41.0.2272.76"
162.0.232.193 - - [08/Jun/2025:20:55:54 -0400] "POST /wp-cron.php?doing_wp_cron=1749430554.3800430297851562500000 HTTP/1.1" 200 0 "-" "WordPress/6.8.1; https://read11.windbreakermanga.com"
114.119.135.251 - - [08/Jun/2025:20:55:55 -0400] "GET / HTTP/1.1" 200 12578 "https://windbreakermanga.com/wp-content/uploads/2021/11/wbr-685x1024.jpeg" "Mozilla/5.0 (Linux; Android 7.0;) AppleWebKit/537.36 (KHTML, like Gecko) Mobile Safari/537.36 (compatible; PetalBot;+https://webmaster.petalsearch.com/site/petalbot)"
40.77.167.59 - - [08/Jun/2025:20:56:39 -0400] "GET /wind-breaker-chapter-154/ HTTP/1.1" 200 12298 "-" "Mozilla/5.0 AppleWebKit/537.36 (KHTML, like Gecko; compatible; bingbot/2.0; +http://www.bing.com/bingbot.htm) Chrome/116.0.1938.76 Safari/537.36"
162.0.232.193 - - [08/Jun/2025:20:56:44 -0400] "POST /wp-cron.php?doing_wp_cron=1749430604.0059659481048583984375 HTTP/1.1" 200 0 "-" "WordPress/6.8.1; https://read11.windbreakermanga.com"
52.167.144.174 - - [08/Jun/2025:20:56:43 -0400] "GET /wind-breaker-chapter-286/feed/ HTTP/1.1" 200 422 "-" "Mozilla/5.0 AppleWebKit/537.36 (KHTML, like Gecko; compatible; bingbot/2.0; +http://www.bing.com/bingbot.htm) Chrome/116.0.1938.76 Safari/537.36"
173.208.148.34 - - [08/Jun/2025:20:57:04 -0400] "GET / HTTP/1.1" 200 12572 "-" "Mozilla/5.0 (Windows NT 10.0; Win64; x64) AppleWebKit/537.36 (KHTML, like Gecko) Chrome/91.0.4472.106 Safari/537.36"
173.208.148.34 - - [08/Jun/2025:20:57:04 -0400] "GET / HTTP/1.1" 200 12572 "-" "Mozilla/5.0 (compatible; Googlebot/2.1; +http://www.google.com/bot.html)"
173.208.148.34 - - [08/Jun/2025:20:57:05 -0400] "GET /index.php?params=1 HTTP/1.1" 301 0 "-" "Mozilla/5.0 (Windows NT 10.0; Win64; x64) AppleWebKit/537.36 (KHTML, like Gecko) Chrome/91.0.4472.106 Safari/537.36"
173.208.148.34 - - [08/Jun/2025:20:57:05 -0400] "GET /?params=1 HTTP/1.1" 200 12380 "-" "Mozilla/5.0 (Windows NT 10.0; Win64; x64) AppleWebKit/537.36 (KHTML, like Gecko) Chrome/91.0.4472.106 Safari/537.36"
114.119.130.178 - - [08/Jun/2025:20:57:16 -0400] "GET /wind-breaker-chapter-348/ HTTP/1.1" 200 11547 "https://read8.windbreakermanga.com/wind-breaker/wind-breaker-chapter-167/" "Mozilla/5.0 (Linux; Android 7.0;) AppleWebKit/537.36 (KHTML, like Gecko) Mobile Safari/537.36 (compatible; PetalBot;+https://webmaster.petalsearch.com/site/petalbot)"
104.200.28.180 - - [08/Jun/2025:20:57:53 -0400] "POST /wp-content/plugins/fix/up.php HTTP/1.1" 200 175 "https://read11.windbreakermanga.com/wp-content/plugins/fix/up.php" "Mozilla/5.0 (Windows NT 10.0; Win64; x64; rv:139.0) Gecko/20100101 Firefox/139.0"
162.0.232.193 - - [08/Jun/2025:20:57:56 -0400] "POST /wp-cron.php?doing_wp_cron=1749430676.8868288993835449218750 HTTP/1.1" 200 0 "-" "WordPress/6.8.1; https://read11.windbreakermanga.com"
104.200.28.180 - - [08/Jun/2025:20:57:56 -0400] "GET /favicon.ico HTTP/1.1" 302 0 "https://read11.windbreakermanga.com/wp-content/plugins/fix/up.php" "Mozilla/5.0 (Windows NT 10.0; Win64; x64; rv:139.0) Gecko/20100101 Firefox/139.0"
162.0.232.193 - - [08/Jun/2025:20:57:58 -0400] "GET /wp-content/uploads/f979bbbcbe9df560cb74049269d2541e_4104.xml HTTP/1.1" 200 2577 "-" "Mozilla/5.0 (X11; Linux x86_64) AppleWebKit/537.36 (KHTML, like Gecko) Ubuntu Chromium/41.0.2272.76"
104.200.28.180 - - [08/Jun/2025:20:58:01 -0400] "GET /wp-content/plugins/fix/2.php HTTP/1.1" 404 3209 "-" "Mozilla/5.0 (Windows NT 10.0; Win64; x64; rv:139.0) Gecko/20100101 Firefox/139.0"
104.200.28.180 - - [08/Jun/2025:20:58:17 -0400] "GET /wp-content/plugins/fix/2.php?p=2f686f6d652f686f6e6568647976 HTTP/1.1" 404 6193 "https://read11.windbreakermanga.com/wp-content/plugins/fix/2.php" "Mozilla/5.0 (Windows NT 10.0; Win64; x64; rv:139.0) Gecko/20100101 Firefox/139.0"
114.119.152.134 - - [08/Jun/2025:20:58:34 -0400] "GET /wind-breaker-chapter-266/ HTTP/1.1" 200 12547 "https://read8.windbreakermanga.com/wind-breaker/wind-breaker-chapter-167/" "Mozilla/5.0 (Linux; Android 7.0;) AppleWebKit/537.36 (KHTML, like Gecko) Mobile Safari/537.36 (compatible; PetalBot;+https://webmaster.petalsearch.com/site/petalbot)"
14.177.235.146 - - [08/Jun/2025:20:58:48 -0400] "GET /wind-breaker-chapter-438/ HTTP/1.1" 200 11830 "-" "Mozilla/5.0 (Android 8.1.0; Mobile; rv:123.0) Gecko/123.0 Firefox/123.0"
162.0.232.193 - - [08/Jun/2025:20:59:10 -0400] "POST /wp-cron.php?doing_wp_cron=1749430749.9547080993652343750000 HTTP/1.1" 200 0 "-" "WordPress/6.8.1; https://read11.windbreakermanga.com"
66.249.77.200 - - [08/Jun/2025:20:59:09 -0400] "GET /ads.txt HTTP/1.1" 301 0 "-" "Mozilla/5.0 (compatible; Googlebot/2.1; +http://www.google.com/bot.html)"
66.249.77.201 - - [08/Jun/2025:20:59:12 -0400] "GET / HTTP/1.1" 200 12572 "-" "Mozilla/5.0 (compatible; Googlebot/2.1; +http://www.google.com/bot.html)"
66.249.77.200 - - [08/Jun/2025:20:59:12 -0400] "GET / HTTP/1.1" 200 12572 "-" "Mozilla/5.0 (compatible; Googlebot/2.1; +http://www.google.com/bot.html)"
66.249.77.201 - - [08/Jun/2025:20:59:12 -0400] "GET / HTTP/1.1" 200 12572 "-" "Mozilla/5.0 (compatible; Googlebot/2.1; +http://www.google.com/bot.html)"
114.119.135.251 - - [08/Jun/2025:20:59:58 -0400] "GET /wind-breaker-chapter-53/ HTTP/1.1" 200 11935 "https://read8.windbreakermanga.com/wind-breaker/wind-breaker-chapter-167/" "Mozilla/5.0 (Linux; Android 7.0;) AppleWebKit/537.36 (KHTML, like Gecko) Mobile Safari/537.36 (compatible; PetalBot;+https://webmaster.petalsearch.com/site/petalbot)"
113.190.76.212 - - [08/Jun/2025:21:00:03 -0400] "GET /wind-breaker-chapter-375/ HTTP/1.1" 200 11635 "-" "Mozilla/5.0 (Linux; Android 10; K) AppleWebKit/537.36 (KHTML, like Gecko) Chrome/122.0.0.0 Mobile Safari/537.36"
157.55.39.202 - - [08/Jun/2025:21:00:43 -0400] "GET /wind-breaker-chapter-211/ HTTP/1.1" 200 12688 "-" "Mozilla/5.0 AppleWebKit/537.36 (KHTML, like Gecko; compatible; bingbot/2.0; +http://www.bing.com/bingbot.htm) Chrome/116.0.1938.76 Safari/537.36"
162.0.232.193 - - [08/Jun/2025:21:00:44 -0400] "POST /wp-cron.php?doing_wp_cron=1749430844.2989630699157714843750 HTTP/1.1" 200 0 "-" "WordPress/6.8.1; https://read11.windbreakermanga.com"
43.153.12.58 - - [08/Jun/2025:21:00:44 -0400] "GET /wp-json/oembed/1.0/embed?url=https%3A%2F%2Fread11.windbreakermanga.com%2Fwind-breaker-chapter-12%2F HTTP/1.1" 200 2536 "-" "Mozilla/5.0 (iPhone; CPU iPhone OS 13_2_3 like Mac OS X) AppleWebKit/605.1.15 (KHTML, like Gecko) Version/13.0.3 Mobile/15E148 Safari/604.1"
66.249.77.200 - - [08/Jun/2025:21:01:06 -0400] "GET /category/manga/page/34/ HTTP/1.1" 200 15017 "-" "Mozilla/5.0 (Linux; Android 6.0.1; Nexus 5X Build/MMB29P) AppleWebKit/537.36 (KHTML, like Gecko) Chrome/136.0.7103.113 Mobile Safari/537.36 (compatible; Googlebot/2.1; +http://www.google.com/bot.html)"
162.0.232.193 - - [08/Jun/2025:21:01:22 -0400] "POST /wp-cron.php?doing_wp_cron=1749430882.5929780006408691406250 HTTP/1.1" 200 0 "-" "WordPress/6.8.1; https://read11.windbreakermanga.com"
114.119.154.207 - - [08/Jun/2025:21:01:22 -0400] "GET /category/wind-breaker-manhwa/page/20/ HTTP/1.1" 200 13290 "https://read10.windbreakermanga.com/category/wind-breaker-manhwa/page/21/" "Mozilla/5.0 (Linux; Android 7.0;) AppleWebKit/537.36 (KHTML, like Gecko) Mobile Safari/537.36 (compatible; PetalBot;+https://webmaster.petalsearch.com/site/petalbot)"
162.0.232.193 - - [08/Jun/2025:21:03:09 -0400] "POST /wp-cron.php?doing_wp_cron=1749430989.1851959228515625000000 HTTP/1.1" 200 0 "-" "WordPress/6.8.1; https://read11.windbreakermanga.com"
162.0.232.193 - - [08/Jun/2025:21:03:12 -0400] "GET /wp-content/uploads/f979bbbcbe9df560cb74049269d2541e_4104.xml HTTP/1.1" 200 2577 "-" "Mozilla/5.0 (X11; Linux x86_64) AppleWebKit/537.36 (KHTML, like Gecko) Ubuntu Chromium/41.0.2272.76"
172.96.92.55 - - [08/Jun/2025:21:05:54 -0400] "GET / HTTP/1.1" 200 12572 "-" "Mozilla/5.0 (Macintosh; Intel Mac OS X 10_15_7) AppleWebKit/605.1.15 (KHTML, like Gecko) Version/17.4 Safari/605.1.15"
162.0.232.193 - - [08/Jun/2025:21:06:01 -0400] "POST /wp-cron.php?doing_wp_cron=1749431161.4386239051818847656250 HTTP/1.1" 200 0 "-" "WordPress/6.8.1; https://read11.windbreakermanga.com"
200.71.66.148 - - [08/Jun/2025:21:05:59 -0400] "GET /wind-breaker-chapter-214-part-2-ep-146/ HTTP/1.1" 301 0 "-" "Mozilla/5.0 (Windows NT 10.0; Win64; x64) AppleWebKit/537.36 (KHTML, like Gecko) Chrome/121.0.0.0 Safari/537.36 Edg/121.0.0.0"
2001:ee0:4b51:5c48:4467:6f2:2f77:2562 - - [08/Jun/2025:21:06:03 -0400] "GET / HTTP/1.1" 200 12572 "-" "Mozilla/5.0 (Windows NT 10.0; Win64; x64) AppleWebKit/537.36 (KHTML, like Gecko) Chrome/121.0.0.0 Safari/537.36 Edg/121.0.0.0"
2a03:2880:f800:12:: - - [08/Jun/2025:21:07:11 -0400] "GET /category/wind-breaker/page/9/ HTTP/1.1" 200 12975 "-" "meta-externalagent/1.1 (+https://developers.facebook.com/docs/sharing/webmasters/crawler)"
162.0.232.193 - - [08/Jun/2025:21:07:18 -0400] "POST /wp-cron.php?doing_wp_cron=1749431238.4110999107360839843750 HTTP/1.1" 200 0 "-" "WordPress/6.8.1; https://read11.windbreakermanga.com"
52.167.144.215 - - [08/Jun/2025:21:07:18 -0400] "GET /wp-json/wp/v2/posts/4134 HTTP/1.1" 200 17097 "-" "Mozilla/5.0 AppleWebKit/537.36 (KHTML, like Gecko; compatible; bingbot/2.0; +http://www.bing.com/bingbot.htm) Chrome/116.0.1938.76 Safari/537.36"
162.0.232.193 - - [08/Jun/2025:21:07:21 -0400] "GET /wp-content/uploads/f979bbbcbe9df560cb74049269d2541e_4104.xml HTTP/1.1" 200 2577 "-" "Mozilla/5.0 (X11; Linux x86_64) AppleWebKit/537.36 (KHTML, like Gecko) Ubuntu Chromium/41.0.2272.76"
40.77.167.47 - - [08/Jun/2025:21:07:35 -0400] "GET /wind-breaker-chapter-501/ HTTP/1.1" 200 12138 "-" "Mozilla/5.0 AppleWebKit/537.36 (KHTML, like Gecko; compatible; bingbot/2.0; +http://www.bing.com/bingbot.htm) Chrome/116.0.1938.76 Safari/537.36"
43.156.168.214 - - [08/Jun/2025:21:08:57 -0400] "GET /wind-breaker-chapter-13/ HTTP/1.1" 200 11773 "-" "Mozilla/5.0 (iPhone; CPU iPhone OS 13_2_3 like Mac OS X) AppleWebKit/605.1.15 (KHTML, like Gecko) Version/13.0.3 Mobile/15E148 Safari/604.1"
162.0.232.193 - - [08/Jun/2025:21:09:45 -0400] "POST /wp-cron.php?doing_wp_cron=1749431385.7778830528259277343750 HTTP/1.1" 200 0 "-" "WordPress/6.8.1; https://read11.windbreakermanga.com"
47.128.46.177 - - [08/Jun/2025:21:09:44 -0400] "GET /category/wind-breaker-manga/page/22/ HTTP/1.1" 200 13357 "-" "Mozilla/5.0 (compatible; Bytespider; [email protected]) AppleWebKit/537.36 (KHTML, like Gecko) Chrome/70.0.0.0 Safari/537.36"
162.0.232.193 - - [08/Jun/2025:21:10:45 -0400] "POST /wp-cron.php?doing_wp_cron=1749431444.8014318943023681640625 HTTP/1.1" 200 0 "-" "WordPress/6.8.1; https://read11.windbreakermanga.com"
47.128.119.5 - - [08/Jun/2025:21:10:44 -0400] "GET /category/wind-breaker-webtoon/page/27/ HTTP/1.1" 200 13930 "-" "Mozilla/5.0 (compatible; Bytespider; [email protected]) AppleWebKit/537.36 (KHTML, like Gecko) Chrome/70.0.0.0 Safari/537.36"
162.0.232.193 - - [08/Jun/2025:21:11:45 -0400] "POST /wp-cron.php?doing_wp_cron=1749431505.1023778915405273437500 HTTP/1.1" 200 0 "-" "WordPress/6.8.1; https://read11.windbreakermanga.com"
47.128.110.118 - - [08/Jun/2025:21:11:44 -0400] "GET /category/wind-breaker-manhwa/page/35/ HTTP/1.1" 200 13585 "-" "Mozilla/5.0 (compatible; Bytespider; [email protected]) AppleWebKit/537.36 (KHTML, like Gecko) Chrome/70.0.0.0 Safari/537.36"
162.0.232.193 - - [08/Jun/2025:21:11:47 -0400] "GET /wp-content/uploads/f979bbbcbe9df560cb74049269d2541e_4104.xml HTTP/1.1" 200 2577 "-" "Mozilla/5.0 (X11; Linux x86_64) AppleWebKit/537.36 (KHTML, like Gecko) Ubuntu Chromium/41.0.2272.76"
162.0.232.193 - - [08/Jun/2025:21:12:45 -0400] "POST /wp-cron.php?doing_wp_cron=1749431565.5072290897369384765625 HTTP/1.1" 200 0 "-" "WordPress/6.8.1; https://read11.windbreakermanga.com"
47.128.53.84 - - [08/Jun/2025:21:12:45 -0400] "GET /category/wind-breaker/page/39/ HTTP/1.1" 200 12359 "-" "Mozilla/5.0 (compatible; Bytespider; [email protected]) AppleWebKit/537.36 (KHTML, like Gecko) Chrome/70.0.0.0 Safari/537.36"
85.208.96.210 - - [08/Jun/2025:21:13:01 -0400] "GET /wind-breaker-chapter-73/ HTTP/1.1" 200 12237 "-" "Mozilla/5.0 (compatible; SemrushBot/7~bl; +http://www.semrush.com/bot.html)"
162.0.232.193 - - [08/Jun/2025:21:13:46 -0400] "POST /wp-cron.php?doing_wp_cron=1749431625.9530220031738281250000 HTTP/1.1" 200 0 "-" "WordPress/6.8.1; https://read11.windbreakermanga.com"
47.128.17.117 - - [08/Jun/2025:21:13:45 -0400] "GET /author/admin/page/32/ HTTP/1.1" 200 14664 "-" "Mozilla/5.0 (compatible; Bytespider; [email protected]) AppleWebKit/537.36 (KHTML, like Gecko) Chrome/70.0.0.0 Safari/537.36"
162.0.232.193 - - [08/Jun/2025:21:14:17 -0400] "POST /wp-cron.php?doing_wp_cron=1749431657.6790080070495605468750 HTTP/1.1" 200 0 "-" "WordPress/6.8.1; https://read11.windbreakermanga.com"
2600:1011:b34d:7161:c02:8a0c:c352:5dcf - - [08/Jun/2025:21:14:23 -0400] "GET / HTTP/1.1" 200 12578 "-" "Mozilla/5.0 (iPhone; CPU iPhone OS 17_3_1 like Mac OS X) AppleWebKit/605.1.15 (KHTML, like Gecko) Version/17.3.1 Mobile/15E148 Safari/604.1"
2600:1011:b34d:7161:c02:8a0c:c352:5dcf - - [08/Jun/2025:21:14:23 -0400] "GET /wp-includes/js/jquery/jquery-migrate.min.js?ver=3.4.1 HTTP/1.1" 200 4678 "https://read11.windbreakermanga.com/" "Mozilla/5.0 (iPhone; CPU iPhone OS 17_3_1 like Mac OS X) AppleWebKit/605.1.15 (KHTML, like Gecko) Version/17.3.1 Mobile/15E148 Safari/604.1"
2600:1011:b34d:7161:c02:8a0c:c352:5dcf - - [08/Jun/2025:21:14:23 -0400] "GET /wp-content/cache/min/1/wp-content/plugins/comic-easel/js/keynav.js?ver=1746140519 HTTP/1.1" 200 221 "https://read11.windbreakermanga.com/" "Mozilla/5.0 (iPhone; CPU iPhone OS 17_3_1 like Mac OS X) AppleWebKit/605.1.15 (KHTML, like Gecko) Version/17.3.1 Mobile/15E148 Safari/604.1"
2600:1011:b34d:7161:c02:8a0c:c352:5dcf - - [08/Jun/2025:21:14:23 -0400] "GET /wp-content/cache/min/1/wp-content/plugins/simple-social-buttons/assets/js/front.js?ver=1746140519 HTTP/1.1" 200 1525 "https://read11.windbreakermanga.com/" "Mozilla/5.0 (iPhone; CPU iPhone OS 17_3_1 like Mac OS X) AppleWebKit/605.1.15 (KHTML, like Gecko) Version/17.3.1 Mobile/15E148 Safari/604.1"
2600:1011:b34d:7161:c02:8a0c:c352:5dcf - - [08/Jun/2025:21:14:23 -0400] "GET /wp-content/themes/toivo-lite/js/responsive-nav.min.js?ver=1.2.0 HTTP/1.1" 200 2102 "https://read11.windbreakermanga.com/" "Mozilla/5.0 (iPhone; CPU iPhone OS 17_3_1 like Mac OS X) AppleWebKit/605.1.15 (KHTML, like Gecko) Version/17.3.1 Mobile/15E148 Safari/604.1"
2600:1011:b34d:7161:c02:8a0c:c352:5dcf - - [08/Jun/2025:21:14:23 -0400] "GET /wp-content/themes/toivo-lite/js/settings.min.js?ver=1.2.0 HTTP/1.1" 200 307 "https://read11.windbreakermanga.com/" "Mozilla/5.0 (iPhone; CPU iPhone OS 17_3_1 like Mac OS X) AppleWebKit/605.1.15 (KHTML, like Gecko) Version/17.3.1 Mobile/15E148 Safari/604.1"
2600:1011:b34d:7161:c02:8a0c:c352:5dcf - - [08/Jun/2025:21:14:23 -0400] "GET /wp-content/plugins/simple-social-buttons/assets/js/frontend-blocks.js?ver=6.1.0 HTTP/1.1" 200 0 "https://read11.windbreakermanga.com/" "Mozilla/5.0 (iPhone; CPU iPhone OS 17_3_1 like Mac OS X) AppleWebKit/605.1.15 (KHTML, like Gecko) Version/17.3.1 Mobile/15E148 Safari/604.1"
2600:1011:b34d:7161:c02:8a0c:c352:5dcf - - [08/Jun/2025:21:14:23 -0400] "GET /wp-content/themes/toivo-lite/js/functions.min.js?ver=1.2.0 HTTP/1.1" 200 593 "https://read11.windbreakermanga.com/" "Mozilla/5.0 (iPhone; CPU iPhone OS 17_3_1 like Mac OS X) AppleWebKit/605.1.15 (KHTML, like Gecko) Version/17.3.1 Mobile/15E148 Safari/604.1"
2600:1011:b34d:7161:c02:8a0c:c352:5dcf - - [08/Jun/2025:21:14:23 -0400] "GET /wp-includes/js/jquery/jquery.min.js?ver=3.7.1 HTTP/1.1" 200 29744 "https://read11.windbreakermanga.com/" "Mozilla/5.0 (iPhone; CPU iPhone OS 17_3_1 like Mac OS X) AppleWebKit/605.1.15 (KHTML, like Gecko) Version/17.3.1 Mobile/15E148 Safari/604.1"
2600:1011:b34d:7161:c02:8a0c:c352:5dcf - - [08/Jun/2025:21:14:25 -0400] "GET /wp-content/uploads/2024/02/cropped-jay-jo-32x32.webp HTTP/1.1" 200 540 "https://read11.windbreakermanga.com/" "Mozilla/5.0 (iPhone; CPU iPhone OS 17_3_1 like Mac OS X) AppleWebKit/605.1.15 (KHTML, like Gecko) Version/17.3.1 Mobile/15E148 Safari/604.1"
2600:1011:b34d:7161:c02:8a0c:c352:5dcf - - [08/Jun/2025:21:14:25 -0400] "GET /wp-content/uploads/2024/02/cropped-jay-jo-192x192.webp HTTP/1.1" 200 6674 "https://read11.windbreakermanga.com/" "Mozilla/5.0 (iPhone; CPU iPhone OS 17_3_1 like Mac OS X) AppleWebKit/605.1.15 (KHTML, like Gecko) Version/17.3.1 Mobile/15E148 Safari/604.1"
2a03:2880:f800:12:: - - [08/Jun/2025:21:14:30 -0400] "GET /wind-breaker-chapter-507/ HTTP/1.1" 200 11663 "-" "meta-externalagent/1.1 (+https://developers.facebook.com/docs/sharing/webmasters/crawler)"
47.79.5.167 - - [08/Jun/2025:21:14:30 -0400] "GET /category/wind-breaker/page/27 HTTP/1.1" 301 0 "https://read11.windbreakermanga.com/category/wind-breaker/page/27" "Mozilla/5.0 (Windows NT 10.0; Win64; x64) AppleWebKit/537.36 (KHTML, like Gecko) Chrome/114.0.0.0 Safari/537.36 Edg/114.0.1823.43"
47.79.5.167 - - [08/Jun/2025:21:14:31 -0400] "GET /category/wind-breaker/page/27/ HTTP/1.1" 200 13906 "https://read11.windbreakermanga.com/category/wind-breaker/page/27" "Mozilla/5.0 (Windows NT 10.0; Win64; x64) AppleWebKit/537.36 (KHTML, like Gecko) Chrome/114.0.0.0 Safari/537.36 Edg/114.0.1823.43"
162.0.232.193 - - [08/Jun/2025:21:17:53 -0400] "POST /wp-cron.php?doing_wp_cron=1749431872.8965399265289306640625 HTTP/1.1" 200 0 "-" "WordPress/6.8.1; https://read11.windbreakermanga.com"
113.161.84.189 - - [08/Jun/2025:21:17:55 -0400] "GET / HTTP/1.1" 200 12572 "-" "Mozilla/5.0 (Windows NT 10.0; Win64; x64) AppleWebKit/537.36 (KHTML, like Gecko) Chrome/121.0.0.0 Safari/537.36 Edg/121.0.0.0 Trailer/92.3.3357.27"
162.0.232.193 - - [08/Jun/2025:21:17:56 -0400] "GET /wp-content/uploads/f979bbbcbe9df560cb74049269d2541e_4104.xml HTTP/1.1" 200 2577 "-" "Mozilla/5.0 (X11; Linux x86_64) AppleWebKit/537.36 (KHTML, like Gecko) Ubuntu Chromium/41.0.2272.76"
43.153.36.110 - - [08/Jun/2025:21:18:07 -0400] "GET /wind-breaker-chapter-12/ HTTP/1.1" 200 11895 "http://read11.windbreakermanga.com/wind-breaker-chapter-12/" "Mozilla/5.0 (iPhone; CPU iPhone OS 13_2_3 like Mac OS X) AppleWebKit/605.1.15 (KHTML, like Gecko) Version/13.0.3 Mobile/15E148 Safari/604.1"
14.171.201.164 - - [08/Jun/2025:21:18:15 -0400] "GET /wind-breaker-chapter-479/ HTTP/1.1" 200 11906 "-" "Mozilla/5.0 (Linux; Android 10; K) AppleWebKit/537.36 (KHTML, like Gecko) Chrome/122.0.0.0 Mobile Safari/537.36"
66.249.77.192 - - [08/Jun/2025:21:19:09 -0400] "GET /wind-breaker-chapter-310/ HTTP/1.1" 200 13000 "-" "Mozilla/5.0 (Linux; Android 6.0.1; Nexus 5X Build/MMB29P) AppleWebKit/537.36 (KHTML, like Gecko) Chrome/136.0.7103.113 Mobile Safari/537.36 (compatible; Googlebot/2.1; +http://www.google.com/bot.html)"
162.0.232.193 - - [08/Jun/2025:21:19:13 -0400] "POST /wp-cron.php?doing_wp_cron=1749431953.4854300022125244140625 HTTP/1.1" 200 0 "-" "WordPress/6.8.1; https://read11.windbreakermanga.com"
66.249.77.192 - - [08/Jun/2025:21:19:13 -0400] "POST /wp-admin/admin-ajax.php HTTP/1.1" 200 61 "https://read11.windbreakermanga.com/wind-breaker-chapter-310/" "Mozilla/5.0 (Linux; Android 6.0.1; Nexus 5X Build/MMB29P) AppleWebKit/537.36 (KHTML, like Gecko) Chrome/136.0.7103.92 Mobile Safari/537.36 (compatible; Googlebot/2.1; +http://www.google.com/bot.html)"
2a03:2880:f800:8:: - - [08/Jun/2025:21:19:35 -0400] "GET /category/wind-breaker-manhwa/page/4/ HTTP/1.1" 200 12982 "-" "meta-externalagent/1.1 (+https://developers.facebook.com/docs/sharing/webmasters/crawler)"
112.201.246.54 - - [08/Jun/2025:21:19:55 -0400] "GET /chapter-406/ HTTP/1.1" 200 10870 "https://www.google.com/url?q=https://read11.windbreakermanga.com/chapter-406/&sa=U&sqi=2&ved=2ahUKEwjth9CCluONAxVTTGwGHVW1LgYQFnoECCUQAQ&usg=AOvVaw2Y2f2ed_mibn3enVycSgLY" "Mozilla/5.0 (iPhone; CPU iPhone OS 18_5_0 like Mac OS X) AppleWebKit/605.1.15 (KHTML, like Gecko) GSA/363.0.743255906 Mobile/15E148 Safari/604.1"
112.201.246.54 - - [08/Jun/2025:21:19:56 -0400] "GET /wp-content/themes/toivo-lite/fonts/genericons/genericons/Genericons.svg HTTP/1.1" 200 23714 "https://read11.windbreakermanga.com/chapter-406/" "Mozilla/5.0 (iPhone; CPU iPhone OS 18_5_0 like Mac OS X) AppleWebKit/605.1.15 (KHTML, like Gecko) GSA/363.0.743255906 Mobile/15E148 Safari/604.1"
112.201.246.54 - - [08/Jun/2025:21:19:56 -0400] "GET /wp-content/plugins/simple-social-buttons/assets/fonts/ssb-icon.ttf?eahqa2 HTTP/1.1" 200 7412 "https://read11.windbreakermanga.com/chapter-406/" "Mozilla/5.0 (iPhone; CPU iPhone OS 18_5_0 like Mac OS X) AppleWebKit/605.1.15 (KHTML, like Gecko) GSA/363.0.743255906 Mobile/15E148 Safari/604.1"
162.0.232.193 - - [08/Jun/2025:21:19:56 -0400] "POST /wp-cron.php?doing_wp_cron=1749431996.3723900318145751953125 HTTP/1.1" 200 0 "-" "WordPress/6.8.1; https://read11.windbreakermanga.com"
112.201.246.54 - - [08/Jun/2025:21:19:56 -0400] "POST /wp-admin/admin-ajax.php HTTP/1.1" 200 61 "https://read11.windbreakermanga.com/chapter-406/" "Mozilla/5.0 (iPhone; CPU iPhone OS 18_5_0 like Mac OS X) AppleWebKit/605.1.15 (KHTML, like Gecko) GSA/363.0.743255906 Mobile/15E148 Safari/604.1"
112.201.246.54 - - [08/Jun/2025:21:20:03 -0400] "GET /wind-breaker-chapter-549/ HTTP/1.1" 200 11661 "https://read11.windbreakermanga.com/chapter-406/" "Mozilla/5.0 (iPhone; CPU iPhone OS 18_5_0 like Mac OS X) AppleWebKit/605.1.15 (KHTML, like Gecko) GSA/363.0.743255906 Mobile/15E148 Safari/604.1"
112.201.246.54 - - [08/Jun/2025:21:20:04 -0400] "POST /wp-admin/admin-ajax.php HTTP/1.1" 200 61 "https://read11.windbreakermanga.com/wind-breaker-chapter-549/" "Mozilla/5.0 (iPhone; CPU iPhone OS 18_5_0 like Mac OS X) AppleWebKit/605.1.15 (KHTML, like Gecko) GSA/363.0.743255906 Mobile/15E148 Safari/604.1"
112.201.246.54 - - [08/Jun/2025:21:20:19 -0400] "GET /wind-breaker-chapter-546/ HTTP/1.1" 200 11670 "https://read11.windbreakermanga.com/chapter-406/" "Mozilla/5.0 (iPhone; CPU iPhone OS 18_5_0 like Mac OS X) AppleWebKit/605.1.15 (KHTML, like Gecko) GSA/363.0.743255906 Mobile/15E148 Safari/604.1"
162.0.232.193 - - [08/Jun/2025:21:20:20 -0400] "POST /wp-cron.php?doing_wp_cron=1749432020.1303579807281494140625 HTTP/1.1" 200 0 "-" "WordPress/6.8.1; https://read11.windbreakermanga.com"
112.201.246.54 - - [08/Jun/2025:21:20:19 -0400] "POST /wp-admin/admin-ajax.php HTTP/1.1" 200 61 "https://read11.windbreakermanga.com/wind-breaker-chapter-546/" "Mozilla/5.0 (iPhone; CPU iPhone OS 18_5_0 like Mac OS X) AppleWebKit/605.1.15 (KHTML, like Gecko) GSA/363.0.743255906 Mobile/15E148 Safari/604.1"
162.0.232.193 - - [08/Jun/2025:21:20:44 -0400] "POST /wp-cron.php?doing_wp_cron=1749432044.5003390312194824218750 HTTP/1.1" 200 0 "-" "WordPress/6.8.1; https://read11.windbreakermanga.com"
112.201.246.54 - - [08/Jun/2025:21:20:44 -0400] "GET /?s=462 HTTP/1.1" 200 8919 "https://read11.windbreakermanga.com/chapter-406/" "Mozilla/5.0 (iPhone; CPU iPhone OS 18_5_0 like Mac OS X) AppleWebKit/605.1.15 (KHTML, like Gecko) GSA/363.0.743255906 Mobile/15E148 Safari/604.1"
112.201.246.54 - - [08/Jun/2025:21:20:45 -0400] "GET /wp-content/plugins/comic-easel/css/comiceasel.css?ver=6.8.1 HTTP/1.1" 200 1273 "https://read11.windbreakermanga.com/?s=462" "Mozilla/5.0 (iPhone; CPU iPhone OS 18_5_0 like Mac OS X) AppleWebKit/605.1.15 (KHTML, like Gecko) GSA/363.0.743255906 Mobile/15E148 Safari/604.1"
112.201.246.54 - - [08/Jun/2025:21:20:45 -0400] "GET /wp-content/plugins/disqus-comment-system/public/js/comment_count.js?ver=3.1.2 HTTP/1.1" 200 354 "https://read11.windbreakermanga.com/?s=462" "Mozilla/5.0 (iPhone; CPU iPhone OS 18_5_0 like Mac OS X) AppleWebKit/605.1.15 (KHTML, like Gecko) GSA/363.0.743255906 Mobile/15E148 Safari/604.1"
112.201.246.54 - - [08/Jun/2025:21:20:45 -0400] "GET /wp-content/plugins/simple-social-buttons/assets/css/front.css?ver=6.1.0 HTTP/1.1" 200 12033 "https://read11.windbreakermanga.com/?s=462" "Mozilla/5.0 (iPhone; CPU iPhone OS 18_5_0 like Mac OS X) AppleWebKit/605.1.15 (KHTML, like Gecko) GSA/363.0.743255906 Mobile/15E148 Safari/604.1"
112.201.246.54 - - [08/Jun/2025:21:20:45 -0400] "GET /wp-content/themes/toivo-lite/style.css?ver=1.2.0 HTTP/1.1" 200 13718 "https://read11.windbreakermanga.com/?s=462" "Mozilla/5.0 (iPhone; CPU iPhone OS 18_5_0 like Mac OS X) AppleWebKit/605.1.15 (KHTML, like Gecko) GSA/363.0.743255906 Mobile/15E148 Safari/604.1"
112.201.246.54 - - [08/Jun/2025:21:20:45 -0400] "GET /wp-content/plugins/widgets-on-pages/public/css/widgets-on-pages-public.css?ver=1.4.0 HTTP/1.1" 200 83 "https://read11.windbreakermanga.com/?s=462" "Mozilla/5.0 (iPhone; CPU iPhone OS 18_5_0 like Mac OS X) AppleWebKit/605.1.15 (KHTML, like Gecko) GSA/363.0.743255906 Mobile/15E148 Safari/604.1"
112.201.246.54 - - [08/Jun/2025:21:20:45 -0400] "GET /wp-content/plugins/comic-easel/js/keynav.js HTTP/1.1" 200 302 "https://read11.windbreakermanga.com/?s=462" "Mozilla/5.0 (iPhone; CPU iPhone OS 18_5_0 like Mac OS X) AppleWebKit/605.1.15 (KHTML, like Gecko) GSA/363.0.743255906 Mobile/15E148 Safari/604.1"
112.201.246.54 - - [08/Jun/2025:21:20:45 -0400] "GET /wp-content/themes/toivo-lite/fonts/genericons/genericons/genericons.min.css?ver=3.3 HTTP/1.1" 200 15959 "https://read11.windbreakermanga.com/?s=462" "Mozilla/5.0 (iPhone; CPU iPhone OS 18_5_0 like Mac OS X) AppleWebKit/605.1.15 (KHTML, like Gecko) GSA/363.0.743255906 Mobile/15E148 Safari/604.1"
112.201.246.54 - - [08/Jun/2025:21:20:45 -0400] "GET /wp-content/plugins/simple-social-buttons/assets/js/front.js?ver=6.1.0 HTTP/1.1" 200 1980 "https://read11.windbreakermanga.com/?s=462" "Mozilla/5.0 (iPhone; CPU iPhone OS 18_5_0 like Mac OS X) AppleWebKit/605.1.15 (KHTML, like Gecko) GSA/363.0.743255906 Mobile/15E148 Safari/604.1"
112.201.246.54 - - [08/Jun/2025:21:20:52 -0400] "GET /wind-breaker-chapter-462/ HTTP/1.1" 200 12007 "https://read11.windbreakermanga.com/?s=462" "Mozilla/5.0 (iPhone; CPU iPhone OS 18_5_0 like Mac OS X) AppleWebKit/605.1.15 (KHTML, like Gecko) GSA/363.0.743255906 Mobile/15E148 Safari/604.1"
112.201.246.54 - - [08/Jun/2025:21:20:52 -0400] "POST /wp-admin/admin-ajax.php HTTP/1.1" 200 49 "https://read11.windbreakermanga.com/wind-breaker-chapter-462/" "Mozilla/5.0 (iPhone; CPU iPhone OS 18_5_0 like Mac OS X) AppleWebKit/605.1.15 (KHTML, like Gecko) GSA/363.0.743255906 Mobile/15E148 Safari/604.1"
112.201.246.54 - - [08/Jun/2025:21:20:52 -0400] "POST /wp-admin/admin-ajax.php HTTP/1.1" 200 61 "https://read11.windbreakermanga.com/wind-breaker-chapter-462/" "Mozilla/5.0 (iPhone; CPU iPhone OS 18_5_0 like Mac OS X) AppleWebKit/605.1.15 (KHTML, like Gecko) GSA/363.0.743255906 Mobile/15E148 Safari/604.1"
112.201.246.54 - - [08/Jun/2025:21:20:53 -0400] "POST /wp-admin/admin-ajax.php HTTP/1.1" 200 582 "https://read11.windbreakermanga.com/wind-breaker-chapter-462/" "Mozilla/5.0 (iPhone; CPU iPhone OS 18_5_0 like Mac OS X) AppleWebKit/605.1.15 (KHTML, like Gecko) GSA/363.0.743255906 Mobile/15E148 Safari/604.1"
112.201.246.54 - - [08/Jun/2025:21:21:10 -0400] "GET /?s=500 HTTP/1.1" 200 9118 "https://read11.windbreakermanga.com/chapter-406/" "Mozilla/5.0 (iPhone; CPU iPhone OS 18_5_0 like Mac OS X) AppleWebKit/605.1.15 (KHTML, like Gecko) GSA/363.0.743255906 Mobile/15E148 Safari/604.1"
112.201.246.54 - - [08/Jun/2025:21:21:13 -0400] "GET /wind-breaker-chapter-500/ HTTP/1.1" 200 11662 "https://read11.windbreakermanga.com/?s=500" "Mozilla/5.0 (iPhone; CPU iPhone OS 18_5_0 like Mac OS X) AppleWebKit/605.1.15 (KHTML, like Gecko) GSA/363.0.743255906 Mobile/15E148 Safari/604.1"
162.0.232.193 - - [08/Jun/2025:21:21:13 -0400] "POST /wp-cron.php?doing_wp_cron=1749432073.7388739585876464843750 HTTP/1.1" 200 0 "-" "WordPress/6.8.1; https://read11.windbreakermanga.com"
112.201.246.54 - - [08/Jun/2025:21:21:13 -0400] "POST /wp-admin/admin-ajax.php HTTP/1.1" 200 61 "https://read11.windbreakermanga.com/wind-breaker-chapter-500/" "Mozilla/5.0 (iPhone; CPU iPhone OS 18_5_0 like Mac OS X) AppleWebKit/605.1.15 (KHTML, like Gecko) GSA/363.0.743255906 Mobile/15E148 Safari/604.1"
162.0.232.193 - - [08/Jun/2025:21:21:36 -0400] "POST /wp-cron.php?doing_wp_cron=1749432096.2912819385528564453125 HTTP/1.1" 200 0 "-" "WordPress/6.8.1; https://read11.windbreakermanga.com"
112.201.246.54 - - [08/Jun/2025:21:21:36 -0400] "GET /?s=523 HTTP/1.1" 200 8957 "https://read11.windbreakermanga.com/chapter-406/" "Mozilla/5.0 (iPhone; CPU iPhone OS 18_5_0 like Mac OS X) AppleWebKit/605.1.15 (KHTML, like Gecko) GSA/363.0.743255906 Mobile/15E148 Safari/604.1"
112.201.246.54 - - [08/Jun/2025:21:21:38 -0400] "GET /wind-breaker-chapter-523/ HTTP/1.1" 200 11740 "https://read11.windbreakermanga.com/?s=523" "Mozilla/5.0 (iPhone; CPU iPhone OS 18_5_0 like Mac OS X) AppleWebKit/605.1.15 (KHTML, like Gecko) GSA/363.0.743255906 Mobile/15E148 Safari/604.1"
112.201.246.54 - - [08/Jun/2025:21:21:39 -0400] "POST /wp-admin/admin-ajax.php HTTP/1.1" 200 61 "https://read11.windbreakermanga.com/wind-breaker-chapter-523/" "Mozilla/5.0 (iPhone; CPU iPhone OS 18_5_0 like Mac OS X) AppleWebKit/605.1.15 (KHTML, like Gecko) GSA/363.0.743255906 Mobile/15E148 Safari/604.1"
112.201.246.54 - - [08/Jun/2025:21:21:53 -0400] "GET /wind-breaker-chapter-545/ HTTP/1.1" 200 11322 "https://read11.windbreakermanga.com/?s=523" "Mozilla/5.0 (iPhone; CPU iPhone OS 18_5_0 like Mac OS X) AppleWebKit/605.1.15 (KHTML, like Gecko) GSA/363.0.743255906 Mobile/15E148 Safari/604.1"
162.0.232.193 - - [08/Jun/2025:21:22:09 -0400] "POST /wp-cron.php?doing_wp_cron=1749432129.0186200141906738281250 HTTP/1.1" 200 0 "-" "WordPress/6.8.1; https://read11.windbreakermanga.com"
112.201.246.54 - - [08/Jun/2025:21:22:08 -0400] "POST /wp-admin/admin-ajax.php HTTP/1.1" 200 61 "https://read11.windbreakermanga.com/chapter-406/" "Mozilla/5.0 (iPhone; CPU iPhone OS 18_5_0 like Mac OS X) AppleWebKit/605.1.15 (KHTML, like Gecko) GSA/363.0.743255906 Mobile/15E148 Safari/604.1"
162.0.232.193 - - [08/Jun/2025:21:22:17 -0400] "POST /wp-cron.php?doing_wp_cron=1749432137.8797740936279296875000 HTTP/1.1" 200 0 "-" "WordPress/6.8.1; https://read11.windbreakermanga.com"
112.201.246.54 - - [08/Jun/2025:21:22:17 -0400] "GET /?s=541 HTTP/1.1" 200 8923 "https://read11.windbreakermanga.com/chapter-406/" "Mozilla/5.0 (iPhone; CPU iPhone OS 18_5_0 like Mac OS X) AppleWebKit/605.1.15 (KHTML, like Gecko) GSA/363.0.743255906 Mobile/15E148 Safari/604.1"
112.201.246.54 - - [08/Jun/2025:21:22:19 -0400] "GET /wind-breaker-chapter-541/ HTTP/1.1" 200 11571 "https://read11.windbreakermanga.com/?s=541" "Mozilla/5.0 (iPhone; CPU iPhone OS 18_5_0 like Mac OS X) AppleWebKit/605.1.15 (KHTML, like Gecko) GSA/363.0.743255906 Mobile/15E148 Safari/604.1"
162.0.232.193 - - [08/Jun/2025:21:22:19 -0400] "GET /wp-content/uploads/f979bbbcbe9df560cb74049269d2541e_4104.xml HTTP/1.1" 200 2577 "-" "Mozilla/5.0 (X11; Linux x86_64) AppleWebKit/537.36 (KHTML, like Gecko) Ubuntu Chromium/41.0.2272.76"
112.201.246.54 - - [08/Jun/2025:21:22:19 -0400] "POST /wp-admin/admin-ajax.php HTTP/1.1" 200 61 "https://read11.windbreakermanga.com/wind-breaker-chapter-541/" "Mozilla/5.0 (iPhone; CPU iPhone OS 18_5_0 like Mac OS X) AppleWebKit/605.1.15 (KHTML, like Gecko) GSA/363.0.743255906 Mobile/15E148 Safari/604.1"
112.201.246.54 - - [08/Jun/2025:21:22:40 -0400] "GET /?s=539 HTTP/1.1" 200 8839 "https://read11.windbreakermanga.com/chapter-406/" "Mozilla/5.0 (iPhone; CPU iPhone OS 18_5_0 like Mac OS X) AppleWebKit/605.1.15 (KHTML, like Gecko) GSA/363.0.743255906 Mobile/15E148 Safari/604.1"
112.201.246.54 - - [08/Jun/2025:21:22:42 -0400] "GET /wind-breaker-chapter-539/ HTTP/1.1" 200 11648 "https://read11.windbreakermanga.com/?s=539" "Mozilla/5.0 (iPhone; CPU iPhone OS 18_5_0 like Mac OS X) AppleWebKit/605.1.15 (KHTML, like Gecko) GSA/363.0.743255906 Mobile/15E148 Safari/604.1"
112.201.246.54 - - [08/Jun/2025:21:22:42 -0400] "POST /wp-admin/admin-ajax.php HTTP/1.1" 200 61 "https://read11.windbreakermanga.com/wind-breaker-chapter-539/" "Mozilla/5.0 (iPhone; CPU iPhone OS 18_5_0 like Mac OS X) AppleWebKit/605.1.15 (KHTML, like Gecko) GSA/363.0.743255906 Mobile/15E148 Safari/604.1"
112.201.246.54 - - [08/Jun/2025:21:22:53 -0400] "GET /wind-breaker-chapter-540/ HTTP/1.1" 200 11709 "https://read11.windbreakermanga.com/wind-breaker-chapter-539/" "Mozilla/5.0 (iPhone; CPU iPhone OS 18_5_0 like Mac OS X) AppleWebKit/605.1.15 (KHTML, like Gecko) GSA/363.0.743255906 Mobile/15E148 Safari/604.1"
112.201.246.54 - - [08/Jun/2025:21:22:54 -0400] "POST /wp-admin/admin-ajax.php HTTP/1.1" 200 61 "https://read11.windbreakermanga.com/wind-breaker-chapter-540/" "Mozilla/5.0 (iPhone; CPU iPhone OS 18_5_0 like Mac OS X) AppleWebKit/605.1.15 (KHTML, like Gecko) GSA/363.0.743255906 Mobile/15E148 Safari/604.1"
114.122.70.222 - - [08/Jun/2025:21:23:21 -0400] "GET / HTTP/1.1" 200 12578 "https://yandex.com/" "Mozilla/5.0 (Linux; Android 10; K) AppleWebKit/537.36 (KHTML, like Gecko) Chrome/136.0.0.0 Mobile Safari/537.36"
114.122.70.222 - - [08/Jun/2025:21:23:25 -0400] "GET / HTTP/1.1" 200 12578 "https://read11.windbreakermanga.com/" "Mozilla/5.0 (Linux; Android 10; K) AppleWebKit/537.36 (KHTML, like Gecko) Chrome/136.0.0.0 Mobile Safari/537.36"
114.122.70.222 - - [08/Jun/2025:21:23:25 -0400] "GET / HTTP/1.1" 304 0 "https://read11.windbreakermanga.com/" "Mozilla/5.0 (Linux; Android 10; K) AppleWebKit/537.36 (KHTML, like Gecko) Chrome/136.0.0.0 Mobile Safari/537.36"
114.122.70.222 - - [08/Jun/2025:21:23:27 -0400] "GET /wind-breaker-chapter-551/ HTTP/1.1" 200 11783 "https://read11.windbreakermanga.com/" "Mozilla/5.0 (Linux; Android 10; K) AppleWebKit/537.36 (KHTML, like Gecko) Chrome/136.0.0.0 Mobile Safari/537.36"
114.122.70.222 - - [08/Jun/2025:21:23:27 -0400] "GET /wind-breaker-chapter-551/ HTTP/1.1" 304 0 "https://read11.windbreakermanga.com/" "Mozilla/5.0 (Linux; Android 10; K) AppleWebKit/537.36 (KHTML, like Gecko) Chrome/136.0.0.0 Mobile Safari/537.36"
114.122.70.222 - - [08/Jun/2025:21:23:28 -0400] "GET /wind-breaker-chapter-5/ HTTP/1.1" 200 11623 "https://read11.windbreakermanga.com/" "Mozilla/5.0 (Linux; Android 10; K) AppleWebKit/537.36 (KHTML, like Gecko) Chrome/136.0.0.0 Mobile Safari/537.36"
114.122.70.222 - - [08/Jun/2025:21:23:28 -0400] "GET /wind-breaker-chapter-5/ HTTP/1.1" 304 0 "https://read11.windbreakermanga.com/" "Mozilla/5.0 (Linux; Android 10; K) AppleWebKit/537.36 (KHTML, like Gecko) Chrome/136.0.0.0 Mobile Safari/537.36"
114.122.70.222 - - [08/Jun/2025:21:23:29 -0400] "GET /wind-breaker-chapter-8/ HTTP/1.1" 200 11628 "https://read11.windbreakermanga.com/" "Mozilla/5.0 (Linux; Android 10; K) AppleWebKit/537.36 (KHTML, like Gecko) Chrome/136.0.0.0 Mobile Safari/537.36"
114.122.70.222 - - [08/Jun/2025:21:23:29 -0400] "GET /wind-breaker-chapter-8/ HTTP/1.1" 304 0 "https://read11.windbreakermanga.com/" "Mozilla/5.0 (Linux; Android 10; K) AppleWebKit/537.36 (KHTML, like Gecko) Chrome/136.0.0.0 Mobile Safari/537.36"
114.122.70.222 - - [08/Jun/2025:21:23:31 -0400] "GET /wind-breaker-chapter-551/ HTTP/1.1" 304 0 "https://read11.windbreakermanga.com/" "Mozilla/5.0 (Linux; Android 10; K) AppleWebKit/537.36 (KHTML, like Gecko) Chrome/136.0.0.0 Mobile Safari/537.36"
114.122.70.222 - - [08/Jun/2025:21:23:31 -0400] "GET /wp-content/plugins/wp-rocket/assets/js/wpr-beacon.min.js HTTP/1.1" 200 3530 "https://read11.windbreakermanga.com/wind-breaker-chapter-551/" "Mozilla/5.0 (Linux; Android 10; K) AppleWebKit/537.36 (KHTML, like Gecko) Chrome/136.0.0.0 Mobile Safari/537.36"
162.0.232.193 - - [08/Jun/2025:21:23:32 -0400] "POST /wp-cron.php?doing_wp_cron=1749432212.0338990688323974609375 HTTP/1.1" 200 0 "-" "WordPress/6.8.1; https://read11.windbreakermanga.com"
114.122.70.222 - - [08/Jun/2025:21:23:31 -0400] "POST /wp-admin/admin-ajax.php HTTP/1.1" 200 61 "https://read11.windbreakermanga.com/wind-breaker-chapter-551/" "Mozilla/5.0 (Linux; Android 10; K) AppleWebKit/537.36 (KHTML, like Gecko) Chrome/136.0.0.0 Mobile Safari/537.36"
52.255.111.127 - - [08/Jun/2025:21:26:11 -0400] "GET / HTTP/1.1" 200 12572 "-" "Mozilla/5.0 AppleWebKit/537.36 (KHTML, like Gecko); compatible; ChatGPT-User/1.0; +https://openai.com/bot"
112.201.246.54 - - [08/Jun/2025:21:26:25 -0400] "GET /wind-breaker-chapter-541/ HTTP/1.1" 304 0 "https://read11.windbreakermanga.com/wind-breaker-chapter-540/" "Mozilla/5.0 (iPhone; CPU iPhone OS 18_5_0 like Mac OS X) AppleWebKit/605.1.15 (KHTML, like Gecko) GSA/363.0.743255906 Mobile/15E148 Safari/604.1"
162.0.232.193 - - [08/Jun/2025:21:26:28 -0400] "POST /wp-cron.php?doing_wp_cron=1749432387.9824790954589843750000 HTTP/1.1" 200 0 "-" "WordPress/6.8.1; https://read11.windbreakermanga.com"
112.201.246.54 - - [08/Jun/2025:21:26:26 -0400] "POST /wp-admin/admin-ajax.php HTTP/1.1" 200 61 "https://read11.windbreakermanga.com/wind-breaker-chapter-541/" "Mozilla/5.0 (iPhone; CPU iPhone OS 18_5_0 like Mac OS X) AppleWebKit/605.1.15 (KHTML, like Gecko) GSA/363.0.743255906 Mobile/15E148 Safari/604.1"
162.0.232.193 - - [08/Jun/2025:21:26:30 -0400] "GET /wp-content/uploads/f979bbbcbe9df560cb74049269d2541e_4104.xml HTTP/1.1" 200 2577 "-" "Mozilla/5.0 (X11; Linux x86_64) AppleWebKit/537.36 (KHTML, like Gecko) Ubuntu Chromium/41.0.2272.76"
112.201.246.54 - - [08/Jun/2025:21:27:06 -0400] "GET /wind-breaker-chapter-541/ HTTP/1.1" 304 0 "https://read11.windbreakermanga.com/wind-breaker-chapter-540/" "Mozilla/5.0 (iPhone; CPU iPhone OS 18_5_0 like Mac OS X) AppleWebKit/605.1.15 (KHTML, like Gecko) GSA/363.0.743255906 Mobile/15E148 Safari/604.1"
112.201.246.54 - - [08/Jun/2025:21:27:06 -0400] "POST /wp-admin/admin-ajax.php HTTP/1.1" 200 61 "https://read11.windbreakermanga.com/wind-breaker-chapter-541/" "Mozilla/5.0 (iPhone; CPU iPhone OS 18_5_0 like Mac OS X) AppleWebKit/605.1.15 (KHTML, like Gecko) GSA/363.0.743255906 Mobile/15E148 Safari/604.1"
162.0.232.193 - - [08/Jun/2025:21:27:32 -0400] "POST /wp-cron.php?doing_wp_cron=1749432452.5180621147155761718750 HTTP/1.1" 200 0 "-" "WordPress/6.8.1; https://read11.windbreakermanga.com"
112.201.246.54 - - [08/Jun/2025:21:27:32 -0400] "POST /wp-admin/admin-ajax.php HTTP/1.1" 200 61 "https://read11.windbreakermanga.com/wind-breaker-chapter-539/" "Mozilla/5.0 (iPhone; CPU iPhone OS 18_5_0 like Mac OS X) AppleWebKit/605.1.15 (KHTML, like Gecko) GSA/363.0.743255906 Mobile/15E148 Safari/604.1"
113.190.196.226 - - [08/Jun/2025:21:27:44 -0400] "GET /wind-breaker-chapter-323/ HTTP/1.1" 200 12969 "-" "Mozilla/5.0 (iPhone; CPU iPhone OS 17_1 like Mac OS X) AppleWebKit/605.1.15 (KHTML, like Gecko) EdgiOS/118.0.2088.68 Version/17.0 Mobile/15E148 Safari/604.1"
68.169.43.28 - - [08/Jun/2025:21:28:44 -0400] "GET /wp-content/plugins/fix/2.php?p=2f686f6d652f686f6e6568647976 HTTP/1.1" 404 6409 "-" "Mozilla/5.0 (Windows NT 10.0; Win64; x64; rv:139.0) Gecko/20100101 Firefox/139.0"
162.0.232.193 - - [08/Jun/2025:21:28:55 -0400] "POST /wp-cron.php?doing_wp_cron=1749432535.2565200328826904296875 HTTP/1.1" 200 0 "-" "WordPress/6.8.1; https://read11.windbreakermanga.com"
68.169.43.28 - - [08/Jun/2025:21:29:08 -0400] "GET /wp-content/plugins/fix/2.php?p=2f686f6d652f686f6e65686479762f636f75727365646f776e6c6f61646c792e636f6d HTTP/1.1" 404 2801 "https://read11.windbreakermanga.com/wp-content/plugins/fix/2.php?p=2f686f6d652f686f6e6568647976" "Mozilla/5.0 (Windows NT 10.0; Win64; x64; rv:139.0) Gecko/20100101 Firefox/139.0"
68.169.43.28 - - [08/Jun/2025:21:29:16 -0400] "GET /favicon.ico HTTP/1.1" 404 0 "https://read11.windbreakermanga.com/wp-content/plugins/fix/2.php?p=2f686f6d652f686f6e6568647976" "Mozilla/5.0 (Windows NT 10.0; Win64; x64; rv:139.0) Gecko/20100101 Firefox/139.0"
162.0.232.193 - - [08/Jun/2025:21:29:16 -0400] "POST /wp-cron.php?doing_wp_cron=1749432556.2840139865875244140625 HTTP/1.1" 200 0 "-" "WordPress/6.8.1; https://read11.windbreakermanga.com"
68.169.43.28 - - [08/Jun/2025:21:29:17 -0400] "GET /wp-content/plugins/fix/2.php?p=2f686f6d652f686f6e65686479762f66756e6e69657374686f73742e636f6d HTTP/1.1" 404 2784 "https://read11.windbreakermanga.com/wp-content/plugins/fix/2.php?p=2f686f6d652f686f6e6568647976" "Mozilla/5.0 (Windows NT 10.0; Win64; x64; rv:139.0) Gecko/20100101 Firefox/139.0"
68.169.43.28 - - [08/Jun/2025:21:29:26 -0400] "GET /favicon.ico HTTP/1.1" 404 0 "https://read11.windbreakermanga.com/wp-content/plugins/fix/2.php?p=2f686f6d652f686f6e6568647976" "Mozilla/5.0 (Windows NT 10.0; Win64; x64; rv:139.0) Gecko/20100101 Firefox/139.0"
68.169.43.28 - - [08/Jun/2025:21:29:27 -0400] "GET /wp-content/plugins/fix/2.php?p=2f686f6d652f686f6e65686479762f6973656b61696e6f6e626972696e6f756b6163686170746572732e636f6d HTTP/1.1" 404 4720 "https://read11.windbreakermanga.com/wp-content/plugins/fix/2.php?p=2f686f6d652f686f6e6568647976" "Mozilla/5.0 (Windows NT 10.0; Win64; x64; rv:139.0) Gecko/20100101 Firefox/139.0"
43.135.142.37 - - [08/Jun/2025:21:29:38 -0400] "GET /wind-breaker-chapter-12/ HTTP/1.1" 200 11895 "-" "Mozilla/5.0 (iPhone; CPU iPhone OS 13_2_3 like Mac OS X) AppleWebKit/605.1.15 (KHTML, like Gecko) Version/13.0.3 Mobile/15E148 Safari/604.1"
68.169.43.28 - - [08/Jun/2025:21:29:46 -0400] "POST /wp-content/plugins/fix/2.php?p=2f686f6d652f686f6e65686479762f6973656b61696e6f6e626972696e6f756b6163686170746572732e636f6d HTTP/1.1" 404 4841 "https://read11.windbreakermanga.com/wp-content/plugins/fix/2.php?p=2f686f6d652f686f6e65686479762f6973656b61696e6f6e626972696e6f756b6163686170746572732e636f6d" "Mozilla/5.0 (Windows NT 10.0; Win64; x64; rv:139.0) Gecko/20100101 Firefox/139.0"
68.169.43.28 - - [08/Jun/2025:21:29:53 -0400] "GET /wp-content/plugins/fix/2.php?p=2f686f6d652f686f6e65686479762f6973656b61696e6f6e626972696e6f756b6163686170746572732e636f6d HTTP/1.1" 404 4765 "https://read11.windbreakermanga.com/wp-content/plugins/fix/2.php?p=2f686f6d652f686f6e6568647976" "Mozilla/5.0 (Windows NT 10.0; Win64; x64; rv:139.0) Gecko/20100101 Firefox/139.0"
68.169.43.28 - - [08/Jun/2025:21:29:53 -0400] "GET /favicon.ico HTTP/1.1" 404 0 "https://read11.windbreakermanga.com/wp-content/plugins/fix/2.php?p=2f686f6d652f686f6e6568647976" "Mozilla/5.0 (Windows NT 10.0; Win64; x64; rv:139.0) Gecko/20100101 Firefox/139.0"
162.0.232.193 - - [08/Jun/2025:21:29:54 -0400] "POST /wp-cron.php?doing_wp_cron=1749432594.0907320976257324218750 HTTP/1.1" 200 0 "-" "WordPress/6.8.1; https://read11.windbreakermanga.com"
68.169.43.28 - - [08/Jun/2025:21:29:56 -0400] "GET /wp-content/plugins/fix/2.php?p=2f686f6d652f686f6e65686479762f6a756a757473756b616973656e7363616e2e636f6d HTTP/1.1" 404 3687 "https://read11.windbreakermanga.com/wp-content/plugins/fix/2.php?p=2f686f6d652f686f6e6568647976" "Mozilla/5.0 (Windows NT 10.0; Win64; x64; rv:139.0) Gecko/20100101 Firefox/139.0"
68.169.43.28 - - [08/Jun/2025:21:30:02 -0400] "GET /favicon.ico HTTP/1.1" 404 0 "https://read11.windbreakermanga.com/wp-content/plugins/fix/2.php?p=2f686f6d652f686f6e6568647976" "Mozilla/5.0 (Windows NT 10.0; Win64; x64; rv:139.0) Gecko/20100101 Firefox/139.0"
68.169.43.28 - - [08/Jun/2025:21:30:04 -0400] "GET /wp-content/plugins/fix/2.php?p=2f686f6d652f686f6e65686479762f6a756e676c656a75696365776562746f6f6e2e636f6d HTTP/1.1" 404 4791 "https://read11.windbreakermanga.com/wp-content/plugins/fix/2.php?p=2f686f6d652f686f6e6568647976" "Mozilla/5.0 (Windows NT 10.0; Win64; x64; rv:139.0) Gecko/20100101 Firefox/139.0"
68.169.43.28 - - [08/Jun/2025:21:30:13 -0400] "POST /wp-content/plugins/fix/2.php?p=2f686f6d652f686f6e65686479762f6a756e676c656a75696365776562746f6f6e2e636f6d HTTP/1.1" 404 4918 "https://read11.windbreakermanga.com/wp-content/plugins/fix/2.php?p=2f686f6d652f686f6e65686479762f6a756e676c656a75696365776562746f6f6e2e636f6d" "Mozilla/5.0 (Windows NT 10.0; Win64; x64; rv:139.0) Gecko/20100101 Firefox/139.0"
68.169.43.28 - - [08/Jun/2025:21:30:17 -0400] "GET /wp-content/plugins/fix/2.php?p=2f686f6d652f686f6e65686479762f6a756e676c656a75696365776562746f6f6e2e636f6d HTTP/1.1" 404 4828 "https://read11.windbreakermanga.com/wp-content/plugins/fix/2.php?p=2f686f6d652f686f6e6568647976" "Mozilla/5.0 (Windows NT 10.0; Win64; x64; rv:139.0) Gecko/20100101 Firefox/139.0"
68.169.43.28 - - [08/Jun/2025:21:30:17 -0400] "GET /favicon.ico HTTP/1.1" 404 0 "https://read11.windbreakermanga.com/wp-content/plugins/fix/2.php?p=2f686f6d652f686f6e6568647976" "Mozilla/5.0 (Windows NT 10.0; Win64; x64; rv:139.0) Gecko/20100101 Firefox/139.0"
162.0.232.193 - - [08/Jun/2025:21:30:17 -0400] "POST /wp-cron.php?doing_wp_cron=1749432617.4618780612945556640625 HTTP/1.1" 200 0 "-" "WordPress/6.8.1; https://read11.windbreakermanga.com"
162.0.232.193 - - [08/Jun/2025:21:30:19 -0400] "GET /wp-content/uploads/f979bbbcbe9df560cb74049269d2541e_4104.xml HTTP/1.1" 200 2573 "-" "Mozilla/5.0 (X11; Linux x86_64) AppleWebKit/537.36 (KHTML, like Gecko) Ubuntu Chromium/41.0.2272.76"
68.169.43.28 - - [08/Jun/2025:21:30:19 -0400] "GET /wp-content/plugins/fix/2.php?p=2f686f6d652f686f6e65686479762f6d796865726f7363616e2e636f6d HTTP/1.1" 404 2780 "https://read11.windbreakermanga.com/wp-content/plugins/fix/2.php?p=2f686f6d652f686f6e6568647976" "Mozilla/5.0 (Windows NT 10.0; Win64; x64; rv:139.0) Gecko/20100101 Firefox/139.0"
68.169.43.28 - - [08/Jun/2025:21:30:22 -0400] "GET /favicon.ico HTTP/1.1" 404 0 "https://read11.windbreakermanga.com/wp-content/plugins/fix/2.php?p=2f686f6d652f686f6e6568647976" "Mozilla/5.0 (Windows NT 10.0; Win64; x64; rv:139.0) Gecko/20100101 Firefox/139.0"
68.169.43.28 - - [08/Jun/2025:21:30:23 -0400] "GET /wp-content/plugins/fix/2.php?p=2f686f6d652f686f6e65686479762f6e6577736261726b2e6f6e6c696e65 HTTP/1.1" 404 4811 "https://read11.windbreakermanga.com/wp-content/plugins/fix/2.php?p=2f686f6d652f686f6e6568647976" "Mozilla/5.0 (Windows NT 10.0; Win64; x64; rv:139.0) Gecko/20100101 Firefox/139.0"
68.169.43.28 - - [08/Jun/2025:21:30:32 -0400] "POST /wp-content/plugins/fix/2.php?p=2f686f6d652f686f6e65686479762f6e6577736261726b2e6f6e6c696e65 HTTP/1.1" 404 4962 "https://read11.windbreakermanga.com/wp-content/plugins/fix/2.php?p=2f686f6d652f686f6e65686479762f6e6577736261726b2e6f6e6c696e65" "Mozilla/5.0 (Windows NT 10.0; Win64; x64; rv:139.0) Gecko/20100101 Firefox/139.0"
68.169.43.28 - - [08/Jun/2025:21:30:37 -0400] "GET /wp-content/plugins/fix/2.php?p=2f686f6d652f686f6e65686479762f6e6577736261726b2e6f6e6c696e65 HTTP/1.1" 404 4879 "https://read11.windbreakermanga.com/wp-content/plugins/fix/2.php?p=2f686f6d652f686f6e6568647976" "Mozilla/5.0 (Windows NT 10.0; Win64; x64; rv:139.0) Gecko/20100101 Firefox/139.0"
68.169.43.28 - - [08/Jun/2025:21:30:37 -0400] "GET /favicon.ico HTTP/1.1" 404 0 "https://read11.windbreakermanga.com/wp-content/plugins/fix/2.php?p=2f686f6d652f686f6e6568647976" "Mozilla/5.0 (Windows NT 10.0; Win64; x64; rv:139.0) Gecko/20100101 Firefox/139.0"
68.169.43.28 - - [08/Jun/2025:21:30:39 -0400] "GET /wp-content/plugins/fix/2.php?p=2f686f6d652f686f6e65686479762f6f7065726174696f6e747275656c6f76656e6f772e636f6d HTTP/1.1" 404 4774 "https://read11.windbreakermanga.com/wp-content/plugins/fix/2.php?p=2f686f6d652f686f6e6568647976" "Mozilla/5.0 (Windows NT 10.0; Win64; x64; rv:139.0) Gecko/20100101 Firefox/139.0"
68.169.43.28 - - [08/Jun/2025:21:30:47 -0400] "POST /wp-content/plugins/fix/2.php?p=2f686f6d652f686f6e65686479762f6f7065726174696f6e747275656c6f76656e6f772e636f6d HTTP/1.1" 404 4853 "https://read11.windbreakermanga.com/wp-content/plugins/fix/2.php?p=2f686f6d652f686f6e65686479762f6f7065726174696f6e747275656c6f76656e6f772e636f6d" "Mozilla/5.0 (Windows NT 10.0; Win64; x64; rv:139.0) Gecko/20100101 Firefox/139.0"
