20.171.207.16 - - [11/Jun/2025:12:14:08 -0400] "GET /wp-login.php?action=enter_recovery_mode&rm_key=kUbYnayc71uFXqTBTAJaUy&rm_token=LkfI29lWk7ialxGHCW1W5J HTTP/1.1" 500 0 "-" "Mozilla/5.0 AppleWebKit/537.36 (KHTML, like Gecko; compatible; GPTBot/1.2; +https://openai.com/gptbot)"
20.171.207.16 - - [11/Jun/2025:12:14:11 -0400] "GET /wp-admin/ HTTP/1.1" 500 0 "-" "Mozilla/5.0 AppleWebKit/537.36 (KHTML, like Gecko; compatible; GPTBot/1.2; +https://openai.com/gptbot)"
2a03:2880:f800:3:: - - [11/Jun/2025:12:15:23 -0400] "GET /?p=1798355281511& HTTP/1.1" 200 0 "-" "meta-externalagent/1.1 (+https://developers.facebook.com/docs/sharing/webmasters/crawler)"
2a03:2880:f800:c:: - - [11/Jun/2025:12:15:26 -0400] "GET /?p=5211935548317& HTTP/1.1" 200 0 "-" "meta-externalagent/1.1 (+https://developers.facebook.com/docs/sharing/webmasters/crawler)"
2402:e280:2102:e6:7105:2d9d:989c:4ba8 - - [11/Jun/2025:12:17:45 -0400] "GET / HTTP/1.1" 200 0 "https://www.bing.com/" "Mozilla/5.0 (Windows NT 10.0; Win64; x64) AppleWebKit/537.36 (KHTML, like Gecko) Chrome/136.0.0.0 Safari/537.36 Edg/136.0.0.0"
2402:e280:2102:e6:7105:2d9d:989c:4ba8 - - [11/Jun/2025:12:17:47 -0400] "GET /favicon.ico HTTP/1.1" 404 1251 "https://w1.perfectmarriagerevenge.com/" "Mozilla/5.0 (Windows NT 10.0; Win64; x64) AppleWebKit/537.36 (KHTML, like Gecko) Chrome/136.0.0.0 Safari/537.36 Edg/136.0.0.0"
66.249.66.162 - - [11/Jun/2025:12:17:45 -0400] "GET /?p=51190103089902&channel=536860&from=blog.php%3Fid%3D1030899-4411%26name%3D%E3%80%90%E4%B8%AD%E5%8F%A4%E3%80%91%E3%83%88%E3%83%AA%E3%82%B3%E3%82%B3%E3%83%A0%E3%83%87%E3%82%AE%E3%83%A3%E3%83%AB%E3%82%BD%E3%83%B3+tricot+COMME+des+GARCONS+00%E2%80%99+%E3%83%AC%E3%83%BC%E3%82%B9+%E3%83%99%E3%83%AB%E3%83%88%E4%BB%98%E3%81%8D+%E3%82%B9%E3%82%AB%E3%83%BC%E3%83%88+M+%E3%83%96%E3%83%A9%E3%83%83%E3%82%AF+%E9%BB%92+TQ-S025+%E3%83%AC%E3%83%87%E3%82%A3%E3%83%BC%E3%82%B9+%E3%80%90%E3%83%99%E3%82%AF%E3%83%88%E3%83%AB+%E5%8F%A4%E7%9D%80%E3%80%91+250515 HTTP/1.1" 200 58854 "-" "Mozilla/5.0 (Linux; Android 6.0.1; Nexus 5X Build/MMB29P) AppleWebKit/537.36 (KHTML, like Gecko) Chrome/136.0.7103.113 Mobile Safari/537.36 (compatible; Googlebot/2.1; +http://www.google.com/bot.html)"
2a03:2880:f800:1b:: - - [11/Jun/2025:12:20:08 -0400] "GET /?p=01752158614109& HTTP/1.1" 200 0 "-" "meta-externalagent/1.1 (+https://developers.facebook.com/docs/sharing/webmasters/crawler)"
2a03:2880:f800:5:: - - [11/Jun/2025:12:20:30 -0400] "GET /?p=11847168112407& HTTP/1.1" 200 0 "-" "meta-externalagent/1.1 (+https://developers.facebook.com/docs/sharing/webmasters/crawler)"
81.88.53.43 - - [11/Jun/2025:12:22:47 -0400] "GET /wp-login.php HTTP/1.1" 500 0 "http://perfectmarriagerevenge.com" "Mozilla/5.0 (Windows NT 11.0; Win64; x64) AppleWebKit/537.36 (KHTML, like Gecko) Chrome/126.0.0.0 Safari/537.36 Edg/126.0.0.0"
2a03:2880:f800:1:: - - [11/Jun/2025:12:23:29 -0400] "GET /?p=02388187466701& HTTP/1.1" 200 0 "-" "meta-externalagent/1.1 (+https://developers.facebook.com/docs/sharing/webmasters/crawler)"
2a03:2880:f800:c:: - - [11/Jun/2025:12:23:32 -0400] "GET /?p=03701135093602& HTTP/1.1" 200 0 "-" "meta-externalagent/1.1 (+https://developers.facebook.com/docs/sharing/webmasters/crawler)"
192.99.13.69 - - [11/Jun/2025:12:23:35 -0400] "GET /wp-includes/SimplePie/Content/Type/?SD HTTP/1.1" 200 648 "-" "Mozilla/5.0 (compatible; MJ12bot/v1.4.8; http://mj12bot.com/)"
192.99.13.69 - - [11/Jun/2025:12:23:37 -0400] "GET /wp-includes/SimplePie/Decode/HTML/?MD HTTP/1.1" 200 653 "-" "Mozilla/5.0 (compatible; MJ12bot/v1.4.8; http://mj12bot.com/)"
192.99.13.69 - - [11/Jun/2025:12:23:39 -0400] "GET /wp-includes/SimplePie/Decode/HTML/?NA HTTP/1.1" 200 646 "-" "Mozilla/5.0 (compatible; MJ12bot/v1.4.8; http://mj12bot.com/)"
66.249.66.70 - - [11/Jun/2025:12:23:51 -0400] "GET /manga/perfect-marriage-revenge-chapter-106/ HTTP/1.1" 200 58437 "-" "Mozilla/5.0 (Linux; Android 6.0.1; Nexus 5X Build/MMB29P) AppleWebKit/537.36 (KHTML, like Gecko) Chrome/136.0.7103.113 Mobile Safari/537.36 (compatible; Googlebot/2.1; +http://www.google.com/bot.html)"
66.249.66.35 - - [11/Jun/2025:12:23:57 -0400] "GET /manga/perfect-marriage-revenge-chapter-72/ HTTP/1.1" 200 57614 "-" "Mozilla/5.0 (Linux; Android 6.0.1; Nexus 5X Build/MMB29P) AppleWebKit/537.36 (KHTML, like Gecko) Chrome/136.0.7103.113 Mobile Safari/537.36 (compatible; Googlebot/2.1; +http://www.google.com/bot.html)"
192.99.13.69 - - [11/Jun/2025:12:24:13 -0400] "GET /wp-includes/SimplePie/XML/Declaration/?SD HTTP/1.1" 200 651 "-" "Mozilla/5.0 (compatible; MJ12bot/v1.4.8; http://mj12bot.com/)"
192.99.13.69 - - [11/Jun/2025:12:24:15 -0400] "GET /wp-includes/Text/Diff/Engine/?MD HTTP/1.1" 200 711 "-" "Mozilla/5.0 (compatible; MJ12bot/v1.4.8; http://mj12bot.com/)"
192.99.13.69 - - [11/Jun/2025:12:24:17 -0400] "GET /wp-includes/Text/Diff/Engine/?NA HTTP/1.1" 200 706 "-" "Mozilla/5.0 (compatible; MJ12bot/v1.4.8; http://mj12bot.com/)"
192.99.13.69 - - [11/Jun/2025:12:24:28 -0400] "GET /wp-includes/Text/Diff/Engine/?SD HTTP/1.1" 200 711 "-" "Mozilla/5.0 (compatible; MJ12bot/v1.4.8; http://mj12bot.com/)"
192.99.13.69 - - [11/Jun/2025:12:24:32 -0400] "GET /wp-includes/Text/Diff/Renderer/?NA HTTP/1.1" 200 639 "-" "Mozilla/5.0 (compatible; MJ12bot/v1.4.8; http://mj12bot.com/)"
192.99.13.69 - - [11/Jun/2025:12:24:42 -0400] "GET /wp-includes/Text/Diff/Renderer/?SD HTTP/1.1" 200 643 "-" "Mozilla/5.0 (compatible; MJ12bot/v1.4.8; http://mj12bot.com/)"
192.99.13.69 - - [11/Jun/2025:12:24:54 -0400] "GET /wp-includes/css/dist/block-directory/?NA HTTP/1.1" 200 696 "-" "Mozilla/5.0 (compatible; MJ12bot/v1.4.8; http://mj12bot.com/)"
192.99.13.69 - - [11/Jun/2025:12:24:55 -0400] "GET /wp-includes/css/dist/block-directory/?SD HTTP/1.1" 200 703 "-" "Mozilla/5.0 (compatible; MJ12bot/v1.4.8; http://mj12bot.com/)"
192.99.13.69 - - [11/Jun/2025:12:24:57 -0400] "GET /wp-includes/css/dist/block-editor/?MD HTTP/1.1" 200 1158 "-" "Mozilla/5.0 (compatible; MJ12bot/v1.4.8; http://mj12bot.com/)"
192.99.13.69 - - [11/Jun/2025:12:24:59 -0400] "GET /wp-includes/css/dist/block-editor/?NA HTTP/1.1" 200 1127 "-" "Mozilla/5.0 (compatible; MJ12bot/v1.4.8; http://mj12bot.com/)"
192.99.13.69 - - [11/Jun/2025:12:25:25 -0400] "GET /wp-includes/css/dist/block-library/?SD HTTP/1.1" 200 1482 "-" "Mozilla/5.0 (compatible; MJ12bot/v1.4.8; http://mj12bot.com/)"
192.99.13.69 - - [11/Jun/2025:12:25:31 -0400] "GET /wp-includes/js/tinymce/plugins/compat3x/css/?ND HTTP/1.1" 403 1242 "-" "Mozilla/5.0 (compatible; MJ12bot/v1.4.8; http://mj12bot.com/)"
192.99.13.69 - - [11/Jun/2025:12:25:33 -0400] "GET /wp-includes/js/tinymce/plugins/compat3x/css/?SA HTTP/1.1" 403 1242 "-" "Mozilla/5.0 (compatible; MJ12bot/v1.4.8; http://mj12bot.com/)"
192.99.13.69 - - [11/Jun/2025:12:25:36 -0400] "GET /wp-includes/js/tinymce/skins/lightgray/fonts/?MA HTTP/1.1" 403 1242 "-" "Mozilla/5.0 (compatible; MJ12bot/v1.4.8; http://mj12bot.com/)"
192.99.13.69 - - [11/Jun/2025:12:25:52 -0400] "GET /wp-includes/js/tinymce/skins/lightgray/fonts/tinymce-small.ttf HTTP/1.1" 200 9304 "-" "Mozilla/5.0 (compatible; MJ12bot/v1.4.8; http://mj12bot.com/)"
192.99.13.69 - - [11/Jun/2025:12:25:55 -0400] "GET /wp-includes/js/tinymce/skins/lightgray/fonts/tinymce.eot HTTP/1.1" 200 18912 "-" "Mozilla/5.0 (compatible; MJ12bot/v1.4.8; http://mj12bot.com/)"
192.99.13.69 - - [11/Jun/2025:12:25:57 -0400] "GET /wp-includes/js/tinymce/skins/lightgray/fonts/tinymce.svg HTTP/1.1" 200 13296 "-" "Mozilla/5.0 (compatible; MJ12bot/v1.4.8; http://mj12bot.com/)"
192.99.13.69 - - [11/Jun/2025:12:26:06 -0400] "GET /wp-includes/js/tinymce/skins/lightgray/fonts/tinymce.ttf HTTP/1.1" 200 18748 "-" "Mozilla/5.0 (compatible; MJ12bot/v1.4.8; http://mj12bot.com/)"
192.99.13.69 - - [11/Jun/2025:12:26:14 -0400] "GET /wp-includes/js/tinymce/skins/lightgray/img/?SA HTTP/1.1" 403 1242 "-" "Mozilla/5.0 (compatible; MJ12bot/v1.4.8; http://mj12bot.com/)"
192.99.13.69 - - [11/Jun/2025:12:26:21 -0400] "GET /wp-includes/js/tinymce/skins/lightgray/img/anchor.gif HTTP/1.1" 200 53 "-" "Mozilla/5.0 (compatible; MJ12bot/v1.4.8; http://mj12bot.com/)"
192.99.13.69 - - [11/Jun/2025:12:26:23 -0400] "GET /wp-includes/js/tinymce/skins/lightgray/img/loader.gif HTTP/1.1" 200 2608 "-" "Mozilla/5.0 (compatible; MJ12bot/v1.4.8; http://mj12bot.com/)"
192.99.13.69 - - [11/Jun/2025:12:26:25 -0400] "GET /wp-includes/js/tinymce/skins/lightgray/img/object.gif HTTP/1.1" 200 152 "-" "Mozilla/5.0 (compatible; MJ12bot/v1.4.8; http://mj12bot.com/)"
192.99.13.69 - - [11/Jun/2025:12:26:32 -0400] "GET /wp-includes/js/tinymce/skins/wordpress/images/?MA HTTP/1.1" 403 1242 "-" "Mozilla/5.0 (compatible; MJ12bot/v1.4.8; http://mj12bot.com/)"
192.99.13.69 - - [11/Jun/2025:12:26:34 -0400] "GET /wp-includes/js/tinymce/skins/wordpress/images/?ND HTTP/1.1" 403 1242 "-" "Mozilla/5.0 (compatible; MJ12bot/v1.4.8; http://mj12bot.com/)"
192.99.13.69 - - [11/Jun/2025:12:26:37 -0400] "GET /wp-includes/js/tinymce/skins/wordpress/images/audio.png HTTP/1.1" 200 412 "-" "Mozilla/5.0 (compatible; MJ12bot/v1.4.8; http://mj12bot.com/)"
192.99.13.69 - - [11/Jun/2025:12:27:00 -0400] "GET /wp-includes/js/tinymce/skins/wordpress/images/more-2x.png HTTP/1.1" 200 603 "-" "Mozilla/5.0 (compatible; MJ12bot/v1.4.8; http://mj12bot.com/)"
192.99.13.69 - - [11/Jun/2025:12:27:13 -0400] "GET /wp-includes/js/tinymce/skins/wordpress/images/pagebreak.png HTTP/1.1" 200 1140 "-" "Mozilla/5.0 (compatible; MJ12bot/v1.4.8; http://mj12bot.com/)"
2a03:2880:f800:b:: - - [11/Jun/2025:12:27:21 -0400] "GET /?p=72596134749905& HTTP/1.1" 200 0 "-" "meta-externalagent/1.1 (+https://developers.facebook.com/docs/sharing/webmasters/crawler)"
192.99.13.69 - - [11/Jun/2025:12:27:26 -0400] "GET /wp-includes/sodium_compat/namespaced/Core/ChaCha20/?NA HTTP/1.1" 200 681 "-" "Mozilla/5.0 (compatible; MJ12bot/v1.4.8; http://mj12bot.com/)"
192.99.13.69 - - [11/Jun/2025:12:27:29 -0400] "GET /wp-includes/sodium_compat/namespaced/Core/ChaCha20/?SD HTTP/1.1" 200 682 "-" "Mozilla/5.0 (compatible; MJ12bot/v1.4.8; http://mj12bot.com/)"
192.99.13.69 - - [11/Jun/2025:12:27:35 -0400] "GET /wp-includes/sodium_compat/namespaced/Core/Curve25519/?NA HTTP/1.1" 200 722 "-" "Mozilla/5.0 (compatible; MJ12bot/v1.4.8; http://mj12bot.com/)"
2a03:2880:f800:: - - [11/Jun/2025:12:27:37 -0400] "GET /?p=88746149876903& HTTP/1.1" 200 0 "-" "meta-externalagent/1.1 (+https://developers.facebook.com/docs/sharing/webmasters/crawler)"
192.99.13.69 - - [11/Jun/2025:12:27:50 -0400] "GET /wp-includes/sodium_compat/namespaced/Core/Curve25519/Ge/?SA HTTP/1.1" 200 742 "-" "Mozilla/5.0 (compatible; MJ12bot/v1.4.8; http://mj12bot.com/)"
192.99.13.69 - - [11/Jun/2025:12:27:55 -0400] "GET /wp-includes/sodium_compat/namespaced/Core/Curve25519/Ge/P1p1.php HTTP/1.1" 403 1242 "-" "Mozilla/5.0 (compatible; MJ12bot/v1.4.8; http://mj12bot.com/)"
192.99.13.69 - - [11/Jun/2025:12:29:20 -0400] "GET /wp-includes/sodium_compat/src/Core/Curve25519/Ge/P3.php HTTP/1.1" 403 1242 "-" "Mozilla/5.0 (compatible; MJ12bot/v1.4.8; http://mj12bot.com/)"
192.99.13.69 - - [11/Jun/2025:12:29:22 -0400] "GET /wp-includes/sodium_compat/src/Core/Curve25519/Ge/Precomp.php HTTP/1.1" 403 1242 "-" "Mozilla/5.0 (compatible; MJ12bot/v1.4.8; http://mj12bot.com/)"
192.99.13.69 - - [11/Jun/2025:12:29:37 -0400] "GET /wp-includes/sodium_compat/src/Core/SecretStream/?MD HTTP/1.1" 200 659 "-" "Mozilla/5.0 (compatible; MJ12bot/v1.4.8; http://mj12bot.com/)"
192.99.13.69 - - [11/Jun/2025:12:30:14 -0400] "GET /wp-includes/sodium_compat/src/Core32/Curve25519/?NA HTTP/1.1" 200 749 "-" "Mozilla/5.0 (compatible; MJ12bot/v1.4.8; http://mj12bot.com/)"
192.99.13.69 - - [11/Jun/2025:12:30:38 -0400] "GET /wp-includes/sodium_compat/src/Core32/Curve25519/Ge/P2.php HTTP/1.1" 403 1242 "-" "Mozilla/5.0 (compatible; MJ12bot/v1.4.8; http://mj12bot.com/)"
192.99.13.69 - - [11/Jun/2025:12:30:52 -0400] "GET /wp-includes/sodium_compat/src/Core32/Poly1305/?NA HTTP/1.1" 200 657 "-" "Mozilla/5.0 (compatible; MJ12bot/v1.4.8; http://mj12bot.com/)"
192.99.13.69 - - [11/Jun/2025:12:31:10 -0400] "GET /wp-includes/sodium_compat/src/Core32/SecretStream/?SD HTTP/1.1" 200 659 "-" "Mozilla/5.0 (compatible; MJ12bot/v1.4.8; http://mj12bot.com/)"
2a03:2880:f800:1a:: - - [11/Jun/2025:12:31:16 -0400] "GET /?p=51980168702301& HTTP/1.1" 200 0 "-" "meta-externalagent/1.1 (+https://developers.facebook.com/docs/sharing/webmasters/crawler)"
2a03:2880:f800:11:: - - [11/Jun/2025:12:31:32 -0400] "GET /?p=380743847707& HTTP/1.1" 200 0 "-" "meta-externalagent/1.1 (+https://developers.facebook.com/docs/sharing/webmasters/crawler)"
66.249.66.160 - - [11/Jun/2025:12:31:32 -0400] "GET /?p=25877168093503&channel=b8133f&from=brands.php%3Fid%3D1680935-22579%26name%3D%E5%86%AC4%E6%9C%ACSET+%E4%BC%9A%E7%A4%BE%E5%AE%9B%E9%80%81%E6%96%99%E7%84%A1%E6%96%99+245%2F40R18+93Q+%E3%83%8A%E3%83%B3%E3%82%AB%E3%83%B3+WS-1+2021%E5%B9%B4%E8%A3%BD+C%E3%82%AF%E3%83%A9%E3%82%B9+E%E3%82%AF%E3%83%A9%E3%82%B9+A4+S4+A5+S5+A6+5%E3%82%B7%E3%83%AA%E3%83%BC%E3%82%BA+WRX+STI++%E5%BA%97%E9%A0%AD%E4%BA%A4%E6%8F%9BOK+NO%2CC5609 HTTP/1.1" 200 56956 "-" "Mozilla/5.0 (Linux; Android 6.0.1; Nexus 5X Build/MMB29P) AppleWebKit/537.36 (KHTML, like Gecko) Chrome/136.0.7103.113 Mobile Safari/537.36 (compatible; Googlebot/2.1; +http://www.google.com/bot.html)"
192.99.13.69 - - [11/Jun/2025:12:31:37 -0400] "GET /wp-includes/Text/Diff/Renderer/?MD HTTP/1.1" 200 645 "-" "Mozilla/5.0 (compatible; MJ12bot/v1.4.8; http://mj12bot.com/)"
192.99.13.69 - - [11/Jun/2025:12:31:43 -0400] "GET /wp-includes/css/dist/block-directory/?MD HTTP/1.1" 200 698 "-" "Mozilla/5.0 (compatible; MJ12bot/v1.4.8; http://mj12bot.com/)"
192.99.13.69 - - [11/Jun/2025:12:32:06 -0400] "GET /wp-includes/js/tinymce/plugins/compat3x/css/dialog.css HTTP/1.1" 200 2212 "-" "Mozilla/5.0 (compatible; MJ12bot/v1.4.8; http://mj12bot.com/)"
192.99.13.69 - - [11/Jun/2025:12:32:11 -0400] "GET /wp-includes/js/tinymce/skins/lightgray/fonts/tinymce-small.eot HTTP/1.1" 200 9492 "-" "Mozilla/5.0 (compatible; MJ12bot/v1.4.8; http://mj12bot.com/)"
192.99.13.69 - - [11/Jun/2025:12:32:19 -0400] "GET /wp-includes/js/tinymce/skins/lightgray/fonts/tinymce-small.svg HTTP/1.1" 200 7406 "-" "Mozilla/5.0 (compatible; MJ12bot/v1.4.8; http://mj12bot.com/)"
192.99.13.69 - - [11/Jun/2025:12:32:23 -0400] "GET /wp-includes/js/tinymce/skins/lightgray/fonts/tinymce.woff HTTP/1.1" 200 18824 "-" "Mozilla/5.0 (compatible; MJ12bot/v1.4.8; http://mj12bot.com/)"
192.99.13.69 - - [11/Jun/2025:12:32:41 -0400] "GET /wp-includes/js/tinymce/skins/wordpress/images/dashicon-edit.png HTTP/1.1" 200 368 "-" "Mozilla/5.0 (compatible; MJ12bot/v1.4.8; http://mj12bot.com/)"
192.99.13.69 - - [11/Jun/2025:12:32:43 -0400] "GET /wp-includes/js/tinymce/skins/wordpress/images/dashicon-no.png HTTP/1.1" 200 339 "-" "Mozilla/5.0 (compatible; MJ12bot/v1.4.8; http://mj12bot.com/)"
192.99.13.69 - - [11/Jun/2025:12:33:09 -0400] "GET /wp-includes/js/tinymce/skins/wordpress/images/video.png HTTP/1.1" 200 363 "-" "Mozilla/5.0 (compatible; MJ12bot/v1.4.8; http://mj12bot.com/)"
192.99.13.69 - - [11/Jun/2025:12:33:12 -0400] "GET /wp-includes/sodium_compat/namespaced/Core/Curve25519/?MD HTTP/1.1" 200 729 "-" "Mozilla/5.0 (compatible; MJ12bot/v1.4.8; http://mj12bot.com/)"
192.99.13.69 - - [11/Jun/2025:12:33:18 -0400] "GET /wp-includes/sodium_compat/namespaced/Core/Curve25519/Ge/?MA HTTP/1.1" 200 734 "-" "Mozilla/5.0 (compatible; MJ12bot/v1.4.8; http://mj12bot.com/)"
192.99.13.69 - - [11/Jun/2025:12:33:20 -0400] "GET /wp-includes/sodium_compat/namespaced/Core/Curve25519/Ge/?ND HTTP/1.1" 200 730 "-" "Mozilla/5.0 (compatible; MJ12bot/v1.4.8; http://mj12bot.com/)"
192.99.13.69 - - [11/Jun/2025:12:33:21 -0400] "GET /wp-includes/sodium_compat/namespaced/Core/Curve25519/Ge/Cached.php HTTP/1.1" 403 1242 "-" "Mozilla/5.0 (compatible; MJ12bot/v1.4.8; http://mj12bot.com/)"
49.156.1.85 - - [11/Jun/2025:12:33:22 -0400] "GET / HTTP/1.1" 200 0 "-" "Mozilla/5.0 (Windows NT 10.0; Win64; x64; rv:126.0) Gecko/20100101 Firefox/126.0"
192.99.13.69 - - [11/Jun/2025:12:33:30 -0400] "GET /wp-includes/sodium_compat/namespaced/Core/Curve25519/Ge/Precomp.php HTTP/1.1" 403 1242 "-" "Mozilla/5.0 (compatible; MJ12bot/v1.4.8; http://mj12bot.com/)"
192.99.13.69 - - [11/Jun/2025:12:34:21 -0400] "GET /wp-includes/sodium_compat/src/Core/Base64/?SD HTTP/1.1" 200 709 "-" "Mozilla/5.0 (compatible; MJ12bot/v1.4.8; http://mj12bot.com/)"
192.99.13.69 - - [11/Jun/2025:12:34:25 -0400] "GET /wp-includes/sodium_compat/src/Core/ChaCha20/?NA HTTP/1.1" 200 696 "-" "Mozilla/5.0 (compatible; MJ12bot/v1.4.8; http://mj12bot.com/)"
192.99.13.69 - - [11/Jun/2025:12:34:35 -0400] "GET /wp-includes/sodium_compat/src/Core/ChaCha20/?SD HTTP/1.1" 200 702 "-" "Mozilla/5.0 (compatible; MJ12bot/v1.4.8; http://mj12bot.com/)"
192.99.13.69 - - [11/Jun/2025:12:34:36 -0400] "GET /wp-includes/sodium_compat/src/Core/Curve25519/?MD HTTP/1.1" 200 735 "-" "Mozilla/5.0 (compatible; MJ12bot/v1.4.8; http://mj12bot.com/)"
192.99.13.69 - - [11/Jun/2025:12:34:39 -0400] "GET /wp-includes/sodium_compat/src/Core/Curve25519/?SD HTTP/1.1" 200 734 "-" "Mozilla/5.0 (compatible; MJ12bot/v1.4.8; http://mj12bot.com/)"
192.99.13.69 - - [11/Jun/2025:12:34:46 -0400] "GET /wp-includes/sodium_compat/src/Core/Curve25519/Ge/?ND HTTP/1.1" 200 732 "-" "Mozilla/5.0 (compatible; MJ12bot/v1.4.8; http://mj12bot.com/)"
192.99.13.69 - - [11/Jun/2025:12:34:48 -0400] "GET /wp-includes/sodium_compat/src/Core/Curve25519/Ge/?SA HTTP/1.1" 200 741 "-" "Mozilla/5.0 (compatible; MJ12bot/v1.4.8; http://mj12bot.com/)"
2a03:2880:f800:3:: - - [11/Jun/2025:12:35:02 -0400] "GET /?p=27790125543202& HTTP/1.1" 200 0 "-" "meta-externalagent/1.1 (+https://developers.facebook.com/docs/sharing/webmasters/crawler)"
192.99.13.69 - - [11/Jun/2025:12:35:04 -0400] "GET /wp-includes/sodium_compat/src/Core/Curve25519/Ge/P2.php HTTP/1.1" 403 1242 "-" "Mozilla/5.0 (compatible; MJ12bot/v1.4.8; http://mj12bot.com/)"
192.99.13.69 - - [11/Jun/2025:12:35:05 -0400] "GET /wp-includes/sodium_compat/src/Core/Poly1305/?MD HTTP/1.1" 200 660 "-" "Mozilla/5.0 (compatible; MJ12bot/v1.4.8; http://mj12bot.com/)"
192.99.13.69 - - [11/Jun/2025:12:35:07 -0400] "GET /wp-includes/sodium_compat/src/Core/Poly1305/?NA HTTP/1.1" 200 654 "-" "Mozilla/5.0 (compatible; MJ12bot/v1.4.8; http://mj12bot.com/)"
2a03:2880:f800:11:: - - [11/Jun/2025:12:35:17 -0400] "GET /?p=0508134435603& HTTP/1.1" 200 0 "-" "meta-externalagent/1.1 (+https://developers.facebook.com/docs/sharing/webmasters/crawler)"
192.99.13.69 - - [11/Jun/2025:12:37:24 -0400] "GET /wp-includes/sodium_compat/src/Core/SecretStream/?SD HTTP/1.1" 200 658 "-" "Mozilla/5.0 (compatible; MJ12bot/v1.4.8; http://mj12bot.com/)"
192.99.13.69 - - [11/Jun/2025:12:37:33 -0400] "GET /wp-includes/sodium_compat/src/Core32/ChaCha20/?NA HTTP/1.1" 200 698 "-" "Mozilla/5.0 (compatible; MJ12bot/v1.4.8; http://mj12bot.com/)"
192.99.13.69 - - [11/Jun/2025:12:37:39 -0400] "GET /wp-includes/sodium_compat/src/Core32/Curve25519/?SD HTTP/1.1" 200 757 "-" "Mozilla/5.0 (compatible; MJ12bot/v1.4.8; http://mj12bot.com/)"
192.99.13.69 - - [11/Jun/2025:12:37:44 -0400] "GET /wp-includes/sodium_compat/src/Core32/Curve25519/Ge/?ND HTTP/1.1" 200 739 "-" "Mozilla/5.0 (compatible; MJ12bot/v1.4.8; http://mj12bot.com/)"
192.99.13.69 - - [11/Jun/2025:12:37:51 -0400] "GET /wp-includes/sodium_compat/src/Core32/Curve25519/Ge/P1p1.php HTTP/1.1" 403 1242 "-" "Mozilla/5.0 (compatible; MJ12bot/v1.4.8; http://mj12bot.com/)"
192.99.13.69 - - [11/Jun/2025:12:37:56 -0400] "GET /wp-includes/sodium_compat/src/Core32/Curve25519/Ge/P3.php HTTP/1.1" 403 1242 "-" "Mozilla/5.0 (compatible; MJ12bot/v1.4.8; http://mj12bot.com/)"
192.99.13.69 - - [11/Jun/2025:12:38:03 -0400] "GET /wp-includes/sodium_compat/src/Core32/SecretStream/?MD HTTP/1.1" 200 660 "-" "Mozilla/5.0 (compatible; MJ12bot/v1.4.8; http://mj12bot.com/)"
192.99.13.69 - - [11/Jun/2025:12:38:54 -0400] "GET /wp-includes/sodium_compat/src/Core32/SecretStream/?NA HTTP/1.1" 200 655 "-" "Mozilla/5.0 (compatible; MJ12bot/v1.4.8; http://mj12bot.com/)"
31.172.67.59 - - [11/Jun/2025:12:38:54 -0400] "GET /wp-login.php HTTP/1.1" 500 0 "http://perfectmarriagerevenge.com" "Mozilla/5.0 (Windows NT 10.0; Win64; x64; rv:127.0) Gecko/20100101 Firefox/127.0"
52.167.144.222 - - [11/Jun/2025:12:38:58 -0400] "GET /?s= HTTP/1.1" 200 44897 "-" "Mozilla/5.0 AppleWebKit/537.36 (KHTML, like Gecko; compatible; bingbot/2.0; +http://www.bing.com/bingbot.htm) Chrome/116.0.1938.76 Safari/537.36"
2a03:2880:f800:d:: - - [11/Jun/2025:12:39:12 -0400] "GET /?p=81690172618600& HTTP/1.1" 200 0 "-" "meta-externalagent/1.1 (+https://developers.facebook.com/docs/sharing/webmasters/crawler)"
2a03:2880:f800:19:: - - [11/Jun/2025:12:39:16 -0400] "GET /?p=91246107006800& HTTP/1.1" 200 0 "-" "meta-externalagent/1.1 (+https://developers.facebook.com/docs/sharing/webmasters/crawler)"
66.249.66.163 - - [11/Jun/2025:12:39:44 -0400] "GET /manga/perfect-marriage-revenge-chapter-9/ HTTP/1.1" 200 57184 "-" "Mozilla/5.0 (Linux; Android 6.0.1; Nexus 5X Build/MMB29P) AppleWebKit/537.36 (KHTML, like Gecko) Chrome/136.0.7103.113 Mobile Safari/537.36 (compatible; Googlebot/2.1; +http://www.google.com/bot.html)"
192.99.13.69 - - [11/Jun/2025:12:39:56 -0400] "GET /wp-includes/js/tinymce/skins/lightgray/img/trans.gif HTTP/1.1" 200 43 "-" "Mozilla/5.0 (compatible; MJ12bot/v1.4.8; http://mj12bot.com/)"
192.99.13.69 - - [11/Jun/2025:12:40:22 -0400] "GET /wp-includes/sodium_compat/namespaced/Core/Curve25519/?SD HTTP/1.1" 200 728 "-" "Mozilla/5.0 (compatible; MJ12bot/v1.4.8; http://mj12bot.com/)"
192.99.13.69 - - [11/Jun/2025:12:40:46 -0400] "GET /wp-includes/sodium_compat/src/Core/Curve25519/?NA HTTP/1.1" 200 726 "-" "Mozilla/5.0 (compatible; MJ12bot/v1.4.8; http://mj12bot.com/)"
192.99.13.69 - - [11/Jun/2025:12:40:59 -0400] "GET /wp-includes/sodium_compat/src/Core32/ChaCha20/?SD HTTP/1.1" 200 704 "-" "Mozilla/5.0 (compatible; MJ12bot/v1.4.8; http://mj12bot.com/)"
192.99.13.69 - - [11/Jun/2025:12:41:06 -0400] "GET /wp-includes/sodium_compat/src/Core32/Curve25519/Ge/Precomp.php HTTP/1.1" 403 1242 "-" "Mozilla/5.0 (compatible; MJ12bot/v1.4.8; http://mj12bot.com/)"
192.99.13.69 - - [11/Jun/2025:12:41:15 -0400] "GET /wp-includes/SimplePie/Decode/HTML/?SD HTTP/1.1" 200 651 "-" "Mozilla/5.0 (compatible; MJ12bot/v1.4.8; http://mj12bot.com/)"
207.46.13.155 - - [11/Jun/2025:12:41:22 -0400] "GET /?p=6629154999000&channel=035da6&from=brands.php%3Fid%3D549990-1100%26name%3D%E3%80%90%E4%B8%AD%E5%8F%A4%E3%80%91%E3%80%8E%E3%82%B0%E3%83%AA%E3%83%83%E3%83%89%E3%83%9E%E3%83%B3%E3%83%A6%E3%83%8B%E3%83%90%E3%83%BC%E3%82%B9%E3%80%8FZOZO+BLACK+COLLECTION+%E3%80%8C%E9%A3%9B%E9%B3%A5%E5%B7%9D%E3%81%A1%E3%81%9B%E3%80%8D+%E3%83%8E%E3%83%B3%E3%82%B9%E3%82%B1%E3%83%BC%E3%83%AB+PVC%26ABS%E8%A3%BD+%E5%A1%97%E8%A3%85%E6%B8%88%E3%81%BF+%E5%AE%8C%E6%88%90%E5%93%81%E3%83%95%E3%82%A3%E3%82%AE%E3%83%A5%E3%82%A2 HTTP/1.1" 200 46311 "-" "Mozilla/5.0 AppleWebKit/537.36 (KHTML, like Gecko; compatible; bingbot/2.0; +http://www.bing.com/bingbot.htm) Chrome/116.0.1938.76 Safari/537.36"
207.46.13.155 - - [11/Jun/2025:12:41:24 -0400] "GET /?p=0396156832303&channel=3bc374&from=info.php%3Fid%3D568323-3146%26name%3D%E3%82%A4%E3%82%AE%E3%83%AA%E3%82%B9%E8%BC%B8%E5%85%A5%E3%82%A2%E3%83%B3%E3%83%86%E3%82%A3%E3%83%BC%E3%82%AF%E8%AA%BF%E3%83%95%E3%83%AC%E3%83%B3%E3%83%81%E3%82%AB%E3%83%B3%E3%83%88%E3%83%AA%E3%83%BC%E8%AA%BF%E3%83%9B%E3%83%AF%E3%82%A4%E3%83%88%E3%82%A6%E3%83%83%E3%83%89%E3%82%B8%E3%83%A5%E3%82%A8%E3%83%AA%E3%83%BC%E3%82%AD%E3%83%A3%E3%83%93%E3%83%8D%E3%83%83%E3%83%88%E3%80%80%E3%83%9B%E3%83%AF%E3%82%A4%E3%83%88%E3%82%A6%E3%83%83%E3%83%89%E3%80%80%E3%82%A6%E3%83%83%E3%83%89%E3%82%B3%E3%83%AC%E3%82%AF%E3%82%B7%E3%83%A7%E3%83%B3%E3%82%B1%E3%83%BC%E3%82%B9%E9%A3%BE%E3%82%8A%E6%A3%9A HTTP/1.1" 200 42862 "-" "Mozilla/5.0 AppleWebKit/537.36 (KHTML, like Gecko; compatible; bingbot/2.0; +http://www.bing.com/bingbot.htm) Chrome/116.0.1938.76 Safari/537.36"
207.46.13.155 - - [11/Jun/2025:12:41:26 -0400] "GET /?p=1785728110602&channel=8738c3&from=shared.php%3Fid%3D281106-8329%26name%3DJiswhisker+2%E3%83%94%E3%83%BC%E3%82%B9+%E9%A0%91%E4%B8%88%E3%81%AA%E3%83%89%E3%82%A2%E3%83%AA%E3%83%95%E3%83%88%E3%83%97%E3%83%A9%E3%83%83%E3%83%88%E3%83%95%E3%82%A9%E3%83%BC%E3%83%A0+%E8%AA%BF%E6%95%B4%E5%8F%AF%E8%83%BD%E3%81%AA%E3%83%89%E3%82%A2%E5%8F%96%E3%82%8A%E4%BB%98%E3%81%91%E3%82%AD%E3%83%83%E3%83%88+%E3%83%97%E3%83%AC%E3%83%8F%E3%83%B3%E3%82%B0%E3%83%89%E3%82%A2%E7%94%A8+%E9%A0%91%E4%B8%88%E3%81%A7 HTTP/1.1" 200 44125 "-" "Mozilla/5.0 AppleWebKit/537.36 (KHTML, like Gecko; compatible; bingbot/2.0; +http://www.bing.com/bingbot.htm) Chrome/116.0.1938.76 Safari/537.36"
207.46.13.155 - - [11/Jun/2025:12:41:31 -0400] "GET /?p=1139810388703&channel=e44fd7&from=pin.php%3Fid%3D103887-2448%26name%3D%E3%80%90%E5%85%AC%E5%BC%8F%E3%80%91%5B%E3%83%B4%E3%82%A4%E3%82%A8%E3%83%BC%E3%83%B4%E3%82%A1%E3%83%B3%E3%83%89%E3%83%BC%E3%83%A0%E9%9D%92%E5%B1%B1%5D%E3%82%B7%E3%83%AB%E3%83%90%E3%83%BC+%E3%81%AD%E3%81%93+%E3%83%AA%E3%83%B3%E3%82%B0+GS6R018611SI HTTP/1.1" 200 44846 "-" "Mozilla/5.0 AppleWebKit/537.36 (KHTML, like Gecko; compatible; bingbot/2.0; +http://www.bing.com/bingbot.htm) Chrome/116.0.1938.76 Safari/537.36"
207.46.13.155 - - [11/Jun/2025:12:41:33 -0400] "GET /?p=52279301004&channel=88769b&from=category-info.php%3Fid%3D3010-267%26name%3DNonuin+%E3%82%A2%E3%82%B3%E3%83%BC%E3%83%892010-2012%E7%94%A8%E9%9B%BB%E5%8B%95%E3%83%91%E3%83%AF%E3%83%BC%E3%82%A6%E3%82%A3%E3%83%B3%E3%83%89%E3%82%A6%E3%83%AA%E3%83%95%E3%82%BF%E3%83%BC%E9%9B%BB%E5%8B%95%E3%83%9E%E3%82%B9%E3%82%BF%E3%83%BC%E3%82%B3%E3%83%B3%E3%83%88%E3%83%AD%E3%83%BC%E3%83%AB%E3%82%B9%E3%82%A4%E3%83%83%E3%83%81%E3%82%A6%E3%82%A3%E3%83%B3%E3%83%89%E3%82%A635750-TB0- HTTP/1.1" 200 44305 "-" "Mozilla/5.0 AppleWebKit/537.36 (KHTML, like Gecko; compatible; bingbot/2.0; +http://www.bing.com/bingbot.htm) Chrome/116.0.1938.76 Safari/537.36"
207.46.13.155 - - [11/Jun/2025:12:41:35 -0400] "GET /?p=8131845221409&channel=6beda3&from=info.php%3Fid%3D452214-67%26name%3D%E3%82%B7%E3%83%9E%E3%83%8E%28SHIMANO%29+%E4%B8%A1%E8%BB%B8%E3%83%AA%E3%83%BC%E3%83%AB+%E3%82%AA%E3%82%B7%E3%82%A2%E3%82%B8%E3%82%AC%E3%83%BC+%E5%90%84%E7%A8%AE+%E3%82%AA%E3%83%95%E3%82%B7%E3%83%A7%E3%82%A2+%E8%88%B9+%E5%A4%A7%E5%9E%8B%E3%83%AA%E3%83%BC%E3%83%AB HTTP/1.1" 200 43840 "-" "Mozilla/5.0 AppleWebKit/537.36 (KHTML, like Gecko; compatible; bingbot/2.0; +http://www.bing.com/bingbot.htm) Chrome/116.0.1938.76 Safari/537.36"
207.46.13.155 - - [11/Jun/2025:12:41:39 -0400] "GET /?p=0989526277301&channel=5bb2ff&from=info.php%3Fid%3D262773-5435%26name%3D%E3%82%B0%E3%83%83%E3%83%89%E3%83%9E%E3%83%B3+%E5%85%85%E9%9B%BB%E5%BC%8FTDR%E3%82%B1%E3%83%BC%E3%83%96%E3%83%AB%E8%A8%BA%E6%96%AD%E6%B8%AC%E9%95%B7%E6%A9%9FTX%E3%83%AC%E3%83%B3%E3%82%B8%E3%83%A3%E3%83%BCS+%E3%82%B0%E3%83%83%E3%83%89%E3%83%9E%E3%83%B3+TXRANGERS+%E6%B8%AC%E5%AE%9A+%E8%A8%88%E6%B8%AC%E7%94%A8%E5%93%81+%E5%B7%A5%E6%A5%AD%E7%94%A8%E8%A8%88%E6%B8%AC%E6%A9%9F%E5%99%A8+%E3%82%B1%E3%83%BC%E3%83%96%E3%83%AB%E6%8E%A2%E7%B4%A2%E6%A9%9F%28%E4%BB%A3%E5%BC%95%E4%B8%8D%E5%8F%AF%29%E3%80%90%E9%80%81%E6%96%99%E7%84%A1%E6%96%99%E3%80%91 HTTP/1.1" 200 44523 "-" "Mozilla/5.0 AppleWebKit/537.36 (KHTML, like Gecko; compatible; bingbot/2.0; +http://www.bing.com/bingbot.htm) Chrome/116.0.1938.76 Safari/537.36"
207.46.13.155 - - [11/Jun/2025:12:41:41 -0400] "GET /?p=7804865998800&channel=04c12e&from=goods.php%3Fid%3D659988-2826%26name%3D%E3%82%A2%E3%83%B3%E3%83%86%E3%82%A3%E3%83%BC%E3%82%AF%E5%AE%B6%E5%85%B7%E3%80%80%E9%8F%A1%E5%8F%B0%E3%80%80%E5%A4%8F%E8%9C%9C%E6%9F%91%E6%A7%98 HTTP/1.1" 200 45225 "-" "Mozilla/5.0 AppleWebKit/537.36 (KHTML, like Gecko; compatible; bingbot/2.0; +http://www.bing.com/bingbot.htm) Chrome/116.0.1938.76 Safari/537.36"
52.167.144.174 - - [11/Jun/2025:12:41:43 -0400] "GET /?p=5969238499300&channel=41e1f3&from=category-info.php%3Fid%3D384993-10093%26name%3D%E3%82%AB%E3%83%BC%E3%83%89%E3%82%B1%E3%83%BC%E3%82%B9+%E3%82%B9%E3%82%BF%E3%83%B3%E3%83%89+%E3%83%9E%E3%82%B0%E3%83%8D%E3%83%83%E3%83%88%E3%83%AD%E3%83%BC%E3%83%80%E3%83%BC+%E3%83%87%E3%82%A3%E3%82%B9%E3%83%97%E3%83%AC%E3%82%A4+%E3%83%A1%E3%82%AC%E3%82%B5%E3%82%A4%E3%82%BA+5%E5%80%8B%E3%82%BB%E3%83%83%E3%83%88 HTTP/1.1" 200 44944 "-" "Mozilla/5.0 AppleWebKit/537.36 (KHTML, like Gecko; compatible; bingbot/2.0; +http://www.bing.com/bingbot.htm) Chrome/116.0.1938.76 Safari/537.36"
207.46.13.155 - - [11/Jun/2025:12:41:43 -0400] "GET /?p=0849679443002&channel=aeaff8&from=article.php%3Fid%3D794430-1774%26name%3DVW%E3%83%95%E3%82%A9%E3%83%AB%E3%82%AF%E3%82%B9%E3%83%AF%E3%83%BC%E3%82%B2%E3%83%B3%E3%82%BF%E3%82%A4%E3%83%A4%E3%83%9B%E3%82%A4%E3%83%BC%E3%83%AB+4%E6%9C%AC HTTP/1.1" 200 43364 "-" "Mozilla/5.0 AppleWebKit/537.36 (KHTML, like Gecko; compatible; bingbot/2.0; +http://www.bing.com/bingbot.htm) Chrome/116.0.1938.76 Safari/537.36"
192.99.13.69 - - [11/Jun/2025:12:41:48 -0400] "GET /wp-includes/js/tinymce/skins/lightgray/img/?MA HTTP/1.1" 403 1242 "-" "Mozilla/5.0 (compatible; MJ12bot/v1.4.8; http://mj12bot.com/)"
52.167.144.174 - - [11/Jun/2025:12:41:46 -0400] "GET /?p=7929333610500&channel=d285ae&from=product.php%3Fid%3D336105-3331%26name%3D%E3%82%A2%E3%83%BC%E3%83%86%E3%83%83%E3%82%AF+%E3%82%B5%E3%83%BC%E3%83%9E%E3%83%AB%E3%82%AB%E3%83%A1%E3%83%A9%E9%AB%98%E9%80%9F%E6%B8%AC%E5%AE%9A+%E3%83%9D%E3%83%BC%E3%83%AB%E3%82%B9%E3%82%BF%E3%83%B3%E3%83%89%E3%82%BB%E3%83%83%E3%83%88+52063 HTTP/1.1" 200 43822 "-" "Mozilla/5.0 AppleWebKit/537.36 (KHTML, like Gecko; compatible; bingbot/2.0; +http://www.bing.com/bingbot.htm) Chrome/116.0.1938.76 Safari/537.36"
207.46.13.155 - - [11/Jun/2025:12:41:46 -0400] "GET /?p=3021917721900&channel=b709e5&from=product.php%3Fid%3D177219-406%26name%3DHayward+CX100XRE+SwimClear+%E4%BA%A4%E6%8F%9B%E7%94%A8%E3%82%AB%E3%83%BC%E3%83%88%E3%83%AA%E3%83%83%E3%82%B8%E3%82%A8%E3%83%AC%E3%83%A1%E3%83%B3%E3%83%88+Hayward+100+Square+Feet+%E4%B8%A6%E8%A1%8C%E8%BC%B8%E5%85%A5%E5%93%81 HTTP/1.1" 200 44571 "-" "Mozilla/5.0 AppleWebKit/537.36 (KHTML, like Gecko; compatible; bingbot/2.0; +http://www.bing.com/bingbot.htm) Chrome/116.0.1938.76 Safari/537.36"
207.46.13.155 - - [11/Jun/2025:12:41:48 -0400] "GET /?p=3812329943900&channel=a829b8&from=news.php%3Fid%3D299439-54%26name%3D165%2F55R14+72V+%E3%82%BB%E3%82%A4%E3%83%90%E3%83%BC%E3%83%AA%E3%83%B3%E3%82%B0+%E3%82%BB%E3%82%A4%E3%83%90%E3%83%BC%E3%83%AA%E3%83%B3%E3%82%B0+SL201%28%E3%83%96%E3%83%AA%E3%83%82%E3%82%B9%E3%83%88%E3%83%B3%E5%B7%A5%E5%A0%B4%E7%94%9F%E7%94%A3%EF%BC%89+%E3%82%B4%E3%82%B8%E3%82%B2%E3%83%B3+%E3%83%96%E3%83%A9%E3%83%83%E3%82%AF%E3%83%9D%E3%83%AA%E3%83%83%E3%82%B7%E3%83%A5+14-4.5J+%E5%9B%BD%E7%94%A3%E8%BB%8A%E7%94%A8+%E3%82%B5%E3%83%9E%E3%83%BC%E3%82%BF%E3%82%A4%E3%83%A4%E3%83%9B%E3%82%A4%E3%83%BC%E3%83%AB4%E6%9C%AC%E3%82%BB%E3%83%83%E3%83%88 HTTP/1.1" 200 45957 "-" "Mozilla/5.0 AppleWebKit/537.36 (KHTML, like Gecko; compatible; bingbot/2.0; +http://www.bing.com/bingbot.htm) Chrome/116.0.1938.76 Safari/537.36"
52.167.144.174 - - [11/Jun/2025:12:41:48 -0400] "GET /?p=612384888800&channel=c6c003&from=jp.php%3Fid%3D48888-1946%26name%3DTRUSCO+%E3%82%AB%E3%83%A9%E3%83%93%E3%83%8A%E7%B7%9A%E5%BE%846mmX60mmD%E5%9E%8B%E3%82%B0%E3%83%AA%E3%83%BC%E3%83%B3+%C3%97+100%E5%80%8B HTTP/1.1" 200 44304 "-" "Mozilla/5.0 AppleWebKit/537.36 (KHTML, like Gecko; compatible; bingbot/2.0; +http://www.bing.com/bingbot.htm) Chrome/116.0.1938.76 Safari/537.36"
52.167.144.174 - - [11/Jun/2025:12:41:51 -0400] "GET /?p=7451917110801&channel=a829b8&from=product.php%3Fid%3D171108-54%26name%3DWORK+EMOTION+ZR7+%E3%83%9B%E3%82%A4%E3%83%BC%E3%83%AB+17%E3%82%A4%E3%83%B3%E3%83%81+17+X+7.0J+%2B47+5%E7%A9%B4+100+%3Cbr%3E%E3%82%B3%E3%83%B3%E3%83%81%E3%83%8D%E3%83%B3%E3%82%BF%E3%83%AB+%E3%82%A8%E3%82%AF%E3%82%B9%E3%83%88%E3%83%AA%E3%83%BC%E3%83%A0%E3%82%B3%E3%83%B3%E3%82%BF%E3%82%AF%E3%83%88+ExtremeContact+DWS06+PLUS+205%2F45R17+10%E7%B3%BB%E3%82%B7%E3%82%A8%E3%83%B3%E3%82%BF HTTP/1.1" 200 43973 "-" "Mozilla/5.0 AppleWebKit/537.36 (KHTML, like Gecko; compatible; bingbot/2.0; +http://www.bing.com/bingbot.htm) Chrome/116.0.1938.76 Safari/537.36"
52.167.144.174 - - [11/Jun/2025:12:41:54 -0400] "GET /?p=1729937277102&channel=3ca0d2&from=category-info.php%3Fid%3D372771-9914%26name%3DBiSaXieTa+%E3%82%A2%E3%83%BC%E3%83%81%E5%9E%8B+%E7%85%A7%E6%98%8ELED%E3%83%9F%E3%83%A9%E3%83%BC+%E9%AB%98%E7%B2%BE%E7%B4%B0+3%E8%89%B2%E8%AA%BF%E6%95%B4+%E6%B5%B4%E5%AE%A4%E5%8C%96%E7%B2%A7%E9%8F%A1+%E5%A4%A7%E5%9E%8B+%E3%82%A6%E3%82%A9%E3%83%BC%E3%83%AB%E3%83%9F%E3%83%A9%E3%83%BC+%E3%81%8A%E3%81%97%E3%82%83%E3%82%8C+%E5%A3%81%E6%8E%9B%E3%81%91%E3%83%9F%E3%83%A9%E3%83%BC+%E6%9B%87%E3%82%8A%E9%98%B2%E6%AD%A2 HTTP/1.1" 200 44645 "-" "Mozilla/5.0 AppleWebKit/537.36 (KHTML, like Gecko; compatible; bingbot/2.0; +http://www.bing.com/bingbot.htm) Chrome/116.0.1938.76 Safari/537.36"
52.167.144.174 - - [11/Jun/2025:12:41:57 -0400] "GET /?p=8157719555200&channel=727049&from=shop.php%3Fid%3D195552-366%26name%3DTIVOLIIVWP%EF%BC%88%E3%83%AC%E3%83%87%E3%82%A3%E3%83%BC%E3%82%B9%EF%BC%89%E3%80%80SOREL%EF%BC%88%E3%82%BD%E3%83%AC%E3%83%AB%EF%BC%89%EF%BC%88%E3%83%81%E3%83%9C%E3%83%AA%E3%83%95%E3%82%A9%E3%83%BC%E3%82%A6%E3%82%A9%E3%83%BC%E3%82%BF%E3%83%BC%E3%83%97%E3%83%AB%E3%83%BC%E3%83%95%EF%BC%89-010 HTTP/1.1" 200 45522 "-" "Mozilla/5.0 AppleWebKit/537.36 (KHTML, like Gecko; compatible; bingbot/2.0; +http://www.bing.com/bingbot.htm) Chrome/116.0.1938.76 Safari/537.36"
192.99.13.69 - - [11/Jun/2025:12:41:59 -0400] "GET /wp-includes/js/tinymce/skins/wordpress/images/gallery-2x.png HTTP/1.1" 200 447 "-" "Mozilla/5.0 (compatible; MJ12bot/v1.4.8; http://mj12bot.com/)"
207.46.13.155 - - [11/Jun/2025:12:42:01 -0400] "GET /?p=81983105720303&channel=d3945d&from=pin.php%3Fid%3D1057203-17876%26name%3D%E3%80%90%E7%89%B9%E4%BE%A1%E5%95%86%E5%93%81%E3%80%91%2B+100W+2+%2A+2.1%E3%83%81%E3%83%A3%E3%83%B3%E3%83%8D%E3%83%AB%E3%83%87%E3%82%B8%E3%82%BF%E3%83%AB%E3%82%AA%E3%83%BC%E3%83%87%E3%82%A3%E3%82%AA%E3%82%A2%E3%83%B3%E3%83%9750W+TPA3116D2+DC12-24V+TPA3116%E3%82%B5%E3%83%96%E3%82%A6%E3%83%BC%E3%83%95%E3%82%A1%E3%83%BCBluetooth%E3%82%A2%E3%83%B3%E3%83%97HiFi+A03+AIYIMA HTTP/1.1" 200 43674 "-" "Mozilla/5.0 AppleWebKit/537.36 (KHTML, like Gecko; compatible; bingbot/2.0; +http://www.bing.com/bingbot.htm) Chrome/116.0.1938.76 Safari/537.36"
52.167.144.174 - - [11/Jun/2025:12:42:01 -0400] "GET /?p=2008470887600&channel=d7a39a&from=brands.php%3Fid%3D708876-13724%26name%3DNonuink+%E3%83%89%E3%82%A5%E3%82%AB%E3%83%86%E3%82%A3%E7%94%A8%E3%83%A2%E3%83%B3%E3%82%B9%E3%82%BF%E3%83%BC696%E7%94%A8%E3%83%A2%E3%83%B3%E3%82%B9%E3%82%BF%E3%83%BC821%E7%94%A8%E3%83%A2%E3%83%BC%E3%82%BF%E3%83%BC%E3%82%B5%E3%82%A4%E3%82%AF%E3%83%AB%E3%83%95%E3%83%AD%E3%83%B3%E3%83%88%E3%83%AA%E3%82%A2%E3%82%A2%E3%82%AF%E3%82%B9%E3%83%AB%E3%83%95%E3%82%A9%E3%83%BC%E3%82%AF%E3%83%9B%E3%82%A4%E3%83%BC%E3%83%AB%E3%83%97%E3%83%AD%E3%83%86%E3%82%AF%E3%82%BF%E3%83%BC%E3%82%B9%E3%83%A9 HTTP/1.1" 200 44197 "-" "Mozilla/5.0 AppleWebKit/537.36 (KHTML, like Gecko; compatible; bingbot/2.0; +http://www.bing.com/bingbot.htm) Chrome/116.0.1938.76 Safari/537.36"
52.167.144.174 - - [11/Jun/2025:12:42:03 -0400] "GET /?p=9591516499700&channel=51d22f&from=blog.php%3Fid%3D164997-4605%26name%3DPlusrite+1010+mh50+%2F+ed28+%2F+U+%2F+4+K+50+W%E3%83%A1%E3%82%BF%E3%83%AB%E3%83%8F%E3%83%A9%E3%82%A4%E3%83%89%E3%83%A9%E3%83%B3%E3%83%97 HTTP/1.1" 200 44931 "-" "Mozilla/5.0 AppleWebKit/537.36 (KHTML, like Gecko; compatible; bingbot/2.0; +http://www.bing.com/bingbot.htm) Chrome/116.0.1938.76 Safari/537.36"
207.46.13.155 - - [11/Jun/2025:12:42:06 -0400] "GET /?p=1739821388501&channel=81a2bb&from=news.php%3Fid%3D213885-6892%26name%3D%E9%AB%98%E8%80%90%E4%B9%85%E3%83%AD%E3%83%BC%E3%82%BA%E3%82%A2%E3%83%BC%E3%83%81%E3%82%A2%E3%83%BC%E3%83%90%E3%83%BC%E3%83%95%E3%83%A9%E3%83%AF%E3%83%BC%E3%82%B9%E3%82%BF%E3%83%B3%E3%83%89%E3%80%81%E3%81%A4%E3%82%8B%E6%80%A7%E6%A4%8D%E7%89%A9%E3%82%B5%E3%83%9D%E3%83%BC%E3%83%88%E3%82%A2%E3%83%BC%E3%83%81%E3%82%A6%E3%82%A7%E3%82%A4%E3%82%AC%E3%83%BC%E3%83%87%E3%83%B3%E3%83%87%E3%82%B3%E3%83%AC%E3%83%BC%E3%82%B7%E3%83%A7%E3%83%B3%E7%94%A8%E3%80%81%E3%83%96%E3%83%A9%E3%83%83%E3%82%AF%E3%80%81%E3%83%9B%E3%83%AF%E3%82%A4%E3%83%88%E3%80%81%E3%82%B0%E3%83%AA%E3%83%BC%E3%83%B3 HTTP/1.1" 200 44721 "-" "Mozilla/5.0 AppleWebKit/537.36 (KHTML, like Gecko; compatible; bingbot/2.0; +http://www.bing.com/bingbot.htm) Chrome/116.0.1938.76 Safari/537.36"
52.167.144.174 - - [11/Jun/2025:12:42:06 -0400] "GET /?p=21575101442600&channel=590c9a&from=news.php%3Fid%3D1014426-14356%26name%3D%E9%87%A3%E5%A3%AB%E9%81%93%E3%80%80%E7%B4%BA%E6%B0%B4III%EF%BC%AD%E3%82%B5%E3%82%A4%E3%82%BA%EF%BC%91%EF%BC%90%E5%80%8B%E3%82%BB%E3%83%83%E3%83%88 HTTP/1.1" 200 43925 "-" "Mozilla/5.0 AppleWebKit/537.36 (KHTML, like Gecko; compatible; bingbot/2.0; +http://www.bing.com/bingbot.htm) Chrome/116.0.1938.76 Safari/537.36"
207.46.13.155 - - [11/Jun/2025:12:42:08 -0400] "GET /?p=0100248888000&channel=be41a7&from=article.php%3Fid%3D488880-6589%26name%3D%E3%83%AA%E3%83%83%E3%83%81%E3%82%A7%E3%83%AB+%E3%83%88%E3%83%A9%E3%83%83%E3%82%B7%E3%83%A5%E3%82%B3%E3%83%B3%E3%83%86%E3%83%8ASP+11585+%E6%B8%85%E6%8E%83+%E8%A1%9B%E7%94%9F%E7%94%A8%E5%93%81+%E6%B8%85%E6%8E%83%E7%94%A8%E5%93%81+%E3%82%B4%E3%83%9F%E7%AE%B1+%E4%BB%A3%E5%BC%95%E4%B8%8D%E5%8F%AF HTTP/1.1" 200 44804 "-" "Mozilla/5.0 AppleWebKit/537.36 (KHTML, like Gecko; compatible; bingbot/2.0; +http://www.bing.com/bingbot.htm) Chrome/116.0.1938.76 Safari/537.36"
52.167.144.174 - - [11/Jun/2025:12:42:08 -0400] "GET /?p=8002546443600&channel=00a6b4&from=category-info.php%3Fid%3D464436-11059%26name%3D%E5%9B%9E%E8%A8%BA%E8%BB%8A%E3%80%80SK-2312A%EF%BC%88M%29 HTTP/1.1" 200 43234 "-" "Mozilla/5.0 AppleWebKit/537.36 (KHTML, like Gecko; compatible; bingbot/2.0; +http://www.bing.com/bingbot.htm) Chrome/116.0.1938.76 Safari/537.36"
52.167.144.174 - - [11/Jun/2025:12:42:09 -0400] "GET /?p=44896302100&channel=88769b&from=info.php%3Fid%3D3021-267%26name%3D%E7%A7%BB%E9%80%81%E7%9C%8B%E8%AD%B7%E3%82%B9%E3%83%AA%E3%83%B3%E3%82%B0%E3%83%AA%E3%83%95%E3%82%BF%E3%83%BC%E3%80%81%E3%83%88%E3%82%A4%E3%83%AC%E7%94%A8%E3%82%B9%E3%83%AA%E3%83%B3%E3%82%B0%E3%83%AA%E3%83%95%E3%83%88%E7%A7%BB%E9%80%81%E3%83%99%E3%83%AB%E3%83%88%E5%85%A8%E8%BA%AB%E3%82%B9%E3%83%AA%E3%83%B3%E3%82%B0%E3%80%81%E9%AB%98%E9%BD%A2%E8%80%85%E3%80%81%E8%82%A5%E6%BA%80%E8%80%85%E3%80%81%E9%9A%9C%E5%AE%B3%E8%80%85%E7%94%A8 HTTP/1.1" 200 45444 "-" "Mozilla/5.0 AppleWebKit/537.36 (KHTML, like Gecko; compatible; bingbot/2.0; +http://www.bing.com/bingbot.htm) Chrome/116.0.1938.76 Safari/537.36"
52.167.144.174 - - [11/Jun/2025:12:42:10 -0400] "GET /?p=56227319801&channel=88769b&from=blog.php%3Fid%3D3198-267%26name%3DBZM-ZM++%E8%BB%8A%E6%A4%85%E5%AD%90%E8%BB%BD%E9%87%8F%E3%83%9D%E3%83%BC%E3%82%BF%E3%83%96%E3%83%AB%E6%97%85%E8%A1%8C%E8%BB%8A%E3%81%84%E3%81%99%E3%80%81%E7%9D%80%E5%B8%AD%E9%AB%98%E9%BD%A2%E8%80%85%E3%81%AE%E8%BB%8A%E3%81%84%E3%81%99%E3%83%9D%E3%83%BC%E3%82%BF%E3%83%96%E3%83%AB%E3%83%88%E3%83%AD%E3%83%AA%E3%83%BC%E6%8A%98%E3%82%8A%E3%81%9F%E3%81%9F%E3%81%BF%EF%BC%88%E5%85%A5%E6%B5%B4%E7%94%A8%E8%BB%8A%E3%81%84%E3%81%99+%E8%BB%8A%E6%A4%85%E5%AD%90%E6%8A%98%E3%82%8A%E3%81%9F%E3%81%9F%E3%81%BF%E8%BB%8A%E6%A4%85%E5%AD%90%E3%83%9D%E3%83%BC%E3%82%BF%E3%83%96%E3%83%AB%E8%BB%8A%E6%A4%85%E5%AD%90%E8%BC%B8%E9%80%81%E9%9A%9C%E5%AE%B3%E8%80%85%E3%81%AB%E9%81%A9%E3%81%97%E3%81%9F%E6%89%8B%E5%8B%95%E6%8A%98%E3%82%8A%E3%81%9F%E3%81%9F%E3%81%BF%E8%BB%8A%E6%A4%85%E5%AD%90%E3%83%88%E3%83%AD%E3%83%AA%E3%83%BC%E3%83%93%E3%83%BC%E3%83%81+%E5%AE%B6%EF%BC%89 HTTP/1.1" 200 44139 "-" "Mozilla/5.0 AppleWebKit/537.36 (KHTML, like Gecko; compatible; bingbot/2.0; +http://www.bing.com/bingbot.htm) Chrome/116.0.1938.76 Safari/537.36"
52.167.144.174 - - [11/Jun/2025:12:42:10 -0400] "GET /?p=6322862332200&channel=9a56bb&from=category-info.php%3Fid%3D623322-4698%26name%3DKANETEC+%E6%9E%A1%E5%BD%A2%E3%83%96%E3%83%AD%E3%83%83%E3%82%AF+KYA%E5%BD%A2+%28+KYA-15B+%29+%E3%82%AB%E3%83%8D%E3%83%86%E3%83%83%E3%82%AF%28%E6%A0%AA%29 HTTP/1.1" 200 45110 "-" "Mozilla/5.0 AppleWebKit/537.36 (KHTML, like Gecko; compatible; bingbot/2.0; +http://www.bing.com/bingbot.htm) Chrome/116.0.1938.76 Safari/537.36"
52.167.144.174 - - [11/Jun/2025:12:42:12 -0400] "GET /?p=4590553165700&channel=9e432f&from=shared.php%3Fid%3D531657-3176%26name%3D%E6%8A%98%E3%82%8A%E3%81%9F%E3%81%9F%E3%81%BF%E5%BC%8F%E3%82%B9%E3%82%BF%E3%83%B3%E3%83%89%E3%83%9E%E3%83%83%E3%83%88+%E3%83%96%E3%83%A9%E3%83%83%E3%82%AF HTTP/1.1" 200 44346 "-" "Mozilla/5.0 AppleWebKit/537.36 (KHTML, like Gecko; compatible; bingbot/2.0; +http://www.bing.com/bingbot.htm) Chrome/116.0.1938.76 Safari/537.36"
157.55.39.48 - - [11/Jun/2025:12:42:12 -0400] "GET /?p=7819220777402&channel=8fd513&from=news.php%3Fid%3D207774-6779%26name%3D45cm%C3%97180cm%E3%82%AA%E3%83%AA%E3%82%B8%E3%83%8A%E3%83%AB%E3%82%B7%E3%83%AB%E3%82%AF%E3%81%AE%E3%81%BC%E3%82%8A%E6%97%97+%E7%99%BD%EF%BC%8B3%E8%89%B2+70%E6%9E%9A%E3%82%BB%E3%83%83%E3%83%88 HTTP/1.1" 200 45460 "-" "Mozilla/5.0 AppleWebKit/537.36 (KHTML, like Gecko; compatible; bingbot/2.0; +http://www.bing.com/bingbot.htm) Chrome/116.0.1938.76 Safari/537.36"
52.167.144.174 - - [11/Jun/2025:12:42:12 -0400] "GET /?p=1921783109604&channel=05e10e&from=news.php%3Fid%3D831096-15294%26name%3D%E5%9B%9E%E8%BB%A2%E5%BC%8F%E3%83%81%E3%83%A0%E3%83%8B%E3%83%BC%E3%82%AB%E3%82%A6%E3%83%AB%E3%82%AD%E3%83%A3%E3%83%83%E3%83%97%E3%80%81304%E3%82%B9%E3%83%86%E3%83%B3%E3%83%AC%E3%82%B9%E3%82%B9%E3%83%81%E3%83%BC%E3%83%AB%E3%82%B9%E3%83%94%E3%83%8A%E3%83%BC%E3%82%A2%E3%83%B3%E3%83%81%E3%83%80%E3%82%A6%E3%83%B3%E3%83%89%E3%83%A9%E3%83%95%E3%83%88%E3%81%AF%E3%80%81%E3%81%BB%E3%81%A8%E3%82%93%E3%81%A9%E3%81%AE%E6%A8%99%E6%BA%96%E7%9A%84%E3%81%AA%E3%83%81%E3%83%A0%E3%83%8B%E3%83%BC%E3%83%9D%E3%83%83%E3%83%88%E3%81%AB%E9%81%A9%E5%90%88%E3%83%AD%E3%83%BC%E3%82%BF%E3%83%AA HTTP/1.1" 200 43589 "-" "Mozilla/5.0 AppleWebKit/537.36 (KHTML, like Gecko; compatible; bingbot/2.0; +http://www.bing.com/bingbot.htm) Chrome/116.0.1938.76 Safari/537.36"
192.99.13.69 - - [11/Jun/2025:12:42:18 -0400] "GET /wp-includes/sodium_compat/namespaced/Core/ChaCha20/?MD HTTP/1.1" 200 684 "-" "Mozilla/5.0 (compatible; MJ12bot/v1.4.8; http://mj12bot.com/)"
52.167.144.174 - - [11/Jun/2025:12:42:16 -0400] "GET /?p=7089744610300&channel=c4811d&from=jp.php%3Fid%3D446103-2568%26name%3D%E3%83%95%E3%82%A7%E3%83%B3%E3%82%B9+%E5%A4%96%E6%A7%8B+%E3%81%8A%E3%81%97%E3%82%83%E3%82%8C+%E3%82%BF%E3%82%AB%E3%82%B7%E3%83%A7%E3%83%BC%E3%80%80%E3%82%A8%E3%83%90%E3%83%BC%E3%82%A2%E3%83%BC%E3%83%88%E3%83%95%E3%82%A7%E3%83%B3%E3%82%B9%E3%80%80%E6%A8%AA%E6%9D%BF%E6%A0%BC%E5%AD%90%E3%80%802008%E3%80%80%E3%83%95%E3%82%A7%E3%83%B3%E3%82%B9%E6%9C%AC%E4%BD%93%EF%BC%881%E6%9E%9A%EF%BC%89%E3%80%80%E3%80%8E%E3%82%A2%E3%83%AB%E3%83%9F%E3%83%95%E3%82%A7%E3%83%B3%E3%82%B9%E3%80%80%E6%9F%B5%E3%80%8F+%E3%83%80%E3%83%BC%E3%82%AF%E3%83%91%E3%82%A4%E3%83%B3 HTTP/1.1" 200 44649 "-" "Mozilla/5.0 AppleWebKit/537.36 (KHTML, like Gecko; compatible; bingbot/2.0; +http://www.bing.com/bingbot.htm) Chrome/116.0.1938.76 Safari/537.36"
157.55.39.48 - - [11/Jun/2025:12:42:15 -0400] "GET /?p=271216111002&channel=6dfda4&from=brands.php%3Fid%3D61110-1286%26name%3D%E5%A4%9A%E6%AC%A1%E5%85%83%E5%8A%9B%E3%82%BB%E3%83%B3%E3%82%B5%E3%83%BC6%E6%AC%A1%E5%85%83%E5%8A%9B%E3%82%BB%E3%83%B3%E3%82%B5%E3%83%BC%E4%B8%89%E6%AC%A1%E5%85%83%E5%8A%9B%E3%82%BB%E3%83%B3%E3%82%B5%E3%83%BC+%E5%9E%8B%E5%BC%8F%3Ay45%2820N%2F0.5N.M%29 HTTP/1.1" 200 45026 "-" "Mozilla/5.0 AppleWebKit/537.36 (KHTML, like Gecko; compatible; bingbot/2.0; +http://www.bing.com/bingbot.htm) Chrome/116.0.1938.76 Safari/537.36"
157.55.39.48 - - [11/Jun/2025:12:42:19 -0400] "GET /?p=4661335443802&channel=f652c5&from=jp.php%3Fid%3D354438-5738%26name%3DMOLDINO+ESM-C%E3%82%B3-%E3%83%88%E3%83%A9%E3%83%95%E3%82%A3%E3%83%B3%E3%82%B0%E3%82%A8%E3%83%B3%E3%83%89%E3%83%9F%E3%83%AB%28%E3%82%B7%E3%83%A7%E3%83%BC%E3%83%88%E5%88%83%2930+%3Cbr%3EESMQS30+1%E6%9C%AC%3Cbr%3E%3Cbr%3E+%E2%96%A0%E2%96%BC815-6425+%3Cbr%3E%3Cbr%3E%E3%80%90%E9%80%81%E6%96%99%E9%83%BD%E5%BA%A6%E8%A6%8B%E7%A9%8D%E3%80%91%3Cbr%3E HTTP/1.1" 200 44280 "-" "Mozilla/5.0 AppleWebKit/537.36 (KHTML, like Gecko; compatible; bingbot/2.0; +http://www.bing.com/bingbot.htm) Chrome/116.0.1938.76 Safari/537.36"
52.167.144.174 - - [11/Jun/2025:12:42:18 -0400] "GET /?p=1802376387501&channel=6520d3&from=shared.php%3Fid%3D763875-1959%26name%3D%E3%80%901%E5%80%8B%E3%80%91MORITA+%E5%8A%A0%E5%9C%A7%E5%BC%8F%E7%B2%89%E6%9C%AB%E6%B6%88%E7%81%AB%E5%99%A8+%E3%83%8F%E3%82%A4%E3%83%91%E3%83%BC%E3%82%AD%E3%83%B3%E3%82%B020%E5%9E%8B+%E7%B2%89%E6%9C%AB%E3%83%BB%E5%8A%A0%E5%9C%A7%E5%BC%8F%E3%83%BB%E3%82%B9%E3%83%88%E3%83%83%E3%83%97%E6%A9%9F%E8%83%BD%E4%BB%98+00462622+%E3%83%97%E3%83%AD%E3%82%B9%E3%83%86 HTTP/1.1" 200 45872 "-" "Mozilla/5.0 AppleWebKit/537.36 (KHTML, like Gecko; compatible; bingbot/2.0; +http://www.bing.com/bingbot.htm) Chrome/116.0.1938.76 Safari/537.36"
157.55.39.48 - - [11/Jun/2025:12:42:20 -0400] "GET /?p=5238878220802&channel=18bf15&from=form.php%3Fid%3D782208-14657%26name%3DLED%E4%BA%A4%E9%80%9A%E6%A8%AA%E6%96%AD%E6%AD%A9%E9%81%93%E4%BF%A1%E5%8F%B7%E3%80%81%E4%BF%A1%E5%8F%B7%E7%81%AF%E3%80%81%E8%B5%A4%2F%E7%B7%91%E3%81%AE%E3%82%B9%E3%83%88%E3%83%83%E3%83%97%E3%82%A2%E3%83%B3%E3%83%89%E3%82%B4%E3%83%BC%E3%83%A9%E3%82%A4%E3%83%88%E3%80%81IP65%E9%98%B2%E6%B0%B4%E9%98%B2%E5%A1%B5%E3%80%81%E3%81%82%E3%82%89%E3%82%86%E3%82%8B%E4%BA%A4%E9%80%9A%E3%81%8A%E3%82%88%E3%81%B3%E9%81%93%E8%B7%AF%E5%AE%89%E5%85%A8%E6%84%8F%E8%AD%98%E3%81%AB%E4%BD%BF%E7%94%A8%E5%8F%AF%E8%83%BD HTTP/1.1" 200 42536 "-" "Mozilla/5.0 AppleWebKit/537.36 (KHTML, like Gecko; compatible; bingbot/2.0; +http://www.bing.com/bingbot.htm) Chrome/116.0.1938.76 Safari/537.36"
192.99.13.69 - - [11/Jun/2025:12:42:24 -0400] "GET /wp-includes/sodium_compat/namespaced/Core/Curve25519/Ge/P3.php HTTP/1.1" 403 1242 "-" "Mozilla/5.0 (compatible; MJ12bot/v1.4.8; http://mj12bot.com/)"
157.55.39.48 - - [11/Jun/2025:12:42:22 -0400] "GET /?p=7099978831903&channel=f63d52&from=article.php%3Fid%3D788319-14746%26name%3D%E3%83%95%E3%82%A1%E3%83%9F%E3%83%AA%E3%83%BC%E3%83%86%E3%83%B3%E3%83%88+%E3%83%99%E3%83%83%E3%83%89%E3%83%AB%E3%83%BC%E3%83%A0%E4%BB%98%E3%81%8D%E9%98%B2%E6%B0%B4%E3%83%80%E3%83%96%E3%83%AB%E3%83%AC%E3%82%A4%E3%83%A4%E3%83%BC%E3%83%86%E3%83%B3%E3%83%88%E3%80%81+%E5%A4%A7%E4%BA%BA%E3%81%AE%E5%AD%90%E4%BE%9B%E3%81%AE%E3%81%9F%E3%82%81%E3%81%AE%E3%83%90%E3%83%83%E3%82%AF%E3%83%91%E3%83%83%E3%82%AD%E3%83%B3%E3%82%B0%E3%83%86%E3%83%B3%E3%83%88%E3%80%81+%E5%A4%A7%E5%9E%8B%E5%B1%8B%E5%A4%96%E3%82%B5%E3%83%B3%E3%82%B7%E3%82%A7%E3%83%AB%E3%82%BF%E3%83%BC%E3%83%86%E3%83%B3 HTTP/1.1" 200 44207 "-" "Mozilla/5.0 AppleWebKit/537.36 (KHTML, like Gecko; compatible; bingbot/2.0; +http://www.bing.com/bingbot.htm) Chrome/116.0.1938.76 Safari/537.36"
157.55.39.48 - - [11/Jun/2025:12:42:27 -0400] "GET /?p=2228180665200&channel=2943a5&from=article.php%3Fid%3D806652-9073%26name%3D%E7%8F%BE%E7%8A%B6%E5%93%81+%E5%8B%95%E4%BD%9C%E7%A2%BA%E8%AA%8D%E6%B8%88+DX%E3%83%96%E3%83%A9%E3%83%83%E3%82%AF%E3%82%B9%E3%83%91%E3%83%BC%E3%82%AF%E3%83%AC%E3%83%B3%E3%82%B9+%E3%83%88%E3%83%AA%E3%82%AC%E3%83%BC%E3%83%80%E3%83%BC%E3%82%AFver. HTTP/1.1" 200 42321 "-" "Mozilla/5.0 AppleWebKit/537.36 (KHTML, like Gecko; compatible; bingbot/2.0; +http://www.bing.com/bingbot.htm) Chrome/116.0.1938.76 Safari/537.36"
157.55.39.48 - - [11/Jun/2025:12:42:30 -0400] "GET /?p=1059861721100&channel=70c3f0&from=news.php%3Fid%3D617211-3326%26name%3D%E3%80%8C%E6%8C%87%E5%B0%8E%E8%80%85%E3%81%AE%E8%82%96%E5%83%8F%E3%80%8D%E3%83%81%E3%83%A3%E3%83%BC%E3%83%81%E3%83%AB50%E5%91%A8%E5%B9%B4%E8%A8%98%E5%BF%B5%E3%82%B3%E3%82%A4%E3%83%B3%E3%82%AB%E3%83%90%E3%83%BC+%E3%82%AC%E3%83%BC%E3%83%B3%E3%82%B8%E3%83%BC%E5%88%87%E6%89%8B+%3F1 HTTP/1.1" 200 45191 "-" "Mozilla/5.0 AppleWebKit/537.36 (KHTML, like Gecko; compatible; bingbot/2.0; +http://www.bing.com/bingbot.htm) Chrome/116.0.1938.76 Safari/537.36"
157.55.39.48 - - [11/Jun/2025:12:42:33 -0400] "GET /?p=8070518333000&channel=61966a&from=goods.php%3Fid%3D183330-6128%26name%3D%E3%82%BF%E3%83%88%E3%82%A5%E3%83%BC%E3%82%AD%E3%83%83%E3%83%88%E3%83%AF%E3%82%A4%E3%83%A4%E3%83%AC%E3%82%B9%E3%83%AD%E3%83%BC%E3%82%BF%E3%83%AA%E3%83%BC%E3%82%BF%E3%83%88%E3%82%A5%E3%83%BC%E3%83%9E%E3%82%B7%E3%83%B3%E3%83%9A%E3%83%B3%E3%82%AD%E3%83%83%E3%83%88+DC%E3%82%AB%E3%83%BC%E3%83%88%E3%83%AA%E3%83%83%E3%82%B8%E3%83%8B%E3%83%BC%E3%83%89%E3%83%AB%E3%83%91%E3%83%BC%E3%83%9E%E3%83%8D%E3%83%B3%E3%83%88%E3%83%A1%E3%82%A4%E3%82%AF%E3%82%A2%E3%83%83%E3%83%97%E3%82%BF%E3%83%88%E3%82%A5%E3%83%BC%E3%82%BB%E3%83%83%E3%83%88%E3%81%A8%E3%81%AE%E3%82%A4%E3%83%B3%E3%82%BF HTTP/1.1" 200 43068 "-" "Mozilla/5.0 AppleWebKit/537.36 (KHTML, like Gecko; compatible; bingbot/2.0; +http://www.bing.com/bingbot.htm) Chrome/116.0.1938.76 Safari/537.36"
52.167.144.174 - - [11/Jun/2025:12:42:32 -0400] "GET /?p=4689794720500&channel=929a6b&from=brands.php%3Fid%3D947205-16828%26name%3DAPINATA4U+%E3%83%9E%E3%83%83%E3%83%89%E3%82%B5%E3%82%A4%E3%82%A8%E3%83%B3%E3%83%86%E3%82%A3%E3%82%B9%E3%83%88+%E3%82%B5%E3%82%A4%E3%82%A8%E3%83%B3%E3%82%B9%E3%83%93%E3%83%BC%E3%82%AB%E3%83%BC+%E3%83%94%E3%83%8B%E3%83%A3%E3%83%BC%E3%82%BF+%E3%82%B9%E3%83%86%E3%82%A3%E3%83%83%E3%82%AF%E3%81%A8%E3%83%9E%E3%82%B9%E3%82%AF%E4%BB%98%E3%81%8D+%2817.5x12.2x3.5%E3%82%A4%E3%83%B3 HTTP/1.1" 200 45763 "-" "Mozilla/5.0 AppleWebKit/537.36 (KHTML, like Gecko; compatible; bingbot/2.0; +http://www.bing.com/bingbot.htm) Chrome/116.0.1938.76 Safari/537.36"
207.46.13.155 - - [11/Jun/2025:12:42:36 -0400] "GET /wp-json/wp/v2/posts/1547 HTTP/1.1" 200 45001 "-" "Mozilla/5.0 AppleWebKit/537.36 (KHTML, like Gecko; compatible; bingbot/2.0; +http://www.bing.com/bingbot.htm) Chrome/116.0.1938.76 Safari/537.36"
157.55.39.48 - - [11/Jun/2025:12:42:36 -0400] "GET /?p=1404187998404&channel=f686bc&from=info.php%3Fid%3D879984-3476%26name%3D%E6%97%A5%E6%9C%AC%E3%80%8050%E6%9C%AC%E9%99%90%E5%AE%9A%E3%80%80CURTIS%E3%80%80%26%E3%80%80CO.%E3%80%80%E3%82%AB%E3%83%BC%E3%83%86%E3%82%A3%E3%82%B9%E3%80%80%E3%80%80%E3%83%A1%E3%83%B3%E3%82%BA%E3%80%80%E6%99%82%E8%A8%88 HTTP/1.1" 200 43244 "-" "Mozilla/5.0 AppleWebKit/537.36 (KHTML, like Gecko; compatible; bingbot/2.0; +http://www.bing.com/bingbot.htm) Chrome/116.0.1938.76 Safari/537.36"
