65.108.78.33 - - [11/Jun/2025:06:22:20 -0400] "GET /wp-includes/js/tinymce/plugins/wplink/?ND HTTP/1.1" 403 1242 "-" "Mozilla/5.0 (compatible; MJ12bot/v1.4.8; http://mj12bot.com/)"
65.108.78.33 - - [11/Jun/2025:06:22:22 -0400] "GET /wp-includes/js/tinymce/plugins/wplink/?SA HTTP/1.1" 403 1242 "-" "Mozilla/5.0 (compatible; MJ12bot/v1.4.8; http://mj12bot.com/)"
65.108.78.33 - - [11/Jun/2025:06:22:24 -0400] "GET /wp-includes/js/tinymce/plugins/wplink/plugin.js HTTP/1.1" 200 5018 "-" "Mozilla/5.0 (compatible; MJ12bot/v1.4.8; http://mj12bot.com/)"
65.108.78.33 - - [11/Jun/2025:06:22:27 -0400] "GET /wp-includes/js/tinymce/plugins/wplink/plugin.min.js HTTP/1.1" 200 3212 "-" "Mozilla/5.0 (compatible; MJ12bot/v1.4.8; http://mj12bot.com/)"
65.108.78.33 - - [11/Jun/2025:06:22:29 -0400] "GET /wp-includes/js/tinymce/plugins/wptextpattern/?MA HTTP/1.1" 403 1242 "-" "Mozilla/5.0 (compatible; MJ12bot/v1.4.8; http://mj12bot.com/)"
65.108.78.33 - - [11/Jun/2025:06:22:31 -0400] "GET /wp-includes/js/tinymce/plugins/wptextpattern/?ND HTTP/1.1" 403 1242 "-" "Mozilla/5.0 (compatible; MJ12bot/v1.4.8; http://mj12bot.com/)"
65.108.78.33 - - [11/Jun/2025:06:22:33 -0400] "GET /wp-includes/js/tinymce/plugins/wptextpattern/?SA HTTP/1.1" 403 1242 "-" "Mozilla/5.0 (compatible; MJ12bot/v1.4.8; http://mj12bot.com/)"
65.108.78.33 - - [11/Jun/2025:06:22:35 -0400] "GET /wp-includes/js/tinymce/plugins/wptextpattern/plugin.js HTTP/1.1" 200 2618 "-" "Mozilla/5.0 (compatible; MJ12bot/v1.4.8; http://mj12bot.com/)"
65.108.78.33 - - [11/Jun/2025:06:22:38 -0400] "GET /wp-includes/js/tinymce/plugins/wptextpattern/plugin.min.js HTTP/1.1" 200 1291 "-" "Mozilla/5.0 (compatible; MJ12bot/v1.4.8; http://mj12bot.com/)"
65.108.78.33 - - [11/Jun/2025:06:22:40 -0400] "GET /wp-includes/js/tinymce/plugins/wpview/?MA HTTP/1.1" 403 1242 "-" "Mozilla/5.0 (compatible; MJ12bot/v1.4.8; http://mj12bot.com/)"
65.108.78.33 - - [11/Jun/2025:06:22:42 -0400] "GET /wp-includes/js/tinymce/plugins/wpview/?ND HTTP/1.1" 403 1242 "-" "Mozilla/5.0 (compatible; MJ12bot/v1.4.8; http://mj12bot.com/)"
65.108.78.33 - - [11/Jun/2025:06:22:44 -0400] "GET /wp-includes/js/tinymce/plugins/wpview/?SA HTTP/1.1" 403 1242 "-" "Mozilla/5.0 (compatible; MJ12bot/v1.4.8; http://mj12bot.com/)"
65.108.78.33 - - [11/Jun/2025:06:22:46 -0400] "GET /wp-includes/js/tinymce/plugins/wpview/plugin.js HTTP/1.1" 200 1905 "-" "Mozilla/5.0 (compatible; MJ12bot/v1.4.8; http://mj12bot.com/)"
65.108.78.33 - - [11/Jun/2025:06:22:48 -0400] "GET /wp-includes/js/tinymce/plugins/wpview/plugin.min.js HTTP/1.1" 200 1146 "-" "Mozilla/5.0 (compatible; MJ12bot/v1.4.8; http://mj12bot.com/)"
65.108.78.33 - - [11/Jun/2025:06:22:51 -0400] "GET /wp-includes/js/tinymce/skins/lightgray/?MA HTTP/1.1" 403 1242 "-" "Mozilla/5.0 (compatible; MJ12bot/v1.4.8; http://mj12bot.com/)"
65.108.78.33 - - [11/Jun/2025:06:22:54 -0400] "GET /wp-includes/js/tinymce/skins/lightgray/?ND HTTP/1.1" 403 1242 "-" "Mozilla/5.0 (compatible; MJ12bot/v1.4.8; http://mj12bot.com/)"
65.108.78.33 - - [11/Jun/2025:06:22:57 -0400] "GET /wp-includes/js/tinymce/skins/lightgray/?SA HTTP/1.1" 403 1242 "-" "Mozilla/5.0 (compatible; MJ12bot/v1.4.8; http://mj12bot.com/)"
65.108.78.33 - - [11/Jun/2025:06:22:59 -0400] "GET /wp-includes/js/tinymce/skins/lightgray/content.inline.min.css HTTP/1.1" 200 1058 "-" "Mozilla/5.0 (compatible; MJ12bot/v1.4.8; http://mj12bot.com/)"
65.108.78.33 - - [11/Jun/2025:06:23:02 -0400] "GET /wp-includes/js/tinymce/skins/lightgray/content.min.css HTTP/1.1" 200 1162 "-" "Mozilla/5.0 (compatible; MJ12bot/v1.4.8; http://mj12bot.com/)"
65.108.78.33 - - [11/Jun/2025:06:23:05 -0400] "GET /wp-includes/js/tinymce/skins/lightgray/fonts/ HTTP/1.1" 200 1077 "-" "Mozilla/5.0 (compatible; MJ12bot/v1.4.8; http://mj12bot.com/)"
65.108.78.33 - - [11/Jun/2025:06:23:08 -0400] "GET /wp-includes/js/tinymce/skins/lightgray/img/ HTTP/1.1" 200 712 "-" "Mozilla/5.0 (compatible; MJ12bot/v1.4.8; http://mj12bot.com/)"
65.108.78.33 - - [11/Jun/2025:06:23:11 -0400] "GET /wp-includes/js/tinymce/skins/lightgray/skin.min.css HTTP/1.1" 200 8110 "-" "Mozilla/5.0 (compatible; MJ12bot/v1.4.8; http://mj12bot.com/)"
65.108.78.33 - - [11/Jun/2025:06:23:13 -0400] "GET /wp-includes/js/tinymce/skins/wordpress/?MA HTTP/1.1" 403 1242 "-" "Mozilla/5.0 (compatible; MJ12bot/v1.4.8; http://mj12bot.com/)"
65.108.78.33 - - [11/Jun/2025:06:23:16 -0400] "GET /wp-includes/js/tinymce/skins/wordpress/?ND HTTP/1.1" 403 1242 "-" "Mozilla/5.0 (compatible; MJ12bot/v1.4.8; http://mj12bot.com/)"
65.108.78.33 - - [11/Jun/2025:06:23:20 -0400] "GET /wp-includes/js/tinymce/skins/wordpress/?SA HTTP/1.1" 403 1242 "-" "Mozilla/5.0 (compatible; MJ12bot/v1.4.8; http://mj12bot.com/)"
65.108.78.33 - - [11/Jun/2025:06:23:23 -0400] "GET /wp-includes/js/tinymce/skins/wordpress/images/ HTTP/1.1" 200 1162 "-" "Mozilla/5.0 (compatible; MJ12bot/v1.4.8; http://mj12bot.com/)"
65.108.78.33 - - [11/Jun/2025:06:23:28 -0400] "GET /wp-includes/js/tinymce/skins/wordpress/wp-content.css HTTP/1.1" 200 2392 "-" "Mozilla/5.0 (compatible; MJ12bot/v1.4.8; http://mj12bot.com/)"
65.108.78.33 - - [11/Jun/2025:06:23:32 -0400] "GET /wp-includes/js/tinymce/themes/inlite/?MA HTTP/1.1" 403 1242 "-" "Mozilla/5.0 (compatible; MJ12bot/v1.4.8; http://mj12bot.com/)"
65.108.78.33 - - [11/Jun/2025:06:23:36 -0400] "GET /wp-includes/js/tinymce/themes/inlite/?ND HTTP/1.1" 403 1242 "-" "Mozilla/5.0 (compatible; MJ12bot/v1.4.8; http://mj12bot.com/)"
65.108.78.33 - - [11/Jun/2025:06:23:40 -0400] "GET /wp-includes/js/tinymce/themes/inlite/?SA HTTP/1.1" 403 1242 "-" "Mozilla/5.0 (compatible; MJ12bot/v1.4.8; http://mj12bot.com/)"
65.108.78.33 - - [11/Jun/2025:06:23:42 -0400] "GET /wp-includes/js/tinymce/themes/inlite/theme.js HTTP/1.1" 200 62071 "-" "Mozilla/5.0 (compatible; MJ12bot/v1.4.8; http://mj12bot.com/)"
65.108.78.33 - - [11/Jun/2025:06:23:45 -0400] "GET /wp-includes/js/tinymce/themes/inlite/theme.min.js HTTP/1.1" 200 40146 "-" "Mozilla/5.0 (compatible; MJ12bot/v1.4.8; http://mj12bot.com/)"
65.108.78.33 - - [11/Jun/2025:06:23:48 -0400] "GET /wp-includes/js/tinymce/themes/modern/?MA HTTP/1.1" 403 1242 "-" "Mozilla/5.0 (compatible; MJ12bot/v1.4.8; http://mj12bot.com/)"
65.108.78.33 - - [11/Jun/2025:06:23:51 -0400] "GET /wp-includes/js/tinymce/themes/modern/?ND HTTP/1.1" 403 1242 "-" "Mozilla/5.0 (compatible; MJ12bot/v1.4.8; http://mj12bot.com/)"
65.108.78.33 - - [11/Jun/2025:06:23:53 -0400] "GET /wp-includes/js/tinymce/themes/modern/?SA HTTP/1.1" 403 1242 "-" "Mozilla/5.0 (compatible; MJ12bot/v1.4.8; http://mj12bot.com/)"
65.108.78.33 - - [11/Jun/2025:06:23:55 -0400] "GET /wp-includes/js/tinymce/themes/modern/theme.js HTTP/1.1" 200 60875 "-" "Mozilla/5.0 (compatible; MJ12bot/v1.4.8; http://mj12bot.com/)"
65.108.78.33 - - [11/Jun/2025:06:23:58 -0400] "GET /wp-includes/js/tinymce/themes/modern/theme.min.js HTTP/1.1" 200 39566 "-" "Mozilla/5.0 (compatible; MJ12bot/v1.4.8; http://mj12bot.com/)"
65.108.78.33 - - [11/Jun/2025:06:24:00 -0400] "GET /wp-includes/sodium_compat/namespaced/Core/?MD HTTP/1.1" 200 1240 "-" "Mozilla/5.0 (compatible; MJ12bot/v1.4.8; http://mj12bot.com/)"
65.108.78.33 - - [11/Jun/2025:06:24:02 -0400] "GET /wp-includes/sodium_compat/namespaced/Core/?NA HTTP/1.1" 200 1239 "-" "Mozilla/5.0 (compatible; MJ12bot/v1.4.8; http://mj12bot.com/)"
65.108.78.33 - - [11/Jun/2025:06:24:05 -0400] "GET /wp-includes/sodium_compat/namespaced/Core/?SD HTTP/1.1" 200 1254 "-" "Mozilla/5.0 (compatible; MJ12bot/v1.4.8; http://mj12bot.com/)"
65.108.78.33 - - [11/Jun/2025:06:24:07 -0400] "GET /wp-includes/sodium_compat/namespaced/Core/ChaCha20/?MA HTTP/1.1" 200 685 "-" "Mozilla/5.0 (compatible; MJ12bot/v1.4.8; http://mj12bot.com/)"
65.108.78.33 - - [11/Jun/2025:06:24:09 -0400] "GET /wp-includes/sodium_compat/namespaced/Core/ChaCha20/?ND HTTP/1.1" 200 681 "-" "Mozilla/5.0 (compatible; MJ12bot/v1.4.8; http://mj12bot.com/)"
65.108.78.33 - - [11/Jun/2025:06:24:12 -0400] "GET /wp-includes/sodium_compat/namespaced/Core/ChaCha20/?SA HTTP/1.1" 200 685 "-" "Mozilla/5.0 (compatible; MJ12bot/v1.4.8; http://mj12bot.com/)"
65.108.78.33 - - [11/Jun/2025:06:24:14 -0400] "GET /wp-includes/sodium_compat/namespaced/Core/ChaCha20/Ctx.php HTTP/1.1" 403 1242 "-" "Mozilla/5.0 (compatible; MJ12bot/v1.4.8; http://mj12bot.com/)"
65.108.78.33 - - [11/Jun/2025:06:24:17 -0400] "GET /wp-includes/sodium_compat/namespaced/Core/ChaCha20/IetfCtx.php HTTP/1.1" 403 1242 "-" "Mozilla/5.0 (compatible; MJ12bot/v1.4.8; http://mj12bot.com/)"
65.108.78.33 - - [11/Jun/2025:06:24:19 -0400] "GET /wp-includes/sodium_compat/namespaced/Core/Curve25519/?MA HTTP/1.1" 200 728 "-" "Mozilla/5.0 (compatible; MJ12bot/v1.4.8; http://mj12bot.com/)"
65.108.78.33 - - [11/Jun/2025:06:24:21 -0400] "GET /wp-includes/sodium_compat/namespaced/Core/Curve25519/?ND HTTP/1.1" 200 723 "-" "Mozilla/5.0 (compatible; MJ12bot/v1.4.8; http://mj12bot.com/)"
65.108.78.33 - - [11/Jun/2025:06:24:23 -0400] "GET /wp-includes/sodium_compat/namespaced/Core/Curve25519/?SA HTTP/1.1" 200 731 "-" "Mozilla/5.0 (compatible; MJ12bot/v1.4.8; http://mj12bot.com/)"
65.108.78.33 - - [11/Jun/2025:06:24:26 -0400] "GET /wp-includes/sodium_compat/namespaced/Core/Curve25519/Fe.php HTTP/1.1" 403 1242 "-" "Mozilla/5.0 (compatible; MJ12bot/v1.4.8; http://mj12bot.com/)"
65.108.78.33 - - [11/Jun/2025:06:24:28 -0400] "GET /wp-includes/sodium_compat/namespaced/Core/Curve25519/Ge/ HTTP/1.1" 200 730 "-" "Mozilla/5.0 (compatible; MJ12bot/v1.4.8; http://mj12bot.com/)"
65.108.78.33 - - [11/Jun/2025:06:24:30 -0400] "GET /wp-includes/sodium_compat/namespaced/Core/Curve25519/H.php HTTP/1.1" 403 1242 "-" "Mozilla/5.0 (compatible; MJ12bot/v1.4.8; http://mj12bot.com/)"
65.108.78.33 - - [11/Jun/2025:06:24:32 -0400] "GET /wp-includes/sodium_compat/namespaced/Core/Poly1305/?MA HTTP/1.1" 200 662 "-" "Mozilla/5.0 (compatible; MJ12bot/v1.4.8; http://mj12bot.com/)"
65.108.78.33 - - [11/Jun/2025:06:24:34 -0400] "GET /wp-includes/sodium_compat/namespaced/Core/Poly1305/?ND HTTP/1.1" 200 657 "-" "Mozilla/5.0 (compatible; MJ12bot/v1.4.8; http://mj12bot.com/)"
65.108.78.33 - - [11/Jun/2025:06:24:36 -0400] "GET /wp-includes/sodium_compat/namespaced/Core/Poly1305/?SA HTTP/1.1" 200 662 "-" "Mozilla/5.0 (compatible; MJ12bot/v1.4.8; http://mj12bot.com/)"
65.108.78.33 - - [11/Jun/2025:06:24:40 -0400] "GET /wp-includes/sodium_compat/namespaced/Core/Poly1305/State.php HTTP/1.1" 403 1242 "-" "Mozilla/5.0 (compatible; MJ12bot/v1.4.8; http://mj12bot.com/)"
65.108.78.33 - - [11/Jun/2025:06:24:42 -0400] "GET /wp-includes/sodium_compat/src/Core/?MD HTTP/1.1" 200 1397 "-" "Mozilla/5.0 (compatible; MJ12bot/v1.4.8; http://mj12bot.com/)"
65.108.78.33 - - [11/Jun/2025:06:24:45 -0400] "GET /wp-includes/sodium_compat/src/Core/?NA HTTP/1.1" 200 1389 "-" "Mozilla/5.0 (compatible; MJ12bot/v1.4.8; http://mj12bot.com/)"
65.108.78.33 - - [11/Jun/2025:06:24:47 -0400] "GET /wp-includes/sodium_compat/src/Core/?SD HTTP/1.1" 200 1397 "-" "Mozilla/5.0 (compatible; MJ12bot/v1.4.8; http://mj12bot.com/)"
65.108.78.33 - - [11/Jun/2025:06:24:50 -0400] "GET /wp-includes/sodium_compat/src/Core/Base64/?MA HTTP/1.1" 200 711 "-" "Mozilla/5.0 (compatible; MJ12bot/v1.4.8; http://mj12bot.com/)"
65.108.78.33 - - [11/Jun/2025:06:24:52 -0400] "GET /wp-includes/sodium_compat/src/Core/Base64/?ND HTTP/1.1" 200 704 "-" "Mozilla/5.0 (compatible; MJ12bot/v1.4.8; http://mj12bot.com/)"
65.108.78.33 - - [11/Jun/2025:06:24:54 -0400] "GET /wp-includes/sodium_compat/src/Core/Base64/?SA HTTP/1.1" 200 707 "-" "Mozilla/5.0 (compatible; MJ12bot/v1.4.8; http://mj12bot.com/)"
65.108.78.33 - - [11/Jun/2025:06:24:57 -0400] "GET /wp-includes/sodium_compat/src/Core/Base64/Common.php HTTP/1.1" 403 1242 "-" "Mozilla/5.0 (compatible; MJ12bot/v1.4.8; http://mj12bot.com/)"
65.108.78.33 - - [11/Jun/2025:06:24:59 -0400] "GET /wp-includes/sodium_compat/src/Core/Base64/Original.php HTTP/1.1" 403 1242 "-" "Mozilla/5.0 (compatible; MJ12bot/v1.4.8; http://mj12bot.com/)"
65.108.78.33 - - [11/Jun/2025:06:25:01 -0400] "GET /wp-includes/sodium_compat/src/Core/Base64/UrlSafe.php HTTP/1.1" 403 1242 "-" "Mozilla/5.0 (compatible; MJ12bot/v1.4.8; http://mj12bot.com/)"
65.108.78.33 - - [11/Jun/2025:06:25:04 -0400] "GET /wp-includes/sodium_compat/src/Core/ChaCha20/?MA HTTP/1.1" 200 700 "-" "Mozilla/5.0 (compatible; MJ12bot/v1.4.8; http://mj12bot.com/)"
65.108.78.33 - - [11/Jun/2025:06:25:07 -0400] "GET /wp-includes/sodium_compat/src/Core/ChaCha20/?ND HTTP/1.1" 200 692 "-" "Mozilla/5.0 (compatible; MJ12bot/v1.4.8; http://mj12bot.com/)"
65.108.78.33 - - [11/Jun/2025:06:25:10 -0400] "GET /wp-includes/sodium_compat/src/Core/ChaCha20/?SA HTTP/1.1" 200 699 "-" "Mozilla/5.0 (compatible; MJ12bot/v1.4.8; http://mj12bot.com/)"
65.108.78.33 - - [11/Jun/2025:06:25:13 -0400] "GET /wp-includes/sodium_compat/src/Core/ChaCha20/Ctx.php HTTP/1.1" 403 1242 "-" "Mozilla/5.0 (compatible; MJ12bot/v1.4.8; http://mj12bot.com/)"
65.108.78.33 - - [11/Jun/2025:06:25:15 -0400] "GET /wp-includes/sodium_compat/src/Core/ChaCha20/IetfCtx.php HTTP/1.1" 403 1242 "-" "Mozilla/5.0 (compatible; MJ12bot/v1.4.8; http://mj12bot.com/)"
65.108.78.33 - - [11/Jun/2025:06:25:17 -0400] "GET /wp-includes/sodium_compat/src/Core/Curve25519/?MA HTTP/1.1" 200 730 "-" "Mozilla/5.0 (compatible; MJ12bot/v1.4.8; http://mj12bot.com/)"
2a03:2880:31ff:40:: - - [11/Jun/2025:06:25:10 -0400] "GET / HTTP/1.1" 200 0 "-" "meta-externalagent/1.1 (+https://developers.facebook.com/docs/sharing/webmasters/crawler)"
65.108.78.33 - - [11/Jun/2025:06:25:20 -0400] "GET /wp-includes/sodium_compat/src/Core/Curve25519/?ND HTTP/1.1" 200 728 "-" "Mozilla/5.0 (compatible; MJ12bot/v1.4.8; http://mj12bot.com/)"
65.108.78.33 - - [11/Jun/2025:06:25:22 -0400] "GET /wp-includes/sodium_compat/src/Core/Curve25519/?SA HTTP/1.1" 200 731 "-" "Mozilla/5.0 (compatible; MJ12bot/v1.4.8; http://mj12bot.com/)"
65.108.78.33 - - [11/Jun/2025:06:25:25 -0400] "GET /wp-includes/sodium_compat/src/Core/Curve25519/Fe.php HTTP/1.1" 403 1242 "-" "Mozilla/5.0 (compatible; MJ12bot/v1.4.8; http://mj12bot.com/)"
65.108.78.33 - - [11/Jun/2025:06:25:28 -0400] "GET /wp-includes/sodium_compat/src/Core/Curve25519/Ge/ HTTP/1.1" 200 730 "-" "Mozilla/5.0 (compatible; MJ12bot/v1.4.8; http://mj12bot.com/)"
65.108.78.33 - - [11/Jun/2025:06:25:31 -0400] "GET /wp-includes/sodium_compat/src/Core/Curve25519/H.php HTTP/1.1" 403 1242 "-" "Mozilla/5.0 (compatible; MJ12bot/v1.4.8; http://mj12bot.com/)"
65.108.78.33 - - [11/Jun/2025:06:25:33 -0400] "GET /wp-includes/sodium_compat/src/Core/Poly1305/?MA HTTP/1.1" 200 655 "-" "Mozilla/5.0 (compatible; MJ12bot/v1.4.8; http://mj12bot.com/)"
65.108.78.33 - - [11/Jun/2025:06:25:36 -0400] "GET /wp-includes/sodium_compat/src/Core/Poly1305/?ND HTTP/1.1" 200 656 "-" "Mozilla/5.0 (compatible; MJ12bot/v1.4.8; http://mj12bot.com/)"
65.108.78.33 - - [11/Jun/2025:06:25:38 -0400] "GET /wp-includes/sodium_compat/src/Core/Poly1305/?SA HTTP/1.1" 200 654 "-" "Mozilla/5.0 (compatible; MJ12bot/v1.4.8; http://mj12bot.com/)"
65.108.78.33 - - [11/Jun/2025:06:25:40 -0400] "GET /wp-includes/sodium_compat/src/Core/Poly1305/State.php HTTP/1.1" 403 1242 "-" "Mozilla/5.0 (compatible; MJ12bot/v1.4.8; http://mj12bot.com/)"
65.108.78.33 - - [11/Jun/2025:06:25:42 -0400] "GET /wp-includes/sodium_compat/src/Core/SecretStream/?MA HTTP/1.1" 200 658 "-" "Mozilla/5.0 (compatible; MJ12bot/v1.4.8; http://mj12bot.com/)"
65.108.78.33 - - [11/Jun/2025:06:25:44 -0400] "GET /wp-includes/sodium_compat/src/Core/SecretStream/?ND HTTP/1.1" 200 655 "-" "Mozilla/5.0 (compatible; MJ12bot/v1.4.8; http://mj12bot.com/)"
65.108.78.33 - - [11/Jun/2025:06:25:47 -0400] "GET /wp-includes/sodium_compat/src/Core/SecretStream/?SA HTTP/1.1" 200 657 "-" "Mozilla/5.0 (compatible; MJ12bot/v1.4.8; http://mj12bot.com/)"
65.108.78.33 - - [11/Jun/2025:06:25:49 -0400] "GET /wp-includes/sodium_compat/src/Core/SecretStream/State.php HTTP/1.1" 403 1242 "-" "Mozilla/5.0 (compatible; MJ12bot/v1.4.8; http://mj12bot.com/)"
170.64.205.67 - - [11/Jun/2025:06:25:49 -0400] "GET /wp-includes/id3/license.txt/feed/ HTTP/1.1" 200 0 "-" "Mozilla/5.0 (Windows NT 10.0; Win64; x64) AppleWebKit/537.36 (KHTML, like Gecko) Chrome/95.0.4638.69 Safari/537.36"
65.108.78.33 - - [11/Jun/2025:06:25:51 -0400] "GET /wp-includes/sodium_compat/src/Core32/?MD HTTP/1.1" 200 1400 "-" "Mozilla/5.0 (compatible; MJ12bot/v1.4.8; http://mj12bot.com/)"
170.64.205.67 - - [11/Jun/2025:06:25:51 -0400] "GET /wp-includes/id3/license.txt/xmlrpc.php?rsd HTTP/1.1" 200 0 "-" "Mozilla/5.0 (Windows NT 10.0; Win64; x64) AppleWebKit/537.36 (KHTML, like Gecko) Chrome/95.0.4638.69 Safari/537.36"
65.108.78.33 - - [11/Jun/2025:06:25:54 -0400] "GET /wp-includes/sodium_compat/src/Core32/?NA HTTP/1.1" 200 1406 "-" "Mozilla/5.0 (compatible; MJ12bot/v1.4.8; http://mj12bot.com/)"
65.108.78.33 - - [11/Jun/2025:06:25:56 -0400] "GET /wp-includes/sodium_compat/src/Core32/?SD HTTP/1.1" 200 1395 "-" "Mozilla/5.0 (compatible; MJ12bot/v1.4.8; http://mj12bot.com/)"
170.64.205.67 - - [11/Jun/2025:06:25:52 -0400] "GET /wp-includes/id3/license.txt/blog/wp-includes/wlwmanifest.xml HTTP/1.1" 200 106646 "-" "Mozilla/5.0 (Windows NT 10.0; Win64; x64) AppleWebKit/537.36 (KHTML, like Gecko) Chrome/95.0.4638.69 Safari/537.36"
65.108.78.33 - - [11/Jun/2025:06:25:59 -0400] "GET /wp-includes/sodium_compat/src/Core32/ChaCha20/?MA HTTP/1.1" 200 702 "-" "Mozilla/5.0 (compatible; MJ12bot/v1.4.8; http://mj12bot.com/)"
65.108.78.33 - - [11/Jun/2025:06:26:01 -0400] "GET /wp-includes/sodium_compat/src/Core32/ChaCha20/?ND HTTP/1.1" 200 698 "-" "Mozilla/5.0 (compatible; MJ12bot/v1.4.8; http://mj12bot.com/)"
170.64.205.67 - - [11/Jun/2025:06:25:58 -0400] "GET /wp-includes/id3/license.txt/web/wp-includes/wlwmanifest.xml HTTP/1.1" 200 110201 "-" "Mozilla/5.0 (Windows NT 10.0; Win64; x64) AppleWebKit/537.36 (KHTML, like Gecko) Chrome/95.0.4638.69 Safari/537.36"
65.108.78.33 - - [11/Jun/2025:06:26:03 -0400] "GET /wp-includes/sodium_compat/src/Core32/ChaCha20/?SA HTTP/1.1" 200 701 "-" "Mozilla/5.0 (compatible; MJ12bot/v1.4.8; http://mj12bot.com/)"
65.108.78.33 - - [11/Jun/2025:06:26:05 -0400] "GET /wp-includes/sodium_compat/src/Core32/ChaCha20/Ctx.php HTTP/1.1" 403 1242 "-" "Mozilla/5.0 (compatible; MJ12bot/v1.4.8; http://mj12bot.com/)"
170.64.205.67 - - [11/Jun/2025:06:26:02 -0400] "GET /wp-includes/id3/license.txt/wordpress/wp-includes/wlwmanifest.xml HTTP/1.1" 200 109030 "-" "Mozilla/5.0 (Windows NT 10.0; Win64; x64) AppleWebKit/537.36 (KHTML, like Gecko) Chrome/95.0.4638.69 Safari/537.36"
65.108.78.33 - - [11/Jun/2025:06:26:07 -0400] "GET /wp-includes/sodium_compat/src/Core32/ChaCha20/IetfCtx.php HTTP/1.1" 403 1242 "-" "Mozilla/5.0 (compatible; MJ12bot/v1.4.8; http://mj12bot.com/)"
65.108.78.33 - - [11/Jun/2025:06:26:09 -0400] "GET /wp-includes/sodium_compat/src/Core32/Curve25519/?MA HTTP/1.1" 200 758 "-" "Mozilla/5.0 (compatible; MJ12bot/v1.4.8; http://mj12bot.com/)"
65.108.78.33 - - [11/Jun/2025:06:26:11 -0400] "GET /wp-includes/sodium_compat/src/Core32/Curve25519/?ND HTTP/1.1" 200 751 "-" "Mozilla/5.0 (compatible; MJ12bot/v1.4.8; http://mj12bot.com/)"
170.64.205.67 - - [11/Jun/2025:06:26:07 -0400] "GET /wp-includes/id3/license.txt/wp/wp-includes/wlwmanifest.xml HTTP/1.1" 200 106905 "-" "Mozilla/5.0 (Windows NT 10.0; Win64; x64) AppleWebKit/537.36 (KHTML, like Gecko) Chrome/95.0.4638.69 Safari/537.36"
65.108.78.33 - - [11/Jun/2025:06:26:14 -0400] "GET /wp-includes/sodium_compat/src/Core32/Curve25519/?SA HTTP/1.1" 200 755 "-" "Mozilla/5.0 (compatible; MJ12bot/v1.4.8; http://mj12bot.com/)"
65.108.78.33 - - [11/Jun/2025:06:26:16 -0400] "GET /wp-includes/sodium_compat/src/Core32/Curve25519/Fe.php HTTP/1.1" 403 1242 "-" "Mozilla/5.0 (compatible; MJ12bot/v1.4.8; http://mj12bot.com/)"
65.108.78.33 - - [11/Jun/2025:06:26:18 -0400] "GET /wp-includes/sodium_compat/src/Core32/Curve25519/Ge/ HTTP/1.1" 200 732 "-" "Mozilla/5.0 (compatible; MJ12bot/v1.4.8; http://mj12bot.com/)"
170.64.205.67 - - [11/Jun/2025:06:26:13 -0400] "GET /wp-includes/id3/license.txt/2020/wp-includes/wlwmanifest.xml HTTP/1.1" 200 108451 "-" "Mozilla/5.0 (Windows NT 10.0; Win64; x64) AppleWebKit/537.36 (KHTML, like Gecko) Chrome/95.0.4638.69 Safari/537.36"
65.108.78.33 - - [11/Jun/2025:06:26:21 -0400] "GET /wp-includes/sodium_compat/src/Core32/Curve25519/H.php HTTP/1.1" 403 1242 "-" "Mozilla/5.0 (compatible; MJ12bot/v1.4.8; http://mj12bot.com/)"
65.108.78.33 - - [11/Jun/2025:06:26:23 -0400] "GET /wp-includes/sodium_compat/src/Core32/Poly1305/?MA HTTP/1.1" 200 661 "-" "Mozilla/5.0 (compatible; MJ12bot/v1.4.8; http://mj12bot.com/)"
170.64.205.67 - - [11/Jun/2025:06:26:19 -0400] "GET /wp-includes/id3/license.txt/2019/wp-includes/wlwmanifest.xml HTTP/1.1" 200 107716 "-" "Mozilla/5.0 (Windows NT 10.0; Win64; x64) AppleWebKit/537.36 (KHTML, like Gecko) Chrome/95.0.4638.69 Safari/537.36"
65.108.78.33 - - [11/Jun/2025:06:26:26 -0400] "GET /wp-includes/sodium_compat/src/Core32/Poly1305/?ND HTTP/1.1" 200 653 "-" "Mozilla/5.0 (compatible; MJ12bot/v1.4.8; http://mj12bot.com/)"
65.108.78.33 - - [11/Jun/2025:06:26:28 -0400] "GET /wp-includes/sodium_compat/src/Core32/Poly1305/?SA HTTP/1.1" 200 658 "-" "Mozilla/5.0 (compatible; MJ12bot/v1.4.8; http://mj12bot.com/)"
65.108.78.33 - - [11/Jun/2025:06:26:30 -0400] "GET /wp-includes/sodium_compat/src/Core32/Poly1305/State.php HTTP/1.1" 403 1242 "-" "Mozilla/5.0 (compatible; MJ12bot/v1.4.8; http://mj12bot.com/)"
65.108.78.33 - - [11/Jun/2025:06:26:33 -0400] "GET /wp-includes/sodium_compat/src/Core32/SecretStream/?MA HTTP/1.1" 200 661 "-" "Mozilla/5.0 (compatible; MJ12bot/v1.4.8; http://mj12bot.com/)"
170.64.205.67 - - [11/Jun/2025:06:26:27 -0400] "GET /wp-includes/id3/license.txt/2021/wp-includes/wlwmanifest.xml HTTP/1.1" 200 108176 "-" "Mozilla/5.0 (Windows NT 10.0; Win64; x64) AppleWebKit/537.36 (KHTML, like Gecko) Chrome/95.0.4638.69 Safari/537.36"
65.108.78.33 - - [11/Jun/2025:06:26:36 -0400] "GET /wp-includes/sodium_compat/src/Core32/SecretStream/?ND HTTP/1.1" 200 655 "-" "Mozilla/5.0 (compatible; MJ12bot/v1.4.8; http://mj12bot.com/)"
65.108.78.33 - - [11/Jun/2025:06:26:38 -0400] "GET /wp-includes/sodium_compat/src/Core32/SecretStream/?SA HTTP/1.1" 200 660 "-" "Mozilla/5.0 (compatible; MJ12bot/v1.4.8; http://mj12bot.com/)"
65.108.78.33 - - [11/Jun/2025:06:26:40 -0400] "GET /wp-includes/sodium_compat/src/Core32/SecretStream/State.php HTTP/1.1" 403 1242 "-" "Mozilla/5.0 (compatible; MJ12bot/v1.4.8; http://mj12bot.com/)"
65.108.78.33 - - [11/Jun/2025:06:26:43 -0400] "GET /wp-includes/sodium_compat/src/PHP52/?MD HTTP/1.1" 200 665 "-" "Mozilla/5.0 (compatible; MJ12bot/v1.4.8; http://mj12bot.com/)"
170.64.205.67 - - [11/Jun/2025:06:26:37 -0400] "GET /wp-includes/id3/license.txt/shop/wp-includes/wlwmanifest.xml HTTP/1.1" 200 107877 "-" "Mozilla/5.0 (Windows NT 10.0; Win64; x64) AppleWebKit/537.36 (KHTML, like Gecko) Chrome/95.0.4638.69 Safari/537.36"
65.108.78.33 - - [11/Jun/2025:06:26:45 -0400] "GET /wp-includes/sodium_compat/src/PHP52/?NA HTTP/1.1" 200 662 "-" "Mozilla/5.0 (compatible; MJ12bot/v1.4.8; http://mj12bot.com/)"
65.108.78.33 - - [11/Jun/2025:06:26:48 -0400] "GET /wp-includes/sodium_compat/src/PHP52/?SD HTTP/1.1" 200 665 "-" "Mozilla/5.0 (compatible; MJ12bot/v1.4.8; http://mj12bot.com/)"
170.64.205.67 - - [11/Jun/2025:06:26:43 -0400] "GET /wp-includes/id3/license.txt/wp1/wp-includes/wlwmanifest.xml HTTP/1.1" 200 109063 "-" "Mozilla/5.0 (Windows NT 10.0; Win64; x64) AppleWebKit/537.36 (KHTML, like Gecko) Chrome/95.0.4638.69 Safari/537.36"
170.64.205.67 - - [11/Jun/2025:06:26:51 -0400] "GET /wp-includes/id3/license.txt/test/wp-includes/wlwmanifest.xml HTTP/1.1" 200 108547 "-" "Mozilla/5.0 (Windows NT 10.0; Win64; x64) AppleWebKit/537.36 (KHTML, like Gecko) Chrome/95.0.4638.69 Safari/537.36"
170.64.205.67 - - [11/Jun/2025:06:26:57 -0400] "GET /wp-includes/id3/license.txt/site/wp-includes/wlwmanifest.xml HTTP/1.1" 200 109815 "-" "Mozilla/5.0 (Windows NT 10.0; Win64; x64) AppleWebKit/537.36 (KHTML, like Gecko) Chrome/95.0.4638.69 Safari/537.36"
170.64.205.67 - - [11/Jun/2025:06:27:04 -0400] "GET /wp-includes/id3/license.txt/cms/wp-includes/wlwmanifest.xml HTTP/1.1" 200 109256 "-" "Mozilla/5.0 (Windows NT 10.0; Win64; x64) AppleWebKit/537.36 (KHTML, like Gecko) Chrome/95.0.4638.69 Safari/537.36"
45.90.73.208 - - [11/Jun/2025:06:31:53 -0400] "GET /wp-login.php HTTP/1.1" 500 0 "http://perfectmarriagerevenge.com" "Mozilla/5.0 (Macintosh; Intel Mac OS X 10_15_7; rv:129.0) Gecko/20100101 Firefox/129.0"
107.151.248.207 - - [11/Jun/2025:06:41:09 -0400] "GET /wp-includes/ID3/index.php HTTP/1.1" 404 1251 "-" "Mozlila/5.0 (Linux; Android 7.0; SM-G892A Bulid/NRD90M; wv) AppleWebKit/537.36 (KHTML, like Gecko) Version/4.0 Chrome/60.0.3112.107 Moblie Safari/537.36"
107.151.248.207 - - [11/Jun/2025:06:41:12 -0400] "GET /wp-content/plugins/index.php HTTP/1.1" 200 0 "-" "Mozlila/5.0 (Linux; Android 7.0; SM-G892A Bulid/NRD90M; wv) AppleWebKit/537.36 (KHTML, like Gecko) Version/4.0 Chrome/60.0.3112.107 Moblie Safari/537.36"
107.151.248.207 - - [11/Jun/2025:06:41:18 -0400] "GET /wp-admin/network/index.php HTTP/1.1" 500 0 "-" "Mozlila/5.0 (Linux; Android 7.0; SM-G892A Bulid/NRD90M; wv) AppleWebKit/537.36 (KHTML, like Gecko) Version/4.0 Chrome/60.0.3112.107 Moblie Safari/537.36"
107.151.248.207 - - [11/Jun/2025:06:41:20 -0400] "GET /wp-includes/IXR/index.php HTTP/1.1" 404 1251 "-" "Mozlila/5.0 (Linux; Android 7.0; SM-G892A Bulid/NRD90M; wv) AppleWebKit/537.36 (KHTML, like Gecko) Version/4.0 Chrome/60.0.3112.107 Moblie Safari/537.36"
107.151.248.207 - - [11/Jun/2025:06:41:26 -0400] "GET /wp-admin/images/index.php HTTP/1.1" 404 1251 "-" "Mozlila/5.0 (Linux; Android 7.0; SM-G892A Bulid/NRD90M; wv) AppleWebKit/537.36 (KHTML, like Gecko) Version/4.0 Chrome/60.0.3112.107 Moblie Safari/537.36"
107.151.248.207 - - [11/Jun/2025:06:41:30 -0400] "GET /wp-login.php HTTP/1.1" 500 0 "-" "Mozlila/5.0 (Linux; Android 7.0; SM-G892A Bulid/NRD90M; wv) AppleWebKit/537.36 (KHTML, like Gecko) Version/4.0 Chrome/60.0.3112.107 Moblie Safari/537.36"
107.151.248.207 - - [11/Jun/2025:06:41:36 -0400] "GET /wp-content/plugins/admin.php HTTP/1.1" 200 0 "-" "Mozlila/5.0 (Linux; Android 7.0; SM-G892A Bulid/NRD90M; wv) AppleWebKit/537.36 (KHTML, like Gecko) Version/4.0 Chrome/60.0.3112.107 Moblie Safari/537.36"
107.151.248.207 - - [11/Jun/2025:06:41:41 -0400] "GET /xmlrpc.php HTTP/1.1" 403 1242 "-" "Mozlila/5.0 (Linux; Android 7.0; SM-G892A Bulid/NRD90M; wv) AppleWebKit/537.36 (KHTML, like Gecko) Version/4.0 Chrome/60.0.3112.107 Moblie Safari/537.36"
107.151.248.207 - - [11/Jun/2025:06:41:44 -0400] "GET /wp-admin.php HTTP/1.1" 200 0 "-" "Mozlila/5.0 (Linux; Android 7.0; SM-G892A Bulid/NRD90M; wv) AppleWebKit/537.36 (KHTML, like Gecko) Version/4.0 Chrome/60.0.3112.107 Moblie Safari/537.36"
107.151.248.207 - - [11/Jun/2025:06:41:51 -0400] "GET /wp-content/plugins/Core-Econ/upH.php HTTP/1.1" 200 0 "-" "Mozlila/5.0 (Linux; Android 7.0; SM-G892A Bulid/NRD90M; wv) AppleWebKit/537.36 (KHTML, like Gecko) Version/4.0 Chrome/60.0.3112.107 Moblie Safari/537.36"
107.151.248.207 - - [11/Jun/2025:06:41:54 -0400] "GET /wp-content/plugins/fix/up.php HTTP/1.1" 200 0 "-" "Mozlila/5.0 (Linux; Android 7.0; SM-G892A Bulid/NRD90M; wv) AppleWebKit/537.36 (KHTML, like Gecko) Version/4.0 Chrome/60.0.3112.107 Moblie Safari/537.36"
107.151.248.207 - - [11/Jun/2025:06:41:58 -0400] "GET /wp-content/plugins/pwnd/pwnd.php HTTP/1.1" 200 0 "-" "Mozlila/5.0 (Linux; Android 7.0; SM-G892A Bulid/NRD90M; wv) AppleWebKit/537.36 (KHTML, like Gecko) Version/4.0 Chrome/60.0.3112.107 Moblie Safari/537.36"
107.151.248.207 - - [11/Jun/2025:06:42:01 -0400] "GET /wp-content/plugins/shell/noimg.php HTTP/1.1" 200 0 "-" "Mozlila/5.0 (Linux; Android 7.0; SM-G892A Bulid/NRD90M; wv) AppleWebKit/537.36 (KHTML, like Gecko) Version/4.0 Chrome/60.0.3112.107 Moblie Safari/537.36"
107.151.248.207 - - [11/Jun/2025:06:42:07 -0400] "GET /WSOEnigma.php HTTP/1.1" 200 0 "-" "Mozlila/5.0 (Linux; Android 7.0; SM-G892A Bulid/NRD90M; wv) AppleWebKit/537.36 (KHTML, like Gecko) Version/4.0 Chrome/60.0.3112.107 Moblie Safari/537.36"
107.151.248.207 - - [11/Jun/2025:06:42:10 -0400] "GET /wp-content/plugins/pwnd-1/pwnd.php HTTP/1.1" 200 0 "-" "Mozlila/5.0 (Linux; Android 7.0; SM-G892A Bulid/NRD90M; wv) AppleWebKit/537.36 (KHTML, like Gecko) Version/4.0 Chrome/60.0.3112.107 Moblie Safari/537.36"
107.151.248.207 - - [11/Jun/2025:06:42:17 -0400] "GET /wp-content/plugins/dummyyummy/wp-signup.php HTTP/1.1" 200 0 "-" "Mozlila/5.0 (Linux; Android 7.0; SM-G892A Bulid/NRD90M; wv) AppleWebKit/537.36 (KHTML, like Gecko) Version/4.0 Chrome/60.0.3112.107 Moblie Safari/537.36"
107.151.248.207 - - [11/Jun/2025:06:42:19 -0400] "GET /wp-content/plugins/clara/clara.php HTTP/1.1" 200 0 "-" "Mozlila/5.0 (Linux; Android 7.0; SM-G892A Bulid/NRD90M; wv) AppleWebKit/537.36 (KHTML, like Gecko) Version/4.0 Chrome/60.0.3112.107 Moblie Safari/537.36"
54.84.102.81 - - [11/Jun/2025:06:43:26 -0400] "GET /manga/perfect-marriage-revenge-chapter-77/ HTTP/1.1" 200 0 "-" "Mozilla/5.0 AppleWebKit/537.36 (KHTML, like Gecko; compatible; Amazonbot/0.1; +https://developer.amazon.com/support/amazonbot) Chrome/119.0.6045.214 Safari/537.36"
34.197.28.78 - - [11/Jun/2025:06:43:30 -0400] "GET /manga/perfect-marriage-revenge-chapter-1/ HTTP/1.1" 200 0 "-" "Mozilla/5.0 AppleWebKit/537.36 (KHTML, like Gecko; compatible; Amazonbot/0.1; +https://developer.amazon.com/support/amazonbot) Chrome/119.0.6045.214 Safari/537.36"
34.231.77.232 - - [11/Jun/2025:06:43:34 -0400] "GET /manga/perfect-marriage-revenge-chapter-40/ HTTP/1.1" 200 0 "-" "Mozilla/5.0 AppleWebKit/537.36 (KHTML, like Gecko; compatible; Amazonbot/0.1; +https://developer.amazon.com/support/amazonbot) Chrome/119.0.6045.214 Safari/537.36"
54.166.104.83 - - [11/Jun/2025:06:43:38 -0400] "GET /manga/perfect-marriage-revenge-chapter-53/ HTTP/1.1" 200 0 "-" "Mozilla/5.0 AppleWebKit/537.36 (KHTML, like Gecko; compatible; Amazonbot/0.1; +https://developer.amazon.com/support/amazonbot) Chrome/119.0.6045.214 Safari/537.36"
44.215.210.112 - - [11/Jun/2025:06:43:42 -0400] "GET /manga/perfect-marriage-revenge-chapter-27/ HTTP/1.1" 200 0 "-" "Mozilla/5.0 AppleWebKit/537.36 (KHTML, like Gecko; compatible; Amazonbot/0.1; +https://developer.amazon.com/support/amazonbot) Chrome/119.0.6045.214 Safari/537.36"
102.210.146.151 - - [11/Jun/2025:06:49:05 -0400] "GET /wp-login.php HTTP/1.1" 500 0 "http://perfectmarriagerevenge.com" "Mozilla/5.0 (Windows NT 11.0; Win64; x64) AppleWebKit/537.36 (KHTML, like Gecko) Chrome/126.0.0.0 Safari/537.36 Edg/126.0.0.0"
194.87.252.147 - - [11/Jun/2025:06:59:54 -0400] "GET / HTTP/1.1" 200 0 "-" "Mozilla/5.0 (X11; Linux i686 on x86_64) AppleWebKit/537.36 (KHTML, like Gecko) Chrome/56.0.2982.32 Safari/537.36"
194.87.252.147 - - [11/Jun/2025:06:59:59 -0400] "POST /wp-content/plugins/wp-automatic/inc/csv.php HTTP/1.1" 403 1242 "https://w1.perfectmarriagerevenge.com/" "Mozilla/5.0 (X11; Linux i686 on x86_64) AppleWebKit/537.36 (KHTML, like Gecko) Chrome/56.0.2982.32 Safari/537.36"
194.87.252.147 - - [11/Jun/2025:07:00:00 -0400] "POST /wp-content/plugins/wp-automatic/inc/csv.php HTTP/1.1" 403 1242 "https://w1.perfectmarriagerevenge.com/wp-content/plugins/wp-automatic/inc/csv.php" "Mozilla/5.0 (X11; Linux i686 on x86_64) AppleWebKit/537.36 (KHTML, like Gecko) Chrome/56.0.2982.32 Safari/537.36"
194.87.252.147 - - [11/Jun/2025:07:00:00 -0400] "POST /wp-content/plugins/wp-automatic/inc/csv.php HTTP/1.1" 403 1242 "https://w1.perfectmarriagerevenge.com/wp-content/plugins/wp-automatic/inc/csv.php" "Mozilla/5.0 (X11; Linux i686 on x86_64) AppleWebKit/537.36 (KHTML, like Gecko) Chrome/56.0.2982.32 Safari/537.36"
194.87.252.147 - - [11/Jun/2025:07:00:01 -0400] "POST /wp-content/plugins/wp-automatic/inc/csv.php HTTP/1.1" 403 1242 "https://w1.perfectmarriagerevenge.com/wp-content/plugins/wp-automatic/inc/csv.php" "Mozilla/5.0 (X11; Linux i686 on x86_64) AppleWebKit/537.36 (KHTML, like Gecko) Chrome/56.0.2982.32 Safari/537.36"
194.87.252.147 - - [11/Jun/2025:07:00:03 -0400] "POST /wp-content/plugins/wp-automatic/inc/csv.php HTTP/1.1" 403 1242 "https://w1.perfectmarriagerevenge.com/wp-content/plugins/wp-automatic/inc/csv.php" "Mozilla/5.0 (X11; Linux i686 on x86_64) AppleWebKit/537.36 (KHTML, like Gecko) Chrome/56.0.2982.32 Safari/537.36"
194.87.252.147 - - [11/Jun/2025:07:00:04 -0400] "POST /wp-content/plugins/wp-automatic/inc/csv.php196a893b7f57.php HTTP/1.1" 403 1242 "https://w1.perfectmarriagerevenge.com/wp-content/plugins/wp-automatic/inc/csv.php" "Mozilla/5.0 (X11; Linux i686 on x86_64) AppleWebKit/537.36 (KHTML, like Gecko) Chrome/56.0.2982.32 Safari/537.36"
194.87.252.147 - - [11/Jun/2025:07:00:06 -0400] "POST /wp-content/plugins/wp-automatic/inc/csv.php196a893b7f57.php HTTP/1.1" 200 0 "https://w1.perfectmarriagerevenge.com/wp-content/plugins/wp-automatic/inc/csv.php196a893b7f57.php" "Mozilla/5.0 (X11; Linux i686 on x86_64) AppleWebKit/537.36 (KHTML, like Gecko) Chrome/56.0.2982.32 Safari/537.36"
194.87.252.147 - - [11/Jun/2025:07:00:12 -0400] "POST /wp-content/plugins/wp-automatic/inc/csv.php196a893b7f57.php HTTP/1.1" 200 0 "https://w1.perfectmarriagerevenge.com/wp-content/plugins/wp-automatic/inc/csv.php196a893b7f57.php" "Mozilla/5.0 (X11; Linux i686 on x86_64) AppleWebKit/537.36 (KHTML, like Gecko) Chrome/56.0.2982.32 Safari/537.36"
194.87.252.147 - - [11/Jun/2025:07:00:15 -0400] "POST /wp-content/plugins/wp-automatic/inc/csv.php196a893b7f57.php HTTP/1.1" 200 0 "https://w1.perfectmarriagerevenge.com/wp-content/plugins/wp-automatic/inc/csv.php196a893b7f57.php" "Mozilla/5.0 (X11; Linux i686 on x86_64) AppleWebKit/537.36 (KHTML, like Gecko) Chrome/56.0.2982.32 Safari/537.36"
194.87.252.147 - - [11/Jun/2025:07:00:17 -0400] "POST /wp-content/plugins/wp-automatic/inc/csv.php196a893b7f57.php HTTP/1.1" 200 0 "https://w1.perfectmarriagerevenge.com/wp-content/plugins/wp-automatic/inc/csv.php196a893b7f57.php" "Mozilla/5.0 (X11; Linux i686 on x86_64) AppleWebKit/537.36 (KHTML, like Gecko) Chrome/56.0.2982.32 Safari/537.36"
194.87.252.147 - - [11/Jun/2025:07:00:19 -0400] "GET /wp-login.php HTTP/1.1" 500 0 "https://w1.perfectmarriagerevenge.com/wp-content/plugins/wp-automatic/inc/csv.php196a893b7f57.php" "Mozilla/5.0 (X11; Linux i686 on x86_64) AppleWebKit/537.36 (KHTML, like Gecko) Chrome/56.0.2982.32 Safari/537.36"
2a01:4f9:3081:3fc7::2 - - [11/Jun/2025:07:06:12 -0400] "GET /wp-login.php HTTP/1.1" 500 0 "http://perfectmarriagerevenge.com" "Mozilla/5.0 (Windows NT 10.0; Win64; x64) AppleWebKit/537.36 (KHTML, like Gecko) Chrome/126.0.0.0 Safari/537.36 Edg/126.0.0.0"
91.134.248.235 - - [11/Jun/2025:07:14:51 -0400] "POST /xmlrpc.php HTTP/1.1" 403 1242 "-" "Mozilla/5.0 (Windows NT 6.1; rv:17.0) Gecko/20100101 Firefox/20.6.14"
3.109.172.160 - - [11/Jun/2025:07:14:53 -0400] "POST /xmlrpc.php HTTP/1.1" 403 1242 "-" "Mozilla/5.0 (X11; Linux x86_64) AppleWebKit/537.36 (KHTML, like Gecko) Chrome/44.0.2403.157 Safari/537.36"
198.71.229.102 - - [11/Jun/2025:07:14:59 -0400] "POST /xmlrpc.php HTTP/1.1" 403 1242 "-" "Mozilla/5.0 (Windows; U; Windows NT 5.1; en-US; rv:1.7.5) Gecko/20041107 Firefox/1.0"
43.143.200.85 - - [11/Jun/2025:07:15:04 -0400] "POST /xmlrpc.php HTTP/1.1" 403 1242 "-" "Mozilla/5.0 (Windows NT 10.0; Win64; x64) AppleWebKit/537.36 (KHTML, like Gecko) Chrome/81.0.4044.138 Safari/537.36"
185.105.184.121 - - [11/Jun/2025:07:15:14 -0400] "POST /xmlrpc.php HTTP/1.1" 403 1242 "-" "Mozilla/5.0 (Windows NT 10.0; Win64; x64) AppleWebKit/537.36 (KHTML, like Gecko) Chrome/65.0.3325.181 Safari/537.36"
120.55.63.243 - - [11/Jun/2025:07:15:17 -0400] "POST /xmlrpc.php HTTP/1.1" 403 1242 "-" "Mozilla/5.0 (Linux; Android 10; SM-N960U) AppleWebKit/537.36 (KHTML, like Gecko) Chrome/91.0.4472.114 Mobile Safari/537.36"
2a01:4ff:1f0:84b0::1 - - [11/Jun/2025:07:15:19 -0400] "POST /xmlrpc.php HTTP/1.1" 403 1242 "-" "Mozilla/5.0 (Windows NT 10.0; Win64; x64) AppleWebKit/537.36 (KHTML, like Gecko) Chrome/90.0.4430.93 Safari/537.36"
40.77.167.9 - - [11/Jun/2025:07:15:34 -0400] "GET /manga/perfect-marriage-revenge-chapter-67/ HTTP/1.1" 200 44376 "-" "Mozilla/5.0 AppleWebKit/537.36 (KHTML, like Gecko; compatible; bingbot/2.0; +http://www.bing.com/bingbot.htm) Chrome/116.0.1938.76 Safari/537.36"
2a03:2880:2ff:5:: - - [11/Jun/2025:07:17:38 -0400] "GET / HTTP/1.1" 200 0 "-" "meta-externalagent/1.1 (+https://developers.facebook.com/docs/sharing/webmasters/crawler)"
182.43.230.63 - - [11/Jun/2025:07:23:29 -0400] "GET /wp-login.php HTTP/1.1" 200 0 "http://perfectmarriagerevenge.com" "Mozilla/5.0 (Macintosh; Intel Mac OS X 10_15_7) AppleWebKit/537.36 (KHTML, like Gecko) Chrome/126.0.0.0 Safari/537.36"
47.82.60.114 - - [11/Jun/2025:07:27:29 -0400] "GET /images/ HTTP/1.1" 200 538 "https://w1.perfectmarriagerevenge.com/images/" "Mozilla/5.0 (Windows NT 10.0; Win64; x64) AppleWebKit/537.36 (KHTML, like Gecko) Chrome/114.0.0.0 Safari/537.36 Edg/114.0.1823.43"
47.82.60.71 - - [11/Jun/2025:07:33:14 -0400] "GET /wp-includes/ HTTP/1.1" 200 6880 "https://w1.perfectmarriagerevenge.com/wp-includes/" "Mozilla/5.0 (Windows NT 10.0; Win64; x64) AppleWebKit/537.36 (KHTML, like Gecko) Chrome/114.0.0.0 Safari/537.36 Edg/114.0.1823.43"
40.77.167.0 - - [11/Jun/2025:07:34:08 -0400] "GET /perfect-marriage-revenge-chapter-42/ HTTP/1.1" 200 44464 "-" "Mozilla/5.0 AppleWebKit/537.36 (KHTML, like Gecko; compatible; bingbot/2.0; +http://www.bing.com/bingbot.htm) Chrome/116.0.1938.76 Safari/537.36"
216.244.66.198 - - [11/Jun/2025:07:35:24 -0400] "GET /robots.txt HTTP/1.1" 200 73 "-" "Mozilla/5.0 (compatible; DotBot/1.2; +https://opensiteexplorer.org/dotbot; [email protected])"
18.233.24.238 - - [11/Jun/2025:07:35:55 -0400] "GET /manga/perfect-marriage-revenge-chapter-30/ HTTP/1.1" 200 0 "-" "Mozilla/5.0 AppleWebKit/537.36 (KHTML, like Gecko; compatible; Amazonbot/0.1; +https://developer.amazon.com/support/amazonbot) Chrome/119.0.6045.214 Safari/537.36"
44.193.115.232 - - [11/Jun/2025:07:35:58 -0400] "GET /manga/perfect-marriage-revenge-chapter-85/ HTTP/1.1" 200 0 "-" "Mozilla/5.0 AppleWebKit/537.36 (KHTML, like Gecko; compatible; Amazonbot/0.1; +https://developer.amazon.com/support/amazonbot) Chrome/119.0.6045.214 Safari/537.36"
34.225.138.57 - - [11/Jun/2025:07:36:03 -0400] "GET /manga/perfect-marriage-revenge-chapter-123/ HTTP/1.1" 200 0 "-" "Mozilla/5.0 AppleWebKit/537.36 (KHTML, like Gecko; compatible; Amazonbot/0.1; +https://developer.amazon.com/support/amazonbot) Chrome/119.0.6045.214 Safari/537.36"
35.171.117.160 - - [11/Jun/2025:07:36:06 -0400] "GET /manga/perfect-marriage-revenge-chapter-82/ HTTP/1.1" 200 0 "-" "Mozilla/5.0 AppleWebKit/537.36 (KHTML, like Gecko; compatible; Amazonbot/0.1; +https://developer.amazon.com/support/amazonbot) Chrome/119.0.6045.214 Safari/537.36"
52.4.213.199 - - [11/Jun/2025:07:36:10 -0400] "GET /manga/perfect-marriage-revenge-chapter-110/ HTTP/1.1" 200 0 "-" "Mozilla/5.0 AppleWebKit/537.36 (KHTML, like Gecko; compatible; Amazonbot/0.1; +https://developer.amazon.com/support/amazonbot) Chrome/119.0.6045.214 Safari/537.36"
85.208.96.212 - - [11/Jun/2025:07:37:37 -0400] "GET /robots.txt HTTP/1.1" 200 73 "-" "Mozilla/5.0 (compatible; SemrushBot/7~bl; +http://www.semrush.com/bot.html)"
185.191.171.7 - - [11/Jun/2025:07:37:39 -0400] "GET /manga/perfect-marriage-revenge-chapter-23/ HTTP/1.1" 200 0 "-" "Mozilla/5.0 (compatible; SemrushBot/7~bl; +http://www.semrush.com/bot.html)"
103.169.160.163 - - [11/Jun/2025:07:40:28 -0400] "GET /wp-login.php HTTP/1.1" 200 0 "http://perfectmarriagerevenge.com" "Mozilla/5.0 (Macintosh; Intel Mac OS X 10_15_7; rv:126.0) Gecko/20100101 Firefox/126.0"
2a03:2880:f800:1a:: - - [11/Jun/2025:07:42:55 -0400] "GET /sitemap_index.xml HTTP/1.1" 200 107344 "-" "meta-externalagent/1.1 (+https://developers.facebook.com/docs/sharing/webmasters/crawler)"
2a03:2880:f800:1:: - - [11/Jun/2025:07:43:55 -0400] "GET /?p=22801102362300& HTTP/1.1" 200 0 "-" "meta-externalagent/1.1 (+https://developers.facebook.com/docs/sharing/webmasters/crawler)"
2a03:2880:f800:16:: - - [11/Jun/2025:07:44:33 -0400] "GET /?p=15292164326007& HTTP/1.1" 200 0 "-" "meta-externalagent/1.1 (+https://developers.facebook.com/docs/sharing/webmasters/crawler)"
2a03:2880:f800:6:: - - [11/Jun/2025:07:48:04 -0400] "GET /?p=20530157590401& HTTP/1.1" 200 0 "-" "meta-externalagent/1.1 (+https://developers.facebook.com/docs/sharing/webmasters/crawler)"
51.222.253.8 - - [11/Jun/2025:07:48:40 -0400] "GET /sitemap_index.xml HTTP/1.1" 200 0 "-" "Mozilla/5.0 (compatible; AhrefsBot/7.0; +http://ahrefs.com/robot/)"
2a03:2880:f800:b:: - - [11/Jun/2025:07:48:53 -0400] "GET /?p=87302137288901& HTTP/1.1" 200 0 "-" "meta-externalagent/1.1 (+https://developers.facebook.com/docs/sharing/webmasters/crawler)"
52.167.144.201 - - [11/Jun/2025:07:50:59 -0400] "GET /manga/perfect-marriage-revenge-chapter-1/ HTTP/1.1" 200 44813 "-" "Mozilla/5.0 AppleWebKit/537.36 (KHTML, like Gecko; compatible; bingbot/2.0; +http://www.bing.com/bingbot.htm) Chrome/116.0.1938.76 Safari/537.36"
2a03:2880:f800:c:: - - [11/Jun/2025:07:52:00 -0400] "GET /?p=9197887422803& HTTP/1.1" 200 0 "-" "meta-externalagent/1.1 (+https://developers.facebook.com/docs/sharing/webmasters/crawler)"
2a03:2880:f800:2:: - - [11/Jun/2025:07:52:01 -0400] "GET /?p=16021117942900& HTTP/1.1" 200 0 "-" "meta-externalagent/1.1 (+https://developers.facebook.com/docs/sharing/webmasters/crawler)"
2a03:2880:f800:8:: - - [11/Jun/2025:07:55:55 -0400] "GET /?p=7311964279303& HTTP/1.1" 200 0 "-" "meta-externalagent/1.1 (+https://developers.facebook.com/docs/sharing/webmasters/crawler)"
2a03:2880:f800:8:: - - [11/Jun/2025:07:56:02 -0400] "GET /?p=9772383198803& HTTP/1.1" 200 0 "-" "meta-externalagent/1.1 (+https://developers.facebook.com/docs/sharing/webmasters/crawler)"
2a03:2880:f800:1:: - - [11/Jun/2025:07:59:40 -0400] "GET /?p=7009578562104& HTTP/1.1" 200 0 "-" "meta-externalagent/1.1 (+https://developers.facebook.com/docs/sharing/webmasters/crawler)"
2a03:2880:f800:12:: - - [11/Jun/2025:07:59:54 -0400] "GET /?p=28308142927106& HTTP/1.1" 200 0 "-" "meta-externalagent/1.1 (+https://developers.facebook.com/docs/sharing/webmasters/crawler)"
54.188.4.5 - - [11/Jun/2025:08:02:03 -0400] "GET / HTTP/1.1" 200 0 "-" "Mozilla/5.0 (X11; Linux x86_64) AppleWebKit/537.36 (KHTML, like Gecko) Chrome/83.0.4103.97 Safari/537.36"
2a03:2880:f800:10:: - - [11/Jun/2025:08:03:45 -0400] "GET /?p=20221159355500& HTTP/1.1" 200 0 "-" "meta-externalagent/1.1 (+https://developers.facebook.com/docs/sharing/webmasters/crawler)"
2a03:2880:f800:b:: - - [11/Jun/2025:08:04:06 -0400] "GET /?p=7200923336900& HTTP/1.1" 200 0 "-" "meta-externalagent/1.1 (+https://developers.facebook.com/docs/sharing/webmasters/crawler)"
2a03:2880:f800:17:: - - [11/Jun/2025:08:07:39 -0400] "GET /?p=2201952898500& HTTP/1.1" 200 0 "-" "meta-externalagent/1.1 (+https://developers.facebook.com/docs/sharing/webmasters/crawler)"
2a03:2880:f800:9:: - - [11/Jun/2025:08:07:46 -0400] "GET /?p=0038228517700& HTTP/1.1" 200 0 "-" "meta-externalagent/1.1 (+https://developers.facebook.com/docs/sharing/webmasters/crawler)"
47.82.60.150 - - [11/Jun/2025:08:11:22 -0400] "GET /522314/ HTTP/1.1" 200 648 "https://w1.perfectmarriagerevenge.com/522314/" "Mozilla/5.0 (Windows NT 10.0; Win64; x64) AppleWebKit/537.36 (KHTML, like Gecko) Chrome/114.0.0.0 Safari/537.36 Edg/114.0.1823.43"
2a03:2880:f800:12:: - - [11/Jun/2025:08:11:28 -0400] "GET /?p=12388196751700& HTTP/1.1" 200 0 "-" "meta-externalagent/1.1 (+https://developers.facebook.com/docs/sharing/webmasters/crawler)"
2a03:2880:f800:7:: - - [11/Jun/2025:08:11:36 -0400] "GET /?p=82136173011503& HTTP/1.1" 200 0 "-" "meta-externalagent/1.1 (+https://developers.facebook.com/docs/sharing/webmasters/crawler)"
2a03:2880:f800:16:: - - [11/Jun/2025:08:15:11 -0400] "GET /?p=9480648054106& HTTP/1.1" 200 0 "-" "meta-externalagent/1.1 (+https://developers.facebook.com/docs/sharing/webmasters/crawler)"
15.204.43.173 - - [11/Jun/2025:08:15:23 -0400] "GET /wp-login.php HTTP/1.1" 500 0 "http://perfectmarriagerevenge.com" "Mozilla/5.0 (Macintosh; Intel Mac OS X 10_15_7) AppleWebKit/537.36 (KHTML, like Gecko) Chrome/112.0.5615.138 Safari/537.36"
2a03:2880:f800:15:: - - [11/Jun/2025:08:16:02 -0400] "GET /?p=7019330214105& HTTP/1.1" 200 0 "-" "meta-externalagent/1.1 (+https://developers.facebook.com/docs/sharing/webmasters/crawler)"
2a03:2880:f800:17:: - - [11/Jun/2025:08:19:00 -0400] "GET /?p=9218452659900& HTTP/1.1" 200 0 "-" "meta-externalagent/1.1 (+https://developers.facebook.com/docs/sharing/webmasters/crawler)"
2a03:2880:f800:16:: - - [11/Jun/2025:08:20:16 -0400] "GET /?p=03197170755304& HTTP/1.1" 200 0 "-" "meta-externalagent/1.1 (+https://developers.facebook.com/docs/sharing/webmasters/crawler)"
2a03:2880:f800:e:: - - [11/Jun/2025:08:22:53 -0400] "GET /?p=0861146618902& HTTP/1.1" 200 0 "-" "meta-externalagent/1.1 (+https://developers.facebook.com/docs/sharing/webmasters/crawler)"
2a03:2880:f800:1a:: - - [11/Jun/2025:08:23:08 -0400] "GET /?p=1207338078900& HTTP/1.1" 200 0 "-" "meta-externalagent/1.1 (+https://developers.facebook.com/docs/sharing/webmasters/crawler)"
2a03:2880:f800:4:: - - [11/Jun/2025:08:26:49 -0400] "GET /?p=721211434908& HTTP/1.1" 200 0 "-" "meta-externalagent/1.1 (+https://developers.facebook.com/docs/sharing/webmasters/crawler)"
66.249.66.161 - - [11/Jun/2025:08:27:45 -0400] "GET /post_tag-sitemap.xml HTTP/1.1" 200 107845 "-" "Mozilla/5.0 (compatible; Googlebot/2.1; +http://www.google.com/bot.html)"
2a03:2880:f800:7:: - - [11/Jun/2025:08:28:02 -0400] "GET /?p=4279731751000& HTTP/1.1" 200 0 "-" "meta-externalagent/1.1 (+https://developers.facebook.com/docs/sharing/webmasters/crawler)"
52.167.144.199 - - [11/Jun/2025:08:28:25 -0400] "GET /?s=2025 HTTP/1.1" 200 42854 "-" "Mozilla/5.0 AppleWebKit/537.36 (KHTML, like Gecko; compatible; bingbot/2.0; +http://www.bing.com/bingbot.htm) Chrome/116.0.1938.76 Safari/537.36"
2a03:2880:f800:1d:: - - [11/Jun/2025:08:30:28 -0400] "GET /?p=87618135717802& HTTP/1.1" 200 0 "-" "meta-externalagent/1.1 (+https://developers.facebook.com/docs/sharing/webmasters/crawler)"
52.167.144.199 - - [11/Jun/2025:08:30:45 -0400] "GET /?p=2913248602402&channel=83810c&from=jp.php%3Fid%3D486024-2789%26name%3DEspelir+%E3%82%A8%E3%82%B9%E3%83%9A%E3%83%AA%E3%82%A2+Super+Downsus%2B%E3%82%B9%E3%83%BC%E3%83%91%E3%83%BC%E3%83%80%E3%82%A6%E3%83%B3%E3%82%B5%E3%82%B9%E3%83%A9%E3%83%90%E3%83%BC+1%E5%8F%B0%E5%88%86%E3%82%BB%E3%83%83%E3%83%88+%E3%83%97%E3%83%AA%E3%82%A6%E3%82%B9+ZVW60+%E5%93%81%E7%95%AA%3AT-8664%2BBR-8660F%2BBR-8660R HTTP/1.1" 200 43202 "-" "Mozilla/5.0 AppleWebKit/537.36 (KHTML, like Gecko; compatible; bingbot/2.0; +http://www.bing.com/bingbot.htm) Chrome/116.0.1938.76 Safari/537.36"
207.46.13.63 - - [11/Jun/2025:08:30:49 -0400] "GET /?p=7500361857601&channel=652ffd&from=category-info.php%3Fid%3D618576-3918%26name%3D%E3%83%AA%E3%83%97%E3%83%AA%E3%83%BC%E3%83%96+%E3%82%B5%E3%82%B9%E3%83%86%E3%82%A3%E3%83%8A%E3%83%96%E3%83%AB%E7%BE%BD%E6%AF%9B%E8%82%8C%E5%B8%83%E5%9B%A32P+K51201810 HTTP/1.1" 200 45742 "-" "Mozilla/5.0 AppleWebKit/537.36 (KHTML, like Gecko; compatible; bingbot/2.0; +http://www.bing.com/bingbot.htm) Chrome/116.0.1938.76 Safari/537.36"
52.167.144.199 - - [11/Jun/2025:08:30:50 -0400] "GET /?p=989289468005&channel=c9e841&from=shop.php%3Fid%3D94680-3748%26name%3D%E4%B8%89%E6%AE%B5%E9%87%8D%E3%81%AD%E8%8D%89%E5%B1%A5%E3%80%80%E8%8C%B6%E8%89%B2%E3%80%80%E8%8A%B1%E7%B7%92%E3%82%82%E3%81%BF%E7%9A%AE%E3%80%80%E9%87%91-%E9%8A%80%28L%E3%82%B5%E3%82%A4%E3%82%BA%29%3Cbr%3E%E3%80%90%E7%A4%BC%E8%A3%85%E7%94%A8%E8%8D%89%E5%B1%A5%E3%80%91%E7%97%9B%E3%81%8F%E3%81%AA%E3%81%84%E8%8D%89%E5%B1%A5%EF%BC%8F%E7%97%9B%E3%81%8F%E3%81%AA%E3%82%8A%E3%81%AB%E3%81%8F%E3%81%84%E8%8D%89%E5%B1%A5%E3%80%90%E9%8A%80%E5%BA%A7+%E3%81%9C%E3%82%93%E5%B1%8B+%E3%81%9C%E3%82%93%E3%82%84+%E3%82%BC%E3%83%B3%E3%83%A4%E3%80%91%3Cbr%3E HTTP/1.1" 200 44160 "-" "Mozilla/5.0 AppleWebKit/537.36 (KHTML, like Gecko; compatible; bingbot/2.0; +http://www.bing.com/bingbot.htm) Chrome/116.0.1938.76 Safari/537.36"
207.46.13.63 - - [11/Jun/2025:08:30:53 -0400] "GET /?p=895216312003&channel=846c64&from=jp.php%3Fid%3D63120-2647%26name%3DOGASAKA+%E3%82%AA%E3%82%AC%E3%82%B5%E3%82%AB+CT+21-22+154%E3%83%AF%E3%82%A4%E3%83%89+%E7%8F%BE%E7%8A%B6%E8%B2%A9%E5%A3%B2 HTTP/1.1" 200 42846 "-" "Mozilla/5.0 AppleWebKit/537.36 (KHTML, like Gecko; compatible; bingbot/2.0; +http://www.bing.com/bingbot.htm) Chrome/116.0.1938.76 Safari/537.36"
52.167.144.162 - - [11/Jun/2025:08:30:54 -0400] "GET /mypage/favorite_products HTTP/1.1" 200 44210 "-" "Mozilla/5.0 AppleWebKit/537.36 (KHTML, like Gecko; compatible; bingbot/2.0; +http://www.bing.com/bingbot.htm) Chrome/116.0.1938.76 Safari/537.36"
52.167.144.199 - - [11/Jun/2025:08:30:54 -0400] "GET /mypage/login HTTP/1.1" 200 44178 "-" "Mozilla/5.0 AppleWebKit/537.36 (KHTML, like Gecko; compatible; bingbot/2.0; +http://www.bing.com/bingbot.htm) Chrome/116.0.1938.76 Safari/537.36"
52.167.144.162 - - [11/Jun/2025:08:30:57 -0400] "GET /?p=8187968169609&channel=8f8c63&from=category-info.php%3Fid%3D681696-6122%26name%3DFUJIYOUPIN+%E3%82%BB%E3%83%B3%E3%82%BF%E3%83%BC%E3%82%B3%E3%83%B3%E3%82%BD%E3%83%BC%E3%83%AB%E3%82%AA%E3%83%BC%E3%82%AC%E3%83%8A%E3%82%A4%E3%82%B6%E3%83%BC+%E3%83%88%E3%83%A8%E3%82%BF%E3%82%BF%E3%82%B3%E3%83%9E2024+2025%E7%94%A8+%E3%82%AE%E3%82%A2%E3%82%B7%E3%83%95%E3%83%88%E3%82%B3%E3%83%B3%E3%82%BD%E3%83%BC%E3%83%AB%E5%8F%8E%E7%B4%8D%E3%83%9C%E3%83%83%E3%82%AF%E3%82%B9+%E3%82%AB%E3%83%83%E3%83%97+%E4%B8%A6%E8%A1%8C%E8%BC%B8%E5%85%A5%E5%93%81 HTTP/1.1" 200 45223 "-" "Mozilla/5.0 AppleWebKit/537.36 (KHTML, like Gecko; compatible; bingbot/2.0; +http://www.bing.com/bingbot.htm) Chrome/116.0.1938.76 Safari/537.36"
