1.4.128.162 - - [08/Jun/2025:14:23:38 -0400] "GET /manga/btooom-chapter-39/ HTTP/1.1" 200 31104 "https://w3.readbtooom.com/manga/btooom-chapter-38/" "Mozilla/5.0 (Linux; Android 10; K) AppleWebKit/537.36 (KHTML, like Gecko) Chrome/137.0.0.0 Mobile Safari/537.36"
1.4.128.162 - - [08/Jun/2025:14:23:39 -0400] "GET /manga/btooom-chapter-39/ HTTP/1.1" 304 0 "https://w3.readbtooom.com/manga/btooom-chapter-38/" "Mozilla/5.0 (Linux; Android 10; K) AppleWebKit/537.36 (KHTML, like Gecko) Chrome/137.0.0.0 Mobile Safari/537.36"
162.0.232.193 - - [08/Jun/2025:14:24:02 -0400] "POST /wp-cron.php?doing_wp_cron=1749407042.8152480125427246093750 HTTP/1.1" 200 0 "-" "WordPress/6.4.5; https://w3.readbtooom.com"
205.185.120.167 - - [08/Jun/2025:14:24:03 -0400] "GET /wp-login.php?redirect_to=https%3A%2F%2Freadbtooom.com%2Fwp-admin%2Fthemes.php&reauth=1 HTTP/1.1" 200 1857 "-" "python-requests/2.27.1"
205.185.120.167 - - [08/Jun/2025:14:24:04 -0400] "GET /wp-login.php?redirect_to=https%3A%2F%2Freadbtooom.com%2Fwp-admin%2Fplugin-install.php%3Ftab%3Dupload&reauth=1 HTTP/1.1" 200 1872 "-" "python-requests/2.27.1"
196.217.138.25 - - [08/Jun/2025:14:24:25 -0400] "GET /manga/btooom-chapter-72/ HTTP/1.1" 304 0 "https://w3.readbtooom.com/manga/btooom-chapter-73/" "Mozilla/5.0 (Linux; Android 10; K) AppleWebKit/537.36 (KHTML, like Gecko) Chrome/137.0.0.0 Mobile Safari/537.36"
196.217.138.25 - - [08/Jun/2025:14:24:25 -0400] "GET /manga/btooom-chapter-74/ HTTP/1.1" 200 32879 "https://w3.readbtooom.com/manga/btooom-chapter-73/" "Mozilla/5.0 (Linux; Android 10; K) AppleWebKit/537.36 (KHTML, like Gecko) Chrome/137.0.0.0 Mobile Safari/537.36"
196.217.138.25 - - [08/Jun/2025:14:24:26 -0400] "GET /manga/btooom-chapter-74/ HTTP/1.1" 304 0 "https://w3.readbtooom.com/manga/btooom-chapter-73/" "Mozilla/5.0 (Linux; Android 10; K) AppleWebKit/537.36 (KHTML, like Gecko) Chrome/137.0.0.0 Mobile Safari/537.36"
1.4.128.162 - - [08/Jun/2025:14:24:30 -0400] "GET /manga/btooom-chapter-40/ HTTP/1.1" 200 29792 "https://w3.readbtooom.com/manga/btooom-chapter-39/" "Mozilla/5.0 (Linux; Android 10; K) AppleWebKit/537.36 (KHTML, like Gecko) Chrome/137.0.0.0 Mobile Safari/537.36"
1.4.128.162 - - [08/Jun/2025:14:24:30 -0400] "GET /manga/btooom-chapter-40/ HTTP/1.1" 304 0 "https://w3.readbtooom.com/manga/btooom-chapter-39/" "Mozilla/5.0 (Linux; Android 10; K) AppleWebKit/537.36 (KHTML, like Gecko) Chrome/137.0.0.0 Mobile Safari/537.36"
92.34.14.91 - - [08/Jun/2025:14:24:32 -0400] "GET /wp-content/uploads/2021/11/btooom-lyrics-200x300.jpg HTTP/1.1" 200 19605 "https://w3.readbtooom.com/manga/btooom-chapter-75/" "Mozilla/5.0 (Windows NT 10.0; Win64; x64) AppleWebKit/537.36 (KHTML, like Gecko) Chrome/137.0.0.0 Safari/537.36"
92.34.14.91 - - [08/Jun/2025:14:24:33 -0400] "GET /manga/btooom-chapter-74/ HTTP/1.1" 200 32879 "https://w3.readbtooom.com/manga/btooom-chapter-75/" "Mozilla/5.0 (Windows NT 10.0; Win64; x64) AppleWebKit/537.36 (KHTML, like Gecko) Chrome/137.0.0.0 Safari/537.36"
43.130.3.120 - - [08/Jun/2025:14:24:36 -0400] "GET /manga/btooom-chapter-82/ HTTP/1.1" 200 33138 "-" "Mozilla/5.0 (iPhone; CPU iPhone OS 13_2_3 like Mac OS X) AppleWebKit/605.1.15 (KHTML, like Gecko) Version/13.0.3 Mobile/15E148 Safari/604.1"
103.28.114.62 - - [08/Jun/2025:14:24:42 -0400] "GET /manga/btooom-chapter-75/ HTTP/1.1" 200 29669 "https://www.google.com/" "Mozilla/5.0 (Linux; Android 10; K) AppleWebKit/537.36 (KHTML, like Gecko) Chrome/129.0.0.0 Mobile Safari/537.36"
92.34.14.91 - - [08/Jun/2025:14:24:42 -0400] "GET /manga/btooom-chapter-75/ HTTP/1.1" 304 0 "https://www.google.com/" "Mozilla/5.0 (Windows NT 10.0; Win64; x64) AppleWebKit/537.36 (KHTML, like Gecko) Chrome/137.0.0.0 Safari/537.36"
92.34.14.91 - - [08/Jun/2025:14:24:45 -0400] "GET /manga/btooom-chapter-1/ HTTP/1.1" 200 35545 "https://w3.readbtooom.com/manga/btooom-chapter-75/" "Mozilla/5.0 (Windows NT 10.0; Win64; x64) AppleWebKit/537.36 (KHTML, like Gecko) Chrome/137.0.0.0 Safari/537.36"
92.34.14.91 - - [08/Jun/2025:14:24:46 -0400] "GET /manga/btooom-chapter-1/ HTTP/1.1" 304 0 "https://w3.readbtooom.com/manga/btooom-chapter-75/" "Mozilla/5.0 (Windows NT 10.0; Win64; x64) AppleWebKit/537.36 (KHTML, like Gecko) Chrome/137.0.0.0 Safari/537.36"
162.0.232.193 - - [08/Jun/2025:14:24:47 -0400] "POST /wp-cron.php?doing_wp_cron=1749407087.0868320465087890625000 HTTP/1.1" 200 0 "-" "WordPress/6.4.5; https://w3.readbtooom.com"
92.34.14.91 - - [08/Jun/2025:14:24:46 -0400] "POST /wp-admin/admin-ajax.php HTTP/1.1" 200 69 "https://w3.readbtooom.com/manga/btooom-chapter-1/" "Mozilla/5.0 (Windows NT 10.0; Win64; x64) AppleWebKit/537.36 (KHTML, like Gecko) Chrome/137.0.0.0 Safari/537.36"
103.28.114.62 - - [08/Jun/2025:14:24:48 -0400] "GET /manga/btooom-chapter-1/ HTTP/1.1" 304 0 "https://w3.readbtooom.com/manga/btooom-chapter-75/" "Mozilla/5.0 (Linux; Android 10; K) AppleWebKit/537.36 (KHTML, like Gecko) Chrome/129.0.0.0 Mobile Safari/537.36"
103.28.114.62 - - [08/Jun/2025:14:24:49 -0400] "GET /manga/btooom-chapter-121-2/ HTTP/1.1" 304 0 "https://w3.readbtooom.com/manga/btooom-chapter-75/" "Mozilla/5.0 (Linux; Android 10; K) AppleWebKit/537.36 (KHTML, like Gecko) Chrome/129.0.0.0 Mobile Safari/537.36"
92.34.14.91 - - [08/Jun/2025:14:25:16 -0400] "GET /manga/btooom-chapter-1/ HTTP/1.1" 304 0 "https://w3.readbtooom.com/manga/btooom-chapter-1/" "Mozilla/5.0 (Windows NT 10.0; Win64; x64) AppleWebKit/537.36 (KHTML, like Gecko) Chrome/137.0.0.0 Safari/537.36"
92.34.14.91 - - [08/Jun/2025:14:25:16 -0400] "GET /manga/btooom-chapter-121-2/ HTTP/1.1" 200 49260 "https://w3.readbtooom.com/manga/btooom-chapter-1/" "Mozilla/5.0 (Windows NT 10.0; Win64; x64) AppleWebKit/537.36 (KHTML, like Gecko) Chrome/137.0.0.0 Safari/537.36"
92.34.14.91 - - [08/Jun/2025:14:25:18 -0400] "GET / HTTP/1.1" 200 18608 "https://w3.readbtooom.com/manga/btooom-chapter-1/" "Mozilla/5.0 (Windows NT 10.0; Win64; x64) AppleWebKit/537.36 (KHTML, like Gecko) Chrome/137.0.0.0 Safari/537.36"
92.34.14.91 - - [08/Jun/2025:14:25:19 -0400] "GET / HTTP/1.1" 304 0 "https://w3.readbtooom.com/manga/btooom-chapter-1/" "Mozilla/5.0 (Windows NT 10.0; Win64; x64) AppleWebKit/537.36 (KHTML, like Gecko) Chrome/137.0.0.0 Safari/537.36"
92.34.14.91 - - [08/Jun/2025:14:25:19 -0400] "GET /wp-content/uploads/2021/11/45731737.jpg HTTP/1.1" 200 34289 "https://w3.readbtooom.com/" "Mozilla/5.0 (Windows NT 10.0; Win64; x64) AppleWebKit/537.36 (KHTML, like Gecko) Chrome/137.0.0.0 Safari/537.36"
92.34.14.91 - - [08/Jun/2025:14:25:19 -0400] "GET /wp-content/uploads/2021/11/51YmOLZ5fWL.jpg HTTP/1.1" 200 46158 "https://w3.readbtooom.com/" "Mozilla/5.0 (Windows NT 10.0; Win64; x64) AppleWebKit/537.36 (KHTML, like Gecko) Chrome/137.0.0.0 Safari/537.36"
109.81.1.37 - - [08/Jun/2025:14:25:21 -0400] "GET /manga/btooom-chapter-56/ HTTP/1.1" 304 0 "https://w3.readbtooom.com/manga/btooom-chapter-57/" "Mozilla/5.0 (Linux; Android 10; K) AppleWebKit/537.36 (KHTML, like Gecko) Chrome/133.0.0.0 Mobile Safari/537.36"
109.81.1.37 - - [08/Jun/2025:14:25:21 -0400] "GET /manga/btooom-chapter-58/ HTTP/1.1" 200 35232 "https://w3.readbtooom.com/manga/btooom-chapter-57/" "Mozilla/5.0 (Linux; Android 10; K) AppleWebKit/537.36 (KHTML, like Gecko) Chrome/133.0.0.0 Mobile Safari/537.36"
109.81.1.37 - - [08/Jun/2025:14:25:22 -0400] "GET /manga/btooom-chapter-58/ HTTP/1.1" 304 0 "https://w3.readbtooom.com/manga/btooom-chapter-57/" "Mozilla/5.0 (Linux; Android 10; K) AppleWebKit/537.36 (KHTML, like Gecko) Chrome/133.0.0.0 Mobile Safari/537.36"
162.0.232.193 - - [08/Jun/2025:14:25:22 -0400] "POST /wp-cron.php?doing_wp_cron=1749407122.7241370677947998046875 HTTP/1.1" 200 0 "-" "WordPress/6.4.5; https://w3.readbtooom.com"
109.81.1.37 - - [08/Jun/2025:14:25:22 -0400] "POST /wp-admin/admin-ajax.php HTTP/1.1" 200 69 "https://w3.readbtooom.com/manga/btooom-chapter-58/" "Mozilla/5.0 (Linux; Android 10; K) AppleWebKit/537.36 (KHTML, like Gecko) Chrome/133.0.0.0 Mobile Safari/537.36"
92.34.14.91 - - [08/Jun/2025:14:25:24 -0400] "GET /manga/btooom-chapter-54/ HTTP/1.1" 200 32362 "https://w3.readbtooom.com/" "Mozilla/5.0 (Windows NT 10.0; Win64; x64) AppleWebKit/537.36 (KHTML, like Gecko) Chrome/137.0.0.0 Safari/537.36"
92.34.14.91 - - [08/Jun/2025:14:25:24 -0400] "GET /manga/btooom-chapter-52/ HTTP/1.1" 200 31866 "https://w3.readbtooom.com/" "Mozilla/5.0 (Windows NT 10.0; Win64; x64) AppleWebKit/537.36 (KHTML, like Gecko) Chrome/137.0.0.0 Safari/537.36"
92.34.14.91 - - [08/Jun/2025:14:25:24 -0400] "GET /manga/btooom-chapter-53/ HTTP/1.1" 200 29312 "https://w3.readbtooom.com/" "Mozilla/5.0 (Windows NT 10.0; Win64; x64) AppleWebKit/537.36 (KHTML, like Gecko) Chrome/137.0.0.0 Safari/537.36"
92.34.14.91 - - [08/Jun/2025:14:25:24 -0400] "GET /manga/btooom-chapter-56/ HTTP/1.1" 200 30264 "https://w3.readbtooom.com/" "Mozilla/5.0 (Windows NT 10.0; Win64; x64) AppleWebKit/537.36 (KHTML, like Gecko) Chrome/137.0.0.0 Safari/537.36"
92.34.14.91 - - [08/Jun/2025:14:25:25 -0400] "GET /manga/btooom-chapter-56/ HTTP/1.1" 304 0 "https://w3.readbtooom.com/" "Mozilla/5.0 (Windows NT 10.0; Win64; x64) AppleWebKit/537.36 (KHTML, like Gecko) Chrome/137.0.0.0 Safari/537.36"
1.4.128.162 - - [08/Jun/2025:14:25:39 -0400] "GET /manga/btooom-chapter-39/ HTTP/1.1" 304 0 "https://w3.readbtooom.com/manga/btooom-chapter-40/" "Mozilla/5.0 (Linux; Android 10; K) AppleWebKit/537.36 (KHTML, like Gecko) Chrome/137.0.0.0 Mobile Safari/537.36"
1.4.128.162 - - [08/Jun/2025:14:25:39 -0400] "GET /manga/btooom-chapter-41/ HTTP/1.1" 200 30648 "https://w3.readbtooom.com/manga/btooom-chapter-40/" "Mozilla/5.0 (Linux; Android 10; K) AppleWebKit/537.36 (KHTML, like Gecko) Chrome/137.0.0.0 Mobile Safari/537.36"
1.4.128.162 - - [08/Jun/2025:14:25:40 -0400] "GET /manga/btooom-chapter-41/ HTTP/1.1" 304 0 "https://w3.readbtooom.com/manga/btooom-chapter-40/" "Mozilla/5.0 (Linux; Android 10; K) AppleWebKit/537.36 (KHTML, like Gecko) Chrome/137.0.0.0 Mobile Safari/537.36"
162.0.232.193 - - [08/Jun/2025:14:26:30 -0400] "POST /wp-cron.php?doing_wp_cron=1749407190.2710390090942382812500 HTTP/1.1" 200 0 "-" "WordPress/6.4.5; https://w3.readbtooom.com"
2a04:4e41:5e00:3c7d::657d:bc7d - - [08/Jun/2025:14:26:36 -0400] "GET /manga/btooom-chapter-97/ HTTP/1.1" 200 30203 "https://w3.readbtooom.com/manga/btooom-chapter-96/" "Mozilla/5.0 (iPhone; CPU iPhone OS 18_5 like Mac OS X) AppleWebKit/605.1.15 (KHTML, like Gecko) Version/18.5 Mobile/15E148 Safari/604.1"
1.4.128.162 - - [08/Jun/2025:14:26:49 -0400] "GET /manga/btooom-chapter-40/ HTTP/1.1" 304 0 "https://w3.readbtooom.com/manga/btooom-chapter-41/" "Mozilla/5.0 (Linux; Android 10; K) AppleWebKit/537.36 (KHTML, like Gecko) Chrome/137.0.0.0 Mobile Safari/537.36"
1.4.128.162 - - [08/Jun/2025:14:26:49 -0400] "GET /manga/btooom-chapter-42/ HTTP/1.1" 200 33077 "https://w3.readbtooom.com/manga/btooom-chapter-41/" "Mozilla/5.0 (Linux; Android 10; K) AppleWebKit/537.36 (KHTML, like Gecko) Chrome/137.0.0.0 Mobile Safari/537.36"
1.4.128.162 - - [08/Jun/2025:14:26:49 -0400] "GET /manga/btooom-chapter-42/ HTTP/1.1" 304 0 "https://w3.readbtooom.com/manga/btooom-chapter-41/" "Mozilla/5.0 (Linux; Android 10; K) AppleWebKit/537.36 (KHTML, like Gecko) Chrome/137.0.0.0 Mobile Safari/537.36"
122.116.159.135 - - [08/Jun/2025:14:27:26 -0400] "GET /manga/btooom-chapter-117/ HTTP/1.1" 304 0 "https://w3.readbtooom.com/manga/btooom-chapter-118/" "Mozilla/5.0 (Windows NT 10.0; Win64; x64) AppleWebKit/537.36 (KHTML, like Gecko) Chrome/134.0.0.0 Safari/537.36 OPR/119.0.0.0"
122.116.159.135 - - [08/Jun/2025:14:27:26 -0400] "GET /manga/btooom-chapter-119/ HTTP/1.1" 200 33440 "https://w3.readbtooom.com/manga/btooom-chapter-118/" "Mozilla/5.0 (Windows NT 10.0; Win64; x64) AppleWebKit/537.36 (KHTML, like Gecko) Chrome/134.0.0.0 Safari/537.36 OPR/119.0.0.0"
122.116.159.135 - - [08/Jun/2025:14:27:26 -0400] "GET /manga/btooom-chapter-119/ HTTP/1.1" 304 0 "https://w3.readbtooom.com/manga/btooom-chapter-118/" "Mozilla/5.0 (Windows NT 10.0; Win64; x64) AppleWebKit/537.36 (KHTML, like Gecko) Chrome/134.0.0.0 Safari/537.36 OPR/119.0.0.0"
1.4.128.162 - - [08/Jun/2025:14:27:29 -0400] "GET /manga/btooom-chapter-46/ HTTP/1.1" 200 33149 "https://w3.readbtooom.com/manga/btooom-chapter-42/" "Mozilla/5.0 (Linux; Android 10; K) AppleWebKit/537.36 (KHTML, like Gecko) Chrome/137.0.0.0 Mobile Safari/537.36"
1.4.128.162 - - [08/Jun/2025:14:27:30 -0400] "GET /manga/btooom-chapter-46/ HTTP/1.1" 304 0 "https://w3.readbtooom.com/manga/btooom-chapter-42/" "Mozilla/5.0 (Linux; Android 10; K) AppleWebKit/537.36 (KHTML, like Gecko) Chrome/137.0.0.0 Mobile Safari/537.36"
162.0.232.193 - - [08/Jun/2025:14:27:31 -0400] "POST /wp-cron.php?doing_wp_cron=1749407251.2435410022735595703125 HTTP/1.1" 200 0 "-" "WordPress/6.4.5; https://w3.readbtooom.com"
1.4.128.162 - - [08/Jun/2025:14:27:30 -0400] "POST /wp-admin/admin-ajax.php HTTP/1.1" 200 69 "https://w3.readbtooom.com/manga/btooom-chapter-46/" "Mozilla/5.0 (Linux; Android 10; K) AppleWebKit/537.36 (KHTML, like Gecko) Chrome/137.0.0.0 Mobile Safari/537.36"
124.246.127.105 - - [08/Jun/2025:14:28:07 -0400] "GET /manga/btooom-chapter-74/ HTTP/1.1" 200 32879 "https://w3.readbtooom.com/manga/btooom-chapter-73/" "Mozilla/5.0 (X11; CrOS x86_64 14541.0.0) AppleWebKit/537.36 (KHTML, like Gecko) Chrome/136.0.0.0 Safari/537.36"
124.246.127.105 - - [08/Jun/2025:14:28:08 -0400] "GET /manga/btooom-chapter-74/ HTTP/1.1" 304 0 "https://w3.readbtooom.com/manga/btooom-chapter-73/" "Mozilla/5.0 (X11; CrOS x86_64 14541.0.0) AppleWebKit/537.36 (KHTML, like Gecko) Chrome/136.0.0.0 Safari/537.36"
66.249.64.129 - - [08/Jun/2025:14:28:23 -0400] "GET /manga/btooom-chapter-57/ HTTP/1.1" 200 29627 "-" "Mozilla/5.0 (Linux; Android 6.0.1; Nexus 5X Build/MMB29P) AppleWebKit/537.36 (KHTML, like Gecko) Chrome/136.0.7103.113 Mobile Safari/537.36 (compatible; Googlebot/2.1; +http://www.google.com/bot.html)"
1.4.128.162 - - [08/Jun/2025:14:29:09 -0400] "GET /manga/btooom-chapter-43/ HTTP/1.1" 200 29387 "https://w3.readbtooom.com/manga/btooom-chapter-46/" "Mozilla/5.0 (Linux; Android 10; K) AppleWebKit/537.36 (KHTML, like Gecko) Chrome/137.0.0.0 Mobile Safari/537.36"
1.4.128.162 - - [08/Jun/2025:14:29:10 -0400] "GET /manga/btooom-chapter-43/ HTTP/1.1" 304 0 "https://w3.readbtooom.com/manga/btooom-chapter-46/" "Mozilla/5.0 (Linux; Android 10; K) AppleWebKit/537.36 (KHTML, like Gecko) Chrome/137.0.0.0 Mobile Safari/537.36"
1.4.128.162 - - [08/Jun/2025:14:30:06 -0400] "GET /manga/btooom-chapter-44/ HTTP/1.1" 200 29494 "https://w3.readbtooom.com/manga/btooom-chapter-43/" "Mozilla/5.0 (Linux; Android 10; K) AppleWebKit/537.36 (KHTML, like Gecko) Chrome/137.0.0.0 Mobile Safari/537.36"
1.4.128.162 - - [08/Jun/2025:14:30:06 -0400] "GET /manga/btooom-chapter-44/ HTTP/1.1" 304 0 "https://w3.readbtooom.com/manga/btooom-chapter-43/" "Mozilla/5.0 (Linux; Android 10; K) AppleWebKit/537.36 (KHTML, like Gecko) Chrome/137.0.0.0 Mobile Safari/537.36"
2a00:1eb8:c07f:a63c:8868:c4fa:8b60:3aec - - [08/Jun/2025:14:30:34 -0400] "GET /manga/btooom-chapter-75/ HTTP/1.1" 200 29669 "https://www.google.com/" "Mozilla/5.0 (Linux; Android 10; K) AppleWebKit/537.36 (KHTML, like Gecko) Chrome/137.0.0.0 Safari/537.36"
1.4.128.162 - - [08/Jun/2025:14:30:41 -0400] "GET /manga/btooom-chapter-45/ HTTP/1.1" 200 31075 "https://w3.readbtooom.com/manga/btooom-chapter-44/" "Mozilla/5.0 (Linux; Android 10; K) AppleWebKit/537.36 (KHTML, like Gecko) Chrome/137.0.0.0 Mobile Safari/537.36"
1.4.128.162 - - [08/Jun/2025:14:30:42 -0400] "GET /manga/btooom-chapter-45/ HTTP/1.1" 304 0 "https://w3.readbtooom.com/manga/btooom-chapter-44/" "Mozilla/5.0 (Linux; Android 10; K) AppleWebKit/537.36 (KHTML, like Gecko) Chrome/137.0.0.0 Mobile Safari/537.36"
2a00:1eb8:c07f:a63c:8868:c4fa:8b60:3aec - - [08/Jun/2025:14:30:43 -0400] "GET /wp-content/uploads/2021/11/cropped-190036-192x192.png HTTP/1.1" 200 46224 "https://w3.readbtooom.com/manga/btooom-chapter-75/" "Mozilla/5.0 (Linux; Android 10; K) AppleWebKit/537.36 (KHTML, like Gecko) Chrome/137.0.0.0 Safari/537.36"
162.0.232.193 - - [08/Jun/2025:14:30:44 -0400] "POST /wp-cron.php?doing_wp_cron=1749407444.3392291069030761718750 HTTP/1.1" 200 0 "-" "WordPress/6.4.5; https://w3.readbtooom.com"
1.4.128.162 - - [08/Jun/2025:14:30:42 -0400] "POST /wp-admin/admin-ajax.php HTTP/1.1" 200 69 "https://w3.readbtooom.com/manga/btooom-chapter-45/" "Mozilla/5.0 (Linux; Android 10; K) AppleWebKit/537.36 (KHTML, like Gecko) Chrome/137.0.0.0 Mobile Safari/537.36"
109.81.1.37 - - [08/Jun/2025:14:30:53 -0400] "GET / HTTP/1.1" 304 0 "https://w3.readbtooom.com/" "Mozilla/5.0 (Linux; Android 10; K) AppleWebKit/537.36 (KHTML, like Gecko) Chrome/133.0.0.0 Mobile Safari/537.36"
109.81.1.37 - - [08/Jun/2025:14:30:54 -0400] "GET /manga/btooom-chapter-59/ HTTP/1.1" 200 30075 "https://w3.readbtooom.com/manga/btooom-chapter-58/" "Mozilla/5.0 (Linux; Android 10; K) AppleWebKit/537.36 (KHTML, like Gecko) Chrome/133.0.0.0 Mobile Safari/537.36"
109.81.1.37 - - [08/Jun/2025:14:30:54 -0400] "GET /manga/btooom-chapter-59/ HTTP/1.1" 304 0 "https://w3.readbtooom.com/manga/btooom-chapter-58/" "Mozilla/5.0 (Linux; Android 10; K) AppleWebKit/537.36 (KHTML, like Gecko) Chrome/133.0.0.0 Mobile Safari/537.36"
1.4.128.162 - - [08/Jun/2025:14:31:18 -0400] "GET /manga/btooom-chapter-47/ HTTP/1.1" 200 30366 "https://w3.readbtooom.com/manga/btooom-chapter-45/" "Mozilla/5.0 (Linux; Android 10; K) AppleWebKit/537.36 (KHTML, like Gecko) Chrome/137.0.0.0 Mobile Safari/537.36"
1.4.128.162 - - [08/Jun/2025:14:31:19 -0400] "GET /manga/btooom-chapter-47/ HTTP/1.1" 304 0 "https://w3.readbtooom.com/manga/btooom-chapter-45/" "Mozilla/5.0 (Linux; Android 10; K) AppleWebKit/537.36 (KHTML, like Gecko) Chrome/137.0.0.0 Mobile Safari/537.36"
1.4.128.162 - - [08/Jun/2025:14:32:00 -0400] "GET /manga/btooom-chapter-48/ HTTP/1.1" 200 31323 "https://w3.readbtooom.com/manga/btooom-chapter-47/" "Mozilla/5.0 (Linux; Android 10; K) AppleWebKit/537.36 (KHTML, like Gecko) Chrome/137.0.0.0 Mobile Safari/537.36"
1.4.128.162 - - [08/Jun/2025:14:32:00 -0400] "GET /manga/btooom-chapter-48/ HTTP/1.1" 304 0 "https://w3.readbtooom.com/manga/btooom-chapter-47/" "Mozilla/5.0 (Linux; Android 10; K) AppleWebKit/537.36 (KHTML, like Gecko) Chrome/137.0.0.0 Mobile Safari/537.36"
2a04:4e41:5e00:3c7d::657d:bc7d - - [08/Jun/2025:14:32:03 -0400] "GET /manga/btooom-chapter-98/ HTTP/1.1" 200 32183 "https://w3.readbtooom.com/manga/btooom-chapter-97/" "Mozilla/5.0 (iPhone; CPU iPhone OS 18_5 like Mac OS X) AppleWebKit/605.1.15 (KHTML, like Gecko) Version/18.5 Mobile/15E148 Safari/604.1"
124.246.127.105 - - [08/Jun/2025:14:32:12 -0400] "GET /manga/btooom-chapter-75/ HTTP/1.1" 200 29669 "https://w3.readbtooom.com/manga/btooom-chapter-74/" "Mozilla/5.0 (X11; CrOS x86_64 14541.0.0) AppleWebKit/537.36 (KHTML, like Gecko) Chrome/136.0.0.0 Safari/537.36"
124.246.127.105 - - [08/Jun/2025:14:32:12 -0400] "GET /manga/btooom-chapter-75/ HTTP/1.1" 304 0 "https://w3.readbtooom.com/manga/btooom-chapter-74/" "Mozilla/5.0 (X11; CrOS x86_64 14541.0.0) AppleWebKit/537.36 (KHTML, like Gecko) Chrome/136.0.0.0 Safari/537.36"
40.80.242.63 - - [08/Jun/2025:14:32:13 -0400] "GET /manga/btooom-chapter-75/ HTTP/1.1" 200 29669 "-" "DuckAssistBot/1.2; (+http://duckduckgo.com/duckassistbot.html)"
51.107.40.209 - - [08/Jun/2025:14:32:14 -0400] "GET /manga/btooom-chapter-75/ HTTP/1.1" 200 29669 "-" "DuckAssistBot/1.2; (+http://duckduckgo.com/duckassistbot.html)"
20.191.45.212 - - [08/Jun/2025:14:32:16 -0400] "GET / HTTP/1.1" 200 18608 "https://w3.readbtooom.com/" "DuckDuckBot/1.1; (+http://duckduckgo.com/duckduckbot.html)"
162.0.232.193 - - [08/Jun/2025:14:32:17 -0400] "POST /wp-cron.php?doing_wp_cron=1749407537.6436469554901123046875 HTTP/1.1" 200 0 "-" "WordPress/6.4.5; https://w3.readbtooom.com"
20.191.45.212 - - [08/Jun/2025:14:32:18 -0400] "GET / HTTP/1.1" 200 18608 "https://w3.readbtooom.com/" "DuckDuckBot/1.1; (+http://duckduckgo.com/duckduckbot.html)"
2403:6200:88a1:2bea:fd64:66e1:ca3c:e068 - - [08/Jun/2025:14:32:23 -0400] "GET /manga/btooom-chapter-65/ HTTP/1.1" 200 30834 "https://www.google.com/" "Mozilla/5.0 (iPhone; CPU iPhone OS 18_5 like Mac OS X) AppleWebKit/605.1.15 (KHTML, like Gecko) Version/18.5 Mobile/15E148 Safari/604.1"
1.4.128.162 - - [08/Jun/2025:14:32:38 -0400] "GET /manga/btooom-chapter-49/ HTTP/1.1" 200 29810 "https://w3.readbtooom.com/manga/btooom-chapter-48/" "Mozilla/5.0 (Linux; Android 10; K) AppleWebKit/537.36 (KHTML, like Gecko) Chrome/137.0.0.0 Mobile Safari/537.36"
1.4.128.162 - - [08/Jun/2025:14:32:38 -0400] "GET /manga/btooom-chapter-49/ HTTP/1.1" 304 0 "https://w3.readbtooom.com/manga/btooom-chapter-48/" "Mozilla/5.0 (Linux; Android 10; K) AppleWebKit/537.36 (KHTML, like Gecko) Chrome/137.0.0.0 Mobile Safari/537.36"
196.217.138.25 - - [08/Jun/2025:14:33:15 -0400] "GET /manga/btooom-chapter-73/ HTTP/1.1" 304 0 "https://w3.readbtooom.com/manga/btooom-chapter-74/" "Mozilla/5.0 (Linux; Android 10; K) AppleWebKit/537.36 (KHTML, like Gecko) Chrome/137.0.0.0 Mobile Safari/537.36"
1.4.128.162 - - [08/Jun/2025:14:33:25 -0400] "GET /manga/btooom-chapter-50/ HTTP/1.1" 200 32683 "https://w3.readbtooom.com/manga/btooom-chapter-49/" "Mozilla/5.0 (Linux; Android 10; K) AppleWebKit/537.36 (KHTML, like Gecko) Chrome/137.0.0.0 Mobile Safari/537.36"
1.4.128.162 - - [08/Jun/2025:14:33:26 -0400] "GET /manga/btooom-chapter-50/ HTTP/1.1" 304 0 "https://w3.readbtooom.com/manga/btooom-chapter-49/" "Mozilla/5.0 (Linux; Android 10; K) AppleWebKit/537.36 (KHTML, like Gecko) Chrome/137.0.0.0 Mobile Safari/537.36"
1.4.128.162 - - [08/Jun/2025:14:34:03 -0400] "GET /manga/btooom-chapter-51/ HTTP/1.1" 200 30217 "https://w3.readbtooom.com/manga/btooom-chapter-50/" "Mozilla/5.0 (Linux; Android 10; K) AppleWebKit/537.36 (KHTML, like Gecko) Chrome/137.0.0.0 Mobile Safari/537.36"
1.4.128.162 - - [08/Jun/2025:14:34:03 -0400] "GET /manga/btooom-chapter-51/ HTTP/1.1" 304 0 "https://w3.readbtooom.com/manga/btooom-chapter-50/" "Mozilla/5.0 (Linux; Android 10; K) AppleWebKit/537.36 (KHTML, like Gecko) Chrome/137.0.0.0 Mobile Safari/537.36"
1.4.128.162 - - [08/Jun/2025:14:34:23 -0400] "GET /manga/btooom-chapter-50/ HTTP/1.1" 304 0 "https://w3.readbtooom.com/manga/btooom-chapter-51/" "Mozilla/5.0 (Linux; Android 10; K) AppleWebKit/537.36 (KHTML, like Gecko) Chrome/137.0.0.0 Mobile Safari/537.36"
1.4.128.162 - - [08/Jun/2025:14:34:25 -0400] "GET /manga/btooom-chapter-54/ HTTP/1.1" 200 32362 "https://w3.readbtooom.com/manga/btooom-chapter-51/" "Mozilla/5.0 (Linux; Android 10; K) AppleWebKit/537.36 (KHTML, like Gecko) Chrome/137.0.0.0 Mobile Safari/537.36"
1.4.128.162 - - [08/Jun/2025:14:34:25 -0400] "GET /manga/btooom-chapter-54/ HTTP/1.1" 304 0 "https://w3.readbtooom.com/manga/btooom-chapter-51/" "Mozilla/5.0 (Linux; Android 10; K) AppleWebKit/537.36 (KHTML, like Gecko) Chrome/137.0.0.0 Mobile Safari/537.36"
162.0.232.193 - - [08/Jun/2025:14:34:28 -0400] "POST /wp-cron.php?doing_wp_cron=1749407667.9710710048675537109375 HTTP/1.1" 200 0 "-" "WordPress/6.4.5; https://w3.readbtooom.com"
1.4.128.162 - - [08/Jun/2025:14:34:26 -0400] "POST /wp-admin/admin-ajax.php HTTP/1.1" 200 69 "https://w3.readbtooom.com/manga/btooom-chapter-54/" "Mozilla/5.0 (Linux; Android 10; K) AppleWebKit/537.36 (KHTML, like Gecko) Chrome/137.0.0.0 Mobile Safari/537.36"
2001:569:5859:7b00:9d9c:9148:b9bc:ff62 - - [08/Jun/2025:14:35:15 -0400] "GET /manga/btooom-chapter-6/ HTTP/1.1" 200 24741 "https://w3.readbtooom.com/manga/btooom-chapter-5/" "Mozilla/5.0 (iPhone; CPU iPhone OS 18_5 like Mac OS X) AppleWebKit/605.1.15 (KHTML, like Gecko) Version/18.5 Mobile/15E148 Safari/604.1"
124.246.127.105 - - [08/Jun/2025:14:35:21 -0400] "GET /manga/btooom-chapter-76/ HTTP/1.1" 200 29571 "https://w3.readbtooom.com/manga/btooom-chapter-75/" "Mozilla/5.0 (X11; CrOS x86_64 14541.0.0) AppleWebKit/537.36 (KHTML, like Gecko) Chrome/136.0.0.0 Safari/537.36"
124.246.127.105 - - [08/Jun/2025:14:35:22 -0400] "GET /manga/btooom-chapter-76/ HTTP/1.1" 304 0 "https://w3.readbtooom.com/manga/btooom-chapter-75/" "Mozilla/5.0 (X11; CrOS x86_64 14541.0.0) AppleWebKit/537.36 (KHTML, like Gecko) Chrome/136.0.0.0 Safari/537.36"
162.0.232.193 - - [08/Jun/2025:14:36:06 -0400] "POST /wp-cron.php?doing_wp_cron=1749407766.3045361042022705078125 HTTP/1.1" 200 0 "-" "WordPress/6.4.5; https://w3.readbtooom.com"
170.106.163.48 - - [08/Jun/2025:14:36:04 -0400] "GET /manga/btooom-chapter-78/embed/ HTTP/1.1" 200 6270 "-" "Mozilla/5.0 (iPhone; CPU iPhone OS 13_2_3 like Mac OS X) AppleWebKit/605.1.15 (KHTML, like Gecko) Version/13.0.3 Mobile/15E148 Safari/604.1"
2a00:1eb8:c07f:a63c:8868:c4fa:8b60:3aec - - [08/Jun/2025:14:36:12 -0400] "GET /manga/btooom-chapter-76/ HTTP/1.1" 200 29571 "https://w3.readbtooom.com/manga/btooom-chapter-75/" "Mozilla/5.0 (Linux; Android 10; K) AppleWebKit/537.36 (KHTML, like Gecko) Chrome/137.0.0.0 Safari/537.36"
2a00:1eb8:c07f:a63c:8868:c4fa:8b60:3aec - - [08/Jun/2025:14:36:13 -0400] "GET /manga/btooom-chapter-76/ HTTP/1.1" 304 0 "https://w3.readbtooom.com/manga/btooom-chapter-75/" "Mozilla/5.0 (Linux; Android 10; K) AppleWebKit/537.36 (KHTML, like Gecko) Chrome/137.0.0.0 Safari/537.36"
2a04:4e41:5e00:38e8::382b:b8e8 - - [08/Jun/2025:14:36:27 -0400] "GET /manga/btooom-chapter-99/ HTTP/1.1" 200 30187 "https://w3.readbtooom.com/manga/btooom-chapter-98/" "Mozilla/5.0 (iPhone; CPU iPhone OS 18_5 like Mac OS X) AppleWebKit/605.1.15 (KHTML, like Gecko) Version/18.5 Mobile/15E148 Safari/604.1"
2a04:4e41:5e00:38e8::382b:b8e8 - - [08/Jun/2025:14:36:28 -0400] "POST /wp-admin/admin-ajax.php HTTP/1.1" 200 69 "https://w3.readbtooom.com/manga/btooom-chapter-99/" "Mozilla/5.0 (iPhone; CPU iPhone OS 18_5 like Mac OS X) AppleWebKit/605.1.15 (KHTML, like Gecko) Version/18.5 Mobile/15E148 Safari/604.1"
181.127.162.63 - - [08/Jun/2025:14:36:36 -0400] "GET /manga/btooom-chapter-42/ HTTP/1.1" 200 33077 "-" "Mozilla/5.0 (iPhone; CPU iPhone OS 18_5 like Mac OS X) AppleWebKit/605.1.15 (KHTML, like Gecko) Mobile/15E148"
181.127.162.63 - - [08/Jun/2025:14:36:38 -0400] "GET /manga/btooom-chapter-42/ HTTP/1.1" 200 33077 "-" "Mozilla/5.0 (iPhone; CPU iPhone OS 18_5 like Mac OS X) AppleWebKit/605.1.15 (KHTML, like Gecko) Version/18.5 Mobile/15E148 Safari/604.1"
66.249.64.130 - - [08/Jun/2025:14:36:52 -0400] "GET /manga/btooom-chapter-70/ HTTP/1.1" 200 31897 "-" "Mozilla/5.0 (Linux; Android 6.0.1; Nexus 5X Build/MMB29P) AppleWebKit/537.36 (KHTML, like Gecko) Chrome/136.0.7103.113 Mobile Safari/537.36 (compatible; Googlebot/2.1; +http://www.google.com/bot.html)"
109.81.1.37 - - [08/Jun/2025:14:37:35 -0400] "GET /manga/btooom-chapter-60/ HTTP/1.1" 200 29571 "https://w3.readbtooom.com/manga/btooom-chapter-59/" "Mozilla/5.0 (Linux; Android 10; K) AppleWebKit/537.36 (KHTML, like Gecko) Chrome/133.0.0.0 Mobile Safari/537.36"
109.81.1.37 - - [08/Jun/2025:14:37:35 -0400] "GET /manga/btooom-chapter-60/ HTTP/1.1" 304 0 "https://w3.readbtooom.com/manga/btooom-chapter-59/" "Mozilla/5.0 (Linux; Android 10; K) AppleWebKit/537.36 (KHTML, like Gecko) Chrome/133.0.0.0 Mobile Safari/537.36"
27.55.93.219 - - [08/Jun/2025:14:37:55 -0400] "GET /manga/btooom-chapter-51/ HTTP/1.1" 200 30217 "-" "Mozilla/5.0 (iPhone; CPU iPhone OS 17_5_0 like Mac OS X) AppleWebKit/605.1.15 (KHTML, like Gecko) CriOS/136.0.7103.56 Mobile/15E148 Safari/604.1"
27.55.93.219 - - [08/Jun/2025:14:37:56 -0400] "GET /wp-content/themes/toivo-lite/fonts/genericons/genericons/Genericons.svg HTTP/1.1" 200 23714 "https://w3.readbtooom.com/manga/btooom-chapter-51/" "Mozilla/5.0 (iPhone; CPU iPhone OS 17_5_0 like Mac OS X) AppleWebKit/605.1.15 (KHTML, like Gecko) CriOS/136.0.7103.56 Mobile/15E148 Safari/604.1"
124.246.127.105 - - [08/Jun/2025:14:38:05 -0400] "GET /manga/btooom-chapter-77/ HTTP/1.1" 200 31804 "https://w3.readbtooom.com/manga/btooom-chapter-76/" "Mozilla/5.0 (X11; CrOS x86_64 14541.0.0) AppleWebKit/537.36 (KHTML, like Gecko) Chrome/136.0.0.0 Safari/537.36"
124.246.127.105 - - [08/Jun/2025:14:38:05 -0400] "GET /manga/btooom-chapter-77/ HTTP/1.1" 304 0 "https://w3.readbtooom.com/manga/btooom-chapter-76/" "Mozilla/5.0 (X11; CrOS x86_64 14541.0.0) AppleWebKit/537.36 (KHTML, like Gecko) Chrome/136.0.0.0 Safari/537.36"
162.0.232.193 - - [08/Jun/2025:14:38:07 -0400] "POST /wp-cron.php?doing_wp_cron=1749407887.2355060577392578125000 HTTP/1.1" 200 0 "-" "WordPress/6.4.5; https://w3.readbtooom.com"
124.246.127.105 - - [08/Jun/2025:14:38:05 -0400] "POST /wp-admin/admin-ajax.php HTTP/1.1" 200 69 "https://w3.readbtooom.com/manga/btooom-chapter-77/" "Mozilla/5.0 (X11; CrOS x86_64 14541.0.0) AppleWebKit/537.36 (KHTML, like Gecko) Chrome/136.0.0.0 Safari/537.36"
2a04:4e41:5e00:38e8::382b:b8e8 - - [08/Jun/2025:14:38:17 -0400] "GET /manga/btooom-chapter-100/ HTTP/1.1" 200 29574 "https://w3.readbtooom.com/manga/btooom-chapter-99/" "Mozilla/5.0 (iPhone; CPU iPhone OS 18_5 like Mac OS X) AppleWebKit/605.1.15 (KHTML, like Gecko) Version/18.5 Mobile/15E148 Safari/604.1"
162.0.232.193 - - [08/Jun/2025:14:38:38 -0400] "POST /wp-cron.php?doing_wp_cron=1749407918.1492049694061279296875 HTTP/1.1" 200 0 "-" "WordPress/6.4.5; https://w3.readbtooom.com"
2804:498:fc3d:4100:349e:58cd:2c8a:750 - - [08/Jun/2025:14:40:08 -0400] "GET /manga/btooom-chapter-75/ HTTP/1.1" 200 29669 "https://www.google.com.br/" "Mozilla/5.0 (Linux; Android 10; K) AppleWebKit/537.36 (KHTML, like Gecko) Chrome/135.0.0.0 Mobile Safari/537.36 OPR/89.0.0.0"
2804:498:fc3d:4100:349e:58cd:2c8a:750 - - [08/Jun/2025:14:40:09 -0400] "GET /wp-includes/js/jquery/jquery.min.js?ver=3.7.1 HTTP/1.1" 200 29744 "https://w3.readbtooom.com/manga/btooom-chapter-75/" "Mozilla/5.0 (Linux; Android 10; K) AppleWebKit/537.36 (KHTML, like Gecko) Chrome/135.0.0.0 Mobile Safari/537.36 OPR/89.0.0.0"
2804:498:fc3d:4100:349e:58cd:2c8a:750 - - [08/Jun/2025:14:40:10 -0400] "GET /wp-content/uploads/2021/11/btooom-lyrics.jpg HTTP/1.1" 200 115029 "https://w3.readbtooom.com/manga/btooom-chapter-75/" "Mozilla/5.0 (Linux; Android 10; K) AppleWebKit/537.36 (KHTML, like Gecko) Chrome/135.0.0.0 Mobile Safari/537.36 OPR/89.0.0.0"
2804:498:fc3d:4100:349e:58cd:2c8a:750 - - [08/Jun/2025:14:40:34 -0400] "GET /manga/btooom-chapter-115/ HTTP/1.1" 200 33874 "https://w3.readbtooom.com/manga/btooom-chapter-75/" "Mozilla/5.0 (Linux; Android 10; K) AppleWebKit/537.36 (KHTML, like Gecko) Chrome/135.0.0.0 Mobile Safari/537.36 OPR/89.0.0.0"
2804:498:fc3d:4100:349e:58cd:2c8a:750 - - [08/Jun/2025:14:40:39 -0400] "GET /manga/btooom-chapter-114/ HTTP/1.1" 200 34368 "https://w3.readbtooom.com/manga/btooom-chapter-75/" "Mozilla/5.0 (Linux; Android 10; K) AppleWebKit/537.36 (KHTML, like Gecko) Chrome/135.0.0.0 Mobile Safari/537.36 OPR/89.0.0.0"
2a04:4e41:5e00:38e8::382b:b8e8 - - [08/Jun/2025:14:40:52 -0400] "GET /manga/btooom-chapter-101/ HTTP/1.1" 200 30552 "https://w3.readbtooom.com/manga/btooom-chapter-100/" "Mozilla/5.0 (iPhone; CPU iPhone OS 18_5 like Mac OS X) AppleWebKit/605.1.15 (KHTML, like Gecko) Version/18.5 Mobile/15E148 Safari/604.1"
170.106.143.6 - - [08/Jun/2025:14:40:56 -0400] "GET / HTTP/1.1" 200 18608 "http://w3.readbtooom.com" "Mozilla/5.0 (iPhone; CPU iPhone OS 13_2_3 like Mac OS X) AppleWebKit/605.1.15 (KHTML, like Gecko) Version/13.0.3 Mobile/15E148 Safari/604.1"
162.0.232.193 - - [08/Jun/2025:14:40:58 -0400] "POST /wp-cron.php?doing_wp_cron=1749408058.6682240962982177734375 HTTP/1.1" 200 0 "-" "WordPress/6.4.5; https://w3.readbtooom.com"
2804:498:fc3d:4100:349e:58cd:2c8a:750 - - [08/Jun/2025:14:40:57 -0400] "GET /?s=1 HTTP/1.1" 200 31984 "https://w3.readbtooom.com/manga/btooom-chapter-75/" "Mozilla/5.0 (Linux; Android 10; K) AppleWebKit/537.36 (KHTML, like Gecko) Chrome/135.0.0.0 Mobile Safari/537.36 OPR/89.0.0.0"
40.77.167.38 - - [08/Jun/2025:14:41:00 -0400] "GET /sitemaps.xml HTTP/1.1" 301 0 "-" "Mozilla/5.0 AppleWebKit/537.36 (KHTML, like Gecko; compatible; bingbot/2.0; +http://www.bing.com/bingbot.htm) Chrome/116.0.1938.76 Safari/537.36"
2804:498:fc3d:4100:349e:58cd:2c8a:750 - - [08/Jun/2025:14:41:02 -0400] "GET /manga/btooom-chapter-120/ HTTP/1.1" 200 34682 "https://w3.readbtooom.com/?s=1" "Mozilla/5.0 (Linux; Android 10; K) AppleWebKit/537.36 (KHTML, like Gecko) Chrome/135.0.0.0 Mobile Safari/537.36 OPR/89.0.0.0"
124.246.127.105 - - [08/Jun/2025:14:41:04 -0400] "GET /manga/btooom-chapter-78/ HTTP/1.1" 200 32756 "https://w3.readbtooom.com/manga/btooom-chapter-77/" "Mozilla/5.0 (X11; CrOS x86_64 14541.0.0) AppleWebKit/537.36 (KHTML, like Gecko) Chrome/136.0.0.0 Safari/537.36"
124.246.127.105 - - [08/Jun/2025:14:41:04 -0400] "GET /manga/btooom-chapter-78/ HTTP/1.1" 304 0 "https://w3.readbtooom.com/manga/btooom-chapter-77/" "Mozilla/5.0 (X11; CrOS x86_64 14541.0.0) AppleWebKit/537.36 (KHTML, like Gecko) Chrome/136.0.0.0 Safari/537.36"
2804:498:fc3d:4100:349e:58cd:2c8a:750 - - [08/Jun/2025:14:41:05 -0400] "GET /manga/btooom-chapter-119/ HTTP/1.1" 200 33440 "https://w3.readbtooom.com/?s=1" "Mozilla/5.0 (Linux; Android 10; K) AppleWebKit/537.36 (KHTML, like Gecko) Chrome/135.0.0.0 Mobile Safari/537.36 OPR/89.0.0.0"
2804:498:fc3d:4100:349e:58cd:2c8a:750 - - [08/Jun/2025:14:41:07 -0400] "GET /page/14/?s=1 HTTP/1.1" 200 8885 "https://w3.readbtooom.com/?s=1" "Mozilla/5.0 (Linux; Android 10; K) AppleWebKit/537.36 (KHTML, like Gecko) Chrome/135.0.0.0 Mobile Safari/537.36 OPR/89.0.0.0"
124.246.127.105 - - [08/Jun/2025:14:41:06 -0400] "POST /wp-admin/admin-ajax.php HTTP/1.1" 200 69 "https://w3.readbtooom.com/manga/btooom-chapter-78/" "Mozilla/5.0 (X11; CrOS x86_64 14541.0.0) AppleWebKit/537.36 (KHTML, like Gecko) Chrome/136.0.0.0 Safari/537.36"
2804:498:fc3d:4100:349e:58cd:2c8a:750 - - [08/Jun/2025:14:41:17 -0400] "GET /manga/btooom-chapter-121/ HTTP/1.1" 200 54239 "https://w3.readbtooom.com/page/14/?s=1" "Mozilla/5.0 (Linux; Android 10; K) AppleWebKit/537.36 (KHTML, like Gecko) Chrome/135.0.0.0 Mobile Safari/537.36 OPR/89.0.0.0"
2804:498:fc3d:4100:349e:58cd:2c8a:750 - - [08/Jun/2025:14:41:18 -0400] "GET /manga/btooom-chapter-118/ HTTP/1.1" 200 36443 "https://w3.readbtooom.com/page/14/?s=1" "Mozilla/5.0 (Linux; Android 10; K) AppleWebKit/537.36 (KHTML, like Gecko) Chrome/135.0.0.0 Mobile Safari/537.36 OPR/89.0.0.0"
2804:498:fc3d:4100:349e:58cd:2c8a:750 - - [08/Jun/2025:14:41:20 -0400] "GET /manga/btooom-chapter-114/ HTTP/1.1" 304 0 "https://w3.readbtooom.com/page/14/?s=1" "Mozilla/5.0 (Linux; Android 10; K) AppleWebKit/537.36 (KHTML, like Gecko) Chrome/135.0.0.0 Mobile Safari/537.36 OPR/89.0.0.0"
2804:498:fc3d:4100:349e:58cd:2c8a:750 - - [08/Jun/2025:14:41:23 -0400] "GET /page/13/?s=1 HTTP/1.1" 200 21573 "https://w3.readbtooom.com/page/14/?s=1" "Mozilla/5.0 (Linux; Android 10; K) AppleWebKit/537.36 (KHTML, like Gecko) Chrome/135.0.0.0 Mobile Safari/537.36 OPR/89.0.0.0"
40.77.167.38 - - [08/Jun/2025:14:41:28 -0400] "GET / HTTP/1.1" 200 18608 "-" "Mozilla/5.0 AppleWebKit/537.36 (KHTML, like Gecko; compatible; bingbot/2.0; +http://www.bing.com/bingbot.htm) Chrome/116.0.1938.76 Safari/537.36"
2804:498:fc3d:4100:349e:58cd:2c8a:750 - - [08/Jun/2025:14:41:29 -0400] "GET /manga/btooom-chapter-4/ HTTP/1.1" 200 23490 "https://w3.readbtooom.com/page/13/?s=1" "Mozilla/5.0 (Linux; Android 10; K) AppleWebKit/537.36 (KHTML, like Gecko) Chrome/135.0.0.0 Mobile Safari/537.36 OPR/89.0.0.0"
2804:498:fc3d:4100:349e:58cd:2c8a:750 - - [08/Jun/2025:14:41:32 -0400] "GET /page/14/?s=1 HTTP/1.1" 200 8894 "https://w3.readbtooom.com/page/13/?s=1" "Mozilla/5.0 (Linux; Android 10; K) AppleWebKit/537.36 (KHTML, like Gecko) Chrome/135.0.0.0 Mobile Safari/537.36 OPR/89.0.0.0"
2804:498:fc3d:4100:349e:58cd:2c8a:750 - - [08/Jun/2025:14:41:35 -0400] "GET /privacy-policy/ HTTP/1.1" 200 12587 "https://w3.readbtooom.com/page/14/?s=1" "Mozilla/5.0 (Linux; Android 10; K) AppleWebKit/537.36 (KHTML, like Gecko) Chrome/135.0.0.0 Mobile Safari/537.36 OPR/89.0.0.0"
162.0.232.193 - - [08/Jun/2025:14:41:42 -0400] "POST /wp-cron.php?doing_wp_cron=1749408102.0777890682220458984375 HTTP/1.1" 200 0 "-" "WordPress/6.4.5; https://w3.readbtooom.com"
2804:498:fc3d:4100:349e:58cd:2c8a:750 - - [08/Jun/2025:14:41:41 -0400] "GET /page/13/?s=1 HTTP/1.1" 200 21573 "https://w3.readbtooom.com/page/14/?s=1" "Mozilla/5.0 (Linux; Android 10; K) AppleWebKit/537.36 (KHTML, like Gecko) Chrome/135.0.0.0 Mobile Safari/537.36 OPR/89.0.0.0"
2804:498:fc3d:4100:349e:58cd:2c8a:750 - - [08/Jun/2025:14:41:45 -0400] "GET /manga/btooom-chapter-121/ HTTP/1.1" 304 0 "https://w3.readbtooom.com/page/13/?s=1" "Mozilla/5.0 (Linux; Android 10; K) AppleWebKit/537.36 (KHTML, like Gecko) Chrome/135.0.0.0 Mobile Safari/537.36 OPR/89.0.0.0"
2804:498:fc3d:4100:349e:58cd:2c8a:750 - - [08/Jun/2025:14:41:46 -0400] "GET /manga/btooom-chapter-2/ HTTP/1.1" 200 24243 "https://w3.readbtooom.com/page/13/?s=1" "Mozilla/5.0 (Linux; Android 10; K) AppleWebKit/537.36 (KHTML, like Gecko) Chrome/135.0.0.0 Mobile Safari/537.36 OPR/89.0.0.0"
2804:498:fc3d:4100:349e:58cd:2c8a:750 - - [08/Jun/2025:14:41:47 -0400] "GET /manga/btooom-chapter-2/ HTTP/1.1" 304 0 "https://w3.readbtooom.com/page/13/?s=1" "Mozilla/5.0 (Linux; Android 10; K) AppleWebKit/537.36 (KHTML, like Gecko) Chrome/135.0.0.0 Mobile Safari/537.36 OPR/89.0.0.0"
162.0.232.193 - - [08/Jun/2025:14:41:48 -0400] "POST /wp-cron.php?doing_wp_cron=1749408108.4141309261322021484375 HTTP/1.1" 200 0 "-" "WordPress/6.4.5; https://w3.readbtooom.com"
2804:498:fc3d:4100:349e:58cd:2c8a:750 - - [08/Jun/2025:14:41:48 -0400] "POST /wp-admin/admin-ajax.php HTTP/1.1" 200 69 "https://w3.readbtooom.com/manga/btooom-chapter-2/" "Mozilla/5.0 (Linux; Android 10; K) AppleWebKit/537.36 (KHTML, like Gecko) Chrome/135.0.0.0 Mobile Safari/537.36 OPR/89.0.0.0"
51.104.167.19 - - [08/Jun/2025:14:42:00 -0400] "GET /robots.txt HTTP/1.1" 200 99 "https://w3.readbtooom.com/robots.txt" "DuckAssistBot/1.1; (+http://duckduckgo.com/duckassistbot.html)"
2804:498:fc3d:4100:349e:58cd:2c8a:750 - - [08/Jun/2025:14:42:20 -0400] "GET /manga/btooom-chapter-3/ HTTP/1.1" 200 22662 "https://w3.readbtooom.com/manga/btooom-chapter-2/" "Mozilla/5.0 (Linux; Android 10; K) AppleWebKit/537.36 (KHTML, like Gecko) Chrome/135.0.0.0 Mobile Safari/537.36 OPR/89.0.0.0"
2804:498:fc3d:4100:349e:58cd:2c8a:750 - - [08/Jun/2025:14:42:23 -0400] "GET /manga/btooom-chapter-3/ HTTP/1.1" 304 0 "https://w3.readbtooom.com/manga/btooom-chapter-2/" "Mozilla/5.0 (Linux; Android 10; K) AppleWebKit/537.36 (KHTML, like Gecko) Chrome/135.0.0.0 Mobile Safari/537.36 OPR/89.0.0.0"
2403:6200:8830:8ce2:6ae7:14de:38b6:b3f4 - - [08/Jun/2025:14:42:25 -0400] "GET /manga/btooom-chapter-98/ HTTP/1.1" 200 32183 "https://www.google.com/" "Mozilla/5.0 (Linux; Android 10; K) AppleWebKit/537.36 (KHTML, like Gecko) Chrome/137.0.0.0 Mobile Safari/537.36"
2804:498:fc3d:4100:349e:58cd:2c8a:750 - - [08/Jun/2025:14:42:33 -0400] "GET /manga/btooom-chapter-4/ HTTP/1.1" 304 0 "https://w3.readbtooom.com/manga/btooom-chapter-3/" "Mozilla/5.0 (Linux; Android 10; K) AppleWebKit/537.36 (KHTML, like Gecko) Chrome/135.0.0.0 Mobile Safari/537.36 OPR/89.0.0.0"
2804:498:fc3d:4100:349e:58cd:2c8a:750 - - [08/Jun/2025:14:42:35 -0400] "GET /manga/btooom-chapter-4/ HTTP/1.1" 304 0 "https://w3.readbtooom.com/manga/btooom-chapter-3/" "Mozilla/5.0 (Linux; Android 10; K) AppleWebKit/537.36 (KHTML, like Gecko) Chrome/135.0.0.0 Mobile Safari/537.36 OPR/89.0.0.0"
2804:498:fc3d:4100:349e:58cd:2c8a:750 - - [08/Jun/2025:14:42:35 -0400] "POST /wp-admin/admin-ajax.php HTTP/1.1" 200 69 "https://w3.readbtooom.com/manga/btooom-chapter-4/" "Mozilla/5.0 (Linux; Android 10; K) AppleWebKit/537.36 (KHTML, like Gecko) Chrome/135.0.0.0 Mobile Safari/537.36 OPR/89.0.0.0"
2804:498:fc3d:4100:349e:58cd:2c8a:750 - - [08/Jun/2025:14:42:58 -0400] "GET /tag/btoom/ HTTP/1.1" 301 0 "https://w3.readbtooom.com/manga/btooom-chapter-4/" "Mozilla/5.0 (Linux; Android 10; K) AppleWebKit/537.36 (KHTML, like Gecko) Chrome/135.0.0.0 Mobile Safari/537.36 OPR/89.0.0.0"
2804:498:fc3d:4100:349e:58cd:2c8a:750 - - [08/Jun/2025:14:42:59 -0400] "GET /manga/btooom-chapter-3/ HTTP/1.1" 304 0 "https://w3.readbtooom.com/manga/btooom-chapter-4/" "Mozilla/5.0 (Linux; Android 10; K) AppleWebKit/537.36 (KHTML, like Gecko) Chrome/135.0.0.0 Mobile Safari/537.36 OPR/89.0.0.0"
162.0.232.193 - - [08/Jun/2025:14:43:01 -0400] "POST /wp-cron.php?doing_wp_cron=1749408181.1907799243927001953125 HTTP/1.1" 200 0 "-" "WordPress/6.4.5; https://w3.readbtooom.com"
2804:498:fc3d:4100:349e:58cd:2c8a:750 - - [08/Jun/2025:14:43:01 -0400] "GET / HTTP/1.1" 200 18608 "https://w3.readbtooom.com/" "Mozilla/5.0 (Linux; Android 10; K) AppleWebKit/537.36 (KHTML, like Gecko) Chrome/135.0.0.0 Mobile Safari/537.36 OPR/89.0.0.0"
2804:498:fc3d:4100:349e:58cd:2c8a:750 - - [08/Jun/2025:14:43:03 -0400] "GET /manga/btooom-chapter-5/ HTTP/1.1" 200 23901 "https://w3.readbtooom.com/manga/btooom-chapter-4/" "Mozilla/5.0 (Linux; Android 10; K) AppleWebKit/537.36 (KHTML, like Gecko) Chrome/135.0.0.0 Mobile Safari/537.36 OPR/89.0.0.0"
2804:498:fc3d:4100:349e:58cd:2c8a:750 - - [08/Jun/2025:14:43:03 -0400] "GET /manga/btooom-chapter-5/ HTTP/1.1" 304 0 "https://w3.readbtooom.com/manga/btooom-chapter-4/" "Mozilla/5.0 (Linux; Android 10; K) AppleWebKit/537.36 (KHTML, like Gecko) Chrome/135.0.0.0 Mobile Safari/537.36 OPR/89.0.0.0"
2804:498:fc3d:4100:349e:58cd:2c8a:750 - - [08/Jun/2025:14:43:04 -0400] "POST /wp-admin/admin-ajax.php HTTP/1.1" 200 69 "https://w3.readbtooom.com/manga/btooom-chapter-5/" "Mozilla/5.0 (Linux; Android 10; K) AppleWebKit/537.36 (KHTML, like Gecko) Chrome/135.0.0.0 Mobile Safari/537.36 OPR/89.0.0.0"
2804:498:fc3d:4100:349e:58cd:2c8a:750 - - [08/Jun/2025:14:43:26 -0400] "GET /manga/btooom-chapter-4/ HTTP/1.1" 304 0 "https://w3.readbtooom.com/manga/btooom-chapter-5/" "Mozilla/5.0 (Linux; Android 10; K) AppleWebKit/537.36 (KHTML, like Gecko) Chrome/135.0.0.0 Mobile Safari/537.36 OPR/89.0.0.0"
2804:498:fc3d:4100:349e:58cd:2c8a:750 - - [08/Jun/2025:14:43:27 -0400] "GET /manga/btooom-chapter-6/ HTTP/1.1" 200 24741 "https://w3.readbtooom.com/manga/btooom-chapter-5/" "Mozilla/5.0 (Linux; Android 10; K) AppleWebKit/537.36 (KHTML, like Gecko) Chrome/135.0.0.0 Mobile Safari/537.36 OPR/89.0.0.0"
2804:498:fc3d:4100:349e:58cd:2c8a:750 - - [08/Jun/2025:14:43:27 -0400] "GET /manga/btooom-chapter-6/ HTTP/1.1" 304 0 "https://w3.readbtooom.com/manga/btooom-chapter-5/" "Mozilla/5.0 (Linux; Android 10; K) AppleWebKit/537.36 (KHTML, like Gecko) Chrome/135.0.0.0 Mobile Safari/537.36 OPR/89.0.0.0"
2804:498:fc3d:4100:349e:58cd:2c8a:750 - - [08/Jun/2025:14:43:52 -0400] "GET /tag/kiyoshi-taira/ HTTP/1.1" 301 0 "https://w3.readbtooom.com/manga/btooom-chapter-6/" "Mozilla/5.0 (Linux; Android 10; K) AppleWebKit/537.36 (KHTML, like Gecko) Chrome/135.0.0.0 Mobile Safari/537.36 OPR/89.0.0.0"
2804:498:fc3d:4100:349e:58cd:2c8a:750 - - [08/Jun/2025:14:43:52 -0400] "GET /manga/btooom-chapter-7/ HTTP/1.1" 200 24650 "https://w3.readbtooom.com/manga/btooom-chapter-6/" "Mozilla/5.0 (Linux; Android 10; K) AppleWebKit/537.36 (KHTML, like Gecko) Chrome/135.0.0.0 Mobile Safari/537.36 OPR/89.0.0.0"
2804:498:fc3d:4100:349e:58cd:2c8a:750 - - [08/Jun/2025:14:43:53 -0400] "GET / HTTP/1.1" 304 0 "https://w3.readbtooom.com/" "Mozilla/5.0 (Linux; Android 10; K) AppleWebKit/537.36 (KHTML, like Gecko) Chrome/135.0.0.0 Mobile Safari/537.36 OPR/89.0.0.0"
2804:498:fc3d:4100:349e:58cd:2c8a:750 - - [08/Jun/2025:14:43:53 -0400] "GET /manga/btooom-chapter-7/ HTTP/1.1" 304 0 "https://w3.readbtooom.com/manga/btooom-chapter-6/" "Mozilla/5.0 (Linux; Android 10; K) AppleWebKit/537.36 (KHTML, like Gecko) Chrome/135.0.0.0 Mobile Safari/537.36 OPR/89.0.0.0"
162.0.232.193 - - [08/Jun/2025:14:43:55 -0400] "POST /wp-cron.php?doing_wp_cron=1749408235.2669548988342285156250 HTTP/1.1" 200 0 "-" "WordPress/6.4.5; https://w3.readbtooom.com"
2804:498:fc3d:4100:349e:58cd:2c8a:750 - - [08/Jun/2025:14:43:55 -0400] "POST /wp-admin/admin-ajax.php HTTP/1.1" 200 69 "https://w3.readbtooom.com/manga/btooom-chapter-7/" "Mozilla/5.0 (Linux; Android 10; K) AppleWebKit/537.36 (KHTML, like Gecko) Chrome/135.0.0.0 Mobile Safari/537.36 OPR/89.0.0.0"
2804:498:fc3d:4100:349e:58cd:2c8a:750 - - [08/Jun/2025:14:44:36 -0400] "GET /manga/btooom-chapter-8/ HTTP/1.1" 200 23113 "https://w3.readbtooom.com/manga/btooom-chapter-7/" "Mozilla/5.0 (Linux; Android 10; K) AppleWebKit/537.36 (KHTML, like Gecko) Chrome/135.0.0.0 Mobile Safari/537.36 OPR/89.0.0.0"
2804:498:fc3d:4100:349e:58cd:2c8a:750 - - [08/Jun/2025:14:44:37 -0400] "GET /manga/btooom-chapter-8/ HTTP/1.1" 304 0 "https://w3.readbtooom.com/manga/btooom-chapter-7/" "Mozilla/5.0 (Linux; Android 10; K) AppleWebKit/537.36 (KHTML, like Gecko) Chrome/135.0.0.0 Mobile Safari/537.36 OPR/89.0.0.0"
27.55.80.180 - - [08/Jun/2025:14:44:59 -0400] "GET /manga/btooom-chapter-98/ HTTP/1.1" 200 32183 "https://www.google.com/" "Mozilla/5.0 (Linux; Android 10; K) AppleWebKit/537.36 (KHTML, like Gecko) Chrome/136.0.0.0 Mobile Safari/537.36"
2804:498:fc3d:4100:349e:58cd:2c8a:750 - - [08/Jun/2025:14:45:24 -0400] "GET / HTTP/1.1" 304 0 "https://w3.readbtooom.com/" "Mozilla/5.0 (Linux; Android 10; K) AppleWebKit/537.36 (KHTML, like Gecko) Chrome/135.0.0.0 Mobile Safari/537.36 OPR/89.0.0.0"
2804:498:fc3d:4100:349e:58cd:2c8a:750 - - [08/Jun/2025:14:45:25 -0400] "GET /manga/btooom-chapter-9/ HTTP/1.1" 200 22865 "https://w3.readbtooom.com/manga/btooom-chapter-8/" "Mozilla/5.0 (Linux; Android 10; K) AppleWebKit/537.36 (KHTML, like Gecko) Chrome/135.0.0.0 Mobile Safari/537.36 OPR/89.0.0.0"
2804:498:fc3d:4100:349e:58cd:2c8a:750 - - [08/Jun/2025:14:45:26 -0400] "GET /manga/btooom-chapter-9/ HTTP/1.1" 304 0 "https://w3.readbtooom.com/manga/btooom-chapter-8/" "Mozilla/5.0 (Linux; Android 10; K) AppleWebKit/537.36 (KHTML, like Gecko) Chrome/135.0.0.0 Mobile Safari/537.36 OPR/89.0.0.0"
162.0.232.193 - - [08/Jun/2025:14:45:35 -0400] "POST /wp-cron.php?doing_wp_cron=1749408334.9616029262542724609375 HTTP/1.1" 200 0 "-" "WordPress/6.4.5; https://w3.readbtooom.com"
43.133.14.237 - - [08/Jun/2025:14:45:33 -0400] "GET /wp-json/oembed/1.0/embed?url=https%3A%2F%2Fw3.readbtooom.com%2Fmanga%2Fbtooom-chapter-62%2F HTTP/1.1" 200 2117 "-" "Mozilla/5.0 (iPhone; CPU iPhone OS 13_2_3 like Mac OS X) AppleWebKit/605.1.15 (KHTML, like Gecko) Version/13.0.3 Mobile/15E148 Safari/604.1"
2804:498:fc3d:4100:349e:58cd:2c8a:750 - - [08/Jun/2025:14:46:05 -0400] "GET /manga/btooom-chapter-10/ HTTP/1.1" 200 22922 "https://w3.readbtooom.com/manga/btooom-chapter-9/" "Mozilla/5.0 (Linux; Android 10; K) AppleWebKit/537.36 (KHTML, like Gecko) Chrome/135.0.0.0 Mobile Safari/537.36 OPR/89.0.0.0"
27.55.80.180 - - [08/Jun/2025:14:46:05 -0400] "GET /wp-content/uploads/2021/11/btooom-lyrics.jpg HTTP/1.1" 200 115029 "https://w3.readbtooom.com/manga/btooom-chapter-98/" "Mozilla/5.0 (Linux; Android 10; K) AppleWebKit/537.36 (KHTML, like Gecko) Chrome/136.0.0.0 Mobile Safari/537.36"
2804:498:fc3d:4100:349e:58cd:2c8a:750 - - [08/Jun/2025:14:46:06 -0400] "GET /manga/btooom-chapter-10/ HTTP/1.1" 304 0 "https://w3.readbtooom.com/manga/btooom-chapter-9/" "Mozilla/5.0 (Linux; Android 10; K) AppleWebKit/537.36 (KHTML, like Gecko) Chrome/135.0.0.0 Mobile Safari/537.36 OPR/89.0.0.0"
162.0.232.193 - - [08/Jun/2025:14:46:06 -0400] "POST /wp-cron.php?doing_wp_cron=1749408366.8568799495697021484375 HTTP/1.1" 200 0 "-" "WordPress/6.4.5; https://w3.readbtooom.com"
2804:498:fc3d:4100:349e:58cd:2c8a:750 - - [08/Jun/2025:14:46:06 -0400] "POST /wp-admin/admin-ajax.php HTTP/1.1" 200 69 "https://w3.readbtooom.com/manga/btooom-chapter-10/" "Mozilla/5.0 (Linux; Android 10; K) AppleWebKit/537.36 (KHTML, like Gecko) Chrome/135.0.0.0 Mobile Safari/537.36 OPR/89.0.0.0"
2804:498:fc3d:4100:349e:58cd:2c8a:750 - - [08/Jun/2025:14:46:33 -0400] "GET /manga/btooom-chapter-11/ HTTP/1.1" 200 23271 "https://w3.readbtooom.com/manga/btooom-chapter-10/" "Mozilla/5.0 (Linux; Android 10; K) AppleWebKit/537.36 (KHTML, like Gecko) Chrome/135.0.0.0 Mobile Safari/537.36 OPR/89.0.0.0"
2804:498:fc3d:4100:349e:58cd:2c8a:750 - - [08/Jun/2025:14:46:33 -0400] "GET /manga/btooom-chapter-11/ HTTP/1.1" 304 0 "https://w3.readbtooom.com/manga/btooom-chapter-10/" "Mozilla/5.0 (Linux; Android 10; K) AppleWebKit/537.36 (KHTML, like Gecko) Chrome/135.0.0.0 Mobile Safari/537.36 OPR/89.0.0.0"
2804:498:fc3d:4100:349e:58cd:2c8a:750 - - [08/Jun/2025:14:46:34 -0400] "POST /wp-admin/admin-ajax.php HTTP/1.1" 200 69 "https://w3.readbtooom.com/manga/btooom-chapter-11/" "Mozilla/5.0 (Linux; Android 10; K) AppleWebKit/537.36 (KHTML, like Gecko) Chrome/135.0.0.0 Mobile Safari/537.36 OPR/89.0.0.0"
2804:498:fc3d:4100:349e:58cd:2c8a:750 - - [08/Jun/2025:14:46:41 -0400] "GET /manga/btooom-chapter-120-2/ HTTP/1.1" 200 32656 "https://w3.readbtooom.com/manga/btooom-chapter-11/" "Mozilla/5.0 (Linux; Android 10; K) AppleWebKit/537.36 (KHTML, like Gecko) Chrome/135.0.0.0 Mobile Safari/537.36 OPR/89.0.0.0"
2804:498:fc3d:4100:349e:58cd:2c8a:750 - - [08/Jun/2025:14:46:43 -0400] "GET /manga/btooom-chapter-12/ HTTP/1.1" 200 23647 "https://w3.readbtooom.com/manga/btooom-chapter-11/" "Mozilla/5.0 (Linux; Android 10; K) AppleWebKit/537.36 (KHTML, like Gecko) Chrome/135.0.0.0 Mobile Safari/537.36 OPR/89.0.0.0"
2804:498:fc3d:4100:349e:58cd:2c8a:750 - - [08/Jun/2025:14:46:43 -0400] "GET /manga/btooom-chapter-12/ HTTP/1.1" 304 0 "https://w3.readbtooom.com/manga/btooom-chapter-11/" "Mozilla/5.0 (Linux; Android 10; K) AppleWebKit/537.36 (KHTML, like Gecko) Chrome/135.0.0.0 Mobile Safari/537.36 OPR/89.0.0.0"
109.81.1.37 - - [08/Jun/2025:14:46:46 -0400] "GET /manga/btooom-chapter-59/ HTTP/1.1" 304 0 "https://w3.readbtooom.com/manga/btooom-chapter-60/" "Mozilla/5.0 (Linux; Android 10; K) AppleWebKit/537.36 (KHTML, like Gecko) Chrome/133.0.0.0 Mobile Safari/537.36"
109.81.1.37 - - [08/Jun/2025:14:46:46 -0400] "GET /manga/btooom-chapter-61/ HTTP/1.1" 200 31374 "https://w3.readbtooom.com/manga/btooom-chapter-60/" "Mozilla/5.0 (Linux; Android 10; K) AppleWebKit/537.36 (KHTML, like Gecko) Chrome/133.0.0.0 Mobile Safari/537.36"
109.81.1.37 - - [08/Jun/2025:14:46:47 -0400] "GET /manga/btooom-chapter-61/ HTTP/1.1" 304 0 "https://w3.readbtooom.com/manga/btooom-chapter-60/" "Mozilla/5.0 (Linux; Android 10; K) AppleWebKit/537.36 (KHTML, like Gecko) Chrome/133.0.0.0 Mobile Safari/537.36"
