2001:44c8:6512:6efc:4485:5dff:feb7:3fae - - [08/Jun/2025:10:13:06 -0400] "GET /manga/btooom-chapter-33/ HTTP/1.1" 304 0 "https://w3.readbtooom.com/manga/btooom-chapter-32/" "Mozilla/5.0 (Linux; Android 10; K) AppleWebKit/537.36 (KHTML, like Gecko) Chrome/137.0.0.0 Mobile Safari/537.36"
2001:44c8:6512:6efc:4485:5dff:feb7:3fae - - [08/Jun/2025:10:13:21 -0400] "GET /manga/btooom-chapter-34/ HTTP/1.1" 200 26817 "https://w3.readbtooom.com/manga/btooom-chapter-33/" "Mozilla/5.0 (Linux; Android 10; K) AppleWebKit/537.36 (KHTML, like Gecko) Chrome/137.0.0.0 Mobile Safari/537.36"
162.0.232.193 - - [08/Jun/2025:10:13:23 -0400] "POST /wp-cron.php?doing_wp_cron=1749392003.2592699527740478515625 HTTP/1.1" 200 0 "-" "WordPress/6.4.5; https://w3.readbtooom.com"
2001:44c8:6512:6efc:4485:5dff:feb7:3fae - - [08/Jun/2025:10:13:23 -0400] "POST /wp-admin/admin-ajax.php HTTP/1.1" 200 69 "https://w3.readbtooom.com/manga/btooom-chapter-34/" "Mozilla/5.0 (Linux; Android 10; K) AppleWebKit/537.36 (KHTML, like Gecko) Chrome/137.0.0.0 Mobile Safari/537.36"
2001:44c8:6512:6efc:4485:5dff:feb7:3fae - - [08/Jun/2025:10:13:46 -0400] "GET /manga/btooom-chapter-32/ HTTP/1.1" 304 0 "https://w3.readbtooom.com/manga/btooom-chapter-33/" "Mozilla/5.0 (Linux; Android 10; K) AppleWebKit/537.36 (KHTML, like Gecko) Chrome/137.0.0.0 Mobile Safari/537.36"
2001:44c8:6512:6efc:4485:5dff:feb7:3fae - - [08/Jun/2025:10:13:47 -0400] "GET /manga/btooom-chapter-34/ HTTP/1.1" 304 0 "https://w3.readbtooom.com/manga/btooom-chapter-33/" "Mozilla/5.0 (Linux; Android 10; K) AppleWebKit/537.36 (KHTML, like Gecko) Chrome/137.0.0.0 Mobile Safari/537.36"
162.0.232.193 - - [08/Jun/2025:10:13:47 -0400] "POST /wp-cron.php?doing_wp_cron=1749392027.6225790977478027343750 HTTP/1.1" 200 0 "-" "WordPress/6.4.5; https://w3.readbtooom.com"
2001:44c8:6512:6efc:4485:5dff:feb7:3fae - - [08/Jun/2025:10:13:47 -0400] "POST /wp-admin/admin-ajax.php HTTP/1.1" 200 69 "https://w3.readbtooom.com/manga/btooom-chapter-34/" "Mozilla/5.0 (Linux; Android 10; K) AppleWebKit/537.36 (KHTML, like Gecko) Chrome/137.0.0.0 Mobile Safari/537.36"
2001:44c8:6512:6efc:4485:5dff:feb7:3fae - - [08/Jun/2025:10:14:22 -0400] "GET /manga/btooom-chapter-34/ HTTP/1.1" 304 0 "https://w3.readbtooom.com/manga/btooom-chapter-33/" "Mozilla/5.0 (Linux; Android 10; K) AppleWebKit/537.36 (KHTML, like Gecko) Chrome/137.0.0.0 Mobile Safari/537.36"
162.0.232.193 - - [08/Jun/2025:10:14:23 -0400] "POST /wp-cron.php?doing_wp_cron=1749392063.4020519256591796875000 HTTP/1.1" 200 0 "-" "WordPress/6.4.5; https://w3.readbtooom.com"
2001:44c8:6512:6efc:4485:5dff:feb7:3fae - - [08/Jun/2025:10:14:23 -0400] "POST /wp-admin/admin-ajax.php HTTP/1.1" 200 69 "https://w3.readbtooom.com/manga/btooom-chapter-34/" "Mozilla/5.0 (Linux; Android 10; K) AppleWebKit/537.36 (KHTML, like Gecko) Chrome/137.0.0.0 Mobile Safari/537.36"
2001:44c8:6512:6efc:4485:5dff:feb7:3fae - - [08/Jun/2025:10:15:19 -0400] "GET /manga/btooom-chapter-33/ HTTP/1.1" 304 0 "https://w3.readbtooom.com/manga/btooom-chapter-34/" "Mozilla/5.0 (Linux; Android 10; K) AppleWebKit/537.36 (KHTML, like Gecko) Chrome/137.0.0.0 Mobile Safari/537.36"
2001:44c8:6512:6efc:4485:5dff:feb7:3fae - - [08/Jun/2025:10:15:19 -0400] "GET /manga/btooom-chapter-35/ HTTP/1.1" 200 30198 "https://w3.readbtooom.com/manga/btooom-chapter-34/" "Mozilla/5.0 (Linux; Android 10; K) AppleWebKit/537.36 (KHTML, like Gecko) Chrome/137.0.0.0 Mobile Safari/537.36"
2001:44c8:6512:6efc:4485:5dff:feb7:3fae - - [08/Jun/2025:10:15:20 -0400] "GET /manga/btooom-chapter-35/ HTTP/1.1" 304 0 "https://w3.readbtooom.com/manga/btooom-chapter-34/" "Mozilla/5.0 (Linux; Android 10; K) AppleWebKit/537.36 (KHTML, like Gecko) Chrome/137.0.0.0 Mobile Safari/537.36"
162.0.232.193 - - [08/Jun/2025:10:15:21 -0400] "POST /wp-cron.php?doing_wp_cron=1749392121.0148220062255859375000 HTTP/1.1" 200 0 "-" "WordPress/6.4.5; https://w3.readbtooom.com"
2001:44c8:6512:6efc:4485:5dff:feb7:3fae - - [08/Jun/2025:10:15:20 -0400] "POST /wp-admin/admin-ajax.php HTTP/1.1" 200 69 "https://w3.readbtooom.com/manga/btooom-chapter-35/" "Mozilla/5.0 (Linux; Android 10; K) AppleWebKit/537.36 (KHTML, like Gecko) Chrome/137.0.0.0 Mobile Safari/537.36"
2001:44c8:6512:6efc:4485:5dff:feb7:3fae - - [08/Jun/2025:10:15:55 -0400] "GET /manga/btooom-chapter-36/ HTTP/1.1" 200 24633 "https://w3.readbtooom.com/manga/btooom-chapter-35/" "Mozilla/5.0 (Linux; Android 10; K) AppleWebKit/537.36 (KHTML, like Gecko) Chrome/137.0.0.0 Mobile Safari/537.36"
2001:44c8:6512:6efc:4485:5dff:feb7:3fae - - [08/Jun/2025:10:15:56 -0400] "GET /manga/btooom-chapter-36/ HTTP/1.1" 304 0 "https://w3.readbtooom.com/manga/btooom-chapter-35/" "Mozilla/5.0 (Linux; Android 10; K) AppleWebKit/537.36 (KHTML, like Gecko) Chrome/137.0.0.0 Mobile Safari/537.36"
162.0.232.193 - - [08/Jun/2025:10:15:56 -0400] "POST /wp-cron.php?doing_wp_cron=1749392156.6294779777526855468750 HTTP/1.1" 200 0 "-" "WordPress/6.4.5; https://w3.readbtooom.com"
2001:44c8:6512:6efc:4485:5dff:feb7:3fae - - [08/Jun/2025:10:15:56 -0400] "POST /wp-admin/admin-ajax.php HTTP/1.1" 200 69 "https://w3.readbtooom.com/manga/btooom-chapter-36/" "Mozilla/5.0 (Linux; Android 10; K) AppleWebKit/537.36 (KHTML, like Gecko) Chrome/137.0.0.0 Mobile Safari/537.36"
2001:44c8:6512:6efc:4485:5dff:feb7:3fae - - [08/Jun/2025:10:16:14 -0400] "GET /manga/btooom-chapter-37/ HTTP/1.1" 200 24079 "https://w3.readbtooom.com/manga/btooom-chapter-36/" "Mozilla/5.0 (Linux; Android 10; K) AppleWebKit/537.36 (KHTML, like Gecko) Chrome/137.0.0.0 Mobile Safari/537.36"
2001:44c8:6512:6efc:4485:5dff:feb7:3fae - - [08/Jun/2025:10:16:14 -0400] "GET /manga/btooom-chapter-37/ HTTP/1.1" 304 0 "https://w3.readbtooom.com/manga/btooom-chapter-36/" "Mozilla/5.0 (Linux; Android 10; K) AppleWebKit/537.36 (KHTML, like Gecko) Chrome/137.0.0.0 Mobile Safari/537.36"
2001:44c8:6512:6efc:4485:5dff:feb7:3fae - - [08/Jun/2025:10:16:30 -0400] "GET / HTTP/1.1" 304 0 "https://w3.readbtooom.com/" "Mozilla/5.0 (Linux; Android 10; K) AppleWebKit/537.36 (KHTML, like Gecko) Chrome/137.0.0.0 Mobile Safari/537.36"
2001:44c8:6512:6efc:4485:5dff:feb7:3fae - - [08/Jun/2025:10:16:33 -0400] "GET /manga/btooom-chapter-38/ HTTP/1.1" 200 33321 "https://w3.readbtooom.com/manga/btooom-chapter-37/" "Mozilla/5.0 (Linux; Android 10; K) AppleWebKit/537.36 (KHTML, like Gecko) Chrome/137.0.0.0 Mobile Safari/537.36"
2001:44c8:6512:6efc:4485:5dff:feb7:3fae - - [08/Jun/2025:10:16:33 -0400] "GET /manga/btooom-chapter-38/ HTTP/1.1" 304 0 "https://w3.readbtooom.com/manga/btooom-chapter-37/" "Mozilla/5.0 (Linux; Android 10; K) AppleWebKit/537.36 (KHTML, like Gecko) Chrome/137.0.0.0 Mobile Safari/537.36"
2001:44c8:6512:6efc:4485:5dff:feb7:3fae - - [08/Jun/2025:10:16:34 -0400] "POST /wp-admin/admin-ajax.php HTTP/1.1" 200 69 "https://w3.readbtooom.com/manga/btooom-chapter-38/" "Mozilla/5.0 (Linux; Android 10; K) AppleWebKit/537.36 (KHTML, like Gecko) Chrome/137.0.0.0 Mobile Safari/537.36"
162.0.232.193 - - [08/Jun/2025:10:16:42 -0400] "POST /wp-cron.php?doing_wp_cron=1749392202.0605249404907226562500 HTTP/1.1" 200 0 "-" "WordPress/6.4.5; https://w3.readbtooom.com"
198.235.24.28 - - [08/Jun/2025:10:16:42 -0400] "GET / HTTP/1.1" 200 18608 "-" "-"
2001:44c8:6512:6efc:4485:5dff:feb7:3fae - - [08/Jun/2025:10:17:01 -0400] "GET /manga/btooom-chapter-39/ HTTP/1.1" 200 31524 "https://w3.readbtooom.com/manga/btooom-chapter-38/" "Mozilla/5.0 (Linux; Android 10; K) AppleWebKit/537.36 (KHTML, like Gecko) Chrome/137.0.0.0 Mobile Safari/537.36"
2001:44c8:6512:6efc:4485:5dff:feb7:3fae - - [08/Jun/2025:10:17:02 -0400] "GET /manga/btooom-chapter-39/ HTTP/1.1" 304 0 "https://w3.readbtooom.com/manga/btooom-chapter-38/" "Mozilla/5.0 (Linux; Android 10; K) AppleWebKit/537.36 (KHTML, like Gecko) Chrome/137.0.0.0 Mobile Safari/537.36"
162.0.232.193 - - [08/Jun/2025:10:17:02 -0400] "POST /wp-cron.php?doing_wp_cron=1749392222.6572489738464355468750 HTTP/1.1" 200 0 "-" "WordPress/6.4.5; https://w3.readbtooom.com"
2001:44c8:6512:6efc:4485:5dff:feb7:3fae - - [08/Jun/2025:10:17:02 -0400] "POST /wp-admin/admin-ajax.php HTTP/1.1" 200 69 "https://w3.readbtooom.com/manga/btooom-chapter-39/" "Mozilla/5.0 (Linux; Android 10; K) AppleWebKit/537.36 (KHTML, like Gecko) Chrome/137.0.0.0 Mobile Safari/537.36"
2001:44c8:6512:6efc:4485:5dff:feb7:3fae - - [08/Jun/2025:10:17:26 -0400] "GET /manga/btooom-chapter-40/ HTTP/1.1" 200 30214 "https://w3.readbtooom.com/manga/btooom-chapter-39/" "Mozilla/5.0 (Linux; Android 10; K) AppleWebKit/537.36 (KHTML, like Gecko) Chrome/137.0.0.0 Mobile Safari/537.36"
2001:44c8:6512:6efc:4485:5dff:feb7:3fae - - [08/Jun/2025:10:17:27 -0400] "GET /manga/btooom-chapter-40/ HTTP/1.1" 304 0 "https://w3.readbtooom.com/manga/btooom-chapter-39/" "Mozilla/5.0 (Linux; Android 10; K) AppleWebKit/537.36 (KHTML, like Gecko) Chrome/137.0.0.0 Mobile Safari/537.36"
2001:44c8:6512:6efc:4485:5dff:feb7:3fae - - [08/Jun/2025:10:17:27 -0400] "POST /wp-admin/admin-ajax.php HTTP/1.1" 200 69 "https://w3.readbtooom.com/manga/btooom-chapter-40/" "Mozilla/5.0 (Linux; Android 10; K) AppleWebKit/537.36 (KHTML, like Gecko) Chrome/137.0.0.0 Mobile Safari/537.36"
66.249.64.131 - - [08/Jun/2025:10:18:16 -0400] "GET /manga/btooom-chapter-89/ HTTP/1.1" 200 30211 "-" "Mozilla/5.0 (Linux; Android 6.0.1; Nexus 5X Build/MMB29P) AppleWebKit/537.36 (KHTML, like Gecko) Chrome/136.0.7103.113 Mobile Safari/537.36 (compatible; Googlebot/2.1; +http://www.google.com/bot.html)"
2001:44c8:6512:6efc:4485:5dff:feb7:3fae - - [08/Jun/2025:10:18:34 -0400] "GET /manga/btooom-chapter-41/ HTTP/1.1" 200 31063 "https://w3.readbtooom.com/manga/btooom-chapter-40/" "Mozilla/5.0 (Linux; Android 10; K) AppleWebKit/537.36 (KHTML, like Gecko) Chrome/137.0.0.0 Mobile Safari/537.36"
2001:44c8:6512:6efc:4485:5dff:feb7:3fae - - [08/Jun/2025:10:18:35 -0400] "GET /manga/btooom-chapter-41/ HTTP/1.1" 304 0 "https://w3.readbtooom.com/manga/btooom-chapter-40/" "Mozilla/5.0 (Linux; Android 10; K) AppleWebKit/537.36 (KHTML, like Gecko) Chrome/137.0.0.0 Mobile Safari/537.36"
162.0.232.193 - - [08/Jun/2025:10:18:36 -0400] "POST /wp-cron.php?doing_wp_cron=1749392316.1211600303649902343750 HTTP/1.1" 200 0 "-" "WordPress/6.4.5; https://w3.readbtooom.com"
2001:44c8:6512:6efc:4485:5dff:feb7:3fae - - [08/Jun/2025:10:18:36 -0400] "POST /wp-admin/admin-ajax.php HTTP/1.1" 200 69 "https://w3.readbtooom.com/manga/btooom-chapter-41/" "Mozilla/5.0 (Linux; Android 10; K) AppleWebKit/537.36 (KHTML, like Gecko) Chrome/137.0.0.0 Mobile Safari/537.36"
2001:44c8:6512:6efc:4485:5dff:feb7:3fae - - [08/Jun/2025:10:19:24 -0400] "GET /manga/btooom-chapter-42/ HTTP/1.1" 200 33502 "https://w3.readbtooom.com/manga/btooom-chapter-41/" "Mozilla/5.0 (Linux; Android 10; K) AppleWebKit/537.36 (KHTML, like Gecko) Chrome/137.0.0.0 Mobile Safari/537.36"
162.0.232.193 - - [08/Jun/2025:10:19:26 -0400] "POST /wp-cron.php?doing_wp_cron=1749392366.0102899074554443359375 HTTP/1.1" 200 0 "-" "WordPress/6.4.5; https://w3.readbtooom.com"
2001:44c8:6512:6efc:4485:5dff:feb7:3fae - - [08/Jun/2025:10:19:25 -0400] "POST /wp-admin/admin-ajax.php HTTP/1.1" 200 69 "https://w3.readbtooom.com/manga/btooom-chapter-42/" "Mozilla/5.0 (Linux; Android 10; K) AppleWebKit/537.36 (KHTML, like Gecko) Chrome/137.0.0.0 Mobile Safari/537.36"
2001:44c8:6512:6efc:4485:5dff:feb7:3fae - - [08/Jun/2025:10:19:38 -0400] "GET /manga/btooom-chapter-42/ HTTP/1.1" 304 0 "https://w3.readbtooom.com/manga/btooom-chapter-41/" "Mozilla/5.0 (Linux; Android 10; K) AppleWebKit/537.36 (KHTML, like Gecko) Chrome/137.0.0.0 Mobile Safari/537.36"
2001:44c8:6512:6efc:4485:5dff:feb7:3fae - - [08/Jun/2025:10:21:52 -0400] "GET /manga/btooom-chapter-46/ HTTP/1.1" 200 32730 "https://w3.readbtooom.com/manga/btooom-chapter-42/" "Mozilla/5.0 (Linux; Android 10; K) AppleWebKit/537.36 (KHTML, like Gecko) Chrome/137.0.0.0 Mobile Safari/537.36"
2001:44c8:6512:6efc:4485:5dff:feb7:3fae - - [08/Jun/2025:10:22:42 -0400] "GET /manga/btooom-chapter-43/ HTTP/1.1" 200 29807 "https://w3.readbtooom.com/manga/btooom-chapter-46/" "Mozilla/5.0 (Linux; Android 10; K) AppleWebKit/537.36 (KHTML, like Gecko) Chrome/137.0.0.0 Mobile Safari/537.36"
162.0.232.193 - - [08/Jun/2025:10:22:45 -0400] "POST /wp-cron.php?doing_wp_cron=1749392565.5279660224914550781250 HTTP/1.1" 200 0 "-" "WordPress/6.4.5; https://w3.readbtooom.com"
2001:44c8:6512:6efc:4485:5dff:feb7:3fae - - [08/Jun/2025:10:22:43 -0400] "POST /wp-admin/admin-ajax.php HTTP/1.1" 200 69 "https://w3.readbtooom.com/manga/btooom-chapter-43/" "Mozilla/5.0 (Linux; Android 10; K) AppleWebKit/537.36 (KHTML, like Gecko) Chrome/137.0.0.0 Mobile Safari/537.36"
2001:44c8:6512:6efc:4485:5dff:feb7:3fae - - [08/Jun/2025:10:22:53 -0400] "GET /manga/btooom-chapter-44/ HTTP/1.1" 200 29922 "https://w3.readbtooom.com/manga/btooom-chapter-43/" "Mozilla/5.0 (Linux; Android 10; K) AppleWebKit/537.36 (KHTML, like Gecko) Chrome/137.0.0.0 Mobile Safari/537.36"
162.0.232.193 - - [08/Jun/2025:10:22:54 -0400] "POST /wp-cron.php?doing_wp_cron=1749392574.0640130043029785156250 HTTP/1.1" 200 0 "-" "WordPress/6.4.5; https://w3.readbtooom.com"
2001:44c8:6512:6efc:4485:5dff:feb7:3fae - - [08/Jun/2025:10:22:53 -0400] "POST /wp-admin/admin-ajax.php HTTP/1.1" 200 69 "https://w3.readbtooom.com/manga/btooom-chapter-44/" "Mozilla/5.0 (Linux; Android 10; K) AppleWebKit/537.36 (KHTML, like Gecko) Chrome/137.0.0.0 Mobile Safari/537.36"
2001:44c8:6512:6efc:4485:5dff:feb7:3fae - - [08/Jun/2025:10:23:11 -0400] "GET /manga/btooom-chapter-44/ HTTP/1.1" 304 0 "https://w3.readbtooom.com/manga/btooom-chapter-43/" "Mozilla/5.0 (Linux; Android 10; K) AppleWebKit/537.36 (KHTML, like Gecko) Chrome/137.0.0.0 Mobile Safari/537.36"
2001:44c8:6512:6efc:4485:5dff:feb7:3fae - - [08/Jun/2025:10:23:28 -0400] "GET /manga/btooom-chapter-45/ HTTP/1.1" 200 30654 "https://w3.readbtooom.com/manga/btooom-chapter-44/" "Mozilla/5.0 (Linux; Android 10; K) AppleWebKit/537.36 (KHTML, like Gecko) Chrome/137.0.0.0 Mobile Safari/537.36"
2001:44c8:6512:6efc:4485:5dff:feb7:3fae - - [08/Jun/2025:10:23:44 -0400] "GET /manga/btooom-chapter-45/ HTTP/1.1" 304 0 "https://w3.readbtooom.com/manga/btooom-chapter-44/" "Mozilla/5.0 (Linux; Android 10; K) AppleWebKit/537.36 (KHTML, like Gecko) Chrome/137.0.0.0 Mobile Safari/537.36"
110.249.201.165 - - [08/Jun/2025:10:24:05 -0400] "GET / HTTP/1.1" 200 18608 "-" "Mozilla/5.0 (Linux; Android 5.0) AppleWebKit/537.36 (KHTML, like Gecko) Mobile Safari/537.36 (compatible; Bytespider; https://zhanzhang.toutiao.com/)"
2001:44c8:6512:6efc:4485:5dff:feb7:3fae - - [08/Jun/2025:10:25:23 -0400] "GET /manga/btooom-chapter-47/ HTTP/1.1" 200 30781 "https://w3.readbtooom.com/manga/btooom-chapter-45/" "Mozilla/5.0 (Linux; Android 10; K) AppleWebKit/537.36 (KHTML, like Gecko) Chrome/137.0.0.0 Mobile Safari/537.36"
162.0.232.193 - - [08/Jun/2025:10:25:26 -0400] "POST /wp-cron.php?doing_wp_cron=1749392726.0270531177520751953125 HTTP/1.1" 200 0 "-" "WordPress/6.4.5; https://w3.readbtooom.com"
2001:44c8:6512:6efc:4485:5dff:feb7:3fae - - [08/Jun/2025:10:25:24 -0400] "POST /wp-admin/admin-ajax.php HTTP/1.1" 200 69 "https://w3.readbtooom.com/manga/btooom-chapter-47/" "Mozilla/5.0 (Linux; Android 10; K) AppleWebKit/537.36 (KHTML, like Gecko) Chrome/137.0.0.0 Mobile Safari/537.36"
2001:44c8:6512:6efc:4485:5dff:feb7:3fae - - [08/Jun/2025:10:25:35 -0400] "GET /manga/btooom-chapter-47/ HTTP/1.1" 304 0 "https://w3.readbtooom.com/manga/btooom-chapter-45/" "Mozilla/5.0 (Linux; Android 10; K) AppleWebKit/537.36 (KHTML, like Gecko) Chrome/137.0.0.0 Mobile Safari/537.36"
162.0.232.193 - - [08/Jun/2025:10:25:37 -0400] "POST /wp-cron.php?doing_wp_cron=1749392737.0510580539703369140625 HTTP/1.1" 200 0 "-" "WordPress/6.4.5; https://w3.readbtooom.com"
2001:44c8:6512:6efc:4485:5dff:feb7:3fae - - [08/Jun/2025:10:25:36 -0400] "POST /wp-admin/admin-ajax.php HTTP/1.1" 200 69 "https://w3.readbtooom.com/manga/btooom-chapter-47/" "Mozilla/5.0 (Linux; Android 10; K) AppleWebKit/537.36 (KHTML, like Gecko) Chrome/137.0.0.0 Mobile Safari/537.36"
2a04:cec0:c019:158b:3469:fbc:f871:f884 - - [08/Jun/2025:10:25:43 -0400] "GET / HTTP/1.1" 200 18608 "https://w3.readbtooom.com/manga/btooom-chapter-76/" "Mozilla/5.0 (Macintosh; Intel Mac OS X 10_15_7) AppleWebKit/537.36 (KHTML, like Gecko) Chrome/137.0.0.0 Safari/537.36"
162.0.232.193 - - [08/Jun/2025:10:26:14 -0400] "POST /wp-cron.php?doing_wp_cron=1749392774.1879510879516601562500 HTTP/1.1" 200 0 "-" "WordPress/6.4.5; https://w3.readbtooom.com"
2001:44c8:6512:6efc:4485:5dff:feb7:3fae - - [08/Jun/2025:10:26:20 -0400] "GET / HTTP/1.1" 304 0 "https://w3.readbtooom.com/" "Mozilla/5.0 (Linux; Android 10; K) AppleWebKit/537.36 (KHTML, like Gecko) Chrome/137.0.0.0 Mobile Safari/537.36"
2001:44c8:6512:6efc:4485:5dff:feb7:3fae - - [08/Jun/2025:10:26:21 -0400] "GET /manga/btooom-chapter-48/ HTTP/1.1" 200 31324 "https://w3.readbtooom.com/manga/btooom-chapter-47/" "Mozilla/5.0 (Linux; Android 10; K) AppleWebKit/537.36 (KHTML, like Gecko) Chrome/137.0.0.0 Mobile Safari/537.36"
2001:44c8:6512:6efc:4485:5dff:feb7:3fae - - [08/Jun/2025:10:26:22 -0400] "GET /manga/btooom-chapter-48/ HTTP/1.1" 304 0 "https://w3.readbtooom.com/manga/btooom-chapter-47/" "Mozilla/5.0 (Linux; Android 10; K) AppleWebKit/537.36 (KHTML, like Gecko) Chrome/137.0.0.0 Mobile Safari/537.36"
2001:44c8:6512:6efc:4485:5dff:feb7:3fae - - [08/Jun/2025:10:27:00 -0400] "GET /manga/btooom-chapter-49/ HTTP/1.1" 200 30228 "https://w3.readbtooom.com/manga/btooom-chapter-48/" "Mozilla/5.0 (Linux; Android 10; K) AppleWebKit/537.36 (KHTML, like Gecko) Chrome/137.0.0.0 Mobile Safari/537.36"
162.0.232.193 - - [08/Jun/2025:10:27:02 -0400] "POST /wp-cron.php?doing_wp_cron=1749392822.2280631065368652343750 HTTP/1.1" 200 0 "-" "WordPress/6.4.5; https://w3.readbtooom.com"
2001:44c8:6512:6efc:4485:5dff:feb7:3fae - - [08/Jun/2025:10:27:02 -0400] "POST /wp-admin/admin-ajax.php HTTP/1.1" 200 69 "https://w3.readbtooom.com/manga/btooom-chapter-49/" "Mozilla/5.0 (Linux; Android 10; K) AppleWebKit/537.36 (KHTML, like Gecko) Chrome/137.0.0.0 Mobile Safari/537.36"
49.230.77.240 - - [08/Jun/2025:10:28:06 -0400] "GET /manga/btooom-chapter-50/ HTTP/1.1" 200 33104 "https://w3.readbtooom.com/manga/btooom-chapter-49/" "Mozilla/5.0 (Linux; Android 10; K) AppleWebKit/537.36 (KHTML, like Gecko) Chrome/137.0.0.0 Mobile Safari/537.36"
162.0.232.193 - - [08/Jun/2025:10:28:08 -0400] "POST /wp-cron.php?doing_wp_cron=1749392888.5829579830169677734375 HTTP/1.1" 200 0 "-" "WordPress/6.4.5; https://w3.readbtooom.com"
49.230.77.240 - - [08/Jun/2025:10:28:08 -0400] "POST /wp-admin/admin-ajax.php HTTP/1.1" 200 69 "https://w3.readbtooom.com/manga/btooom-chapter-50/" "Mozilla/5.0 (Linux; Android 10; K) AppleWebKit/537.36 (KHTML, like Gecko) Chrome/137.0.0.0 Mobile Safari/537.36"
162.0.232.193 - - [08/Jun/2025:10:28:38 -0400] "POST /wp-cron.php?doing_wp_cron=1749392918.8807439804077148437500 HTTP/1.1" 200 0 "-" "WordPress/6.4.5; https://w3.readbtooom.com"
49.230.77.240 - - [08/Jun/2025:10:29:31 -0400] "GET /manga/btooom-chapter-49/ HTTP/1.1" 304 0 "https://w3.readbtooom.com/manga/btooom-chapter-50/" "Mozilla/5.0 (Linux; Android 10; K) AppleWebKit/537.36 (KHTML, like Gecko) Chrome/137.0.0.0 Mobile Safari/537.36"
49.230.77.240 - - [08/Jun/2025:10:29:31 -0400] "GET / HTTP/1.1" 304 0 "https://w3.readbtooom.com/" "Mozilla/5.0 (Linux; Android 10; K) AppleWebKit/537.36 (KHTML, like Gecko) Chrome/137.0.0.0 Mobile Safari/537.36"
49.230.77.240 - - [08/Jun/2025:10:29:31 -0400] "GET /manga/btooom-chapter-51/ HTTP/1.1" 200 30217 "https://w3.readbtooom.com/manga/btooom-chapter-50/" "Mozilla/5.0 (Linux; Android 10; K) AppleWebKit/537.36 (KHTML, like Gecko) Chrome/137.0.0.0 Mobile Safari/537.36"
49.230.77.240 - - [08/Jun/2025:10:29:32 -0400] "GET /manga/btooom-chapter-51/ HTTP/1.1" 304 0 "https://w3.readbtooom.com/manga/btooom-chapter-50/" "Mozilla/5.0 (Linux; Android 10; K) AppleWebKit/537.36 (KHTML, like Gecko) Chrome/137.0.0.0 Mobile Safari/537.36"
162.0.232.193 - - [08/Jun/2025:10:29:45 -0400] "POST /wp-cron.php?doing_wp_cron=1749392985.6444079875946044921875 HTTP/1.1" 200 0 "-" "WordPress/6.4.5; https://w3.readbtooom.com"
162.0.232.193 - - [08/Jun/2025:10:30:48 -0400] "POST /wp-cron.php?doing_wp_cron=1749393048.0632400512695312500000 HTTP/1.1" 200 0 "-" "WordPress/6.4.5; https://w3.readbtooom.com"
49.230.77.240 - - [08/Jun/2025:10:30:52 -0400] "GET /manga/btooom-chapter-50/ HTTP/1.1" 304 0 "https://w3.readbtooom.com/manga/btooom-chapter-51/" "Mozilla/5.0 (Linux; Android 10; K) AppleWebKit/537.36 (KHTML, like Gecko) Chrome/137.0.0.0 Mobile Safari/537.36"
49.230.77.240 - - [08/Jun/2025:10:30:52 -0400] "POST /wp-admin/admin-ajax.php HTTP/1.1" 200 69 "https://w3.readbtooom.com/manga/btooom-chapter-50/" "Mozilla/5.0 (Linux; Android 10; K) AppleWebKit/537.36 (KHTML, like Gecko) Chrome/137.0.0.0 Mobile Safari/537.36"
49.230.77.240 - - [08/Jun/2025:10:31:24 -0400] "GET /manga/btooom-chapter-51/ HTTP/1.1" 304 0 "https://w3.readbtooom.com/manga/btooom-chapter-50/" "Mozilla/5.0 (Linux; Android 10; K) AppleWebKit/537.36 (KHTML, like Gecko) Chrome/137.0.0.0 Mobile Safari/537.36"
49.230.77.240 - - [08/Jun/2025:10:31:38 -0400] "GET /manga/btooom-chapter-54/ HTTP/1.1" 200 31940 "https://w3.readbtooom.com/manga/btooom-chapter-51/" "Mozilla/5.0 (Linux; Android 10; K) AppleWebKit/537.36 (KHTML, like Gecko) Chrome/137.0.0.0 Mobile Safari/537.36"
2a04:cec0:c019:158b:3469:fbc:f871:f884 - - [08/Jun/2025:10:32:01 -0400] "GET /tag/kiyoshi-taira/ HTTP/1.1" 301 0 "https://w3.readbtooom.com/manga/btooom-chapter-76/" "Mozilla/5.0 (Macintosh; Intel Mac OS X 10_15_7) AppleWebKit/537.36 (KHTML, like Gecko) Chrome/137.0.0.0 Safari/537.36"
162.0.232.193 - - [08/Jun/2025:10:32:03 -0400] "POST /wp-cron.php?doing_wp_cron=1749393122.8789100646972656250000 HTTP/1.1" 200 0 "-" "WordPress/6.4.5; https://w3.readbtooom.com"
2a04:cec0:c019:158b:3469:fbc:f871:f884 - - [08/Jun/2025:10:32:03 -0400] "GET /manga/btooom-chapter-77/ HTTP/1.1" 200 31385 "https://w3.readbtooom.com/manga/btooom-chapter-76/" "Mozilla/5.0 (Macintosh; Intel Mac OS X 10_15_7) AppleWebKit/537.36 (KHTML, like Gecko) Chrome/137.0.0.0 Safari/537.36"
2a04:cec0:c019:158b:3469:fbc:f871:f884 - - [08/Jun/2025:10:32:03 -0400] "GET / HTTP/1.1" 304 0 "https://w3.readbtooom.com/" "Mozilla/5.0 (Macintosh; Intel Mac OS X 10_15_7) AppleWebKit/537.36 (KHTML, like Gecko) Chrome/137.0.0.0 Safari/537.36"
2a04:cec0:c019:158b:3469:fbc:f871:f884 - - [08/Jun/2025:10:32:05 -0400] "GET /manga/btooom-chapter-77/ HTTP/1.1" 304 0 "https://w3.readbtooom.com/manga/btooom-chapter-76/" "Mozilla/5.0 (Macintosh; Intel Mac OS X 10_15_7) AppleWebKit/537.36 (KHTML, like Gecko) Chrome/137.0.0.0 Safari/537.36"
2a04:cec0:c019:158b:3469:fbc:f871:f884 - - [08/Jun/2025:10:32:24 -0400] "POST /wp-admin/admin-ajax.php HTTP/1.1" 200 69 "https://w3.readbtooom.com/manga/btooom-chapter-76/" "Mozilla/5.0 (Macintosh; Intel Mac OS X 10_15_7) AppleWebKit/537.36 (KHTML, like Gecko) Chrome/137.0.0.0 Safari/537.36"
49.230.77.240 - - [08/Jun/2025:10:32:35 -0400] "GET /manga/btooom-chapter-52/ HTTP/1.1" 200 31453 "https://w3.readbtooom.com/manga/btooom-chapter-54/" "Mozilla/5.0 (Linux; Android 10; K) AppleWebKit/537.36 (KHTML, like Gecko) Chrome/137.0.0.0 Mobile Safari/537.36"
49.230.77.240 - - [08/Jun/2025:10:32:50 -0400] "GET /manga/btooom-chapter-52/ HTTP/1.1" 304 0 "https://w3.readbtooom.com/manga/btooom-chapter-54/" "Mozilla/5.0 (Linux; Android 10; K) AppleWebKit/537.36 (KHTML, like Gecko) Chrome/137.0.0.0 Mobile Safari/537.36"
162.0.232.193 - - [08/Jun/2025:10:34:19 -0400] "POST /wp-cron.php?doing_wp_cron=1749393259.4790771007537841796875 HTTP/1.1" 200 0 "-" "WordPress/6.4.5; https://w3.readbtooom.com"
162.0.232.193 - - [08/Jun/2025:10:35:40 -0400] "POST /wp-cron.php?doing_wp_cron=1749393340.0914359092712402343750 HTTP/1.1" 200 0 "-" "WordPress/6.4.5; https://w3.readbtooom.com"
49.230.77.240 - - [08/Jun/2025:10:36:46 -0400] "GET /manga/btooom-chapter-53/ HTTP/1.1" 200 29733 "https://w3.readbtooom.com/manga/btooom-chapter-52/" "Mozilla/5.0 (Linux; Android 10; K) AppleWebKit/537.36 (KHTML, like Gecko) Chrome/137.0.0.0 Mobile Safari/537.36"
49.230.77.240 - - [08/Jun/2025:10:36:46 -0400] "GET /manga/btooom-chapter-53/ HTTP/1.1" 304 0 "https://w3.readbtooom.com/manga/btooom-chapter-52/" "Mozilla/5.0 (Linux; Android 10; K) AppleWebKit/537.36 (KHTML, like Gecko) Chrome/137.0.0.0 Mobile Safari/537.36"
162.0.232.193 - - [08/Jun/2025:10:36:48 -0400] "POST /wp-cron.php?doing_wp_cron=1749393407.9657399654388427734375 HTTP/1.1" 200 0 "-" "WordPress/6.4.5; https://w3.readbtooom.com"
2001:44c8:6512:6efc:4485:5dff:feb7:3fae - - [08/Jun/2025:10:36:47 -0400] "POST /wp-admin/admin-ajax.php HTTP/1.1" 200 69 "https://w3.readbtooom.com/manga/btooom-chapter-53/" "Mozilla/5.0 (Linux; Android 10; K) AppleWebKit/537.36 (KHTML, like Gecko) Chrome/137.0.0.0 Mobile Safari/537.36"
2001:44c8:6512:6efc:4485:5dff:feb7:3fae - - [08/Jun/2025:10:37:11 -0400] "GET /manga/btooom-chapter-52/ HTTP/1.1" 200 31453 "https://w3.readbtooom.com/manga/btooom-chapter-53/" "Mozilla/5.0 (Linux; Android 10; K) AppleWebKit/537.36 (KHTML, like Gecko) Chrome/137.0.0.0 Mobile Safari/537.36"
2001:44c8:6512:6efc:4485:5dff:feb7:3fae - - [08/Jun/2025:10:37:11 -0400] "GET /manga/btooom-chapter-55/ HTTP/1.1" 200 30257 "https://w3.readbtooom.com/manga/btooom-chapter-53/" "Mozilla/5.0 (Linux; Android 10; K) AppleWebKit/537.36 (KHTML, like Gecko) Chrome/137.0.0.0 Mobile Safari/537.36"
2001:44c8:6512:6efc:4485:5dff:feb7:3fae - - [08/Jun/2025:10:37:12 -0400] "GET /manga/btooom-chapter-55/ HTTP/1.1" 304 0 "https://w3.readbtooom.com/manga/btooom-chapter-53/" "Mozilla/5.0 (Linux; Android 10; K) AppleWebKit/537.36 (KHTML, like Gecko) Chrome/137.0.0.0 Mobile Safari/537.36"
66.249.64.131 - - [08/Jun/2025:10:37:20 -0400] "GET /manga/btooom-chapter-54/ HTTP/1.1" 200 31940 "-" "Mozilla/5.0 (Linux; Android 6.0.1; Nexus 5X Build/MMB29P) AppleWebKit/537.36 (KHTML, like Gecko) Chrome/136.0.7103.113 Mobile Safari/537.36 (compatible; Googlebot/2.1; +http://www.google.com/bot.html)"
49.230.77.240 - - [08/Jun/2025:10:38:09 -0400] "GET /manga/btooom-chapter-53/ HTTP/1.1" 304 0 "https://w3.readbtooom.com/manga/btooom-chapter-55/" "Mozilla/5.0 (Linux; Android 10; K) AppleWebKit/537.36 (KHTML, like Gecko) Chrome/137.0.0.0 Mobile Safari/537.36"
2001:44c8:6512:6efc:4485:5dff:feb7:3fae - - [08/Jun/2025:10:38:11 -0400] "GET /manga/btooom-chapter-56/ HTTP/1.1" 200 30265 "https://w3.readbtooom.com/manga/btooom-chapter-55/" "Mozilla/5.0 (Linux; Android 10; K) AppleWebKit/537.36 (KHTML, like Gecko) Chrome/137.0.0.0 Mobile Safari/537.36"
2001:44c8:6512:6efc:4485:5dff:feb7:3fae - - [08/Jun/2025:10:38:11 -0400] "GET /manga/btooom-chapter-56/ HTTP/1.1" 304 0 "https://w3.readbtooom.com/manga/btooom-chapter-55/" "Mozilla/5.0 (Linux; Android 10; K) AppleWebKit/537.36 (KHTML, like Gecko) Chrome/137.0.0.0 Mobile Safari/537.36"
162.0.232.193 - - [08/Jun/2025:10:38:15 -0400] "POST /wp-cron.php?doing_wp_cron=1749393495.1175699234008789062500 HTTP/1.1" 200 0 "-" "WordPress/6.4.5; https://w3.readbtooom.com"
162.0.232.193 - - [08/Jun/2025:10:38:18 -0400] "GET /manga/btooom-chapter-15/ HTTP/1.1" 200 23765 "-" "WP Rocket/Preload"
162.0.232.193 - - [08/Jun/2025:10:38:20 -0400] "GET /manga/btooom-chapter-16/ HTTP/1.1" 200 22338 "-" "WP Rocket/Preload"
162.0.232.193 - - [08/Jun/2025:10:38:21 -0400] "GET /manga/btooom-chapter-97/ HTTP/1.1" 200 26433 "-" "WP Rocket/Preload"
162.0.232.193 - - [08/Jun/2025:10:38:22 -0400] "GET /manga/btooom-chapter-55/ HTTP/1.1" 200 26541 "-" "WP Rocket/Preload"
162.0.232.193 - - [08/Jun/2025:10:38:23 -0400] "GET /manga/btooom-chapter-104/ HTTP/1.1" 200 26639 "-" "WP Rocket/Preload"
162.0.232.193 - - [08/Jun/2025:10:38:24 -0400] "GET /manga/btooom-chapter-105/ HTTP/1.1" 200 28731 "-" "WP Rocket/Preload"
162.0.232.193 - - [08/Jun/2025:10:38:25 -0400] "GET /manga/btooom-chapter-1/ HTTP/1.1" 200 28949 "-" "WP Rocket/Preload"
162.0.232.193 - - [08/Jun/2025:10:38:26 -0400] "GET /manga/btooom-chapter-11/ HTTP/1.1" 200 22897 "-" "WP Rocket/Preload"
162.0.232.193 - - [08/Jun/2025:10:38:27 -0400] "GET /manga/btooom-chapter-14-5/ HTTP/1.1" 200 20088 "-" "WP Rocket/Preload"
162.0.232.193 - - [08/Jun/2025:10:38:28 -0400] "GET /manga/btooom-chapter-79/ HTTP/1.1" 200 26809 "-" "WP Rocket/Preload"
162.0.232.193 - - [08/Jun/2025:10:38:29 -0400] "GET /manga/btooom-chapter-4/ HTTP/1.1" 200 23033 "-" "WP Rocket/Preload"
162.0.232.193 - - [08/Jun/2025:10:38:30 -0400] "GET /manga/btooom-chapter-8/ HTTP/1.1" 200 22642 "-" "WP Rocket/Preload"
162.0.232.193 - - [08/Jun/2025:10:38:31 -0400] "GET /manga/btooom-chapter-7/ HTTP/1.1" 200 24061 "-" "WP Rocket/Preload"
162.0.232.193 - - [08/Jun/2025:10:38:32 -0400] "GET /manga/btooom-chapter-9/ HTTP/1.1" 200 22557 "-" "WP Rocket/Preload"
162.0.232.193 - - [08/Jun/2025:10:38:33 -0400] "GET /manga/btooom-chapter-116/ HTTP/1.1" 200 27885 "-" "WP Rocket/Preload"
162.0.232.193 - - [08/Jun/2025:10:38:34 -0400] "GET /manga/btooom-chapter-10/ HTTP/1.1" 200 22555 "-" "WP Rocket/Preload"
162.0.232.193 - - [08/Jun/2025:10:38:35 -0400] "GET /manga/btooom-chapter-117/ HTTP/1.1" 200 29209 "-" "WP Rocket/Preload"
162.0.232.193 - - [08/Jun/2025:10:38:36 -0400] "GET /manga/btooom-chapter-12/ HTTP/1.1" 200 23099 "-" "WP Rocket/Preload"
162.0.232.193 - - [08/Jun/2025:10:38:37 -0400] "GET /manga/btooom-chapter-13/ HTTP/1.1" 200 22976 "-" "WP Rocket/Preload"
162.0.232.193 - - [08/Jun/2025:10:38:38 -0400] "GET /manga/btooom-chapter-118/ HTTP/1.1" 200 28605 "-" "WP Rocket/Preload"
162.0.232.193 - - [08/Jun/2025:10:38:39 -0400] "GET /manga/btooom-chapter-14/ HTTP/1.1" 200 24141 "-" "WP Rocket/Preload"
2001:8f8:1c67:10ef:e58e:7c02:d1ce:3a5c - - [08/Jun/2025:10:38:44 -0400] "GET /manga/btooom-chapter-106/ HTTP/1.1" 200 33925 "https://www.google.com/" "Mozilla/5.0 (Linux; Android 10; K) AppleWebKit/537.36 (KHTML, like Gecko) Chrome/137.0.0.0 Mobile Safari/537.36"
49.230.77.240 - - [08/Jun/2025:10:38:47 -0400] "GET /manga/btooom-chapter-57/ HTTP/1.1" 200 30044 "https://w3.readbtooom.com/manga/btooom-chapter-56/" "Mozilla/5.0 (Linux; Android 10; K) AppleWebKit/537.36 (KHTML, like Gecko) Chrome/137.0.0.0 Mobile Safari/537.36"
2001:44c8:6512:6efc:4485:5dff:feb7:3fae - - [08/Jun/2025:10:38:48 -0400] "GET /manga/btooom-chapter-57/ HTTP/1.1" 304 0 "https://w3.readbtooom.com/manga/btooom-chapter-56/" "Mozilla/5.0 (Linux; Android 10; K) AppleWebKit/537.36 (KHTML, like Gecko) Chrome/137.0.0.0 Mobile Safari/537.36"
162.0.232.193 - - [08/Jun/2025:10:38:49 -0400] "POST /wp-cron.php?doing_wp_cron=1749393529.3638939857482910156250 HTTP/1.1" 200 0 "-" "WordPress/6.4.5; https://w3.readbtooom.com"
2001:44c8:6512:6efc:4485:5dff:feb7:3fae - - [08/Jun/2025:10:38:49 -0400] "POST /wp-admin/admin-ajax.php HTTP/1.1" 200 69 "https://w3.readbtooom.com/manga/btooom-chapter-57/" "Mozilla/5.0 (Linux; Android 10; K) AppleWebKit/537.36 (KHTML, like Gecko) Chrome/137.0.0.0 Mobile Safari/537.36"
2001:8f8:1c67:10ef:e58e:7c02:d1ce:3a5c - - [08/Jun/2025:10:39:04 -0400] "GET /manga/btooom-chapter-105/ HTTP/1.1" 200 36468 "https://w3.readbtooom.com/manga/btooom-chapter-106/" "Mozilla/5.0 (Linux; Android 10; K) AppleWebKit/537.36 (KHTML, like Gecko) Chrome/137.0.0.0 Mobile Safari/537.36"
2a04:cec0:c019:158b:3469:fbc:f871:f884 - - [08/Jun/2025:10:39:18 -0400] "GET /manga/btooom-chapter-76/ HTTP/1.1" 304 0 "https://w3.readbtooom.com/manga/btooom-chapter-77/" "Mozilla/5.0 (Macintosh; Intel Mac OS X 10_15_7) AppleWebKit/537.36 (KHTML, like Gecko) Chrome/137.0.0.0 Safari/537.36"
2a04:cec0:c019:158b:3469:fbc:f871:f884 - - [08/Jun/2025:10:39:20 -0400] "GET /manga/btooom-chapter-78/ HTTP/1.1" 200 32338 "https://w3.readbtooom.com/manga/btooom-chapter-77/" "Mozilla/5.0 (Macintosh; Intel Mac OS X 10_15_7) AppleWebKit/537.36 (KHTML, like Gecko) Chrome/137.0.0.0 Safari/537.36"
2a04:cec0:c019:158b:3469:fbc:f871:f884 - - [08/Jun/2025:10:39:20 -0400] "GET /manga/btooom-chapter-78/ HTTP/1.1" 304 0 "https://w3.readbtooom.com/manga/btooom-chapter-77/" "Mozilla/5.0 (Macintosh; Intel Mac OS X 10_15_7) AppleWebKit/537.36 (KHTML, like Gecko) Chrome/137.0.0.0 Safari/537.36"
2001:8f8:1c67:10ef:e58e:7c02:d1ce:3a5c - - [08/Jun/2025:10:39:32 -0400] "GET /privacy-policy/ HTTP/1.1" 200 12590 "https://w3.readbtooom.com/manga/btooom-chapter-106/" "Mozilla/5.0 (Linux; Android 10; K) AppleWebKit/537.36 (KHTML, like Gecko) Chrome/137.0.0.0 Mobile Safari/537.36"
2001:8f8:1c67:10ef:e58e:7c02:d1ce:3a5c - - [08/Jun/2025:10:39:32 -0400] "GET /manga/btooom-chapter-1/ HTTP/1.1" 200 35545 "https://w3.readbtooom.com/manga/btooom-chapter-106/" "Mozilla/5.0 (Linux; Android 10; K) AppleWebKit/537.36 (KHTML, like Gecko) Chrome/137.0.0.0 Mobile Safari/537.36"
2001:8f8:1c67:10ef:e58e:7c02:d1ce:3a5c - - [08/Jun/2025:10:39:33 -0400] "GET /manga/btooom-chapter-1/ HTTP/1.1" 304 0 "https://w3.readbtooom.com/manga/btooom-chapter-106/" "Mozilla/5.0 (Linux; Android 10; K) AppleWebKit/537.36 (KHTML, like Gecko) Chrome/137.0.0.0 Mobile Safari/537.36"
2001:8f8:1c67:10ef:e58e:7c02:d1ce:3a5c - - [08/Jun/2025:10:39:33 -0400] "POST /wp-admin/admin-ajax.php HTTP/1.1" 200 69 "https://w3.readbtooom.com/manga/btooom-chapter-1/" "Mozilla/5.0 (Linux; Android 10; K) AppleWebKit/537.36 (KHTML, like Gecko) Chrome/137.0.0.0 Mobile Safari/537.36"
2001:8f8:1c67:10ef:e58e:7c02:d1ce:3a5c - - [08/Jun/2025:10:39:37 -0400] "GET /manga/btooom-chapter-2/ HTTP/1.1" 200 23830 "https://w3.readbtooom.com/manga/btooom-chapter-1/" "Mozilla/5.0 (Linux; Android 10; K) AppleWebKit/537.36 (KHTML, like Gecko) Chrome/137.0.0.0 Mobile Safari/537.36"
2001:8f8:1c67:10ef:e58e:7c02:d1ce:3a5c - - [08/Jun/2025:10:39:40 -0400] "GET /tag/nobutaka-oda/ HTTP/1.1" 301 0 "https://w3.readbtooom.com/manga/btooom-chapter-1/" "Mozilla/5.0 (Linux; Android 10; K) AppleWebKit/537.36 (KHTML, like Gecko) Chrome/137.0.0.0 Mobile Safari/537.36"
2001:8f8:1c67:10ef:e58e:7c02:d1ce:3a5c - - [08/Jun/2025:10:39:41 -0400] "GET /manga/btooom-chapter-2/ HTTP/1.1" 304 0 "https://w3.readbtooom.com/manga/btooom-chapter-1/" "Mozilla/5.0 (Linux; Android 10; K) AppleWebKit/537.36 (KHTML, like Gecko) Chrome/137.0.0.0 Mobile Safari/537.36"
162.0.232.193 - - [08/Jun/2025:10:39:44 -0400] "POST /wp-cron.php?doing_wp_cron=1749393584.1258790493011474609375 HTTP/1.1" 200 0 "-" "WordPress/6.4.5; https://w3.readbtooom.com"
2001:8f8:1c67:10ef:e58e:7c02:d1ce:3a5c - - [08/Jun/2025:10:39:49 -0400] "GET /manga/btooom-chapter-3/ HTTP/1.1" 200 23054 "https://w3.readbtooom.com/manga/btooom-chapter-2/" "Mozilla/5.0 (Linux; Android 10; K) AppleWebKit/537.36 (KHTML, like Gecko) Chrome/137.0.0.0 Mobile Safari/537.36"
2001:8f8:1c67:10ef:e58e:7c02:d1ce:3a5c - - [08/Jun/2025:10:39:50 -0400] "GET /manga/btooom-chapter-3/ HTTP/1.1" 304 0 "https://w3.readbtooom.com/manga/btooom-chapter-2/" "Mozilla/5.0 (Linux; Android 10; K) AppleWebKit/537.36 (KHTML, like Gecko) Chrome/137.0.0.0 Mobile Safari/537.36"
162.0.232.193 - - [08/Jun/2025:10:39:50 -0400] "POST /wp-cron.php?doing_wp_cron=1749393590.6836700439453125000000 HTTP/1.1" 200 0 "-" "WordPress/6.4.5; https://w3.readbtooom.com"
2001:8f8:1c67:10ef:e58e:7c02:d1ce:3a5c - - [08/Jun/2025:10:39:50 -0400] "POST /wp-admin/admin-ajax.php HTTP/1.1" 200 69 "https://w3.readbtooom.com/manga/btooom-chapter-3/" "Mozilla/5.0 (Linux; Android 10; K) AppleWebKit/537.36 (KHTML, like Gecko) Chrome/137.0.0.0 Mobile Safari/537.36"
2001:8f8:1c67:10ef:e58e:7c02:d1ce:3a5c - - [08/Jun/2025:10:39:58 -0400] "GET /manga/btooom-chapter-2/ HTTP/1.1" 304 0 "https://w3.readbtooom.com/manga/btooom-chapter-3/" "Mozilla/5.0 (Linux; Android 10; K) AppleWebKit/537.36 (KHTML, like Gecko) Chrome/137.0.0.0 Mobile Safari/537.36"
2001:8f8:1c67:10ef:e58e:7c02:d1ce:3a5c - - [08/Jun/2025:10:39:59 -0400] "GET /manga/btooom-chapter-4/ HTTP/1.1" 200 23490 "https://w3.readbtooom.com/manga/btooom-chapter-3/" "Mozilla/5.0 (Linux; Android 10; K) AppleWebKit/537.36 (KHTML, like Gecko) Chrome/137.0.0.0 Mobile Safari/537.36"
2001:8f8:1c67:10ef:e58e:7c02:d1ce:3a5c - - [08/Jun/2025:10:40:00 -0400] "GET /manga/btooom-chapter-4/ HTTP/1.1" 304 0 "https://w3.readbtooom.com/manga/btooom-chapter-3/" "Mozilla/5.0 (Linux; Android 10; K) AppleWebKit/537.36 (KHTML, like Gecko) Chrome/137.0.0.0 Mobile Safari/537.36"
2001:8f8:1c67:10ef:e58e:7c02:d1ce:3a5c - - [08/Jun/2025:10:40:00 -0400] "POST /wp-admin/admin-ajax.php HTTP/1.1" 200 69 "https://w3.readbtooom.com/manga/btooom-chapter-4/" "Mozilla/5.0 (Linux; Android 10; K) AppleWebKit/537.36 (KHTML, like Gecko) Chrome/137.0.0.0 Mobile Safari/537.36"
2001:8f8:1c67:10ef:e58e:7c02:d1ce:3a5c - - [08/Jun/2025:10:40:21 -0400] "GET /tag/himiko/ HTTP/1.1" 301 0 "https://w3.readbtooom.com/manga/btooom-chapter-4/" "Mozilla/5.0 (Linux; Android 10; K) AppleWebKit/537.36 (KHTML, like Gecko) Chrome/137.0.0.0 Mobile Safari/537.36"
2001:8f8:1c67:10ef:e58e:7c02:d1ce:3a5c - - [08/Jun/2025:10:40:22 -0400] "GET / HTTP/1.1" 200 18608 "https://w3.readbtooom.com/" "Mozilla/5.0 (Linux; Android 10; K) AppleWebKit/537.36 (KHTML, like Gecko) Chrome/137.0.0.0 Mobile Safari/537.36"
2001:8f8:1c67:10ef:e58e:7c02:d1ce:3a5c - - [08/Jun/2025:10:40:24 -0400] "GET /manga/btooom-chapter-5/ HTTP/1.1" 200 23500 "https://w3.readbtooom.com/manga/btooom-chapter-4/" "Mozilla/5.0 (Linux; Android 10; K) AppleWebKit/537.36 (KHTML, like Gecko) Chrome/137.0.0.0 Mobile Safari/537.36"
2001:8f8:1c67:10ef:e58e:7c02:d1ce:3a5c - - [08/Jun/2025:10:40:24 -0400] "GET /manga/btooom-chapter-5/ HTTP/1.1" 304 0 "https://w3.readbtooom.com/manga/btooom-chapter-4/" "Mozilla/5.0 (Linux; Android 10; K) AppleWebKit/537.36 (KHTML, like Gecko) Chrome/137.0.0.0 Mobile Safari/537.36"
2001:8f8:1c67:10ef:e58e:7c02:d1ce:3a5c - - [08/Jun/2025:10:40:37 -0400] "GET /manga/btooom-chapter-6/ HTTP/1.1" 200 25156 "https://w3.readbtooom.com/manga/btooom-chapter-5/" "Mozilla/5.0 (Linux; Android 10; K) AppleWebKit/537.36 (KHTML, like Gecko) Chrome/137.0.0.0 Mobile Safari/537.36"
2001:8f8:1c67:10ef:e58e:7c02:d1ce:3a5c - - [08/Jun/2025:10:40:38 -0400] "GET /manga/btooom-chapter-6/ HTTP/1.1" 304 0 "https://w3.readbtooom.com/manga/btooom-chapter-5/" "Mozilla/5.0 (Linux; Android 10; K) AppleWebKit/537.36 (KHTML, like Gecko) Chrome/137.0.0.0 Mobile Safari/537.36"
162.0.232.193 - - [08/Jun/2025:10:40:39 -0400] "POST /wp-cron.php?doing_wp_cron=1749393638.8590950965881347656250 HTTP/1.1" 200 0 "-" "WordPress/6.4.5; https://w3.readbtooom.com"
2001:8f8:1c67:10ef:e58e:7c02:d1ce:3a5c - - [08/Jun/2025:10:40:38 -0400] "POST /wp-admin/admin-ajax.php HTTP/1.1" 200 69 "https://w3.readbtooom.com/manga/btooom-chapter-6/" "Mozilla/5.0 (Linux; Android 10; K) AppleWebKit/537.36 (KHTML, like Gecko) Chrome/137.0.0.0 Mobile Safari/537.36"
2001:8f8:1c67:10ef:e58e:7c02:d1ce:3a5c - - [08/Jun/2025:10:40:56 -0400] "GET /manga/btooom-chapter-5/ HTTP/1.1" 304 0 "https://w3.readbtooom.com/manga/btooom-chapter-6/" "Mozilla/5.0 (Linux; Android 10; K) AppleWebKit/537.36 (KHTML, like Gecko) Chrome/137.0.0.0 Mobile Safari/537.36"
2001:8f8:1c67:10ef:e58e:7c02:d1ce:3a5c - - [08/Jun/2025:10:40:57 -0400] "GET /manga/btooom-chapter-7/ HTTP/1.1" 200 24650 "https://w3.readbtooom.com/manga/btooom-chapter-6/" "Mozilla/5.0 (Linux; Android 10; K) AppleWebKit/537.36 (KHTML, like Gecko) Chrome/137.0.0.0 Mobile Safari/537.36"
2001:8f8:1c67:10ef:e58e:7c02:d1ce:3a5c - - [08/Jun/2025:10:40:57 -0400] "GET /manga/btooom-chapter-7/ HTTP/1.1" 304 0 "https://w3.readbtooom.com/manga/btooom-chapter-6/" "Mozilla/5.0 (Linux; Android 10; K) AppleWebKit/537.36 (KHTML, like Gecko) Chrome/137.0.0.0 Mobile Safari/537.36"
162.0.232.193 - - [08/Jun/2025:10:40:58 -0400] "POST /wp-cron.php?doing_wp_cron=1749393658.3433530330657958984375 HTTP/1.1" 200 0 "-" "WordPress/6.4.5; https://w3.readbtooom.com"
2001:8f8:1c67:10ef:e58e:7c02:d1ce:3a5c - - [08/Jun/2025:10:40:58 -0400] "POST /wp-admin/admin-ajax.php HTTP/1.1" 200 69 "https://w3.readbtooom.com/manga/btooom-chapter-7/" "Mozilla/5.0 (Linux; Android 10; K) AppleWebKit/537.36 (KHTML, like Gecko) Chrome/137.0.0.0 Mobile Safari/537.36"
2001:8f8:1c67:10ef:e58e:7c02:d1ce:3a5c - - [08/Jun/2025:10:41:06 -0400] "GET /manga/btooom-chapter-8/ HTTP/1.1" 200 23113 "https://w3.readbtooom.com/manga/btooom-chapter-7/" "Mozilla/5.0 (Linux; Android 10; K) AppleWebKit/537.36 (KHTML, like Gecko) Chrome/137.0.0.0 Mobile Safari/537.36"
2001:8f8:1c67:10ef:e58e:7c02:d1ce:3a5c - - [08/Jun/2025:10:41:07 -0400] "GET /manga/btooom-chapter-8/ HTTP/1.1" 304 0 "https://w3.readbtooom.com/manga/btooom-chapter-7/" "Mozilla/5.0 (Linux; Android 10; K) AppleWebKit/537.36 (KHTML, like Gecko) Chrome/137.0.0.0 Mobile Safari/537.36"
2001:8f8:1c67:10ef:e58e:7c02:d1ce:3a5c - - [08/Jun/2025:10:41:15 -0400] "GET /manga/btooom-chapter-9/ HTTP/1.1" 200 22865 "https://w3.readbtooom.com/manga/btooom-chapter-8/" "Mozilla/5.0 (Linux; Android 10; K) AppleWebKit/537.36 (KHTML, like Gecko) Chrome/137.0.0.0 Mobile Safari/537.36"
2001:8f8:1c67:10ef:e58e:7c02:d1ce:3a5c - - [08/Jun/2025:10:41:17 -0400] "GET /manga/btooom-chapter-7/ HTTP/1.1" 304 0 "https://w3.readbtooom.com/manga/btooom-chapter-8/" "Mozilla/5.0 (Linux; Android 10; K) AppleWebKit/537.36 (KHTML, like Gecko) Chrome/137.0.0.0 Mobile Safari/537.36"
2001:8f8:1c67:10ef:e58e:7c02:d1ce:3a5c - - [08/Jun/2025:10:41:17 -0400] "GET /manga/btooom-chapter-9/ HTTP/1.1" 304 0 "https://w3.readbtooom.com/manga/btooom-chapter-8/" "Mozilla/5.0 (Linux; Android 10; K) AppleWebKit/537.36 (KHTML, like Gecko) Chrome/137.0.0.0 Mobile Safari/537.36"
2001:8f8:1c67:10ef:e58e:7c02:d1ce:3a5c - - [08/Jun/2025:10:41:24 -0400] "GET /manga/btooom-chapter-8/ HTTP/1.1" 304 0 "https://w3.readbtooom.com/manga/btooom-chapter-9/" "Mozilla/5.0 (Linux; Android 10; K) AppleWebKit/537.36 (KHTML, like Gecko) Chrome/137.0.0.0 Mobile Safari/537.36"
2001:8f8:1c67:10ef:e58e:7c02:d1ce:3a5c - - [08/Jun/2025:10:41:27 -0400] "GET / HTTP/1.1" 304 0 "https://w3.readbtooom.com/" "Mozilla/5.0 (Linux; Android 10; K) AppleWebKit/537.36 (KHTML, like Gecko) Chrome/137.0.0.0 Mobile Safari/537.36"
2001:8f8:1c67:10ef:e58e:7c02:d1ce:3a5c - - [08/Jun/2025:10:41:28 -0400] "GET /manga/btooom-chapter-10/ HTTP/1.1" 200 22922 "https://w3.readbtooom.com/manga/btooom-chapter-9/" "Mozilla/5.0 (Linux; Android 10; K) AppleWebKit/537.36 (KHTML, like Gecko) Chrome/137.0.0.0 Mobile Safari/537.36"
2001:8f8:1c67:10ef:e58e:7c02:d1ce:3a5c - - [08/Jun/2025:10:41:29 -0400] "GET /manga/btooom-chapter-10/ HTTP/1.1" 304 0 "https://w3.readbtooom.com/manga/btooom-chapter-9/" "Mozilla/5.0 (Linux; Android 10; K) AppleWebKit/537.36 (KHTML, like Gecko) Chrome/137.0.0.0 Mobile Safari/537.36"
2001:8f8:1c67:10ef:e58e:7c02:d1ce:3a5c - - [08/Jun/2025:10:41:29 -0400] "POST /wp-admin/admin-ajax.php HTTP/1.1" 200 69 "https://w3.readbtooom.com/manga/btooom-chapter-10/" "Mozilla/5.0 (Linux; Android 10; K) AppleWebKit/537.36 (KHTML, like Gecko) Chrome/137.0.0.0 Mobile Safari/537.36"
2001:8f8:1c67:10ef:e58e:7c02:d1ce:3a5c - - [08/Jun/2025:10:41:34 -0400] "GET /manga/btooom-chapter-9/ HTTP/1.1" 304 0 "https://w3.readbtooom.com/manga/btooom-chapter-10/" "Mozilla/5.0 (Linux; Android 10; K) AppleWebKit/537.36 (KHTML, like Gecko) Chrome/137.0.0.0 Mobile Safari/537.36"
2001:8f8:1c67:10ef:e58e:7c02:d1ce:3a5c - - [08/Jun/2025:10:41:35 -0400] "GET /manga/btooom-chapter-11/ HTTP/1.1" 200 23271 "https://w3.readbtooom.com/manga/btooom-chapter-10/" "Mozilla/5.0 (Linux; Android 10; K) AppleWebKit/537.36 (KHTML, like Gecko) Chrome/137.0.0.0 Mobile Safari/537.36"
2001:8f8:1c67:10ef:e58e:7c02:d1ce:3a5c - - [08/Jun/2025:10:41:35 -0400] "GET /manga/btooom-chapter-11/ HTTP/1.1" 304 0 "https://w3.readbtooom.com/manga/btooom-chapter-10/" "Mozilla/5.0 (Linux; Android 10; K) AppleWebKit/537.36 (KHTML, like Gecko) Chrome/137.0.0.0 Mobile Safari/537.36"
162.0.232.193 - - [08/Jun/2025:10:41:36 -0400] "POST /wp-cron.php?doing_wp_cron=1749393696.3095180988311767578125 HTTP/1.1" 200 0 "-" "WordPress/6.4.5; https://w3.readbtooom.com"
2001:8f8:1c67:10ef:e58e:7c02:d1ce:3a5c - - [08/Jun/2025:10:41:36 -0400] "POST /wp-admin/admin-ajax.php HTTP/1.1" 200 69 "https://w3.readbtooom.com/manga/btooom-chapter-11/" "Mozilla/5.0 (Linux; Android 10; K) AppleWebKit/537.36 (KHTML, like Gecko) Chrome/137.0.0.0 Mobile Safari/537.36"
2001:8f8:1c67:10ef:e58e:7c02:d1ce:3a5c - - [08/Jun/2025:10:41:43 -0400] "GET /manga/btooom-chapter-12/ HTTP/1.1" 200 23647 "https://w3.readbtooom.com/manga/btooom-chapter-11/" "Mozilla/5.0 (Linux; Android 10; K) AppleWebKit/537.36 (KHTML, like Gecko) Chrome/137.0.0.0 Mobile Safari/537.36"
2001:8f8:1c67:10ef:e58e:7c02:d1ce:3a5c - - [08/Jun/2025:10:41:43 -0400] "GET /manga/btooom-chapter-12/ HTTP/1.1" 304 0 "https://w3.readbtooom.com/manga/btooom-chapter-11/" "Mozilla/5.0 (Linux; Android 10; K) AppleWebKit/537.36 (KHTML, like Gecko) Chrome/137.0.0.0 Mobile Safari/537.36"
2001:8f8:1c67:10ef:e58e:7c02:d1ce:3a5c - - [08/Jun/2025:10:41:49 -0400] "GET /manga/btooom-chapter-13/ HTTP/1.1" 200 23283 "https://w3.readbtooom.com/manga/btooom-chapter-12/" "Mozilla/5.0 (Linux; Android 10; K) AppleWebKit/537.36 (KHTML, like Gecko) Chrome/137.0.0.0 Mobile Safari/537.36"
2001:8f8:1c67:10ef:e58e:7c02:d1ce:3a5c - - [08/Jun/2025:10:41:49 -0400] "GET /manga/btooom-chapter-13/ HTTP/1.1" 304 0 "https://w3.readbtooom.com/manga/btooom-chapter-12/" "Mozilla/5.0 (Linux; Android 10; K) AppleWebKit/537.36 (KHTML, like Gecko) Chrome/137.0.0.0 Mobile Safari/537.36"
162.0.232.193 - - [08/Jun/2025:10:41:50 -0400] "POST /wp-cron.php?doing_wp_cron=1749393710.3913791179656982421875 HTTP/1.1" 200 0 "-" "WordPress/6.4.5; https://w3.readbtooom.com"
2001:8f8:1c67:10ef:e58e:7c02:d1ce:3a5c - - [08/Jun/2025:10:41:50 -0400] "POST /wp-admin/admin-ajax.php HTTP/1.1" 200 69 "https://w3.readbtooom.com/manga/btooom-chapter-13/" "Mozilla/5.0 (Linux; Android 10; K) AppleWebKit/537.36 (KHTML, like Gecko) Chrome/137.0.0.0 Mobile Safari/537.36"
2001:8f8:1c67:10ef:e58e:7c02:d1ce:3a5c - - [08/Jun/2025:10:41:57 -0400] "GET /manga/btooom-chapter-14/ HTTP/1.1" 200 24609 "https://w3.readbtooom.com/manga/btooom-chapter-13/" "Mozilla/5.0 (Linux; Android 10; K) AppleWebKit/537.36 (KHTML, like Gecko) Chrome/137.0.0.0 Mobile Safari/537.36"
2001:8f8:1c67:10ef:e58e:7c02:d1ce:3a5c - - [08/Jun/2025:10:41:57 -0400] "GET /manga/btooom-chapter-14/ HTTP/1.1" 304 0 "https://w3.readbtooom.com/manga/btooom-chapter-13/" "Mozilla/5.0 (Linux; Android 10; K) AppleWebKit/537.36 (KHTML, like Gecko) Chrome/137.0.0.0 Mobile Safari/537.36"
2001:8f8:1c67:10ef:e58e:7c02:d1ce:3a5c - - [08/Jun/2025:10:41:58 -0400] "POST /wp-admin/admin-ajax.php HTTP/1.1" 200 69 "https://w3.readbtooom.com/manga/btooom-chapter-14/" "Mozilla/5.0 (Linux; Android 10; K) AppleWebKit/537.36 (KHTML, like Gecko) Chrome/137.0.0.0 Mobile Safari/537.36"
77.111.244.180 - - [08/Jun/2025:10:42:06 -0400] "GET /manga/btooom-chapter-75/ HTTP/1.1" 200 29669 "https://www.google.com/" "Mozilla/5.0 (iPhone; CPU iPhone OS 18_2 like Mac OS X) AppleWebKit/605.1.15 (KHTML, like Gecko) Version/18.2 Mobile/15E148 Safari/604.1 OPT/5.5.3"
77.111.244.180 - - [08/Jun/2025:10:42:07 -0400] "GET /wp-content/plugins/simple-social-buttons/assets/fonts/ssb-icon.ttf?eahqa2 HTTP/1.1" 200 6212 "https://w3.readbtooom.com/manga/btooom-chapter-75/" "Mozilla/5.0 (iPhone; CPU iPhone OS 18_2 like Mac OS X) AppleWebKit/605.1.15 (KHTML, like Gecko) Version/18.2 Mobile/15E148 Safari/604.1 OPT/5.5.3"
77.111.244.180 - - [08/Jun/2025:10:42:07 -0400] "GET /wp-content/themes/toivo-lite/fonts/genericons/genericons/Genericons.svg HTTP/1.1" 200 23714 "https://w3.readbtooom.com/manga/btooom-chapter-75/" "Mozilla/5.0 (iPhone; CPU iPhone OS 18_2 like Mac OS X) AppleWebKit/605.1.15 (KHTML, like Gecko) Version/18.2 Mobile/15E148 Safari/604.1 OPT/5.5.3"
2001:8f8:1c67:10ef:e58e:7c02:d1ce:3a5c - - [08/Jun/2025:10:42:27 -0400] "GET /manga/btooom-chapter-14-5/ HTTP/1.1" 200 20344 "https://w3.readbtooom.com/manga/btooom-chapter-14/" "Mozilla/5.0 (Linux; Android 10; K) AppleWebKit/537.36 (KHTML, like Gecko) Chrome/137.0.0.0 Mobile Safari/537.36"
2001:8f8:1c67:10ef:e58e:7c02:d1ce:3a5c - - [08/Jun/2025:10:42:28 -0400] "GET /manga/btooom-chapter-14-5/ HTTP/1.1" 304 0 "https://w3.readbtooom.com/manga/btooom-chapter-14/" "Mozilla/5.0 (Linux; Android 10; K) AppleWebKit/537.36 (KHTML, like Gecko) Chrome/137.0.0.0 Mobile Safari/537.36"
2001:8f8:1c67:10ef:e58e:7c02:d1ce:3a5c - - [08/Jun/2025:10:42:32 -0400] "GET /manga/btooom-chapter-14/ HTTP/1.1" 304 0 "https://w3.readbtooom.com/manga/btooom-chapter-14-5/" "Mozilla/5.0 (Linux; Android 10; K) AppleWebKit/537.36 (KHTML, like Gecko) Chrome/137.0.0.0 Mobile Safari/537.36"
2001:8f8:1c67:10ef:e58e:7c02:d1ce:3a5c - - [08/Jun/2025:10:42:38 -0400] "GET /manga/btooom-chapter-15/ HTTP/1.1" 200 24220 "https://w3.readbtooom.com/manga/btooom-chapter-14-5/" "Mozilla/5.0 (Linux; Android 10; K) AppleWebKit/537.36 (KHTML, like Gecko) Chrome/137.0.0.0 Mobile Safari/537.36"
2001:8f8:1c67:10ef:e58e:7c02:d1ce:3a5c - - [08/Jun/2025:10:42:38 -0400] "GET /manga/btooom-chapter-15/ HTTP/1.1" 304 0 "https://w3.readbtooom.com/manga/btooom-chapter-14-5/" "Mozilla/5.0 (Linux; Android 10; K) AppleWebKit/537.36 (KHTML, like Gecko) Chrome/137.0.0.0 Mobile Safari/537.36"
162.0.232.193 - - [08/Jun/2025:10:42:39 -0400] "POST /wp-cron.php?doing_wp_cron=1749393759.4119710922241210937500 HTTP/1.1" 200 0 "-" "WordPress/6.4.5; https://w3.readbtooom.com"
2001:8f8:1c67:10ef:e58e:7c02:d1ce:3a5c - - [08/Jun/2025:10:42:39 -0400] "POST /wp-admin/admin-ajax.php HTTP/1.1" 200 69 "https://w3.readbtooom.com/manga/btooom-chapter-15/" "Mozilla/5.0 (Linux; Android 10; K) AppleWebKit/537.36 (KHTML, like Gecko) Chrome/137.0.0.0 Mobile Safari/537.36"
2001:8f8:1c67:10ef:e58e:7c02:d1ce:3a5c - - [08/Jun/2025:10:43:08 -0400] "GET /manga/btooom-chapter-16/ HTTP/1.1" 200 22702 "https://w3.readbtooom.com/manga/btooom-chapter-15/" "Mozilla/5.0 (Linux; Android 10; K) AppleWebKit/537.36 (KHTML, like Gecko) Chrome/137.0.0.0 Mobile Safari/537.36"
2001:8f8:1c67:10ef:e58e:7c02:d1ce:3a5c - - [08/Jun/2025:10:43:08 -0400] "GET /manga/btooom-chapter-16/ HTTP/1.1" 304 0 "https://w3.readbtooom.com/manga/btooom-chapter-15/" "Mozilla/5.0 (Linux; Android 10; K) AppleWebKit/537.36 (KHTML, like Gecko) Chrome/137.0.0.0 Mobile Safari/537.36"
