1.4.128.162 - - [08/Jun/2025:14:06:15 -0400] "POST /wp-admin/admin-ajax.php HTTP/1.1" 200 69 "https://w3.readbtooom.com/manga/btooom-chapter-14/" "Mozilla/5.0 (Linux; Android 10; K) AppleWebKit/537.36 (KHTML, like Gecko) Chrome/137.0.0.0 Mobile Safari/537.36"
109.81.1.37 - - [08/Jun/2025:14:06:23 -0400] "GET /manga/btooom-chapter-15/ HTTP/1.1" 304 0 "https://w3.readbtooom.com/manga/btooom-chapter-16/" "Mozilla/5.0 (Linux; Android 10; K) AppleWebKit/537.36 (KHTML, like Gecko) Chrome/133.0.0.0 Mobile Safari/537.36"
109.81.1.37 - - [08/Jun/2025:14:06:29 -0400] "GET /manga/btooom-chapter-17/ HTTP/1.1" 200 22921 "https://w3.readbtooom.com/manga/btooom-chapter-16/" "Mozilla/5.0 (Linux; Android 10; K) AppleWebKit/537.36 (KHTML, like Gecko) Chrome/133.0.0.0 Mobile Safari/537.36"
109.81.1.37 - - [08/Jun/2025:14:06:29 -0400] "GET /manga/btooom-chapter-17/ HTTP/1.1" 304 0 "https://w3.readbtooom.com/manga/btooom-chapter-16/" "Mozilla/5.0 (Linux; Android 10; K) AppleWebKit/537.36 (KHTML, like Gecko) Chrome/133.0.0.0 Mobile Safari/537.36"
109.81.1.37 - - [08/Jun/2025:14:06:29 -0400] "POST /wp-admin/admin-ajax.php HTTP/1.1" 200 69 "https://w3.readbtooom.com/manga/btooom-chapter-17/" "Mozilla/5.0 (Linux; Android 10; K) AppleWebKit/537.36 (KHTML, like Gecko) Chrome/133.0.0.0 Mobile Safari/537.36"
124.246.127.105 - - [08/Jun/2025:14:06:56 -0400] "GET /manga/btooom-chapter-66/ HTTP/1.1" 304 0 "https://w3.readbtooom.com/manga/btooom-chapter-67/" "Mozilla/5.0 (X11; CrOS x86_64 14541.0.0) AppleWebKit/537.36 (KHTML, like Gecko) Chrome/136.0.0.0 Safari/537.36"
124.246.127.105 - - [08/Jun/2025:14:06:57 -0400] "GET /manga/btooom-chapter-68/ HTTP/1.1" 200 30140 "https://w3.readbtooom.com/manga/btooom-chapter-67/" "Mozilla/5.0 (X11; CrOS x86_64 14541.0.0) AppleWebKit/537.36 (KHTML, like Gecko) Chrome/136.0.0.0 Safari/537.36"
124.246.127.105 - - [08/Jun/2025:14:06:57 -0400] "GET /manga/btooom-chapter-68/ HTTP/1.1" 304 0 "https://w3.readbtooom.com/manga/btooom-chapter-67/" "Mozilla/5.0 (X11; CrOS x86_64 14541.0.0) AppleWebKit/537.36 (KHTML, like Gecko) Chrome/136.0.0.0 Safari/537.36"
2a04:4e41:5e00:3573::3697:3573 - - [08/Jun/2025:14:06:58 -0400] "GET /manga/btooom-chapter-92/ HTTP/1.1" 200 29236 "https://w3.readbtooom.com/manga/btooom-chapter-91/" "Mozilla/5.0 (iPhone; CPU iPhone OS 18_5 like Mac OS X) AppleWebKit/605.1.15 (KHTML, like Gecko) Version/18.5 Mobile/15E148 Safari/604.1"
109.81.1.37 - - [08/Jun/2025:14:06:59 -0400] "GET /manga/btooom-chapter-16/ HTTP/1.1" 304 0 "https://w3.readbtooom.com/manga/btooom-chapter-17/" "Mozilla/5.0 (Linux; Android 10; K) AppleWebKit/537.36 (KHTML, like Gecko) Chrome/133.0.0.0 Mobile Safari/537.36"
109.81.1.37 - - [08/Jun/2025:14:06:59 -0400] "GET /manga/btooom-chapter-18/ HTTP/1.1" 200 23263 "https://w3.readbtooom.com/manga/btooom-chapter-17/" "Mozilla/5.0 (Linux; Android 10; K) AppleWebKit/537.36 (KHTML, like Gecko) Chrome/133.0.0.0 Mobile Safari/537.36"
109.81.1.37 - - [08/Jun/2025:14:06:59 -0400] "GET /manga/btooom-chapter-18/ HTTP/1.1" 304 0 "https://w3.readbtooom.com/manga/btooom-chapter-17/" "Mozilla/5.0 (Linux; Android 10; K) AppleWebKit/537.36 (KHTML, like Gecko) Chrome/133.0.0.0 Mobile Safari/537.36"
162.0.232.193 - - [08/Jun/2025:14:07:00 -0400] "POST /wp-cron.php?doing_wp_cron=1749406020.5129139423370361328125 HTTP/1.1" 200 0 "-" "WordPress/6.4.5; https://w3.readbtooom.com"
109.81.1.37 - - [08/Jun/2025:14:07:00 -0400] "POST /wp-admin/admin-ajax.php HTTP/1.1" 200 69 "https://w3.readbtooom.com/manga/btooom-chapter-18/" "Mozilla/5.0 (Linux; Android 10; K) AppleWebKit/537.36 (KHTML, like Gecko) Chrome/133.0.0.0 Mobile Safari/537.36"
1.4.128.162 - - [08/Jun/2025:14:07:04 -0400] "GET /manga/btooom-chapter-13/ HTTP/1.1" 304 0 "https://w3.readbtooom.com/manga/btooom-chapter-14/" "Mozilla/5.0 (Linux; Android 10; K) AppleWebKit/537.36 (KHTML, like Gecko) Chrome/137.0.0.0 Mobile Safari/537.36"
1.4.128.162 - - [08/Jun/2025:14:07:05 -0400] "GET /manga/btooom-chapter-14-5/ HTTP/1.1" 200 20344 "https://w3.readbtooom.com/manga/btooom-chapter-14/" "Mozilla/5.0 (Linux; Android 10; K) AppleWebKit/537.36 (KHTML, like Gecko) Chrome/137.0.0.0 Mobile Safari/537.36"
1.4.128.162 - - [08/Jun/2025:14:07:05 -0400] "GET /manga/btooom-chapter-14-5/ HTTP/1.1" 304 0 "https://w3.readbtooom.com/manga/btooom-chapter-14/" "Mozilla/5.0 (Linux; Android 10; K) AppleWebKit/537.36 (KHTML, like Gecko) Chrome/137.0.0.0 Mobile Safari/537.36"
1.4.128.162 - - [08/Jun/2025:14:07:13 -0400] "GET /manga/btooom-chapter-15/ HTTP/1.1" 200 24220 "https://w3.readbtooom.com/manga/btooom-chapter-14-5/" "Mozilla/5.0 (Linux; Android 10; K) AppleWebKit/537.36 (KHTML, like Gecko) Chrome/137.0.0.0 Mobile Safari/537.36"
1.4.128.162 - - [08/Jun/2025:14:07:13 -0400] "GET /manga/btooom-chapter-15/ HTTP/1.1" 304 0 "https://w3.readbtooom.com/manga/btooom-chapter-14-5/" "Mozilla/5.0 (Linux; Android 10; K) AppleWebKit/537.36 (KHTML, like Gecko) Chrome/137.0.0.0 Mobile Safari/537.36"
1.4.128.162 - - [08/Jun/2025:14:07:14 -0400] "POST /wp-admin/admin-ajax.php HTTP/1.1" 200 69 "https://w3.readbtooom.com/manga/btooom-chapter-15/" "Mozilla/5.0 (Linux; Android 10; K) AppleWebKit/537.36 (KHTML, like Gecko) Chrome/137.0.0.0 Mobile Safari/537.36"
109.81.1.37 - - [08/Jun/2025:14:07:17 -0400] "GET /manga/btooom-chapter-17/ HTTP/1.1" 304 0 "https://w3.readbtooom.com/manga/btooom-chapter-18/" "Mozilla/5.0 (Linux; Android 10; K) AppleWebKit/537.36 (KHTML, like Gecko) Chrome/133.0.0.0 Mobile Safari/537.36"
109.81.1.37 - - [08/Jun/2025:14:07:18 -0400] "GET /manga/btooom-chapter-19/ HTTP/1.1" 200 23677 "https://w3.readbtooom.com/manga/btooom-chapter-18/" "Mozilla/5.0 (Linux; Android 10; K) AppleWebKit/537.36 (KHTML, like Gecko) Chrome/133.0.0.0 Mobile Safari/537.36"
109.81.1.37 - - [08/Jun/2025:14:07:18 -0400] "GET /manga/btooom-chapter-19/ HTTP/1.1" 304 0 "https://w3.readbtooom.com/manga/btooom-chapter-18/" "Mozilla/5.0 (Linux; Android 10; K) AppleWebKit/537.36 (KHTML, like Gecko) Chrome/133.0.0.0 Mobile Safari/537.36"
109.81.1.37 - - [08/Jun/2025:14:07:19 -0400] "POST /wp-admin/admin-ajax.php HTTP/1.1" 200 69 "https://w3.readbtooom.com/manga/btooom-chapter-19/" "Mozilla/5.0 (Linux; Android 10; K) AppleWebKit/537.36 (KHTML, like Gecko) Chrome/133.0.0.0 Mobile Safari/537.36"
216.73.216.145 - - [08/Jun/2025:14:07:31 -0400] "GET /sitemap.xml HTTP/1.1" 301 0 "-" "Mozilla/5.0 AppleWebKit/537.36 (KHTML, like Gecko; compatible; ClaudeBot/1.0; [email protected])"
109.81.1.37 - - [08/Jun/2025:14:07:32 -0400] "GET /manga/btooom-chapter-20/ HTTP/1.1" 200 22891 "https://w3.readbtooom.com/manga/btooom-chapter-19/" "Mozilla/5.0 (Linux; Android 10; K) AppleWebKit/537.36 (KHTML, like Gecko) Chrome/133.0.0.0 Mobile Safari/537.36"
109.81.1.37 - - [08/Jun/2025:14:07:33 -0400] "GET /manga/btooom-chapter-20/ HTTP/1.1" 304 0 "https://w3.readbtooom.com/manga/btooom-chapter-19/" "Mozilla/5.0 (Linux; Android 10; K) AppleWebKit/537.36 (KHTML, like Gecko) Chrome/133.0.0.0 Mobile Safari/537.36"
1.4.128.162 - - [08/Jun/2025:14:07:51 -0400] "GET /manga/btooom-chapter-16/ HTTP/1.1" 200 22702 "https://w3.readbtooom.com/manga/btooom-chapter-15/" "Mozilla/5.0 (Linux; Android 10; K) AppleWebKit/537.36 (KHTML, like Gecko) Chrome/137.0.0.0 Mobile Safari/537.36"
1.4.128.162 - - [08/Jun/2025:14:07:52 -0400] "GET /manga/btooom-chapter-16/ HTTP/1.1" 304 0 "https://w3.readbtooom.com/manga/btooom-chapter-15/" "Mozilla/5.0 (Linux; Android 10; K) AppleWebKit/537.36 (KHTML, like Gecko) Chrome/137.0.0.0 Mobile Safari/537.36"
109.81.1.37 - - [08/Jun/2025:14:08:02 -0400] "GET / HTTP/1.1" 304 0 "https://w3.readbtooom.com/" "Mozilla/5.0 (Linux; Android 10; K) AppleWebKit/537.36 (KHTML, like Gecko) Chrome/133.0.0.0 Mobile Safari/537.36"
109.81.1.37 - - [08/Jun/2025:14:08:03 -0400] "GET /manga/btooom-chapter-21/ HTTP/1.1" 200 23160 "https://w3.readbtooom.com/manga/btooom-chapter-20/" "Mozilla/5.0 (Linux; Android 10; K) AppleWebKit/537.36 (KHTML, like Gecko) Chrome/133.0.0.0 Mobile Safari/537.36"
109.81.1.37 - - [08/Jun/2025:14:08:03 -0400] "GET /manga/btooom-chapter-21/ HTTP/1.1" 304 0 "https://w3.readbtooom.com/manga/btooom-chapter-20/" "Mozilla/5.0 (Linux; Android 10; K) AppleWebKit/537.36 (KHTML, like Gecko) Chrome/133.0.0.0 Mobile Safari/537.36"
109.81.1.37 - - [08/Jun/2025:14:08:28 -0400] "GET /manga/btooom-chapter-20/ HTTP/1.1" 304 0 "https://w3.readbtooom.com/manga/btooom-chapter-21/" "Mozilla/5.0 (Linux; Android 10; K) AppleWebKit/537.36 (KHTML, like Gecko) Chrome/133.0.0.0 Mobile Safari/537.36"
109.81.1.37 - - [08/Jun/2025:14:08:29 -0400] "GET /manga/btooom-chapter-22/ HTTP/1.1" 200 23628 "https://w3.readbtooom.com/manga/btooom-chapter-21/" "Mozilla/5.0 (Linux; Android 10; K) AppleWebKit/537.36 (KHTML, like Gecko) Chrome/133.0.0.0 Mobile Safari/537.36"
109.81.1.37 - - [08/Jun/2025:14:08:29 -0400] "GET /manga/btooom-chapter-22/ HTTP/1.1" 304 0 "https://w3.readbtooom.com/manga/btooom-chapter-21/" "Mozilla/5.0 (Linux; Android 10; K) AppleWebKit/537.36 (KHTML, like Gecko) Chrome/133.0.0.0 Mobile Safari/537.36"
162.0.232.193 - - [08/Jun/2025:14:08:30 -0400] "POST /wp-cron.php?doing_wp_cron=1749406110.0965740680694580078125 HTTP/1.1" 200 0 "-" "WordPress/6.4.5; https://w3.readbtooom.com"
4.227.36.33 - - [08/Jun/2025:14:08:29 -0400] "GET /robots.txt HTTP/1.1" 200 99 "-" "Mozilla/5.0 AppleWebKit/537.36 (KHTML, like Gecko; compatible; GPTBot/1.2; +https://openai.com/gptbot)"
20.171.207.201 - - [08/Jun/2025:14:08:30 -0400] "GET /sitemap.xml HTTP/1.1" 301 0 "-" "Mozilla/5.0 AppleWebKit/537.36 (KHTML, like Gecko; compatible; GPTBot/1.2; +https://openai.com/gptbot)"
20.171.207.201 - - [08/Jun/2025:14:08:33 -0400] "GET / HTTP/1.1" 200 18608 "-" "Mozilla/5.0 AppleWebKit/537.36 (KHTML, like Gecko; compatible; GPTBot/1.2; +https://openai.com/gptbot)"
162.0.232.193 - - [08/Jun/2025:14:08:36 -0400] "POST /wp-cron.php?doing_wp_cron=1749406116.6594679355621337890625 HTTP/1.1" 200 0 "-" "WordPress/6.4.5; https://w3.readbtooom.com"
20.171.207.201 - - [08/Jun/2025:14:08:36 -0400] "GET /xmlrpc.php HTTP/1.1" 405 46 "-" "Mozilla/5.0 AppleWebKit/537.36 (KHTML, like Gecko; compatible; GPTBot/1.2; +https://openai.com/gptbot)"
1.4.128.162 - - [08/Jun/2025:14:08:37 -0400] "GET /manga/btooom-chapter-17/ HTTP/1.1" 200 22921 "https://w3.readbtooom.com/manga/btooom-chapter-16/" "Mozilla/5.0 (Linux; Android 10; K) AppleWebKit/537.36 (KHTML, like Gecko) Chrome/137.0.0.0 Mobile Safari/537.36"
1.4.128.162 - - [08/Jun/2025:14:08:38 -0400] "GET /manga/btooom-chapter-17/ HTTP/1.1" 304 0 "https://w3.readbtooom.com/manga/btooom-chapter-16/" "Mozilla/5.0 (Linux; Android 10; K) AppleWebKit/537.36 (KHTML, like Gecko) Chrome/137.0.0.0 Mobile Safari/537.36"
1.4.128.162 - - [08/Jun/2025:14:08:39 -0400] "POST /wp-admin/admin-ajax.php HTTP/1.1" 200 69 "https://w3.readbtooom.com/manga/btooom-chapter-17/" "Mozilla/5.0 (Linux; Android 10; K) AppleWebKit/537.36 (KHTML, like Gecko) Chrome/137.0.0.0 Mobile Safari/537.36"
196.217.138.25 - - [08/Jun/2025:14:08:56 -0400] "GET /tag/kosuke-kira/ HTTP/1.1" 301 0 "https://w3.readbtooom.com/manga/btooom-chapter-70/" "Mozilla/5.0 (Linux; Android 10; K) AppleWebKit/537.36 (KHTML, like Gecko) Chrome/137.0.0.0 Mobile Safari/537.36"
196.217.138.25 - - [08/Jun/2025:14:08:56 -0400] "GET / HTTP/1.1" 304 0 "https://w3.readbtooom.com/" "Mozilla/5.0 (Linux; Android 10; K) AppleWebKit/537.36 (KHTML, like Gecko) Chrome/137.0.0.0 Mobile Safari/537.36"
196.217.138.25 - - [08/Jun/2025:14:08:57 -0400] "GET /manga/btooom-chapter-69/ HTTP/1.1" 304 0 "https://w3.readbtooom.com/manga/btooom-chapter-70/" "Mozilla/5.0 (Linux; Android 10; K) AppleWebKit/537.36 (KHTML, like Gecko) Chrome/137.0.0.0 Mobile Safari/537.36"
196.217.138.25 - - [08/Jun/2025:14:08:59 -0400] "GET /manga/btooom-chapter-71/ HTTP/1.1" 200 29458 "https://w3.readbtooom.com/manga/btooom-chapter-70/" "Mozilla/5.0 (Linux; Android 10; K) AppleWebKit/537.36 (KHTML, like Gecko) Chrome/137.0.0.0 Mobile Safari/537.36"
196.217.138.25 - - [08/Jun/2025:14:09:00 -0400] "GET /manga/btooom-chapter-71/ HTTP/1.1" 304 0 "https://w3.readbtooom.com/manga/btooom-chapter-70/" "Mozilla/5.0 (Linux; Android 10; K) AppleWebKit/537.36 (KHTML, like Gecko) Chrome/137.0.0.0 Mobile Safari/537.36"
1.4.128.162 - - [08/Jun/2025:14:09:00 -0400] "GET /manga/btooom-chapter-18/ HTTP/1.1" 200 23263 "https://w3.readbtooom.com/manga/btooom-chapter-17/" "Mozilla/5.0 (Linux; Android 10; K) AppleWebKit/537.36 (KHTML, like Gecko) Chrome/137.0.0.0 Mobile Safari/537.36"
1.4.128.162 - - [08/Jun/2025:14:09:01 -0400] "GET /manga/btooom-chapter-18/ HTTP/1.1" 304 0 "https://w3.readbtooom.com/manga/btooom-chapter-17/" "Mozilla/5.0 (Linux; Android 10; K) AppleWebKit/537.36 (KHTML, like Gecko) Chrome/137.0.0.0 Mobile Safari/537.36"
162.0.232.193 - - [08/Jun/2025:14:09:02 -0400] "POST /wp-cron.php?doing_wp_cron=1749406142.0808899402618408203125 HTTP/1.1" 200 0 "-" "WordPress/6.4.5; https://w3.readbtooom.com"
1.4.128.162 - - [08/Jun/2025:14:09:01 -0400] "POST /wp-admin/admin-ajax.php HTTP/1.1" 200 69 "https://w3.readbtooom.com/manga/btooom-chapter-18/" "Mozilla/5.0 (Linux; Android 10; K) AppleWebKit/537.36 (KHTML, like Gecko) Chrome/137.0.0.0 Mobile Safari/537.36"
109.81.1.37 - - [08/Jun/2025:14:09:29 -0400] "GET /manga/btooom-chapter-21/ HTTP/1.1" 304 0 "https://w3.readbtooom.com/manga/btooom-chapter-22/" "Mozilla/5.0 (Linux; Android 10; K) AppleWebKit/537.36 (KHTML, like Gecko) Chrome/133.0.0.0 Mobile Safari/537.36"
109.81.1.37 - - [08/Jun/2025:14:09:29 -0400] "GET /manga/btooom-chapter-22-5/ HTTP/1.1" 200 19061 "https://w3.readbtooom.com/manga/btooom-chapter-22/" "Mozilla/5.0 (Linux; Android 10; K) AppleWebKit/537.36 (KHTML, like Gecko) Chrome/133.0.0.0 Mobile Safari/537.36"
109.81.1.37 - - [08/Jun/2025:14:09:30 -0400] "GET /manga/btooom-chapter-22-5/ HTTP/1.1" 304 0 "https://w3.readbtooom.com/manga/btooom-chapter-22/" "Mozilla/5.0 (Linux; Android 10; K) AppleWebKit/537.36 (KHTML, like Gecko) Chrome/133.0.0.0 Mobile Safari/537.36"
109.81.1.37 - - [08/Jun/2025:14:09:33 -0400] "GET /manga/btooom-chapter-22/ HTTP/1.1" 304 0 "https://w3.readbtooom.com/manga/btooom-chapter-22-5/" "Mozilla/5.0 (Linux; Android 10; K) AppleWebKit/537.36 (KHTML, like Gecko) Chrome/133.0.0.0 Mobile Safari/537.36"
109.81.1.37 - - [08/Jun/2025:14:09:34 -0400] "GET /manga/btooom-chapter-23/ HTTP/1.1" 200 24244 "https://w3.readbtooom.com/manga/btooom-chapter-22-5/" "Mozilla/5.0 (Linux; Android 10; K) AppleWebKit/537.36 (KHTML, like Gecko) Chrome/133.0.0.0 Mobile Safari/537.36"
109.81.1.37 - - [08/Jun/2025:14:09:35 -0400] "GET /manga/btooom-chapter-23/ HTTP/1.1" 304 0 "https://w3.readbtooom.com/manga/btooom-chapter-22-5/" "Mozilla/5.0 (Linux; Android 10; K) AppleWebKit/537.36 (KHTML, like Gecko) Chrome/133.0.0.0 Mobile Safari/537.36"
1.4.128.162 - - [08/Jun/2025:14:09:36 -0400] "GET /manga/btooom-chapter-19/ HTTP/1.1" 200 23677 "https://w3.readbtooom.com/manga/btooom-chapter-18/" "Mozilla/5.0 (Linux; Android 10; K) AppleWebKit/537.36 (KHTML, like Gecko) Chrome/137.0.0.0 Mobile Safari/537.36"
1.4.128.162 - - [08/Jun/2025:14:09:37 -0400] "GET /manga/btooom-chapter-19/ HTTP/1.1" 304 0 "https://w3.readbtooom.com/manga/btooom-chapter-18/" "Mozilla/5.0 (Linux; Android 10; K) AppleWebKit/537.36 (KHTML, like Gecko) Chrome/137.0.0.0 Mobile Safari/537.36"
162.0.232.193 - - [08/Jun/2025:14:09:37 -0400] "POST /wp-cron.php?doing_wp_cron=1749406177.7798609733581542968750 HTTP/1.1" 200 0 "-" "WordPress/6.4.5; https://w3.readbtooom.com"
1.4.128.162 - - [08/Jun/2025:14:09:37 -0400] "POST /wp-admin/admin-ajax.php HTTP/1.1" 200 69 "https://w3.readbtooom.com/manga/btooom-chapter-19/" "Mozilla/5.0 (Linux; Android 10; K) AppleWebKit/537.36 (KHTML, like Gecko) Chrome/137.0.0.0 Mobile Safari/537.36"
124.246.127.105 - - [08/Jun/2025:14:09:41 -0400] "GET /manga/btooom-chapter-69/ HTTP/1.1" 200 30011 "https://w3.readbtooom.com/manga/btooom-chapter-68/" "Mozilla/5.0 (X11; CrOS x86_64 14541.0.0) AppleWebKit/537.36 (KHTML, like Gecko) Chrome/136.0.0.0 Safari/537.36"
124.246.127.105 - - [08/Jun/2025:14:09:41 -0400] "GET /manga/btooom-chapter-69/ HTTP/1.1" 304 0 "https://w3.readbtooom.com/manga/btooom-chapter-68/" "Mozilla/5.0 (X11; CrOS x86_64 14541.0.0) AppleWebKit/537.36 (KHTML, like Gecko) Chrome/136.0.0.0 Safari/537.36"
2a04:4e41:5e00:3573::3697:3573 - - [08/Jun/2025:14:09:50 -0400] "GET /manga/btooom-chapter-93/ HTTP/1.1" 200 31119 "https://w3.readbtooom.com/manga/btooom-chapter-92/" "Mozilla/5.0 (iPhone; CPU iPhone OS 18_5 like Mac OS X) AppleWebKit/605.1.15 (KHTML, like Gecko) Version/18.5 Mobile/15E148 Safari/604.1"
162.0.232.193 - - [08/Jun/2025:14:09:51 -0400] "POST /wp-cron.php?doing_wp_cron=1749406191.6754279136657714843750 HTTP/1.1" 200 0 "-" "WordPress/6.4.5; https://w3.readbtooom.com"
2a04:4e41:5e00:3573::3697:3573 - - [08/Jun/2025:14:09:51 -0400] "POST /wp-admin/admin-ajax.php HTTP/1.1" 200 69 "https://w3.readbtooom.com/manga/btooom-chapter-93/" "Mozilla/5.0 (iPhone; CPU iPhone OS 18_5 like Mac OS X) AppleWebKit/605.1.15 (KHTML, like Gecko) Version/18.5 Mobile/15E148 Safari/604.1"
1.4.128.162 - - [08/Jun/2025:14:10:05 -0400] "GET /manga/btooom-chapter-18/ HTTP/1.1" 304 0 "https://w3.readbtooom.com/manga/btooom-chapter-19/" "Mozilla/5.0 (Linux; Android 10; K) AppleWebKit/537.36 (KHTML, like Gecko) Chrome/137.0.0.0 Mobile Safari/537.36"
1.4.128.162 - - [08/Jun/2025:14:10:05 -0400] "GET /manga/btooom-chapter-20/ HTTP/1.1" 200 22891 "https://w3.readbtooom.com/manga/btooom-chapter-19/" "Mozilla/5.0 (Linux; Android 10; K) AppleWebKit/537.36 (KHTML, like Gecko) Chrome/137.0.0.0 Mobile Safari/537.36"
1.4.128.162 - - [08/Jun/2025:14:10:06 -0400] "GET /manga/btooom-chapter-20/ HTTP/1.1" 304 0 "https://w3.readbtooom.com/manga/btooom-chapter-19/" "Mozilla/5.0 (Linux; Android 10; K) AppleWebKit/537.36 (KHTML, like Gecko) Chrome/137.0.0.0 Mobile Safari/537.36"
1.4.128.162 - - [08/Jun/2025:14:10:36 -0400] "GET /manga/btooom-chapter-21/ HTTP/1.1" 200 23160 "https://w3.readbtooom.com/manga/btooom-chapter-20/" "Mozilla/5.0 (Linux; Android 10; K) AppleWebKit/537.36 (KHTML, like Gecko) Chrome/137.0.0.0 Mobile Safari/537.36"
1.4.128.162 - - [08/Jun/2025:14:10:36 -0400] "GET /manga/btooom-chapter-21/ HTTP/1.1" 304 0 "https://w3.readbtooom.com/manga/btooom-chapter-20/" "Mozilla/5.0 (Linux; Android 10; K) AppleWebKit/537.36 (KHTML, like Gecko) Chrome/137.0.0.0 Mobile Safari/537.36"
109.81.1.37 - - [08/Jun/2025:14:10:57 -0400] "GET /manga/btooom-chapter-22-5/ HTTP/1.1" 304 0 "https://w3.readbtooom.com/manga/btooom-chapter-23/" "Mozilla/5.0 (Linux; Android 10; K) AppleWebKit/537.36 (KHTML, like Gecko) Chrome/133.0.0.0 Mobile Safari/537.36"
109.81.1.37 - - [08/Jun/2025:14:10:58 -0400] "GET /manga/btooom-chapter-24/ HTTP/1.1" 200 22869 "https://w3.readbtooom.com/manga/btooom-chapter-23/" "Mozilla/5.0 (Linux; Android 10; K) AppleWebKit/537.36 (KHTML, like Gecko) Chrome/133.0.0.0 Mobile Safari/537.36"
109.81.1.37 - - [08/Jun/2025:14:10:58 -0400] "GET /manga/btooom-chapter-24/ HTTP/1.1" 304 0 "https://w3.readbtooom.com/manga/btooom-chapter-23/" "Mozilla/5.0 (Linux; Android 10; K) AppleWebKit/537.36 (KHTML, like Gecko) Chrome/133.0.0.0 Mobile Safari/537.36"
1.4.128.162 - - [08/Jun/2025:14:11:01 -0400] "GET /manga/btooom-chapter-22/ HTTP/1.1" 200 23628 "https://w3.readbtooom.com/manga/btooom-chapter-21/" "Mozilla/5.0 (Linux; Android 10; K) AppleWebKit/537.36 (KHTML, like Gecko) Chrome/137.0.0.0 Mobile Safari/537.36"
1.4.128.162 - - [08/Jun/2025:14:11:01 -0400] "GET /manga/btooom-chapter-22/ HTTP/1.1" 304 0 "https://w3.readbtooom.com/manga/btooom-chapter-21/" "Mozilla/5.0 (Linux; Android 10; K) AppleWebKit/537.36 (KHTML, like Gecko) Chrome/137.0.0.0 Mobile Safari/537.36"
109.81.1.37 - - [08/Jun/2025:14:11:21 -0400] "GET /manga/btooom-chapter-25/ HTTP/1.1" 200 23476 "https://w3.readbtooom.com/manga/btooom-chapter-24/" "Mozilla/5.0 (Linux; Android 10; K) AppleWebKit/537.36 (KHTML, like Gecko) Chrome/133.0.0.0 Mobile Safari/537.36"
109.81.1.37 - - [08/Jun/2025:14:11:22 -0400] "GET /manga/btooom-chapter-25/ HTTP/1.1" 304 0 "https://w3.readbtooom.com/manga/btooom-chapter-24/" "Mozilla/5.0 (Linux; Android 10; K) AppleWebKit/537.36 (KHTML, like Gecko) Chrome/133.0.0.0 Mobile Safari/537.36"
162.0.232.193 - - [08/Jun/2025:14:11:24 -0400] "POST /wp-cron.php?doing_wp_cron=1749406283.9105000495910644531250 HTTP/1.1" 200 0 "-" "WordPress/6.4.5; https://w3.readbtooom.com"
109.81.1.37 - - [08/Jun/2025:14:11:22 -0400] "POST /wp-admin/admin-ajax.php HTTP/1.1" 200 69 "https://w3.readbtooom.com/manga/btooom-chapter-25/" "Mozilla/5.0 (Linux; Android 10; K) AppleWebKit/537.36 (KHTML, like Gecko) Chrome/133.0.0.0 Mobile Safari/537.36"
109.81.1.37 - - [08/Jun/2025:14:11:36 -0400] "GET /manga/btooom-chapter-24/ HTTP/1.1" 304 0 "https://w3.readbtooom.com/manga/btooom-chapter-25/" "Mozilla/5.0 (Linux; Android 10; K) AppleWebKit/537.36 (KHTML, like Gecko) Chrome/133.0.0.0 Mobile Safari/537.36"
109.81.1.37 - - [08/Jun/2025:14:11:37 -0400] "GET /manga/btooom-chapter-26/ HTTP/1.1" 200 22499 "https://w3.readbtooom.com/manga/btooom-chapter-25/" "Mozilla/5.0 (Linux; Android 10; K) AppleWebKit/537.36 (KHTML, like Gecko) Chrome/133.0.0.0 Mobile Safari/537.36"
109.81.1.37 - - [08/Jun/2025:14:11:38 -0400] "GET /manga/btooom-chapter-26/ HTTP/1.1" 304 0 "https://w3.readbtooom.com/manga/btooom-chapter-25/" "Mozilla/5.0 (Linux; Android 10; K) AppleWebKit/537.36 (KHTML, like Gecko) Chrome/133.0.0.0 Mobile Safari/537.36"
1.4.128.162 - - [08/Jun/2025:14:12:05 -0400] "GET /manga/btooom-chapter-22-5/ HTTP/1.1" 200 19061 "https://w3.readbtooom.com/manga/btooom-chapter-22/" "Mozilla/5.0 (Linux; Android 10; K) AppleWebKit/537.36 (KHTML, like Gecko) Chrome/137.0.0.0 Mobile Safari/537.36"
1.4.128.162 - - [08/Jun/2025:14:12:05 -0400] "GET /manga/btooom-chapter-22-5/ HTTP/1.1" 304 0 "https://w3.readbtooom.com/manga/btooom-chapter-22/" "Mozilla/5.0 (Linux; Android 10; K) AppleWebKit/537.36 (KHTML, like Gecko) Chrome/137.0.0.0 Mobile Safari/537.36"
1.4.128.162 - - [08/Jun/2025:14:12:08 -0400] "GET /manga/btooom-chapter-23/ HTTP/1.1" 200 24244 "https://w3.readbtooom.com/manga/btooom-chapter-22-5/" "Mozilla/5.0 (Linux; Android 10; K) AppleWebKit/537.36 (KHTML, like Gecko) Chrome/137.0.0.0 Mobile Safari/537.36"
1.4.128.162 - - [08/Jun/2025:14:12:09 -0400] "GET /manga/btooom-chapter-23/ HTTP/1.1" 304 0 "https://w3.readbtooom.com/manga/btooom-chapter-22-5/" "Mozilla/5.0 (Linux; Android 10; K) AppleWebKit/537.36 (KHTML, like Gecko) Chrome/137.0.0.0 Mobile Safari/537.36"
124.246.127.105 - - [08/Jun/2025:14:12:16 -0400] "GET /manga/btooom-chapter-68/ HTTP/1.1" 304 0 "https://w3.readbtooom.com/manga/btooom-chapter-69/" "Mozilla/5.0 (X11; CrOS x86_64 14541.0.0) AppleWebKit/537.36 (KHTML, like Gecko) Chrome/136.0.0.0 Safari/537.36"
124.246.127.105 - - [08/Jun/2025:14:12:16 -0400] "GET /manga/btooom-chapter-70/ HTTP/1.1" 200 31897 "https://w3.readbtooom.com/manga/btooom-chapter-69/" "Mozilla/5.0 (X11; CrOS x86_64 14541.0.0) AppleWebKit/537.36 (KHTML, like Gecko) Chrome/136.0.0.0 Safari/537.36"
124.246.127.105 - - [08/Jun/2025:14:12:16 -0400] "GET /manga/btooom-chapter-70/ HTTP/1.1" 304 0 "https://w3.readbtooom.com/manga/btooom-chapter-69/" "Mozilla/5.0 (X11; CrOS x86_64 14541.0.0) AppleWebKit/537.36 (KHTML, like Gecko) Chrome/136.0.0.0 Safari/537.36"
109.81.1.37 - - [08/Jun/2025:14:12:19 -0400] "GET /manga/btooom-chapter-25/ HTTP/1.1" 304 0 "https://w3.readbtooom.com/manga/btooom-chapter-26/" "Mozilla/5.0 (Linux; Android 10; K) AppleWebKit/537.36 (KHTML, like Gecko) Chrome/133.0.0.0 Mobile Safari/537.36"
109.81.1.37 - - [08/Jun/2025:14:12:20 -0400] "GET /manga/btooom-chapter-27/ HTTP/1.1" 200 22133 "https://w3.readbtooom.com/manga/btooom-chapter-26/" "Mozilla/5.0 (Linux; Android 10; K) AppleWebKit/537.36 (KHTML, like Gecko) Chrome/133.0.0.0 Mobile Safari/537.36"
109.81.1.37 - - [08/Jun/2025:14:12:21 -0400] "GET /manga/btooom-chapter-27/ HTTP/1.1" 304 0 "https://w3.readbtooom.com/manga/btooom-chapter-26/" "Mozilla/5.0 (Linux; Android 10; K) AppleWebKit/537.36 (KHTML, like Gecko) Chrome/133.0.0.0 Mobile Safari/537.36"
162.0.232.193 - - [08/Jun/2025:14:12:22 -0400] "POST /wp-cron.php?doing_wp_cron=1749406341.9160530567169189453125 HTTP/1.1" 200 0 "-" "WordPress/6.4.5; https://w3.readbtooom.com"
109.81.1.37 - - [08/Jun/2025:14:12:21 -0400] "POST /wp-admin/admin-ajax.php HTTP/1.1" 200 69 "https://w3.readbtooom.com/manga/btooom-chapter-27/" "Mozilla/5.0 (Linux; Android 10; K) AppleWebKit/537.36 (KHTML, like Gecko) Chrome/133.0.0.0 Mobile Safari/537.36"
1.4.128.162 - - [08/Jun/2025:14:12:27 -0400] "GET /tag/kiyoshi-taira/ HTTP/1.1" 301 0 "https://w3.readbtooom.com/manga/btooom-chapter-23/" "Mozilla/5.0 (Linux; Android 10; K) AppleWebKit/537.36 (KHTML, like Gecko) Chrome/137.0.0.0 Mobile Safari/537.36"
1.4.128.162 - - [08/Jun/2025:14:12:28 -0400] "GET / HTTP/1.1" 304 0 "https://w3.readbtooom.com/" "Mozilla/5.0 (Linux; Android 10; K) AppleWebKit/537.36 (KHTML, like Gecko) Chrome/137.0.0.0 Mobile Safari/537.36"
1.4.128.162 - - [08/Jun/2025:14:12:28 -0400] "GET /manga/btooom-chapter-24/ HTTP/1.1" 200 22869 "https://w3.readbtooom.com/manga/btooom-chapter-23/" "Mozilla/5.0 (Linux; Android 10; K) AppleWebKit/537.36 (KHTML, like Gecko) Chrome/137.0.0.0 Mobile Safari/537.36"
1.4.128.162 - - [08/Jun/2025:14:12:28 -0400] "GET /manga/btooom-chapter-24/ HTTP/1.1" 304 0 "https://w3.readbtooom.com/manga/btooom-chapter-23/" "Mozilla/5.0 (Linux; Android 10; K) AppleWebKit/537.36 (KHTML, like Gecko) Chrome/137.0.0.0 Mobile Safari/537.36"
109.81.1.37 - - [08/Jun/2025:14:12:41 -0400] "GET /manga/btooom-chapter-28/ HTTP/1.1" 200 22682 "https://w3.readbtooom.com/manga/btooom-chapter-27/" "Mozilla/5.0 (Linux; Android 10; K) AppleWebKit/537.36 (KHTML, like Gecko) Chrome/133.0.0.0 Mobile Safari/537.36"
109.81.1.37 - - [08/Jun/2025:14:12:41 -0400] "GET /manga/btooom-chapter-28/ HTTP/1.1" 304 0 "https://w3.readbtooom.com/manga/btooom-chapter-27/" "Mozilla/5.0 (Linux; Android 10; K) AppleWebKit/537.36 (KHTML, like Gecko) Chrome/133.0.0.0 Mobile Safari/537.36"
1.4.128.162 - - [08/Jun/2025:14:12:54 -0400] "GET / HTTP/1.1" 304 0 "https://w3.readbtooom.com/" "Mozilla/5.0 (Linux; Android 10; K) AppleWebKit/537.36 (KHTML, like Gecko) Chrome/137.0.0.0 Mobile Safari/537.36"
1.4.128.162 - - [08/Jun/2025:14:12:55 -0400] "GET /manga/btooom-chapter-25/ HTTP/1.1" 200 23476 "https://w3.readbtooom.com/manga/btooom-chapter-24/" "Mozilla/5.0 (Linux; Android 10; K) AppleWebKit/537.36 (KHTML, like Gecko) Chrome/137.0.0.0 Mobile Safari/537.36"
1.4.128.162 - - [08/Jun/2025:14:12:55 -0400] "GET /manga/btooom-chapter-25/ HTTP/1.1" 304 0 "https://w3.readbtooom.com/manga/btooom-chapter-24/" "Mozilla/5.0 (Linux; Android 10; K) AppleWebKit/537.36 (KHTML, like Gecko) Chrome/137.0.0.0 Mobile Safari/537.36"
162.0.232.193 - - [08/Jun/2025:14:12:56 -0400] "POST /wp-cron.php?doing_wp_cron=1749406376.6367290019989013671875 HTTP/1.1" 200 0 "-" "WordPress/6.4.5; https://w3.readbtooom.com"
1.4.128.162 - - [08/Jun/2025:14:12:56 -0400] "POST /wp-admin/admin-ajax.php HTTP/1.1" 200 69 "https://w3.readbtooom.com/manga/btooom-chapter-25/" "Mozilla/5.0 (Linux; Android 10; K) AppleWebKit/537.36 (KHTML, like Gecko) Chrome/137.0.0.0 Mobile Safari/537.36"
109.81.1.37 - - [08/Jun/2025:14:13:27 -0400] "GET /manga/btooom-chapter-29/ HTTP/1.1" 200 21727 "https://w3.readbtooom.com/manga/btooom-chapter-28/" "Mozilla/5.0 (Linux; Android 10; K) AppleWebKit/537.36 (KHTML, like Gecko) Chrome/133.0.0.0 Mobile Safari/537.36"
109.81.1.37 - - [08/Jun/2025:14:13:27 -0400] "GET /manga/btooom-chapter-29/ HTTP/1.1" 304 0 "https://w3.readbtooom.com/manga/btooom-chapter-28/" "Mozilla/5.0 (Linux; Android 10; K) AppleWebKit/537.36 (KHTML, like Gecko) Chrome/133.0.0.0 Mobile Safari/537.36"
1.4.128.162 - - [08/Jun/2025:14:13:36 -0400] "GET /manga/btooom-chapter-26/ HTTP/1.1" 200 22499 "https://w3.readbtooom.com/manga/btooom-chapter-25/" "Mozilla/5.0 (Linux; Android 10; K) AppleWebKit/537.36 (KHTML, like Gecko) Chrome/137.0.0.0 Mobile Safari/537.36"
1.4.128.162 - - [08/Jun/2025:14:13:36 -0400] "GET /manga/btooom-chapter-24/ HTTP/1.1" 304 0 "https://w3.readbtooom.com/manga/btooom-chapter-25/" "Mozilla/5.0 (Linux; Android 10; K) AppleWebKit/537.36 (KHTML, like Gecko) Chrome/137.0.0.0 Mobile Safari/537.36"
1.4.128.162 - - [08/Jun/2025:14:13:37 -0400] "GET /manga/btooom-chapter-26/ HTTP/1.1" 304 0 "https://w3.readbtooom.com/manga/btooom-chapter-25/" "Mozilla/5.0 (Linux; Android 10; K) AppleWebKit/537.36 (KHTML, like Gecko) Chrome/137.0.0.0 Mobile Safari/537.36"
109.81.1.37 - - [08/Jun/2025:14:13:46 -0400] "GET /manga/btooom-chapter-30/ HTTP/1.1" 200 21910 "https://w3.readbtooom.com/manga/btooom-chapter-29/" "Mozilla/5.0 (Linux; Android 10; K) AppleWebKit/537.36 (KHTML, like Gecko) Chrome/133.0.0.0 Mobile Safari/537.36"
109.81.1.37 - - [08/Jun/2025:14:13:47 -0400] "GET /manga/btooom-chapter-30/ HTTP/1.1" 304 0 "https://w3.readbtooom.com/manga/btooom-chapter-29/" "Mozilla/5.0 (Linux; Android 10; K) AppleWebKit/537.36 (KHTML, like Gecko) Chrome/133.0.0.0 Mobile Safari/537.36"
109.81.1.37 - - [08/Jun/2025:14:14:07 -0400] "GET /manga/btooom-chapter-29/ HTTP/1.1" 304 0 "https://w3.readbtooom.com/manga/btooom-chapter-30/" "Mozilla/5.0 (Linux; Android 10; K) AppleWebKit/537.36 (KHTML, like Gecko) Chrome/133.0.0.0 Mobile Safari/537.36"
109.81.1.37 - - [08/Jun/2025:14:14:08 -0400] "GET /manga/btooom-chapter-31/ HTTP/1.1" 200 22279 "https://w3.readbtooom.com/manga/btooom-chapter-30/" "Mozilla/5.0 (Linux; Android 10; K) AppleWebKit/537.36 (KHTML, like Gecko) Chrome/133.0.0.0 Mobile Safari/537.36"
109.81.1.37 - - [08/Jun/2025:14:14:08 -0400] "GET /manga/btooom-chapter-31/ HTTP/1.1" 304 0 "https://w3.readbtooom.com/manga/btooom-chapter-30/" "Mozilla/5.0 (Linux; Android 10; K) AppleWebKit/537.36 (KHTML, like Gecko) Chrome/133.0.0.0 Mobile Safari/537.36"
1.4.128.162 - - [08/Jun/2025:14:14:13 -0400] "GET /manga/btooom-chapter-27/ HTTP/1.1" 200 22133 "https://w3.readbtooom.com/manga/btooom-chapter-26/" "Mozilla/5.0 (Linux; Android 10; K) AppleWebKit/537.36 (KHTML, like Gecko) Chrome/137.0.0.0 Mobile Safari/537.36"
1.4.128.162 - - [08/Jun/2025:14:14:13 -0400] "GET /manga/btooom-chapter-27/ HTTP/1.1" 304 0 "https://w3.readbtooom.com/manga/btooom-chapter-26/" "Mozilla/5.0 (Linux; Android 10; K) AppleWebKit/537.36 (KHTML, like Gecko) Chrome/137.0.0.0 Mobile Safari/537.36"
162.0.232.193 - - [08/Jun/2025:14:14:14 -0400] "POST /wp-cron.php?doing_wp_cron=1749406454.2528429031372070312500 HTTP/1.1" 200 0 "-" "WordPress/6.4.5; https://w3.readbtooom.com"
1.4.128.162 - - [08/Jun/2025:14:14:14 -0400] "POST /wp-admin/admin-ajax.php HTTP/1.1" 200 69 "https://w3.readbtooom.com/manga/btooom-chapter-27/" "Mozilla/5.0 (Linux; Android 10; K) AppleWebKit/537.36 (KHTML, like Gecko) Chrome/137.0.0.0 Mobile Safari/537.36"
109.81.1.37 - - [08/Jun/2025:14:14:20 -0400] "GET /manga/btooom-chapter-32/ HTTP/1.1" 200 24043 "https://w3.readbtooom.com/manga/btooom-chapter-31/" "Mozilla/5.0 (Linux; Android 10; K) AppleWebKit/537.36 (KHTML, like Gecko) Chrome/133.0.0.0 Mobile Safari/537.36"
109.81.1.37 - - [08/Jun/2025:14:14:20 -0400] "GET /manga/btooom-chapter-32/ HTTP/1.1" 304 0 "https://w3.readbtooom.com/manga/btooom-chapter-31/" "Mozilla/5.0 (Linux; Android 10; K) AppleWebKit/537.36 (KHTML, like Gecko) Chrome/133.0.0.0 Mobile Safari/537.36"
20.39.61.93 - - [08/Jun/2025:14:14:27 -0400] "GET / HTTP/1.1" 200 18608 "-" "Python/3.9 aiohttp/3.10.6"
196.217.138.25 - - [08/Jun/2025:14:14:29 -0400] "GET /manga/btooom-chapter-72/ HTTP/1.1" 200 29740 "https://w3.readbtooom.com/manga/btooom-chapter-71/" "Mozilla/5.0 (Linux; Android 10; K) AppleWebKit/537.36 (KHTML, like Gecko) Chrome/137.0.0.0 Mobile Safari/537.36"
196.217.138.25 - - [08/Jun/2025:14:14:29 -0400] "GET /manga/btooom-chapter-72/ HTTP/1.1" 304 0 "https://w3.readbtooom.com/manga/btooom-chapter-71/" "Mozilla/5.0 (Linux; Android 10; K) AppleWebKit/537.36 (KHTML, like Gecko) Chrome/137.0.0.0 Mobile Safari/537.36"
162.0.232.193 - - [08/Jun/2025:14:14:36 -0400] "POST /wp-cron.php?doing_wp_cron=1749406476.2300260066986083984375 HTTP/1.1" 200 0 "-" "WordPress/6.4.5; https://w3.readbtooom.com"
170.106.197.109 - - [08/Jun/2025:14:14:36 -0400] "GET /wp-json/oembed/1.0/embed?url=https%3A%2F%2Fw3.readbtooom.com%2Fmanga%2Fbtooom-chapter-100%2F&format=xml HTTP/1.1" 200 1049 "-" "Mozilla/5.0 (iPhone; CPU iPhone OS 13_2_3 like Mac OS X) AppleWebKit/605.1.15 (KHTML, like Gecko) Version/13.0.3 Mobile/15E148 Safari/604.1"
1.4.128.162 - - [08/Jun/2025:14:14:42 -0400] "GET /manga/btooom-chapter-28/ HTTP/1.1" 200 22682 "https://w3.readbtooom.com/manga/btooom-chapter-27/" "Mozilla/5.0 (Linux; Android 10; K) AppleWebKit/537.36 (KHTML, like Gecko) Chrome/137.0.0.0 Mobile Safari/537.36"
1.4.128.162 - - [08/Jun/2025:14:14:43 -0400] "GET /manga/btooom-chapter-28/ HTTP/1.1" 304 0 "https://w3.readbtooom.com/manga/btooom-chapter-27/" "Mozilla/5.0 (Linux; Android 10; K) AppleWebKit/537.36 (KHTML, like Gecko) Chrome/137.0.0.0 Mobile Safari/537.36"
1.4.128.162 - - [08/Jun/2025:14:15:18 -0400] "GET /manga/btooom-chapter-29/ HTTP/1.1" 200 21727 "https://w3.readbtooom.com/manga/btooom-chapter-28/" "Mozilla/5.0 (Linux; Android 10; K) AppleWebKit/537.36 (KHTML, like Gecko) Chrome/137.0.0.0 Mobile Safari/537.36"
1.4.128.162 - - [08/Jun/2025:14:15:18 -0400] "GET /manga/btooom-chapter-29/ HTTP/1.1" 304 0 "https://w3.readbtooom.com/manga/btooom-chapter-28/" "Mozilla/5.0 (Linux; Android 10; K) AppleWebKit/537.36 (KHTML, like Gecko) Chrome/137.0.0.0 Mobile Safari/537.36"
162.0.232.193 - - [08/Jun/2025:14:15:25 -0400] "POST /wp-cron.php?doing_wp_cron=1749406525.0474359989166259765625 HTTP/1.1" 200 0 "-" "WordPress/6.4.5; https://w3.readbtooom.com"
124.246.127.105 - - [08/Jun/2025:14:15:32 -0400] "GET /manga/btooom-chapter-69/ HTTP/1.1" 304 0 "https://w3.readbtooom.com/manga/btooom-chapter-70/" "Mozilla/5.0 (X11; CrOS x86_64 14541.0.0) AppleWebKit/537.36 (KHTML, like Gecko) Chrome/136.0.0.0 Safari/537.36"
124.246.127.105 - - [08/Jun/2025:14:15:33 -0400] "GET /manga/btooom-chapter-71/ HTTP/1.1" 200 29458 "https://w3.readbtooom.com/manga/btooom-chapter-70/" "Mozilla/5.0 (X11; CrOS x86_64 14541.0.0) AppleWebKit/537.36 (KHTML, like Gecko) Chrome/136.0.0.0 Safari/537.36"
124.246.127.105 - - [08/Jun/2025:14:15:33 -0400] "GET /manga/btooom-chapter-71/ HTTP/1.1" 304 0 "https://w3.readbtooom.com/manga/btooom-chapter-70/" "Mozilla/5.0 (X11; CrOS x86_64 14541.0.0) AppleWebKit/537.36 (KHTML, like Gecko) Chrome/136.0.0.0 Safari/537.36"
109.81.1.37 - - [08/Jun/2025:14:15:40 -0400] "GET /manga/btooom-chapter-33/ HTTP/1.1" 200 24638 "https://w3.readbtooom.com/manga/btooom-chapter-32/" "Mozilla/5.0 (Linux; Android 10; K) AppleWebKit/537.36 (KHTML, like Gecko) Chrome/133.0.0.0 Mobile Safari/537.36"
1.4.128.162 - - [08/Jun/2025:14:15:40 -0400] "GET /manga/btooom-chapter-30/ HTTP/1.1" 200 21910 "https://w3.readbtooom.com/manga/btooom-chapter-29/" "Mozilla/5.0 (Linux; Android 10; K) AppleWebKit/537.36 (KHTML, like Gecko) Chrome/137.0.0.0 Mobile Safari/537.36"
1.4.128.162 - - [08/Jun/2025:14:15:41 -0400] "GET /manga/btooom-chapter-30/ HTTP/1.1" 304 0 "https://w3.readbtooom.com/manga/btooom-chapter-29/" "Mozilla/5.0 (Linux; Android 10; K) AppleWebKit/537.36 (KHTML, like Gecko) Chrome/137.0.0.0 Mobile Safari/537.36"
109.81.1.37 - - [08/Jun/2025:14:15:41 -0400] "GET /manga/btooom-chapter-33/ HTTP/1.1" 304 0 "https://w3.readbtooom.com/manga/btooom-chapter-32/" "Mozilla/5.0 (Linux; Android 10; K) AppleWebKit/537.36 (KHTML, like Gecko) Chrome/133.0.0.0 Mobile Safari/537.36"
162.0.232.193 - - [08/Jun/2025:14:15:41 -0400] "POST /wp-cron.php?doing_wp_cron=1749406541.7356839179992675781250 HTTP/1.1" 200 0 "-" "WordPress/6.4.5; https://w3.readbtooom.com"
109.81.1.37 - - [08/Jun/2025:14:15:41 -0400] "POST /wp-admin/admin-ajax.php HTTP/1.1" 200 69 "https://w3.readbtooom.com/manga/btooom-chapter-33/" "Mozilla/5.0 (Linux; Android 10; K) AppleWebKit/537.36 (KHTML, like Gecko) Chrome/133.0.0.0 Mobile Safari/537.36"
2001:569:5859:7b00:9d9c:9148:b9bc:ff62 - - [08/Jun/2025:14:15:51 -0400] "GET /manga/btooom-chapter-6/ HTTP/1.1" 200 24741 "-" "Mozilla/5.0 (iPhone; CPU iPhone OS 18_5 like Mac OS X) AppleWebKit/605.1.15 (KHTML, like Gecko) Mobile/15E148"
2a04:4e41:5e00:337d::fa7f:f37d - - [08/Jun/2025:14:16:10 -0400] "GET /manga/btooom-chapter-94/ HTTP/1.1" 200 32033 "https://w3.readbtooom.com/manga/btooom-chapter-93/" "Mozilla/5.0 (iPhone; CPU iPhone OS 18_5 like Mac OS X) AppleWebKit/605.1.15 (KHTML, like Gecko) Version/18.5 Mobile/15E148 Safari/604.1"
1.4.128.162 - - [08/Jun/2025:14:16:10 -0400] "GET /manga/btooom-chapter-31/ HTTP/1.1" 200 22279 "https://w3.readbtooom.com/manga/btooom-chapter-30/" "Mozilla/5.0 (Linux; Android 10; K) AppleWebKit/537.36 (KHTML, like Gecko) Chrome/137.0.0.0 Mobile Safari/537.36"
1.4.128.162 - - [08/Jun/2025:14:16:11 -0400] "GET /manga/btooom-chapter-31/ HTTP/1.1" 304 0 "https://w3.readbtooom.com/manga/btooom-chapter-30/" "Mozilla/5.0 (Linux; Android 10; K) AppleWebKit/537.36 (KHTML, like Gecko) Chrome/137.0.0.0 Mobile Safari/537.36"
162.0.232.193 - - [08/Jun/2025:14:16:20 -0400] "POST /wp-cron.php?doing_wp_cron=1749406579.9539370536804199218750 HTTP/1.1" 200 0 "-" "WordPress/6.4.5; https://w3.readbtooom.com"
1.4.128.162 - - [08/Jun/2025:14:16:42 -0400] "GET /manga/btooom-chapter-32/ HTTP/1.1" 200 24043 "https://w3.readbtooom.com/manga/btooom-chapter-31/" "Mozilla/5.0 (Linux; Android 10; K) AppleWebKit/537.36 (KHTML, like Gecko) Chrome/137.0.0.0 Mobile Safari/537.36"
1.4.128.162 - - [08/Jun/2025:14:16:43 -0400] "GET /manga/btooom-chapter-32/ HTTP/1.1" 304 0 "https://w3.readbtooom.com/manga/btooom-chapter-31/" "Mozilla/5.0 (Linux; Android 10; K) AppleWebKit/537.36 (KHTML, like Gecko) Chrome/137.0.0.0 Mobile Safari/537.36"
109.81.1.37 - - [08/Jun/2025:14:16:50 -0400] "GET /manga/btooom-chapter-32/ HTTP/1.1" 304 0 "https://w3.readbtooom.com/manga/btooom-chapter-33/" "Mozilla/5.0 (Linux; Android 10; K) AppleWebKit/537.36 (KHTML, like Gecko) Chrome/133.0.0.0 Mobile Safari/537.36"
109.81.1.37 - - [08/Jun/2025:14:16:54 -0400] "GET /manga/btooom-chapter-34/ HTTP/1.1" 200 26400 "https://w3.readbtooom.com/manga/btooom-chapter-33/" "Mozilla/5.0 (Linux; Android 10; K) AppleWebKit/537.36 (KHTML, like Gecko) Chrome/133.0.0.0 Mobile Safari/537.36"
109.81.1.37 - - [08/Jun/2025:14:16:54 -0400] "GET /manga/btooom-chapter-34/ HTTP/1.1" 304 0 "https://w3.readbtooom.com/manga/btooom-chapter-33/" "Mozilla/5.0 (Linux; Android 10; K) AppleWebKit/537.36 (KHTML, like Gecko) Chrome/133.0.0.0 Mobile Safari/537.36"
66.249.64.131 - - [08/Jun/2025:14:17:20 -0400] "GET /manga/btooom-chapter-77/ HTTP/1.1" 200 31804 "-" "Mozilla/5.0 (Linux; Android 6.0.1; Nexus 5X Build/MMB29P) AppleWebKit/537.36 (KHTML, like Gecko) Chrome/136.0.7103.113 Mobile Safari/537.36 (compatible; Googlebot/2.1; +http://www.google.com/bot.html)"
162.0.232.193 - - [08/Jun/2025:14:17:24 -0400] "POST /wp-cron.php?doing_wp_cron=1749406644.3369939327239990234375 HTTP/1.1" 200 0 "-" "WordPress/6.4.5; https://w3.readbtooom.com"
66.249.64.131 - - [08/Jun/2025:14:17:24 -0400] "POST /wp-admin/admin-ajax.php HTTP/1.1" 200 69 "https://w3.readbtooom.com/manga/btooom-chapter-77/" "Mozilla/5.0 (Linux; Android 6.0.1; Nexus 5X Build/MMB29P) AppleWebKit/537.36 (KHTML, like Gecko) Chrome/136.0.7103.92 Mobile Safari/537.36 (compatible; Googlebot/2.1; +http://www.google.com/bot.html)"
1.4.128.162 - - [08/Jun/2025:14:17:33 -0400] "GET /manga/btooom-chapter-33/ HTTP/1.1" 200 24638 "https://w3.readbtooom.com/manga/btooom-chapter-32/" "Mozilla/5.0 (Linux; Android 10; K) AppleWebKit/537.36 (KHTML, like Gecko) Chrome/137.0.0.0 Mobile Safari/537.36"
1.4.128.162 - - [08/Jun/2025:14:17:34 -0400] "GET /manga/btooom-chapter-33/ HTTP/1.1" 304 0 "https://w3.readbtooom.com/manga/btooom-chapter-32/" "Mozilla/5.0 (Linux; Android 10; K) AppleWebKit/537.36 (KHTML, like Gecko) Chrome/137.0.0.0 Mobile Safari/537.36"
1.4.128.162 - - [08/Jun/2025:14:17:34 -0400] "POST /wp-admin/admin-ajax.php HTTP/1.1" 200 69 "https://w3.readbtooom.com/manga/btooom-chapter-33/" "Mozilla/5.0 (Linux; Android 10; K) AppleWebKit/537.36 (KHTML, like Gecko) Chrome/137.0.0.0 Mobile Safari/537.36"
124.246.127.105 - - [08/Jun/2025:14:18:01 -0400] "GET /manga/btooom-chapter-72/ HTTP/1.1" 200 29740 "https://w3.readbtooom.com/manga/btooom-chapter-71/" "Mozilla/5.0 (X11; CrOS x86_64 14541.0.0) AppleWebKit/537.36 (KHTML, like Gecko) Chrome/136.0.0.0 Safari/537.36"
124.246.127.105 - - [08/Jun/2025:14:18:02 -0400] "GET /manga/btooom-chapter-72/ HTTP/1.1" 304 0 "https://w3.readbtooom.com/manga/btooom-chapter-71/" "Mozilla/5.0 (X11; CrOS x86_64 14541.0.0) AppleWebKit/537.36 (KHTML, like Gecko) Chrome/136.0.0.0 Safari/537.36"
2a04:4e41:5e00:337d::fa7f:f37d - - [08/Jun/2025:14:18:16 -0400] "GET /manga/btooom-chapter-95/ HTTP/1.1" 200 31386 "https://w3.readbtooom.com/manga/btooom-chapter-94/" "Mozilla/5.0 (iPhone; CPU iPhone OS 18_5 like Mac OS X) AppleWebKit/605.1.15 (KHTML, like Gecko) Version/18.5 Mobile/15E148 Safari/604.1"
1.4.128.162 - - [08/Jun/2025:14:18:21 -0400] "GET /manga/btooom-chapter-34/ HTTP/1.1" 200 26400 "https://w3.readbtooom.com/manga/btooom-chapter-33/" "Mozilla/5.0 (Linux; Android 10; K) AppleWebKit/537.36 (KHTML, like Gecko) Chrome/137.0.0.0 Mobile Safari/537.36"
1.4.128.162 - - [08/Jun/2025:14:18:21 -0400] "GET /manga/btooom-chapter-34/ HTTP/1.1" 304 0 "https://w3.readbtooom.com/manga/btooom-chapter-33/" "Mozilla/5.0 (Linux; Android 10; K) AppleWebKit/537.36 (KHTML, like Gecko) Chrome/137.0.0.0 Mobile Safari/537.36"
162.0.232.193 - - [08/Jun/2025:14:19:22 -0400] "POST /wp-cron.php?doing_wp_cron=1749406762.3899331092834472656250 HTTP/1.1" 200 0 "-" "WordPress/6.4.5; https://w3.readbtooom.com"
66.249.64.131 - - [08/Jun/2025:14:19:23 -0400] "GET /manga/btooom-chapter-39/ HTTP/1.1" 200 31104 "-" "Mozilla/5.0 (Linux; Android 6.0.1; Nexus 5X Build/MMB29P) AppleWebKit/537.36 (KHTML, like Gecko) Chrome/136.0.7103.113 Mobile Safari/537.36 (compatible; Googlebot/2.1; +http://www.google.com/bot.html)"
196.217.138.25 - - [08/Jun/2025:14:19:33 -0400] "GET /tag/nobutaka-oda/ HTTP/1.1" 301 0 "https://w3.readbtooom.com/manga/btooom-chapter-72/" "Mozilla/5.0 (Linux; Android 10; K) AppleWebKit/537.36 (KHTML, like Gecko) Chrome/137.0.0.0 Mobile Safari/537.36"
196.217.138.25 - - [08/Jun/2025:14:19:33 -0400] "GET / HTTP/1.1" 304 0 "https://w3.readbtooom.com/" "Mozilla/5.0 (Linux; Android 10; K) AppleWebKit/537.36 (KHTML, like Gecko) Chrome/137.0.0.0 Mobile Safari/537.36"
196.217.138.25 - - [08/Jun/2025:14:19:33 -0400] "GET /manga/btooom-chapter-71/ HTTP/1.1" 304 0 "https://w3.readbtooom.com/manga/btooom-chapter-72/" "Mozilla/5.0 (Linux; Android 10; K) AppleWebKit/537.36 (KHTML, like Gecko) Chrome/137.0.0.0 Mobile Safari/537.36"
196.217.138.25 - - [08/Jun/2025:14:19:34 -0400] "GET /manga/btooom-chapter-73/ HTTP/1.1" 200 30637 "https://w3.readbtooom.com/manga/btooom-chapter-72/" "Mozilla/5.0 (Linux; Android 10; K) AppleWebKit/537.36 (KHTML, like Gecko) Chrome/137.0.0.0 Mobile Safari/537.36"
196.217.138.25 - - [08/Jun/2025:14:19:34 -0400] "GET /manga/btooom-chapter-73/ HTTP/1.1" 304 0 "https://w3.readbtooom.com/manga/btooom-chapter-72/" "Mozilla/5.0 (Linux; Android 10; K) AppleWebKit/537.36 (KHTML, like Gecko) Chrome/137.0.0.0 Mobile Safari/537.36"
1.4.128.162 - - [08/Jun/2025:14:19:53 -0400] "GET /manga/btooom-chapter-35/ HTTP/1.1" 200 29776 "https://w3.readbtooom.com/manga/btooom-chapter-34/" "Mozilla/5.0 (Linux; Android 10; K) AppleWebKit/537.36 (KHTML, like Gecko) Chrome/137.0.0.0 Mobile Safari/537.36"
1.4.128.162 - - [08/Jun/2025:14:19:54 -0400] "GET /manga/btooom-chapter-35/ HTTP/1.1" 304 0 "https://w3.readbtooom.com/manga/btooom-chapter-34/" "Mozilla/5.0 (Linux; Android 10; K) AppleWebKit/537.36 (KHTML, like Gecko) Chrome/137.0.0.0 Mobile Safari/537.36"
124.246.127.105 - - [08/Jun/2025:14:20:32 -0400] "GET /manga/btooom-chapter-71/ HTTP/1.1" 304 0 "https://w3.readbtooom.com/manga/btooom-chapter-72/" "Mozilla/5.0 (X11; CrOS x86_64 14541.0.0) AppleWebKit/537.36 (KHTML, like Gecko) Chrome/136.0.0.0 Safari/537.36"
124.246.127.105 - - [08/Jun/2025:14:20:33 -0400] "GET /manga/btooom-chapter-73/ HTTP/1.1" 200 30637 "https://w3.readbtooom.com/manga/btooom-chapter-72/" "Mozilla/5.0 (X11; CrOS x86_64 14541.0.0) AppleWebKit/537.36 (KHTML, like Gecko) Chrome/136.0.0.0 Safari/537.36"
124.246.127.105 - - [08/Jun/2025:14:20:34 -0400] "GET /manga/btooom-chapter-73/ HTTP/1.1" 304 0 "https://w3.readbtooom.com/manga/btooom-chapter-72/" "Mozilla/5.0 (X11; CrOS x86_64 14541.0.0) AppleWebKit/537.36 (KHTML, like Gecko) Chrome/136.0.0.0 Safari/537.36"
1.4.128.162 - - [08/Jun/2025:14:20:45 -0400] "GET /manga/btooom-chapter-34/ HTTP/1.1" 304 0 "https://w3.readbtooom.com/manga/btooom-chapter-35/" "Mozilla/5.0 (Linux; Android 10; K) AppleWebKit/537.36 (KHTML, like Gecko) Chrome/137.0.0.0 Mobile Safari/537.36"
1.4.128.162 - - [08/Jun/2025:14:20:46 -0400] "GET /manga/btooom-chapter-36/ HTTP/1.1" 200 24220 "https://w3.readbtooom.com/manga/btooom-chapter-35/" "Mozilla/5.0 (Linux; Android 10; K) AppleWebKit/537.36 (KHTML, like Gecko) Chrome/137.0.0.0 Mobile Safari/537.36"
1.4.128.162 - - [08/Jun/2025:14:20:46 -0400] "GET /manga/btooom-chapter-36/ HTTP/1.1" 304 0 "https://w3.readbtooom.com/manga/btooom-chapter-35/" "Mozilla/5.0 (Linux; Android 10; K) AppleWebKit/537.36 (KHTML, like Gecko) Chrome/137.0.0.0 Mobile Safari/537.36"
2a04:4e41:5e00:337d::fa7f:f37d - - [08/Jun/2025:14:21:07 -0400] "GET /manga/btooom-chapter-96/ HTTP/1.1" 200 29417 "https://w3.readbtooom.com/manga/btooom-chapter-95/" "Mozilla/5.0 (iPhone; CPU iPhone OS 18_5 like Mac OS X) AppleWebKit/605.1.15 (KHTML, like Gecko) Version/18.5 Mobile/15E148 Safari/604.1"
1.4.128.162 - - [08/Jun/2025:14:21:22 -0400] "GET /manga/btooom-chapter-37/ HTTP/1.1" 200 24489 "https://w3.readbtooom.com/manga/btooom-chapter-36/" "Mozilla/5.0 (Linux; Android 10; K) AppleWebKit/537.36 (KHTML, like Gecko) Chrome/137.0.0.0 Mobile Safari/537.36"
1.4.128.162 - - [08/Jun/2025:14:21:23 -0400] "GET /manga/btooom-chapter-37/ HTTP/1.1" 304 0 "https://w3.readbtooom.com/manga/btooom-chapter-36/" "Mozilla/5.0 (Linux; Android 10; K) AppleWebKit/537.36 (KHTML, like Gecko) Chrome/137.0.0.0 Mobile Safari/537.36"
162.0.232.193 - - [08/Jun/2025:14:21:26 -0400] "POST /wp-cron.php?doing_wp_cron=1749406886.2039830684661865234375 HTTP/1.1" 200 0 "-" "WordPress/6.4.5; https://w3.readbtooom.com"
1.4.128.162 - - [08/Jun/2025:14:21:24 -0400] "POST /wp-admin/admin-ajax.php HTTP/1.1" 200 69 "https://w3.readbtooom.com/manga/btooom-chapter-37/" "Mozilla/5.0 (Linux; Android 10; K) AppleWebKit/537.36 (KHTML, like Gecko) Chrome/137.0.0.0 Mobile Safari/537.36"
109.81.1.37 - - [08/Jun/2025:14:21:56 -0400] "GET /manga/btooom-chapter-57/ HTTP/1.1" 304 0 "https://w3.readbtooom.com/manga/btooom-chapter-56/" "Mozilla/5.0 (Linux; Android 10; K) AppleWebKit/537.36 (KHTML, like Gecko) Chrome/133.0.0.0 Mobile Safari/537.36"
1.4.128.162 - - [08/Jun/2025:14:22:25 -0400] "GET /manga/btooom-chapter-36/ HTTP/1.1" 304 0 "https://w3.readbtooom.com/manga/btooom-chapter-37/" "Mozilla/5.0 (Linux; Android 10; K) AppleWebKit/537.36 (KHTML, like Gecko) Chrome/137.0.0.0 Mobile Safari/537.36"
1.4.128.162 - - [08/Jun/2025:14:22:25 -0400] "GET /manga/btooom-chapter-36/ HTTP/1.1" 304 0 "https://w3.readbtooom.com/manga/btooom-chapter-37/" "Mozilla/5.0 (Linux; Android 10; K) AppleWebKit/537.36 (KHTML, like Gecko) Chrome/137.0.0.0 Mobile Safari/537.36"
1.4.128.162 - - [08/Jun/2025:14:22:27 -0400] "GET /manga/btooom-chapter-38/ HTTP/1.1" 200 32898 "https://w3.readbtooom.com/manga/btooom-chapter-37/" "Mozilla/5.0 (Linux; Android 10; K) AppleWebKit/537.36 (KHTML, like Gecko) Chrome/137.0.0.0 Mobile Safari/537.36"
1.4.128.162 - - [08/Jun/2025:14:22:28 -0400] "GET /manga/btooom-chapter-38/ HTTP/1.1" 304 0 "https://w3.readbtooom.com/manga/btooom-chapter-37/" "Mozilla/5.0 (Linux; Android 10; K) AppleWebKit/537.36 (KHTML, like Gecko) Chrome/137.0.0.0 Mobile Safari/537.36"
92.34.14.91 - - [08/Jun/2025:14:23:33 -0400] "GET /manga/btooom-chapter-75/ HTTP/1.1" 200 29669 "https://www.google.com/" "Mozilla/5.0 (Windows NT 10.0; Win64; x64) AppleWebKit/537.36 (KHTML, like Gecko) Chrome/137.0.0.0 Safari/537.36"
92.34.14.91 - - [08/Jun/2025:14:23:34 -0400] "GET /wp-content/plugins/disqus-comment-system/public/js/comment_embed.js?ver=3.0.23 HTTP/1.1" 200 442 "https://w3.readbtooom.com/manga/btooom-chapter-75/" "Mozilla/5.0 (Windows NT 10.0; Win64; x64) AppleWebKit/537.36 (KHTML, like Gecko) Chrome/137.0.0.0 Safari/537.36"
92.34.14.91 - - [08/Jun/2025:14:23:34 -0400] "GET /wp-content/plugins/disqus-comment-system/public/js/comment_count.js?ver=3.0.23 HTTP/1.1" 200 354 "https://w3.readbtooom.com/manga/btooom-chapter-75/" "Mozilla/5.0 (Windows NT 10.0; Win64; x64) AppleWebKit/537.36 (KHTML, like Gecko) Chrome/137.0.0.0 Safari/537.36"
92.34.14.91 - - [08/Jun/2025:14:23:34 -0400] "GET /wp-content/plugins/comic-easel/js/keynav.js HTTP/1.1" 200 302 "https://w3.readbtooom.com/manga/btooom-chapter-75/" "Mozilla/5.0 (Windows NT 10.0; Win64; x64) AppleWebKit/537.36 (KHTML, like Gecko) Chrome/137.0.0.0 Safari/537.36"
92.34.14.91 - - [08/Jun/2025:14:23:34 -0400] "GET /wp-includes/js/comment-reply.min.js?ver=6.4.5 HTTP/1.1" 200 1228 "https://w3.readbtooom.com/manga/btooom-chapter-75/" "Mozilla/5.0 (Windows NT 10.0; Win64; x64) AppleWebKit/537.36 (KHTML, like Gecko) Chrome/137.0.0.0 Safari/537.36"
92.34.14.91 - - [08/Jun/2025:14:23:34 -0400] "GET /wp-content/plugins/simple-social-buttons/assets/fonts/ssb-icon.ttf?eahqa2 HTTP/1.1" 200 6212 "https://w3.readbtooom.com/wp-content/plugins/simple-social-buttons/assets/css/front.css?ver=5.1.1" "Mozilla/5.0 (Windows NT 10.0; Win64; x64) AppleWebKit/537.36 (KHTML, like Gecko) Chrome/137.0.0.0 Safari/537.36"
92.34.14.91 - - [08/Jun/2025:14:23:37 -0400] "GET /wp-content/uploads/2021/11/cropped-190036-32x32.png HTTP/1.1" 200 2208 "https://w3.readbtooom.com/manga/btooom-chapter-75/" "Mozilla/5.0 (Windows NT 10.0; Win64; x64) AppleWebKit/537.36 (KHTML, like Gecko) Chrome/137.0.0.0 Safari/537.36"
