5.9.120.41 - - [08/Jun/2025:06:54:19 -0400] "GET /manga/btooom-chapter-39/ HTTP/1.1" 200 31524 "-" "Mozilla/5.0 (compatible; BLEXBot/1.0; +https://help.seranking.com/en/blex-crawler)"
211.106.190.252 - - [08/Jun/2025:06:54:37 -0400] "GET /manga/btooom-chapter-65/ HTTP/1.1" 304 0 "https://w3.readbtooom.com/manga/btooom-chapter-66/" "Mozilla/5.0 (Linux; Android 10; K) AppleWebKit/537.36 (KHTML, like Gecko) Chrome/135.0.0.0 Mobile Safari/537.36 OPR/89.0.0.0"
211.106.190.252 - - [08/Jun/2025:06:54:38 -0400] "GET /manga/btooom-chapter-67/ HTTP/1.1" 200 30402 "https://w3.readbtooom.com/manga/btooom-chapter-66/" "Mozilla/5.0 (Linux; Android 10; K) AppleWebKit/537.36 (KHTML, like Gecko) Chrome/135.0.0.0 Mobile Safari/537.36 OPR/89.0.0.0"
211.106.190.252 - - [08/Jun/2025:06:54:38 -0400] "GET /manga/btooom-chapter-67/ HTTP/1.1" 304 0 "https://w3.readbtooom.com/manga/btooom-chapter-66/" "Mozilla/5.0 (Linux; Android 10; K) AppleWebKit/537.36 (KHTML, like Gecko) Chrome/135.0.0.0 Mobile Safari/537.36 OPR/89.0.0.0"
162.0.232.193 - - [08/Jun/2025:06:54:39 -0400] "POST /wp-cron.php?doing_wp_cron=1749380079.0797309875488281250000 HTTP/1.1" 200 0 "-" "WordPress/6.4.5; https://w3.readbtooom.com"
211.106.190.252 - - [08/Jun/2025:06:54:38 -0400] "POST /wp-admin/admin-ajax.php HTTP/1.1" 200 69 "https://w3.readbtooom.com/manga/btooom-chapter-67/" "Mozilla/5.0 (Linux; Android 10; K) AppleWebKit/537.36 (KHTML, like Gecko) Chrome/135.0.0.0 Mobile Safari/537.36 OPR/89.0.0.0"
5.9.120.41 - - [08/Jun/2025:06:54:40 -0400] "GET /manga/btooom-chapter-41/ HTTP/1.1" 200 31063 "-" "Mozilla/5.0 (compatible; BLEXBot/1.0; +https://help.seranking.com/en/blex-crawler)"
5.9.120.41 - - [08/Jun/2025:06:54:46 -0400] "GET /manga/btooom-chapter-42/ HTTP/1.1" 200 33502 "-" "Mozilla/5.0 (compatible; BLEXBot/1.0; +https://help.seranking.com/en/blex-crawler)"
5.9.120.41 - - [08/Jun/2025:06:54:50 -0400] "GET /manga/btooom-chapter-43/ HTTP/1.1" 200 29807 "-" "Mozilla/5.0 (compatible; BLEXBot/1.0; +https://help.seranking.com/en/blex-crawler)"
211.106.190.252 - - [08/Jun/2025:06:54:54 -0400] "GET /manga/btooom-chapter-66/ HTTP/1.1" 304 0 "https://w3.readbtooom.com/manga/btooom-chapter-67/" "Mozilla/5.0 (Linux; Android 10; K) AppleWebKit/537.36 (KHTML, like Gecko) Chrome/135.0.0.0 Mobile Safari/537.36 OPR/89.0.0.0"
211.106.190.252 - - [08/Jun/2025:06:54:54 -0400] "GET /manga/btooom-chapter-68/ HTTP/1.1" 200 30557 "https://w3.readbtooom.com/manga/btooom-chapter-67/" "Mozilla/5.0 (Linux; Android 10; K) AppleWebKit/537.36 (KHTML, like Gecko) Chrome/135.0.0.0 Mobile Safari/537.36 OPR/89.0.0.0"
211.106.190.252 - - [08/Jun/2025:06:54:55 -0400] "GET /manga/btooom-chapter-68/ HTTP/1.1" 304 0 "https://w3.readbtooom.com/manga/btooom-chapter-67/" "Mozilla/5.0 (Linux; Android 10; K) AppleWebKit/537.36 (KHTML, like Gecko) Chrome/135.0.0.0 Mobile Safari/537.36 OPR/89.0.0.0"
162.0.232.193 - - [08/Jun/2025:06:54:56 -0400] "POST /wp-cron.php?doing_wp_cron=1749380096.1369268894195556640625 HTTP/1.1" 200 0 "-" "WordPress/6.4.5; https://w3.readbtooom.com"
211.106.190.252 - - [08/Jun/2025:06:54:55 -0400] "POST /wp-admin/admin-ajax.php HTTP/1.1" 200 69 "https://w3.readbtooom.com/manga/btooom-chapter-68/" "Mozilla/5.0 (Linux; Android 10; K) AppleWebKit/537.36 (KHTML, like Gecko) Chrome/135.0.0.0 Mobile Safari/537.36 OPR/89.0.0.0"
211.106.190.252 - - [08/Jun/2025:06:55:13 -0400] "GET /manga/btooom-chapter-69/ HTTP/1.1" 200 30433 "https://w3.readbtooom.com/manga/btooom-chapter-68/" "Mozilla/5.0 (Linux; Android 10; K) AppleWebKit/537.36 (KHTML, like Gecko) Chrome/135.0.0.0 Mobile Safari/537.36 OPR/89.0.0.0"
211.106.190.252 - - [08/Jun/2025:06:55:13 -0400] "GET /manga/btooom-chapter-69/ HTTP/1.1" 304 0 "https://w3.readbtooom.com/manga/btooom-chapter-68/" "Mozilla/5.0 (Linux; Android 10; K) AppleWebKit/537.36 (KHTML, like Gecko) Chrome/135.0.0.0 Mobile Safari/537.36 OPR/89.0.0.0"
211.106.190.252 - - [08/Jun/2025:06:55:13 -0400] "POST /wp-admin/admin-ajax.php HTTP/1.1" 200 69 "https://w3.readbtooom.com/manga/btooom-chapter-69/" "Mozilla/5.0 (Linux; Android 10; K) AppleWebKit/537.36 (KHTML, like Gecko) Chrome/135.0.0.0 Mobile Safari/537.36 OPR/89.0.0.0"
66.249.64.131 - - [08/Jun/2025:06:55:14 -0400] "GET /manga/btooom-chapter-51/ HTTP/1.1" 200 30217 "-" "Mozilla/5.0 (Linux; Android 6.0.1; Nexus 5X Build/MMB29P) AppleWebKit/537.36 (KHTML, like Gecko) Chrome/136.0.7103.113 Mobile Safari/537.36 (compatible; Googlebot/2.1; +http://www.google.com/bot.html)"
5.9.120.41 - - [08/Jun/2025:06:55:24 -0400] "GET /manga/btooom-chapter-44/ HTTP/1.1" 200 29922 "-" "Mozilla/5.0 (compatible; BLEXBot/1.0; +https://help.seranking.com/en/blex-crawler)"
211.106.190.252 - - [08/Jun/2025:06:55:31 -0400] "GET /manga/btooom-chapter-70/ HTTP/1.1" 200 32314 "https://w3.readbtooom.com/manga/btooom-chapter-69/" "Mozilla/5.0 (Linux; Android 10; K) AppleWebKit/537.36 (KHTML, like Gecko) Chrome/135.0.0.0 Mobile Safari/537.36 OPR/89.0.0.0"
211.106.190.252 - - [08/Jun/2025:06:55:32 -0400] "GET /manga/btooom-chapter-70/ HTTP/1.1" 304 0 "https://w3.readbtooom.com/manga/btooom-chapter-69/" "Mozilla/5.0 (Linux; Android 10; K) AppleWebKit/537.36 (KHTML, like Gecko) Chrome/135.0.0.0 Mobile Safari/537.36 OPR/89.0.0.0"
211.106.190.252 - - [08/Jun/2025:06:55:32 -0400] "POST /wp-admin/admin-ajax.php HTTP/1.1" 200 69 "https://w3.readbtooom.com/manga/btooom-chapter-70/" "Mozilla/5.0 (Linux; Android 10; K) AppleWebKit/537.36 (KHTML, like Gecko) Chrome/135.0.0.0 Mobile Safari/537.36 OPR/89.0.0.0"
211.106.190.252 - - [08/Jun/2025:06:55:46 -0400] "GET /manga/btooom-chapter-69/ HTTP/1.1" 304 0 "https://w3.readbtooom.com/manga/btooom-chapter-70/" "Mozilla/5.0 (Linux; Android 10; K) AppleWebKit/537.36 (KHTML, like Gecko) Chrome/135.0.0.0 Mobile Safari/537.36 OPR/89.0.0.0"
211.106.190.252 - - [08/Jun/2025:06:55:47 -0400] "GET /manga/btooom-chapter-71/ HTTP/1.1" 200 29878 "https://w3.readbtooom.com/manga/btooom-chapter-70/" "Mozilla/5.0 (Linux; Android 10; K) AppleWebKit/537.36 (KHTML, like Gecko) Chrome/135.0.0.0 Mobile Safari/537.36 OPR/89.0.0.0"
211.106.190.252 - - [08/Jun/2025:06:55:48 -0400] "GET /manga/btooom-chapter-71/ HTTP/1.1" 304 0 "https://w3.readbtooom.com/manga/btooom-chapter-70/" "Mozilla/5.0 (Linux; Android 10; K) AppleWebKit/537.36 (KHTML, like Gecko) Chrome/135.0.0.0 Mobile Safari/537.36 OPR/89.0.0.0"
162.0.232.193 - - [08/Jun/2025:06:55:49 -0400] "POST /wp-cron.php?doing_wp_cron=1749380148.9959640502929687500000 HTTP/1.1" 200 0 "-" "WordPress/6.4.5; https://w3.readbtooom.com"
211.106.190.252 - - [08/Jun/2025:06:55:48 -0400] "POST /wp-admin/admin-ajax.php HTTP/1.1" 200 69 "https://w3.readbtooom.com/manga/btooom-chapter-71/" "Mozilla/5.0 (Linux; Android 10; K) AppleWebKit/537.36 (KHTML, like Gecko) Chrome/135.0.0.0 Mobile Safari/537.36 OPR/89.0.0.0"
34.150.235.23 - - [08/Jun/2025:06:56:02 -0400] "GET //wp-includes/wlwmanifest.xml HTTP/1.1" 301 0 "-" "Mozilla/5.0 (Windows NT 10.0; Win64; x64) AppleWebKit/537.36 (KHTML, like Gecko) Chrome/78.0.3904.108 Safari/537.36"
34.150.235.23 - - [08/Jun/2025:06:56:02 -0400] "GET //xmlrpc.php?rsd HTTP/1.1" 200 297 "-" "Mozilla/5.0 (Windows NT 10.0; Win64; x64) AppleWebKit/537.36 (KHTML, like Gecko) Chrome/78.0.3904.108 Safari/537.36"
34.150.235.23 - - [08/Jun/2025:06:56:03 -0400] "GET //?author=1 HTTP/1.1" 301 0 "-" "Mozilla/5.0 (Windows NT 10.0; Win64; x64) AppleWebKit/537.36 (KHTML, like Gecko) Chrome/78.0.3904.108 Safari/537.36"
5.9.120.41 - - [08/Jun/2025:06:56:03 -0400] "GET /manga/btooom-chapter-45/ HTTP/1.1" 200 30654 "-" "Mozilla/5.0 (compatible; BLEXBot/1.0; +https://help.seranking.com/en/blex-crawler)"
34.150.235.23 - - [08/Jun/2025:06:56:03 -0400] "GET //?author=2 HTTP/1.1" 301 0 "-" "Mozilla/5.0 (Windows NT 10.0; Win64; x64) AppleWebKit/537.36 (KHTML, like Gecko) Chrome/78.0.3904.108 Safari/537.36"
211.106.190.252 - - [08/Jun/2025:06:56:03 -0400] "GET /manga/btooom-chapter-72/ HTTP/1.1" 200 30165 "https://w3.readbtooom.com/manga/btooom-chapter-71/" "Mozilla/5.0 (Linux; Android 10; K) AppleWebKit/537.36 (KHTML, like Gecko) Chrome/135.0.0.0 Mobile Safari/537.36 OPR/89.0.0.0"
34.150.235.23 - - [08/Jun/2025:06:56:03 -0400] "GET //wp-json/wp/v2/users/ HTTP/1.1" 200 610 "-" "Mozilla/5.0 (Windows NT 10.0; Win64; x64) AppleWebKit/537.36 (KHTML, like Gecko) Chrome/78.0.3904.108 Safari/537.36"
211.106.190.252 - - [08/Jun/2025:06:56:04 -0400] "GET /manga/btooom-chapter-72/ HTTP/1.1" 304 0 "https://w3.readbtooom.com/manga/btooom-chapter-71/" "Mozilla/5.0 (Linux; Android 10; K) AppleWebKit/537.36 (KHTML, like Gecko) Chrome/135.0.0.0 Mobile Safari/537.36 OPR/89.0.0.0"
34.150.235.23 - - [08/Jun/2025:06:56:04 -0400] "POST //xmlrpc.php HTTP/1.1" 200 205 "-" "Mozilla/5.0 (Windows NT 10.0; Win64; x64) AppleWebKit/537.36 (KHTML, like Gecko) Chrome/78.0.3904.108 Safari/537.36"
211.106.190.252 - - [08/Jun/2025:06:56:04 -0400] "POST /wp-admin/admin-ajax.php HTTP/1.1" 200 69 "https://w3.readbtooom.com/manga/btooom-chapter-72/" "Mozilla/5.0 (Linux; Android 10; K) AppleWebKit/537.36 (KHTML, like Gecko) Chrome/135.0.0.0 Mobile Safari/537.36 OPR/89.0.0.0"
34.150.235.23 - - [08/Jun/2025:06:56:05 -0400] "POST //xmlrpc.php HTTP/1.1" 200 205 "-" "Mozilla/5.0 (Windows NT 10.0; Win64; x64) AppleWebKit/537.36 (KHTML, like Gecko) Chrome/78.0.3904.108 Safari/537.36"
34.150.235.23 - - [08/Jun/2025:06:56:06 -0400] "POST //xmlrpc.php HTTP/1.1" 200 205 "-" "Mozilla/5.0 (Windows NT 10.0; Win64; x64) AppleWebKit/537.36 (KHTML, like Gecko) Chrome/78.0.3904.108 Safari/537.36"
34.150.235.23 - - [08/Jun/2025:06:56:07 -0400] "POST //xmlrpc.php HTTP/1.1" 200 205 "-" "Mozilla/5.0 (Windows NT 10.0; Win64; x64) AppleWebKit/537.36 (KHTML, like Gecko) Chrome/78.0.3904.108 Safari/537.36"
34.150.235.23 - - [08/Jun/2025:06:56:08 -0400] "POST //xmlrpc.php HTTP/1.1" 200 205 "-" "Mozilla/5.0 (Windows NT 10.0; Win64; x64) AppleWebKit/537.36 (KHTML, like Gecko) Chrome/78.0.3904.108 Safari/537.36"
34.150.235.23 - - [08/Jun/2025:06:56:08 -0400] "POST //xmlrpc.php HTTP/1.1" 200 205 "-" "Mozilla/5.0 (Windows NT 10.0; Win64; x64) AppleWebKit/537.36 (KHTML, like Gecko) Chrome/78.0.3904.108 Safari/537.36"
34.150.235.23 - - [08/Jun/2025:06:56:09 -0400] "POST //xmlrpc.php HTTP/1.1" 200 205 "-" "Mozilla/5.0 (Windows NT 10.0; Win64; x64) AppleWebKit/537.36 (KHTML, like Gecko) Chrome/78.0.3904.108 Safari/537.36"
34.150.235.23 - - [08/Jun/2025:06:56:11 -0400] "POST //xmlrpc.php HTTP/1.1" 200 205 "-" "Mozilla/5.0 (Windows NT 10.0; Win64; x64) AppleWebKit/537.36 (KHTML, like Gecko) Chrome/78.0.3904.108 Safari/537.36"
211.106.190.252 - - [08/Jun/2025:06:56:16 -0400] "GET /manga/btooom-chapter-73/ HTTP/1.1" 200 31049 "https://w3.readbtooom.com/manga/btooom-chapter-72/" "Mozilla/5.0 (Linux; Android 10; K) AppleWebKit/537.36 (KHTML, like Gecko) Chrome/135.0.0.0 Mobile Safari/537.36 OPR/89.0.0.0"
211.106.190.252 - - [08/Jun/2025:06:56:17 -0400] "GET /manga/btooom-chapter-73/ HTTP/1.1" 304 0 "https://w3.readbtooom.com/manga/btooom-chapter-72/" "Mozilla/5.0 (Linux; Android 10; K) AppleWebKit/537.36 (KHTML, like Gecko) Chrome/135.0.0.0 Mobile Safari/537.36 OPR/89.0.0.0"
34.150.235.23 - - [08/Jun/2025:06:56:15 -0400] "POST //xmlrpc.php HTTP/1.1" 200 205 "-" "Mozilla/5.0 (Windows NT 10.0; Win64; x64) AppleWebKit/537.36 (KHTML, like Gecko) Chrome/78.0.3904.108 Safari/537.36"
211.106.190.252 - - [08/Jun/2025:06:56:17 -0400] "POST /wp-admin/admin-ajax.php HTTP/1.1" 200 69 "https://w3.readbtooom.com/manga/btooom-chapter-73/" "Mozilla/5.0 (Linux; Android 10; K) AppleWebKit/537.36 (KHTML, like Gecko) Chrome/135.0.0.0 Mobile Safari/537.36 OPR/89.0.0.0"
34.150.235.23 - - [08/Jun/2025:06:56:18 -0400] "POST //xmlrpc.php HTTP/1.1" 200 205 "-" "Mozilla/5.0 (Windows NT 10.0; Win64; x64) AppleWebKit/537.36 (KHTML, like Gecko) Chrome/78.0.3904.108 Safari/537.36"
34.150.235.23 - - [08/Jun/2025:06:56:22 -0400] "POST //xmlrpc.php HTTP/1.1" 200 205 "-" "Mozilla/5.0 (Windows NT 10.0; Win64; x64) AppleWebKit/537.36 (KHTML, like Gecko) Chrome/78.0.3904.108 Safari/537.36"
211.106.190.252 - - [08/Jun/2025:06:56:35 -0400] "GET /manga/btooom-chapter-74/ HTTP/1.1" 200 33300 "https://w3.readbtooom.com/manga/btooom-chapter-73/" "Mozilla/5.0 (Linux; Android 10; K) AppleWebKit/537.36 (KHTML, like Gecko) Chrome/135.0.0.0 Mobile Safari/537.36 OPR/89.0.0.0"
211.106.190.252 - - [08/Jun/2025:06:56:36 -0400] "GET /manga/btooom-chapter-74/ HTTP/1.1" 304 0 "https://w3.readbtooom.com/manga/btooom-chapter-73/" "Mozilla/5.0 (Linux; Android 10; K) AppleWebKit/537.36 (KHTML, like Gecko) Chrome/135.0.0.0 Mobile Safari/537.36 OPR/89.0.0.0"
162.0.232.193 - - [08/Jun/2025:06:56:37 -0400] "POST /wp-cron.php?doing_wp_cron=1749380197.0842630863189697265625 HTTP/1.1" 200 0 "-" "WordPress/6.4.5; https://w3.readbtooom.com"
211.106.190.252 - - [08/Jun/2025:06:56:36 -0400] "POST /wp-admin/admin-ajax.php HTTP/1.1" 200 69 "https://w3.readbtooom.com/manga/btooom-chapter-74/" "Mozilla/5.0 (Linux; Android 10; K) AppleWebKit/537.36 (KHTML, like Gecko) Chrome/135.0.0.0 Mobile Safari/537.36 OPR/89.0.0.0"
34.150.235.23 - - [08/Jun/2025:06:56:30 -0400] "POST //xmlrpc.php HTTP/1.1" 200 205 "-" "Mozilla/5.0 (Windows NT 10.0; Win64; x64) AppleWebKit/537.36 (KHTML, like Gecko) Chrome/78.0.3904.108 Safari/537.36"
162.0.232.193 - - [08/Jun/2025:06:57:00 -0400] "POST /wp-cron.php?doing_wp_cron=1749380220.1071751117706298828125 HTTP/1.1" 200 0 "-" "WordPress/6.4.5; https://w3.readbtooom.com"
34.150.235.23 - - [08/Jun/2025:06:56:46 -0400] "POST //xmlrpc.php HTTP/1.1" 200 205 "-" "Mozilla/5.0 (Windows NT 10.0; Win64; x64) AppleWebKit/537.36 (KHTML, like Gecko) Chrome/78.0.3904.108 Safari/537.36"
143.44.193.103 - - [08/Jun/2025:06:57:05 -0400] "GET /manga/btooom-chapter-112/ HTTP/1.1" 304 0 "https://w3.readbtooom.com/manga/btooom-chapter-113/" "Mozilla/5.0 (Linux; Android 10; K) AppleWebKit/537.36 (KHTML, like Gecko) Chrome/137.0.0.0 Mobile Safari/537.36"
143.44.193.103 - - [08/Jun/2025:06:57:06 -0400] "GET /manga/btooom-chapter-114/ HTTP/1.1" 200 34793 "https://w3.readbtooom.com/manga/btooom-chapter-113/" "Mozilla/5.0 (Linux; Android 10; K) AppleWebKit/537.36 (KHTML, like Gecko) Chrome/137.0.0.0 Mobile Safari/537.36"
143.44.193.103 - - [08/Jun/2025:06:57:06 -0400] "GET /manga/btooom-chapter-114/ HTTP/1.1" 304 0 "https://w3.readbtooom.com/manga/btooom-chapter-113/" "Mozilla/5.0 (Linux; Android 10; K) AppleWebKit/537.36 (KHTML, like Gecko) Chrome/137.0.0.0 Mobile Safari/537.36"
143.44.193.103 - - [08/Jun/2025:06:57:07 -0400] "POST /wp-admin/admin-ajax.php HTTP/1.1" 200 69 "https://w3.readbtooom.com/manga/btooom-chapter-114/" "Mozilla/5.0 (Linux; Android 10; K) AppleWebKit/537.36 (KHTML, like Gecko) Chrome/137.0.0.0 Mobile Safari/537.36"
211.106.190.252 - - [08/Jun/2025:06:57:08 -0400] "GET /manga/btooom-chapter-75/ HTTP/1.1" 200 29669 "https://w3.readbtooom.com/manga/btooom-chapter-74/" "Mozilla/5.0 (Linux; Android 10; K) AppleWebKit/537.36 (KHTML, like Gecko) Chrome/135.0.0.0 Mobile Safari/537.36 OPR/89.0.0.0"
211.106.190.252 - - [08/Jun/2025:06:57:08 -0400] "GET /manga/btooom-chapter-75/ HTTP/1.1" 304 0 "https://w3.readbtooom.com/manga/btooom-chapter-74/" "Mozilla/5.0 (Linux; Android 10; K) AppleWebKit/537.36 (KHTML, like Gecko) Chrome/135.0.0.0 Mobile Safari/537.36 OPR/89.0.0.0"
34.150.235.23 - - [08/Jun/2025:06:57:00 -0400] "POST //xmlrpc.php HTTP/1.1" 200 205 "-" "Mozilla/5.0 (Windows NT 10.0; Win64; x64) AppleWebKit/537.36 (KHTML, like Gecko) Chrome/78.0.3904.108 Safari/537.36"
211.106.190.252 - - [08/Jun/2025:06:57:27 -0400] "GET / HTTP/1.1" 304 0 "https://w3.readbtooom.com/" "Mozilla/5.0 (Linux; Android 10; K) AppleWebKit/537.36 (KHTML, like Gecko) Chrome/135.0.0.0 Mobile Safari/537.36 OPR/89.0.0.0"
211.106.190.252 - - [08/Jun/2025:06:57:28 -0400] "GET /manga/btooom-chapter-74/ HTTP/1.1" 304 0 "https://w3.readbtooom.com/manga/btooom-chapter-75/" "Mozilla/5.0 (Linux; Android 10; K) AppleWebKit/537.36 (KHTML, like Gecko) Chrome/135.0.0.0 Mobile Safari/537.36 OPR/89.0.0.0"
211.106.190.252 - - [08/Jun/2025:06:57:28 -0400] "GET /manga/btooom-chapter-76/ HTTP/1.1" 200 30000 "https://w3.readbtooom.com/manga/btooom-chapter-75/" "Mozilla/5.0 (Linux; Android 10; K) AppleWebKit/537.36 (KHTML, like Gecko) Chrome/135.0.0.0 Mobile Safari/537.36 OPR/89.0.0.0"
211.106.190.252 - - [08/Jun/2025:06:57:29 -0400] "GET /manga/btooom-chapter-76/ HTTP/1.1" 304 0 "https://w3.readbtooom.com/manga/btooom-chapter-75/" "Mozilla/5.0 (Linux; Android 10; K) AppleWebKit/537.36 (KHTML, like Gecko) Chrome/135.0.0.0 Mobile Safari/537.36 OPR/89.0.0.0"
34.150.235.23 - - [08/Jun/2025:06:57:15 -0400] "POST //xmlrpc.php HTTP/1.1" 200 205 "-" "Mozilla/5.0 (Windows NT 10.0; Win64; x64) AppleWebKit/537.36 (KHTML, like Gecko) Chrome/78.0.3904.108 Safari/537.36"
211.106.190.252 - - [08/Jun/2025:06:57:29 -0400] "POST /wp-admin/admin-ajax.php HTTP/1.1" 200 69 "https://w3.readbtooom.com/manga/btooom-chapter-76/" "Mozilla/5.0 (Linux; Android 10; K) AppleWebKit/537.36 (KHTML, like Gecko) Chrome/135.0.0.0 Mobile Safari/537.36 OPR/89.0.0.0"
187.209.68.70 - - [08/Jun/2025:06:57:40 -0400] "GET /manga/btooom-chapter-16/ HTTP/1.1" 200 22703 "https://www.google.com/" "Mozilla/5.0 (Linux; Android 10; K) AppleWebKit/537.36 (KHTML, like Gecko) Chrome/137.0.0.0 Mobile Safari/537.36"
162.0.232.193 - - [08/Jun/2025:06:57:45 -0400] "POST /wp-cron.php?doing_wp_cron=1749380265.1942470073699951171875 HTTP/1.1" 200 0 "-" "WordPress/6.4.5; https://w3.readbtooom.com"
34.150.235.23 - - [08/Jun/2025:06:57:31 -0400] "POST //xmlrpc.php HTTP/1.1" 200 205 "-" "Mozilla/5.0 (Windows NT 10.0; Win64; x64) AppleWebKit/537.36 (KHTML, like Gecko) Chrome/78.0.3904.108 Safari/537.36"
211.106.190.252 - - [08/Jun/2025:06:57:45 -0400] "GET / HTTP/1.1" 304 0 "https://w3.readbtooom.com/" "Mozilla/5.0 (Linux; Android 10; K) AppleWebKit/537.36 (KHTML, like Gecko) Chrome/135.0.0.0 Mobile Safari/537.36 OPR/89.0.0.0"
211.106.190.252 - - [08/Jun/2025:06:57:46 -0400] "GET /manga/btooom-chapter-77/ HTTP/1.1" 200 31385 "https://w3.readbtooom.com/manga/btooom-chapter-76/" "Mozilla/5.0 (Linux; Android 10; K) AppleWebKit/537.36 (KHTML, like Gecko) Chrome/135.0.0.0 Mobile Safari/537.36 OPR/89.0.0.0"
211.106.190.252 - - [08/Jun/2025:06:57:46 -0400] "GET /manga/btooom-chapter-77/ HTTP/1.1" 304 0 "https://w3.readbtooom.com/manga/btooom-chapter-76/" "Mozilla/5.0 (Linux; Android 10; K) AppleWebKit/537.36 (KHTML, like Gecko) Chrome/135.0.0.0 Mobile Safari/537.36 OPR/89.0.0.0"
5.9.120.41 - - [08/Jun/2025:06:57:54 -0400] "GET /manga/btooom-chapter-48/ HTTP/1.1" 200 31324 "-" "Mozilla/5.0 (compatible; BLEXBot/1.0; +https://help.seranking.com/en/blex-crawler)"
5.9.120.41 - - [08/Jun/2025:06:57:58 -0400] "GET /manga/btooom-chapter-49/ HTTP/1.1" 200 30228 "-" "Mozilla/5.0 (compatible; BLEXBot/1.0; +https://help.seranking.com/en/blex-crawler)"
162.0.232.193 - - [08/Jun/2025:06:58:01 -0400] "POST /wp-cron.php?doing_wp_cron=1749380280.9033989906311035156250 HTTP/1.1" 200 0 "-" "WordPress/6.4.5; https://w3.readbtooom.com"
34.150.235.23 - - [08/Jun/2025:06:57:45 -0400] "POST //xmlrpc.php HTTP/1.1" 200 205 "-" "Mozilla/5.0 (Windows NT 10.0; Win64; x64) AppleWebKit/537.36 (KHTML, like Gecko) Chrome/78.0.3904.108 Safari/537.36"
5.9.120.41 - - [08/Jun/2025:06:58:04 -0400] "GET /manga/btooom-chapter-50/ HTTP/1.1" 200 33104 "-" "Mozilla/5.0 (compatible; BLEXBot/1.0; +https://help.seranking.com/en/blex-crawler)"
211.106.190.252 - - [08/Jun/2025:06:58:05 -0400] "GET /manga/btooom-chapter-76/ HTTP/1.1" 304 0 "https://w3.readbtooom.com/manga/btooom-chapter-77/" "Mozilla/5.0 (Linux; Android 10; K) AppleWebKit/537.36 (KHTML, like Gecko) Chrome/135.0.0.0 Mobile Safari/537.36 OPR/89.0.0.0"
211.106.190.252 - - [08/Jun/2025:06:58:05 -0400] "GET /manga/btooom-chapter-78/ HTTP/1.1" 200 32338 "https://w3.readbtooom.com/manga/btooom-chapter-77/" "Mozilla/5.0 (Linux; Android 10; K) AppleWebKit/537.36 (KHTML, like Gecko) Chrome/135.0.0.0 Mobile Safari/537.36 OPR/89.0.0.0"
211.106.190.252 - - [08/Jun/2025:06:58:05 -0400] "GET /manga/btooom-chapter-78/ HTTP/1.1" 304 0 "https://w3.readbtooom.com/manga/btooom-chapter-77/" "Mozilla/5.0 (Linux; Android 10; K) AppleWebKit/537.36 (KHTML, like Gecko) Chrome/135.0.0.0 Mobile Safari/537.36 OPR/89.0.0.0"
66.249.64.131 - - [08/Jun/2025:06:58:15 -0400] "GET /manga/btooom-chapter-52/ HTTP/1.1" 200 31453 "-" "Mozilla/5.0 (Linux; Android 6.0.1; Nexus 5X Build/MMB29P) AppleWebKit/537.36 (KHTML, like Gecko) Chrome/136.0.7103.113 Mobile Safari/537.36 (compatible; Googlebot/2.1; +http://www.google.com/bot.html)"
34.150.235.23 - - [08/Jun/2025:06:58:01 -0400] "POST //xmlrpc.php HTTP/1.1" 200 205 "-" "Mozilla/5.0 (Windows NT 10.0; Win64; x64) AppleWebKit/537.36 (KHTML, like Gecko) Chrome/78.0.3904.108 Safari/537.36"
34.150.235.23 - - [08/Jun/2025:06:58:16 -0400] "POST //xmlrpc.php HTTP/1.1" 200 205 "-" "Mozilla/5.0 (Windows NT 10.0; Win64; x64) AppleWebKit/537.36 (KHTML, like Gecko) Chrome/78.0.3904.108 Safari/537.36"
211.106.190.252 - - [08/Jun/2025:06:58:39 -0400] "GET /manga/btooom-chapter-77/ HTTP/1.1" 304 0 "https://w3.readbtooom.com/manga/btooom-chapter-78/" "Mozilla/5.0 (Linux; Android 10; K) AppleWebKit/537.36 (KHTML, like Gecko) Chrome/135.0.0.0 Mobile Safari/537.36 OPR/89.0.0.0"
211.106.190.252 - - [08/Jun/2025:06:58:40 -0400] "GET /manga/btooom-chapter-80/ HTTP/1.1" 200 30006 "https://w3.readbtooom.com/manga/btooom-chapter-78/" "Mozilla/5.0 (Linux; Android 10; K) AppleWebKit/537.36 (KHTML, like Gecko) Chrome/135.0.0.0 Mobile Safari/537.36 OPR/89.0.0.0"
211.106.190.252 - - [08/Jun/2025:06:58:40 -0400] "GET /manga/btooom-chapter-80/ HTTP/1.1" 304 0 "https://w3.readbtooom.com/manga/btooom-chapter-78/" "Mozilla/5.0 (Linux; Android 10; K) AppleWebKit/537.36 (KHTML, like Gecko) Chrome/135.0.0.0 Mobile Safari/537.36 OPR/89.0.0.0"
162.0.232.193 - - [08/Jun/2025:06:58:41 -0400] "POST /wp-cron.php?doing_wp_cron=1749380321.6112349033355712890625 HTTP/1.1" 200 0 "-" "WordPress/6.4.5; https://w3.readbtooom.com"
211.106.190.252 - - [08/Jun/2025:06:58:41 -0400] "POST /wp-admin/admin-ajax.php HTTP/1.1" 200 69 "https://w3.readbtooom.com/manga/btooom-chapter-80/" "Mozilla/5.0 (Linux; Android 10; K) AppleWebKit/537.36 (KHTML, like Gecko) Chrome/135.0.0.0 Mobile Safari/537.36 OPR/89.0.0.0"
34.150.235.23 - - [08/Jun/2025:06:58:31 -0400] "POST //xmlrpc.php HTTP/1.1" 200 205 "-" "Mozilla/5.0 (Windows NT 10.0; Win64; x64) AppleWebKit/537.36 (KHTML, like Gecko) Chrome/78.0.3904.108 Safari/537.36"
43.157.170.13 - - [08/Jun/2025:06:58:49 -0400] "GET /manga/btooom-chapter-30/ HTTP/1.1" 200 21911 "-" "Mozilla/5.0 (iPhone; CPU iPhone OS 13_2_3 like Mac OS X) AppleWebKit/605.1.15 (KHTML, like Gecko) Version/13.0.3 Mobile/15E148 Safari/604.1"
162.0.232.193 - - [08/Jun/2025:06:58:58 -0400] "POST /wp-cron.php?doing_wp_cron=1749380337.8554329872131347656250 HTTP/1.1" 200 0 "-" "WordPress/6.4.5; https://w3.readbtooom.com"
211.106.190.252 - - [08/Jun/2025:06:58:59 -0400] "GET / HTTP/1.1" 304 0 "https://w3.readbtooom.com/" "Mozilla/5.0 (Linux; Android 10; K) AppleWebKit/537.36 (KHTML, like Gecko) Chrome/135.0.0.0 Mobile Safari/537.36 OPR/89.0.0.0"
34.150.235.23 - - [08/Jun/2025:06:58:46 -0400] "POST //xmlrpc.php HTTP/1.1" 200 205 "-" "Mozilla/5.0 (Windows NT 10.0; Win64; x64) AppleWebKit/537.36 (KHTML, like Gecko) Chrome/78.0.3904.108 Safari/537.36"
211.106.190.252 - - [08/Jun/2025:06:59:00 -0400] "GET /manga/btooom-chapter-79/ HTTP/1.1" 200 30063 "https://w3.readbtooom.com/manga/btooom-chapter-80/" "Mozilla/5.0 (Linux; Android 10; K) AppleWebKit/537.36 (KHTML, like Gecko) Chrome/135.0.0.0 Mobile Safari/537.36 OPR/89.0.0.0"
211.106.190.252 - - [08/Jun/2025:06:59:01 -0400] "GET /manga/btooom-chapter-79/ HTTP/1.1" 304 0 "https://w3.readbtooom.com/manga/btooom-chapter-80/" "Mozilla/5.0 (Linux; Android 10; K) AppleWebKit/537.36 (KHTML, like Gecko) Chrome/135.0.0.0 Mobile Safari/537.36 OPR/89.0.0.0"
62.60.160.33 - - [08/Jun/2025:06:59:12 -0400] "POST /xmlrpc.php HTTP/1.1" 200 186 "https://w3.readbtooom.com" "Mozilla/5.0 (Windows NT 10.0; Win64; x64) AppleWebKit/537.36 (KHTML, like Gecko) Chrome/114.0.5735.199 Safari/537.36 Edg/114.0.1823.67"
62.60.160.33 - - [08/Jun/2025:06:59:13 -0400] "POST /wp-login.php HTTP/1.1" 200 1982 "https://w3.readbtooom.com" "Mozilla/5.0 (Macintosh; Intel Mac OS X 10_15_7; rv:127.0) Gecko/20100101 Firefox/127.0"
34.150.235.23 - - [08/Jun/2025:06:59:00 -0400] "POST //xmlrpc.php HTTP/1.1" 200 205 "-" "Mozilla/5.0 (Windows NT 10.0; Win64; x64) AppleWebKit/537.36 (KHTML, like Gecko) Chrome/78.0.3904.108 Safari/537.36"
34.150.235.23 - - [08/Jun/2025:06:59:16 -0400] "POST //xmlrpc.php HTTP/1.1" 200 205 "-" "Mozilla/5.0 (Windows NT 10.0; Win64; x64) AppleWebKit/537.36 (KHTML, like Gecko) Chrome/78.0.3904.108 Safari/537.36"
162.0.232.193 - - [08/Jun/2025:06:59:45 -0400] "POST /wp-cron.php?doing_wp_cron=1749380385.8004899024963378906250 HTTP/1.1" 200 0 "-" "WordPress/6.4.5; https://w3.readbtooom.com"
34.150.235.23 - - [08/Jun/2025:06:59:30 -0400] "POST //xmlrpc.php HTTP/1.1" 200 205 "-" "Mozilla/5.0 (Windows NT 10.0; Win64; x64) AppleWebKit/537.36 (KHTML, like Gecko) Chrome/78.0.3904.108 Safari/537.36"
211.106.190.252 - - [08/Jun/2025:06:59:49 -0400] "GET /manga/btooom-chapter-81/ HTTP/1.1" 200 31114 "https://w3.readbtooom.com/manga/btooom-chapter-79/" "Mozilla/5.0 (Linux; Android 10; K) AppleWebKit/537.36 (KHTML, like Gecko) Chrome/135.0.0.0 Mobile Safari/537.36 OPR/89.0.0.0"
211.106.190.252 - - [08/Jun/2025:06:59:50 -0400] "GET /manga/btooom-chapter-80/ HTTP/1.1" 304 0 "https://w3.readbtooom.com/manga/btooom-chapter-79/" "Mozilla/5.0 (Linux; Android 10; K) AppleWebKit/537.36 (KHTML, like Gecko) Chrome/135.0.0.0 Mobile Safari/537.36 OPR/89.0.0.0"
211.106.190.252 - - [08/Jun/2025:06:59:50 -0400] "GET /manga/btooom-chapter-81/ HTTP/1.1" 304 0 "https://w3.readbtooom.com/manga/btooom-chapter-79/" "Mozilla/5.0 (Linux; Android 10; K) AppleWebKit/537.36 (KHTML, like Gecko) Chrome/135.0.0.0 Mobile Safari/537.36 OPR/89.0.0.0"
162.0.232.193 - - [08/Jun/2025:06:59:51 -0400] "POST /wp-cron.php?doing_wp_cron=1749380391.5988080501556396484375 HTTP/1.1" 200 0 "-" "WordPress/6.4.5; https://w3.readbtooom.com"
211.106.190.252 - - [08/Jun/2025:06:59:51 -0400] "POST /wp-admin/admin-ajax.php HTTP/1.1" 200 69 "https://w3.readbtooom.com/manga/btooom-chapter-81/" "Mozilla/5.0 (Linux; Android 10; K) AppleWebKit/537.36 (KHTML, like Gecko) Chrome/135.0.0.0 Mobile Safari/537.36 OPR/89.0.0.0"
34.150.235.23 - - [08/Jun/2025:06:59:46 -0400] "POST //xmlrpc.php HTTP/1.1" 200 205 "-" "Mozilla/5.0 (Windows NT 10.0; Win64; x64) AppleWebKit/537.36 (KHTML, like Gecko) Chrome/78.0.3904.108 Safari/537.36"
2a03:2880:ff:d:: - - [08/Jun/2025:07:00:01 -0400] "GET /manga/btooom-chapter-113/ HTTP/1.1" 200 33866 "-" "meta-externalagent/1.1 (+https://developers.facebook.com/docs/sharing/webmasters/crawler)"
211.106.190.252 - - [08/Jun/2025:07:00:11 -0400] "GET /manga/btooom-chapter-79/ HTTP/1.1" 304 0 "https://w3.readbtooom.com/manga/btooom-chapter-81/" "Mozilla/5.0 (Linux; Android 10; K) AppleWebKit/537.36 (KHTML, like Gecko) Chrome/135.0.0.0 Mobile Safari/537.36 OPR/89.0.0.0"
211.106.190.252 - - [08/Jun/2025:07:00:12 -0400] "GET /manga/btooom-chapter-82/ HTTP/1.1" 200 33562 "https://w3.readbtooom.com/manga/btooom-chapter-81/" "Mozilla/5.0 (Linux; Android 10; K) AppleWebKit/537.36 (KHTML, like Gecko) Chrome/135.0.0.0 Mobile Safari/537.36 OPR/89.0.0.0"
211.106.190.252 - - [08/Jun/2025:07:00:12 -0400] "GET /manga/btooom-chapter-82/ HTTP/1.1" 304 0 "https://w3.readbtooom.com/manga/btooom-chapter-81/" "Mozilla/5.0 (Linux; Android 10; K) AppleWebKit/537.36 (KHTML, like Gecko) Chrome/135.0.0.0 Mobile Safari/537.36 OPR/89.0.0.0"
211.106.190.252 - - [08/Jun/2025:07:00:12 -0400] "POST /wp-admin/admin-ajax.php HTTP/1.1" 200 69 "https://w3.readbtooom.com/manga/btooom-chapter-82/" "Mozilla/5.0 (Linux; Android 10; K) AppleWebKit/537.36 (KHTML, like Gecko) Chrome/135.0.0.0 Mobile Safari/537.36 OPR/89.0.0.0"
34.150.235.23 - - [08/Jun/2025:07:00:01 -0400] "POST //xmlrpc.php HTTP/1.1" 200 205 "-" "Mozilla/5.0 (Windows NT 10.0; Win64; x64) AppleWebKit/537.36 (KHTML, like Gecko) Chrome/78.0.3904.108 Safari/537.36"
34.150.235.23 - - [08/Jun/2025:07:00:15 -0400] "POST //xmlrpc.php HTTP/1.1" 200 205 "-" "Mozilla/5.0 (Windows NT 10.0; Win64; x64) AppleWebKit/537.36 (KHTML, like Gecko) Chrome/78.0.3904.108 Safari/537.36"
211.106.190.252 - - [08/Jun/2025:07:00:30 -0400] "GET /manga/btooom-chapter-83/ HTTP/1.1" 200 30489 "https://w3.readbtooom.com/manga/btooom-chapter-82/" "Mozilla/5.0 (Linux; Android 10; K) AppleWebKit/537.36 (KHTML, like Gecko) Chrome/135.0.0.0 Mobile Safari/537.36 OPR/89.0.0.0"
211.106.190.252 - - [08/Jun/2025:07:00:30 -0400] "GET /manga/btooom-chapter-83/ HTTP/1.1" 304 0 "https://w3.readbtooom.com/manga/btooom-chapter-82/" "Mozilla/5.0 (Linux; Android 10; K) AppleWebKit/537.36 (KHTML, like Gecko) Chrome/135.0.0.0 Mobile Safari/537.36 OPR/89.0.0.0"
211.106.190.252 - - [08/Jun/2025:07:00:31 -0400] "POST /wp-admin/admin-ajax.php HTTP/1.1" 200 69 "https://w3.readbtooom.com/manga/btooom-chapter-83/" "Mozilla/5.0 (Linux; Android 10; K) AppleWebKit/537.36 (KHTML, like Gecko) Chrome/135.0.0.0 Mobile Safari/537.36 OPR/89.0.0.0"
162.0.232.193 - - [08/Jun/2025:07:00:45 -0400] "POST /wp-cron.php?doing_wp_cron=1749380445.7640540599822998046875 HTTP/1.1" 200 0 "-" "WordPress/6.4.5; https://w3.readbtooom.com"
34.150.235.23 - - [08/Jun/2025:07:00:30 -0400] "POST //xmlrpc.php HTTP/1.1" 200 205 "-" "Mozilla/5.0 (Windows NT 10.0; Win64; x64) AppleWebKit/537.36 (KHTML, like Gecko) Chrome/78.0.3904.108 Safari/537.36"
162.0.232.193 - - [08/Jun/2025:07:00:49 -0400] "POST /wp-cron.php?doing_wp_cron=1749380449.5089769363403320312500 HTTP/1.1" 200 0 "-" "WordPress/6.4.5; https://w3.readbtooom.com"
211.106.190.252 - - [08/Jun/2025:07:00:51 -0400] "GET /manga/btooom-chapter-84/ HTTP/1.1" 200 30640 "https://w3.readbtooom.com/manga/btooom-chapter-83/" "Mozilla/5.0 (Linux; Android 10; K) AppleWebKit/537.36 (KHTML, like Gecko) Chrome/135.0.0.0 Mobile Safari/537.36 OPR/89.0.0.0"
211.106.190.252 - - [08/Jun/2025:07:00:51 -0400] "GET /manga/btooom-chapter-84/ HTTP/1.1" 304 0 "https://w3.readbtooom.com/manga/btooom-chapter-83/" "Mozilla/5.0 (Linux; Android 10; K) AppleWebKit/537.36 (KHTML, like Gecko) Chrome/135.0.0.0 Mobile Safari/537.36 OPR/89.0.0.0"
211.106.190.252 - - [08/Jun/2025:07:00:52 -0400] "POST /wp-admin/admin-ajax.php HTTP/1.1" 200 69 "https://w3.readbtooom.com/manga/btooom-chapter-84/" "Mozilla/5.0 (Linux; Android 10; K) AppleWebKit/537.36 (KHTML, like Gecko) Chrome/135.0.0.0 Mobile Safari/537.36 OPR/89.0.0.0"
5.9.120.41 - - [08/Jun/2025:07:01:00 -0400] "GET /manga/btooom-chapter-52/ HTTP/1.1" 200 31453 "-" "Mozilla/5.0 (compatible; BLEXBot/1.0; +https://help.seranking.com/en/blex-crawler)"
34.150.235.23 - - [08/Jun/2025:07:00:46 -0400] "POST //xmlrpc.php HTTP/1.1" 200 205 "-" "Mozilla/5.0 (Windows NT 10.0; Win64; x64) AppleWebKit/537.36 (KHTML, like Gecko) Chrome/78.0.3904.108 Safari/537.36"
34.150.235.23 - - [08/Jun/2025:07:01:01 -0400] "POST //xmlrpc.php HTTP/1.1" 200 205 "-" "Mozilla/5.0 (Windows NT 10.0; Win64; x64) AppleWebKit/537.36 (KHTML, like Gecko) Chrome/78.0.3904.108 Safari/537.36"
211.106.190.252 - - [08/Jun/2025:07:01:16 -0400] "GET /manga/btooom-chapter-85/ HTTP/1.1" 200 30772 "https://w3.readbtooom.com/manga/btooom-chapter-84/" "Mozilla/5.0 (Linux; Android 10; K) AppleWebKit/537.36 (KHTML, like Gecko) Chrome/135.0.0.0 Mobile Safari/537.36 OPR/89.0.0.0"
211.106.190.252 - - [08/Jun/2025:07:01:16 -0400] "GET /manga/btooom-chapter-85/ HTTP/1.1" 304 0 "https://w3.readbtooom.com/manga/btooom-chapter-84/" "Mozilla/5.0 (Linux; Android 10; K) AppleWebKit/537.36 (KHTML, like Gecko) Chrome/135.0.0.0 Mobile Safari/537.36 OPR/89.0.0.0"
34.150.235.23 - - [08/Jun/2025:07:01:16 -0400] "POST //xmlrpc.php HTTP/1.1" 200 205 "-" "Mozilla/5.0 (Windows NT 10.0; Win64; x64) AppleWebKit/537.36 (KHTML, like Gecko) Chrome/78.0.3904.108 Safari/537.36"
5.9.120.41 - - [08/Jun/2025:07:01:34 -0400] "GET /manga/btooom-chapter-53/ HTTP/1.1" 200 29733 "-" "Mozilla/5.0 (compatible; BLEXBot/1.0; +https://help.seranking.com/en/blex-crawler)"
211.106.190.252 - - [08/Jun/2025:07:01:37 -0400] "GET /manga/btooom-chapter-86/ HTTP/1.1" 200 31871 "https://w3.readbtooom.com/manga/btooom-chapter-85/" "Mozilla/5.0 (Linux; Android 10; K) AppleWebKit/537.36 (KHTML, like Gecko) Chrome/135.0.0.0 Mobile Safari/537.36 OPR/89.0.0.0"
211.106.190.252 - - [08/Jun/2025:07:01:38 -0400] "GET /manga/btooom-chapter-86/ HTTP/1.1" 304 0 "https://w3.readbtooom.com/manga/btooom-chapter-85/" "Mozilla/5.0 (Linux; Android 10; K) AppleWebKit/537.36 (KHTML, like Gecko) Chrome/135.0.0.0 Mobile Safari/537.36 OPR/89.0.0.0"
162.0.232.193 - - [08/Jun/2025:07:01:46 -0400] "POST /wp-cron.php?doing_wp_cron=1749380505.9789268970489501953125 HTTP/1.1" 200 0 "-" "WordPress/6.4.5; https://w3.readbtooom.com"
34.150.235.23 - - [08/Jun/2025:07:01:30 -0400] "POST //xmlrpc.php HTTP/1.1" 200 205 "-" "Mozilla/5.0 (Windows NT 10.0; Win64; x64) AppleWebKit/537.36 (KHTML, like Gecko) Chrome/78.0.3904.108 Safari/537.36"
211.106.190.252 - - [08/Jun/2025:07:01:56 -0400] "GET /manga/btooom-chapter-87/ HTTP/1.1" 200 30058 "https://w3.readbtooom.com/manga/btooom-chapter-86/" "Mozilla/5.0 (Linux; Android 10; K) AppleWebKit/537.36 (KHTML, like Gecko) Chrome/135.0.0.0 Mobile Safari/537.36 OPR/89.0.0.0"
211.106.190.252 - - [08/Jun/2025:07:01:56 -0400] "GET /manga/btooom-chapter-87/ HTTP/1.1" 304 0 "https://w3.readbtooom.com/manga/btooom-chapter-86/" "Mozilla/5.0 (Linux; Android 10; K) AppleWebKit/537.36 (KHTML, like Gecko) Chrome/135.0.0.0 Mobile Safari/537.36 OPR/89.0.0.0"
162.0.232.193 - - [08/Jun/2025:07:02:00 -0400] "POST /wp-cron.php?doing_wp_cron=1749380520.1697781085968017578125 HTTP/1.1" 200 0 "-" "WordPress/6.4.5; https://w3.readbtooom.com"
34.150.235.23 - - [08/Jun/2025:07:01:46 -0400] "POST //xmlrpc.php HTTP/1.1" 200 205 "-" "Mozilla/5.0 (Windows NT 10.0; Win64; x64) AppleWebKit/537.36 (KHTML, like Gecko) Chrome/78.0.3904.108 Safari/537.36"
34.150.235.23 - - [08/Jun/2025:07:02:00 -0400] "POST //xmlrpc.php HTTP/1.1" 200 205 "-" "Mozilla/5.0 (Windows NT 10.0; Win64; x64) AppleWebKit/537.36 (KHTML, like Gecko) Chrome/78.0.3904.108 Safari/537.36"
143.44.193.103 - - [08/Jun/2025:07:02:18 -0400] "GET /manga/btooom-chapter-115/ HTTP/1.1" 304 0 "https://w3.readbtooom.com/manga/btooom-chapter-114/" "Mozilla/5.0 (Linux; Android 10; K) AppleWebKit/537.36 (KHTML, like Gecko) Chrome/137.0.0.0 Mobile Safari/537.36"
143.44.193.103 - - [08/Jun/2025:07:02:19 -0400] "GET /manga/btooom-chapter-115/ HTTP/1.1" 304 0 "https://w3.readbtooom.com/manga/btooom-chapter-114/" "Mozilla/5.0 (Linux; Android 10; K) AppleWebKit/537.36 (KHTML, like Gecko) Chrome/137.0.0.0 Mobile Safari/537.36"
211.106.190.252 - - [08/Jun/2025:07:02:19 -0400] "GET /tag/kosuke-kira/ HTTP/1.1" 301 0 "https://w3.readbtooom.com/manga/btooom-chapter-87/" "Mozilla/5.0 (Linux; Android 10; K) AppleWebKit/537.36 (KHTML, like Gecko) Chrome/135.0.0.0 Mobile Safari/537.36 OPR/89.0.0.0"
211.106.190.252 - - [08/Jun/2025:07:02:19 -0400] "GET / HTTP/1.1" 304 0 "https://w3.readbtooom.com/" "Mozilla/5.0 (Linux; Android 10; K) AppleWebKit/537.36 (KHTML, like Gecko) Chrome/135.0.0.0 Mobile Safari/537.36 OPR/89.0.0.0"
211.106.190.252 - - [08/Jun/2025:07:02:20 -0400] "GET /manga/btooom-chapter-86/ HTTP/1.1" 304 0 "https://w3.readbtooom.com/manga/btooom-chapter-87/" "Mozilla/5.0 (Linux; Android 10; K) AppleWebKit/537.36 (KHTML, like Gecko) Chrome/135.0.0.0 Mobile Safari/537.36 OPR/89.0.0.0"
211.106.190.252 - - [08/Jun/2025:07:02:20 -0400] "GET /manga/btooom-chapter-88/ HTTP/1.1" 200 30714 "https://w3.readbtooom.com/manga/btooom-chapter-87/" "Mozilla/5.0 (Linux; Android 10; K) AppleWebKit/537.36 (KHTML, like Gecko) Chrome/135.0.0.0 Mobile Safari/537.36 OPR/89.0.0.0"
211.106.190.252 - - [08/Jun/2025:07:02:20 -0400] "GET /manga/btooom-chapter-88/ HTTP/1.1" 304 0 "https://w3.readbtooom.com/manga/btooom-chapter-87/" "Mozilla/5.0 (Linux; Android 10; K) AppleWebKit/537.36 (KHTML, like Gecko) Chrome/135.0.0.0 Mobile Safari/537.36 OPR/89.0.0.0"
5.9.120.41 - - [08/Jun/2025:07:02:23 -0400] "GET /manga/btooom-chapter-55/ HTTP/1.1" 200 30257 "-" "Mozilla/5.0 (compatible; BLEXBot/1.0; +https://help.seranking.com/en/blex-crawler)"
5.9.120.41 - - [08/Jun/2025:07:02:27 -0400] "GET /manga/btooom-chapter-56/ HTTP/1.1" 200 30265 "-" "Mozilla/5.0 (compatible; BLEXBot/1.0; +https://help.seranking.com/en/blex-crawler)"
34.150.235.23 - - [08/Jun/2025:07:02:16 -0400] "POST //xmlrpc.php HTTP/1.1" 200 205 "-" "Mozilla/5.0 (Windows NT 10.0; Win64; x64) AppleWebKit/537.36 (KHTML, like Gecko) Chrome/78.0.3904.108 Safari/537.36"
211.106.190.252 - - [08/Jun/2025:07:02:38 -0400] "GET /tag/himiko/ HTTP/1.1" 301 0 "https://w3.readbtooom.com/manga/btooom-chapter-88/" "Mozilla/5.0 (Linux; Android 10; K) AppleWebKit/537.36 (KHTML, like Gecko) Chrome/135.0.0.0 Mobile Safari/537.36 OPR/89.0.0.0"
211.106.190.252 - - [08/Jun/2025:07:02:38 -0400] "GET / HTTP/1.1" 304 0 "https://w3.readbtooom.com/" "Mozilla/5.0 (Linux; Android 10; K) AppleWebKit/537.36 (KHTML, like Gecko) Chrome/135.0.0.0 Mobile Safari/537.36 OPR/89.0.0.0"
211.106.190.252 - - [08/Jun/2025:07:02:38 -0400] "GET / HTTP/1.1" 304 0 "https://w3.readbtooom.com/" "Mozilla/5.0 (Linux; Android 10; K) AppleWebKit/537.36 (KHTML, like Gecko) Chrome/135.0.0.0 Mobile Safari/537.36 OPR/89.0.0.0"
211.106.190.252 - - [08/Jun/2025:07:02:40 -0400] "GET /manga/btooom-chapter-89/ HTTP/1.1" 200 30211 "https://w3.readbtooom.com/manga/btooom-chapter-88/" "Mozilla/5.0 (Linux; Android 10; K) AppleWebKit/537.36 (KHTML, like Gecko) Chrome/135.0.0.0 Mobile Safari/537.36 OPR/89.0.0.0"
211.106.190.252 - - [08/Jun/2025:07:02:40 -0400] "GET /manga/btooom-chapter-89/ HTTP/1.1" 304 0 "https://w3.readbtooom.com/manga/btooom-chapter-88/" "Mozilla/5.0 (Linux; Android 10; K) AppleWebKit/537.36 (KHTML, like Gecko) Chrome/135.0.0.0 Mobile Safari/537.36 OPR/89.0.0.0"
162.0.232.193 - - [08/Jun/2025:07:02:46 -0400] "POST /wp-cron.php?doing_wp_cron=1749380565.9499421119689941406250 HTTP/1.1" 200 0 "-" "WordPress/6.4.5; https://w3.readbtooom.com"
34.150.235.23 - - [08/Jun/2025:07:02:30 -0400] "POST //xmlrpc.php HTTP/1.1" 200 205 "-" "Mozilla/5.0 (Windows NT 10.0; Win64; x64) AppleWebKit/537.36 (KHTML, like Gecko) Chrome/78.0.3904.108 Safari/537.36"
211.106.190.252 - - [08/Jun/2025:07:02:57 -0400] "GET /manga/btooom-chapter-90/ HTTP/1.1" 200 31867 "https://w3.readbtooom.com/manga/btooom-chapter-89/" "Mozilla/5.0 (Linux; Android 10; K) AppleWebKit/537.36 (KHTML, like Gecko) Chrome/135.0.0.0 Mobile Safari/537.36 OPR/89.0.0.0"
211.106.190.252 - - [08/Jun/2025:07:02:57 -0400] "GET /manga/btooom-chapter-90/ HTTP/1.1" 304 0 "https://w3.readbtooom.com/manga/btooom-chapter-89/" "Mozilla/5.0 (Linux; Android 10; K) AppleWebKit/537.36 (KHTML, like Gecko) Chrome/135.0.0.0 Mobile Safari/537.36 OPR/89.0.0.0"
162.0.232.193 - - [08/Jun/2025:07:03:00 -0400] "POST /wp-cron.php?doing_wp_cron=1749380580.1994268894195556640625 HTTP/1.1" 200 0 "-" "WordPress/6.4.5; https://w3.readbtooom.com"
34.150.235.23 - - [08/Jun/2025:07:02:47 -0400] "POST //xmlrpc.php HTTP/1.1" 200 205 "-" "Mozilla/5.0 (Windows NT 10.0; Win64; x64) AppleWebKit/537.36 (KHTML, like Gecko) Chrome/78.0.3904.108 Safari/537.36"
5.9.120.41 - - [08/Jun/2025:07:03:02 -0400] "GET /manga/btooom-chapter-59/ HTTP/1.1" 200 30497 "-" "Mozilla/5.0 (compatible; BLEXBot/1.0; +https://help.seranking.com/en/blex-crawler)"
34.150.235.23 - - [08/Jun/2025:07:03:00 -0400] "POST //xmlrpc.php HTTP/1.1" 200 205 "-" "Mozilla/5.0 (Windows NT 10.0; Win64; x64) AppleWebKit/537.36 (KHTML, like Gecko) Chrome/78.0.3904.108 Safari/537.36"
211.106.190.252 - - [08/Jun/2025:07:03:22 -0400] "GET /manga/btooom-chapter-91/ HTTP/1.1" 200 30893 "https://w3.readbtooom.com/manga/btooom-chapter-90/" "Mozilla/5.0 (Linux; Android 10; K) AppleWebKit/537.36 (KHTML, like Gecko) Chrome/135.0.0.0 Mobile Safari/537.36 OPR/89.0.0.0"
211.106.190.252 - - [08/Jun/2025:07:03:22 -0400] "GET /manga/btooom-chapter-91/ HTTP/1.1" 304 0 "https://w3.readbtooom.com/manga/btooom-chapter-90/" "Mozilla/5.0 (Linux; Android 10; K) AppleWebKit/537.36 (KHTML, like Gecko) Chrome/135.0.0.0 Mobile Safari/537.36 OPR/89.0.0.0"
34.150.235.23 - - [08/Jun/2025:07:03:16 -0400] "POST //xmlrpc.php HTTP/1.1" 200 205 "-" "Mozilla/5.0 (Windows NT 10.0; Win64; x64) AppleWebKit/537.36 (KHTML, like Gecko) Chrome/78.0.3904.108 Safari/537.36"
5.9.120.41 - - [08/Jun/2025:07:03:33 -0400] "GET /manga/btooom-chapter-61/ HTTP/1.1" 200 31802 "-" "Mozilla/5.0 (compatible; BLEXBot/1.0; +https://help.seranking.com/en/blex-crawler)"
162.0.232.193 - - [08/Jun/2025:07:03:38 -0400] "POST /wp-cron.php?doing_wp_cron=1749380617.9888830184936523437500 HTTP/1.1" 200 0 "-" "WordPress/6.4.5; https://w3.readbtooom.com"
5.9.120.41 - - [08/Jun/2025:07:03:38 -0400] "GET /manga/btooom-chapter-62/ HTTP/1.1" 200 32503 "-" "Mozilla/5.0 (compatible; BLEXBot/1.0; +https://help.seranking.com/en/blex-crawler)"
42.83.147.55 - - [08/Jun/2025:07:03:39 -0400] "GET / HTTP/1.1" 200 18608 "-" "Mozilla/5.0 (Windows NT 6.1; Win64; x64) AppleWebKit/537.36 (KHTML, like Gecko)Chrome/74.0.3729.169 Safari/537.36"
34.150.235.23 - - [08/Jun/2025:07:03:31 -0400] "POST //xmlrpc.php HTTP/1.1" 200 205 "-" "Mozilla/5.0 (Windows NT 10.0; Win64; x64) AppleWebKit/537.36 (KHTML, like Gecko) Chrome/78.0.3904.108 Safari/537.36"
211.106.190.252 - - [08/Jun/2025:07:03:56 -0400] "GET /manga/btooom-chapter-92/ HTTP/1.1" 200 29237 "https://w3.readbtooom.com/manga/btooom-chapter-91/" "Mozilla/5.0 (Linux; Android 10; K) AppleWebKit/537.36 (KHTML, like Gecko) Chrome/135.0.0.0 Mobile Safari/537.36 OPR/89.0.0.0"
211.106.190.252 - - [08/Jun/2025:07:03:57 -0400] "GET /manga/btooom-chapter-92/ HTTP/1.1" 304 0 "https://w3.readbtooom.com/manga/btooom-chapter-91/" "Mozilla/5.0 (Linux; Android 10; K) AppleWebKit/537.36 (KHTML, like Gecko) Chrome/135.0.0.0 Mobile Safari/537.36 OPR/89.0.0.0"
5.9.120.41 - - [08/Jun/2025:07:03:59 -0400] "GET /manga/btooom-chapter-63/ HTTP/1.1" 200 31548 "-" "Mozilla/5.0 (compatible; BLEXBot/1.0; +https://help.seranking.com/en/blex-crawler)"
162.0.232.193 - - [08/Jun/2025:07:04:00 -0400] "POST /wp-cron.php?doing_wp_cron=1749380640.8065679073333740234375 HTTP/1.1" 200 0 "-" "WordPress/6.4.5; https://w3.readbtooom.com"
34.150.235.23 - - [08/Jun/2025:07:03:45 -0400] "POST //xmlrpc.php HTTP/1.1" 200 205 "-" "Mozilla/5.0 (Windows NT 10.0; Win64; x64) AppleWebKit/537.36 (KHTML, like Gecko) Chrome/78.0.3904.108 Safari/537.36"
5.9.120.41 - - [08/Jun/2025:07:04:04 -0400] "GET /manga/btooom-chapter-65/ HTTP/1.1" 200 31257 "-" "Mozilla/5.0 (compatible; BLEXBot/1.0; +https://help.seranking.com/en/blex-crawler)"
34.150.235.23 - - [08/Jun/2025:07:04:01 -0400] "POST //xmlrpc.php HTTP/1.1" 200 205 "-" "Mozilla/5.0 (Windows NT 10.0; Win64; x64) AppleWebKit/537.36 (KHTML, like Gecko) Chrome/78.0.3904.108 Safari/537.36"
211.106.190.252 - - [08/Jun/2025:07:04:20 -0400] "GET / HTTP/1.1" 304 0 "https://w3.readbtooom.com/" "Mozilla/5.0 (Linux; Android 10; K) AppleWebKit/537.36 (KHTML, like Gecko) Chrome/135.0.0.0 Mobile Safari/537.36 OPR/89.0.0.0"
211.106.190.252 - - [08/Jun/2025:07:04:21 -0400] "GET /manga/btooom-chapter-93/ HTTP/1.1" 200 30701 "https://w3.readbtooom.com/manga/btooom-chapter-92/" "Mozilla/5.0 (Linux; Android 10; K) AppleWebKit/537.36 (KHTML, like Gecko) Chrome/135.0.0.0 Mobile Safari/537.36 OPR/89.0.0.0"
211.106.190.252 - - [08/Jun/2025:07:04:22 -0400] "GET /manga/btooom-chapter-93/ HTTP/1.1" 304 0 "https://w3.readbtooom.com/manga/btooom-chapter-92/" "Mozilla/5.0 (Linux; Android 10; K) AppleWebKit/537.36 (KHTML, like Gecko) Chrome/135.0.0.0 Mobile Safari/537.36 OPR/89.0.0.0"
34.150.235.23 - - [08/Jun/2025:07:04:16 -0400] "POST //xmlrpc.php HTTP/1.1" 200 205 "-" "Mozilla/5.0 (Windows NT 10.0; Win64; x64) AppleWebKit/537.36 (KHTML, like Gecko) Chrome/78.0.3904.108 Safari/537.36"
162.0.232.193 - - [08/Jun/2025:07:04:45 -0400] "POST /wp-cron.php?doing_wp_cron=1749380685.7397449016571044921875 HTTP/1.1" 200 0 "-" "WordPress/6.4.5; https://w3.readbtooom.com"
34.150.235.23 - - [08/Jun/2025:07:04:30 -0400] "POST //xmlrpc.php HTTP/1.1" 200 205 "-" "Mozilla/5.0 (Windows NT 10.0; Win64; x64) AppleWebKit/537.36 (KHTML, like Gecko) Chrome/78.0.3904.108 Safari/537.36"
162.0.232.193 - - [08/Jun/2025:07:05:00 -0400] "POST /wp-cron.php?doing_wp_cron=1749380700.2096030712127685546875 HTTP/1.1" 200 0 "-" "WordPress/6.4.5; https://w3.readbtooom.com"
34.150.235.23 - - [08/Jun/2025:07:04:46 -0400] "POST //xmlrpc.php HTTP/1.1" 200 205 "-" "Mozilla/5.0 (Windows NT 10.0; Win64; x64) AppleWebKit/537.36 (KHTML, like Gecko) Chrome/78.0.3904.108 Safari/537.36"
211.106.190.252 - - [08/Jun/2025:07:05:00 -0400] "GET / HTTP/1.1" 304 0 "https://w3.readbtooom.com/" "Mozilla/5.0 (Linux; Android 10; K) AppleWebKit/537.36 (KHTML, like Gecko) Chrome/135.0.0.0 Mobile Safari/537.36 OPR/89.0.0.0"
211.106.190.252 - - [08/Jun/2025:07:05:02 -0400] "GET /manga/btooom-chapter-94/ HTTP/1.1" 200 32452 "https://w3.readbtooom.com/manga/btooom-chapter-93/" "Mozilla/5.0 (Linux; Android 10; K) AppleWebKit/537.36 (KHTML, like Gecko) Chrome/135.0.0.0 Mobile Safari/537.36 OPR/89.0.0.0"
211.106.190.252 - - [08/Jun/2025:07:05:02 -0400] "GET /manga/btooom-chapter-94/ HTTP/1.1" 304 0 "https://w3.readbtooom.com/manga/btooom-chapter-93/" "Mozilla/5.0 (Linux; Android 10; K) AppleWebKit/537.36 (KHTML, like Gecko) Chrome/135.0.0.0 Mobile Safari/537.36 OPR/89.0.0.0"
211.106.190.252 - - [08/Jun/2025:07:05:03 -0400] "POST /wp-admin/admin-ajax.php HTTP/1.1" 200 69 "https://w3.readbtooom.com/manga/btooom-chapter-94/" "Mozilla/5.0 (Linux; Android 10; K) AppleWebKit/537.36 (KHTML, like Gecko) Chrome/135.0.0.0 Mobile Safari/537.36 OPR/89.0.0.0"
34.150.235.23 - - [08/Jun/2025:07:05:01 -0400] "POST //xmlrpc.php HTTP/1.1" 200 205 "-" "Mozilla/5.0 (Windows NT 10.0; Win64; x64) AppleWebKit/537.36 (KHTML, like Gecko) Chrome/78.0.3904.108 Safari/537.36"
211.106.190.252 - - [08/Jun/2025:07:05:26 -0400] "GET /manga/btooom-chapter-95/ HTTP/1.1" 200 31812 "https://w3.readbtooom.com/manga/btooom-chapter-94/" "Mozilla/5.0 (Linux; Android 10; K) AppleWebKit/537.36 (KHTML, like Gecko) Chrome/135.0.0.0 Mobile Safari/537.36 OPR/89.0.0.0"
211.106.190.252 - - [08/Jun/2025:07:05:27 -0400] "GET /manga/btooom-chapter-95/ HTTP/1.1" 304 0 "https://w3.readbtooom.com/manga/btooom-chapter-94/" "Mozilla/5.0 (Linux; Android 10; K) AppleWebKit/537.36 (KHTML, like Gecko) Chrome/135.0.0.0 Mobile Safari/537.36 OPR/89.0.0.0"
211.106.190.252 - - [08/Jun/2025:07:05:27 -0400] "POST /wp-admin/admin-ajax.php HTTP/1.1" 200 69 "https://w3.readbtooom.com/manga/btooom-chapter-95/" "Mozilla/5.0 (Linux; Android 10; K) AppleWebKit/537.36 (KHTML, like Gecko) Chrome/135.0.0.0 Mobile Safari/537.36 OPR/89.0.0.0"
34.150.235.23 - - [08/Jun/2025:07:05:15 -0400] "POST //xmlrpc.php HTTP/1.1" 200 205 "-" "Mozilla/5.0 (Windows NT 10.0; Win64; x64) AppleWebKit/537.36 (KHTML, like Gecko) Chrome/78.0.3904.108 Safari/537.36"
162.0.232.193 - - [08/Jun/2025:07:05:46 -0400] "POST /wp-cron.php?doing_wp_cron=1749380746.0408608913421630859375 HTTP/1.1" 200 0 "-" "WordPress/6.4.5; https://w3.readbtooom.com"
34.150.235.23 - - [08/Jun/2025:07:05:30 -0400] "POST //xmlrpc.php HTTP/1.1" 200 205 "-" "Mozilla/5.0 (Windows NT 10.0; Win64; x64) AppleWebKit/537.36 (KHTML, like Gecko) Chrome/78.0.3904.108 Safari/537.36"
162.0.232.193 - - [08/Jun/2025:07:06:00 -0400] "POST /wp-cron.php?doing_wp_cron=1749380760.1681559085845947265625 HTTP/1.1" 200 0 "-" "WordPress/6.4.5; https://w3.readbtooom.com"
34.150.235.23 - - [08/Jun/2025:07:05:47 -0400] "POST //xmlrpc.php HTTP/1.1" 200 205 "-" "Mozilla/5.0 (Windows NT 10.0; Win64; x64) AppleWebKit/537.36 (KHTML, like Gecko) Chrome/78.0.3904.108 Safari/537.36"
211.106.190.252 - - [08/Jun/2025:07:06:15 -0400] "GET /manga/btooom-chapter-94/ HTTP/1.1" 304 0 "https://w3.readbtooom.com/manga/btooom-chapter-95/" "Mozilla/5.0 (Linux; Android 10; K) AppleWebKit/537.36 (KHTML, like Gecko) Chrome/135.0.0.0 Mobile Safari/537.36 OPR/89.0.0.0"
34.150.235.23 - - [08/Jun/2025:07:06:00 -0400] "POST //xmlrpc.php HTTP/1.1" 200 205 "-" "Mozilla/5.0 (Windows NT 10.0; Win64; x64) AppleWebKit/537.36 (KHTML, like Gecko) Chrome/78.0.3904.108 Safari/537.36"
211.106.190.252 - - [08/Jun/2025:07:06:15 -0400] "GET /manga/btooom-chapter-96/ HTTP/1.1" 200 29839 "https://w3.readbtooom.com/manga/btooom-chapter-95/" "Mozilla/5.0 (Linux; Android 10; K) AppleWebKit/537.36 (KHTML, like Gecko) Chrome/135.0.0.0 Mobile Safari/537.36 OPR/89.0.0.0"
211.106.190.252 - - [08/Jun/2025:07:06:16 -0400] "GET /manga/btooom-chapter-96/ HTTP/1.1" 304 0 "https://w3.readbtooom.com/manga/btooom-chapter-95/" "Mozilla/5.0 (Linux; Android 10; K) AppleWebKit/537.36 (KHTML, like Gecko) Chrome/135.0.0.0 Mobile Safari/537.36 OPR/89.0.0.0"
211.106.190.252 - - [08/Jun/2025:07:06:16 -0400] "POST /wp-admin/admin-ajax.php HTTP/1.1" 200 69 "https://w3.readbtooom.com/manga/btooom-chapter-96/" "Mozilla/5.0 (Linux; Android 10; K) AppleWebKit/537.36 (KHTML, like Gecko) Chrome/135.0.0.0 Mobile Safari/537.36 OPR/89.0.0.0"
143.44.193.103 - - [08/Jun/2025:07:06:28 -0400] "GET /manga/btooom-chapter-114/ HTTP/1.1" 304 0 "https://w3.readbtooom.com/manga/btooom-chapter-115/" "Mozilla/5.0 (Linux; Android 10; K) AppleWebKit/537.36 (KHTML, like Gecko) Chrome/137.0.0.0 Mobile Safari/537.36"
143.44.193.103 - - [08/Jun/2025:07:06:29 -0400] "GET /manga/btooom-chapter-116/ HTTP/1.1" 304 0 "https://w3.readbtooom.com/manga/btooom-chapter-115/" "Mozilla/5.0 (Linux; Android 10; K) AppleWebKit/537.36 (KHTML, like Gecko) Chrome/137.0.0.0 Mobile Safari/537.36"
143.44.193.103 - - [08/Jun/2025:07:06:29 -0400] "GET /manga/btooom-chapter-116/ HTTP/1.1" 304 0 "https://w3.readbtooom.com/manga/btooom-chapter-115/" "Mozilla/5.0 (Linux; Android 10; K) AppleWebKit/537.36 (KHTML, like Gecko) Chrome/137.0.0.0 Mobile Safari/537.36"
34.150.235.23 - - [08/Jun/2025:07:06:15 -0400] "POST //xmlrpc.php HTTP/1.1" 200 205 "-" "Mozilla/5.0 (Windows NT 10.0; Win64; x64) AppleWebKit/537.36 (KHTML, like Gecko) Chrome/78.0.3904.108 Safari/537.36"
162.0.232.193 - - [08/Jun/2025:07:06:45 -0400] "POST /wp-cron.php?doing_wp_cron=1749380805.6110908985137939453125 HTTP/1.1" 200 0 "-" "WordPress/6.4.5; https://w3.readbtooom.com"
