43.159.145.153 - - [08/Jun/2025:16:12:33 -0400] "GET / HTTP/1.1" 200 18608 "https://readbtooom.com/" "Mozilla/5.0 (iPhone; CPU iPhone OS 13_2_3 like Mac OS X) AppleWebKit/605.1.15 (KHTML, like Gecko) Version/13.0.3 Mobile/15E148 Safari/604.1"
124.246.127.105 - - [08/Jun/2025:16:12:34 -0400] "GET /manga/btooom-chapter-106/ HTTP/1.1" 304 0 "https://w3.readbtooom.com/manga/btooom-chapter-107/" "Mozilla/5.0 (X11; CrOS x86_64 14541.0.0) AppleWebKit/537.36 (KHTML, like Gecko) Chrome/136.0.0.0 Safari/537.36"
124.246.127.105 - - [08/Jun/2025:16:12:34 -0400] "GET /manga/btooom-chapter-108/ HTTP/1.1" 200 31048 "https://w3.readbtooom.com/manga/btooom-chapter-107/" "Mozilla/5.0 (X11; CrOS x86_64 14541.0.0) AppleWebKit/537.36 (KHTML, like Gecko) Chrome/136.0.0.0 Safari/537.36"
124.246.127.105 - - [08/Jun/2025:16:12:34 -0400] "GET /manga/btooom-chapter-108/ HTTP/1.1" 304 0 "https://w3.readbtooom.com/manga/btooom-chapter-107/" "Mozilla/5.0 (X11; CrOS x86_64 14541.0.0) AppleWebKit/537.36 (KHTML, like Gecko) Chrome/136.0.0.0 Safari/537.36"
2804:498:fc3d:4100:349e:58cd:2c8a:750 - - [08/Jun/2025:16:13:01 -0400] "GET /manga/btooom-chapter-100/ HTTP/1.1" 200 29574 "https://w3.readbtooom.com/manga/btooom-chapter-99/" "Mozilla/5.0 (Linux; Android 10; K) AppleWebKit/537.36 (KHTML, like Gecko) Chrome/135.0.0.0 Mobile Safari/537.36 OPR/89.0.0.0"
2804:498:fc3d:4100:349e:58cd:2c8a:750 - - [08/Jun/2025:16:13:01 -0400] "GET /manga/btooom-chapter-100/ HTTP/1.1" 304 0 "https://w3.readbtooom.com/manga/btooom-chapter-99/" "Mozilla/5.0 (Linux; Android 10; K) AppleWebKit/537.36 (KHTML, like Gecko) Chrome/135.0.0.0 Mobile Safari/537.36 OPR/89.0.0.0"
162.0.232.193 - - [08/Jun/2025:16:14:10 -0400] "POST /wp-cron.php?doing_wp_cron=1749413649.9533619880676269531250 HTTP/1.1" 200 0 "-" "WordPress/6.4.5; https://w3.readbtooom.com"
13.79.37.50 - - [08/Jun/2025:16:14:10 -0400] "GET / HTTP/1.1" 200 18608 "-" "-"
13.79.37.50 - - [08/Jun/2025:16:14:11 -0400] "GET / HTTP/1.1" 200 18608 "-" "-"
13.79.37.50 - - [08/Jun/2025:16:14:12 -0400] "GET / HTTP/1.1" 200 18608 "-" "-"
2804:498:fc3d:4100:349e:58cd:2c8a:750 - - [08/Jun/2025:16:14:13 -0400] "GET /tag/ryota-sakamoto/ HTTP/1.1" 301 0 "https://w3.readbtooom.com/manga/btooom-chapter-100/" "Mozilla/5.0 (Linux; Android 10; K) AppleWebKit/537.36 (KHTML, like Gecko) Chrome/135.0.0.0 Mobile Safari/537.36 OPR/89.0.0.0"
13.79.37.50 - - [08/Jun/2025:16:14:13 -0400] "GET / HTTP/1.1" 200 18608 "-" "-"
2804:498:fc3d:4100:349e:58cd:2c8a:750 - - [08/Jun/2025:16:14:14 -0400] "GET /manga/btooom-chapter-101/ HTTP/1.1" 200 30552 "https://w3.readbtooom.com/manga/btooom-chapter-100/" "Mozilla/5.0 (Linux; Android 10; K) AppleWebKit/537.36 (KHTML, like Gecko) Chrome/135.0.0.0 Mobile Safari/537.36 OPR/89.0.0.0"
13.79.37.50 - - [08/Jun/2025:16:14:14 -0400] "GET / HTTP/1.1" 200 18608 "-" "-"
2804:498:fc3d:4100:349e:58cd:2c8a:750 - - [08/Jun/2025:16:14:14 -0400] "GET / HTTP/1.1" 200 18608 "https://w3.readbtooom.com/" "Mozilla/5.0 (Linux; Android 10; K) AppleWebKit/537.36 (KHTML, like Gecko) Chrome/135.0.0.0 Mobile Safari/537.36 OPR/89.0.0.0"
2804:498:fc3d:4100:349e:58cd:2c8a:750 - - [08/Jun/2025:16:14:14 -0400] "GET /manga/btooom-chapter-101/ HTTP/1.1" 304 0 "https://w3.readbtooom.com/manga/btooom-chapter-100/" "Mozilla/5.0 (Linux; Android 10; K) AppleWebKit/537.36 (KHTML, like Gecko) Chrome/135.0.0.0 Mobile Safari/537.36 OPR/89.0.0.0"
13.79.37.50 - - [08/Jun/2025:16:14:16 -0400] "GET / HTTP/1.1" 200 18608 "-" "-"
13.79.37.50 - - [08/Jun/2025:16:14:16 -0400] "GET /wp-login.php?action=register HTTP/1.1" 302 0 "-" "-"
13.79.37.50 - - [08/Jun/2025:16:14:16 -0400] "GET /wp-login.php?registration=disabled HTTP/1.1" 200 1918 "-" "-"
13.79.37.50 - - [08/Jun/2025:16:14:17 -0400] "GET / HTTP/1.1" 200 18608 "-" "-"
13.79.37.50 - - [08/Jun/2025:16:14:18 -0400] "GET / HTTP/1.1" 200 18608 "-" "-"
13.79.37.50 - - [08/Jun/2025:16:14:19 -0400] "GET / HTTP/1.1" 200 18608 "-" "-"
13.79.37.50 - - [08/Jun/2025:16:14:20 -0400] "GET / HTTP/1.1" 200 18608 "-" "-"
13.79.37.50 - - [08/Jun/2025:16:14:21 -0400] "GET / HTTP/1.1" 200 18608 "-" "-"
13.79.37.50 - - [08/Jun/2025:16:14:21 -0400] "GET / HTTP/1.1" 200 18608 "-" "-"
13.79.37.50 - - [08/Jun/2025:16:14:22 -0400] "GET / HTTP/1.1" 200 18608 "-" "-"
13.79.37.50 - - [08/Jun/2025:16:14:23 -0400] "GET / HTTP/1.1" 200 18608 "-" "-"
13.79.37.50 - - [08/Jun/2025:16:14:24 -0400] "GET / HTTP/1.1" 200 18608 "-" "-"
13.79.37.50 - - [08/Jun/2025:16:14:25 -0400] "GET / HTTP/1.1" 200 18608 "-" "-"
13.79.37.50 - - [08/Jun/2025:16:14:26 -0400] "GET / HTTP/1.1" 200 18608 "-" "-"
13.79.37.50 - - [08/Jun/2025:16:14:27 -0400] "GET / HTTP/1.1" 200 18608 "-" "-"
13.79.37.50 - - [08/Jun/2025:16:14:28 -0400] "GET / HTTP/1.1" 200 18608 "-" "-"
13.79.37.50 - - [08/Jun/2025:16:14:29 -0400] "GET / HTTP/1.1" 200 18608 "-" "-"
13.79.37.50 - - [08/Jun/2025:16:14:30 -0400] "GET / HTTP/1.1" 200 18608 "-" "-"
13.79.37.50 - - [08/Jun/2025:16:14:31 -0400] "GET / HTTP/1.1" 200 18608 "-" "-"
13.79.37.50 - - [08/Jun/2025:16:14:31 -0400] "GET / HTTP/1.1" 200 18608 "-" "-"
31.40.248.2 - - [08/Jun/2025:16:14:32 -0400] "GET / HTTP/1.1" 200 18608 "http://buxtome.ru/" "manager(+internet-surf)"
13.79.37.50 - - [08/Jun/2025:16:14:32 -0400] "GET / HTTP/1.1" 200 18608 "-" "-"
13.79.37.50 - - [08/Jun/2025:16:14:33 -0400] "GET / HTTP/1.1" 200 18608 "-" "-"
13.79.37.50 - - [08/Jun/2025:16:14:34 -0400] "GET / HTTP/1.1" 200 18608 "-" "-"
13.79.37.50 - - [08/Jun/2025:16:14:35 -0400] "GET / HTTP/1.1" 200 18608 "-" "-"
162.0.232.193 - - [08/Jun/2025:16:14:36 -0400] "POST /wp-cron.php?doing_wp_cron=1749413676.0763320922851562500000 HTTP/1.1" 200 0 "-" "WordPress/6.4.5; https://w3.readbtooom.com"
13.79.37.50 - - [08/Jun/2025:16:14:36 -0400] "GET / HTTP/1.1" 200 18608 "-" "-"
13.79.37.50 - - [08/Jun/2025:16:14:37 -0400] "GET / HTTP/1.1" 200 18608 "-" "-"
13.79.37.50 - - [08/Jun/2025:16:14:38 -0400] "GET / HTTP/1.1" 200 18608 "-" "-"
13.79.37.50 - - [08/Jun/2025:16:14:38 -0400] "GET / HTTP/1.1" 200 18608 "-" "-"
13.79.37.50 - - [08/Jun/2025:16:14:39 -0400] "GET / HTTP/1.1" 200 18608 "-" "-"
13.79.37.50 - - [08/Jun/2025:16:14:40 -0400] "GET / HTTP/1.1" 200 18608 "-" "-"
13.79.37.50 - - [08/Jun/2025:16:14:41 -0400] "GET / HTTP/1.1" 200 18608 "-" "-"
13.79.37.50 - - [08/Jun/2025:16:14:42 -0400] "GET / HTTP/1.1" 200 18608 "-" "-"
13.79.37.50 - - [08/Jun/2025:16:14:43 -0400] "GET / HTTP/1.1" 200 18608 "-" "-"
13.79.37.50 - - [08/Jun/2025:16:14:44 -0400] "GET / HTTP/1.1" 200 18608 "-" "-"
13.79.37.50 - - [08/Jun/2025:16:14:45 -0400] "GET / HTTP/1.1" 200 18608 "-" "-"
13.79.37.50 - - [08/Jun/2025:16:14:46 -0400] "GET / HTTP/1.1" 200 18608 "-" "-"
13.79.37.50 - - [08/Jun/2025:16:14:47 -0400] "GET / HTTP/1.1" 200 18608 "-" "-"
162.0.232.193 - - [08/Jun/2025:16:14:48 -0400] "POST /wp-cron.php?doing_wp_cron=1749413688.2254118919372558593750 HTTP/1.1" 200 0 "-" "WordPress/6.4.5; https://w3.readbtooom.com"
13.79.37.50 - - [08/Jun/2025:16:14:48 -0400] "GET / HTTP/1.1" 200 18608 "-" "-"
13.79.37.50 - - [08/Jun/2025:16:14:49 -0400] "GET / HTTP/1.1" 200 18608 "-" "-"
13.79.37.50 - - [08/Jun/2025:16:14:50 -0400] "GET / HTTP/1.1" 200 18608 "-" "-"
13.79.37.50 - - [08/Jun/2025:16:14:51 -0400] "GET / HTTP/1.1" 200 18608 "-" "-"
13.79.37.50 - - [08/Jun/2025:16:14:52 -0400] "GET / HTTP/1.1" 200 18608 "-" "-"
13.79.37.50 - - [08/Jun/2025:16:14:53 -0400] "GET / HTTP/1.1" 200 18608 "-" "-"
2804:498:fc3d:4100:349e:58cd:2c8a:750 - - [08/Jun/2025:16:15:06 -0400] "GET /manga/btooom-chapter-102/ HTTP/1.1" 200 34028 "https://w3.readbtooom.com/manga/btooom-chapter-101/" "Mozilla/5.0 (Linux; Android 10; K) AppleWebKit/537.36 (KHTML, like Gecko) Chrome/135.0.0.0 Mobile Safari/537.36 OPR/89.0.0.0"
2804:498:fc3d:4100:349e:58cd:2c8a:750 - - [08/Jun/2025:16:15:07 -0400] "GET /manga/btooom-chapter-102/ HTTP/1.1" 304 0 "https://w3.readbtooom.com/manga/btooom-chapter-101/" "Mozilla/5.0 (Linux; Android 10; K) AppleWebKit/537.36 (KHTML, like Gecko) Chrome/135.0.0.0 Mobile Safari/537.36 OPR/89.0.0.0"
2804:498:fc3d:4100:349e:58cd:2c8a:750 - - [08/Jun/2025:16:15:08 -0400] "POST /wp-admin/admin-ajax.php HTTP/1.1" 200 69 "https://w3.readbtooom.com/manga/btooom-chapter-102/" "Mozilla/5.0 (Linux; Android 10; K) AppleWebKit/537.36 (KHTML, like Gecko) Chrome/135.0.0.0 Mobile Safari/537.36 OPR/89.0.0.0"
124.246.127.105 - - [08/Jun/2025:16:15:16 -0400] "GET /manga/btooom-chapter-107/ HTTP/1.1" 304 0 "https://w3.readbtooom.com/manga/btooom-chapter-108/" "Mozilla/5.0 (X11; CrOS x86_64 14541.0.0) AppleWebKit/537.36 (KHTML, like Gecko) Chrome/136.0.0.0 Safari/537.36"
124.246.127.105 - - [08/Jun/2025:16:15:16 -0400] "GET /manga/btooom-chapter-109/ HTTP/1.1" 200 35995 "https://w3.readbtooom.com/manga/btooom-chapter-108/" "Mozilla/5.0 (X11; CrOS x86_64 14541.0.0) AppleWebKit/537.36 (KHTML, like Gecko) Chrome/136.0.0.0 Safari/537.36"
124.246.127.105 - - [08/Jun/2025:16:15:17 -0400] "GET /manga/btooom-chapter-109/ HTTP/1.1" 304 0 "https://w3.readbtooom.com/manga/btooom-chapter-108/" "Mozilla/5.0 (X11; CrOS x86_64 14541.0.0) AppleWebKit/537.36 (KHTML, like Gecko) Chrome/136.0.0.0 Safari/537.36"
66.249.64.130 - - [08/Jun/2025:16:15:22 -0400] "GET /manga/btooom-chapter-103/ HTTP/1.1" 200 30331 "-" "Mozilla/5.0 (Linux; Android 6.0.1; Nexus 5X Build/MMB29P) AppleWebKit/537.36 (KHTML, like Gecko) Chrome/136.0.7103.113 Mobile Safari/537.36 (compatible; Googlebot/2.1; +http://www.google.com/bot.html)"
162.0.232.193 - - [08/Jun/2025:16:15:50 -0400] "POST /wp-cron.php?doing_wp_cron=1749413750.0736989974975585937500 HTTP/1.1" 200 0 "-" "WordPress/6.4.5; https://w3.readbtooom.com"
66.249.64.130 - - [08/Jun/2025:16:15:49 -0400] "POST /wp-admin/admin-ajax.php HTTP/1.1" 200 69 "https://w3.readbtooom.com/manga/btooom-chapter-103/" "Mozilla/5.0 (Linux; Android 6.0.1; Nexus 5X Build/MMB29P) AppleWebKit/537.36 (KHTML, like Gecko) Chrome/136.0.7103.92 Mobile Safari/537.36 (compatible; Googlebot/2.1; +http://www.google.com/bot.html)"
2804:498:fc3d:4100:349e:58cd:2c8a:750 - - [08/Jun/2025:16:16:07 -0400] "GET /manga/btooom-chapter-103/ HTTP/1.1" 200 30331 "https://w3.readbtooom.com/manga/btooom-chapter-102/" "Mozilla/5.0 (Linux; Android 10; K) AppleWebKit/537.36 (KHTML, like Gecko) Chrome/135.0.0.0 Mobile Safari/537.36 OPR/89.0.0.0"
2804:498:fc3d:4100:349e:58cd:2c8a:750 - - [08/Jun/2025:16:16:07 -0400] "GET /manga/btooom-chapter-103/ HTTP/1.1" 304 0 "https://w3.readbtooom.com/manga/btooom-chapter-102/" "Mozilla/5.0 (Linux; Android 10; K) AppleWebKit/537.36 (KHTML, like Gecko) Chrome/135.0.0.0 Mobile Safari/537.36 OPR/89.0.0.0"
2804:498:fc3d:4100:349e:58cd:2c8a:750 - - [08/Jun/2025:16:16:08 -0400] "POST /wp-admin/admin-ajax.php HTTP/1.1" 200 69 "https://w3.readbtooom.com/manga/btooom-chapter-103/" "Mozilla/5.0 (Linux; Android 10; K) AppleWebKit/537.36 (KHTML, like Gecko) Chrome/135.0.0.0 Mobile Safari/537.36 OPR/89.0.0.0"
2804:498:fc3d:4100:349e:58cd:2c8a:750 - - [08/Jun/2025:16:16:43 -0400] "GET /manga/btooom-chapter-104/ HTTP/1.1" 200 30474 "https://w3.readbtooom.com/manga/btooom-chapter-103/" "Mozilla/5.0 (Linux; Android 10; K) AppleWebKit/537.36 (KHTML, like Gecko) Chrome/135.0.0.0 Mobile Safari/537.36 OPR/89.0.0.0"
2804:498:fc3d:4100:349e:58cd:2c8a:750 - - [08/Jun/2025:16:16:43 -0400] "GET /manga/btooom-chapter-104/ HTTP/1.1" 304 0 "https://w3.readbtooom.com/manga/btooom-chapter-103/" "Mozilla/5.0 (Linux; Android 10; K) AppleWebKit/537.36 (KHTML, like Gecko) Chrome/135.0.0.0 Mobile Safari/537.36 OPR/89.0.0.0"
162.0.232.193 - - [08/Jun/2025:16:16:45 -0400] "POST /wp-cron.php?doing_wp_cron=1749413805.6179149150848388671875 HTTP/1.1" 200 0 "-" "WordPress/6.4.5; https://w3.readbtooom.com"
2804:498:fc3d:4100:349e:58cd:2c8a:750 - - [08/Jun/2025:16:16:45 -0400] "POST /wp-admin/admin-ajax.php HTTP/1.1" 200 69 "https://w3.readbtooom.com/manga/btooom-chapter-104/" "Mozilla/5.0 (Linux; Android 10; K) AppleWebKit/537.36 (KHTML, like Gecko) Chrome/135.0.0.0 Mobile Safari/537.36 OPR/89.0.0.0"
2a09:bac5:3e98:c8::14:2e6 - - [08/Jun/2025:16:17:03 -0400] "GET /manga/btooom-chapter-54/ HTTP/1.1" 200 32362 "https://w3.readbtooom.com/manga/btooom-chapter-51/" "Mozilla/5.0 (Linux; Android 10; K) AppleWebKit/537.36 (KHTML, like Gecko) Chrome/137.0.0.0 Mobile Safari/537.36"
2a09:bac5:3e98:c8::14:2e6 - - [08/Jun/2025:16:17:07 -0400] "GET /manga/btooom-chapter-50/ HTTP/1.1" 200 32683 "https://w3.readbtooom.com/manga/btooom-chapter-51/" "Mozilla/5.0 (Linux; Android 10; K) AppleWebKit/537.36 (KHTML, like Gecko) Chrome/137.0.0.0 Mobile Safari/537.36"
2a09:bac5:3e98:c8::14:2e6 - - [08/Jun/2025:16:17:23 -0400] "GET /manga/btooom-chapter-54/ HTTP/1.1" 304 0 "https://w3.readbtooom.com/manga/btooom-chapter-51/" "Mozilla/5.0 (Linux; Android 10; K) AppleWebKit/537.36 (KHTML, like Gecko) Chrome/137.0.0.0 Mobile Safari/537.36"
162.0.232.193 - - [08/Jun/2025:16:17:24 -0400] "POST /wp-cron.php?doing_wp_cron=1749413844.4311289787292480468750 HTTP/1.1" 200 0 "-" "WordPress/6.4.5; https://w3.readbtooom.com"
2a09:bac5:3e98:c8::14:2e6 - - [08/Jun/2025:16:17:24 -0400] "POST /wp-admin/admin-ajax.php HTTP/1.1" 200 69 "https://w3.readbtooom.com/manga/btooom-chapter-54/" "Mozilla/5.0 (Linux; Android 10; K) AppleWebKit/537.36 (KHTML, like Gecko) Chrome/137.0.0.0 Mobile Safari/537.36"
2a09:bac5:3e98:c8::14:2e6 - - [08/Jun/2025:16:17:30 -0400] "GET /manga/btooom-chapter-52/ HTTP/1.1" 200 31866 "https://w3.readbtooom.com/manga/btooom-chapter-54/" "Mozilla/5.0 (Linux; Android 10; K) AppleWebKit/537.36 (KHTML, like Gecko) Chrome/137.0.0.0 Mobile Safari/537.36"
2a09:bac5:3e98:c8::14:2e6 - - [08/Jun/2025:16:17:31 -0400] "POST /wp-admin/admin-ajax.php HTTP/1.1" 200 69 "https://w3.readbtooom.com/manga/btooom-chapter-52/" "Mozilla/5.0 (Linux; Android 10; K) AppleWebKit/537.36 (KHTML, like Gecko) Chrome/137.0.0.0 Mobile Safari/537.36"
2804:498:fc3d:4100:349e:58cd:2c8a:750 - - [08/Jun/2025:16:17:34 -0400] "GET /manga/btooom-chapter-105/ HTTP/1.1" 200 36468 "https://w3.readbtooom.com/manga/btooom-chapter-104/" "Mozilla/5.0 (Linux; Android 10; K) AppleWebKit/537.36 (KHTML, like Gecko) Chrome/135.0.0.0 Mobile Safari/537.36 OPR/89.0.0.0"
2804:498:fc3d:4100:349e:58cd:2c8a:750 - - [08/Jun/2025:16:17:35 -0400] "GET /manga/btooom-chapter-105/ HTTP/1.1" 304 0 "https://w3.readbtooom.com/manga/btooom-chapter-104/" "Mozilla/5.0 (Linux; Android 10; K) AppleWebKit/537.36 (KHTML, like Gecko) Chrome/135.0.0.0 Mobile Safari/537.36 OPR/89.0.0.0"
124.246.127.105 - - [08/Jun/2025:16:17:41 -0400] "GET /manga/btooom-chapter-108/ HTTP/1.1" 304 0 "https://w3.readbtooom.com/manga/btooom-chapter-109/" "Mozilla/5.0 (X11; CrOS x86_64 14541.0.0) AppleWebKit/537.36 (KHTML, like Gecko) Chrome/136.0.0.0 Safari/537.36"
124.246.127.105 - - [08/Jun/2025:16:17:41 -0400] "GET /manga/btooom-chapter-110/ HTTP/1.1" 200 34555 "https://w3.readbtooom.com/manga/btooom-chapter-109/" "Mozilla/5.0 (X11; CrOS x86_64 14541.0.0) AppleWebKit/537.36 (KHTML, like Gecko) Chrome/136.0.0.0 Safari/537.36"
124.246.127.105 - - [08/Jun/2025:16:17:41 -0400] "GET /manga/btooom-chapter-110/ HTTP/1.1" 304 0 "https://w3.readbtooom.com/manga/btooom-chapter-109/" "Mozilla/5.0 (X11; CrOS x86_64 14541.0.0) AppleWebKit/537.36 (KHTML, like Gecko) Chrome/136.0.0.0 Safari/537.36"
162.0.232.193 - - [08/Jun/2025:16:17:52 -0400] "POST /wp-cron.php?doing_wp_cron=1749413872.5507009029388427734375 HTTP/1.1" 200 0 "-" "WordPress/6.4.5; https://w3.readbtooom.com"
124.246.127.105 - - [08/Jun/2025:16:17:52 -0400] "POST /wp-admin/admin-ajax.php HTTP/1.1" 200 0 "https://w3.readbtooom.com/manga/btooom-chapter-93/" "Mozilla/5.0 (X11; CrOS x86_64 14541.0.0) AppleWebKit/537.36 (KHTML, like Gecko) Chrome/136.0.0.0 Safari/537.36"
124.246.127.105 - - [08/Jun/2025:16:17:57 -0400] "POST /wp-admin/admin-ajax.php HTTP/1.1" 200 0 "https://w3.readbtooom.com/manga/btooom-chapter-93/" "Mozilla/5.0 (X11; CrOS x86_64 14541.0.0) AppleWebKit/537.36 (KHTML, like Gecko) Chrome/136.0.0.0 Safari/537.36"
124.246.127.105 - - [08/Jun/2025:16:18:01 -0400] "POST /wp-admin/admin-ajax.php HTTP/1.1" 200 69 "https://w3.readbtooom.com/manga/btooom-chapter-93/" "Mozilla/5.0 (X11; CrOS x86_64 14541.0.0) AppleWebKit/537.36 (KHTML, like Gecko) Chrome/136.0.0.0 Safari/537.36"
124.246.127.105 - - [08/Jun/2025:16:18:04 -0400] "GET / HTTP/1.1" 304 0 "https://w3.readbtooom.com/manga/btooom-chapter-93/" "Mozilla/5.0 (X11; CrOS x86_64 14541.0.0) AppleWebKit/537.36 (KHTML, like Gecko) Chrome/136.0.0.0 Safari/537.36"
124.246.127.105 - - [08/Jun/2025:16:18:04 -0400] "GET / HTTP/1.1" 304 0 "https://w3.readbtooom.com/manga/btooom-chapter-93/" "Mozilla/5.0 (X11; CrOS x86_64 14541.0.0) AppleWebKit/537.36 (KHTML, like Gecko) Chrome/136.0.0.0 Safari/537.36"
2804:498:fc3d:4100:349e:58cd:2c8a:750 - - [08/Jun/2025:16:18:05 -0400] "GET /manga/btooom-chapter-106/ HTTP/1.1" 200 34343 "https://w3.readbtooom.com/manga/btooom-chapter-105/" "Mozilla/5.0 (Linux; Android 10; K) AppleWebKit/537.36 (KHTML, like Gecko) Chrome/135.0.0.0 Mobile Safari/537.36 OPR/89.0.0.0"
2804:498:fc3d:4100:349e:58cd:2c8a:750 - - [08/Jun/2025:16:18:06 -0400] "GET /manga/btooom-chapter-106/ HTTP/1.1" 304 0 "https://w3.readbtooom.com/manga/btooom-chapter-105/" "Mozilla/5.0 (Linux; Android 10; K) AppleWebKit/537.36 (KHTML, like Gecko) Chrome/135.0.0.0 Mobile Safari/537.36 OPR/89.0.0.0"
2804:498:fc3d:4100:349e:58cd:2c8a:750 - - [08/Jun/2025:16:18:07 -0400] "POST /wp-admin/admin-ajax.php HTTP/1.1" 200 69 "https://w3.readbtooom.com/manga/btooom-chapter-106/" "Mozilla/5.0 (Linux; Android 10; K) AppleWebKit/537.36 (KHTML, like Gecko) Chrome/135.0.0.0 Mobile Safari/537.36 OPR/89.0.0.0"
124.246.127.105 - - [08/Jun/2025:16:18:13 -0400] "GET /manga/btooom-chapter-94/ HTTP/1.1" 304 0 "https://w3.readbtooom.com/" "Mozilla/5.0 (X11; CrOS x86_64 14541.0.0) AppleWebKit/537.36 (KHTML, like Gecko) Chrome/136.0.0.0 Safari/537.36"
124.246.127.105 - - [08/Jun/2025:16:18:13 -0400] "GET /manga/btooom-chapter-94/ HTTP/1.1" 304 0 "https://w3.readbtooom.com/" "Mozilla/5.0 (X11; CrOS x86_64 14541.0.0) AppleWebKit/537.36 (KHTML, like Gecko) Chrome/136.0.0.0 Safari/537.36"
124.246.127.105 - - [08/Jun/2025:16:18:19 -0400] "GET /manga/btooom-chapter-93/ HTTP/1.1" 304 0 "https://w3.readbtooom.com/manga/btooom-chapter-94/" "Mozilla/5.0 (X11; CrOS x86_64 14541.0.0) AppleWebKit/537.36 (KHTML, like Gecko) Chrome/136.0.0.0 Safari/537.36"
124.246.127.105 - - [08/Jun/2025:16:18:20 -0400] "GET /manga/btooom-chapter-95/ HTTP/1.1" 304 0 "https://w3.readbtooom.com/manga/btooom-chapter-94/" "Mozilla/5.0 (X11; CrOS x86_64 14541.0.0) AppleWebKit/537.36 (KHTML, like Gecko) Chrome/136.0.0.0 Safari/537.36"
124.246.127.105 - - [08/Jun/2025:16:18:20 -0400] "GET /manga/btooom-chapter-95/ HTTP/1.1" 304 0 "https://w3.readbtooom.com/manga/btooom-chapter-94/" "Mozilla/5.0 (X11; CrOS x86_64 14541.0.0) AppleWebKit/537.36 (KHTML, like Gecko) Chrome/136.0.0.0 Safari/537.36"
124.246.127.105 - - [08/Jun/2025:16:18:26 -0400] "GET /manga/btooom-chapter-96/ HTTP/1.1" 304 0 "https://w3.readbtooom.com/manga/btooom-chapter-95/" "Mozilla/5.0 (X11; CrOS x86_64 14541.0.0) AppleWebKit/537.36 (KHTML, like Gecko) Chrome/136.0.0.0 Safari/537.36"
124.246.127.105 - - [08/Jun/2025:16:18:26 -0400] "GET /manga/btooom-chapter-96/ HTTP/1.1" 304 0 "https://w3.readbtooom.com/manga/btooom-chapter-95/" "Mozilla/5.0 (X11; CrOS x86_64 14541.0.0) AppleWebKit/537.36 (KHTML, like Gecko) Chrome/136.0.0.0 Safari/537.36"
124.246.127.105 - - [08/Jun/2025:16:18:32 -0400] "GET /manga/btooom-chapter-97/ HTTP/1.1" 304 0 "https://w3.readbtooom.com/manga/btooom-chapter-96/" "Mozilla/5.0 (X11; CrOS x86_64 14541.0.0) AppleWebKit/537.36 (KHTML, like Gecko) Chrome/136.0.0.0 Safari/537.36"
124.246.127.105 - - [08/Jun/2025:16:18:33 -0400] "GET /manga/btooom-chapter-97/ HTTP/1.1" 304 0 "https://w3.readbtooom.com/manga/btooom-chapter-96/" "Mozilla/5.0 (X11; CrOS x86_64 14541.0.0) AppleWebKit/537.36 (KHTML, like Gecko) Chrome/136.0.0.0 Safari/537.36"
162.0.232.193 - - [08/Jun/2025:16:18:37 -0400] "POST /wp-cron.php?doing_wp_cron=1749413917.5833590030670166015625 HTTP/1.1" 200 0 "-" "WordPress/6.4.5; https://w3.readbtooom.com"
43.128.149.102 - - [08/Jun/2025:16:18:37 -0400] "GET /wp-json/oembed/1.0/embed?url=https%3A%2F%2Fw3.readbtooom.com%2Fmanga%2Fbtooom-chapter-25%2F HTTP/1.1" 200 2117 "-" "Mozilla/5.0 (iPhone; CPU iPhone OS 13_2_3 like Mac OS X) AppleWebKit/605.1.15 (KHTML, like Gecko) Version/13.0.3 Mobile/15E148 Safari/604.1"
2804:498:fc3d:4100:349e:58cd:2c8a:750 - - [08/Jun/2025:16:18:48 -0400] "GET /manga/btooom-chapter-107/ HTTP/1.1" 200 31468 "https://w3.readbtooom.com/manga/btooom-chapter-106/" "Mozilla/5.0 (Linux; Android 10; K) AppleWebKit/537.36 (KHTML, like Gecko) Chrome/135.0.0.0 Mobile Safari/537.36 OPR/89.0.0.0"
2804:498:fc3d:4100:349e:58cd:2c8a:750 - - [08/Jun/2025:16:18:49 -0400] "GET /manga/btooom-chapter-107/ HTTP/1.1" 304 0 "https://w3.readbtooom.com/manga/btooom-chapter-106/" "Mozilla/5.0 (Linux; Android 10; K) AppleWebKit/537.36 (KHTML, like Gecko) Chrome/135.0.0.0 Mobile Safari/537.36 OPR/89.0.0.0"
162.0.232.193 - - [08/Jun/2025:16:18:50 -0400] "POST /wp-cron.php?doing_wp_cron=1749413930.7045729160308837890625 HTTP/1.1" 200 0 "-" "WordPress/6.4.5; https://w3.readbtooom.com"
2804:498:fc3d:4100:349e:58cd:2c8a:750 - - [08/Jun/2025:16:18:50 -0400] "POST /wp-admin/admin-ajax.php HTTP/1.1" 200 69 "https://w3.readbtooom.com/manga/btooom-chapter-107/" "Mozilla/5.0 (Linux; Android 10; K) AppleWebKit/537.36 (KHTML, like Gecko) Chrome/135.0.0.0 Mobile Safari/537.36 OPR/89.0.0.0"
2804:498:fc3d:4100:349e:58cd:2c8a:750 - - [08/Jun/2025:16:19:54 -0400] "GET /manga/btooom-chapter-106/ HTTP/1.1" 304 0 "https://w3.readbtooom.com/manga/btooom-chapter-107/" "Mozilla/5.0 (Linux; Android 10; K) AppleWebKit/537.36 (KHTML, like Gecko) Chrome/135.0.0.0 Mobile Safari/537.36 OPR/89.0.0.0"
2804:498:fc3d:4100:349e:58cd:2c8a:750 - - [08/Jun/2025:16:19:54 -0400] "GET /manga/btooom-chapter-108/ HTTP/1.1" 200 31048 "https://w3.readbtooom.com/manga/btooom-chapter-107/" "Mozilla/5.0 (Linux; Android 10; K) AppleWebKit/537.36 (KHTML, like Gecko) Chrome/135.0.0.0 Mobile Safari/537.36 OPR/89.0.0.0"
2804:498:fc3d:4100:349e:58cd:2c8a:750 - - [08/Jun/2025:16:19:55 -0400] "GET /manga/btooom-chapter-108/ HTTP/1.1" 304 0 "https://w3.readbtooom.com/manga/btooom-chapter-107/" "Mozilla/5.0 (Linux; Android 10; K) AppleWebKit/537.36 (KHTML, like Gecko) Chrome/135.0.0.0 Mobile Safari/537.36 OPR/89.0.0.0"
124.246.127.105 - - [08/Jun/2025:16:20:38 -0400] "GET /manga/btooom-chapter-111/ HTTP/1.1" 200 31188 "https://w3.readbtooom.com/manga/btooom-chapter-110/" "Mozilla/5.0 (X11; CrOS x86_64 14541.0.0) AppleWebKit/537.36 (KHTML, like Gecko) Chrome/136.0.0.0 Safari/537.36"
124.246.127.105 - - [08/Jun/2025:16:20:39 -0400] "GET /manga/btooom-chapter-111/ HTTP/1.1" 304 0 "https://w3.readbtooom.com/manga/btooom-chapter-110/" "Mozilla/5.0 (X11; CrOS x86_64 14541.0.0) AppleWebKit/537.36 (KHTML, like Gecko) Chrome/136.0.0.0 Safari/537.36"
2804:498:fc3d:4100:349e:58cd:2c8a:750 - - [08/Jun/2025:16:21:13 -0400] "GET /manga/btooom-chapter-109/ HTTP/1.1" 200 35995 "https://w3.readbtooom.com/manga/btooom-chapter-108/" "Mozilla/5.0 (Linux; Android 10; K) AppleWebKit/537.36 (KHTML, like Gecko) Chrome/135.0.0.0 Mobile Safari/537.36 OPR/89.0.0.0"
2804:498:fc3d:4100:349e:58cd:2c8a:750 - - [08/Jun/2025:16:21:14 -0400] "GET /manga/btooom-chapter-109/ HTTP/1.1" 304 0 "https://w3.readbtooom.com/manga/btooom-chapter-108/" "Mozilla/5.0 (Linux; Android 10; K) AppleWebKit/537.36 (KHTML, like Gecko) Chrome/135.0.0.0 Mobile Safari/537.36 OPR/89.0.0.0"
124.246.127.105 - - [08/Jun/2025:16:22:48 -0400] "GET /manga/btooom-chapter-112/ HTTP/1.1" 200 32014 "https://w3.readbtooom.com/manga/btooom-chapter-111/" "Mozilla/5.0 (X11; CrOS x86_64 14541.0.0) AppleWebKit/537.36 (KHTML, like Gecko) Chrome/136.0.0.0 Safari/537.36"
124.246.127.105 - - [08/Jun/2025:16:22:49 -0400] "GET /manga/btooom-chapter-112/ HTTP/1.1" 304 0 "https://w3.readbtooom.com/manga/btooom-chapter-111/" "Mozilla/5.0 (X11; CrOS x86_64 14541.0.0) AppleWebKit/537.36 (KHTML, like Gecko) Chrome/136.0.0.0 Safari/537.36"
2804:498:fc3d:4100:349e:58cd:2c8a:750 - - [08/Jun/2025:16:23:01 -0400] "GET /manga/btooom-chapter-110/ HTTP/1.1" 200 34555 "https://w3.readbtooom.com/manga/btooom-chapter-109/" "Mozilla/5.0 (Linux; Android 10; K) AppleWebKit/537.36 (KHTML, like Gecko) Chrome/135.0.0.0 Mobile Safari/537.36 OPR/89.0.0.0"
2804:498:fc3d:4100:349e:58cd:2c8a:750 - - [08/Jun/2025:16:23:01 -0400] "GET /manga/btooom-chapter-110/ HTTP/1.1" 304 0 "https://w3.readbtooom.com/manga/btooom-chapter-109/" "Mozilla/5.0 (Linux; Android 10; K) AppleWebKit/537.36 (KHTML, like Gecko) Chrome/135.0.0.0 Mobile Safari/537.36 OPR/89.0.0.0"
162.0.232.193 - - [08/Jun/2025:16:23:24 -0400] "POST /wp-cron.php?doing_wp_cron=1749414204.3594880104064941406250 HTTP/1.1" 200 0 "-" "WordPress/6.4.5; https://w3.readbtooom.com"
2804:498:fc3d:4100:349e:58cd:2c8a:750 - - [08/Jun/2025:16:23:25 -0400] "GET /tag/himiko/ HTTP/1.1" 301 0 "https://w3.readbtooom.com/manga/btooom-chapter-110/" "Mozilla/5.0 (Linux; Android 10; K) AppleWebKit/537.36 (KHTML, like Gecko) Chrome/135.0.0.0 Mobile Safari/537.36 OPR/89.0.0.0"
2804:498:fc3d:4100:349e:58cd:2c8a:750 - - [08/Jun/2025:16:23:26 -0400] "GET /manga/btooom-chapter-111/ HTTP/1.1" 200 31188 "https://w3.readbtooom.com/manga/btooom-chapter-110/" "Mozilla/5.0 (Linux; Android 10; K) AppleWebKit/537.36 (KHTML, like Gecko) Chrome/135.0.0.0 Mobile Safari/537.36 OPR/89.0.0.0"
2804:498:fc3d:4100:349e:58cd:2c8a:750 - - [08/Jun/2025:16:23:26 -0400] "GET /manga/btooom-chapter-111/ HTTP/1.1" 304 0 "https://w3.readbtooom.com/manga/btooom-chapter-110/" "Mozilla/5.0 (Linux; Android 10; K) AppleWebKit/537.36 (KHTML, like Gecko) Chrome/135.0.0.0 Mobile Safari/537.36 OPR/89.0.0.0"
2804:498:fc3d:4100:349e:58cd:2c8a:750 - - [08/Jun/2025:16:23:27 -0400] "GET / HTTP/1.1" 200 18608 "https://w3.readbtooom.com/" "Mozilla/5.0 (Linux; Android 10; K) AppleWebKit/537.36 (KHTML, like Gecko) Chrome/135.0.0.0 Mobile Safari/537.36 OPR/89.0.0.0"
2804:498:fc3d:4100:349e:58cd:2c8a:750 - - [08/Jun/2025:16:23:49 -0400] "GET /manga/btooom-chapter-112/ HTTP/1.1" 200 32014 "https://w3.readbtooom.com/manga/btooom-chapter-111/" "Mozilla/5.0 (Linux; Android 10; K) AppleWebKit/537.36 (KHTML, like Gecko) Chrome/135.0.0.0 Mobile Safari/537.36 OPR/89.0.0.0"
2804:498:fc3d:4100:349e:58cd:2c8a:750 - - [08/Jun/2025:16:23:49 -0400] "GET /manga/btooom-chapter-112/ HTTP/1.1" 304 0 "https://w3.readbtooom.com/manga/btooom-chapter-111/" "Mozilla/5.0 (Linux; Android 10; K) AppleWebKit/537.36 (KHTML, like Gecko) Chrome/135.0.0.0 Mobile Safari/537.36 OPR/89.0.0.0"
2804:498:fc3d:4100:349e:58cd:2c8a:750 - - [08/Jun/2025:16:24:22 -0400] "GET /tag/nobutaka-oda/ HTTP/1.1" 301 0 "https://w3.readbtooom.com/manga/btooom-chapter-112/" "Mozilla/5.0 (Linux; Android 10; K) AppleWebKit/537.36 (KHTML, like Gecko) Chrome/135.0.0.0 Mobile Safari/537.36 OPR/89.0.0.0"
2804:498:fc3d:4100:349e:58cd:2c8a:750 - - [08/Jun/2025:16:24:22 -0400] "GET /manga/btooom-chapter-113/ HTTP/1.1" 200 33433 "https://w3.readbtooom.com/manga/btooom-chapter-112/" "Mozilla/5.0 (Linux; Android 10; K) AppleWebKit/537.36 (KHTML, like Gecko) Chrome/135.0.0.0 Mobile Safari/537.36 OPR/89.0.0.0"
2804:498:fc3d:4100:349e:58cd:2c8a:750 - - [08/Jun/2025:16:24:22 -0400] "GET / HTTP/1.1" 304 0 "https://w3.readbtooom.com/" "Mozilla/5.0 (Linux; Android 10; K) AppleWebKit/537.36 (KHTML, like Gecko) Chrome/135.0.0.0 Mobile Safari/537.36 OPR/89.0.0.0"
2804:498:fc3d:4100:349e:58cd:2c8a:750 - - [08/Jun/2025:16:24:22 -0400] "GET /manga/btooom-chapter-113/ HTTP/1.1" 304 0 "https://w3.readbtooom.com/manga/btooom-chapter-112/" "Mozilla/5.0 (Linux; Android 10; K) AppleWebKit/537.36 (KHTML, like Gecko) Chrome/135.0.0.0 Mobile Safari/537.36 OPR/89.0.0.0"
2a01:e0a:57c:e110:5860:8314:7dca:55f8 - - [08/Jun/2025:16:24:30 -0400] "GET /manga/btooom-chapter-98/ HTTP/1.1" 200 32183 "-" "Mozilla/5.0 (Windows NT 10.0; Win64; x64) AppleWebKit/537.36 (KHTML, like Gecko) Chrome/136.0.0.0 Safari/537.36"
124.246.127.105 - - [08/Jun/2025:16:26:03 -0400] "GET /manga/btooom-chapter-111/ HTTP/1.1" 304 0 "https://w3.readbtooom.com/manga/btooom-chapter-112/" "Mozilla/5.0 (X11; CrOS x86_64 14541.0.0) AppleWebKit/537.36 (KHTML, like Gecko) Chrome/136.0.0.0 Safari/537.36"
124.246.127.105 - - [08/Jun/2025:16:26:03 -0400] "GET /manga/btooom-chapter-113/ HTTP/1.1" 200 33433 "https://w3.readbtooom.com/manga/btooom-chapter-112/" "Mozilla/5.0 (X11; CrOS x86_64 14541.0.0) AppleWebKit/537.36 (KHTML, like Gecko) Chrome/136.0.0.0 Safari/537.36"
124.246.127.105 - - [08/Jun/2025:16:26:04 -0400] "GET /manga/btooom-chapter-113/ HTTP/1.1" 304 0 "https://w3.readbtooom.com/manga/btooom-chapter-112/" "Mozilla/5.0 (X11; CrOS x86_64 14541.0.0) AppleWebKit/537.36 (KHTML, like Gecko) Chrome/136.0.0.0 Safari/537.36"
2a09:bac5:3e98:c8::14:2e6 - - [08/Jun/2025:16:26:09 -0400] "GET /manga/btooom-chapter-53/ HTTP/1.1" 200 29312 "https://w3.readbtooom.com/manga/btooom-chapter-52/" "Mozilla/5.0 (Linux; Android 10; K) AppleWebKit/537.36 (KHTML, like Gecko) Chrome/137.0.0.0 Mobile Safari/537.36"
2a09:bac5:3e98:c8::14:2e6 - - [08/Jun/2025:16:26:10 -0400] "GET /manga/btooom-chapter-53/ HTTP/1.1" 304 0 "https://w3.readbtooom.com/manga/btooom-chapter-52/" "Mozilla/5.0 (Linux; Android 10; K) AppleWebKit/537.36 (KHTML, like Gecko) Chrome/137.0.0.0 Mobile Safari/537.36"
124.246.127.105 - - [08/Jun/2025:16:26:38 -0400] "GET /manga/btooom-chapter-98/ HTTP/1.1" 304 0 "https://w3.readbtooom.com/manga/btooom-chapter-97/" "Mozilla/5.0 (X11; CrOS x86_64 14541.0.0) AppleWebKit/537.36 (KHTML, like Gecko) Chrome/136.0.0.0 Safari/537.36"
124.246.127.105 - - [08/Jun/2025:16:26:38 -0400] "GET /manga/btooom-chapter-98/ HTTP/1.1" 304 0 "https://w3.readbtooom.com/manga/btooom-chapter-97/" "Mozilla/5.0 (X11; CrOS x86_64 14541.0.0) AppleWebKit/537.36 (KHTML, like Gecko) Chrome/136.0.0.0 Safari/537.36"
162.0.232.193 - - [08/Jun/2025:16:26:54 -0400] "POST /wp-cron.php?doing_wp_cron=1749414414.3994340896606445312500 HTTP/1.1" 200 0 "-" "WordPress/6.4.5; https://w3.readbtooom.com"
2a02:3035:a61:4538:f19e:92f2:10cb:88dc - - [08/Jun/2025:16:26:53 -0400] "POST /wp-admin/admin-ajax.php HTTP/1.1" 200 69 "https://w3.readbtooom.com/manga/btooom-chapter-98/" "Mozilla/5.0 (Linux; Android 10; K) AppleWebKit/537.36 (KHTML, like Gecko) SamsungBrowser/28.0 Chrome/130.0.0.0 Mobile Safari/537.36"
196.217.138.25 - - [08/Jun/2025:16:28:16 -0400] "POST /wp-admin/admin-ajax.php HTTP/1.1" 200 69 "https://w3.readbtooom.com/manga/btooom-chapter-79/" "Mozilla/5.0 (Linux; Android 10; K) AppleWebKit/537.36 (KHTML, like Gecko) Chrome/137.0.0.0 Mobile Safari/537.36"
162.0.232.193 - - [08/Jun/2025:16:28:19 -0400] "POST /wp-cron.php?doing_wp_cron=1749414496.6375401020050048828125 HTTP/1.1" 200 0 "-" "WordPress/6.4.5; https://w3.readbtooom.com"
162.0.232.193 - - [08/Jun/2025:16:29:21 -0400] "POST /wp-cron.php?doing_wp_cron=1749414561.8321669101715087890625 HTTP/1.1" 200 0 "-" "WordPress/6.4.5; https://w3.readbtooom.com"
124.246.127.105 - - [08/Jun/2025:16:29:24 -0400] "GET /manga/btooom-chapter-114/ HTTP/1.1" 200 34368 "https://w3.readbtooom.com/manga/btooom-chapter-113/" "Mozilla/5.0 (X11; CrOS x86_64 14541.0.0) AppleWebKit/537.36 (KHTML, like Gecko) Chrome/136.0.0.0 Safari/537.36"
124.246.127.105 - - [08/Jun/2025:16:29:25 -0400] "GET /manga/btooom-chapter-114/ HTTP/1.1" 304 0 "https://w3.readbtooom.com/manga/btooom-chapter-113/" "Mozilla/5.0 (X11; CrOS x86_64 14541.0.0) AppleWebKit/537.36 (KHTML, like Gecko) Chrome/136.0.0.0 Safari/537.36"
2001:569:5859:7b00:9d9c:9148:b9bc:ff62 - - [08/Jun/2025:16:30:13 -0400] "GET /manga/btooom-chapter-6/ HTTP/1.1" 200 24741 "https://w3.readbtooom.com/manga/btooom-chapter-5/" "Mozilla/5.0 (iPhone; CPU iPhone OS 18_5 like Mac OS X) AppleWebKit/605.1.15 (KHTML, like Gecko) Version/18.5 Mobile/15E148 Safari/604.1"
124.246.127.105 - - [08/Jun/2025:16:31:11 -0400] "GET /manga/btooom-chapter-99/ HTTP/1.1" 304 0 "https://w3.readbtooom.com/manga/btooom-chapter-98/" "Mozilla/5.0 (X11; CrOS x86_64 14541.0.0) AppleWebKit/537.36 (KHTML, like Gecko) Chrome/136.0.0.0 Safari/537.36"
124.246.127.105 - - [08/Jun/2025:16:31:13 -0400] "GET / HTTP/1.1" 304 0 "https://w3.readbtooom.com/manga/btooom-chapter-98/" "Mozilla/5.0 (X11; CrOS x86_64 14541.0.0) AppleWebKit/537.36 (KHTML, like Gecko) Chrome/136.0.0.0 Safari/537.36"
124.246.127.105 - - [08/Jun/2025:16:31:13 -0400] "GET / HTTP/1.1" 304 0 "https://w3.readbtooom.com/manga/btooom-chapter-98/" "Mozilla/5.0 (X11; CrOS x86_64 14541.0.0) AppleWebKit/537.36 (KHTML, like Gecko) Chrome/136.0.0.0 Safari/537.36"
124.246.127.105 - - [08/Jun/2025:16:31:18 -0400] "GET /manga/btooom-chapter-68/ HTTP/1.1" 304 0 "https://w3.readbtooom.com/" "Mozilla/5.0 (X11; CrOS x86_64 14541.0.0) AppleWebKit/537.36 (KHTML, like Gecko) Chrome/136.0.0.0 Safari/537.36"
124.246.127.105 - - [08/Jun/2025:16:31:18 -0400] "GET /manga/btooom-chapter-68/ HTTP/1.1" 304 0 "https://w3.readbtooom.com/" "Mozilla/5.0 (X11; CrOS x86_64 14541.0.0) AppleWebKit/537.36 (KHTML, like Gecko) Chrome/136.0.0.0 Safari/537.36"
162.0.232.193 - - [08/Jun/2025:16:31:20 -0400] "POST /wp-cron.php?doing_wp_cron=1749414679.9842550754547119140625 HTTP/1.1" 200 0 "-" "WordPress/6.4.5; https://w3.readbtooom.com"
124.246.127.105 - - [08/Jun/2025:16:31:28 -0400] "GET /manga/btooom-chapter-77/ HTTP/1.1" 304 0 "https://w3.readbtooom.com/" "Mozilla/5.0 (X11; CrOS x86_64 14541.0.0) AppleWebKit/537.36 (KHTML, like Gecko) Chrome/136.0.0.0 Safari/537.36"
124.246.127.105 - - [08/Jun/2025:16:31:28 -0400] "GET /manga/btooom-chapter-77/ HTTP/1.1" 304 0 "https://w3.readbtooom.com/" "Mozilla/5.0 (X11; CrOS x86_64 14541.0.0) AppleWebKit/537.36 (KHTML, like Gecko) Chrome/136.0.0.0 Safari/537.36"
124.246.127.105 - - [08/Jun/2025:16:31:29 -0400] "POST /wp-admin/admin-ajax.php HTTP/1.1" 200 69 "https://w3.readbtooom.com/manga/btooom-chapter-77/" "Mozilla/5.0 (X11; CrOS x86_64 14541.0.0) AppleWebKit/537.36 (KHTML, like Gecko) Chrome/136.0.0.0 Safari/537.36"
124.246.127.105 - - [08/Jun/2025:16:31:39 -0400] "GET /manga/btooom-chapter-78/ HTTP/1.1" 304 0 "https://w3.readbtooom.com/manga/btooom-chapter-77/" "Mozilla/5.0 (X11; CrOS x86_64 14541.0.0) AppleWebKit/537.36 (KHTML, like Gecko) Chrome/136.0.0.0 Safari/537.36"
124.246.127.105 - - [08/Jun/2025:16:31:40 -0400] "GET /manga/btooom-chapter-78/ HTTP/1.1" 304 0 "https://w3.readbtooom.com/manga/btooom-chapter-77/" "Mozilla/5.0 (X11; CrOS x86_64 14541.0.0) AppleWebKit/537.36 (KHTML, like Gecko) Chrome/136.0.0.0 Safari/537.36"
162.0.232.193 - - [08/Jun/2025:16:31:40 -0400] "POST /wp-cron.php?doing_wp_cron=1749414700.6040489673614501953125 HTTP/1.1" 200 0 "-" "WordPress/6.4.5; https://w3.readbtooom.com"
124.246.127.105 - - [08/Jun/2025:16:31:40 -0400] "POST /wp-admin/admin-ajax.php HTTP/1.1" 200 69 "https://w3.readbtooom.com/manga/btooom-chapter-78/" "Mozilla/5.0 (X11; CrOS x86_64 14541.0.0) AppleWebKit/537.36 (KHTML, like Gecko) Chrome/136.0.0.0 Safari/537.36"
152.58.60.106 - - [08/Jun/2025:16:31:53 -0400] "GET /manga/btooom-chapter-75/ HTTP/1.1" 200 29669 "https://www.google.co.in/" "Mozilla/5.0 (Linux; Android 10; K) AppleWebKit/537.36 (KHTML, like Gecko) Chrome/135.0.0.0 Mobile Safari/537.36 OPR/89.0.0.0"
124.246.127.105 - - [08/Jun/2025:16:32:13 -0400] "GET /manga/btooom-chapter-77/ HTTP/1.1" 304 0 "https://w3.readbtooom.com/manga/btooom-chapter-78/" "Mozilla/5.0 (X11; CrOS x86_64 14541.0.0) AppleWebKit/537.36 (KHTML, like Gecko) Chrome/136.0.0.0 Safari/537.36"
124.246.127.105 - - [08/Jun/2025:16:32:14 -0400] "GET /manga/btooom-chapter-80/ HTTP/1.1" 304 0 "https://w3.readbtooom.com/manga/btooom-chapter-78/" "Mozilla/5.0 (X11; CrOS x86_64 14541.0.0) AppleWebKit/537.36 (KHTML, like Gecko) Chrome/136.0.0.0 Safari/537.36"
124.246.127.105 - - [08/Jun/2025:16:32:14 -0400] "GET /manga/btooom-chapter-80/ HTTP/1.1" 304 0 "https://w3.readbtooom.com/manga/btooom-chapter-78/" "Mozilla/5.0 (X11; CrOS x86_64 14541.0.0) AppleWebKit/537.36 (KHTML, like Gecko) Chrome/136.0.0.0 Safari/537.36"
196.217.138.25 - - [08/Jun/2025:16:32:17 -0400] "GET / HTTP/1.1" 304 0 "https://w3.readbtooom.com/" "Mozilla/5.0 (Linux; Android 10; K) AppleWebKit/537.36 (KHTML, like Gecko) Chrome/137.0.0.0 Mobile Safari/537.36"
196.217.138.25 - - [08/Jun/2025:16:32:19 -0400] "GET /manga/btooom-chapter-81/ HTTP/1.1" 200 30693 "https://w3.readbtooom.com/manga/btooom-chapter-79/" "Mozilla/5.0 (Linux; Android 10; K) AppleWebKit/537.36 (KHTML, like Gecko) Chrome/137.0.0.0 Mobile Safari/537.36"
196.217.138.25 - - [08/Jun/2025:16:32:19 -0400] "GET /manga/btooom-chapter-81/ HTTP/1.1" 304 0 "https://w3.readbtooom.com/manga/btooom-chapter-79/" "Mozilla/5.0 (Linux; Android 10; K) AppleWebKit/537.36 (KHTML, like Gecko) Chrome/137.0.0.0 Mobile Safari/537.36"
162.0.232.193 - - [08/Jun/2025:16:32:23 -0400] "POST /wp-cron.php?doing_wp_cron=1749414743.6032679080963134765625 HTTP/1.1" 200 0 "-" "WordPress/6.4.5; https://w3.readbtooom.com"
152.58.60.106 - - [08/Jun/2025:16:32:23 -0400] "GET /?s=Btoom+chapter+1 HTTP/1.1" 200 8246 "https://w3.readbtooom.com/manga/btooom-chapter-75/" "Mozilla/5.0 (Linux; Android 10; K) AppleWebKit/537.36 (KHTML, like Gecko) Chrome/135.0.0.0 Mobile Safari/537.36 OPR/89.0.0.0"
152.58.60.106 - - [08/Jun/2025:16:32:32 -0400] "GET /manga/btooom-chapter-117/ HTTP/1.1" 200 37649 "https://w3.readbtooom.com/?s=Btoom+chapter+1" "Mozilla/5.0 (Linux; Android 10; K) AppleWebKit/537.36 (KHTML, like Gecko) Chrome/135.0.0.0 Mobile Safari/537.36 OPR/89.0.0.0"
124.246.127.105 - - [08/Jun/2025:16:32:35 -0400] "GET /manga/btooom-chapter-79/ HTTP/1.1" 304 0 "https://w3.readbtooom.com/manga/btooom-chapter-80/" "Mozilla/5.0 (X11; CrOS x86_64 14541.0.0) AppleWebKit/537.36 (KHTML, like Gecko) Chrome/136.0.0.0 Safari/537.36"
124.246.127.105 - - [08/Jun/2025:16:32:35 -0400] "GET /manga/btooom-chapter-79/ HTTP/1.1" 304 0 "https://w3.readbtooom.com/manga/btooom-chapter-80/" "Mozilla/5.0 (X11; CrOS x86_64 14541.0.0) AppleWebKit/537.36 (KHTML, like Gecko) Chrome/136.0.0.0 Safari/537.36"
162.0.232.193 - - [08/Jun/2025:16:32:36 -0400] "POST /wp-cron.php?doing_wp_cron=1749414756.4857349395751953125000 HTTP/1.1" 200 0 "-" "WordPress/6.4.5; https://w3.readbtooom.com"
124.246.127.105 - - [08/Jun/2025:16:32:36 -0400] "POST /wp-admin/admin-ajax.php HTTP/1.1" 200 69 "https://w3.readbtooom.com/manga/btooom-chapter-79/" "Mozilla/5.0 (X11; CrOS x86_64 14541.0.0) AppleWebKit/537.36 (KHTML, like Gecko) Chrome/136.0.0.0 Safari/537.36"
152.58.60.106 - - [08/Jun/2025:16:32:53 -0400] "GET /manga/btooom-chapter-57/ HTTP/1.1" 200 29627 "https://www.google.co.in/" "Mozilla/5.0 (Linux; Android 10; K) AppleWebKit/537.36 (KHTML, like Gecko) Chrome/135.0.0.0 Mobile Safari/537.36 OPR/89.0.0.0"
152.58.60.106 - - [08/Jun/2025:16:33:09 -0400] "GET /manga/btooom-chapter-1/ HTTP/1.1" 200 35545 "https://w3.readbtooom.com/manga/btooom-chapter-57/" "Mozilla/5.0 (Linux; Android 10; K) AppleWebKit/537.36 (KHTML, like Gecko) Chrome/135.0.0.0 Mobile Safari/537.36 OPR/89.0.0.0"
152.58.60.106 - - [08/Jun/2025:16:33:10 -0400] "GET /privacy-policy/ HTTP/1.1" 200 12587 "https://w3.readbtooom.com/manga/btooom-chapter-57/" "Mozilla/5.0 (Linux; Android 10; K) AppleWebKit/537.36 (KHTML, like Gecko) Chrome/135.0.0.0 Mobile Safari/537.36 OPR/89.0.0.0"
152.58.60.106 - - [08/Jun/2025:16:33:12 -0400] "GET / HTTP/1.1" 200 18608 "https://w3.readbtooom.com/manga/btooom-chapter-57/" "Mozilla/5.0 (Linux; Android 10; K) AppleWebKit/537.36 (KHTML, like Gecko) Chrome/135.0.0.0 Mobile Safari/537.36 OPR/89.0.0.0"
152.58.60.106 - - [08/Jun/2025:16:33:12 -0400] "GET / HTTP/1.1" 304 0 "https://w3.readbtooom.com/manga/btooom-chapter-57/" "Mozilla/5.0 (Linux; Android 10; K) AppleWebKit/537.36 (KHTML, like Gecko) Chrome/135.0.0.0 Mobile Safari/537.36 OPR/89.0.0.0"
152.58.60.106 - - [08/Jun/2025:16:33:16 -0400] "GET /manga/btooom-chapter-115/ HTTP/1.1" 200 33874 "https://w3.readbtooom.com/" "Mozilla/5.0 (Linux; Android 10; K) AppleWebKit/537.36 (KHTML, like Gecko) Chrome/135.0.0.0 Mobile Safari/537.36 OPR/89.0.0.0"
152.58.60.106 - - [08/Jun/2025:16:33:17 -0400] "GET /manga/btooom-chapter-113/ HTTP/1.1" 200 33433 "https://w3.readbtooom.com/" "Mozilla/5.0 (Linux; Android 10; K) AppleWebKit/537.36 (KHTML, like Gecko) Chrome/135.0.0.0 Mobile Safari/537.36 OPR/89.0.0.0"
152.58.60.106 - - [08/Jun/2025:16:33:17 -0400] "GET /manga/btooom-chapter-106/ HTTP/1.1" 200 34343 "https://w3.readbtooom.com/" "Mozilla/5.0 (Linux; Android 10; K) AppleWebKit/537.36 (KHTML, like Gecko) Chrome/135.0.0.0 Mobile Safari/537.36 OPR/89.0.0.0"
152.58.60.106 - - [08/Jun/2025:16:33:17 -0400] "GET /manga/btooom-chapter-91/ HTTP/1.1" 200 31317 "https://w3.readbtooom.com/" "Mozilla/5.0 (Linux; Android 10; K) AppleWebKit/537.36 (KHTML, like Gecko) Chrome/135.0.0.0 Mobile Safari/537.36 OPR/89.0.0.0"
152.58.60.106 - - [08/Jun/2025:16:33:18 -0400] "GET /manga/btooom-chapter-88/ HTTP/1.1" 200 31133 "https://w3.readbtooom.com/" "Mozilla/5.0 (Linux; Android 10; K) AppleWebKit/537.36 (KHTML, like Gecko) Chrome/135.0.0.0 Mobile Safari/537.36 OPR/89.0.0.0"
152.58.60.106 - - [08/Jun/2025:16:33:18 -0400] "GET /manga/btooom-chapter-67/ HTTP/1.1" 200 29988 "https://w3.readbtooom.com/" "Mozilla/5.0 (Linux; Android 10; K) AppleWebKit/537.36 (KHTML, like Gecko) Chrome/135.0.0.0 Mobile Safari/537.36 OPR/89.0.0.0"
152.58.60.106 - - [08/Jun/2025:16:33:19 -0400] "GET /manga/btooom-chapter-61/ HTTP/1.1" 200 31374 "https://w3.readbtooom.com/" "Mozilla/5.0 (Linux; Android 10; K) AppleWebKit/537.36 (KHTML, like Gecko) Chrome/135.0.0.0 Mobile Safari/537.36 OPR/89.0.0.0"
152.58.60.106 - - [08/Jun/2025:16:33:19 -0400] "GET /manga/btooom-chapter-30/ HTTP/1.1" 200 21910 "https://w3.readbtooom.com/" "Mozilla/5.0 (Linux; Android 10; K) AppleWebKit/537.36 (KHTML, like Gecko) Chrome/135.0.0.0 Mobile Safari/537.36 OPR/89.0.0.0"
152.58.60.106 - - [08/Jun/2025:16:33:19 -0400] "GET /manga/btooom-chapter-11/ HTTP/1.1" 200 23271 "https://w3.readbtooom.com/" "Mozilla/5.0 (Linux; Android 10; K) AppleWebKit/537.36 (KHTML, like Gecko) Chrome/135.0.0.0 Mobile Safari/537.36 OPR/89.0.0.0"
152.58.60.106 - - [08/Jun/2025:16:33:21 -0400] "GET /manga/btooom-chapter-1/ HTTP/1.1" 304 0 "https://w3.readbtooom.com/" "Mozilla/5.0 (Linux; Android 10; K) AppleWebKit/537.36 (KHTML, like Gecko) Chrome/135.0.0.0 Mobile Safari/537.36 OPR/89.0.0.0"
152.58.60.106 - - [08/Jun/2025:16:33:21 -0400] "GET /manga/btooom-chapter-1/ HTTP/1.1" 304 0 "https://w3.readbtooom.com/" "Mozilla/5.0 (Linux; Android 10; K) AppleWebKit/537.36 (KHTML, like Gecko) Chrome/135.0.0.0 Mobile Safari/537.36 OPR/89.0.0.0"
162.0.232.193 - - [08/Jun/2025:16:33:22 -0400] "POST /wp-cron.php?doing_wp_cron=1749414802.7793369293212890625000 HTTP/1.1" 200 0 "-" "WordPress/6.4.5; https://w3.readbtooom.com"
152.58.60.106 - - [08/Jun/2025:16:33:22 -0400] "POST /wp-admin/admin-ajax.php HTTP/1.1" 200 69 "https://w3.readbtooom.com/manga/btooom-chapter-1/" "Mozilla/5.0 (Linux; Android 10; K) AppleWebKit/537.36 (KHTML, like Gecko) Chrome/135.0.0.0 Mobile Safari/537.36 OPR/89.0.0.0"
124.246.127.105 - - [08/Jun/2025:16:33:35 -0400] "GET /manga/btooom-chapter-80/ HTTP/1.1" 304 0 "https://w3.readbtooom.com/manga/btooom-chapter-79/" "Mozilla/5.0 (X11; CrOS x86_64 14541.0.0) AppleWebKit/537.36 (KHTML, like Gecko) Chrome/136.0.0.0 Safari/537.36"
124.246.127.105 - - [08/Jun/2025:16:33:35 -0400] "GET /manga/btooom-chapter-81/ HTTP/1.1" 304 0 "https://w3.readbtooom.com/manga/btooom-chapter-79/" "Mozilla/5.0 (X11; CrOS x86_64 14541.0.0) AppleWebKit/537.36 (KHTML, like Gecko) Chrome/136.0.0.0 Safari/537.36"
124.246.127.105 - - [08/Jun/2025:16:33:37 -0400] "GET /manga/btooom-chapter-81/ HTTP/1.1" 304 0 "https://w3.readbtooom.com/manga/btooom-chapter-79/" "Mozilla/5.0 (X11; CrOS x86_64 14541.0.0) AppleWebKit/537.36 (KHTML, like Gecko) Chrome/136.0.0.0 Safari/537.36"
124.246.127.105 - - [08/Jun/2025:16:34:05 -0400] "GET /manga/btooom-chapter-82/ HTTP/1.1" 304 0 "https://w3.readbtooom.com/manga/btooom-chapter-81/" "Mozilla/5.0 (X11; CrOS x86_64 14541.0.0) AppleWebKit/537.36 (KHTML, like Gecko) Chrome/136.0.0.0 Safari/537.36"
124.246.127.105 - - [08/Jun/2025:16:34:11 -0400] "GET /manga/btooom-chapter-79/ HTTP/1.1" 304 0 "https://w3.readbtooom.com/manga/btooom-chapter-81/" "Mozilla/5.0 (X11; CrOS x86_64 14541.0.0) AppleWebKit/537.36 (KHTML, like Gecko) Chrome/136.0.0.0 Safari/537.36"
124.246.127.105 - - [08/Jun/2025:16:34:28 -0400] "GET /manga/btooom-chapter-82/ HTTP/1.1" 304 0 "https://w3.readbtooom.com/manga/btooom-chapter-81/" "Mozilla/5.0 (X11; CrOS x86_64 14541.0.0) AppleWebKit/537.36 (KHTML, like Gecko) Chrome/136.0.0.0 Safari/537.36"
124.246.127.105 - - [08/Jun/2025:16:34:42 -0400] "GET /manga/btooom-chapter-83/ HTTP/1.1" 304 0 "https://w3.readbtooom.com/manga/btooom-chapter-82/" "Mozilla/5.0 (X11; CrOS x86_64 14541.0.0) AppleWebKit/537.36 (KHTML, like Gecko) Chrome/136.0.0.0 Safari/537.36"
124.246.127.105 - - [08/Jun/2025:16:34:44 -0400] "GET /manga/btooom-chapter-81/ HTTP/1.1" 304 0 "https://w3.readbtooom.com/manga/btooom-chapter-82/" "Mozilla/5.0 (X11; CrOS x86_64 14541.0.0) AppleWebKit/537.36 (KHTML, like Gecko) Chrome/136.0.0.0 Safari/537.36"
124.246.127.105 - - [08/Jun/2025:16:34:48 -0400] "GET /manga/btooom-chapter-81/ HTTP/1.1" 304 0 "https://w3.readbtooom.com/manga/btooom-chapter-82/" "Mozilla/5.0 (X11; CrOS x86_64 14541.0.0) AppleWebKit/537.36 (KHTML, like Gecko) Chrome/136.0.0.0 Safari/537.36"
2a01:e0a:57c:e110:5860:8314:7dca:55f8 - - [08/Jun/2025:16:35:00 -0400] "GET /manga/btooom-chapter-97/ HTTP/1.1" 200 30203 "https://w3.readbtooom.com/manga/btooom-chapter-98/" "Mozilla/5.0 (Windows NT 10.0; Win64; x64) AppleWebKit/537.36 (KHTML, like Gecko) Chrome/136.0.0.0 Safari/537.36"
2a01:e0a:57c:e110:5860:8314:7dca:55f8 - - [08/Jun/2025:16:35:01 -0400] "GET /manga/btooom-chapter-99/ HTTP/1.1" 200 30187 "https://w3.readbtooom.com/manga/btooom-chapter-98/" "Mozilla/5.0 (Windows NT 10.0; Win64; x64) AppleWebKit/537.36 (KHTML, like Gecko) Chrome/136.0.0.0 Safari/537.36"
2a01:e0a:57c:e110:5860:8314:7dca:55f8 - - [08/Jun/2025:16:35:03 -0400] "GET /manga/btooom-chapter-99/ HTTP/1.1" 304 0 "https://w3.readbtooom.com/manga/btooom-chapter-98/" "Mozilla/5.0 (Windows NT 10.0; Win64; x64) AppleWebKit/537.36 (KHTML, like Gecko) Chrome/136.0.0.0 Safari/537.36"
2a09:bac5:3e98:c8::14:2e6 - - [08/Jun/2025:16:35:03 -0400] "GET /manga/btooom-chapter-55/ HTTP/1.1" 200 30256 "https://w3.readbtooom.com/manga/btooom-chapter-53/" "Mozilla/5.0 (Linux; Android 10; K) AppleWebKit/537.36 (KHTML, like Gecko) Chrome/137.0.0.0 Mobile Safari/537.36"
2a09:bac5:3e98:c8::14:2e6 - - [08/Jun/2025:16:35:05 -0400] "GET /manga/btooom-chapter-55/ HTTP/1.1" 304 0 "https://w3.readbtooom.com/manga/btooom-chapter-53/" "Mozilla/5.0 (Linux; Android 10; K) AppleWebKit/537.36 (KHTML, like Gecko) Chrome/137.0.0.0 Mobile Safari/537.36"
162.0.232.193 - - [08/Jun/2025:16:35:06 -0400] "POST /wp-cron.php?doing_wp_cron=1749414906.2131578922271728515625 HTTP/1.1" 200 0 "-" "WordPress/6.4.5; https://w3.readbtooom.com"
2a01:e0a:57c:e110:5860:8314:7dca:55f8 - - [08/Jun/2025:16:35:04 -0400] "POST /wp-admin/admin-ajax.php HTTP/1.1" 200 69 "https://w3.readbtooom.com/manga/btooom-chapter-99/" "Mozilla/5.0 (Windows NT 10.0; Win64; x64) AppleWebKit/537.36 (KHTML, like Gecko) Chrome/136.0.0.0 Safari/537.36"
124.246.127.105 - - [08/Jun/2025:16:35:10 -0400] "GET /manga/btooom-chapter-79/ HTTP/1.1" 304 0 "https://w3.readbtooom.com/manga/btooom-chapter-81/" "Mozilla/5.0 (X11; CrOS x86_64 14541.0.0) AppleWebKit/537.36 (KHTML, like Gecko) Chrome/136.0.0.0 Safari/537.36"
124.246.127.105 - - [08/Jun/2025:16:35:10 -0400] "GET /manga/btooom-chapter-79/ HTTP/1.1" 304 0 "https://w3.readbtooom.com/manga/btooom-chapter-81/" "Mozilla/5.0 (X11; CrOS x86_64 14541.0.0) AppleWebKit/537.36 (KHTML, like Gecko) Chrome/136.0.0.0 Safari/537.36"
124.246.127.105 - - [08/Jun/2025:16:35:13 -0400] "POST /wp-admin/admin-ajax.php HTTP/1.1" 200 69 "https://w3.readbtooom.com/manga/btooom-chapter-79/" "Mozilla/5.0 (X11; CrOS x86_64 14541.0.0) AppleWebKit/537.36 (KHTML, like Gecko) Chrome/136.0.0.0 Safari/537.36"
124.246.127.105 - - [08/Jun/2025:16:36:21 -0400] "GET /manga/btooom-chapter-80/ HTTP/1.1" 304 0 "https://w3.readbtooom.com/manga/btooom-chapter-79/" "Mozilla/5.0 (X11; CrOS x86_64 14541.0.0) AppleWebKit/537.36 (KHTML, like Gecko) Chrome/136.0.0.0 Safari/537.36"
124.246.127.105 - - [08/Jun/2025:16:36:22 -0400] "GET /manga/btooom-chapter-81/ HTTP/1.1" 304 0 "https://w3.readbtooom.com/manga/btooom-chapter-79/" "Mozilla/5.0 (X11; CrOS x86_64 14541.0.0) AppleWebKit/537.36 (KHTML, like Gecko) Chrome/136.0.0.0 Safari/537.36"
124.246.127.105 - - [08/Jun/2025:16:36:24 -0400] "GET /manga/btooom-chapter-81/ HTTP/1.1" 304 0 "https://w3.readbtooom.com/manga/btooom-chapter-79/" "Mozilla/5.0 (X11; CrOS x86_64 14541.0.0) AppleWebKit/537.36 (KHTML, like Gecko) Chrome/136.0.0.0 Safari/537.36"
124.246.127.105 - - [08/Jun/2025:16:36:33 -0400] "GET / HTTP/1.1" 304 0 "https://w3.readbtooom.com/manga/btooom-chapter-81/" "Mozilla/5.0 (X11; CrOS x86_64 14541.0.0) AppleWebKit/537.36 (KHTML, like Gecko) Chrome/136.0.0.0 Safari/537.36"
124.246.127.105 - - [08/Jun/2025:16:36:34 -0400] "GET / HTTP/1.1" 304 0 "https://w3.readbtooom.com/manga/btooom-chapter-81/" "Mozilla/5.0 (X11; CrOS x86_64 14541.0.0) AppleWebKit/537.36 (KHTML, like Gecko) Chrome/136.0.0.0 Safari/537.36"
124.246.127.105 - - [08/Jun/2025:16:36:39 -0400] "GET /manga/btooom-chapter-52/ HTTP/1.1" 304 0 "https://w3.readbtooom.com/" "Mozilla/5.0 (X11; CrOS x86_64 14541.0.0) AppleWebKit/537.36 (KHTML, like Gecko) Chrome/136.0.0.0 Safari/537.36"
124.246.127.105 - - [08/Jun/2025:16:36:39 -0400] "GET /manga/btooom-chapter-52/ HTTP/1.1" 304 0 "https://w3.readbtooom.com/" "Mozilla/5.0 (X11; CrOS x86_64 14541.0.0) AppleWebKit/537.36 (KHTML, like Gecko) Chrome/136.0.0.0 Safari/537.36"
162.0.232.193 - - [08/Jun/2025:16:36:42 -0400] "POST /wp-cron.php?doing_wp_cron=1749415002.0156159400939941406250 HTTP/1.1" 200 0 "-" "WordPress/6.4.5; https://w3.readbtooom.com"
124.246.127.105 - - [08/Jun/2025:16:36:40 -0400] "POST /wp-admin/admin-ajax.php HTTP/1.1" 200 69 "https://w3.readbtooom.com/manga/btooom-chapter-52/" "Mozilla/5.0 (X11; CrOS x86_64 14541.0.0) AppleWebKit/537.36 (KHTML, like Gecko) Chrome/136.0.0.0 Safari/537.36"
