196.217.138.25 - - [08/Jun/2025:19:56:35 -0400] "GET /manga/btooom-chapter-111/ HTTP/1.1" 200 31188 "https://w3.readbtooom.com/manga/btooom-chapter-110/" "Mozilla/5.0 (Linux; Android 10; K) AppleWebKit/537.36 (KHTML, like Gecko) Chrome/137.0.0.0 Mobile Safari/537.36"
162.0.232.193 - - [08/Jun/2025:19:56:35 -0400] "POST /wp-cron.php?doing_wp_cron=1749426995.3180170059204101562500 HTTP/1.1" 200 0 "-" "WordPress/6.4.5; https://w3.readbtooom.com"
196.217.138.25 - - [08/Jun/2025:19:56:35 -0400] "GET /manga/btooom-chapter-111/ HTTP/1.1" 304 0 "https://w3.readbtooom.com/manga/btooom-chapter-110/" "Mozilla/5.0 (Linux; Android 10; K) AppleWebKit/537.36 (KHTML, like Gecko) Chrome/137.0.0.0 Mobile Safari/537.36"
196.217.138.25 - - [08/Jun/2025:19:56:35 -0400] "GET / HTTP/1.1" 200 18607 "https://w3.readbtooom.com/" "Mozilla/5.0 (Linux; Android 10; K) AppleWebKit/537.36 (KHTML, like Gecko) Chrome/137.0.0.0 Mobile Safari/537.36"
66.249.64.130 - - [08/Jun/2025:19:58:28 -0400] "GET /manga/btooom-chapter-32/ HTTP/1.1" 200 24043 "-" "Mozilla/5.0 (Linux; Android 6.0.1; Nexus 5X Build/MMB29P) AppleWebKit/537.36 (KHTML, like Gecko) Chrome/136.0.7103.113 Mobile Safari/537.36 (compatible; Googlebot/2.1; +http://www.google.com/bot.html)"
160.178.244.10 - - [08/Jun/2025:19:59:11 -0400] "GET / HTTP/1.1" 304 0 "https://w3.readbtooom.com/manga/btooom-chapter-97/" "Mozilla/5.0 (Linux; Android 10; K) AppleWebKit/537.36 (KHTML, like Gecko) Chrome/128.0.0.0 Mobile Safari/537.36"
160.178.244.10 - - [08/Jun/2025:19:59:13 -0400] "GET /wp-content/uploads/2021/11/45731737.jpg HTTP/1.1" 200 34289 "https://w3.readbtooom.com/" "Mozilla/5.0 (Linux; Android 10; K) AppleWebKit/537.36 (KHTML, like Gecko) Chrome/128.0.0.0 Mobile Safari/537.36"
160.178.244.10 - - [08/Jun/2025:19:59:13 -0400] "GET /wp-content/uploads/2021/11/51YmOLZ5fWL.jpg HTTP/1.1" 200 46158 "https://w3.readbtooom.com/" "Mozilla/5.0 (Linux; Android 10; K) AppleWebKit/537.36 (KHTML, like Gecko) Chrome/128.0.0.0 Mobile Safari/537.36"
162.0.232.193 - - [08/Jun/2025:19:59:23 -0400] "POST /wp-cron.php?doing_wp_cron=1749427163.1217410564422607421875 HTTP/1.1" 200 0 "-" "WordPress/6.4.5; https://w3.readbtooom.com"
196.251.81.91 - - [08/Jun/2025:19:59:21 -0400] "GET /wp-content/plugins/WordPressCore/include.php HTTP/1.1" 301 0 "-" "Mozlila/5.0 (Linux; Android 7.0; SM-G892A Bulid/NRD90M; wv) AppleWebKit/537.36 (KHTML, like Gecko) Version/4.0 Chrome/60.0.3112.107 Moblie Safari/537.36"
196.251.81.91 - - [08/Jun/2025:19:59:33 -0400] "GET / HTTP/1.1" 200 18607 "-" "Mozlila/5.0 (Linux; Android 7.0; SM-G892A Bulid/NRD90M; wv) AppleWebKit/537.36 (KHTML, like Gecko) Version/4.0 Chrome/60.0.3112.107 Moblie Safari/537.36"
162.0.232.193 - - [08/Jun/2025:19:59:40 -0400] "POST /wp-cron.php?doing_wp_cron=1749427180.3000369071960449218750 HTTP/1.1" 200 0 "-" "WordPress/6.4.5; https://w3.readbtooom.com"
196.251.81.91 - - [08/Jun/2025:19:59:40 -0400] "GET /wp-content/plugins/WordPressCore/include.php HTTP/1.1" 301 0 "-" "Mozlila/5.0 (Linux; Android 7.0; SM-G892A Bulid/NRD90M; wv) AppleWebKit/537.36 (KHTML, like Gecko) Version/4.0 Chrome/60.0.3112.107 Moblie Safari/537.36"
196.251.81.91 - - [08/Jun/2025:19:59:43 -0400] "GET / HTTP/1.1" 200 18607 "-" "Mozlila/5.0 (Linux; Android 7.0; SM-G892A Bulid/NRD90M; wv) AppleWebKit/537.36 (KHTML, like Gecko) Version/4.0 Chrome/60.0.3112.107 Moblie Safari/537.36"
58.187.41.35 - - [08/Jun/2025:20:03:37 -0400] "GET /manga/btooom-chapter-75/ HTTP/1.1" 200 29669 "https://www.google.com/" "Mozilla/5.0 (iPhone; CPU iPhone OS 18_5 like Mac OS X) AppleWebKit/605.1.15 (KHTML, like Gecko) Version/18.5 Mobile/15E148 Safari/604.1"
196.217.138.25 - - [08/Jun/2025:20:04:16 -0400] "GET /manga/btooom-chapter-112/ HTTP/1.1" 200 32014 "https://w3.readbtooom.com/manga/btooom-chapter-111/" "Mozilla/5.0 (Linux; Android 10; K) AppleWebKit/537.36 (KHTML, like Gecko) Chrome/137.0.0.0 Mobile Safari/537.36"
196.217.138.25 - - [08/Jun/2025:20:04:16 -0400] "GET /manga/btooom-chapter-112/ HTTP/1.1" 304 0 "https://w3.readbtooom.com/manga/btooom-chapter-111/" "Mozilla/5.0 (Linux; Android 10; K) AppleWebKit/537.36 (KHTML, like Gecko) Chrome/137.0.0.0 Mobile Safari/537.36"
91.242.162.5 - - [08/Jun/2025:20:11:23 -0400] "GET /the-worn-and-torn-newbie HTTP/1.1" 200 9504 "-" "Mozilla/5.0 (compatible; Qwantbot/1.0_4003316; +https://help.qwant.com/bot/)"
114.119.148.10 - - [08/Jun/2025:20:12:22 -0400] "GET /manga/btooom-chapter-104/ HTTP/1.1" 200 30474 "https://w3.readbtooom.com/manga/" "Mozilla/5.0 (Linux; Android 7.0;) AppleWebKit/537.36 (KHTML, like Gecko) Mobile Safari/537.36 (compatible; PetalBot;+https://webmaster.petalsearch.com/site/petalbot)"
162.0.232.193 - - [08/Jun/2025:20:12:27 -0400] "POST /wp-cron.php?doing_wp_cron=1749427947.3943719863891601562500 HTTP/1.1" 200 0 "-" "WordPress/6.4.5; https://w3.readbtooom.com"
162.0.232.193 - - [08/Jun/2025:20:13:35 -0400] "POST /wp-cron.php?doing_wp_cron=1749428015.6221671104431152343750 HTTP/1.1" 200 0 "-" "WordPress/6.4.5; https://w3.readbtooom.com"
196.217.138.25 - - [08/Jun/2025:20:15:31 -0400] "GET / HTTP/1.1" 304 0 "https://w3.readbtooom.com/" "Mozilla/5.0 (Linux; Android 10; K) AppleWebKit/537.36 (KHTML, like Gecko) Chrome/137.0.0.0 Mobile Safari/537.36"
196.217.138.25 - - [08/Jun/2025:20:15:33 -0400] "GET /manga/btooom-chapter-111/ HTTP/1.1" 304 0 "https://w3.readbtooom.com/manga/btooom-chapter-112/" "Mozilla/5.0 (Linux; Android 10; K) AppleWebKit/537.36 (KHTML, like Gecko) Chrome/137.0.0.0 Mobile Safari/537.36"
196.217.138.25 - - [08/Jun/2025:20:15:32 -0400] "GET /tag/kosuke-kira/ HTTP/1.1" 301 0 "https://w3.readbtooom.com/manga/btooom-chapter-112/" "Mozilla/5.0 (Linux; Android 10; K) AppleWebKit/537.36 (KHTML, like Gecko) Chrome/137.0.0.0 Mobile Safari/537.36"
196.217.138.25 - - [08/Jun/2025:20:15:34 -0400] "GET / HTTP/1.1" 304 0 "https://w3.readbtooom.com/" "Mozilla/5.0 (Linux; Android 10; K) AppleWebKit/537.36 (KHTML, like Gecko) Chrome/137.0.0.0 Mobile Safari/537.36"
196.217.138.25 - - [08/Jun/2025:20:15:34 -0400] "GET /manga/btooom-chapter-113/ HTTP/1.1" 200 33433 "https://w3.readbtooom.com/manga/btooom-chapter-112/" "Mozilla/5.0 (Linux; Android 10; K) AppleWebKit/537.36 (KHTML, like Gecko) Chrome/137.0.0.0 Mobile Safari/537.36"
196.217.138.25 - - [08/Jun/2025:20:15:34 -0400] "GET /manga/btooom-chapter-113/ HTTP/1.1" 304 0 "https://w3.readbtooom.com/manga/btooom-chapter-112/" "Mozilla/5.0 (Linux; Android 10; K) AppleWebKit/537.36 (KHTML, like Gecko) Chrome/137.0.0.0 Mobile Safari/537.36"
162.0.232.193 - - [08/Jun/2025:20:18:20 -0400] "POST /wp-cron.php?doing_wp_cron=1749428300.4087541103363037109375 HTTP/1.1" 200 0 "-" "WordPress/6.4.5; https://w3.readbtooom.com"
43.157.50.58 - - [08/Jun/2025:20:18:22 -0400] "GET / HTTP/1.1" 200 18607 "https://readbtooom.com/" "Mozilla/5.0 (iPhone; CPU iPhone OS 13_2_3 like Mac OS X) AppleWebKit/605.1.15 (KHTML, like Gecko) Version/13.0.3 Mobile/15E148 Safari/604.1"
105.157.71.224 - - [08/Jun/2025:20:21:40 -0400] "GET /manga/btooom-chapter-114/ HTTP/1.1" 200 34368 "https://w3.readbtooom.com/manga/btooom-chapter-113/" "Mozilla/5.0 (Linux; Android 10; K) AppleWebKit/537.36 (KHTML, like Gecko) Chrome/137.0.0.0 Mobile Safari/537.36"
105.157.71.224 - - [08/Jun/2025:20:21:40 -0400] "GET /manga/btooom-chapter-114/ HTTP/1.1" 304 0 "https://w3.readbtooom.com/manga/btooom-chapter-113/" "Mozilla/5.0 (Linux; Android 10; K) AppleWebKit/537.36 (KHTML, like Gecko) Chrome/137.0.0.0 Mobile Safari/537.36"
162.0.232.193 - - [08/Jun/2025:20:22:26 -0400] "POST /wp-cron.php?doing_wp_cron=1749428546.6124830245971679687500 HTTP/1.1" 200 0 "-" "WordPress/6.4.5; https://w3.readbtooom.com"
66.249.64.131 - - [08/Jun/2025:20:27:15 -0400] "GET /manga/btooom-chapter-79/ HTTP/1.1" 200 30488 "-" "Mozilla/5.0 (Linux; Android 6.0.1; Nexus 5X Build/MMB29P) AppleWebKit/537.36 (KHTML, like Gecko) Chrome/136.0.7103.113 Mobile Safari/537.36 (compatible; Googlebot/2.1; +http://www.google.com/bot.html)"
162.0.232.193 - - [08/Jun/2025:20:27:19 -0400] "POST /wp-cron.php?doing_wp_cron=1749428839.4779810905456542968750 HTTP/1.1" 200 0 "-" "WordPress/6.4.5; https://w3.readbtooom.com"
66.249.64.130 - - [08/Jun/2025:20:27:17 -0400] "POST /wp-admin/admin-ajax.php HTTP/1.1" 200 69 "https://w3.readbtooom.com/manga/btooom-chapter-79/" "Mozilla/5.0 (Linux; Android 6.0.1; Nexus 5X Build/MMB29P) AppleWebKit/537.36 (KHTML, like Gecko) Chrome/136.0.7103.92 Mobile Safari/537.36 (compatible; Googlebot/2.1; +http://www.google.com/bot.html)"
2a04:4e41:478c:c2fc::9e8c:c2fc - - [08/Jun/2025:20:27:22 -0400] "GET /manga/btooom-chapter-51/ HTTP/1.1" 200 30217 "-" "Mozilla/5.0 (iPhone; CPU iPhone OS 18_5 like Mac OS X) AppleWebKit/605.1.15 (KHTML, like Gecko) Version/18.5 Mobile/15E148 Safari/604.1"
2001:44c8:46b1:23f4:2108:32d2:ef17:73aa - - [08/Jun/2025:20:28:03 -0400] "GET /manga/btooom-chapter-98/ HTTP/1.1" 200 32183 "https://www.google.com/" "Mozilla/5.0 (Linux; Android 10; K) AppleWebKit/537.36 (KHTML, like Gecko) Chrome/136.0.0.0 Mobile Safari/537.36"
2001:44c8:46b1:23f4:2108:32d2:ef17:73aa - - [08/Jun/2025:20:28:03 -0400] "GET /wp-includes/css/dist/block-library/style.min.css?ver=6.4.5 HTTP/1.1" 200 13600 "-" "Mozilla/5.0 (Linux; Android 10; K) AppleWebKit/537.36 (KHTML, like Gecko) Chrome/136.0.0.0 Mobile Safari/537.36"
2001:44c8:46b1:23f4:2108:32d2:ef17:73aa - - [08/Jun/2025:20:28:03 -0400] "GET /wp-content/plugins/simple-social-buttons/assets/css/front.css?ver=5.1.1 HTTP/1.1" 200 9767 "-" "Mozilla/5.0 (Linux; Android 10; K) AppleWebKit/537.36 (KHTML, like Gecko) Chrome/136.0.0.0 Mobile Safari/537.36"
2001:44c8:46b1:23f4:2108:32d2:ef17:73aa - - [08/Jun/2025:20:28:03 -0400] "GET /wp-content/plugins/widgets-on-pages/public/css/widgets-on-pages-public.css?ver=1.4.0 HTTP/1.1" 200 83 "-" "Mozilla/5.0 (Linux; Android 10; K) AppleWebKit/537.36 (KHTML, like Gecko) Chrome/136.0.0.0 Mobile Safari/537.36"
2001:44c8:46b1:23f4:2108:32d2:ef17:73aa - - [08/Jun/2025:20:28:04 -0400] "GET /wp-content/themes/toivo-lite/style.css?ver=1.2.0 HTTP/1.1" 200 13718 "-" "Mozilla/5.0 (Linux; Android 10; K) AppleWebKit/537.36 (KHTML, like Gecko) Chrome/136.0.0.0 Mobile Safari/537.36"
2001:44c8:46b1:23f4:2108:32d2:ef17:73aa - - [08/Jun/2025:20:28:04 -0400] "GET /wp-content/themes/toivo-lite/fonts/genericons/genericons/genericons.min.css?ver=3.3 HTTP/1.1" 200 15959 "-" "Mozilla/5.0 (Linux; Android 10; K) AppleWebKit/537.36 (KHTML, like Gecko) Chrome/136.0.0.0 Mobile Safari/537.36"
2001:44c8:46b1:23f4:2108:32d2:ef17:73aa - - [08/Jun/2025:20:28:04 -0400] "GET /wp-content/plugins/simple-social-buttons/assets/js/front.js?ver=5.1.1 HTTP/1.1" 200 1906 "https://w3.readbtooom.com/manga/btooom-chapter-98/" "Mozilla/5.0 (Linux; Android 10; K) AppleWebKit/537.36 (KHTML, like Gecko) Chrome/136.0.0.0 Mobile Safari/537.36"
2001:44c8:46b1:23f4:2108:32d2:ef17:73aa - - [08/Jun/2025:20:28:04 -0400] "GET /wp-includes/js/jquery/jquery-migrate.min.js?ver=3.4.1 HTTP/1.1" 200 4678 "https://w3.readbtooom.com/manga/btooom-chapter-98/" "Mozilla/5.0 (Linux; Android 10; K) AppleWebKit/537.36 (KHTML, like Gecko) Chrome/136.0.0.0 Mobile Safari/537.36"
2001:44c8:46b1:23f4:2108:32d2:ef17:73aa - - [08/Jun/2025:20:28:04 -0400] "GET /wp-includes/js/jquery/jquery.min.js?ver=3.7.1 HTTP/1.1" 200 29744 "https://w3.readbtooom.com/manga/btooom-chapter-98/" "Mozilla/5.0 (Linux; Android 10; K) AppleWebKit/537.36 (KHTML, like Gecko) Chrome/136.0.0.0 Mobile Safari/537.36"
2001:44c8:46b1:23f4:2108:32d2:ef17:73aa - - [08/Jun/2025:20:28:04 -0400] "GET /wp-content/plugins/simple-social-buttons/assets/js/frontend-blocks.js?ver=5.1.1 HTTP/1.1" 200 0 "https://w3.readbtooom.com/manga/btooom-chapter-98/" "Mozilla/5.0 (Linux; Android 10; K) AppleWebKit/537.36 (KHTML, like Gecko) Chrome/136.0.0.0 Mobile Safari/537.36"
2001:44c8:46b1:23f4:2108:32d2:ef17:73aa - - [08/Jun/2025:20:28:04 -0400] "GET /wp-content/plugins/comic-easel/css/comiceasel.css?ver=6.4.5 HTTP/1.1" 200 1273 "-" "Mozilla/5.0 (Linux; Android 10; K) AppleWebKit/537.36 (KHTML, like Gecko) Chrome/136.0.0.0 Mobile Safari/537.36"
2001:44c8:46b1:23f4:2108:32d2:ef17:73aa - - [08/Jun/2025:20:28:05 -0400] "GET /wp-content/themes/toivo-lite/js/functions.min.js?ver=1.2.0 HTTP/1.1" 200 593 "https://w3.readbtooom.com/manga/btooom-chapter-98/" "Mozilla/5.0 (Linux; Android 10; K) AppleWebKit/537.36 (KHTML, like Gecko) Chrome/136.0.0.0 Mobile Safari/537.36"
2001:44c8:46b1:23f4:2108:32d2:ef17:73aa - - [08/Jun/2025:20:28:05 -0400] "GET /wp-content/themes/toivo-lite/js/settings.min.js?ver=1.2.0 HTTP/1.1" 200 307 "https://w3.readbtooom.com/manga/btooom-chapter-98/" "Mozilla/5.0 (Linux; Android 10; K) AppleWebKit/537.36 (KHTML, like Gecko) Chrome/136.0.0.0 Mobile Safari/537.36"
2001:44c8:46b1:23f4:2108:32d2:ef17:73aa - - [08/Jun/2025:20:28:05 -0400] "GET /wp-content/plugins/simple-social-buttons/assets/fonts/ssb-icon.ttf?eahqa2 HTTP/1.1" 200 6212 "https://w3.readbtooom.com/wp-content/plugins/simple-social-buttons/assets/css/front.css?ver=5.1.1" "Mozilla/5.0 (Linux; Android 10; K) AppleWebKit/537.36 (KHTML, like Gecko) Chrome/136.0.0.0 Mobile Safari/537.36"
2001:44c8:46b1:23f4:2108:32d2:ef17:73aa - - [08/Jun/2025:20:28:05 -0400] "GET /wp-content/plugins/disqus-comment-system/public/js/comment_count.js?ver=3.0.23 HTTP/1.1" 200 354 "https://w3.readbtooom.com/manga/btooom-chapter-98/" "Mozilla/5.0 (Linux; Android 10; K) AppleWebKit/537.36 (KHTML, like Gecko) Chrome/136.0.0.0 Mobile Safari/537.36"
2001:44c8:46b1:23f4:2108:32d2:ef17:73aa - - [08/Jun/2025:20:28:05 -0400] "GET /wp-content/plugins/comic-easel/js/keynav.js HTTP/1.1" 200 302 "https://w3.readbtooom.com/manga/btooom-chapter-98/" "Mozilla/5.0 (Linux; Android 10; K) AppleWebKit/537.36 (KHTML, like Gecko) Chrome/136.0.0.0 Mobile Safari/537.36"
2001:44c8:46b1:23f4:2108:32d2:ef17:73aa - - [08/Jun/2025:20:28:05 -0400] "GET /wp-content/plugins/disqus-comment-system/public/js/comment_embed.js?ver=3.0.23 HTTP/1.1" 200 442 "https://w3.readbtooom.com/manga/btooom-chapter-98/" "Mozilla/5.0 (Linux; Android 10; K) AppleWebKit/537.36 (KHTML, like Gecko) Chrome/136.0.0.0 Mobile Safari/537.36"
2001:44c8:46b1:23f4:2108:32d2:ef17:73aa - - [08/Jun/2025:20:28:05 -0400] "GET /wp-content/themes/toivo-lite/js/responsive-nav.min.js?ver=1.2.0 HTTP/1.1" 200 2102 "https://w3.readbtooom.com/manga/btooom-chapter-98/" "Mozilla/5.0 (Linux; Android 10; K) AppleWebKit/537.36 (KHTML, like Gecko) Chrome/136.0.0.0 Mobile Safari/537.36"
2001:44c8:46b1:23f4:2108:32d2:ef17:73aa - - [08/Jun/2025:20:28:06 -0400] "GET /wp-includes/js/comment-reply.min.js?ver=6.4.5 HTTP/1.1" 200 1228 "https://w3.readbtooom.com/manga/btooom-chapter-98/" "Mozilla/5.0 (Linux; Android 10; K) AppleWebKit/537.36 (KHTML, like Gecko) Chrome/136.0.0.0 Mobile Safari/537.36"
2001:44c8:46b1:23f4:2108:32d2:ef17:73aa - - [08/Jun/2025:20:28:31 -0400] "GET /wp-content/uploads/2021/11/cropped-190036-192x192.png HTTP/1.1" 200 46224 "https://w3.readbtooom.com/manga/btooom-chapter-98/" "Mozilla/5.0 (Linux; Android 10; K) AppleWebKit/537.36 (KHTML, like Gecko) Chrome/136.0.0.0 Mobile Safari/537.36"
2001:44c8:46b1:23f4:2108:32d2:ef17:73aa - - [08/Jun/2025:20:28:31 -0400] "GET /wp-content/uploads/2021/11/cropped-190036-180x180.png HTTP/1.1" 200 41674 "https://w3.readbtooom.com/manga/btooom-chapter-98/" "Mozilla/5.0 (Linux; Android 10; K) AppleWebKit/537.36 (KHTML, like Gecko) Chrome/136.0.0.0 Mobile Safari/537.36"
2001:569:5859:7b00:f8f4:932a:ed39:4452 - - [08/Jun/2025:20:28:58 -0400] "GET /manga/btooom-chapter-6/ HTTP/1.1" 200 24741 "https://w3.readbtooom.com/manga/btooom-chapter-5/" "Mozilla/5.0 (iPhone; CPU iPhone OS 18_5 like Mac OS X) AppleWebKit/605.1.15 (KHTML, like Gecko) Version/18.5 Mobile/15E148 Safari/604.1"
2001:569:5859:7b00:f8f4:932a:ed39:4452 - - [08/Jun/2025:20:28:58 -0400] "GET /wp-includes/css/dist/block-library/style.min.css?ver=6.4.5 HTTP/1.1" 200 13600 "https://w3.readbtooom.com/manga/btooom-chapter-6/" "Mozilla/5.0 (iPhone; CPU iPhone OS 18_5 like Mac OS X) AppleWebKit/605.1.15 (KHTML, like Gecko) Version/18.5 Mobile/15E148 Safari/604.1"
2001:569:5859:7b00:f8f4:932a:ed39:4452 - - [08/Jun/2025:20:28:58 -0400] "GET /wp-content/themes/toivo-lite/fonts/genericons/genericons/genericons.min.css?ver=3.3 HTTP/1.1" 200 15959 "https://w3.readbtooom.com/manga/btooom-chapter-6/" "Mozilla/5.0 (iPhone; CPU iPhone OS 18_5 like Mac OS X) AppleWebKit/605.1.15 (KHTML, like Gecko) Version/18.5 Mobile/15E148 Safari/604.1"
2001:569:5859:7b00:f8f4:932a:ed39:4452 - - [08/Jun/2025:20:28:58 -0400] "GET /wp-content/plugins/widgets-on-pages/public/css/widgets-on-pages-public.css?ver=1.4.0 HTTP/1.1" 200 83 "https://w3.readbtooom.com/manga/btooom-chapter-6/" "Mozilla/5.0 (iPhone; CPU iPhone OS 18_5 like Mac OS X) AppleWebKit/605.1.15 (KHTML, like Gecko) Version/18.5 Mobile/15E148 Safari/604.1"
2001:569:5859:7b00:f8f4:932a:ed39:4452 - - [08/Jun/2025:20:28:58 -0400] "GET /wp-content/plugins/simple-social-buttons/assets/css/front.css?ver=5.1.1 HTTP/1.1" 200 9767 "https://w3.readbtooom.com/manga/btooom-chapter-6/" "Mozilla/5.0 (iPhone; CPU iPhone OS 18_5 like Mac OS X) AppleWebKit/605.1.15 (KHTML, like Gecko) Version/18.5 Mobile/15E148 Safari/604.1"
2001:569:5859:7b00:f8f4:932a:ed39:4452 - - [08/Jun/2025:20:28:58 -0400] "GET /wp-content/plugins/simple-social-buttons/assets/js/front.js?ver=5.1.1 HTTP/1.1" 200 1906 "https://w3.readbtooom.com/manga/btooom-chapter-6/" "Mozilla/5.0 (iPhone; CPU iPhone OS 18_5 like Mac OS X) AppleWebKit/605.1.15 (KHTML, like Gecko) Version/18.5 Mobile/15E148 Safari/604.1"
2001:569:5859:7b00:f8f4:932a:ed39:4452 - - [08/Jun/2025:20:28:58 -0400] "GET /wp-content/plugins/simple-social-buttons/assets/js/frontend-blocks.js?ver=5.1.1 HTTP/1.1" 200 0 "https://w3.readbtooom.com/manga/btooom-chapter-6/" "Mozilla/5.0 (iPhone; CPU iPhone OS 18_5 like Mac OS X) AppleWebKit/605.1.15 (KHTML, like Gecko) Version/18.5 Mobile/15E148 Safari/604.1"
2001:569:5859:7b00:f8f4:932a:ed39:4452 - - [08/Jun/2025:20:28:58 -0400] "GET /wp-content/themes/toivo-lite/style.css?ver=1.2.0 HTTP/1.1" 200 13718 "https://w3.readbtooom.com/manga/btooom-chapter-6/" "Mozilla/5.0 (iPhone; CPU iPhone OS 18_5 like Mac OS X) AppleWebKit/605.1.15 (KHTML, like Gecko) Version/18.5 Mobile/15E148 Safari/604.1"
2001:569:5859:7b00:f8f4:932a:ed39:4452 - - [08/Jun/2025:20:28:58 -0400] "GET /wp-content/themes/toivo-lite/js/responsive-nav.min.js?ver=1.2.0 HTTP/1.1" 200 2102 "https://w3.readbtooom.com/manga/btooom-chapter-6/" "Mozilla/5.0 (iPhone; CPU iPhone OS 18_5 like Mac OS X) AppleWebKit/605.1.15 (KHTML, like Gecko) Version/18.5 Mobile/15E148 Safari/604.1"
2001:569:5859:7b00:f8f4:932a:ed39:4452 - - [08/Jun/2025:20:28:58 -0400] "GET /wp-includes/js/comment-reply.min.js?ver=6.4.5 HTTP/1.1" 200 1228 "https://w3.readbtooom.com/manga/btooom-chapter-6/" "Mozilla/5.0 (iPhone; CPU iPhone OS 18_5 like Mac OS X) AppleWebKit/605.1.15 (KHTML, like Gecko) Version/18.5 Mobile/15E148 Safari/604.1"
2001:569:5859:7b00:f8f4:932a:ed39:4452 - - [08/Jun/2025:20:28:59 -0400] "GET /wp-content/themes/toivo-lite/fonts/genericons/genericons/Genericons.svg HTTP/1.1" 200 23714 "https://w3.readbtooom.com/manga/btooom-chapter-6/" "Mozilla/5.0 (iPhone; CPU iPhone OS 18_5 like Mac OS X) AppleWebKit/605.1.15 (KHTML, like Gecko) Version/18.5 Mobile/15E148 Safari/604.1"
2001:569:5859:7b00:f8f4:932a:ed39:4452 - - [08/Jun/2025:20:28:59 -0400] "GET /wp-content/plugins/simple-social-buttons/assets/fonts/ssb-icon.ttf?eahqa2 HTTP/1.1" 200 6212 "https://w3.readbtooom.com/manga/btooom-chapter-6/" "Mozilla/5.0 (iPhone; CPU iPhone OS 18_5 like Mac OS X) AppleWebKit/605.1.15 (KHTML, like Gecko) Version/18.5 Mobile/15E148 Safari/604.1"
2001:569:5859:7b00:f8f4:932a:ed39:4452 - - [08/Jun/2025:20:29:03 -0400] "GET /wp-content/uploads/2021/11/cropped-190036-32x32.png HTTP/1.1" 200 2208 "https://w3.readbtooom.com/manga/btooom-chapter-6/" "Mozilla/5.0 (iPhone; CPU iPhone OS 18_5 like Mac OS X) AppleWebKit/605.1.15 (KHTML, like Gecko) Version/18.5 Mobile/15E148 Safari/604.1"
2001:44c8:46b1:23f4:2108:32d2:ef17:73aa - - [08/Jun/2025:20:29:04 -0400] "GET /manga/btooom-chapter-97/ HTTP/1.1" 200 30203 "https://w3.readbtooom.com/manga/btooom-chapter-98/" "Mozilla/5.0 (Linux; Android 10; K) AppleWebKit/537.36 (KHTML, like Gecko) Chrome/136.0.0.0 Mobile Safari/537.36"
2001:44c8:46b1:23f4:2108:32d2:ef17:73aa - - [08/Jun/2025:20:29:06 -0400] "GET /manga/btooom-chapter-97/ HTTP/1.1" 304 0 "https://w3.readbtooom.com/manga/btooom-chapter-98/" "Mozilla/5.0 (Linux; Android 10; K) AppleWebKit/537.36 (KHTML, like Gecko) Chrome/136.0.0.0 Mobile Safari/537.36"
2001:569:5859:7b00:f8f4:932a:ed39:4452 - - [08/Jun/2025:20:29:57 -0400] "GET /manga/btooom-chapter-7/ HTTP/1.1" 200 24650 "https://w3.readbtooom.com/manga/btooom-chapter-6/" "Mozilla/5.0 (iPhone; CPU iPhone OS 18_5 like Mac OS X) AppleWebKit/605.1.15 (KHTML, like Gecko) Version/18.5 Mobile/15E148 Safari/604.1"
162.0.232.193 - - [08/Jun/2025:20:29:59 -0400] "POST /wp-cron.php?doing_wp_cron=1749428999.5296020507812500000000 HTTP/1.1" 200 0 "-" "WordPress/6.4.5; https://w3.readbtooom.com"
2001:569:5859:7b00:f8f4:932a:ed39:4452 - - [08/Jun/2025:20:29:58 -0400] "POST /wp-admin/admin-ajax.php HTTP/1.1" 200 69 "https://w3.readbtooom.com/manga/btooom-chapter-7/" "Mozilla/5.0 (iPhone; CPU iPhone OS 18_5 like Mac OS X) AppleWebKit/605.1.15 (KHTML, like Gecko) Version/18.5 Mobile/15E148 Safari/604.1"
2001:44c8:46b1:23f4:2108:32d2:ef17:73aa - - [08/Jun/2025:20:30:19 -0400] "GET /manga/btooom-chapter-99/ HTTP/1.1" 200 30187 "https://w3.readbtooom.com/manga/btooom-chapter-98/" "Mozilla/5.0 (Linux; Android 10; K) AppleWebKit/537.36 (KHTML, like Gecko) Chrome/136.0.0.0 Mobile Safari/537.36"
2001:44c8:46b1:23f4:2108:32d2:ef17:73aa - - [08/Jun/2025:20:30:43 -0400] "GET /manga/btooom-chapter-99/ HTTP/1.1" 304 0 "https://w3.readbtooom.com/manga/btooom-chapter-98/" "Mozilla/5.0 (Linux; Android 10; K) AppleWebKit/537.36 (KHTML, like Gecko) Chrome/136.0.0.0 Mobile Safari/537.36"
162.0.232.193 - - [08/Jun/2025:20:30:44 -0400] "POST /wp-cron.php?doing_wp_cron=1749429044.0855600833892822265625 HTTP/1.1" 200 0 "-" "WordPress/6.4.5; https://w3.readbtooom.com"
2001:44c8:46b1:23f4:2108:32d2:ef17:73aa - - [08/Jun/2025:20:30:43 -0400] "POST /wp-admin/admin-ajax.php HTTP/1.1" 200 69 "https://w3.readbtooom.com/manga/btooom-chapter-99/" "Mozilla/5.0 (Linux; Android 10; K) AppleWebKit/537.36 (KHTML, like Gecko) Chrome/136.0.0.0 Mobile Safari/537.36"
2001:569:5859:7b00:f8f4:932a:ed39:4452 - - [08/Jun/2025:20:30:57 -0400] "GET /manga/btooom-chapter-8/ HTTP/1.1" 200 23113 "https://w3.readbtooom.com/manga/btooom-chapter-7/" "Mozilla/5.0 (iPhone; CPU iPhone OS 18_5 like Mac OS X) AppleWebKit/605.1.15 (KHTML, like Gecko) Version/18.5 Mobile/15E148 Safari/604.1"
2001:44c8:46b1:23f4:2108:32d2:ef17:73aa - - [08/Jun/2025:20:30:58 -0400] "GET /manga/btooom-chapter-121-2/ HTTP/1.1" 200 49260 "https://w3.readbtooom.com/manga/btooom-chapter-99/" "Mozilla/5.0 (Linux; Android 10; K) AppleWebKit/537.36 (KHTML, like Gecko) Chrome/136.0.0.0 Mobile Safari/537.36"
2001:44c8:46b1:23f4:2108:32d2:ef17:73aa - - [08/Jun/2025:20:30:59 -0400] "GET /manga/btooom-chapter-121-2/ HTTP/1.1" 304 0 "https://w3.readbtooom.com/manga/btooom-chapter-99/" "Mozilla/5.0 (Linux; Android 10; K) AppleWebKit/537.36 (KHTML, like Gecko) Chrome/136.0.0.0 Mobile Safari/537.36"
43.155.27.244 - - [08/Jun/2025:20:31:31 -0400] "GET /manga/btooom-chapter-28/ HTTP/1.1" 200 22682 "-" "Mozilla/5.0 (iPhone; CPU iPhone OS 13_2_3 like Mac OS X) AppleWebKit/605.1.15 (KHTML, like Gecko) Version/13.0.3 Mobile/15E148 Safari/604.1"
162.0.232.193 - - [08/Jun/2025:20:31:32 -0400] "POST /wp-cron.php?doing_wp_cron=1749429092.6847369670867919921875 HTTP/1.1" 200 0 "-" "WordPress/6.4.5; https://w3.readbtooom.com"
47.239.156.206 - - [08/Jun/2025:20:31:32 -0400] "HEAD /manga/btooom-chapter-121-2 HTTP/1.1" 301 0 "-" "Mozilla/5.0 (Windows NT 6.3; Win64; x64) AppleWebKit/537.36 (KHTML, like Gecko) Chrome/73.0.2702.34 Safari/537.36"
47.239.156.206 - - [08/Jun/2025:20:31:33 -0400] "HEAD /manga/btooom-chapter-121-2/ HTTP/1.1" 200 0 "-" "Mozilla/5.0 (Windows NT 6.3; Win64; x64) AppleWebKit/537.36 (KHTML, like Gecko) Chrome/73.0.2702.34 Safari/537.36"
47.239.156.206 - - [08/Jun/2025:20:31:33 -0400] "GET /manga/btooom-chapter-121-2 HTTP/1.1" 200 49260 "-" "Mozilla/5.0 (Windows NT 6.3; Win64; x64) AppleWebKit/537.36 (KHTML, like Gecko) Chrome/73.0.2702.34 Safari/537.36"
2001:569:5859:7b00:f8f4:932a:ed39:4452 - - [08/Jun/2025:20:31:48 -0400] "GET /manga/btooom-chapter-9/ HTTP/1.1" 200 22865 "https://w3.readbtooom.com/manga/btooom-chapter-8/" "Mozilla/5.0 (iPhone; CPU iPhone OS 18_5 like Mac OS X) AppleWebKit/605.1.15 (KHTML, like Gecko) Version/18.5 Mobile/15E148 Safari/604.1"
2001:44c8:46b1:23f4:2108:32d2:ef17:73aa - - [08/Jun/2025:20:31:57 -0400] "GET /tag/nobutaka-oda/ HTTP/1.1" 301 0 "https://w3.readbtooom.com/manga/btooom-chapter-121-2/" "Mozilla/5.0 (Linux; Android 10; K) AppleWebKit/537.36 (KHTML, like Gecko) Chrome/136.0.0.0 Mobile Safari/537.36"
162.0.232.193 - - [08/Jun/2025:20:32:00 -0400] "POST /wp-cron.php?doing_wp_cron=1749429119.8712210655212402343750 HTTP/1.1" 200 0 "-" "WordPress/6.4.5; https://w3.readbtooom.com"
2001:44c8:46b1:23f4:2108:32d2:ef17:73aa - - [08/Jun/2025:20:32:00 -0400] "GET / HTTP/1.1" 200 18607 "https://w3.readbtooom.com/" "Mozilla/5.0 (Linux; Android 10; K) AppleWebKit/537.36 (KHTML, like Gecko) Chrome/136.0.0.0 Mobile Safari/537.36"
2001:569:5859:7b00:f8f4:932a:ed39:4452 - - [08/Jun/2025:20:32:31 -0400] "GET /manga/btooom-chapter-10/ HTTP/1.1" 200 22922 "https://w3.readbtooom.com/manga/btooom-chapter-9/" "Mozilla/5.0 (iPhone; CPU iPhone OS 18_5 like Mac OS X) AppleWebKit/605.1.15 (KHTML, like Gecko) Version/18.5 Mobile/15E148 Safari/604.1"
2001:569:5859:7b00:f8f4:932a:ed39:4452 - - [08/Jun/2025:20:32:31 -0400] "POST /wp-admin/admin-ajax.php HTTP/1.1" 200 69 "https://w3.readbtooom.com/manga/btooom-chapter-10/" "Mozilla/5.0 (iPhone; CPU iPhone OS 18_5 like Mac OS X) AppleWebKit/605.1.15 (KHTML, like Gecko) Version/18.5 Mobile/15E148 Safari/604.1"
2001:569:5859:7b00:f8f4:932a:ed39:4452 - - [08/Jun/2025:20:33:11 -0400] "GET /manga/btooom-chapter-11/ HTTP/1.1" 200 23271 "https://w3.readbtooom.com/manga/btooom-chapter-10/" "Mozilla/5.0 (iPhone; CPU iPhone OS 18_5 like Mac OS X) AppleWebKit/605.1.15 (KHTML, like Gecko) Version/18.5 Mobile/15E148 Safari/604.1"
162.0.232.193 - - [08/Jun/2025:20:33:12 -0400] "POST /wp-cron.php?doing_wp_cron=1749429192.5310521125793457031250 HTTP/1.1" 200 0 "-" "WordPress/6.4.5; https://w3.readbtooom.com"
2001:569:5859:7b00:f8f4:932a:ed39:4452 - - [08/Jun/2025:20:33:12 -0400] "POST /wp-admin/admin-ajax.php HTTP/1.1" 200 69 "https://w3.readbtooom.com/manga/btooom-chapter-11/" "Mozilla/5.0 (iPhone; CPU iPhone OS 18_5 like Mac OS X) AppleWebKit/605.1.15 (KHTML, like Gecko) Version/18.5 Mobile/15E148 Safari/604.1"
105.157.71.224 - - [08/Jun/2025:20:33:28 -0400] "GET /manga/btooom-chapter-113/ HTTP/1.1" 304 0 "https://w3.readbtooom.com/manga/btooom-chapter-114/" "Mozilla/5.0 (Linux; Android 10; K) AppleWebKit/537.36 (KHTML, like Gecko) Chrome/137.0.0.0 Mobile Safari/537.36"
105.157.71.224 - - [08/Jun/2025:20:33:28 -0400] "GET /manga/btooom-chapter-115/ HTTP/1.1" 200 33874 "https://w3.readbtooom.com/manga/btooom-chapter-114/" "Mozilla/5.0 (Linux; Android 10; K) AppleWebKit/537.36 (KHTML, like Gecko) Chrome/137.0.0.0 Mobile Safari/537.36"
105.157.71.224 - - [08/Jun/2025:20:33:28 -0400] "GET /manga/btooom-chapter-115/ HTTP/1.1" 304 0 "https://w3.readbtooom.com/manga/btooom-chapter-114/" "Mozilla/5.0 (Linux; Android 10; K) AppleWebKit/537.36 (KHTML, like Gecko) Chrome/137.0.0.0 Mobile Safari/537.36"
105.157.71.224 - - [08/Jun/2025:20:33:29 -0400] "POST /wp-admin/admin-ajax.php HTTP/1.1" 200 69 "https://w3.readbtooom.com/manga/btooom-chapter-115/" "Mozilla/5.0 (Linux; Android 10; K) AppleWebKit/537.36 (KHTML, like Gecko) Chrome/137.0.0.0 Mobile Safari/537.36"
2001:569:5859:7b00:f8f4:932a:ed39:4452 - - [08/Jun/2025:20:33:50 -0400] "GET /manga/btooom-chapter-12/ HTTP/1.1" 200 23647 "https://w3.readbtooom.com/manga/btooom-chapter-11/" "Mozilla/5.0 (iPhone; CPU iPhone OS 18_5 like Mac OS X) AppleWebKit/605.1.15 (KHTML, like Gecko) Version/18.5 Mobile/15E148 Safari/604.1"
2001:569:5859:7b00:f8f4:932a:ed39:4452 - - [08/Jun/2025:20:34:39 -0400] "GET /manga/btooom-chapter-13/ HTTP/1.1" 200 23283 "https://w3.readbtooom.com/manga/btooom-chapter-12/" "Mozilla/5.0 (iPhone; CPU iPhone OS 18_5 like Mac OS X) AppleWebKit/605.1.15 (KHTML, like Gecko) Version/18.5 Mobile/15E148 Safari/604.1"
162.0.232.193 - - [08/Jun/2025:20:34:39 -0400] "POST /wp-cron.php?doing_wp_cron=1749429279.8849060535430908203125 HTTP/1.1" 200 0 "-" "WordPress/6.4.5; https://w3.readbtooom.com"
2001:569:5859:7b00:f8f4:932a:ed39:4452 - - [08/Jun/2025:20:34:39 -0400] "POST /wp-admin/admin-ajax.php HTTP/1.1" 200 69 "https://w3.readbtooom.com/manga/btooom-chapter-13/" "Mozilla/5.0 (iPhone; CPU iPhone OS 18_5 like Mac OS X) AppleWebKit/605.1.15 (KHTML, like Gecko) Version/18.5 Mobile/15E148 Safari/604.1"
103.131.71.90 - - [08/Jun/2025:20:35:12 -0400] "GET / HTTP/1.1" 200 18607 "-" "Mozilla/5.0 (compatible; coccocbot-web/1.0; +http://help.coccoc.com/searchengine)"
103.131.71.90 - - [08/Jun/2025:20:35:14 -0400] "GET /manga/btooom-chapter-55/ HTTP/1.1" 200 30256 "-" "Mozilla/5.0 (compatible; coccocbot-web/1.0; +http://help.coccoc.com/searchengine)"
2001:569:5859:7b00:f8f4:932a:ed39:4452 - - [08/Jun/2025:20:35:18 -0400] "GET /manga/btooom-chapter-14/ HTTP/1.1" 200 24609 "https://w3.readbtooom.com/manga/btooom-chapter-13/" "Mozilla/5.0 (iPhone; CPU iPhone OS 18_5 like Mac OS X) AppleWebKit/605.1.15 (KHTML, like Gecko) Version/18.5 Mobile/15E148 Safari/604.1"
162.0.232.193 - - [08/Jun/2025:20:35:19 -0400] "POST /wp-cron.php?doing_wp_cron=1749429319.1398670673370361328125 HTTP/1.1" 200 0 "-" "WordPress/6.4.5; https://w3.readbtooom.com"
2001:569:5859:7b00:f8f4:932a:ed39:4452 - - [08/Jun/2025:20:35:19 -0400] "POST /wp-admin/admin-ajax.php HTTP/1.1" 200 69 "https://w3.readbtooom.com/manga/btooom-chapter-14/" "Mozilla/5.0 (iPhone; CPU iPhone OS 18_5 like Mac OS X) AppleWebKit/605.1.15 (KHTML, like Gecko) Version/18.5 Mobile/15E148 Safari/604.1"
2001:569:5859:7b00:f8f4:932a:ed39:4452 - - [08/Jun/2025:20:35:55 -0400] "GET /manga/btooom-chapter-14-5/ HTTP/1.1" 200 20344 "https://w3.readbtooom.com/manga/btooom-chapter-14/" "Mozilla/5.0 (iPhone; CPU iPhone OS 18_5 like Mac OS X) AppleWebKit/605.1.15 (KHTML, like Gecko) Version/18.5 Mobile/15E148 Safari/604.1"
2001:569:5859:7b00:f8f4:932a:ed39:4452 - - [08/Jun/2025:20:36:00 -0400] "GET /manga/btooom-chapter-15/ HTTP/1.1" 200 24220 "https://w3.readbtooom.com/manga/btooom-chapter-14-5/" "Mozilla/5.0 (iPhone; CPU iPhone OS 18_5 like Mac OS X) AppleWebKit/605.1.15 (KHTML, like Gecko) Version/18.5 Mobile/15E148 Safari/604.1"
162.0.232.193 - - [08/Jun/2025:20:36:01 -0400] "POST /wp-cron.php?doing_wp_cron=1749429361.1588249206542968750000 HTTP/1.1" 200 0 "-" "WordPress/6.4.5; https://w3.readbtooom.com"
2001:569:5859:7b00:f8f4:932a:ed39:4452 - - [08/Jun/2025:20:36:00 -0400] "POST /wp-admin/admin-ajax.php HTTP/1.1" 200 69 "https://w3.readbtooom.com/manga/btooom-chapter-15/" "Mozilla/5.0 (iPhone; CPU iPhone OS 18_5 like Mac OS X) AppleWebKit/605.1.15 (KHTML, like Gecko) Version/18.5 Mobile/15E148 Safari/604.1"
2001:569:5859:7b00:f8f4:932a:ed39:4452 - - [08/Jun/2025:20:36:28 -0400] "GET /manga/btooom-chapter-16/ HTTP/1.1" 200 22702 "https://w3.readbtooom.com/manga/btooom-chapter-15/" "Mozilla/5.0 (iPhone; CPU iPhone OS 18_5 like Mac OS X) AppleWebKit/605.1.15 (KHTML, like Gecko) Version/18.5 Mobile/15E148 Safari/604.1"
2001:569:5859:7b00:f8f4:932a:ed39:4452 - - [08/Jun/2025:20:37:24 -0400] "GET /manga/btooom-chapter-17/ HTTP/1.1" 200 22921 "https://w3.readbtooom.com/manga/btooom-chapter-16/" "Mozilla/5.0 (iPhone; CPU iPhone OS 18_5 like Mac OS X) AppleWebKit/605.1.15 (KHTML, like Gecko) Version/18.5 Mobile/15E148 Safari/604.1"
162.0.232.193 - - [08/Jun/2025:20:37:26 -0400] "POST /wp-cron.php?doing_wp_cron=1749429446.7245609760284423828125 HTTP/1.1" 200 0 "-" "WordPress/6.4.5; https://w3.readbtooom.com"
2001:569:5859:7b00:f8f4:932a:ed39:4452 - - [08/Jun/2025:20:37:25 -0400] "POST /wp-admin/admin-ajax.php HTTP/1.1" 200 69 "https://w3.readbtooom.com/manga/btooom-chapter-17/" "Mozilla/5.0 (iPhone; CPU iPhone OS 18_5 like Mac OS X) AppleWebKit/605.1.15 (KHTML, like Gecko) Version/18.5 Mobile/15E148 Safari/604.1"
2001:569:5859:7b00:f8f4:932a:ed39:4452 - - [08/Jun/2025:20:37:56 -0400] "GET /manga/btooom-chapter-18/ HTTP/1.1" 200 23263 "https://w3.readbtooom.com/manga/btooom-chapter-17/" "Mozilla/5.0 (iPhone; CPU iPhone OS 18_5 like Mac OS X) AppleWebKit/605.1.15 (KHTML, like Gecko) Version/18.5 Mobile/15E148 Safari/604.1"
162.0.232.193 - - [08/Jun/2025:20:37:57 -0400] "POST /wp-cron.php?doing_wp_cron=1749429477.5885388851165771484375 HTTP/1.1" 200 0 "-" "WordPress/6.4.5; https://w3.readbtooom.com"
2001:569:5859:7b00:f8f4:932a:ed39:4452 - - [08/Jun/2025:20:37:57 -0400] "POST /wp-admin/admin-ajax.php HTTP/1.1" 200 69 "https://w3.readbtooom.com/manga/btooom-chapter-18/" "Mozilla/5.0 (iPhone; CPU iPhone OS 18_5 like Mac OS X) AppleWebKit/605.1.15 (KHTML, like Gecko) Version/18.5 Mobile/15E148 Safari/604.1"
2001:569:5859:7b00:f8f4:932a:ed39:4452 - - [08/Jun/2025:20:38:26 -0400] "GET /manga/btooom-chapter-19/ HTTP/1.1" 200 23677 "https://w3.readbtooom.com/manga/btooom-chapter-18/" "Mozilla/5.0 (iPhone; CPU iPhone OS 18_5 like Mac OS X) AppleWebKit/605.1.15 (KHTML, like Gecko) Version/18.5 Mobile/15E148 Safari/604.1"
2001:569:5859:7b00:f8f4:932a:ed39:4452 - - [08/Jun/2025:20:38:27 -0400] "POST /wp-admin/admin-ajax.php HTTP/1.1" 200 69 "https://w3.readbtooom.com/manga/btooom-chapter-19/" "Mozilla/5.0 (iPhone; CPU iPhone OS 18_5 like Mac OS X) AppleWebKit/605.1.15 (KHTML, like Gecko) Version/18.5 Mobile/15E148 Safari/604.1"
2001:569:5859:7b00:f8f4:932a:ed39:4452 - - [08/Jun/2025:20:38:51 -0400] "GET /manga/btooom-chapter-20/ HTTP/1.1" 200 22891 "https://w3.readbtooom.com/manga/btooom-chapter-19/" "Mozilla/5.0 (iPhone; CPU iPhone OS 18_5 like Mac OS X) AppleWebKit/605.1.15 (KHTML, like Gecko) Version/18.5 Mobile/15E148 Safari/604.1"
2001:569:5859:7b00:f8f4:932a:ed39:4452 - - [08/Jun/2025:20:39:11 -0400] "GET /manga/btooom-chapter-21/ HTTP/1.1" 200 23160 "https://w3.readbtooom.com/manga/btooom-chapter-20/" "Mozilla/5.0 (iPhone; CPU iPhone OS 18_5 like Mac OS X) AppleWebKit/605.1.15 (KHTML, like Gecko) Version/18.5 Mobile/15E148 Safari/604.1"
2001:569:5859:7b00:f8f4:932a:ed39:4452 - - [08/Jun/2025:20:39:41 -0400] "GET /manga/btooom-chapter-22/ HTTP/1.1" 200 23628 "https://w3.readbtooom.com/manga/btooom-chapter-21/" "Mozilla/5.0 (iPhone; CPU iPhone OS 18_5 like Mac OS X) AppleWebKit/605.1.15 (KHTML, like Gecko) Version/18.5 Mobile/15E148 Safari/604.1"
2001:569:5859:7b00:f8f4:932a:ed39:4452 - - [08/Jun/2025:20:40:31 -0400] "GET /manga/btooom-chapter-22-5/ HTTP/1.1" 200 19061 "https://w3.readbtooom.com/manga/btooom-chapter-22/" "Mozilla/5.0 (iPhone; CPU iPhone OS 18_5 like Mac OS X) AppleWebKit/605.1.15 (KHTML, like Gecko) Version/18.5 Mobile/15E148 Safari/604.1"
2001:569:5859:7b00:f8f4:932a:ed39:4452 - - [08/Jun/2025:20:40:33 -0400] "GET /manga/btooom-chapter-23/ HTTP/1.1" 200 24244 "https://w3.readbtooom.com/manga/btooom-chapter-22-5/" "Mozilla/5.0 (iPhone; CPU iPhone OS 18_5 like Mac OS X) AppleWebKit/605.1.15 (KHTML, like Gecko) Version/18.5 Mobile/15E148 Safari/604.1"
2001:569:5859:7b00:f8f4:932a:ed39:4452 - - [08/Jun/2025:20:41:02 -0400] "GET /manga/btooom-chapter-24/ HTTP/1.1" 200 22869 "https://w3.readbtooom.com/manga/btooom-chapter-23/" "Mozilla/5.0 (iPhone; CPU iPhone OS 18_5 like Mac OS X) AppleWebKit/605.1.15 (KHTML, like Gecko) Version/18.5 Mobile/15E148 Safari/604.1"
43.133.69.37 - - [08/Jun/2025:20:41:43 -0400] "GET /manga/btooom-chapter-17/ HTTP/1.1" 200 22921 "-" "Mozilla/5.0 (iPhone; CPU iPhone OS 13_2_3 like Mac OS X) AppleWebKit/605.1.15 (KHTML, like Gecko) Version/13.0.3 Mobile/15E148 Safari/604.1"
2001:569:5859:7b00:f8f4:932a:ed39:4452 - - [08/Jun/2025:20:41:55 -0400] "GET /manga/btooom-chapter-25/ HTTP/1.1" 200 23476 "https://w3.readbtooom.com/manga/btooom-chapter-24/" "Mozilla/5.0 (iPhone; CPU iPhone OS 18_5 like Mac OS X) AppleWebKit/605.1.15 (KHTML, like Gecko) Version/18.5 Mobile/15E148 Safari/604.1"
162.0.232.193 - - [08/Jun/2025:20:41:57 -0400] "POST /wp-cron.php?doing_wp_cron=1749429717.1525321006774902343750 HTTP/1.1" 200 0 "-" "WordPress/6.4.5; https://w3.readbtooom.com"
2001:569:5859:7b00:f8f4:932a:ed39:4452 - - [08/Jun/2025:20:41:55 -0400] "POST /wp-admin/admin-ajax.php HTTP/1.1" 200 69 "https://w3.readbtooom.com/manga/btooom-chapter-25/" "Mozilla/5.0 (iPhone; CPU iPhone OS 18_5 like Mac OS X) AppleWebKit/605.1.15 (KHTML, like Gecko) Version/18.5 Mobile/15E148 Safari/604.1"
105.157.71.224 - - [08/Jun/2025:20:42:10 -0400] "GET /tag/btooom-manga/ HTTP/1.1" 301 0 "https://w3.readbtooom.com/manga/btooom-chapter-115/" "Mozilla/5.0 (Linux; Android 10; K) AppleWebKit/537.36 (KHTML, like Gecko) Chrome/137.0.0.0 Mobile Safari/537.36"
105.157.71.224 - - [08/Jun/2025:20:42:10 -0400] "GET /manga/btooom-chapter-116/ HTTP/1.1" 200 33207 "https://w3.readbtooom.com/manga/btooom-chapter-115/" "Mozilla/5.0 (Linux; Android 10; K) AppleWebKit/537.36 (KHTML, like Gecko) Chrome/137.0.0.0 Mobile Safari/537.36"
105.157.71.224 - - [08/Jun/2025:20:42:10 -0400] "GET / HTTP/1.1" 304 0 "https://w3.readbtooom.com/" "Mozilla/5.0 (Linux; Android 10; K) AppleWebKit/537.36 (KHTML, like Gecko) Chrome/137.0.0.0 Mobile Safari/537.36"
105.157.71.224 - - [08/Jun/2025:20:42:12 -0400] "GET /manga/btooom-chapter-116/ HTTP/1.1" 304 0 "https://w3.readbtooom.com/manga/btooom-chapter-115/" "Mozilla/5.0 (Linux; Android 10; K) AppleWebKit/537.36 (KHTML, like Gecko) Chrome/137.0.0.0 Mobile Safari/537.36"
105.157.71.224 - - [08/Jun/2025:20:42:12 -0400] "POST /wp-admin/admin-ajax.php HTTP/1.1" 200 69 "https://w3.readbtooom.com/manga/btooom-chapter-116/" "Mozilla/5.0 (Linux; Android 10; K) AppleWebKit/537.36 (KHTML, like Gecko) Chrome/137.0.0.0 Mobile Safari/537.36"
2001:569:5859:7b00:f8f4:932a:ed39:4452 - - [08/Jun/2025:20:42:39 -0400] "GET /manga/btooom-chapter-26/ HTTP/1.1" 200 22499 "https://w3.readbtooom.com/manga/btooom-chapter-25/" "Mozilla/5.0 (iPhone; CPU iPhone OS 18_5 like Mac OS X) AppleWebKit/605.1.15 (KHTML, like Gecko) Version/18.5 Mobile/15E148 Safari/604.1"
130.202.62.97 - - [08/Jun/2025:20:42:42 -0400] "GET /manga/btooom-chapter-45/ HTTP/1.1" 200 31075 "https://w3.readbtooom.com/manga/btooom-chapter-44/" "Mozilla/5.0 (iPhone; CPU iPhone OS 18_5 like Mac OS X) AppleWebKit/605.1.15 (KHTML, like Gecko) Version/18.5 Mobile/15E148 Safari/604.1"
162.0.232.193 - - [08/Jun/2025:20:42:42 -0400] "POST /wp-cron.php?doing_wp_cron=1749429762.8459980487823486328125 HTTP/1.1" 200 0 "-" "WordPress/6.4.5; https://w3.readbtooom.com"
130.202.62.97 - - [08/Jun/2025:20:42:42 -0400] "POST /wp-admin/admin-ajax.php HTTP/1.1" 200 69 "https://w3.readbtooom.com/manga/btooom-chapter-45/" "Mozilla/5.0 (iPhone; CPU iPhone OS 18_5 like Mac OS X) AppleWebKit/605.1.15 (KHTML, like Gecko) Version/18.5 Mobile/15E148 Safari/604.1"
2001:569:5859:7b00:f8f4:932a:ed39:4452 - - [08/Jun/2025:20:43:10 -0400] "GET /manga/btooom-chapter-27/ HTTP/1.1" 200 22133 "https://w3.readbtooom.com/manga/btooom-chapter-26/" "Mozilla/5.0 (iPhone; CPU iPhone OS 18_5 like Mac OS X) AppleWebKit/605.1.15 (KHTML, like Gecko) Version/18.5 Mobile/15E148 Safari/604.1"
162.0.232.193 - - [08/Jun/2025:20:43:10 -0400] "POST /wp-cron.php?doing_wp_cron=1749429790.8776190280914306640625 HTTP/1.1" 200 0 "-" "WordPress/6.4.5; https://w3.readbtooom.com"
2001:569:5859:7b00:f8f4:932a:ed39:4452 - - [08/Jun/2025:20:43:10 -0400] "POST /wp-admin/admin-ajax.php HTTP/1.1" 200 69 "https://w3.readbtooom.com/manga/btooom-chapter-27/" "Mozilla/5.0 (iPhone; CPU iPhone OS 18_5 like Mac OS X) AppleWebKit/605.1.15 (KHTML, like Gecko) Version/18.5 Mobile/15E148 Safari/604.1"
2001:569:5859:7b00:f8f4:932a:ed39:4452 - - [08/Jun/2025:20:43:34 -0400] "GET /manga/btooom-chapter-28/ HTTP/1.1" 200 22682 "https://w3.readbtooom.com/manga/btooom-chapter-27/" "Mozilla/5.0 (iPhone; CPU iPhone OS 18_5 like Mac OS X) AppleWebKit/605.1.15 (KHTML, like Gecko) Version/18.5 Mobile/15E148 Safari/604.1"
2001:569:5859:7b00:f8f4:932a:ed39:4452 - - [08/Jun/2025:20:44:10 -0400] "GET /manga/btooom-chapter-29/ HTTP/1.1" 200 21727 "https://w3.readbtooom.com/manga/btooom-chapter-28/" "Mozilla/5.0 (iPhone; CPU iPhone OS 18_5 like Mac OS X) AppleWebKit/605.1.15 (KHTML, like Gecko) Version/18.5 Mobile/15E148 Safari/604.1"
2001:569:5859:7b00:f8f4:932a:ed39:4452 - - [08/Jun/2025:20:44:45 -0400] "GET /manga/btooom-chapter-30/ HTTP/1.1" 200 21910 "https://w3.readbtooom.com/manga/btooom-chapter-29/" "Mozilla/5.0 (iPhone; CPU iPhone OS 18_5 like Mac OS X) AppleWebKit/605.1.15 (KHTML, like Gecko) Version/18.5 Mobile/15E148 Safari/604.1"
2001:569:5859:7b00:f8f4:932a:ed39:4452 - - [08/Jun/2025:20:45:13 -0400] "GET /manga/btooom-chapter-31/ HTTP/1.1" 200 22279 "https://w3.readbtooom.com/manga/btooom-chapter-30/" "Mozilla/5.0 (iPhone; CPU iPhone OS 18_5 like Mac OS X) AppleWebKit/605.1.15 (KHTML, like Gecko) Version/18.5 Mobile/15E148 Safari/604.1"
162.0.232.193 - - [08/Jun/2025:20:45:38 -0400] "POST /wp-cron.php?doing_wp_cron=1749429938.1386940479278564453125 HTTP/1.1" 200 0 "-" "WordPress/6.4.5; https://w3.readbtooom.com"
170.106.163.84 - - [08/Jun/2025:20:45:39 -0400] "GET / HTTP/1.1" 200 18607 "https://www.readbtooom.com/" "Mozilla/5.0 (iPhone; CPU iPhone OS 13_2_3 like Mac OS X) AppleWebKit/605.1.15 (KHTML, like Gecko) Version/13.0.3 Mobile/15E148 Safari/604.1"
2001:569:5859:7b00:f8f4:932a:ed39:4452 - - [08/Jun/2025:20:45:53 -0400] "GET /manga/btooom-chapter-32/ HTTP/1.1" 200 24043 "https://w3.readbtooom.com/manga/btooom-chapter-31/" "Mozilla/5.0 (iPhone; CPU iPhone OS 18_5 like Mac OS X) AppleWebKit/605.1.15 (KHTML, like Gecko) Version/18.5 Mobile/15E148 Safari/604.1"
2001:569:5859:7b00:f8f4:932a:ed39:4452 - - [08/Jun/2025:20:46:14 -0400] "GET /manga/btooom-chapter-33/ HTTP/1.1" 200 24638 "https://w3.readbtooom.com/manga/btooom-chapter-32/" "Mozilla/5.0 (iPhone; CPU iPhone OS 18_5 like Mac OS X) AppleWebKit/605.1.15 (KHTML, like Gecko) Version/18.5 Mobile/15E148 Safari/604.1"
162.0.232.193 - - [08/Jun/2025:20:46:15 -0400] "POST /wp-cron.php?doing_wp_cron=1749429975.4687221050262451171875 HTTP/1.1" 200 0 "-" "WordPress/6.4.5; https://w3.readbtooom.com"
2001:569:5859:7b00:f8f4:932a:ed39:4452 - - [08/Jun/2025:20:46:15 -0400] "POST /wp-admin/admin-ajax.php HTTP/1.1" 200 69 "https://w3.readbtooom.com/manga/btooom-chapter-33/" "Mozilla/5.0 (iPhone; CPU iPhone OS 18_5 like Mac OS X) AppleWebKit/605.1.15 (KHTML, like Gecko) Version/18.5 Mobile/15E148 Safari/604.1"
2001:569:5859:7b00:f8f4:932a:ed39:4452 - - [08/Jun/2025:20:46:39 -0400] "GET /manga/btooom-chapter-34/ HTTP/1.1" 200 26400 "https://w3.readbtooom.com/manga/btooom-chapter-33/" "Mozilla/5.0 (iPhone; CPU iPhone OS 18_5 like Mac OS X) AppleWebKit/605.1.15 (KHTML, like Gecko) Version/18.5 Mobile/15E148 Safari/604.1"
2001:569:5859:7b00:f8f4:932a:ed39:4452 - - [08/Jun/2025:20:47:17 -0400] "GET /manga/btooom-chapter-35/ HTTP/1.1" 200 29776 "https://w3.readbtooom.com/manga/btooom-chapter-34/" "Mozilla/5.0 (iPhone; CPU iPhone OS 18_5 like Mac OS X) AppleWebKit/605.1.15 (KHTML, like Gecko) Version/18.5 Mobile/15E148 Safari/604.1"
130.202.62.97 - - [08/Jun/2025:20:48:22 -0400] "GET /manga/btooom-chapter-47/ HTTP/1.1" 200 30366 "https://w3.readbtooom.com/manga/btooom-chapter-45/" "Mozilla/5.0 (iPhone; CPU iPhone OS 18_5 like Mac OS X) AppleWebKit/605.1.15 (KHTML, like Gecko) Version/18.5 Mobile/15E148 Safari/604.1"
2001:569:5859:7b00:f8f4:932a:ed39:4452 - - [08/Jun/2025:20:48:24 -0400] "GET /manga/btooom-chapter-36/ HTTP/1.1" 200 24220 "https://w3.readbtooom.com/manga/btooom-chapter-35/" "Mozilla/5.0 (iPhone; CPU iPhone OS 18_5 like Mac OS X) AppleWebKit/605.1.15 (KHTML, like Gecko) Version/18.5 Mobile/15E148 Safari/604.1"
2001:569:5859:7b00:f8f4:932a:ed39:4452 - - [08/Jun/2025:20:48:54 -0400] "GET /manga/btooom-chapter-37/ HTTP/1.1" 200 24489 "https://w3.readbtooom.com/manga/btooom-chapter-36/" "Mozilla/5.0 (iPhone; CPU iPhone OS 18_5 like Mac OS X) AppleWebKit/605.1.15 (KHTML, like Gecko) Version/18.5 Mobile/15E148 Safari/604.1"
162.0.232.193 - - [08/Jun/2025:20:48:56 -0400] "POST /wp-cron.php?doing_wp_cron=1749430136.8087079524993896484375 HTTP/1.1" 200 0 "-" "WordPress/6.4.5; https://w3.readbtooom.com"
2001:569:5859:7b00:f8f4:932a:ed39:4452 - - [08/Jun/2025:20:48:55 -0400] "POST /wp-admin/admin-ajax.php HTTP/1.1" 200 69 "https://w3.readbtooom.com/manga/btooom-chapter-37/" "Mozilla/5.0 (iPhone; CPU iPhone OS 18_5 like Mac OS X) AppleWebKit/605.1.15 (KHTML, like Gecko) Version/18.5 Mobile/15E148 Safari/604.1"
105.157.71.224 - - [08/Jun/2025:20:49:10 -0400] "GET /manga/btooom-chapter-115/ HTTP/1.1" 304 0 "https://w3.readbtooom.com/manga/btooom-chapter-116/" "Mozilla/5.0 (Linux; Android 10; K) AppleWebKit/537.36 (KHTML, like Gecko) Chrome/137.0.0.0 Mobile Safari/537.36"
105.157.71.224 - - [08/Jun/2025:20:49:10 -0400] "GET /manga/btooom-chapter-117/ HTTP/1.1" 200 37649 "https://w3.readbtooom.com/manga/btooom-chapter-116/" "Mozilla/5.0 (Linux; Android 10; K) AppleWebKit/537.36 (KHTML, like Gecko) Chrome/137.0.0.0 Mobile Safari/537.36"
105.157.71.224 - - [08/Jun/2025:20:49:10 -0400] "GET /manga/btooom-chapter-117/ HTTP/1.1" 304 0 "https://w3.readbtooom.com/manga/btooom-chapter-116/" "Mozilla/5.0 (Linux; Android 10; K) AppleWebKit/537.36 (KHTML, like Gecko) Chrome/137.0.0.0 Mobile Safari/537.36"
2001:569:5859:7b00:f8f4:932a:ed39:4452 - - [08/Jun/2025:20:49:36 -0400] "GET /manga/btooom-chapter-38/ HTTP/1.1" 200 32898 "https://w3.readbtooom.com/manga/btooom-chapter-37/" "Mozilla/5.0 (iPhone; CPU iPhone OS 18_5 like Mac OS X) AppleWebKit/605.1.15 (KHTML, like Gecko) Version/18.5 Mobile/15E148 Safari/604.1"
2001:569:5859:7b00:f8f4:932a:ed39:4452 - - [08/Jun/2025:20:50:37 -0400] "GET /manga/btooom-chapter-39/ HTTP/1.1" 200 31104 "https://w3.readbtooom.com/manga/btooom-chapter-38/" "Mozilla/5.0 (iPhone; CPU iPhone OS 18_5 like Mac OS X) AppleWebKit/605.1.15 (KHTML, like Gecko) Version/18.5 Mobile/15E148 Safari/604.1"
2001:569:5859:7b00:f8f4:932a:ed39:4452 - - [08/Jun/2025:20:51:27 -0400] "GET /manga/btooom-chapter-40/ HTTP/1.1" 200 29792 "https://w3.readbtooom.com/manga/btooom-chapter-39/" "Mozilla/5.0 (iPhone; CPU iPhone OS 18_5 like Mac OS X) AppleWebKit/605.1.15 (KHTML, like Gecko) Version/18.5 Mobile/15E148 Safari/604.1"
114.119.130.109 - - [08/Jun/2025:20:51:39 -0400] "GET /manga/btooom-chapter-44/ HTTP/1.1" 200 29494 "https://w3.readbtooom.com/manga/" "Mozilla/5.0 (Linux; Android 7.0;) AppleWebKit/537.36 (KHTML, like Gecko) Mobile Safari/537.36 (compatible; PetalBot;+https://webmaster.petalsearch.com/site/petalbot)"
2001:569:5859:7b00:f8f4:932a:ed39:4452 - - [08/Jun/2025:20:52:22 -0400] "GET /manga/btooom-chapter-41/ HTTP/1.1" 200 30648 "https://w3.readbtooom.com/manga/btooom-chapter-40/" "Mozilla/5.0 (iPhone; CPU iPhone OS 18_5 like Mac OS X) AppleWebKit/605.1.15 (KHTML, like Gecko) Version/18.5 Mobile/15E148 Safari/604.1"
130.202.62.97 - - [08/Jun/2025:20:52:52 -0400] "GET /manga/btooom-chapter-48/ HTTP/1.1" 200 31323 "https://w3.readbtooom.com/manga/btooom-chapter-47/" "Mozilla/5.0 (iPhone; CPU iPhone OS 18_5 like Mac OS X) AppleWebKit/605.1.15 (KHTML, like Gecko) Version/18.5 Mobile/15E148 Safari/604.1"
114.119.148.10 - - [08/Jun/2025:20:53:01 -0400] "GET /manga/btooom-chapter-3/ HTTP/1.1" 200 22662 "https://w3.readbtooom.com/manga/" "Mozilla/5.0 (Linux; Android 7.0;) AppleWebKit/537.36 (KHTML, like Gecko) Mobile Safari/537.36 (compatible; PetalBot;+https://webmaster.petalsearch.com/site/petalbot)"
43.166.136.153 - - [08/Jun/2025:20:53:18 -0400] "GET /manga/btooom-chapter-92/ HTTP/1.1" 200 29236 "-" "Mozilla/5.0 (iPhone; CPU iPhone OS 13_2_3 like Mac OS X) AppleWebKit/605.1.15 (KHTML, like Gecko) Version/13.0.3 Mobile/15E148 Safari/604.1"
2001:569:5859:7b00:f8f4:932a:ed39:4452 - - [08/Jun/2025:20:53:28 -0400] "GET /manga/btooom-chapter-42/ HTTP/1.1" 200 33077 "https://w3.readbtooom.com/manga/btooom-chapter-41/" "Mozilla/5.0 (iPhone; CPU iPhone OS 18_5 like Mac OS X) AppleWebKit/605.1.15 (KHTML, like Gecko) Version/18.5 Mobile/15E148 Safari/604.1"
2001:569:5859:7b00:f8f4:932a:ed39:4452 - - [08/Jun/2025:20:54:24 -0400] "GET /manga/btooom-chapter-46/ HTTP/1.1" 200 33149 "https://w3.readbtooom.com/manga/btooom-chapter-42/" "Mozilla/5.0 (iPhone; CPU iPhone OS 18_5 like Mac OS X) AppleWebKit/605.1.15 (KHTML, like Gecko) Version/18.5 Mobile/15E148 Safari/604.1"
162.0.232.193 - - [08/Jun/2025:20:54:27 -0400] "POST /wp-cron.php?doing_wp_cron=1749430467.2712709903717041015625 HTTP/1.1" 200 0 "-" "WordPress/6.4.5; https://w3.readbtooom.com"
2001:569:5859:7b00:f8f4:932a:ed39:4452 - - [08/Jun/2025:20:54:25 -0400] "POST /wp-admin/admin-ajax.php HTTP/1.1" 200 69 "https://w3.readbtooom.com/manga/btooom-chapter-46/" "Mozilla/5.0 (iPhone; CPU iPhone OS 18_5 like Mac OS X) AppleWebKit/605.1.15 (KHTML, like Gecko) Version/18.5 Mobile/15E148 Safari/604.1"
2001:569:5859:7b00:f8f4:932a:ed39:4452 - - [08/Jun/2025:20:55:18 -0400] "GET /manga/btooom-chapter-43/ HTTP/1.1" 200 29387 "https://w3.readbtooom.com/manga/btooom-chapter-46/" "Mozilla/5.0 (iPhone; CPU iPhone OS 18_5 like Mac OS X) AppleWebKit/605.1.15 (KHTML, like Gecko) Version/18.5 Mobile/15E148 Safari/604.1"
37.236.5.19 - - [08/Jun/2025:20:55:26 -0400] "GET /manga/btooom-chapter-98/ HTTP/1.1" 200 32183 "https://www.google.com/" "Mozilla/5.0 (Linux; Android 10; K) AppleWebKit/537.36 (KHTML, like Gecko) Chrome/136.0.0.0 Mobile Safari/537.36"
37.236.5.19 - - [08/Jun/2025:20:55:27 -0400] "GET /wp-content/plugins/simple-social-buttons/assets/js/front.js?ver=5.1.1 HTTP/1.1" 200 1906 "https://w3.readbtooom.com/manga/btooom-chapter-98/" "Mozilla/5.0 (Linux; Android 10; K) AppleWebKit/537.36 (KHTML, like Gecko) Chrome/136.0.0.0 Mobile Safari/537.36"
