196.217.138.25 - - [08/Jun/2025:18:30:38 -0400] "GET /manga/btooom-chapter-99/ HTTP/1.1" 304 0 "https://w3.readbtooom.com/manga/btooom-chapter-98/" "Mozilla/5.0 (Linux; Android 10; K) AppleWebKit/537.36 (KHTML, like Gecko) Chrome/137.0.0.0 Mobile Safari/537.36"
162.0.232.193 - - [08/Jun/2025:18:30:39 -0400] "POST /wp-cron.php?doing_wp_cron=1749421838.8850879669189453125000 HTTP/1.1" 200 0 "-" "WordPress/6.4.5; https://w3.readbtooom.com"
196.217.138.25 - - [08/Jun/2025:18:30:38 -0400] "POST /wp-admin/admin-ajax.php HTTP/1.1" 200 69 "https://w3.readbtooom.com/manga/btooom-chapter-99/" "Mozilla/5.0 (Linux; Android 10; K) AppleWebKit/537.36 (KHTML, like Gecko) Chrome/137.0.0.0 Mobile Safari/537.36"
2001:861:c43:2e50:dd7f:2c4e:c1b0:20ca - - [08/Jun/2025:18:30:40 -0400] "GET /manga/btooom-chapter-76/ HTTP/1.1" 200 29571 "https://w3.readbtooom.com/manga/btooom-chapter-75/" "Mozilla/5.0 (iPhone; CPU iPhone OS 18_5 like Mac OS X) AppleWebKit/605.1.15 (KHTML, like Gecko) Version/18.5 Mobile/15E148 Safari/604.1"
187.250.235.102 - - [08/Jun/2025:18:30:43 -0400] "GET / HTTP/1.1" 200 18608 "-" "Google"
130.202.62.97 - - [08/Jun/2025:18:31:12 -0400] "GET /manga/btooom-chapter-45/ HTTP/1.1" 200 31075 "https://w3.readbtooom.com/manga/btooom-chapter-44/" "Mozilla/5.0 (iPhone; CPU iPhone OS 18_5 like Mac OS X) AppleWebKit/605.1.15 (KHTML, like Gecko) Version/18.5 Mobile/15E148 Safari/604.1"
162.0.232.193 - - [08/Jun/2025:18:31:12 -0400] "POST /wp-cron.php?doing_wp_cron=1749421872.5285890102386474609375 HTTP/1.1" 200 0 "-" "WordPress/6.4.5; https://w3.readbtooom.com"
130.202.62.97 - - [08/Jun/2025:18:31:12 -0400] "POST /wp-admin/admin-ajax.php HTTP/1.1" 200 69 "https://w3.readbtooom.com/manga/btooom-chapter-45/" "Mozilla/5.0 (iPhone; CPU iPhone OS 18_5 like Mac OS X) AppleWebKit/605.1.15 (KHTML, like Gecko) Version/18.5 Mobile/15E148 Safari/604.1"
2001:861:c43:2e50:dd7f:2c4e:c1b0:20ca - - [08/Jun/2025:18:31:38 -0400] "GET /manga/btooom-chapter-77/ HTTP/1.1" 200 31804 "https://w3.readbtooom.com/manga/btooom-chapter-76/" "Mozilla/5.0 (iPhone; CPU iPhone OS 18_5 like Mac OS X) AppleWebKit/605.1.15 (KHTML, like Gecko) Version/18.5 Mobile/15E148 Safari/604.1"
162.0.232.193 - - [08/Jun/2025:18:31:38 -0400] "POST /wp-cron.php?doing_wp_cron=1749421898.7593500614166259765625 HTTP/1.1" 200 0 "-" "WordPress/6.4.5; https://w3.readbtooom.com"
2001:861:c43:2e50:dd7f:2c4e:c1b0:20ca - - [08/Jun/2025:18:31:38 -0400] "POST /wp-admin/admin-ajax.php HTTP/1.1" 200 69 "https://w3.readbtooom.com/manga/btooom-chapter-77/" "Mozilla/5.0 (iPhone; CPU iPhone OS 18_5 like Mac OS X) AppleWebKit/605.1.15 (KHTML, like Gecko) Version/18.5 Mobile/15E148 Safari/604.1"
2001:861:c43:2e50:dd7f:2c4e:c1b0:20ca - - [08/Jun/2025:18:32:00 -0400] "GET /manga/btooom-chapter-78/ HTTP/1.1" 200 32756 "https://w3.readbtooom.com/manga/btooom-chapter-77/" "Mozilla/5.0 (iPhone; CPU iPhone OS 18_5 like Mac OS X) AppleWebKit/605.1.15 (KHTML, like Gecko) Version/18.5 Mobile/15E148 Safari/604.1"
162.0.232.193 - - [08/Jun/2025:18:32:01 -0400] "POST /wp-cron.php?doing_wp_cron=1749421921.4059169292449951171875 HTTP/1.1" 200 0 "-" "WordPress/6.4.5; https://w3.readbtooom.com"
2001:861:c43:2e50:dd7f:2c4e:c1b0:20ca - - [08/Jun/2025:18:32:01 -0400] "POST /wp-admin/admin-ajax.php HTTP/1.1" 200 69 "https://w3.readbtooom.com/manga/btooom-chapter-78/" "Mozilla/5.0 (iPhone; CPU iPhone OS 18_5 like Mac OS X) AppleWebKit/605.1.15 (KHTML, like Gecko) Version/18.5 Mobile/15E148 Safari/604.1"
2001:861:c43:2e50:dd7f:2c4e:c1b0:20ca - - [08/Jun/2025:18:33:13 -0400] "GET /manga/btooom-chapter-80/ HTTP/1.1" 200 29580 "https://w3.readbtooom.com/manga/btooom-chapter-78/" "Mozilla/5.0 (iPhone; CPU iPhone OS 18_5 like Mac OS X) AppleWebKit/605.1.15 (KHTML, like Gecko) Version/18.5 Mobile/15E148 Safari/604.1"
2a09:bac2:64a4:28::4:34a - - [08/Jun/2025:18:33:36 -0400] "GET /manga/btooom-chapter-51/ HTTP/1.1" 200 30217 "-" "Mozilla/5.0 (iPhone; CPU iPhone OS 18_5 like Mac OS X) AppleWebKit/605.1.15 (KHTML, like Gecko) Version/18.5 Mobile/15E148 Safari/604.1"
2001:861:c43:2e50:dd7f:2c4e:c1b0:20ca - - [08/Jun/2025:18:34:18 -0400] "GET /manga/btooom-chapter-79/ HTTP/1.1" 200 30488 "https://w3.readbtooom.com/manga/btooom-chapter-80/" "Mozilla/5.0 (iPhone; CPU iPhone OS 18_5 like Mac OS X) AppleWebKit/605.1.15 (KHTML, like Gecko) Version/18.5 Mobile/15E148 Safari/604.1"
162.0.232.193 - - [08/Jun/2025:18:34:20 -0400] "POST /wp-cron.php?doing_wp_cron=1749422060.4710791110992431640625 HTTP/1.1" 200 0 "-" "WordPress/6.4.5; https://w3.readbtooom.com"
2001:861:c43:2e50:dd7f:2c4e:c1b0:20ca - - [08/Jun/2025:18:34:19 -0400] "POST /wp-admin/admin-ajax.php HTTP/1.1" 200 69 "https://w3.readbtooom.com/manga/btooom-chapter-79/" "Mozilla/5.0 (iPhone; CPU iPhone OS 18_5 like Mac OS X) AppleWebKit/605.1.15 (KHTML, like Gecko) Version/18.5 Mobile/15E148 Safari/604.1"
2001:861:c43:2e50:dd7f:2c4e:c1b0:20ca - - [08/Jun/2025:18:35:28 -0400] "GET /manga/btooom-chapter-81/ HTTP/1.1" 200 30693 "https://w3.readbtooom.com/manga/btooom-chapter-79/" "Mozilla/5.0 (iPhone; CPU iPhone OS 18_5 like Mac OS X) AppleWebKit/605.1.15 (KHTML, like Gecko) Version/18.5 Mobile/15E148 Safari/604.1"
171.243.49.3 - - [08/Jun/2025:18:35:45 -0400] "GET /manga/btooom-chapter-31/ HTTP/1.1" 200 22279 "https://www.google.com/" "Mozilla/5.0 (iPhone; CPU iPhone OS 16_7_11 like Mac OS X) AppleWebKit/605.1.15 (KHTML, like Gecko) CriOS/137.0.7151.79 Mobile/15E148 Safari/604.1"
171.243.49.3 - - [08/Jun/2025:18:35:53 -0400] "GET / HTTP/1.1" 200 18608 "https://w3.readbtooom.com/manga/btooom-chapter-31/" "Mozilla/5.0 (iPhone; CPU iPhone OS 16_7_11 like Mac OS X) AppleWebKit/605.1.15 (KHTML, like Gecko) CriOS/137.0.7151.79 Mobile/15E148 Safari/604.1"
171.243.49.3 - - [08/Jun/2025:18:35:57 -0400] "GET /manga/btooom-chapter-121/ HTTP/1.1" 200 54239 "https://w3.readbtooom.com/" "Mozilla/5.0 (iPhone; CPU iPhone OS 16_7_11 like Mac OS X) AppleWebKit/605.1.15 (KHTML, like Gecko) CriOS/137.0.7151.79 Mobile/15E148 Safari/604.1"
2001:861:c43:2e50:dd7f:2c4e:c1b0:20ca - - [08/Jun/2025:18:36:14 -0400] "GET /manga/btooom-chapter-82/ HTTP/1.1" 200 33138 "https://w3.readbtooom.com/manga/btooom-chapter-81/" "Mozilla/5.0 (iPhone; CPU iPhone OS 18_5 like Mac OS X) AppleWebKit/605.1.15 (KHTML, like Gecko) Version/18.5 Mobile/15E148 Safari/604.1"
162.0.232.193 - - [08/Jun/2025:18:37:11 -0400] "POST /wp-cron.php?doing_wp_cron=1749422230.9716880321502685546875 HTTP/1.1" 200 0 "-" "WordPress/6.4.5; https://w3.readbtooom.com"
68.221.75.22 - - [08/Jun/2025:18:37:09 -0400] "GET /robots.txt HTTP/1.1" 200 99 "-" "Mozilla/5.0 AppleWebKit/537.36 (KHTML, like Gecko); compatible; ChatGPT-User/1.0; +https://openai.com/bot"
68.221.75.22 - - [08/Jun/2025:18:37:11 -0400] "GET /manga/btooom-chapter-21/ HTTP/1.1" 200 23160 "-" "Mozilla/5.0 AppleWebKit/537.36 (KHTML, like Gecko); compatible; ChatGPT-User/1.0; +https://openai.com/bot"
2001:861:c43:2e50:dd7f:2c4e:c1b0:20ca - - [08/Jun/2025:18:37:12 -0400] "GET /manga/btooom-chapter-83/ HTTP/1.1" 200 30067 "https://w3.readbtooom.com/manga/btooom-chapter-82/" "Mozilla/5.0 (iPhone; CPU iPhone OS 18_5 like Mac OS X) AppleWebKit/605.1.15 (KHTML, like Gecko) Version/18.5 Mobile/15E148 Safari/604.1"
196.217.138.25 - - [08/Jun/2025:18:37:51 -0400] "GET / HTTP/1.1" 304 0 "https://w3.readbtooom.com/" "Mozilla/5.0 (Linux; Android 10; K) AppleWebKit/537.36 (KHTML, like Gecko) Chrome/137.0.0.0 Mobile Safari/537.36"
196.217.138.25 - - [08/Jun/2025:18:37:51 -0400] "GET /tag/kosuke-kira/ HTTP/1.1" 301 0 "https://w3.readbtooom.com/manga/btooom-chapter-99/" "Mozilla/5.0 (Linux; Android 10; K) AppleWebKit/537.36 (KHTML, like Gecko) Chrome/137.0.0.0 Mobile Safari/537.36"
196.217.138.25 - - [08/Jun/2025:18:37:51 -0400] "GET / HTTP/1.1" 304 0 "https://w3.readbtooom.com/" "Mozilla/5.0 (Linux; Android 10; K) AppleWebKit/537.36 (KHTML, like Gecko) Chrome/137.0.0.0 Mobile Safari/537.36"
196.217.138.25 - - [08/Jun/2025:18:37:51 -0400] "GET /manga/btooom-chapter-98/ HTTP/1.1" 304 0 "https://w3.readbtooom.com/manga/btooom-chapter-99/" "Mozilla/5.0 (Linux; Android 10; K) AppleWebKit/537.36 (KHTML, like Gecko) Chrome/137.0.0.0 Mobile Safari/537.36"
196.217.138.25 - - [08/Jun/2025:18:37:52 -0400] "GET /manga/btooom-chapter-100/ HTTP/1.1" 200 29574 "https://w3.readbtooom.com/manga/btooom-chapter-99/" "Mozilla/5.0 (Linux; Android 10; K) AppleWebKit/537.36 (KHTML, like Gecko) Chrome/137.0.0.0 Mobile Safari/537.36"
196.217.138.25 - - [08/Jun/2025:18:37:52 -0400] "GET /manga/btooom-chapter-100/ HTTP/1.1" 304 0 "https://w3.readbtooom.com/manga/btooom-chapter-99/" "Mozilla/5.0 (Linux; Android 10; K) AppleWebKit/537.36 (KHTML, like Gecko) Chrome/137.0.0.0 Mobile Safari/537.36"
2001:861:c43:2e50:dd7f:2c4e:c1b0:20ca - - [08/Jun/2025:18:38:42 -0400] "GET /manga/btooom-chapter-84/ HTTP/1.1" 200 30216 "https://w3.readbtooom.com/manga/btooom-chapter-83/" "Mozilla/5.0 (iPhone; CPU iPhone OS 18_5 like Mac OS X) AppleWebKit/605.1.15 (KHTML, like Gecko) Version/18.5 Mobile/15E148 Safari/604.1"
52.230.164.178 - - [08/Jun/2025:18:40:52 -0400] "GET /manga/btooom-chapter-75/ HTTP/1.1" 200 29669 "-" "Mozilla/5.0 AppleWebKit/537.36 (KHTML, like Gecko); compatible; ChatGPT-User/1.0; +https://openai.com/bot"
37.142.125.36 - - [08/Jun/2025:18:41:59 -0400] "GET /manga/btooom-chapter-61/ HTTP/1.1" 200 31374 "https://w3.readbtooom.com/manga/btooom-chapter-60/" "Mozilla/5.0 (Windows NT 10.0; Win64; x64) AppleWebKit/537.36 (KHTML, like Gecko) Chrome/137.0.0.0 Safari/537.36"
2600:100e:b234:56ee:812a:20e2:6b80:a3f2 - - [08/Jun/2025:18:42:17 -0400] "GET /manga/btooom-chapter-11/ HTTP/1.1" 200 23271 "-" "Mozilla/5.0 (iPhone; CPU iPhone OS 18_5 like Mac OS X) AppleWebKit/605.1.15 (KHTML, like Gecko) Mobile/15E148"
171.243.49.3 - - [08/Jun/2025:18:43:03 -0400] "GET /manga/btooom-chapter-121-2/ HTTP/1.1" 200 49260 "https://w3.readbtooom.com/manga/btooom-chapter-121/" "Mozilla/5.0 (iPhone; CPU iPhone OS 16_7_11 like Mac OS X) AppleWebKit/605.1.15 (KHTML, like Gecko) CriOS/137.0.7151.79 Mobile/15E148 Safari/604.1"
66.249.64.131 - - [08/Jun/2025:18:43:50 -0400] "GET /manga/btooom-chapter-96/ HTTP/1.1" 200 29417 "-" "Mozilla/5.0 (Linux; Android 6.0.1; Nexus 5X Build/MMB29P) AppleWebKit/537.36 (KHTML, like Gecko) Chrome/136.0.7103.113 Mobile Safari/537.36 (compatible; Googlebot/2.1; +http://www.google.com/bot.html)"
196.217.138.25 - - [08/Jun/2025:18:44:03 -0400] "GET /manga/btooom-chapter-99/ HTTP/1.1" 304 0 "https://w3.readbtooom.com/manga/btooom-chapter-100/" "Mozilla/5.0 (Linux; Android 10; K) AppleWebKit/537.36 (KHTML, like Gecko) Chrome/137.0.0.0 Mobile Safari/537.36"
162.0.232.193 - - [08/Jun/2025:18:44:03 -0400] "POST /wp-cron.php?doing_wp_cron=1749422643.1421949863433837890625 HTTP/1.1" 200 0 "-" "WordPress/6.4.5; https://w3.readbtooom.com"
196.217.138.25 - - [08/Jun/2025:18:44:03 -0400] "GET / HTTP/1.1" 304 0 "https://w3.readbtooom.com/" "Mozilla/5.0 (Linux; Android 10; K) AppleWebKit/537.36 (KHTML, like Gecko) Chrome/137.0.0.0 Mobile Safari/537.36"
196.217.138.25 - - [08/Jun/2025:18:44:05 -0400] "GET /manga/btooom-chapter-101/ HTTP/1.1" 200 30552 "https://w3.readbtooom.com/manga/btooom-chapter-100/" "Mozilla/5.0 (Linux; Android 10; K) AppleWebKit/537.36 (KHTML, like Gecko) Chrome/137.0.0.0 Mobile Safari/537.36"
196.217.138.25 - - [08/Jun/2025:18:44:05 -0400] "GET /manga/btooom-chapter-101/ HTTP/1.1" 304 0 "https://w3.readbtooom.com/manga/btooom-chapter-100/" "Mozilla/5.0 (Linux; Android 10; K) AppleWebKit/537.36 (KHTML, like Gecko) Chrome/137.0.0.0 Mobile Safari/537.36"
2001:861:c43:2e50:dd7f:2c4e:c1b0:20ca - - [08/Jun/2025:18:46:56 -0400] "GET /manga/btooom-chapter-85/ HTTP/1.1" 200 31195 "https://w3.readbtooom.com/manga/btooom-chapter-84/" "Mozilla/5.0 (iPhone; CPU iPhone OS 18_5 like Mac OS X) AppleWebKit/605.1.15 (KHTML, like Gecko) Version/18.5 Mobile/15E148 Safari/604.1"
162.0.232.193 - - [08/Jun/2025:18:46:58 -0400] "POST /wp-cron.php?doing_wp_cron=1749422817.8114991188049316406250 HTTP/1.1" 200 0 "-" "WordPress/6.4.5; https://w3.readbtooom.com"
2001:861:c43:2e50:dd7f:2c4e:c1b0:20ca - - [08/Jun/2025:18:46:56 -0400] "POST /wp-admin/admin-ajax.php HTTP/1.1" 200 69 "https://w3.readbtooom.com/manga/btooom-chapter-85/" "Mozilla/5.0 (iPhone; CPU iPhone OS 18_5 like Mac OS X) AppleWebKit/605.1.15 (KHTML, like Gecko) Version/18.5 Mobile/15E148 Safari/604.1"
2a01:e0a:57c:e110:5860:8314:7dca:55f8 - - [08/Jun/2025:18:47:45 -0400] "GET /privacy-policy/ HTTP/1.1" 200 12587 "https://w3.readbtooom.com/manga/btooom-chapter-109/" "Mozilla/5.0 (Windows NT 10.0; Win64; x64) AppleWebKit/537.36 (KHTML, like Gecko) Chrome/136.0.0.0 Safari/537.36"
2001:861:c43:2e50:dd7f:2c4e:c1b0:20ca - - [08/Jun/2025:18:48:09 -0400] "GET /manga/btooom-chapter-86/ HTTP/1.1" 200 32292 "https://w3.readbtooom.com/manga/btooom-chapter-85/" "Mozilla/5.0 (iPhone; CPU iPhone OS 18_5 like Mac OS X) AppleWebKit/605.1.15 (KHTML, like Gecko) Version/18.5 Mobile/15E148 Safari/604.1"
162.0.232.193 - - [08/Jun/2025:18:48:10 -0400] "POST /wp-cron.php?doing_wp_cron=1749422890.1800029277801513671875 HTTP/1.1" 200 0 "-" "WordPress/6.4.5; https://w3.readbtooom.com"
2001:861:c43:2e50:dd7f:2c4e:c1b0:20ca - - [08/Jun/2025:18:48:10 -0400] "POST /wp-admin/admin-ajax.php HTTP/1.1" 200 69 "https://w3.readbtooom.com/manga/btooom-chapter-86/" "Mozilla/5.0 (iPhone; CPU iPhone OS 18_5 like Mac OS X) AppleWebKit/605.1.15 (KHTML, like Gecko) Version/18.5 Mobile/15E148 Safari/604.1"
2001:861:c43:2e50:dd7f:2c4e:c1b0:20ca - - [08/Jun/2025:18:49:02 -0400] "GET /manga/btooom-chapter-87/ HTTP/1.1" 200 30477 "https://w3.readbtooom.com/manga/btooom-chapter-86/" "Mozilla/5.0 (iPhone; CPU iPhone OS 18_5 like Mac OS X) AppleWebKit/605.1.15 (KHTML, like Gecko) Version/18.5 Mobile/15E148 Safari/604.1"
162.0.232.193 - - [08/Jun/2025:18:49:03 -0400] "POST /wp-cron.php?doing_wp_cron=1749422943.4172248840332031250000 HTTP/1.1" 200 0 "-" "WordPress/6.4.5; https://w3.readbtooom.com"
2001:861:c43:2e50:dd7f:2c4e:c1b0:20ca - - [08/Jun/2025:18:49:03 -0400] "POST /wp-admin/admin-ajax.php HTTP/1.1" 200 69 "https://w3.readbtooom.com/manga/btooom-chapter-87/" "Mozilla/5.0 (iPhone; CPU iPhone OS 18_5 like Mac OS X) AppleWebKit/605.1.15 (KHTML, like Gecko) Version/18.5 Mobile/15E148 Safari/604.1"
2001:861:c43:2e50:dd7f:2c4e:c1b0:20ca - - [08/Jun/2025:18:50:25 -0400] "GET /manga/btooom-chapter-88/ HTTP/1.1" 200 31133 "https://w3.readbtooom.com/manga/btooom-chapter-87/" "Mozilla/5.0 (iPhone; CPU iPhone OS 18_5 like Mac OS X) AppleWebKit/605.1.15 (KHTML, like Gecko) Version/18.5 Mobile/15E148 Safari/604.1"
162.0.232.193 - - [08/Jun/2025:18:50:26 -0400] "POST /wp-cron.php?doing_wp_cron=1749423026.2103159427642822265625 HTTP/1.1" 200 0 "-" "WordPress/6.4.5; https://w3.readbtooom.com"
2001:861:c43:2e50:dd7f:2c4e:c1b0:20ca - - [08/Jun/2025:18:50:26 -0400] "POST /wp-admin/admin-ajax.php HTTP/1.1" 200 69 "https://w3.readbtooom.com/manga/btooom-chapter-88/" "Mozilla/5.0 (iPhone; CPU iPhone OS 18_5 like Mac OS X) AppleWebKit/605.1.15 (KHTML, like Gecko) Version/18.5 Mobile/15E148 Safari/604.1"
196.217.138.25 - - [08/Jun/2025:18:50:36 -0400] "GET /manga/btooom-chapter-102/ HTTP/1.1" 200 34028 "https://w3.readbtooom.com/manga/btooom-chapter-101/" "Mozilla/5.0 (Linux; Android 10; K) AppleWebKit/537.36 (KHTML, like Gecko) Chrome/137.0.0.0 Mobile Safari/537.36"
196.217.138.25 - - [08/Jun/2025:18:50:36 -0400] "GET /manga/btooom-chapter-102/ HTTP/1.1" 304 0 "https://w3.readbtooom.com/manga/btooom-chapter-101/" "Mozilla/5.0 (Linux; Android 10; K) AppleWebKit/537.36 (KHTML, like Gecko) Chrome/137.0.0.0 Mobile Safari/537.36"
162.0.232.193 - - [08/Jun/2025:18:50:37 -0400] "POST /wp-cron.php?doing_wp_cron=1749423037.4091510772705078125000 HTTP/1.1" 200 0 "-" "WordPress/6.4.5; https://w3.readbtooom.com"
196.217.138.25 - - [08/Jun/2025:18:50:37 -0400] "POST /wp-admin/admin-ajax.php HTTP/1.1" 200 69 "https://w3.readbtooom.com/manga/btooom-chapter-102/" "Mozilla/5.0 (Linux; Android 10; K) AppleWebKit/537.36 (KHTML, like Gecko) Chrome/137.0.0.0 Mobile Safari/537.36"
64.227.169.195 - - [08/Jun/2025:18:50:46 -0400] "GET /wp-admin/css/ HTTP/1.1" 200 2823 "binance.com" "Mozilla/5.0 (Windows NT 10.0; Win64; x64) AppleWebKit/537.36 (KHTML, like Gecko) Chrome/90.0.4430.85 Safari/537.36"
64.227.169.195 - - [08/Jun/2025:18:50:56 -0400] "GET /wp-content/uploads/2025/06/ HTTP/1.1" 200 555 "binance.com" "Mozilla/5.0 (Windows NT 10.0; Win64; x64) AppleWebKit/537.36 (KHTML, like Gecko) Chrome/90.0.4430.85 Safari/537.36"
2001:861:c43:2e50:dd7f:2c4e:c1b0:20ca - - [08/Jun/2025:18:50:56 -0400] "GET /manga/btooom-chapter-89/ HTTP/1.1" 200 30631 "https://w3.readbtooom.com/manga/btooom-chapter-88/" "Mozilla/5.0 (iPhone; CPU iPhone OS 18_5 like Mac OS X) AppleWebKit/605.1.15 (KHTML, like Gecko) Version/18.5 Mobile/15E148 Safari/604.1"
162.0.232.193 - - [08/Jun/2025:18:50:57 -0400] "POST /wp-cron.php?doing_wp_cron=1749423057.4767279624938964843750 HTTP/1.1" 200 0 "-" "WordPress/6.4.5; https://w3.readbtooom.com"
2001:861:c43:2e50:dd7f:2c4e:c1b0:20ca - - [08/Jun/2025:18:50:57 -0400] "POST /wp-admin/admin-ajax.php HTTP/1.1" 200 69 "https://w3.readbtooom.com/manga/btooom-chapter-89/" "Mozilla/5.0 (iPhone; CPU iPhone OS 18_5 like Mac OS X) AppleWebKit/605.1.15 (KHTML, like Gecko) Version/18.5 Mobile/15E148 Safari/604.1"
64.227.169.195 - - [08/Jun/2025:18:51:02 -0400] "GET /wp-content/uploads/2025/05/ HTTP/1.1" 200 555 "binance.com" "Mozilla/5.0 (Windows NT 10.0; Win64; x64) AppleWebKit/537.36 (KHTML, like Gecko) Chrome/90.0.4430.85 Safari/537.36"
64.227.169.195 - - [08/Jun/2025:18:51:11 -0400] "GET /wp-content/uploads/ HTTP/1.1" 200 1073 "binance.com" "Mozilla/5.0 (Windows NT 10.0; Win64; x64) AppleWebKit/537.36 (KHTML, like Gecko) Chrome/90.0.4430.85 Safari/537.36"
64.227.169.195 - - [08/Jun/2025:18:51:23 -0400] "GET /wp-content/upgrade/ HTTP/1.1" 200 548 "binance.com" "Mozilla/5.0 (Windows NT 10.0; Win64; x64) AppleWebKit/537.36 (KHTML, like Gecko) Chrome/90.0.4430.85 Safari/537.36"
114.119.135.207 - - [08/Jun/2025:18:51:26 -0400] "GET /the-world-after-the-fall/ HTTP/1.1" 200 9584 "https://w1.readbtooom.com/manga/btooom-chapter-44/" "Mozilla/5.0 (Linux; Android 7.0;) AppleWebKit/537.36 (KHTML, like Gecko) Mobile Safari/537.36 (compatible; PetalBot;+https://webmaster.petalsearch.com/site/petalbot)"
64.227.169.195 - - [08/Jun/2025:18:51:31 -0400] "GET /wp-content/languages/ HTTP/1.1" 301 0 "binance.com" "Mozilla/5.0 (Windows NT 10.0; Win64; x64) AppleWebKit/537.36 (KHTML, like Gecko) Chrome/90.0.4430.85 Safari/537.36"
162.0.232.193 - - [08/Jun/2025:18:51:40 -0400] "POST /wp-cron.php?doing_wp_cron=1749423099.9426350593566894531250 HTTP/1.1" 200 0 "-" "WordPress/6.4.5; https://w3.readbtooom.com"
64.227.169.195 - - [08/Jun/2025:18:51:44 -0400] "GET / HTTP/1.1" 200 18608 "binance.com" "Mozilla/5.0 (Windows NT 10.0; Win64; x64) AppleWebKit/537.36 (KHTML, like Gecko) Chrome/90.0.4430.85 Safari/537.36"
2001:861:c43:2e50:dd7f:2c4e:c1b0:20ca - - [08/Jun/2025:18:51:47 -0400] "GET /manga/btooom-chapter-90/ HTTP/1.1" 200 32292 "https://w3.readbtooom.com/manga/btooom-chapter-89/" "Mozilla/5.0 (iPhone; CPU iPhone OS 18_5 like Mac OS X) AppleWebKit/605.1.15 (KHTML, like Gecko) Version/18.5 Mobile/15E148 Safari/604.1"
162.0.232.193 - - [08/Jun/2025:18:51:48 -0400] "POST /wp-cron.php?doing_wp_cron=1749423108.2734730243682861328125 HTTP/1.1" 200 0 "-" "WordPress/6.4.5; https://w3.readbtooom.com"
2001:861:c43:2e50:dd7f:2c4e:c1b0:20ca - - [08/Jun/2025:18:51:48 -0400] "POST /wp-admin/admin-ajax.php HTTP/1.1" 200 69 "https://w3.readbtooom.com/manga/btooom-chapter-90/" "Mozilla/5.0 (iPhone; CPU iPhone OS 18_5 like Mac OS X) AppleWebKit/605.1.15 (KHTML, like Gecko) Version/18.5 Mobile/15E148 Safari/604.1"
64.227.169.195 - - [08/Jun/2025:18:51:57 -0400] "GET /wp-admin/includes/ HTTP/1.1" 200 3591 "binance.com" "Mozilla/5.0 (Windows NT 10.0; Win64; x64) AppleWebKit/537.36 (KHTML, like Gecko) Chrome/90.0.4430.85 Safari/537.36"
64.227.169.195 - - [08/Jun/2025:18:52:03 -0400] "GET /wp-admin/includes/ HTTP/1.1" 200 3593 "binance.com" "Mozilla/5.0 (Windows NT 10.0; Win64; x64) AppleWebKit/537.36 (KHTML, like Gecko) Chrome/90.0.4430.85 Safari/537.36"
64.227.169.195 - - [08/Jun/2025:18:52:34 -0400] "GET /wp-admin/maint/ HTTP/1.1" 200 627 "binance.com" "Mozilla/5.0 (Windows NT 10.0; Win64; x64) AppleWebKit/537.36 (KHTML, like Gecko) Chrome/90.0.4430.85 Safari/537.36"
1.47.132.151 - - [08/Jun/2025:18:52:37 -0400] "GET /manga/btooom-chapter-75/ HTTP/1.1" 200 29669 "https://www.google.com/" "Mozilla/5.0 (Linux; Android 10; K) AppleWebKit/537.36 (KHTML, like Gecko) Chrome/137.0.0.0 Mobile Safari/537.36"
1.47.132.151 - - [08/Jun/2025:18:52:37 -0400] "GET /wp-includes/css/dist/block-library/style.min.css?ver=6.4.5 HTTP/1.1" 200 13600 "-" "Mozilla/5.0 (Linux; Android 10; K) AppleWebKit/537.36 (KHTML, like Gecko) Chrome/137.0.0.0 Mobile Safari/537.36"
1.47.132.151 - - [08/Jun/2025:18:52:37 -0400] "GET /wp-content/plugins/simple-social-buttons/assets/css/front.css?ver=5.1.1 HTTP/1.1" 200 9767 "-" "Mozilla/5.0 (Linux; Android 10; K) AppleWebKit/537.36 (KHTML, like Gecko) Chrome/137.0.0.0 Mobile Safari/537.36"
1.47.132.151 - - [08/Jun/2025:18:52:37 -0400] "GET /wp-content/plugins/widgets-on-pages/public/css/widgets-on-pages-public.css?ver=1.4.0 HTTP/1.1" 200 83 "-" "Mozilla/5.0 (Linux; Android 10; K) AppleWebKit/537.36 (KHTML, like Gecko) Chrome/137.0.0.0 Mobile Safari/537.36"
1.47.132.151 - - [08/Jun/2025:18:52:38 -0400] "GET /wp-content/themes/toivo-lite/fonts/genericons/genericons/genericons.min.css?ver=3.3 HTTP/1.1" 200 15959 "-" "Mozilla/5.0 (Linux; Android 10; K) AppleWebKit/537.36 (KHTML, like Gecko) Chrome/137.0.0.0 Mobile Safari/537.36"
1.47.132.151 - - [08/Jun/2025:18:52:39 -0400] "GET /wp-content/plugins/simple-social-buttons/assets/js/frontend-blocks.js?ver=5.1.1 HTTP/1.1" 200 0 "https://w3.readbtooom.com/manga/btooom-chapter-75/" "Mozilla/5.0 (Linux; Android 10; K) AppleWebKit/537.36 (KHTML, like Gecko) Chrome/137.0.0.0 Mobile Safari/537.36"
1.47.132.151 - - [08/Jun/2025:18:52:39 -0400] "GET /wp-content/plugins/comic-easel/css/comiceasel.css?ver=6.4.5 HTTP/1.1" 200 1273 "https://w3.readbtooom.com/manga/btooom-chapter-75/" "Mozilla/5.0 (Linux; Android 10; K) AppleWebKit/537.36 (KHTML, like Gecko) Chrome/137.0.0.0 Mobile Safari/537.36"
1.47.132.151 - - [08/Jun/2025:18:52:39 -0400] "GET /wp-includes/js/jquery/jquery-migrate.min.js?ver=3.4.1 HTTP/1.1" 200 4678 "https://w3.readbtooom.com/manga/btooom-chapter-75/" "Mozilla/5.0 (Linux; Android 10; K) AppleWebKit/537.36 (KHTML, like Gecko) Chrome/137.0.0.0 Mobile Safari/537.36"
1.47.132.151 - - [08/Jun/2025:18:52:39 -0400] "GET /wp-content/plugins/simple-social-buttons/assets/js/front.js?ver=5.1.1 HTTP/1.1" 200 1906 "https://w3.readbtooom.com/manga/btooom-chapter-75/" "Mozilla/5.0 (Linux; Android 10; K) AppleWebKit/537.36 (KHTML, like Gecko) Chrome/137.0.0.0 Mobile Safari/537.36"
1.47.132.151 - - [08/Jun/2025:18:52:39 -0400] "GET /wp-content/themes/toivo-lite/style.css?ver=1.2.0 HTTP/1.1" 200 13718 "https://w3.readbtooom.com/manga/btooom-chapter-75/" "Mozilla/5.0 (Linux; Android 10; K) AppleWebKit/537.36 (KHTML, like Gecko) Chrome/137.0.0.0 Mobile Safari/537.36"
1.47.132.151 - - [08/Jun/2025:18:52:39 -0400] "GET /wp-includes/js/jquery/jquery.min.js?ver=3.7.1 HTTP/1.1" 200 29744 "https://w3.readbtooom.com/manga/btooom-chapter-75/" "Mozilla/5.0 (Linux; Android 10; K) AppleWebKit/537.36 (KHTML, like Gecko) Chrome/137.0.0.0 Mobile Safari/537.36"
1.47.132.151 - - [08/Jun/2025:18:52:40 -0400] "GET /wp-content/plugins/disqus-comment-system/public/js/comment_count.js?ver=3.0.23 HTTP/1.1" 200 354 "https://w3.readbtooom.com/manga/btooom-chapter-75/" "Mozilla/5.0 (Linux; Android 10; K) AppleWebKit/537.36 (KHTML, like Gecko) Chrome/137.0.0.0 Mobile Safari/537.36"
1.47.132.151 - - [08/Jun/2025:18:52:40 -0400] "GET /wp-content/plugins/simple-social-buttons/assets/fonts/ssb-icon.ttf?eahqa2 HTTP/1.1" 200 6212 "https://w3.readbtooom.com/wp-content/plugins/simple-social-buttons/assets/css/front.css?ver=5.1.1" "Mozilla/5.0 (Linux; Android 10; K) AppleWebKit/537.36 (KHTML, like Gecko) Chrome/137.0.0.0 Mobile Safari/537.36"
1.47.132.151 - - [08/Jun/2025:18:52:40 -0400] "GET /wp-content/plugins/disqus-comment-system/public/js/comment_embed.js?ver=3.0.23 HTTP/1.1" 200 442 "https://w3.readbtooom.com/manga/btooom-chapter-75/" "Mozilla/5.0 (Linux; Android 10; K) AppleWebKit/537.36 (KHTML, like Gecko) Chrome/137.0.0.0 Mobile Safari/537.36"
1.47.132.151 - - [08/Jun/2025:18:52:40 -0400] "GET /wp-content/themes/toivo-lite/js/functions.min.js?ver=1.2.0 HTTP/1.1" 200 593 "https://w3.readbtooom.com/manga/btooom-chapter-75/" "Mozilla/5.0 (Linux; Android 10; K) AppleWebKit/537.36 (KHTML, like Gecko) Chrome/137.0.0.0 Mobile Safari/537.36"
1.47.132.151 - - [08/Jun/2025:18:52:40 -0400] "GET /wp-content/themes/toivo-lite/js/responsive-nav.min.js?ver=1.2.0 HTTP/1.1" 200 2102 "https://w3.readbtooom.com/manga/btooom-chapter-75/" "Mozilla/5.0 (Linux; Android 10; K) AppleWebKit/537.36 (KHTML, like Gecko) Chrome/137.0.0.0 Mobile Safari/537.36"
1.47.132.151 - - [08/Jun/2025:18:52:40 -0400] "GET /wp-content/plugins/comic-easel/js/keynav.js HTTP/1.1" 200 302 "https://w3.readbtooom.com/manga/btooom-chapter-75/" "Mozilla/5.0 (Linux; Android 10; K) AppleWebKit/537.36 (KHTML, like Gecko) Chrome/137.0.0.0 Mobile Safari/537.36"
1.47.132.151 - - [08/Jun/2025:18:52:40 -0400] "GET /wp-content/themes/toivo-lite/js/settings.min.js?ver=1.2.0 HTTP/1.1" 200 307 "https://w3.readbtooom.com/manga/btooom-chapter-75/" "Mozilla/5.0 (Linux; Android 10; K) AppleWebKit/537.36 (KHTML, like Gecko) Chrome/137.0.0.0 Mobile Safari/537.36"
1.47.132.151 - - [08/Jun/2025:18:52:40 -0400] "GET /wp-includes/js/comment-reply.min.js?ver=6.4.5 HTTP/1.1" 200 1228 "https://w3.readbtooom.com/manga/btooom-chapter-75/" "Mozilla/5.0 (Linux; Android 10; K) AppleWebKit/537.36 (KHTML, like Gecko) Chrome/137.0.0.0 Mobile Safari/537.36"
64.227.169.195 - - [08/Jun/2025:18:52:43 -0400] "GET /wp-admin/maint/ HTTP/1.1" 200 627 "binance.com" "Mozilla/5.0 (Windows NT 10.0; Win64; x64) AppleWebKit/537.36 (KHTML, like Gecko) Chrome/90.0.4430.85 Safari/537.36"
1.47.132.151 - - [08/Jun/2025:18:52:48 -0400] "GET /wp-content/uploads/2021/11/cropped-190036-192x192.png HTTP/1.1" 200 46224 "https://w3.readbtooom.com/manga/btooom-chapter-75/" "Mozilla/5.0 (Linux; Android 10; K) AppleWebKit/537.36 (KHTML, like Gecko) Chrome/137.0.0.0 Mobile Safari/537.36"
1.47.132.151 - - [08/Jun/2025:18:52:48 -0400] "GET /wp-content/uploads/2021/11/cropped-190036-180x180.png HTTP/1.1" 200 41674 "https://w3.readbtooom.com/manga/btooom-chapter-75/" "Mozilla/5.0 (Linux; Android 10; K) AppleWebKit/537.36 (KHTML, like Gecko) Chrome/137.0.0.0 Mobile Safari/537.36"
162.0.232.193 - - [08/Jun/2025:18:52:53 -0400] "POST /wp-cron.php?doing_wp_cron=1749423173.5168271064758300781250 HTTP/1.1" 200 0 "-" "WordPress/6.4.5; https://w3.readbtooom.com"
64.227.169.195 - - [08/Jun/2025:18:52:53 -0400] "GET /wp-admin/network/ HTTP/1.1" 302 0 "binance.com" "Mozilla/5.0 (Windows NT 10.0; Win64; x64) AppleWebKit/537.36 (KHTML, like Gecko) Chrome/90.0.4430.85 Safari/537.36"
64.227.169.195 - - [08/Jun/2025:18:52:57 -0400] "GET /wp-login.php?redirect_to=https%3A%2F%2Fw3.readbtooom.com%2Fwp-admin%2Fnetwork%2F&reauth=1 HTTP/1.1" 200 1852 "binance.com" "Mozilla/5.0 (Windows NT 10.0; Win64; x64) AppleWebKit/537.36 (KHTML, like Gecko) Chrome/90.0.4430.85 Safari/537.36"
2001:861:c43:2e50:dd7f:2c4e:c1b0:20ca - - [08/Jun/2025:18:52:58 -0400] "GET /manga/btooom-chapter-91/ HTTP/1.1" 200 31317 "https://w3.readbtooom.com/manga/btooom-chapter-90/" "Mozilla/5.0 (iPhone; CPU iPhone OS 18_5 like Mac OS X) AppleWebKit/605.1.15 (KHTML, like Gecko) Version/18.5 Mobile/15E148 Safari/604.1"
2001:861:c43:2e50:dd7f:2c4e:c1b0:20ca - - [08/Jun/2025:18:52:59 -0400] "POST /wp-admin/admin-ajax.php HTTP/1.1" 200 69 "https://w3.readbtooom.com/manga/btooom-chapter-91/" "Mozilla/5.0 (iPhone; CPU iPhone OS 18_5 like Mac OS X) AppleWebKit/605.1.15 (KHTML, like Gecko) Version/18.5 Mobile/15E148 Safari/604.1"
1.47.132.151 - - [08/Jun/2025:18:53:01 -0400] "GET /wp-content/uploads/2021/11/btooom-lyrics.jpg HTTP/1.1" 200 115029 "https://w3.readbtooom.com/manga/btooom-chapter-75/" "Mozilla/5.0 (Linux; Android 10; K) AppleWebKit/537.36 (KHTML, like Gecko) Chrome/137.0.0.0 Mobile Safari/537.36"
1.47.132.151 - - [08/Jun/2025:18:53:04 -0400] "GET /manga/btooom-chapter-121/ HTTP/1.1" 200 54239 "https://w3.readbtooom.com/manga/btooom-chapter-75/" "Mozilla/5.0 (Linux; Android 10; K) AppleWebKit/537.36 (KHTML, like Gecko) Chrome/137.0.0.0 Mobile Safari/537.36"
1.47.132.151 - - [08/Jun/2025:18:53:05 -0400] "GET /manga/btooom-chapter-121/ HTTP/1.1" 304 0 "https://w3.readbtooom.com/manga/btooom-chapter-75/" "Mozilla/5.0 (Linux; Android 10; K) AppleWebKit/537.36 (KHTML, like Gecko) Chrome/137.0.0.0 Mobile Safari/537.36"
64.227.169.195 - - [08/Jun/2025:18:53:13 -0400] "GET /wp-admin/user/ HTTP/1.1" 302 0 "binance.com" "Mozilla/5.0 (Windows NT 10.0; Win64; x64) AppleWebKit/537.36 (KHTML, like Gecko) Chrome/90.0.4430.85 Safari/537.36"
64.227.169.195 - - [08/Jun/2025:18:53:17 -0400] "GET /wp-login.php?redirect_to=https%3A%2F%2Fw3.readbtooom.com%2Fwp-admin%2Fuser%2F&reauth=1 HTTP/1.1" 200 1852 "binance.com" "Mozilla/5.0 (Windows NT 10.0; Win64; x64) AppleWebKit/537.36 (KHTML, like Gecko) Chrome/90.0.4430.85 Safari/537.36"
64.227.169.195 - - [08/Jun/2025:18:53:31 -0400] "GET /wp-admin/css/ HTTP/1.1" 200 2823 "binance.com" "Mozilla/5.0 (Windows NT 10.0; Win64; x64) AppleWebKit/537.36 (KHTML, like Gecko) Chrome/90.0.4430.85 Safari/537.36"
64.227.169.195 - - [08/Jun/2025:18:53:38 -0400] "GET /wp-admin/css/colors/ HTTP/1.1" 200 1141 "binance.com" "Mozilla/5.0 (Windows NT 10.0; Win64; x64) AppleWebKit/537.36 (KHTML, like Gecko) Chrome/90.0.4430.85 Safari/537.36"
64.227.169.195 - - [08/Jun/2025:18:53:45 -0400] "GET /wp-admin/css/colors/blue/ HTTP/1.1" 200 733 "binance.com" "Mozilla/5.0 (Windows NT 10.0; Win64; x64) AppleWebKit/537.36 (KHTML, like Gecko) Chrome/90.0.4430.85 Safari/537.36"
2001:861:c43:2e50:dd7f:2c4e:c1b0:20ca - - [08/Jun/2025:18:53:55 -0400] "GET /manga/btooom-chapter-92/ HTTP/1.1" 200 29236 "https://w3.readbtooom.com/manga/btooom-chapter-91/" "Mozilla/5.0 (iPhone; CPU iPhone OS 18_5 like Mac OS X) AppleWebKit/605.1.15 (KHTML, like Gecko) Version/18.5 Mobile/15E148 Safari/604.1"
64.227.169.195 - - [08/Jun/2025:18:53:59 -0400] "GET /wp-admin/css/colors/coffee/ HTTP/1.1" 200 744 "binance.com" "Mozilla/5.0 (Windows NT 10.0; Win64; x64) AppleWebKit/537.36 (KHTML, like Gecko) Chrome/90.0.4430.85 Safari/537.36"
64.227.169.195 - - [08/Jun/2025:18:54:08 -0400] "GET /wp-admin/css/colors/ectoplasm/ HTTP/1.1" 200 712 "binance.com" "Mozilla/5.0 (Windows NT 10.0; Win64; x64) AppleWebKit/537.36 (KHTML, like Gecko) Chrome/90.0.4430.85 Safari/537.36"
64.227.169.195 - - [08/Jun/2025:18:54:16 -0400] "GET /wp-admin/css/colors/light/ HTTP/1.1" 200 720 "binance.com" "Mozilla/5.0 (Windows NT 10.0; Win64; x64) AppleWebKit/537.36 (KHTML, like Gecko) Chrome/90.0.4430.85 Safari/537.36"
64.227.169.195 - - [08/Jun/2025:18:54:26 -0400] "GET /wp-admin/css/colors/midnight/ HTTP/1.1" 200 723 "binance.com" "Mozilla/5.0 (Windows NT 10.0; Win64; x64) AppleWebKit/537.36 (KHTML, like Gecko) Chrome/90.0.4430.85 Safari/537.36"
2001:861:c43:2e50:dd7f:2c4e:c1b0:20ca - - [08/Jun/2025:18:54:32 -0400] "GET /manga/btooom-chapter-93/ HTTP/1.1" 200 31119 "https://w3.readbtooom.com/manga/btooom-chapter-92/" "Mozilla/5.0 (iPhone; CPU iPhone OS 18_5 like Mac OS X) AppleWebKit/605.1.15 (KHTML, like Gecko) Version/18.5 Mobile/15E148 Safari/604.1"
162.0.232.193 - - [08/Jun/2025:18:54:33 -0400] "POST /wp-cron.php?doing_wp_cron=1749423273.2137429714202880859375 HTTP/1.1" 200 0 "-" "WordPress/6.4.5; https://w3.readbtooom.com"
2001:861:c43:2e50:dd7f:2c4e:c1b0:20ca - - [08/Jun/2025:18:54:33 -0400] "POST /wp-admin/admin-ajax.php HTTP/1.1" 200 69 "https://w3.readbtooom.com/manga/btooom-chapter-93/" "Mozilla/5.0 (iPhone; CPU iPhone OS 18_5 like Mac OS X) AppleWebKit/605.1.15 (KHTML, like Gecko) Version/18.5 Mobile/15E148 Safari/604.1"
64.227.169.195 - - [08/Jun/2025:18:54:43 -0400] "GET /wp-admin/css/colors/modern/ HTTP/1.1" 200 728 "binance.com" "Mozilla/5.0 (Windows NT 10.0; Win64; x64) AppleWebKit/537.36 (KHTML, like Gecko) Chrome/90.0.4430.85 Safari/537.36"
64.227.169.195 - - [08/Jun/2025:18:54:53 -0400] "GET /wp-admin/css/colors/ocean/ HTTP/1.1" 200 738 "binance.com" "Mozilla/5.0 (Windows NT 10.0; Win64; x64) AppleWebKit/537.36 (KHTML, like Gecko) Chrome/90.0.4430.85 Safari/537.36"
162.0.232.193 - - [08/Jun/2025:18:55:04 -0400] "POST /wp-cron.php?doing_wp_cron=1749423303.9673800468444824218750 HTTP/1.1" 200 0 "-" "WordPress/6.4.5; https://w3.readbtooom.com"
64.227.169.195 - - [08/Jun/2025:18:55:03 -0400] "GET /wp-admin/css/colors/sunrise/%20 HTTP/1.1" 301 0 "binance.com" "Mozilla/5.0 (Windows NT 10.0; Win64; x64) AppleWebKit/537.36 (KHTML, like Gecko) Chrome/90.0.4430.85 Safari/537.36"
64.227.169.195 - - [08/Jun/2025:18:55:12 -0400] "GET / HTTP/1.1" 200 18608 "binance.com" "Mozilla/5.0 (Windows NT 10.0; Win64; x64) AppleWebKit/537.36 (KHTML, like Gecko) Chrome/90.0.4430.85 Safari/537.36"
103.43.77.53 - - [08/Jun/2025:18:55:18 -0400] "GET /manga/btooom-chapter-75/ HTTP/1.1" 200 29669 "https://www.google.com/" "Mozilla/5.0 (Linux; Android 10; K) AppleWebKit/537.36 (KHTML, like Gecko) Chrome/137.0.0.0 Mobile Safari/537.36"
103.43.77.53 - - [08/Jun/2025:18:55:19 -0400] "GET /wp-content/plugins/widgets-on-pages/public/css/widgets-on-pages-public.css?ver=1.4.0 HTTP/1.1" 200 83 "https://w3.readbtooom.com/manga/btooom-chapter-75/" "Mozilla/5.0 (Linux; Android 10; K) AppleWebKit/537.36 (KHTML, like Gecko) Chrome/137.0.0.0 Mobile Safari/537.36"
103.43.77.53 - - [08/Jun/2025:18:55:19 -0400] "GET /wp-content/plugins/simple-social-buttons/assets/css/front.css?ver=5.1.1 HTTP/1.1" 200 9767 "https://w3.readbtooom.com/manga/btooom-chapter-75/" "Mozilla/5.0 (Linux; Android 10; K) AppleWebKit/537.36 (KHTML, like Gecko) Chrome/137.0.0.0 Mobile Safari/537.36"
103.43.77.53 - - [08/Jun/2025:18:55:19 -0400] "GET /wp-content/themes/toivo-lite/fonts/genericons/genericons/genericons.min.css?ver=3.3 HTTP/1.1" 200 15959 "https://w3.readbtooom.com/manga/btooom-chapter-75/" "Mozilla/5.0 (Linux; Android 10; K) AppleWebKit/537.36 (KHTML, like Gecko) Chrome/137.0.0.0 Mobile Safari/537.36"
103.43.77.53 - - [08/Jun/2025:18:55:19 -0400] "GET /wp-includes/css/dist/block-library/style.min.css?ver=6.4.5 HTTP/1.1" 200 13600 "https://w3.readbtooom.com/manga/btooom-chapter-75/" "Mozilla/5.0 (Linux; Android 10; K) AppleWebKit/537.36 (KHTML, like Gecko) Chrome/137.0.0.0 Mobile Safari/537.36"
103.43.77.53 - - [08/Jun/2025:18:55:19 -0400] "GET /wp-content/plugins/simple-social-buttons/assets/js/front.js?ver=5.1.1 HTTP/1.1" 200 1906 "https://w3.readbtooom.com/manga/btooom-chapter-75/" "Mozilla/5.0 (Linux; Android 10; K) AppleWebKit/537.36 (KHTML, like Gecko) Chrome/137.0.0.0 Mobile Safari/537.36"
103.43.77.53 - - [08/Jun/2025:18:55:19 -0400] "GET /wp-content/themes/toivo-lite/style.css?ver=1.2.0 HTTP/1.1" 200 13718 "https://w3.readbtooom.com/manga/btooom-chapter-75/" "Mozilla/5.0 (Linux; Android 10; K) AppleWebKit/537.36 (KHTML, like Gecko) Chrome/137.0.0.0 Mobile Safari/537.36"
103.43.77.53 - - [08/Jun/2025:18:55:19 -0400] "GET /wp-includes/js/jquery/jquery.min.js?ver=3.7.1 HTTP/1.1" 200 29744 "https://w3.readbtooom.com/manga/btooom-chapter-75/" "Mozilla/5.0 (Linux; Android 10; K) AppleWebKit/537.36 (KHTML, like Gecko) Chrome/137.0.0.0 Mobile Safari/537.36"
103.43.77.53 - - [08/Jun/2025:18:55:19 -0400] "GET /wp-content/plugins/comic-easel/css/comiceasel.css?ver=6.4.5 HTTP/1.1" 200 1273 "https://w3.readbtooom.com/manga/btooom-chapter-75/" "Mozilla/5.0 (Linux; Android 10; K) AppleWebKit/537.36 (KHTML, like Gecko) Chrome/137.0.0.0 Mobile Safari/537.36"
103.43.77.53 - - [08/Jun/2025:18:55:19 -0400] "GET /wp-content/plugins/simple-social-buttons/assets/js/frontend-blocks.js?ver=5.1.1 HTTP/1.1" 200 0 "https://w3.readbtooom.com/manga/btooom-chapter-75/" "Mozilla/5.0 (Linux; Android 10; K) AppleWebKit/537.36 (KHTML, like Gecko) Chrome/137.0.0.0 Mobile Safari/537.36"
103.43.77.53 - - [08/Jun/2025:18:55:19 -0400] "GET /wp-includes/js/jquery/jquery-migrate.min.js?ver=3.4.1 HTTP/1.1" 200 4678 "https://w3.readbtooom.com/manga/btooom-chapter-75/" "Mozilla/5.0 (Linux; Android 10; K) AppleWebKit/537.36 (KHTML, like Gecko) Chrome/137.0.0.0 Mobile Safari/537.36"
103.43.77.53 - - [08/Jun/2025:18:55:19 -0400] "GET /wp-content/plugins/comic-easel/js/keynav.js HTTP/1.1" 200 302 "https://w3.readbtooom.com/manga/btooom-chapter-75/" "Mozilla/5.0 (Linux; Android 10; K) AppleWebKit/537.36 (KHTML, like Gecko) Chrome/137.0.0.0 Mobile Safari/537.36"
103.43.77.53 - - [08/Jun/2025:18:55:19 -0400] "GET /wp-content/themes/toivo-lite/js/responsive-nav.min.js?ver=1.2.0 HTTP/1.1" 200 2102 "https://w3.readbtooom.com/manga/btooom-chapter-75/" "Mozilla/5.0 (Linux; Android 10; K) AppleWebKit/537.36 (KHTML, like Gecko) Chrome/137.0.0.0 Mobile Safari/537.36"
103.43.77.53 - - [08/Jun/2025:18:55:19 -0400] "GET /wp-content/plugins/disqus-comment-system/public/js/comment_embed.js?ver=3.0.23 HTTP/1.1" 200 442 "https://w3.readbtooom.com/manga/btooom-chapter-75/" "Mozilla/5.0 (Linux; Android 10; K) AppleWebKit/537.36 (KHTML, like Gecko) Chrome/137.0.0.0 Mobile Safari/537.36"
103.43.77.53 - - [08/Jun/2025:18:55:19 -0400] "GET /wp-content/themes/toivo-lite/js/settings.min.js?ver=1.2.0 HTTP/1.1" 200 307 "https://w3.readbtooom.com/manga/btooom-chapter-75/" "Mozilla/5.0 (Linux; Android 10; K) AppleWebKit/537.36 (KHTML, like Gecko) Chrome/137.0.0.0 Mobile Safari/537.36"
103.43.77.53 - - [08/Jun/2025:18:55:19 -0400] "GET /wp-content/plugins/disqus-comment-system/public/js/comment_count.js?ver=3.0.23 HTTP/1.1" 200 354 "https://w3.readbtooom.com/manga/btooom-chapter-75/" "Mozilla/5.0 (Linux; Android 10; K) AppleWebKit/537.36 (KHTML, like Gecko) Chrome/137.0.0.0 Mobile Safari/537.36"
103.43.77.53 - - [08/Jun/2025:18:55:19 -0400] "GET /wp-content/themes/toivo-lite/js/functions.min.js?ver=1.2.0 HTTP/1.1" 200 593 "https://w3.readbtooom.com/manga/btooom-chapter-75/" "Mozilla/5.0 (Linux; Android 10; K) AppleWebKit/537.36 (KHTML, like Gecko) Chrome/137.0.0.0 Mobile Safari/537.36"
103.43.77.53 - - [08/Jun/2025:18:55:19 -0400] "GET /wp-includes/js/comment-reply.min.js?ver=6.4.5 HTTP/1.1" 200 1228 "https://w3.readbtooom.com/manga/btooom-chapter-75/" "Mozilla/5.0 (Linux; Android 10; K) AppleWebKit/537.36 (KHTML, like Gecko) Chrome/137.0.0.0 Mobile Safari/537.36"
103.43.77.53 - - [08/Jun/2025:18:55:19 -0400] "GET /wp-content/plugins/simple-social-buttons/assets/fonts/ssb-icon.ttf?eahqa2 HTTP/1.1" 200 6212 "https://w3.readbtooom.com/wp-content/plugins/simple-social-buttons/assets/css/front.css?ver=5.1.1" "Mozilla/5.0 (Linux; Android 10; K) AppleWebKit/537.36 (KHTML, like Gecko) Chrome/137.0.0.0 Mobile Safari/537.36"
103.43.77.53 - - [08/Jun/2025:18:55:21 -0400] "GET / HTTP/1.1" 200 18608 "https://w3.readbtooom.com/manga/btooom-chapter-75/" "Mozilla/5.0 (Linux; Android 10; K) AppleWebKit/537.36 (KHTML, like Gecko) Chrome/137.0.0.0 Mobile Safari/537.36"
103.43.77.53 - - [08/Jun/2025:18:55:24 -0400] "GET /wp-content/uploads/2021/11/cropped-190036-180x180.png HTTP/1.1" 200 41674 "https://w3.readbtooom.com/manga/btooom-chapter-75/" "Mozilla/5.0 (Linux; Android 10; K) AppleWebKit/537.36 (KHTML, like Gecko) Chrome/137.0.0.0 Mobile Safari/537.36"
103.43.77.53 - - [08/Jun/2025:18:55:24 -0400] "GET /wp-content/uploads/2021/11/cropped-190036-192x192.png HTTP/1.1" 200 46224 "https://w3.readbtooom.com/manga/btooom-chapter-75/" "Mozilla/5.0 (Linux; Android 10; K) AppleWebKit/537.36 (KHTML, like Gecko) Chrome/137.0.0.0 Mobile Safari/537.36"
64.227.169.195 - - [08/Jun/2025:18:55:27 -0400] "GET /wp-admin/images/ HTTP/1.1" 200 2519 "binance.com" "Mozilla/5.0 (Windows NT 10.0; Win64; x64) AppleWebKit/537.36 (KHTML, like Gecko) Chrome/90.0.4430.85 Safari/537.36"
64.227.169.195 - - [08/Jun/2025:18:55:37 -0400] "GET /wp-admin/js/ HTTP/1.1" 200 3093 "binance.com" "Mozilla/5.0 (Windows NT 10.0; Win64; x64) AppleWebKit/537.36 (KHTML, like Gecko) Chrome/90.0.4430.85 Safari/537.36"
64.227.169.195 - - [08/Jun/2025:18:55:46 -0400] "GET /wp-admin/js/widgets/ HTTP/1.1" 200 1268 "binance.com" "Mozilla/5.0 (Windows NT 10.0; Win64; x64) AppleWebKit/537.36 (KHTML, like Gecko) Chrome/90.0.4430.85 Safari/537.36"
64.227.169.195 - - [08/Jun/2025:18:55:55 -0400] "GET /wp-includes/ HTTP/1.1" 200 7014 "binance.com" "Mozilla/5.0 (Windows NT 10.0; Win64; x64) AppleWebKit/537.36 (KHTML, like Gecko) Chrome/90.0.4430.85 Safari/537.36"
64.227.169.195 - - [08/Jun/2025:18:56:07 -0400] "GET /wp-includes/ HTTP/1.1" 200 7023 "binance.com" "Mozilla/5.0 (Windows NT 10.0; Win64; x64) AppleWebKit/537.36 (KHTML, like Gecko) Chrome/90.0.4430.85 Safari/537.36"
64.227.169.195 - - [08/Jun/2025:18:56:26 -0400] "GET /wp-includes/block-editor.php HTTP/1.1" 200 0 "binance.com" "Mozilla/5.0 (Windows NT 10.0; Win64; x64) AppleWebKit/537.36 (KHTML, like Gecko) Chrome/90.0.4430.85 Safari/537.36"
103.43.77.53 - - [08/Jun/2025:18:56:31 -0400] "GET /wp-content/uploads/2021/11/btooom-lyrics.jpg HTTP/1.1" 200 115029 "https://w3.readbtooom.com/manga/btooom-chapter-75/" "Mozilla/5.0 (Linux; Android 10; K) AppleWebKit/537.36 (KHTML, like Gecko) Chrome/137.0.0.0 Mobile Safari/537.36"
196.217.138.25 - - [08/Jun/2025:18:56:33 -0400] "GET /manga/btooom-chapter-103/ HTTP/1.1" 200 30331 "https://w3.readbtooom.com/manga/btooom-chapter-102/" "Mozilla/5.0 (Linux; Android 10; K) AppleWebKit/537.36 (KHTML, like Gecko) Chrome/137.0.0.0 Mobile Safari/537.36"
196.217.138.25 - - [08/Jun/2025:18:56:34 -0400] "GET /manga/btooom-chapter-103/ HTTP/1.1" 304 0 "https://w3.readbtooom.com/manga/btooom-chapter-102/" "Mozilla/5.0 (Linux; Android 10; K) AppleWebKit/537.36 (KHTML, like Gecko) Chrome/137.0.0.0 Mobile Safari/537.36"
162.0.232.193 - - [08/Jun/2025:18:56:34 -0400] "POST /wp-cron.php?doing_wp_cron=1749423394.4912240505218505859375 HTTP/1.1" 200 0 "-" "WordPress/6.4.5; https://w3.readbtooom.com"
2a01:e0a:57c:e110:5860:8314:7dca:55f8 - - [08/Jun/2025:18:56:34 -0400] "GET /manga/btooom-chapter-110/ HTTP/1.1" 200 34555 "https://w3.readbtooom.com/manga/btooom-chapter-109/" "Mozilla/5.0 (Windows NT 10.0; Win64; x64) AppleWebKit/537.36 (KHTML, like Gecko) Chrome/136.0.0.0 Safari/537.36"
2a01:e0a:57c:e110:5860:8314:7dca:55f8 - - [08/Jun/2025:18:56:34 -0400] "GET /manga/btooom-chapter-108/ HTTP/1.1" 304 0 "https://w3.readbtooom.com/manga/btooom-chapter-109/" "Mozilla/5.0 (Windows NT 10.0; Win64; x64) AppleWebKit/537.36 (KHTML, like Gecko) Chrome/136.0.0.0 Safari/537.36"
103.43.77.53 - - [08/Jun/2025:18:56:34 -0400] "GET /tag/ryota-sakamoto/ HTTP/1.1" 301 0 "https://w3.readbtooom.com/manga/btooom-chapter-75/" "Mozilla/5.0 (Linux; Android 10; K) AppleWebKit/537.36 (KHTML, like Gecko) Chrome/137.0.0.0 Mobile Safari/537.36"
196.217.138.25 - - [08/Jun/2025:18:56:34 -0400] "POST /wp-admin/admin-ajax.php HTTP/1.1" 200 69 "https://w3.readbtooom.com/manga/btooom-chapter-103/" "Mozilla/5.0 (Linux; Android 10; K) AppleWebKit/537.36 (KHTML, like Gecko) Chrome/137.0.0.0 Mobile Safari/537.36"
2a01:e0a:57c:e110:5860:8314:7dca:55f8 - - [08/Jun/2025:18:56:35 -0400] "GET /manga/btooom-chapter-110/ HTTP/1.1" 304 0 "https://w3.readbtooom.com/manga/btooom-chapter-109/" "Mozilla/5.0 (Windows NT 10.0; Win64; x64) AppleWebKit/537.36 (KHTML, like Gecko) Chrome/136.0.0.0 Safari/537.36"
64.227.169.195 - - [08/Jun/2025:18:56:35 -0400] "GET /wp-includes/block-template-utils.php HTTP/1.1" 200 0 "binance.com" "Mozilla/5.0 (Windows NT 10.0; Win64; x64) AppleWebKit/537.36 (KHTML, like Gecko) Chrome/90.0.4430.85 Safari/537.36"
103.43.77.53 - - [08/Jun/2025:18:56:36 -0400] "GET /manga/btooom-chapter-74/ HTTP/1.1" 200 32879 "https://w3.readbtooom.com/manga/btooom-chapter-75/" "Mozilla/5.0 (Linux; Android 10; K) AppleWebKit/537.36 (KHTML, like Gecko) Chrome/137.0.0.0 Mobile Safari/537.36"
162.0.232.193 - - [08/Jun/2025:18:56:36 -0400] "POST /wp-cron.php?doing_wp_cron=1749423396.6432950496673583984375 HTTP/1.1" 200 0 "-" "WordPress/6.4.5; https://w3.readbtooom.com"
103.43.77.53 - - [08/Jun/2025:18:56:37 -0400] "GET / HTTP/1.1" 304 0 "https://w3.readbtooom.com/" "Mozilla/5.0 (Linux; Android 10; K) AppleWebKit/537.36 (KHTML, like Gecko) Chrome/137.0.0.0 Mobile Safari/537.36"
103.43.77.53 - - [08/Jun/2025:18:56:38 -0400] "GET /manga/btooom-chapter-76/ HTTP/1.1" 200 29571 "https://w3.readbtooom.com/manga/btooom-chapter-75/" "Mozilla/5.0 (Linux; Android 10; K) AppleWebKit/537.36 (KHTML, like Gecko) Chrome/137.0.0.0 Mobile Safari/537.36"
103.43.77.53 - - [08/Jun/2025:18:56:39 -0400] "GET /manga/btooom-chapter-76/ HTTP/1.1" 304 0 "https://w3.readbtooom.com/manga/btooom-chapter-75/" "Mozilla/5.0 (Linux; Android 10; K) AppleWebKit/537.36 (KHTML, like Gecko) Chrome/137.0.0.0 Mobile Safari/537.36"
64.227.169.195 - - [08/Jun/2025:18:56:44 -0400] "GET /wp-includes/block-template.php HTTP/1.1" 200 0 "binance.com" "Mozilla/5.0 (Windows NT 10.0; Win64; x64) AppleWebKit/537.36 (KHTML, like Gecko) Chrome/90.0.4430.85 Safari/537.36"
64.227.169.195 - - [08/Jun/2025:18:56:55 -0400] "GET /wp-includes/class-wp-block-editor-context.php HTTP/1.1" 200 0 "binance.com" "Mozilla/5.0 (Windows NT 10.0; Win64; x64) AppleWebKit/537.36 (KHTML, like Gecko) Chrome/90.0.4430.85 Safari/537.36"
64.227.169.195 - - [08/Jun/2025:18:57:04 -0400] "GET /wp-includes/class-wp-block-parser-block.php HTTP/1.1" 200 0 "binance.com" "Mozilla/5.0 (Windows NT 10.0; Win64; x64) AppleWebKit/537.36 (KHTML, like Gecko) Chrome/90.0.4430.85 Safari/537.36"
64.227.169.195 - - [08/Jun/2025:18:57:13 -0400] "GET /wp-includes/class-wp-block-parser-frame.php HTTP/1.1" 200 0 "binance.com" "Mozilla/5.0 (Windows NT 10.0; Win64; x64) AppleWebKit/537.36 (KHTML, like Gecko) Chrome/90.0.4430.85 Safari/537.36"
66.249.64.130 - - [08/Jun/2025:18:57:22 -0400] "GET /manga/btooom-chapter-66/ HTTP/1.1" 200 30800 "-" "Mozilla/5.0 (Linux; Android 6.0.1; Nexus 5X Build/MMB29P) AppleWebKit/537.36 (KHTML, like Gecko) Chrome/136.0.7103.113 Mobile Safari/537.36 (compatible; Googlebot/2.1; +http://www.google.com/bot.html)"
64.227.169.195 - - [08/Jun/2025:18:57:23 -0400] "GET /wp-includes/class-wp-block-template.php HTTP/1.1" 200 0 "binance.com" "Mozilla/5.0 (Windows NT 10.0; Win64; x64) AppleWebKit/537.36 (KHTML, like Gecko) Chrome/90.0.4430.85 Safari/537.36"
64.227.169.195 - - [08/Jun/2025:18:57:31 -0400] "GET /wp-includes/class-wp-classic-to-block-menu-converter.php HTTP/1.1" 200 0 "binance.com" "Mozilla/5.0 (Windows NT 10.0; Win64; x64) AppleWebKit/537.36 (KHTML, like Gecko) Chrome/90.0.4430.85 Safari/537.36"
64.227.169.195 - - [08/Jun/2025:18:57:40 -0400] "GET /wp-includes/class-wp-dependencies.php HTTP/1.1" 200 0 "binance.com" "Mozilla/5.0 (Windows NT 10.0; Win64; x64) AppleWebKit/537.36 (KHTML, like Gecko) Chrome/90.0.4430.85 Safari/537.36"
64.227.169.195 - - [08/Jun/2025:18:57:49 -0400] "GET /wp-includes/class-wp-duotone.php HTTP/1.1" 200 0 "binance.com" "Mozilla/5.0 (Windows NT 10.0; Win64; x64) AppleWebKit/537.36 (KHTML, like Gecko) Chrome/90.0.4430.85 Safari/537.36"
2001:861:c43:2e50:dd7f:2c4e:c1b0:20ca - - [08/Jun/2025:18:57:53 -0400] "GET /manga/btooom-chapter-94/ HTTP/1.1" 200 32033 "https://w3.readbtooom.com/manga/btooom-chapter-93/" "Mozilla/5.0 (iPhone; CPU iPhone OS 18_5 like Mac OS X) AppleWebKit/605.1.15 (KHTML, like Gecko) Version/18.5 Mobile/15E148 Safari/604.1"
64.227.169.195 - - [08/Jun/2025:18:57:58 -0400] "GET /wp-includes/class-wp-http.php HTTP/1.1" 500 0 "binance.com" "Mozilla/5.0 (Windows NT 10.0; Win64; x64) AppleWebKit/537.36 (KHTML, like Gecko) Chrome/90.0.4430.85 Safari/537.36"
64.227.169.195 - - [08/Jun/2025:18:58:04 -0400] "GET /wp-includes/class-wp-navigation-fallback.php HTTP/1.1" 200 0 "binance.com" "Mozilla/5.0 (Windows NT 10.0; Win64; x64) AppleWebKit/537.36 (KHTML, like Gecko) Chrome/90.0.4430.85 Safari/537.36"
64.227.169.195 - - [08/Jun/2025:18:58:13 -0400] "GET /wp-includes/class-wp-scripts.php HTTP/1.1" 500 0 "binance.com" "Mozilla/5.0 (Windows NT 10.0; Win64; x64) AppleWebKit/537.36 (KHTML, like Gecko) Chrome/90.0.4430.85 Safari/537.36"
64.227.169.195 - - [08/Jun/2025:18:58:20 -0400] "GET /wp-includes/class-wp-styles.php HTTP/1.1" 500 0 "binance.com" "Mozilla/5.0 (Windows NT 10.0; Win64; x64) AppleWebKit/537.36 (KHTML, like Gecko) Chrome/90.0.4430.85 Safari/537.36"
162.0.232.193 - - [08/Jun/2025:18:58:24 -0400] "POST /wp-cron.php?doing_wp_cron=1749423504.6320269107818603515625 HTTP/1.1" 200 0 "-" "WordPress/6.4.5; https://w3.readbtooom.com"
64.227.169.195 - - [08/Jun/2025:18:58:26 -0400] "GET /wp-includes/class-wp-textdomain-registry.php HTTP/1.1" 200 0 "binance.com" "Mozilla/5.0 (Windows NT 10.0; Win64; x64) AppleWebKit/537.36 (KHTML, like Gecko) Chrome/90.0.4430.85 Safari/537.36"
2a04:4e41:4751:d10a::c251:d10a - - [08/Jun/2025:18:58:36 -0400] "GET /wp-content/uploads/2021/11/cropped-190036-192x192.png HTTP/1.1" 200 46224 "https://w3.readbtooom.com/manga/btooom-chapter-51/" "Mozilla/5.0 (iPhone; CPU iPhone OS 18_5 like Mac OS X) AppleWebKit/605.1.15 (KHTML, like Gecko) Version/18.5 Mobile/15E148 Safari/604.1"
162.0.232.193 - - [08/Jun/2025:18:58:37 -0400] "POST /wp-cron.php?doing_wp_cron=1749423517.1968359947204589843750 HTTP/1.1" 200 0 "-" "WordPress/6.4.5; https://w3.readbtooom.com"
13.83.167.130 - - [08/Jun/2025:18:58:37 -0400] "GET /robots.txt HTTP/1.1" 200 99 "-" "Mozilla/5.0 AppleWebKit/537.36 (KHTML, like Gecko); compatible; ChatGPT-User/1.0; +https://openai.com/bot"
13.83.167.130 - - [08/Jun/2025:18:58:37 -0400] "GET /manga/btooom-chapter-75/ HTTP/1.1" 200 29669 "-" "Mozilla/5.0 AppleWebKit/537.36 (KHTML, like Gecko); compatible; ChatGPT-User/1.0; +https://openai.com/bot"
13.83.167.130 - - [08/Jun/2025:18:58:37 -0400] "GET /read-manga-news/ HTTP/1.1" 200 10384 "-" "Mozilla/5.0 AppleWebKit/537.36 (KHTML, like Gecko); compatible; ChatGPT-User/1.0; +https://openai.com/bot"
64.227.169.195 - - [08/Jun/2025:18:58:37 -0400] "GET /wp-includes/class-wp-theme-json-data.php HTTP/1.1" 200 0 "binance.com" "Mozilla/5.0 (Windows NT 10.0; Win64; x64) AppleWebKit/537.36 (KHTML, like Gecko) Chrome/90.0.4430.85 Safari/537.36"
