2001:569:5859:7b00:f8f4:932a:ed39:4452 - - [08/Jun/2025:22:07:57 -0400] "GET /manga/btooom-chapter-110/ HTTP/1.1" 200 34555 "https://w3.readbtooom.com/manga/btooom-chapter-109/" "Mozilla/5.0 (iPhone; CPU iPhone OS 18_5 like Mac OS X) AppleWebKit/605.1.15 (KHTML, like Gecko) Version/18.5 Mobile/15E148 Safari/604.1"
2001:44c8:6512:6efc:4485:5dff:feb7:3fae - - [08/Jun/2025:22:08:00 -0400] "GET /manga/btooom-chapter-60/ HTTP/1.1" 200 29571 "https://w3.readbtooom.com/manga/btooom-chapter-59/" "Mozilla/5.0 (Linux; Android 10; K) AppleWebKit/537.36 (KHTML, like Gecko) Chrome/137.0.0.0 Mobile Safari/537.36"
2001:44c8:6512:6efc:4485:5dff:feb7:3fae - - [08/Jun/2025:22:08:02 -0400] "GET /manga/btooom-chapter-60/ HTTP/1.1" 304 0 "https://w3.readbtooom.com/manga/btooom-chapter-59/" "Mozilla/5.0 (Linux; Android 10; K) AppleWebKit/537.36 (KHTML, like Gecko) Chrome/137.0.0.0 Mobile Safari/537.36"
27.55.72.28 - - [08/Jun/2025:22:08:30 -0400] "GET /manga/btooom-chapter-16/ HTTP/1.1" 200 23095 "https://www.google.co.th/" "Mozilla/5.0 (iPhone; CPU iPhone OS 18_5 like Mac OS X) AppleWebKit/605.1.15 (KHTML, like Gecko) Version/18.5 Mobile/15E148 Safari/604.1"
27.55.72.28 - - [08/Jun/2025:22:08:31 -0400] "GET /wp-content/themes/toivo-lite/fonts/genericons/genericons/Genericons.svg HTTP/1.1" 200 23714 "https://w3.readbtooom.com/manga/btooom-chapter-16/" "Mozilla/5.0 (iPhone; CPU iPhone OS 18_5 like Mac OS X) AppleWebKit/605.1.15 (KHTML, like Gecko) Version/18.5 Mobile/15E148 Safari/604.1"
27.55.72.28 - - [08/Jun/2025:22:08:31 -0400] "GET /wp-content/plugins/simple-social-buttons/assets/fonts/ssb-icon.ttf?eahqa2 HTTP/1.1" 200 6212 "https://w3.readbtooom.com/manga/btooom-chapter-16/" "Mozilla/5.0 (iPhone; CPU iPhone OS 18_5 like Mac OS X) AppleWebKit/605.1.15 (KHTML, like Gecko) Version/18.5 Mobile/15E148 Safari/604.1"
162.0.232.193 - - [08/Jun/2025:22:08:32 -0400] "POST /wp-cron.php?doing_wp_cron=1749434912.6242399215698242187500 HTTP/1.1" 200 0 "-" "WordPress/6.4.5; https://w3.readbtooom.com"
27.55.72.28 - - [08/Jun/2025:22:08:31 -0400] "POST /wp-admin/admin-ajax.php HTTP/1.1" 200 69 "https://w3.readbtooom.com/manga/btooom-chapter-16/" "Mozilla/5.0 (iPhone; CPU iPhone OS 18_5 like Mac OS X) AppleWebKit/605.1.15 (KHTML, like Gecko) Version/18.5 Mobile/15E148 Safari/604.1"
27.55.72.28 - - [08/Jun/2025:22:08:38 -0400] "GET /wp-content/uploads/2021/11/cropped-190036-32x32.png HTTP/1.1" 200 2208 "https://w3.readbtooom.com/manga/btooom-chapter-16/" "Mozilla/5.0 (iPhone; CPU iPhone OS 18_5 like Mac OS X) AppleWebKit/605.1.15 (KHTML, like Gecko) Version/18.5 Mobile/15E148 Safari/604.1"
2001:569:5859:7b00:f8f4:932a:ed39:4452 - - [08/Jun/2025:22:08:46 -0400] "GET /manga/btooom-chapter-111/ HTTP/1.1" 200 31188 "https://w3.readbtooom.com/manga/btooom-chapter-110/" "Mozilla/5.0 (iPhone; CPU iPhone OS 18_5 like Mac OS X) AppleWebKit/605.1.15 (KHTML, like Gecko) Version/18.5 Mobile/15E148 Safari/604.1"
27.55.72.28 - - [08/Jun/2025:22:08:52 -0400] "GET /wp-content/uploads/2021/11/btooom-lyrics.jpg HTTP/1.1" 200 115029 "https://w3.readbtooom.com/manga/btooom-chapter-16/" "Mozilla/5.0 (iPhone; CPU iPhone OS 18_5 like Mac OS X) AppleWebKit/605.1.15 (KHTML, like Gecko) Version/18.5 Mobile/15E148 Safari/604.1"
162.0.232.193 - - [08/Jun/2025:22:09:45 -0400] "POST /wp-cron.php?doing_wp_cron=1749434985.0480260848999023437500 HTTP/1.1" 200 0 "-" "WordPress/6.4.5; https://w3.readbtooom.com"
2001:569:5859:7b00:f8f4:932a:ed39:4452 - - [08/Jun/2025:22:09:45 -0400] "GET /manga/btooom-chapter-112/ HTTP/1.1" 200 32014 "https://w3.readbtooom.com/manga/btooom-chapter-111/" "Mozilla/5.0 (iPhone; CPU iPhone OS 18_5 like Mac OS X) AppleWebKit/605.1.15 (KHTML, like Gecko) Version/18.5 Mobile/15E148 Safari/604.1"
2001:44c8:6512:6efc:4485:5dff:feb7:3fae - - [08/Jun/2025:22:10:07 -0400] "GET /manga/btooom-chapter-61/ HTTP/1.1" 200 31374 "https://w3.readbtooom.com/manga/btooom-chapter-60/" "Mozilla/5.0 (Linux; Android 10; K) AppleWebKit/537.36 (KHTML, like Gecko) Chrome/137.0.0.0 Mobile Safari/537.36"
2001:44c8:6512:6efc:4485:5dff:feb7:3fae - - [08/Jun/2025:22:10:08 -0400] "GET /manga/btooom-chapter-61/ HTTP/1.1" 304 0 "https://w3.readbtooom.com/manga/btooom-chapter-60/" "Mozilla/5.0 (Linux; Android 10; K) AppleWebKit/537.36 (KHTML, like Gecko) Chrome/137.0.0.0 Mobile Safari/537.36"
2001:569:5859:7b00:f8f4:932a:ed39:4452 - - [08/Jun/2025:22:10:31 -0400] "GET /manga/btooom-chapter-113/ HTTP/1.1" 200 33433 "https://w3.readbtooom.com/manga/btooom-chapter-112/" "Mozilla/5.0 (iPhone; CPU iPhone OS 18_5 like Mac OS X) AppleWebKit/605.1.15 (KHTML, like Gecko) Version/18.5 Mobile/15E148 Safari/604.1"
162.0.232.193 - - [08/Jun/2025:22:11:15 -0400] "POST /wp-cron.php?doing_wp_cron=1749435075.1615920066833496093750 HTTP/1.1" 200 0 "-" "WordPress/6.4.5; https://w3.readbtooom.com"
2001:569:5859:7b00:f8f4:932a:ed39:4452 - - [08/Jun/2025:22:12:01 -0400] "GET /manga/btooom-chapter-114/ HTTP/1.1" 200 34368 "https://w3.readbtooom.com/manga/btooom-chapter-113/" "Mozilla/5.0 (iPhone; CPU iPhone OS 18_5 like Mac OS X) AppleWebKit/605.1.15 (KHTML, like Gecko) Version/18.5 Mobile/15E148 Safari/604.1"
105.157.71.224 - - [08/Jun/2025:22:12:26 -0400] "GET /tag/btooom-manga/ HTTP/1.1" 301 0 "https://w3.readbtooom.com/manga/btooom-chapter-121-2/" "Mozilla/5.0 (Linux; Android 10; K) AppleWebKit/537.36 (KHTML, like Gecko) Chrome/125.0.0.0 Mobile Safari/537.36"
162.0.232.193 - - [08/Jun/2025:22:12:29 -0400] "POST /wp-cron.php?doing_wp_cron=1749435149.0883989334106445312500 HTTP/1.1" 200 0 "-" "WordPress/6.4.5; https://w3.readbtooom.com"
2001:569:5859:7b00:f8f4:932a:ed39:4452 - - [08/Jun/2025:22:12:56 -0400] "GET /manga/btooom-chapter-115/ HTTP/1.1" 200 33874 "https://w3.readbtooom.com/manga/btooom-chapter-114/" "Mozilla/5.0 (iPhone; CPU iPhone OS 18_5 like Mac OS X) AppleWebKit/605.1.15 (KHTML, like Gecko) Version/18.5 Mobile/15E148 Safari/604.1"
162.0.232.193 - - [08/Jun/2025:22:12:57 -0400] "POST /wp-cron.php?doing_wp_cron=1749435177.0405380725860595703125 HTTP/1.1" 200 0 "-" "WordPress/6.4.5; https://w3.readbtooom.com"
2001:569:5859:7b00:f8f4:932a:ed39:4452 - - [08/Jun/2025:22:12:56 -0400] "POST /wp-admin/admin-ajax.php HTTP/1.1" 200 69 "https://w3.readbtooom.com/manga/btooom-chapter-115/" "Mozilla/5.0 (iPhone; CPU iPhone OS 18_5 like Mac OS X) AppleWebKit/605.1.15 (KHTML, like Gecko) Version/18.5 Mobile/15E148 Safari/604.1"
2001:569:5859:7b00:f8f4:932a:ed39:4452 - - [08/Jun/2025:22:12:59 -0400] "GET / HTTP/1.1" 200 18607 "https://w3.readbtooom.com/manga/btooom-chapter-115/" "Mozilla/5.0 (iPhone; CPU iPhone OS 18_5 like Mac OS X) AppleWebKit/605.1.15 (KHTML, like Gecko) Version/18.5 Mobile/15E148 Safari/604.1"
2001:569:5859:7b00:f8f4:932a:ed39:4452 - - [08/Jun/2025:22:12:59 -0400] "GET /wp-content/uploads/2021/11/51YmOLZ5fWL.jpg HTTP/1.1" 200 46158 "https://w3.readbtooom.com/" "Mozilla/5.0 (iPhone; CPU iPhone OS 18_5 like Mac OS X) AppleWebKit/605.1.15 (KHTML, like Gecko) Version/18.5 Mobile/15E148 Safari/604.1"
2001:569:5859:7b00:f8f4:932a:ed39:4452 - - [08/Jun/2025:22:12:59 -0400] "GET /wp-content/uploads/2021/11/45731737.jpg HTTP/1.1" 200 34289 "https://w3.readbtooom.com/" "Mozilla/5.0 (iPhone; CPU iPhone OS 18_5 like Mac OS X) AppleWebKit/605.1.15 (KHTML, like Gecko) Version/18.5 Mobile/15E148 Safari/604.1"
2001:569:5859:7b00:f8f4:932a:ed39:4452 - - [08/Jun/2025:22:13:04 -0400] "GET /manga/btooom-chapter-115/ HTTP/1.1" 304 0 "https://w3.readbtooom.com/" "Mozilla/5.0 (iPhone; CPU iPhone OS 18_5 like Mac OS X) AppleWebKit/605.1.15 (KHTML, like Gecko) Version/18.5 Mobile/15E148 Safari/604.1"
2001:569:5859:7b00:f8f4:932a:ed39:4452 - - [08/Jun/2025:22:13:04 -0400] "POST /wp-admin/admin-ajax.php HTTP/1.1" 200 69 "https://w3.readbtooom.com/manga/btooom-chapter-115/" "Mozilla/5.0 (iPhone; CPU iPhone OS 18_5 like Mac OS X) AppleWebKit/605.1.15 (KHTML, like Gecko) Version/18.5 Mobile/15E148 Safari/604.1"
2001:569:5859:7b00:f8f4:932a:ed39:4452 - - [08/Jun/2025:22:13:29 -0400] "GET /manga/btooom-chapter-116/ HTTP/1.1" 200 32783 "https://w3.readbtooom.com/manga/btooom-chapter-115/" "Mozilla/5.0 (iPhone; CPU iPhone OS 18_5 like Mac OS X) AppleWebKit/605.1.15 (KHTML, like Gecko) Version/18.5 Mobile/15E148 Safari/604.1"
130.202.62.97 - - [08/Jun/2025:22:14:31 -0400] "GET /manga/btooom-chapter-61/ HTTP/1.1" 200 31374 "https://w3.readbtooom.com/manga/btooom-chapter-60/" "Mozilla/5.0 (iPhone; CPU iPhone OS 18_5 like Mac OS X) AppleWebKit/605.1.15 (KHTML, like Gecko) Version/18.5 Mobile/15E148 Safari/604.1"
2001:569:5859:7b00:f8f4:932a:ed39:4452 - - [08/Jun/2025:22:14:44 -0400] "GET /manga/btooom-chapter-117/ HTTP/1.1" 200 38049 "https://w3.readbtooom.com/manga/btooom-chapter-116/" "Mozilla/5.0 (iPhone; CPU iPhone OS 18_5 like Mac OS X) AppleWebKit/605.1.15 (KHTML, like Gecko) Version/18.5 Mobile/15E148 Safari/604.1"
162.0.232.193 - - [08/Jun/2025:22:14:46 -0400] "POST /wp-cron.php?doing_wp_cron=1749435286.0777609348297119140625 HTTP/1.1" 200 0 "-" "WordPress/6.4.5; https://w3.readbtooom.com"
2001:569:5859:7b00:f8f4:932a:ed39:4452 - - [08/Jun/2025:22:14:44 -0400] "POST /wp-admin/admin-ajax.php HTTP/1.1" 200 69 "https://w3.readbtooom.com/manga/btooom-chapter-117/" "Mozilla/5.0 (iPhone; CPU iPhone OS 18_5 like Mac OS X) AppleWebKit/605.1.15 (KHTML, like Gecko) Version/18.5 Mobile/15E148 Safari/604.1"
2001:569:5859:7b00:f8f4:932a:ed39:4452 - - [08/Jun/2025:22:15:44 -0400] "GET /manga/btooom-chapter-118/ HTTP/1.1" 200 36869 "https://w3.readbtooom.com/manga/btooom-chapter-117/" "Mozilla/5.0 (iPhone; CPU iPhone OS 18_5 like Mac OS X) AppleWebKit/605.1.15 (KHTML, like Gecko) Version/18.5 Mobile/15E148 Safari/604.1"
162.0.232.193 - - [08/Jun/2025:22:15:45 -0400] "POST /wp-cron.php?doing_wp_cron=1749435345.3511900901794433593750 HTTP/1.1" 200 0 "-" "WordPress/6.4.5; https://w3.readbtooom.com"
2001:569:5859:7b00:f8f4:932a:ed39:4452 - - [08/Jun/2025:22:15:45 -0400] "POST /wp-admin/admin-ajax.php HTTP/1.1" 200 69 "https://w3.readbtooom.com/manga/btooom-chapter-118/" "Mozilla/5.0 (iPhone; CPU iPhone OS 18_5 like Mac OS X) AppleWebKit/605.1.15 (KHTML, like Gecko) Version/18.5 Mobile/15E148 Safari/604.1"
2001:569:5859:7b00:f8f4:932a:ed39:4452 - - [08/Jun/2025:22:16:52 -0400] "GET /manga/btooom-chapter-119/ HTTP/1.1" 200 33440 "https://w3.readbtooom.com/manga/btooom-chapter-118/" "Mozilla/5.0 (iPhone; CPU iPhone OS 18_5 like Mac OS X) AppleWebKit/605.1.15 (KHTML, like Gecko) Version/18.5 Mobile/15E148 Safari/604.1"
66.249.64.131 - - [08/Jun/2025:22:17:26 -0400] "GET /manga/btooom-chapter-59/ HTTP/1.1" 200 30075 "-" "Mozilla/5.0 (Linux; Android 6.0.1; Nexus 5X Build/MMB29P) AppleWebKit/537.36 (KHTML, like Gecko) Chrome/136.0.7103.113 Mobile Safari/537.36 (compatible; Googlebot/2.1; +http://www.google.com/bot.html)"
2001:569:5859:7b00:f8f4:932a:ed39:4452 - - [08/Jun/2025:22:17:34 -0400] "GET /manga/btooom-chapter-120/ HTTP/1.1" 200 34682 "https://w3.readbtooom.com/manga/btooom-chapter-119/" "Mozilla/5.0 (iPhone; CPU iPhone OS 18_5 like Mac OS X) AppleWebKit/605.1.15 (KHTML, like Gecko) Version/18.5 Mobile/15E148 Safari/604.1"
2001:569:5859:7b00:f8f4:932a:ed39:4452 - - [08/Jun/2025:22:18:19 -0400] "GET /manga/btooom-chapter-120-2/ HTTP/1.1" 200 32656 "https://w3.readbtooom.com/manga/btooom-chapter-120/" "Mozilla/5.0 (iPhone; CPU iPhone OS 18_5 like Mac OS X) AppleWebKit/605.1.15 (KHTML, like Gecko) Version/18.5 Mobile/15E148 Safari/604.1"
162.0.232.193 - - [08/Jun/2025:22:18:30 -0400] "POST /wp-cron.php?doing_wp_cron=1749435510.5962638854980468750000 HTTP/1.1" 200 0 "-" "WordPress/6.4.5; https://w3.readbtooom.com"
162.240.232.97 - - [08/Jun/2025:22:18:29 -0400] "POST /wp-login.php HTTP/1.1" 200 1982 "https://w3.readbtooom.com" "Mozilla/5.0 (Macintosh; Intel Mac OS X 13_3) AppleWebKit/537.36 (KHTML, like Gecko) Chrome/126.0.0.0 Safari/537.36 Edg/126.0.0.0"
2001:569:5859:7b00:f8f4:932a:ed39:4452 - - [08/Jun/2025:22:19:03 -0400] "GET /manga/btooom-chapter-121/ HTTP/1.1" 200 54239 "https://w3.readbtooom.com/manga/btooom-chapter-120-2/" "Mozilla/5.0 (iPhone; CPU iPhone OS 18_5 like Mac OS X) AppleWebKit/605.1.15 (KHTML, like Gecko) Version/18.5 Mobile/15E148 Safari/604.1"
130.202.62.97 - - [08/Jun/2025:22:19:18 -0400] "GET /manga/btooom-chapter-62/ HTTP/1.1" 200 32081 "https://w3.readbtooom.com/manga/btooom-chapter-61/" "Mozilla/5.0 (iPhone; CPU iPhone OS 18_5 like Mac OS X) AppleWebKit/605.1.15 (KHTML, like Gecko) Version/18.5 Mobile/15E148 Safari/604.1"
2001:569:5859:7b00:f8f4:932a:ed39:4452 - - [08/Jun/2025:22:21:08 -0400] "GET /manga/btooom-chapter-121-2/ HTTP/1.1" 200 49260 "https://w3.readbtooom.com/manga/btooom-chapter-121/" "Mozilla/5.0 (iPhone; CPU iPhone OS 18_5 like Mac OS X) AppleWebKit/605.1.15 (KHTML, like Gecko) Version/18.5 Mobile/15E148 Safari/604.1"
162.0.232.193 - - [08/Jun/2025:22:22:24 -0400] "POST /wp-cron.php?doing_wp_cron=1749435744.1909248828887939453125 HTTP/1.1" 200 0 "-" "WordPress/6.4.5; https://w3.readbtooom.com"
212.118.53.218 - - [08/Jun/2025:22:22:34 -0400] "GET / HTTP/1.1" 200 18607 "https://READBTOOOM.COM" "Mozilla/5.0 (Macintosh; Intel Mac OS X 10_15_7) AppleWebKit/537.36 (KHTML, like Gecko) Chrome/133.0.0.0 Safari/537.36"
212.118.53.218 - - [08/Jun/2025:22:22:35 -0400] "GET /comments/feed/ HTTP/1.1" 200 1218 "-" "Mozilla/5.0 (Macintosh; Intel Mac OS X 10_15_7) AppleWebKit/537.36 (KHTML, like Gecko) Chrome/133.0.0.0 Safari/537.36"
212.118.53.218 - - [08/Jun/2025:22:22:36 -0400] "GET /the-worn-and-torn-newbie/ HTTP/1.1" 200 9504 "-" "Mozilla/5.0 (Macintosh; Intel Mac OS X 10_15_7) AppleWebKit/537.36 (KHTML, like Gecko) Chrome/133.0.0.0 Safari/537.36"
83.199.240.212 - - [08/Jun/2025:22:24:21 -0400] "GET /manga/btooom-chapter-113/ HTTP/1.1" 200 33433 "-" "Mozilla/5.0 (Windows NT 10.0; Win64; x64) AppleWebKit/537.36 (KHTML, like Gecko) Chrome/137.0.0.0 Safari/537.36"
83.199.240.212 - - [08/Jun/2025:22:24:23 -0400] "GET /manga/ HTTP/1.1" 301 0 "-" "Mozilla/5.0 (Windows NT 10.0; Win64; x64) AppleWebKit/537.36 (KHTML, like Gecko) Chrome/137.0.0.0 Safari/537.36"
162.0.232.193 - - [08/Jun/2025:22:24:26 -0400] "POST /wp-cron.php?doing_wp_cron=1749435866.6084990501403808593750 HTTP/1.1" 200 0 "-" "WordPress/6.4.5; https://w3.readbtooom.com"
83.199.240.212 - - [08/Jun/2025:22:24:27 -0400] "GET / HTTP/1.1" 200 18607 "https://w3.readbtooom.com/" "Mozilla/5.0 (Windows NT 10.0; Win64; x64) AppleWebKit/537.36 (KHTML, like Gecko) Chrome/137.0.0.0 Safari/537.36"
83.199.240.212 - - [08/Jun/2025:22:24:30 -0400] "GET /manga/btooom-chapter-121-2/ HTTP/1.1" 200 49260 "-" "Mozilla/5.0 (Windows NT 10.0; Win64; x64) AppleWebKit/537.36 (KHTML, like Gecko) Chrome/137.0.0.0 Safari/537.36"
83.199.240.212 - - [08/Jun/2025:22:24:30 -0400] "GET /manga/btooom-chapter-121/ HTTP/1.1" 200 54239 "-" "Mozilla/5.0 (Windows NT 10.0; Win64; x64) AppleWebKit/537.36 (KHTML, like Gecko) Chrome/137.0.0.0 Safari/537.36"
83.199.240.212 - - [08/Jun/2025:22:24:31 -0400] "GET /manga/btooom-chapter-121/ HTTP/1.1" 304 0 "https://w3.readbtooom.com/" "Mozilla/5.0 (Windows NT 10.0; Win64; x64) AppleWebKit/537.36 (KHTML, like Gecko) Chrome/137.0.0.0 Safari/537.36"
83.199.240.212 - - [08/Jun/2025:22:24:36 -0400] "GET /wp-content/uploads/2021/11/btooom-lyrics-200x300.jpg HTTP/1.1" 200 19605 "https://w3.readbtooom.com/manga/btooom-chapter-121/" "Mozilla/5.0 (Windows NT 10.0; Win64; x64) AppleWebKit/537.36 (KHTML, like Gecko) Chrome/137.0.0.0 Safari/537.36"
162.0.232.193 - - [08/Jun/2025:22:25:21 -0400] "POST /wp-cron.php?doing_wp_cron=1749435921.7721810340881347656250 HTTP/1.1" 200 0 "-" "WordPress/6.4.5; https://w3.readbtooom.com"
173.208.148.34 - - [08/Jun/2025:22:25:22 -0400] "GET / HTTP/1.1" 200 18607 "-" "Mozilla/5.0 (Windows NT 10.0; Win64; x64) AppleWebKit/537.36 (KHTML, like Gecko) Chrome/91.0.4472.106 Safari/537.36"
173.208.148.34 - - [08/Jun/2025:22:25:22 -0400] "GET / HTTP/1.1" 200 18607 "-" "Mozilla/5.0 (compatible; Googlebot/2.1; +http://www.google.com/bot.html)"
162.0.232.193 - - [08/Jun/2025:22:27:22 -0400] "POST /wp-cron.php?doing_wp_cron=1749436041.9070789813995361328125 HTTP/1.1" 200 0 "-" "WordPress/6.4.5; https://w3.readbtooom.com"
105.157.71.224 - - [08/Jun/2025:22:27:39 -0400] "GET /manga/btooom-chapter-75/ HTTP/1.1" 200 29669 "https://www.google.com/" "Mozilla/5.0 (Windows NT 10.0; Win64; x64) AppleWebKit/537.36 (KHTML, like Gecko) Chrome/137.0.0.0 Safari/537.36"
105.157.71.224 - - [08/Jun/2025:22:27:42 -0400] "GET /manga/btooom-chapter-121-2/ HTTP/1.1" 200 49260 "https://w3.readbtooom.com/manga/btooom-chapter-75/" "Mozilla/5.0 (Windows NT 10.0; Win64; x64) AppleWebKit/537.36 (KHTML, like Gecko) Chrome/137.0.0.0 Safari/537.36"
105.157.71.224 - - [08/Jun/2025:22:27:43 -0400] "GET /manga/btooom-chapter-121-2/ HTTP/1.1" 304 0 "https://w3.readbtooom.com/manga/btooom-chapter-75/" "Mozilla/5.0 (Windows NT 10.0; Win64; x64) AppleWebKit/537.36 (KHTML, like Gecko) Chrome/137.0.0.0 Safari/537.36"
105.157.71.224 - - [08/Jun/2025:22:27:45 -0400] "GET /manga/btooom-chapter-121-2/ HTTP/1.1" 304 0 "https://w3.readbtooom.com/manga/btooom-chapter-121-2/" "Mozilla/5.0 (Windows NT 10.0; Win64; x64) AppleWebKit/537.36 (KHTML, like Gecko) Chrome/137.0.0.0 Safari/537.36"
105.157.71.224 - - [08/Jun/2025:22:27:57 -0400] "GET /wp-content/uploads/2021/11/btooom-lyrics-200x300.jpg HTTP/1.1" 200 19605 "https://w3.readbtooom.com/manga/btooom-chapter-121-2/" "Mozilla/5.0 (Windows NT 10.0; Win64; x64) AppleWebKit/537.36 (KHTML, like Gecko) Chrome/137.0.0.0 Safari/537.36"
66.249.64.131 - - [08/Jun/2025:22:31:28 -0400] "GET /manga/btooom-chapter-116/ HTTP/1.1" 200 32783 "-" "Mozilla/5.0 (Linux; Android 6.0.1; Nexus 5X Build/MMB29P) AppleWebKit/537.36 (KHTML, like Gecko) Chrome/136.0.7103.113 Mobile Safari/537.36 (compatible; Googlebot/2.1; +http://www.google.com/bot.html)"
162.0.232.193 - - [08/Jun/2025:22:32:31 -0400] "POST /wp-cron.php?doing_wp_cron=1749436350.9213619232177734375000 HTTP/1.1" 200 0 "-" "WordPress/6.4.5; https://w3.readbtooom.com"
45.204.8.167 - - [08/Jun/2025:22:32:32 -0400] "GET / HTTP/1.1" 200 18607 "-" "Mozilla/5.0 (Windows NT 10.0; Win64; x64) AppleWebKit/537.36 (KHTML, like Gecko) Chrome/137.0.0.0 Safari/537.36"
45.204.8.167 - - [08/Jun/2025:22:32:32 -0400] "GET / HTTP/1.1" 200 18607 "-" "Mozilla/5.0 (Windows NT 10.0; Win64; x64) AppleWebKit/537.36 (KHTML, like Gecko) Chrome/137.0.0.0 Safari/537.36"
31.193.2.236 - - [08/Jun/2025:22:32:32 -0400] "POST /wp-login.php HTTP/1.1" 200 1982 "https://w3.readbtooom.com" "Mozilla/5.0 (Windows NT 10.0; Win64; x64) AppleWebKit/537.36 (KHTML, like Gecko) Chrome/112.0.5615.138 Safari/537.36 Edg/112.0.1722.68"
162.0.232.193 - - [08/Jun/2025:22:33:06 -0400] "POST /wp-cron.php?doing_wp_cron=1749436386.1538619995117187500000 HTTP/1.1" 200 0 "-" "WordPress/6.4.5; https://w3.readbtooom.com"
43.159.128.155 - - [08/Jun/2025:22:33:06 -0400] "GET /manga/btooom-chapter-28/feed/ HTTP/1.1" 200 412 "-" "Mozilla/5.0 (iPhone; CPU iPhone OS 13_2_3 like Mac OS X) AppleWebKit/605.1.15 (KHTML, like Gecko) Version/13.0.3 Mobile/15E148 Safari/604.1"
45.204.8.167 - - [08/Jun/2025:22:33:24 -0400] "GET /manga/btooom-chapter-121-2/ HTTP/1.1" 200 49260 "https://w3.readbtooom.com/" "Mozilla/5.0 (Windows NT 10.0; Win64; x64) AppleWebKit/537.36 (KHTML, like Gecko) Chrome/137.0.0.0 Safari/537.36"
45.204.8.167 - - [08/Jun/2025:22:33:25 -0400] "GET / HTTP/1.1" 304 0 "https://w3.readbtooom.com/" "Mozilla/5.0 (Windows NT 10.0; Win64; x64) AppleWebKit/537.36 (KHTML, like Gecko) Chrome/137.0.0.0 Safari/537.36"
2001:569:5859:7b00:f8f4:932a:ed39:4452 - - [08/Jun/2025:22:37:20 -0400] "GET /manga/btooom-chapter-121-2/ HTTP/1.1" 200 49260 "https://w3.readbtooom.com/manga/btooom-chapter-121/" "Mozilla/5.0 (iPhone; CPU iPhone OS 18_5 like Mac OS X) AppleWebKit/605.1.15 (KHTML, like Gecko) Version/18.5 Mobile/15E148 Safari/604.1"
2403:6200:8881:797:21f3:1bb9:df8f:a07b - - [08/Jun/2025:22:38:35 -0400] "GET /manga/btooom-chapter-75/ HTTP/1.1" 200 29669 "https://www.google.com/" "Mozilla/5.0 (Linux; Android 10; K) AppleWebKit/537.36 (KHTML, like Gecko) Chrome/137.0.0.0 Mobile Safari/537.36"
2403:6200:8881:797:21f3:1bb9:df8f:a07b - - [08/Jun/2025:22:39:21 -0400] "GET /manga/btooom-chapter-76/ HTTP/1.1" 200 29571 "https://w3.readbtooom.com/manga/btooom-chapter-75/" "Mozilla/5.0 (Linux; Android 10; K) AppleWebKit/537.36 (KHTML, like Gecko) Chrome/137.0.0.0 Mobile Safari/537.36"
2403:6200:8881:797:21f3:1bb9:df8f:a07b - - [08/Jun/2025:22:39:21 -0400] "GET /manga/btooom-chapter-76/ HTTP/1.1" 304 0 "https://w3.readbtooom.com/manga/btooom-chapter-75/" "Mozilla/5.0 (Linux; Android 10; K) AppleWebKit/537.36 (KHTML, like Gecko) Chrome/137.0.0.0 Mobile Safari/537.36"
2403:6200:8881:797:21f3:1bb9:df8f:a07b - - [08/Jun/2025:22:39:53 -0400] "GET /manga/btooom-chapter-77/ HTTP/1.1" 200 31804 "https://w3.readbtooom.com/manga/btooom-chapter-76/" "Mozilla/5.0 (Linux; Android 10; K) AppleWebKit/537.36 (KHTML, like Gecko) Chrome/137.0.0.0 Mobile Safari/537.36"
2403:6200:8881:797:21f3:1bb9:df8f:a07b - - [08/Jun/2025:22:39:54 -0400] "GET /manga/btooom-chapter-77/ HTTP/1.1" 304 0 "https://w3.readbtooom.com/manga/btooom-chapter-76/" "Mozilla/5.0 (Linux; Android 10; K) AppleWebKit/537.36 (KHTML, like Gecko) Chrome/137.0.0.0 Mobile Safari/537.36"
162.0.232.193 - - [08/Jun/2025:22:39:57 -0400] "POST /wp-cron.php?doing_wp_cron=1749436796.9711320400238037109375 HTTP/1.1" 200 0 "-" "WordPress/6.4.5; https://w3.readbtooom.com"
2403:6200:8881:797:21f3:1bb9:df8f:a07b - - [08/Jun/2025:22:39:55 -0400] "POST /wp-admin/admin-ajax.php HTTP/1.1" 200 69 "https://w3.readbtooom.com/manga/btooom-chapter-77/" "Mozilla/5.0 (Linux; Android 10; K) AppleWebKit/537.36 (KHTML, like Gecko) Chrome/137.0.0.0 Mobile Safari/537.36"
162.0.232.193 - - [08/Jun/2025:22:40:45 -0400] "POST /wp-cron.php?doing_wp_cron=1749436845.6142740249633789062500 HTTP/1.1" 200 0 "-" "WordPress/6.4.5; https://w3.readbtooom.com"
2403:6200:8881:797:21f3:1bb9:df8f:a07b - - [08/Jun/2025:22:40:45 -0400] "GET /manga/btooom-chapter-78/ HTTP/1.1" 200 27236 "https://w3.readbtooom.com/manga/btooom-chapter-77/" "Mozilla/5.0 (Linux; Android 10; K) AppleWebKit/537.36 (KHTML, like Gecko) Chrome/137.0.0.0 Mobile Safari/537.36"
2403:6200:8881:797:21f3:1bb9:df8f:a07b - - [08/Jun/2025:22:40:46 -0400] "GET /manga/btooom-chapter-78/ HTTP/1.1" 304 0 "https://w3.readbtooom.com/manga/btooom-chapter-77/" "Mozilla/5.0 (Linux; Android 10; K) AppleWebKit/537.36 (KHTML, like Gecko) Chrome/137.0.0.0 Mobile Safari/537.36"
162.0.232.193 - - [08/Jun/2025:22:41:00 -0400] "POST /wp-cron.php?doing_wp_cron=1749436860.7121369838714599609375 HTTP/1.1" 200 0 "-" "WordPress/6.4.5; https://w3.readbtooom.com"
43.157.170.126 - - [08/Jun/2025:22:41:00 -0400] "GET /manga/btooom-chapter-17/feed/ HTTP/1.1" 200 412 "-" "Mozilla/5.0 (iPhone; CPU iPhone OS 13_2_3 like Mac OS X) AppleWebKit/605.1.15 (KHTML, like Gecko) Version/13.0.3 Mobile/15E148 Safari/604.1"
162.0.232.193 - - [08/Jun/2025:22:41:00 -0400] "GET /manga/btooom-chapter-119/ HTTP/1.1" 200 28092 "-" "WP Rocket/Preload"
162.0.232.193 - - [08/Jun/2025:22:41:01 -0400] "GET /manga/btooom-chapter-17/ HTTP/1.1" 200 22150 "-" "WP Rocket/Preload"
162.0.232.193 - - [08/Jun/2025:22:41:02 -0400] "GET /manga/btooom-chapter-57/ HTTP/1.1" 200 26246 "-" "WP Rocket/Preload"
162.0.232.193 - - [08/Jun/2025:22:41:03 -0400] "GET /manga/btooom-chapter-18/ HTTP/1.1" 200 22499 "-" "WP Rocket/Preload"
162.0.232.193 - - [08/Jun/2025:22:41:04 -0400] "GET /manga/btooom-chapter-19/ HTTP/1.1" 200 22801 "-" "WP Rocket/Preload"
162.0.232.193 - - [08/Jun/2025:22:41:05 -0400] "GET /manga/btooom-chapter-20/ HTTP/1.1" 200 22928 "-" "WP Rocket/Preload"
162.0.232.193 - - [08/Jun/2025:22:41:06 -0400] "GET /manga/btooom-chapter-21/ HTTP/1.1" 200 23127 "-" "WP Rocket/Preload"
162.0.232.193 - - [08/Jun/2025:22:41:07 -0400] "GET /manga/btooom-chapter-98/ HTTP/1.1" 200 27098 "-" "WP Rocket/Preload"
162.0.232.193 - - [08/Jun/2025:22:41:08 -0400] "GET /manga/btooom-chapter-3/ HTTP/1.1" 200 22693 "-" "WP Rocket/Preload"
162.0.232.193 - - [08/Jun/2025:22:41:08 -0400] "GET /manga/btooom-chapter-6/ HTTP/1.1" 200 24544 "-" "WP Rocket/Preload"
162.0.232.193 - - [08/Jun/2025:22:41:09 -0400] "GET /manga/btooom-chapter-120-2/ HTTP/1.1" 200 27718 "-" "WP Rocket/Preload"
162.0.232.193 - - [08/Jun/2025:22:41:10 -0400] "GET /manga/btooom-chapter-22/ HTTP/1.1" 200 23544 "-" "WP Rocket/Preload"
2403:6200:8881:797:21f3:1bb9:df8f:a07b - - [08/Jun/2025:22:41:10 -0400] "GET /manga/btooom-chapter-80/ HTTP/1.1" 200 26144 "https://w3.readbtooom.com/manga/btooom-chapter-78/" "Mozilla/5.0 (Linux; Android 10; K) AppleWebKit/537.36 (KHTML, like Gecko) Chrome/137.0.0.0 Mobile Safari/537.36"
2403:6200:8881:797:21f3:1bb9:df8f:a07b - - [08/Jun/2025:22:41:11 -0400] "GET /manga/btooom-chapter-80/ HTTP/1.1" 304 0 "https://w3.readbtooom.com/manga/btooom-chapter-78/" "Mozilla/5.0 (Linux; Android 10; K) AppleWebKit/537.36 (KHTML, like Gecko) Chrome/137.0.0.0 Mobile Safari/537.36"
162.0.232.193 - - [08/Jun/2025:22:41:11 -0400] "GET /manga/btooom-chapter-22-5/ HTTP/1.1" 200 19410 "-" "WP Rocket/Preload"
162.0.232.193 - - [08/Jun/2025:22:41:12 -0400] "GET /manga/btooom-chapter-23/ HTTP/1.1" 200 24091 "-" "WP Rocket/Preload"
162.0.232.193 - - [08/Jun/2025:22:41:12 -0400] "GET /manga/btooom-chapter-121/ HTTP/1.1" 200 43933 "-" "WP Rocket/Preload"
162.0.232.193 - - [08/Jun/2025:22:41:13 -0400] "GET /manga/btooom-chapter-24/ HTTP/1.1" 200 22906 "-" "WP Rocket/Preload"
162.0.232.193 - - [08/Jun/2025:22:41:14 -0400] "GET /manga/btooom-chapter-25/ HTTP/1.1" 200 22619 "-" "WP Rocket/Preload"
162.0.232.193 - - [08/Jun/2025:22:41:15 -0400] "GET /manga/btooom-chapter-26/ HTTP/1.1" 200 22564 "-" "WP Rocket/Preload"
162.0.232.193 - - [08/Jun/2025:22:41:15 -0400] "GET /manga/btooom-chapter-29/ HTTP/1.1" 200 21813 "-" "WP Rocket/Preload"
162.0.232.193 - - [08/Jun/2025:22:41:16 -0400] "GET /manga/btooom-chapter-33/ HTTP/1.1" 200 23617 "-" "WP Rocket/Preload"
162.0.232.193 - - [08/Jun/2025:22:41:17 -0400] "GET /manga/btooom-chapter-52/ HTTP/1.1" 200 26799 "-" "WP Rocket/Preload"
162.0.232.193 - - [08/Jun/2025:22:41:18 -0400] "GET /manga/btooom-chapter-53/ HTTP/1.1" 200 26144 "-" "WP Rocket/Preload"
162.0.232.193 - - [08/Jun/2025:22:41:18 -0400] "GET /manga/btooom-chapter-34/ HTTP/1.1" 200 25497 "-" "WP Rocket/Preload"
162.0.232.193 - - [08/Jun/2025:22:41:19 -0400] "GET /manga/btooom-chapter-30/ HTTP/1.1" 200 21981 "-" "WP Rocket/Preload"
162.0.232.193 - - [08/Jun/2025:22:41:20 -0400] "GET /manga/btooom-chapter-31/ HTTP/1.1" 200 21896 "-" "WP Rocket/Preload"
162.0.232.193 - - [08/Jun/2025:22:41:21 -0400] "GET /manga/btooom-chapter-32/ HTTP/1.1" 200 23948 "-" "WP Rocket/Preload"
162.0.232.193 - - [08/Jun/2025:22:41:22 -0400] "GET /manga/btooom-chapter-56/ HTTP/1.1" 200 26990 "-" "WP Rocket/Preload"
162.0.232.193 - - [08/Jun/2025:22:41:22 -0400] "GET /manga/btooom-chapter-112/ HTTP/1.1" 200 27513 "-" "WP Rocket/Preload"
162.0.232.193 - - [08/Jun/2025:22:41:23 -0400] "GET /manga/btooom-chapter-35/ HTTP/1.1" 200 26740 "-" "WP Rocket/Preload"
162.0.232.193 - - [08/Jun/2025:22:41:24 -0400] "GET /manga/btooom-chapter-58/ HTTP/1.1" 200 28154 "-" "WP Rocket/Preload"
162.0.232.193 - - [08/Jun/2025:22:41:25 -0400] "GET /manga/btooom-chapter-54/ HTTP/1.1" 200 27227 "-" "WP Rocket/Preload"
162.0.232.193 - - [08/Jun/2025:22:41:26 -0400] "GET /manga/btooom-chapter-60/ HTTP/1.1" 200 26625 "-" "WP Rocket/Preload"
162.0.232.193 - - [08/Jun/2025:22:41:26 -0400] "GET /manga/btooom-chapter-61/ HTTP/1.1" 200 26787 "-" "WP Rocket/Preload"
162.0.232.193 - - [08/Jun/2025:22:41:27 -0400] "GET /manga/btooom-chapter-62/ HTTP/1.1" 200 27656 "-" "WP Rocket/Preload"
162.0.232.193 - - [08/Jun/2025:22:41:28 -0400] "GET /manga/btooom-chapter-64/ HTTP/1.1" 200 27223 "-" "WP Rocket/Preload"
2403:6200:8881:797:21f3:1bb9:df8f:a07b - - [08/Jun/2025:22:41:38 -0400] "GET /manga/btooom-chapter-79/ HTTP/1.1" 200 30063 "https://w3.readbtooom.com/manga/btooom-chapter-80/" "Mozilla/5.0 (Linux; Android 10; K) AppleWebKit/537.36 (KHTML, like Gecko) Chrome/137.0.0.0 Mobile Safari/537.36"
2403:6200:8881:797:21f3:1bb9:df8f:a07b - - [08/Jun/2025:22:41:39 -0400] "GET /manga/btooom-chapter-79/ HTTP/1.1" 304 0 "https://w3.readbtooom.com/manga/btooom-chapter-80/" "Mozilla/5.0 (Linux; Android 10; K) AppleWebKit/537.36 (KHTML, like Gecko) Chrome/137.0.0.0 Mobile Safari/537.36"
2403:6200:8881:797:21f3:1bb9:df8f:a07b - - [08/Jun/2025:22:41:40 -0400] "GET / HTTP/1.1" 200 18607 "https://w3.readbtooom.com/manga/btooom-chapter-79/" "Mozilla/5.0 (Linux; Android 10; K) AppleWebKit/537.36 (KHTML, like Gecko) Chrome/137.0.0.0 Mobile Safari/537.36"
2403:6200:8881:797:21f3:1bb9:df8f:a07b - - [08/Jun/2025:22:42:32 -0400] "GET /manga/btooom-chapter-81/ HTTP/1.1" 200 30693 "https://w3.readbtooom.com/manga/btooom-chapter-79/" "Mozilla/5.0 (Linux; Android 10; K) AppleWebKit/537.36 (KHTML, like Gecko) Chrome/137.0.0.0 Mobile Safari/537.36"
2403:6200:8881:797:21f3:1bb9:df8f:a07b - - [08/Jun/2025:22:42:33 -0400] "GET /manga/btooom-chapter-81/ HTTP/1.1" 304 0 "https://w3.readbtooom.com/manga/btooom-chapter-79/" "Mozilla/5.0 (Linux; Android 10; K) AppleWebKit/537.36 (KHTML, like Gecko) Chrome/137.0.0.0 Mobile Safari/537.36"
2403:6200:8881:797:21f3:1bb9:df8f:a07b - - [08/Jun/2025:22:43:21 -0400] "GET /tag/himiko/ HTTP/1.1" 301 0 "https://w3.readbtooom.com/manga/btooom-chapter-81/" "Mozilla/5.0 (Linux; Android 10; K) AppleWebKit/537.36 (KHTML, like Gecko) Chrome/137.0.0.0 Mobile Safari/537.36"
162.0.232.193 - - [08/Jun/2025:22:43:22 -0400] "POST /wp-cron.php?doing_wp_cron=1749437002.8135609626770019531250 HTTP/1.1" 200 0 "-" "WordPress/6.4.5; https://w3.readbtooom.com"
2403:6200:8881:797:21f3:1bb9:df8f:a07b - - [08/Jun/2025:22:43:21 -0400] "GET /manga/btooom-chapter-82/ HTTP/1.1" 200 27585 "https://w3.readbtooom.com/manga/btooom-chapter-81/" "Mozilla/5.0 (Linux; Android 10; K) AppleWebKit/537.36 (KHTML, like Gecko) Chrome/137.0.0.0 Mobile Safari/537.36"
2403:6200:8881:797:21f3:1bb9:df8f:a07b - - [08/Jun/2025:22:43:23 -0400] "GET /manga/btooom-chapter-82/ HTTP/1.1" 304 0 "https://w3.readbtooom.com/manga/btooom-chapter-81/" "Mozilla/5.0 (Linux; Android 10; K) AppleWebKit/537.36 (KHTML, like Gecko) Chrome/137.0.0.0 Mobile Safari/537.36"
162.0.232.193 - - [08/Jun/2025:22:43:23 -0400] "GET /the-world-after-the-fall/ HTTP/1.1" 200 9623 "-" "WP Rocket/Preload"
162.0.232.193 - - [08/Jun/2025:22:43:24 -0400] "GET /manga/btooom-chapter-65/ HTTP/1.1" 200 27244 "-" "WP Rocket/Preload"
162.0.232.193 - - [08/Jun/2025:22:43:25 -0400] "GET /manga/btooom-chapter-70/ HTTP/1.1" 200 27424 "-" "WP Rocket/Preload"
162.0.232.193 - - [08/Jun/2025:22:43:25 -0400] "GET /manga/btooom-chapter-66/ HTTP/1.1" 200 27156 "-" "WP Rocket/Preload"
162.0.232.193 - - [08/Jun/2025:22:43:26 -0400] "GET /manga/btooom-chapter-67/ HTTP/1.1" 200 26906 "-" "WP Rocket/Preload"
162.0.232.193 - - [08/Jun/2025:22:43:27 -0400] "GET /manga/btooom-chapter-69/ HTTP/1.1" 200 26831 "-" "WP Rocket/Preload"
162.0.232.193 - - [08/Jun/2025:22:43:28 -0400] "GET /manga/btooom-chapter-71/ HTTP/1.1" 200 26609 "-" "WP Rocket/Preload"
162.0.232.193 - - [08/Jun/2025:22:43:28 -0400] "GET /manga/btooom-chapter-51/ HTTP/1.1" 200 26488 "-" "WP Rocket/Preload"
162.0.232.193 - - [08/Jun/2025:22:43:29 -0400] "GET /manga/btooom-chapter-72/ HTTP/1.1" 200 26830 "-" "WP Rocket/Preload"
162.0.232.193 - - [08/Jun/2025:22:43:30 -0400] "GET /manga/btooom-chapter-74/ HTTP/1.1" 200 27996 "-" "WP Rocket/Preload"
162.0.232.193 - - [08/Jun/2025:22:43:31 -0400] "GET /manga/btooom-chapter-75/ HTTP/1.1" 200 26395 "-" "WP Rocket/Preload"
162.0.232.193 - - [08/Jun/2025:22:43:32 -0400] "GET /manga/btooom-chapter-36/ HTTP/1.1" 200 24170 "-" "WP Rocket/Preload"
162.0.232.193 - - [08/Jun/2025:22:43:32 -0400] "GET /manga/btooom-chapter-37/ HTTP/1.1" 200 23529 "-" "WP Rocket/Preload"
162.0.232.193 - - [08/Jun/2025:22:43:33 -0400] "GET /manga/btooom-chapter-76/ HTTP/1.1" 200 26583 "-" "WP Rocket/Preload"
162.0.232.193 - - [08/Jun/2025:22:43:34 -0400] "GET /manga/btooom-chapter-77/ HTTP/1.1" 200 26692 "-" "WP Rocket/Preload"
162.0.232.193 - - [08/Jun/2025:22:43:35 -0400] "GET /manga/btooom-chapter-96/ HTTP/1.1" 200 26595 "-" "WP Rocket/Preload"
162.0.232.193 - - [08/Jun/2025:22:43:35 -0400] "GET /manga/btooom-chapter-38/ HTTP/1.1" 200 28026 "-" "WP Rocket/Preload"
162.0.232.193 - - [08/Jun/2025:22:43:36 -0400] "GET /manga/btooom-chapter-108/ HTTP/1.1" 200 27132 "-" "WP Rocket/Preload"
162.0.232.193 - - [08/Jun/2025:22:43:37 -0400] "GET /manga/btooom-chapter-84/ HTTP/1.1" 200 26546 "-" "WP Rocket/Preload"
162.0.232.193 - - [08/Jun/2025:22:43:38 -0400] "GET /manga/btooom-chapter-85/ HTTP/1.1" 200 26629 "-" "WP Rocket/Preload"
162.0.232.193 - - [08/Jun/2025:22:43:38 -0400] "GET /manga/btooom-chapter-86/ HTTP/1.1" 200 26956 "-" "WP Rocket/Preload"
162.0.232.193 - - [08/Jun/2025:22:43:39 -0400] "GET /manga/btooom-chapter-87/ HTTP/1.1" 200 26298 "-" "WP Rocket/Preload"
162.0.232.193 - - [08/Jun/2025:22:43:40 -0400] "GET /manga/btooom-chapter-88/ HTTP/1.1" 200 26682 "-" "WP Rocket/Preload"
162.0.232.193 - - [08/Jun/2025:22:43:41 -0400] "GET /manga/btooom-chapter-89/ HTTP/1.1" 200 26476 "-" "WP Rocket/Preload"
162.0.232.193 - - [08/Jun/2025:22:43:41 -0400] "GET /manga/btooom-chapter-90/ HTTP/1.1" 200 26993 "-" "WP Rocket/Preload"
162.0.232.193 - - [08/Jun/2025:22:43:42 -0400] "GET /manga/btooom-chapter-39/ HTTP/1.1" 200 27306 "-" "WP Rocket/Preload"
162.0.232.193 - - [08/Jun/2025:22:43:43 -0400] "GET /manga/btooom-chapter-40/ HTTP/1.1" 200 26799 "-" "WP Rocket/Preload"
162.0.232.193 - - [08/Jun/2025:22:43:43 -0400] "GET /manga/btooom-chapter-91/ HTTP/1.1" 200 26549 "-" "WP Rocket/Preload"
162.0.232.193 - - [08/Jun/2025:22:43:44 -0400] "GET /manga/btooom-chapter-41/ HTTP/1.1" 200 26990 "-" "WP Rocket/Preload"
162.0.232.193 - - [08/Jun/2025:22:43:45 -0400] "GET /manga/btooom-chapter-42/ HTTP/1.1" 200 27890 "-" "WP Rocket/Preload"
162.0.232.193 - - [08/Jun/2025:22:43:46 -0400] "GET /manga/btooom-chapter-46/ HTTP/1.1" 200 27366 "-" "WP Rocket/Preload"
162.0.232.193 - - [08/Jun/2025:22:43:47 -0400] "GET /manga/btooom-chapter-43/ HTTP/1.1" 200 26675 "-" "WP Rocket/Preload"
162.0.232.193 - - [08/Jun/2025:22:43:47 -0400] "GET /manga/btooom-chapter-44/ HTTP/1.1" 200 26776 "-" "WP Rocket/Preload"
162.0.232.193 - - [08/Jun/2025:22:43:48 -0400] "GET /manga/btooom-chapter-93/ HTTP/1.1" 200 26617 "-" "WP Rocket/Preload"
162.0.232.193 - - [08/Jun/2025:22:43:49 -0400] "GET /manga/btooom-chapter-45/ HTTP/1.1" 200 26581 "-" "WP Rocket/Preload"
162.0.232.193 - - [08/Jun/2025:22:43:49 -0400] "GET /manga/btooom-chapter-94/ HTTP/1.1" 200 27592 "-" "WP Rocket/Preload"
162.0.232.193 - - [08/Jun/2025:22:43:50 -0400] "GET /manga/btooom-chapter-47/ HTTP/1.1" 200 26987 "-" "WP Rocket/Preload"
162.0.232.193 - - [08/Jun/2025:22:44:13 -0400] "POST /wp-cron.php?doing_wp_cron=1749437053.2279260158538818359375 HTTP/1.1" 200 0 "-" "WordPress/6.4.5; https://w3.readbtooom.com"
2403:6200:8881:797:21f3:1bb9:df8f:a07b - - [08/Jun/2025:22:44:13 -0400] "GET /manga/btooom-chapter-83/ HTTP/1.1" 200 26355 "https://w3.readbtooom.com/manga/btooom-chapter-82/" "Mozilla/5.0 (Linux; Android 10; K) AppleWebKit/537.36 (KHTML, like Gecko) Chrome/137.0.0.0 Mobile Safari/537.36"
162.0.232.193 - - [08/Jun/2025:22:44:13 -0400] "GET /manga/btooom-chapter-95/ HTTP/1.1" 200 27146 "-" "WP Rocket/Preload"
2403:6200:8881:797:21f3:1bb9:df8f:a07b - - [08/Jun/2025:22:44:13 -0400] "GET /manga/btooom-chapter-83/ HTTP/1.1" 304 0 "https://w3.readbtooom.com/manga/btooom-chapter-82/" "Mozilla/5.0 (Linux; Android 10; K) AppleWebKit/537.36 (KHTML, like Gecko) Chrome/137.0.0.0 Mobile Safari/537.36"
162.0.232.193 - - [08/Jun/2025:22:44:14 -0400] "GET /manga/btooom-chapter-48/ HTTP/1.1" 200 27490 "-" "WP Rocket/Preload"
162.0.232.193 - - [08/Jun/2025:22:44:15 -0400] "GET /manga/btooom-chapter-99/ HTTP/1.1" 200 26387 "-" "WP Rocket/Preload"
162.0.232.193 - - [08/Jun/2025:22:44:15 -0400] "GET /manga/btooom-chapter-100/ HTTP/1.1" 200 26617 "-" "WP Rocket/Preload"
162.0.232.193 - - [08/Jun/2025:22:44:16 -0400] "GET /manga/btooom-chapter-101/ HTTP/1.1" 200 26859 "-" "WP Rocket/Preload"
162.0.232.193 - - [08/Jun/2025:22:44:17 -0400] "GET /manga/btooom-chapter-102/ HTTP/1.1" 200 27824 "-" "WP Rocket/Preload"
162.0.232.193 - - [08/Jun/2025:22:44:18 -0400] "GET /manga/btooom-chapter-103/ HTTP/1.1" 200 26250 "-" "WP Rocket/Preload"
162.0.232.193 - - [08/Jun/2025:22:44:19 -0400] "GET /privacy-policy/ HTTP/1.1" 200 12618 "-" "WP Rocket/Preload"
162.0.232.193 - - [08/Jun/2025:22:44:19 -0400] "GET /manga/btooom-chapter-27/ HTTP/1.1" 200 21414 "-" "WP Rocket/Preload"
162.0.232.193 - - [08/Jun/2025:22:44:20 -0400] "GET /weak-hero/ HTTP/1.1" 200 9500 "-" "WP Rocket/Preload"
162.0.232.193 - - [08/Jun/2025:22:44:21 -0400] "GET /manga/btooom-chapter-107/ HTTP/1.1" 200 26768 "-" "WP Rocket/Preload"
162.0.232.193 - - [08/Jun/2025:22:44:22 -0400] "GET /manga/btooom-chapter-106/ HTTP/1.1" 200 27858 "-" "WP Rocket/Preload"
162.0.232.193 - - [08/Jun/2025:22:44:22 -0400] "GET /manga/btooom-chapter-111/ HTTP/1.1" 200 27116 "-" "WP Rocket/Preload"
162.0.232.193 - - [08/Jun/2025:22:44:23 -0400] "GET /manga/btooom-chapter-109/ HTTP/1.1" 200 28951 "-" "WP Rocket/Preload"
162.0.232.193 - - [08/Jun/2025:22:44:24 -0400] "GET /manga/btooom-chapter-110/ HTTP/1.1" 200 28624 "-" "WP Rocket/Preload"
162.0.232.193 - - [08/Jun/2025:22:44:25 -0400] "GET /category/manga/ HTTP/1.1" 200 8363 "-" "WP Rocket/Preload"
66.249.64.129 - - [08/Jun/2025:22:44:26 -0400] "GET /manga/btooom-chapter-75/ HTTP/1.1" 200 29668 "-" "Mozilla/5.0 (Linux; Android 6.0.1; Nexus 5X Build/MMB29P) AppleWebKit/537.36 (KHTML, like Gecko) Chrome/136.0.7103.113 Mobile Safari/537.36 (compatible; Googlebot/2.1; +http://www.google.com/bot.html)"
162.0.232.193 - - [08/Jun/2025:22:44:26 -0400] "GET /dmca/ HTTP/1.1" 200 10063 "-" "WP Rocket/Preload"
66.249.64.131 - - [08/Jun/2025:22:44:26 -0400] "GET /manga/btooom-chapter-42/ HTTP/1.1" 200 33077 "-" "Mozilla/5.0 (Linux; Android 6.0.1; Nexus 5X Build/MMB29P) AppleWebKit/537.36 (KHTML, like Gecko) Chrome/136.0.7103.113 Mobile Safari/537.36 (compatible; Googlebot/2.1; +http://www.google.com/bot.html)"
162.0.232.193 - - [08/Jun/2025:22:44:26 -0400] "GET /manga/btooom-chapter-14.5/ HTTP/1.1" 200 20493 "-" "WP Rocket/Preload"
162.0.232.193 - - [08/Jun/2025:22:44:27 -0400] "GET /manga/btooom-chapter-60:/ HTTP/1.1" 200 26625 "-" "WP Rocket/Preload"
162.0.232.193 - - [08/Jun/2025:22:44:28 -0400] "GET /manga/btooom-chapter-100:/ HTTP/1.1" 200 26618 "-" "WP Rocket/Preload"
162.0.232.193 - - [08/Jun/2025:22:44:29 -0400] "GET /manga/btooom-chapter-120/ HTTP/1.1" 200 28487 "-" "WP Rocket/Preload"
162.0.232.193 - - [08/Jun/2025:22:44:29 -0400] "GET /manga/btooom-chapter-113/ HTTP/1.1" 200 27602 "-" "WP Rocket/Preload"
162.0.232.193 - - [08/Jun/2025:22:44:30 -0400] "GET /manga/btooom-chapter-2/ HTTP/1.1" 200 23327 "-" "WP Rocket/Preload"
162.0.232.193 - - [08/Jun/2025:22:44:31 -0400] "GET /manga/btooom-chapter-5/ HTTP/1.1" 200 22963 "-" "WP Rocket/Preload"
162.0.232.193 - - [08/Jun/2025:22:44:32 -0400] "GET /manga/btooom-chapter-114/ HTTP/1.1" 200 28363 "-" "WP Rocket/Preload"
162.0.232.193 - - [08/Jun/2025:22:44:32 -0400] "GET /manga/btooom-chapter-95+/ HTTP/1.1" 200 27146 "-" "WP Rocket/Preload"
162.0.232.193 - - [08/Jun/2025:22:44:33 -0400] "GET /author/admin/ HTTP/1.1" 200 8346 "-" "WP Rocket/Preload"
162.0.232.193 - - [08/Jun/2025:22:44:34 -0400] "GET /the-worn-and-torn-newbie/ HTTP/1.1" 200 9536 "-" "WP Rocket/Preload"
162.0.232.193 - - [08/Jun/2025:22:44:34 -0400] "GET /manga/btooom-chapter-50/ HTTP/1.1" 200 27798 "-" "WP Rocket/Preload"
162.0.232.193 - - [08/Jun/2025:22:44:35 -0400] "GET /manga/btooom-chapter-49/ HTTP/1.1" 200 26820 "-" "WP Rocket/Preload"
162.0.232.193 - - [08/Jun/2025:22:44:36 -0400] "GET /read-manga-news/ HTTP/1.1" 200 10405 "-" "WP Rocket/Preload"
162.0.232.193 - - [08/Jun/2025:22:44:37 -0400] "GET /manga/btooom-chapter-92/ HTTP/1.1" 200 26520 "-" "WP Rocket/Preload"
162.0.232.193 - - [08/Jun/2025:22:44:38 -0400] "GET /manga/btooom-chapter-73/ HTTP/1.1" 200 26982 "-" "WP Rocket/Preload"
162.0.232.193 - - [08/Jun/2025:22:44:38 -0400] "GET /manga/btooom-chapter-68/ HTTP/1.1" 200 26812 "-" "WP Rocket/Preload"
162.0.232.193 - - [08/Jun/2025:22:44:39 -0400] "GET /manga/btooom-chapter-115/ HTTP/1.1" 200 27709 "-" "WP Rocket/Preload"
162.0.232.193 - - [08/Jun/2025:22:44:40 -0400] "GET /manga/btooom-chapter-63/ HTTP/1.1" 200 27267 "-" "WP Rocket/Preload"
2403:6200:8881:797:21f3:1bb9:df8f:a07b - - [08/Jun/2025:22:45:02 -0400] "GET /tag/masashi-miyamoto/ HTTP/1.1" 301 0 "https://w3.readbtooom.com/manga/btooom-chapter-83/" "Mozilla/5.0 (Linux; Android 10; K) AppleWebKit/537.36 (KHTML, like Gecko) Chrome/137.0.0.0 Mobile Safari/537.36"
2403:6200:8881:797:21f3:1bb9:df8f:a07b - - [08/Jun/2025:22:45:02 -0400] "GET / HTTP/1.1" 304 0 "https://w3.readbtooom.com/" "Mozilla/5.0 (Linux; Android 10; K) AppleWebKit/537.36 (KHTML, like Gecko) Chrome/137.0.0.0 Mobile Safari/537.36"
2403:6200:8881:797:21f3:1bb9:df8f:a07b - - [08/Jun/2025:22:45:04 -0400] "GET /manga/btooom-chapter-84/ HTTP/1.1" 200 30214 "https://w3.readbtooom.com/manga/btooom-chapter-83/" "Mozilla/5.0 (Linux; Android 10; K) AppleWebKit/537.36 (KHTML, like Gecko) Chrome/137.0.0.0 Mobile Safari/537.36"
2403:6200:8881:797:21f3:1bb9:df8f:a07b - - [08/Jun/2025:22:45:05 -0400] "GET /manga/btooom-chapter-84/ HTTP/1.1" 304 0 "https://w3.readbtooom.com/manga/btooom-chapter-83/" "Mozilla/5.0 (Linux; Android 10; K) AppleWebKit/537.36 (KHTML, like Gecko) Chrome/137.0.0.0 Mobile Safari/537.36"
2403:6200:8881:797:21f3:1bb9:df8f:a07b - - [08/Jun/2025:22:45:36 -0400] "GET /manga/btooom-chapter-85/ HTTP/1.1" 200 30771 "https://w3.readbtooom.com/manga/btooom-chapter-84/" "Mozilla/5.0 (Linux; Android 10; K) AppleWebKit/537.36 (KHTML, like Gecko) Chrome/137.0.0.0 Mobile Safari/537.36"
2403:6200:8881:797:21f3:1bb9:df8f:a07b - - [08/Jun/2025:22:45:36 -0400] "GET /manga/btooom-chapter-85/ HTTP/1.1" 304 0 "https://w3.readbtooom.com/manga/btooom-chapter-84/" "Mozilla/5.0 (Linux; Android 10; K) AppleWebKit/537.36 (KHTML, like Gecko) Chrome/137.0.0.0 Mobile Safari/537.36"
192.178.15.66 - - [08/Jun/2025:22:45:42 -0400] "GET /manga/btooom-chapter-85/ HTTP/1.1" 200 30771 "-" "Mozilla/5.0 (Linux; Android 7.0; SM-G930V Build/NRD90M) AppleWebKit/537.36 (KHTML, like Gecko) Chrome/59.0.3071.125 Mobile Safari/537.36 (compatible; Google-Read-Aloud; +https://support.google.com/webmasters/answer/1061943)"
192.178.15.65 - - [08/Jun/2025:22:45:42 -0400] "GET /manga/btooom-chapter-85/ HTTP/1.1" 200 30771 "-" "Mozilla/5.0 (Linux; Android 7.0; SM-G930V Build/NRD90M) AppleWebKit/537.36 (KHTML, like Gecko) Chrome/59.0.3071.125 Mobile Safari/537.36 (compatible; Google-Read-Aloud; +https://support.google.com/webmasters/answer/1061943)"
162.0.232.193 - - [08/Jun/2025:22:45:47 -0400] "POST /wp-cron.php?doing_wp_cron=1749437147.2583260536193847656250 HTTP/1.1" 200 0 "-" "WordPress/6.4.5; https://w3.readbtooom.com"
162.0.232.193 - - [08/Jun/2025:22:45:47 -0400] "GET /manga/btooom-chapter-59/ HTTP/1.1" 200 26310 "-" "WP Rocket/Preload"
35.196.79.148 - - [08/Jun/2025:22:45:47 -0400] "HEAD / HTTP/1.1" 200 0 "https://readbtooom.com/" "Mozilla/5.0 (Windows NT 10.0; Win64; x64) AppleWebKit/537.36 (KHTML, like Gecko) Chrome/74.0.3729.169 Safari/537.36"
35.196.79.148 - - [08/Jun/2025:22:45:48 -0400] "HEAD / HTTP/1.1" 200 0 "https://readbtooom.com/" "Mozilla/5.0 (Windows NT 10.0; Win64; x64) AppleWebKit/537.36 (KHTML, like Gecko) Chrome/74.0.3729.169 Safari/537.36"
162.0.232.193 - - [08/Jun/2025:22:45:48 -0400] "GET /manga/btooom-chapter-121-2/ HTTP/1.1" 200 37592 "-" "WP Rocket/Preload"
35.196.79.148 - - [08/Jun/2025:22:45:48 -0400] "HEAD / HTTP/1.1" 200 0 "https://readbtooom.com/" "Mozilla/5.0 (Windows NT 10.0; Win64; x64) AppleWebKit/537.36 (KHTML, like Gecko) Chrome/74.0.3729.169 Safari/537.36"
35.196.79.148 - - [08/Jun/2025:22:45:49 -0400] "HEAD / HTTP/1.1" 200 0 "https://readbtooom.com/" "Mozilla/5.0 (Windows NT 10.0; Win64; x64) AppleWebKit/537.36 (KHTML, like Gecko) Chrome/74.0.3729.169 Safari/537.36"
162.0.232.193 - - [08/Jun/2025:22:45:49 -0400] "GET /manga/btooom-chapter-28/ HTTP/1.1" 200 22746 "-" "WP Rocket/Preload"
35.196.79.148 - - [08/Jun/2025:22:45:49 -0400] "HEAD / HTTP/1.1" 200 0 "https://readbtooom.com/" "Mozilla/5.0 (Windows NT 10.0; Win64; x64) AppleWebKit/537.36 (KHTML, like Gecko) Chrome/74.0.3729.169 Safari/537.36"
35.196.79.148 - - [08/Jun/2025:22:45:49 -0400] "HEAD / HTTP/1.1" 200 0 "https://readbtooom.com/" "Mozilla/5.0 (Windows NT 10.0; Win64; x64) AppleWebKit/537.36 (KHTML, like Gecko) Chrome/74.0.3729.169 Safari/537.36"
162.0.232.193 - - [08/Jun/2025:22:45:50 -0400] "POST /wp-cron.php?doing_wp_cron=1749437150.0428459644317626953125 HTTP/1.1" 200 0 "-" "WordPress/6.4.5; https://w3.readbtooom.com"
2604:a880:400:d1:0:1:345e:5001 - - [08/Jun/2025:22:45:49 -0400] "POST /wp-login.php HTTP/1.1" 200 1982 "https://w3.readbtooom.com" "Mozilla/5.0 (Macintosh; Intel Mac OS X 10_15_7; rv:125.0.1) Gecko/20100101 Firefox/125.0.1"
35.196.79.148 - - [08/Jun/2025:22:45:50 -0400] "HEAD / HTTP/1.1" 200 0 "https://readbtooom.com/" "Mozilla/5.0 (Windows NT 10.0; Win64; x64) AppleWebKit/537.36 (KHTML, like Gecko) Chrome/74.0.3729.169 Safari/537.36"
35.196.79.148 - - [08/Jun/2025:22:45:50 -0400] "HEAD / HTTP/1.1" 200 0 "https://readbtooom.com/" "Mozilla/5.0 (Windows NT 10.0; Win64; x64) AppleWebKit/537.36 (KHTML, like Gecko) Chrome/74.0.3729.169 Safari/537.36"
35.196.79.148 - - [08/Jun/2025:22:45:51 -0400] "HEAD / HTTP/1.1" 200 0 "https://readbtooom.com/" "Mozilla/5.0 (Windows NT 10.0; Win64; x64) AppleWebKit/537.36 (KHTML, like Gecko) Chrome/74.0.3729.169 Safari/537.36"
2403:6200:8881:797:21f3:1bb9:df8f:a07b - - [08/Jun/2025:22:45:59 -0400] "GET /manga/btooom-chapter-86/ HTTP/1.1" 200 31870 "https://w3.readbtooom.com/manga/btooom-chapter-85/" "Mozilla/5.0 (Linux; Android 10; K) AppleWebKit/537.36 (KHTML, like Gecko) Chrome/137.0.0.0 Mobile Safari/537.36"
2403:6200:8881:797:21f3:1bb9:df8f:a07b - - [08/Jun/2025:22:46:00 -0400] "GET /manga/btooom-chapter-86/ HTTP/1.1" 304 0 "https://w3.readbtooom.com/manga/btooom-chapter-85/" "Mozilla/5.0 (Linux; Android 10; K) AppleWebKit/537.36 (KHTML, like Gecko) Chrome/137.0.0.0 Mobile Safari/537.36"
2403:6200:8881:797:21f3:1bb9:df8f:a07b - - [08/Jun/2025:22:46:07 -0400] "GET /manga/btooom-chapter-87/ HTTP/1.1" 200 30052 "https://w3.readbtooom.com/manga/btooom-chapter-86/" "Mozilla/5.0 (Linux; Android 10; K) AppleWebKit/537.36 (KHTML, like Gecko) Chrome/137.0.0.0 Mobile Safari/537.36"
2403:6200:8881:797:21f3:1bb9:df8f:a07b - - [08/Jun/2025:22:46:08 -0400] "GET /manga/btooom-chapter-87/ HTTP/1.1" 304 0 "https://w3.readbtooom.com/manga/btooom-chapter-86/" "Mozilla/5.0 (Linux; Android 10; K) AppleWebKit/537.36 (KHTML, like Gecko) Chrome/137.0.0.0 Mobile Safari/537.36"
2403:6200:8881:797:21f3:1bb9:df8f:a07b - - [08/Jun/2025:22:46:30 -0400] "GET /manga/btooom-chapter-88/ HTTP/1.1" 200 30714 "https://w3.readbtooom.com/manga/btooom-chapter-87/" "Mozilla/5.0 (Linux; Android 10; K) AppleWebKit/537.36 (KHTML, like Gecko) Chrome/137.0.0.0 Mobile Safari/537.36"
2403:6200:8881:797:21f3:1bb9:df8f:a07b - - [08/Jun/2025:22:46:31 -0400] "GET /manga/btooom-chapter-88/ HTTP/1.1" 304 0 "https://w3.readbtooom.com/manga/btooom-chapter-87/" "Mozilla/5.0 (Linux; Android 10; K) AppleWebKit/537.36 (KHTML, like Gecko) Chrome/137.0.0.0 Mobile Safari/537.36"
2403:6200:8881:797:21f3:1bb9:df8f:a07b - - [08/Jun/2025:22:47:08 -0400] "GET /manga/btooom-chapter-89/ HTTP/1.1" 200 30210 "https://w3.readbtooom.com/manga/btooom-chapter-88/" "Mozilla/5.0 (Linux; Android 10; K) AppleWebKit/537.36 (KHTML, like Gecko) Chrome/137.0.0.0 Mobile Safari/537.36"
2403:6200:8881:797:21f3:1bb9:df8f:a07b - - [08/Jun/2025:22:47:09 -0400] "GET /manga/btooom-chapter-89/ HTTP/1.1" 304 0 "https://w3.readbtooom.com/manga/btooom-chapter-88/" "Mozilla/5.0 (Linux; Android 10; K) AppleWebKit/537.36 (KHTML, like Gecko) Chrome/137.0.0.0 Mobile Safari/537.36"
49.197.156.24 - - [08/Jun/2025:22:47:27 -0400] "GET /manga/btooom-chapter-76/ HTTP/1.1" 200 29999 "https://w3.readbtooom.com/manga/btooom-chapter-75/" "Mozilla/5.0 (Android 15; Mobile; rv:139.0) Gecko/139.0 Firefox/139.0"
2403:6200:8881:797:21f3:1bb9:df8f:a07b - - [08/Jun/2025:22:47:28 -0400] "GET /manga/btooom-chapter-90/ HTTP/1.1" 200 31865 "https://w3.readbtooom.com/manga/btooom-chapter-89/" "Mozilla/5.0 (Linux; Android 10; K) AppleWebKit/537.36 (KHTML, like Gecko) Chrome/137.0.0.0 Mobile Safari/537.36"
2403:6200:8881:797:21f3:1bb9:df8f:a07b - - [08/Jun/2025:22:47:28 -0400] "GET /manga/btooom-chapter-90/ HTTP/1.1" 304 0 "https://w3.readbtooom.com/manga/btooom-chapter-89/" "Mozilla/5.0 (Linux; Android 10; K) AppleWebKit/537.36 (KHTML, like Gecko) Chrome/137.0.0.0 Mobile Safari/537.36"
162.0.232.193 - - [08/Jun/2025:22:47:29 -0400] "POST /wp-cron.php?doing_wp_cron=1749437249.4072530269622802734375 HTTP/1.1" 200 0 "-" "WordPress/6.4.5; https://w3.readbtooom.com"
49.197.156.24 - - [08/Jun/2025:22:47:28 -0400] "POST /wp-admin/admin-ajax.php HTTP/1.1" 200 69 "https://w3.readbtooom.com/manga/btooom-chapter-76/" "Mozilla/5.0 (Android 15; Mobile; rv:139.0) Gecko/139.0 Firefox/139.0"
2403:6200:8881:797:21f3:1bb9:df8f:a07b - - [08/Jun/2025:22:48:44 -0400] "GET /manga/btooom-chapter-89/ HTTP/1.1" 304 0 "https://w3.readbtooom.com/manga/btooom-chapter-90/" "Mozilla/5.0 (Linux; Android 10; K) AppleWebKit/537.36 (KHTML, like Gecko) Chrome/137.0.0.0 Mobile Safari/537.36"
2403:6200:8881:797:21f3:1bb9:df8f:a07b - - [08/Jun/2025:22:48:45 -0400] "GET /manga/btooom-chapter-91/ HTTP/1.1" 200 30892 "https://w3.readbtooom.com/manga/btooom-chapter-90/" "Mozilla/5.0 (Linux; Android 10; K) AppleWebKit/537.36 (KHTML, like Gecko) Chrome/137.0.0.0 Mobile Safari/537.36"
2403:6200:8881:797:21f3:1bb9:df8f:a07b - - [08/Jun/2025:22:48:45 -0400] "GET /manga/btooom-chapter-91/ HTTP/1.1" 304 0 "https://w3.readbtooom.com/manga/btooom-chapter-90/" "Mozilla/5.0 (Linux; Android 10; K) AppleWebKit/537.36 (KHTML, like Gecko) Chrome/137.0.0.0 Mobile Safari/537.36"
