142.181.216.44 - - [08/Jun/2025:05:44:18 -0400] "GET /manga/btooom-chapter-98/ HTTP/1.1" 200 32603 "https://w3.readbtooom.com/manga/btooom-chapter-97/" "Mozilla/5.0 (X11; Linux x86_64) AppleWebKit/537.36 (KHTML, like Gecko) Chrome/135.0.0.0 Safari/537.36"
142.181.216.44 - - [08/Jun/2025:05:44:18 -0400] "GET /manga/btooom-chapter-98/ HTTP/1.1" 304 0 "https://w3.readbtooom.com/manga/btooom-chapter-97/" "Mozilla/5.0 (X11; Linux x86_64) AppleWebKit/537.36 (KHTML, like Gecko) Chrome/135.0.0.0 Safari/537.36"
162.0.232.193 - - [08/Jun/2025:05:44:19 -0400] "POST /wp-cron.php?doing_wp_cron=1749375858.9560151100158691406250 HTTP/1.1" 200 0 "-" "WordPress/6.4.5; https://w3.readbtooom.com"
142.181.216.44 - - [08/Jun/2025:05:44:18 -0400] "POST /wp-admin/admin-ajax.php HTTP/1.1" 200 69 "https://w3.readbtooom.com/manga/btooom-chapter-98/" "Mozilla/5.0 (X11; Linux x86_64) AppleWebKit/537.36 (KHTML, like Gecko) Chrome/135.0.0.0 Safari/537.36"
142.181.216.44 - - [08/Jun/2025:05:45:38 -0400] "GET /manga/btooom-chapter-99/ HTTP/1.1" 200 29763 "https://w3.readbtooom.com/manga/btooom-chapter-98/" "Mozilla/5.0 (X11; Linux x86_64) AppleWebKit/537.36 (KHTML, like Gecko) Chrome/135.0.0.0 Safari/537.36"
142.181.216.44 - - [08/Jun/2025:05:45:38 -0400] "GET /manga/btooom-chapter-99/ HTTP/1.1" 304 0 "https://w3.readbtooom.com/manga/btooom-chapter-98/" "Mozilla/5.0 (X11; Linux x86_64) AppleWebKit/537.36 (KHTML, like Gecko) Chrome/135.0.0.0 Safari/537.36"
142.181.216.44 - - [08/Jun/2025:05:45:52 -0400] "GET /manga/btooom-chapter-100/ HTTP/1.1" 200 29997 "https://w3.readbtooom.com/manga/btooom-chapter-99/" "Mozilla/5.0 (X11; Linux x86_64) AppleWebKit/537.36 (KHTML, like Gecko) Chrome/135.0.0.0 Safari/537.36"
142.181.216.44 - - [08/Jun/2025:05:45:53 -0400] "GET /manga/btooom-chapter-100/ HTTP/1.1" 304 0 "https://w3.readbtooom.com/manga/btooom-chapter-99/" "Mozilla/5.0 (X11; Linux x86_64) AppleWebKit/537.36 (KHTML, like Gecko) Chrome/135.0.0.0 Safari/537.36"
162.0.232.193 - - [08/Jun/2025:05:45:54 -0400] "POST /wp-cron.php?doing_wp_cron=1749375954.7343699932098388671875 HTTP/1.1" 200 0 "-" "WordPress/6.4.5; https://w3.readbtooom.com"
142.181.216.44 - - [08/Jun/2025:05:45:53 -0400] "POST /wp-admin/admin-ajax.php HTTP/1.1" 200 69 "https://w3.readbtooom.com/manga/btooom-chapter-100/" "Mozilla/5.0 (X11; Linux x86_64) AppleWebKit/537.36 (KHTML, like Gecko) Chrome/135.0.0.0 Safari/537.36"
162.0.232.193 - - [08/Jun/2025:05:48:06 -0400] "POST /wp-cron.php?doing_wp_cron=1749376086.0979299545288085937500 HTTP/1.1" 200 0 "-" "WordPress/6.4.5; https://w3.readbtooom.com"
2607:fb91:1c11:d0f9:91bd:468a:aecd:c61c - - [08/Jun/2025:05:49:24 -0400] "GET /manga/btooom-chapter-75/ HTTP/1.1" 200 29669 "https://www.google.com/url?q=https://w3.readbtooom.com/manga/btooom-chapter-75/&sa=U&sqi=2&ved=2ahUKEwib3Y-DxuGNAxVEM1kFHWlyFLQQFnoECBgQAQ&zccpm=epi&usg=AOvVaw0GMw_0GBw69mZ8onT04gWP" "Mozilla/5.0 (iPhone; CPU iPhone OS 18_1_1 like Mac OS X) AppleWebKit/605.1.15 (KHTML, like Gecko) GSA/371.0.763199552 Mobile/15E148 Safari/604.1"
79.169.66.191 - - [08/Jun/2025:05:49:51 -0400] "GET /manga/btooom-chapter-17/ HTTP/1.1" 200 22529 "https://w3.readbtooom.com/manga/btooom-chapter-16/" "Mozilla/5.0 (Windows NT 10.0; Win64; x64) AppleWebKit/537.36 (KHTML, like Gecko) Chrome/137.0.0.0 Safari/537.36"
79.169.66.191 - - [08/Jun/2025:05:49:52 -0400] "GET /wp-content/plugins/widgets-on-pages/public/css/widgets-on-pages-public.css?ver=1.4.0 HTTP/1.1" 200 83 "https://w3.readbtooom.com/manga/btooom-chapter-17/" "Mozilla/5.0 (Windows NT 10.0; Win64; x64) AppleWebKit/537.36 (KHTML, like Gecko) Chrome/137.0.0.0 Safari/537.36"
79.169.66.191 - - [08/Jun/2025:05:49:52 -0400] "GET /wp-content/plugins/simple-social-buttons/assets/js/front.js?ver=5.1.1 HTTP/1.1" 200 1906 "https://w3.readbtooom.com/manga/btooom-chapter-17/" "Mozilla/5.0 (Windows NT 10.0; Win64; x64) AppleWebKit/537.36 (KHTML, like Gecko) Chrome/137.0.0.0 Safari/537.36"
79.169.66.191 - - [08/Jun/2025:05:49:52 -0400] "GET /wp-includes/js/jquery/jquery-migrate.min.js?ver=3.4.1 HTTP/1.1" 200 4678 "https://w3.readbtooom.com/manga/btooom-chapter-17/" "Mozilla/5.0 (Windows NT 10.0; Win64; x64) AppleWebKit/537.36 (KHTML, like Gecko) Chrome/137.0.0.0 Safari/537.36"
79.169.66.191 - - [08/Jun/2025:05:49:52 -0400] "GET /wp-content/themes/toivo-lite/style.css?ver=1.2.0 HTTP/1.1" 200 13718 "https://w3.readbtooom.com/manga/btooom-chapter-17/" "Mozilla/5.0 (Windows NT 10.0; Win64; x64) AppleWebKit/537.36 (KHTML, like Gecko) Chrome/137.0.0.0 Safari/537.36"
79.169.66.191 - - [08/Jun/2025:05:49:52 -0400] "GET /wp-content/themes/toivo-lite/fonts/genericons/genericons/genericons.min.css?ver=3.3 HTTP/1.1" 200 15959 "https://w3.readbtooom.com/manga/btooom-chapter-17/" "Mozilla/5.0 (Windows NT 10.0; Win64; x64) AppleWebKit/537.36 (KHTML, like Gecko) Chrome/137.0.0.0 Safari/537.36"
79.169.66.191 - - [08/Jun/2025:05:49:52 -0400] "GET /wp-includes/js/jquery/jquery.min.js?ver=3.7.1 HTTP/1.1" 200 29744 "https://w3.readbtooom.com/manga/btooom-chapter-17/" "Mozilla/5.0 (Windows NT 10.0; Win64; x64) AppleWebKit/537.36 (KHTML, like Gecko) Chrome/137.0.0.0 Safari/537.36"
79.169.66.191 - - [08/Jun/2025:05:49:52 -0400] "GET /wp-content/plugins/comic-easel/css/comiceasel.css?ver=6.4.5 HTTP/1.1" 200 1273 "https://w3.readbtooom.com/manga/btooom-chapter-17/" "Mozilla/5.0 (Windows NT 10.0; Win64; x64) AppleWebKit/537.36 (KHTML, like Gecko) Chrome/137.0.0.0 Safari/537.36"
79.169.66.191 - - [08/Jun/2025:05:49:52 -0400] "GET /wp-content/plugins/simple-social-buttons/assets/js/frontend-blocks.js?ver=5.1.1 HTTP/1.1" 200 0 "https://w3.readbtooom.com/manga/btooom-chapter-17/" "Mozilla/5.0 (Windows NT 10.0; Win64; x64) AppleWebKit/537.36 (KHTML, like Gecko) Chrome/137.0.0.0 Safari/537.36"
79.169.66.191 - - [08/Jun/2025:05:49:52 -0400] "GET /wp-includes/css/dist/block-library/style.min.css?ver=6.4.5 HTTP/1.1" 200 13600 "https://w3.readbtooom.com/manga/btooom-chapter-17/" "Mozilla/5.0 (Windows NT 10.0; Win64; x64) AppleWebKit/537.36 (KHTML, like Gecko) Chrome/137.0.0.0 Safari/537.36"
79.169.66.191 - - [08/Jun/2025:05:49:52 -0400] "GET /wp-content/plugins/simple-social-buttons/assets/css/front.css?ver=5.1.1 HTTP/1.1" 200 9767 "https://w3.readbtooom.com/manga/btooom-chapter-17/" "Mozilla/5.0 (Windows NT 10.0; Win64; x64) AppleWebKit/537.36 (KHTML, like Gecko) Chrome/137.0.0.0 Safari/537.36"
79.169.66.191 - - [08/Jun/2025:05:49:52 -0400] "GET /wp-content/themes/toivo-lite/js/responsive-nav.min.js?ver=1.2.0 HTTP/1.1" 200 2102 "https://w3.readbtooom.com/manga/btooom-chapter-17/" "Mozilla/5.0 (Windows NT 10.0; Win64; x64) AppleWebKit/537.36 (KHTML, like Gecko) Chrome/137.0.0.0 Safari/537.36"
79.169.66.191 - - [08/Jun/2025:05:49:52 -0400] "GET /wp-content/plugins/disqus-comment-system/public/js/comment_count.js?ver=3.0.23 HTTP/1.1" 200 354 "https://w3.readbtooom.com/manga/btooom-chapter-17/" "Mozilla/5.0 (Windows NT 10.0; Win64; x64) AppleWebKit/537.36 (KHTML, like Gecko) Chrome/137.0.0.0 Safari/537.36"
79.169.66.191 - - [08/Jun/2025:05:49:52 -0400] "GET /wp-content/themes/toivo-lite/js/settings.min.js?ver=1.2.0 HTTP/1.1" 200 307 "https://w3.readbtooom.com/manga/btooom-chapter-17/" "Mozilla/5.0 (Windows NT 10.0; Win64; x64) AppleWebKit/537.36 (KHTML, like Gecko) Chrome/137.0.0.0 Safari/537.36"
79.169.66.191 - - [08/Jun/2025:05:49:52 -0400] "GET /wp-content/plugins/disqus-comment-system/public/js/comment_embed.js?ver=3.0.23 HTTP/1.1" 200 442 "https://w3.readbtooom.com/manga/btooom-chapter-17/" "Mozilla/5.0 (Windows NT 10.0; Win64; x64) AppleWebKit/537.36 (KHTML, like Gecko) Chrome/137.0.0.0 Safari/537.36"
79.169.66.191 - - [08/Jun/2025:05:49:52 -0400] "GET /wp-includes/js/comment-reply.min.js?ver=6.4.5 HTTP/1.1" 200 1228 "https://w3.readbtooom.com/manga/btooom-chapter-17/" "Mozilla/5.0 (Windows NT 10.0; Win64; x64) AppleWebKit/537.36 (KHTML, like Gecko) Chrome/137.0.0.0 Safari/537.36"
79.169.66.191 - - [08/Jun/2025:05:49:52 -0400] "GET /wp-content/plugins/simple-social-buttons/assets/fonts/ssb-icon.ttf?eahqa2 HTTP/1.1" 200 6212 "https://w3.readbtooom.com/wp-content/plugins/simple-social-buttons/assets/css/front.css?ver=5.1.1" "Mozilla/5.0 (Windows NT 10.0; Win64; x64) AppleWebKit/537.36 (KHTML, like Gecko) Chrome/137.0.0.0 Safari/537.36"
79.169.66.191 - - [08/Jun/2025:05:49:52 -0400] "GET /wp-content/themes/toivo-lite/js/functions.min.js?ver=1.2.0 HTTP/1.1" 200 593 "https://w3.readbtooom.com/manga/btooom-chapter-17/" "Mozilla/5.0 (Windows NT 10.0; Win64; x64) AppleWebKit/537.36 (KHTML, like Gecko) Chrome/137.0.0.0 Safari/537.36"
79.169.66.191 - - [08/Jun/2025:05:49:52 -0400] "GET /wp-content/uploads/2021/11/btooom-lyrics-200x300.jpg HTTP/1.1" 200 19605 "https://w3.readbtooom.com/manga/btooom-chapter-17/" "Mozilla/5.0 (Windows NT 10.0; Win64; x64) AppleWebKit/537.36 (KHTML, like Gecko) Chrome/137.0.0.0 Safari/537.36"
79.169.66.191 - - [08/Jun/2025:05:49:55 -0400] "GET /wp-content/uploads/2021/11/cropped-190036-32x32.png HTTP/1.1" 200 2208 "https://w3.readbtooom.com/manga/btooom-chapter-17/" "Mozilla/5.0 (Windows NT 10.0; Win64; x64) AppleWebKit/537.36 (KHTML, like Gecko) Chrome/137.0.0.0 Safari/537.36"
162.0.232.193 - - [08/Jun/2025:05:49:58 -0400] "POST /wp-cron.php?doing_wp_cron=1749376198.1082460880279541015625 HTTP/1.1" 200 0 "-" "WordPress/6.4.5; https://w3.readbtooom.com"
2607:fb91:1c11:d0f9:91bd:468a:aecd:c61c - - [08/Jun/2025:05:50:03 -0400] "GET /manga/btooom-chapter-121-2/ HTTP/1.1" 200 49702 "https://w3.readbtooom.com/manga/btooom-chapter-75/" "Mozilla/5.0 (iPhone; CPU iPhone OS 18_1_1 like Mac OS X) AppleWebKit/605.1.15 (KHTML, like Gecko) GSA/371.0.763199552 Mobile/15E148 Safari/604.1"
2607:fb91:1c11:d0f9:91bd:468a:aecd:c61c - - [08/Jun/2025:05:50:03 -0400] "POST /wp-admin/admin-ajax.php HTTP/1.1" 200 69 "https://w3.readbtooom.com/manga/btooom-chapter-121-2/" "Mozilla/5.0 (iPhone; CPU iPhone OS 18_1_1 like Mac OS X) AppleWebKit/605.1.15 (KHTML, like Gecko) GSA/371.0.763199552 Mobile/15E148 Safari/604.1"
2a04:cec0:c019:158b:6198:2e77:2e1c:8440 - - [08/Jun/2025:05:50:49 -0400] "GET /manga/btooom-chapter-73/ HTTP/1.1" 304 0 "https://w3.readbtooom.com/manga/btooom-chapter-74/" "Mozilla/5.0 (Macintosh; Intel Mac OS X 10_15_7) AppleWebKit/537.36 (KHTML, like Gecko) Chrome/137.0.0.0 Safari/537.36"
2a04:cec0:c019:158b:6198:2e77:2e1c:8440 - - [08/Jun/2025:05:50:52 -0400] "GET /manga/btooom-chapter-75/ HTTP/1.1" 200 29669 "https://w3.readbtooom.com/manga/btooom-chapter-74/" "Mozilla/5.0 (Macintosh; Intel Mac OS X 10_15_7) AppleWebKit/537.36 (KHTML, like Gecko) Chrome/137.0.0.0 Safari/537.36"
2a04:cec0:c019:158b:6198:2e77:2e1c:8440 - - [08/Jun/2025:05:50:53 -0400] "GET /manga/btooom-chapter-75/ HTTP/1.1" 304 0 "https://w3.readbtooom.com/manga/btooom-chapter-74/" "Mozilla/5.0 (Macintosh; Intel Mac OS X 10_15_7) AppleWebKit/537.36 (KHTML, like Gecko) Chrome/137.0.0.0 Safari/537.36"
162.0.232.193 - - [08/Jun/2025:05:52:10 -0400] "POST /wp-cron.php?doing_wp_cron=1749376330.0619359016418457031250 HTTP/1.1" 200 0 "-" "WordPress/6.4.5; https://w3.readbtooom.com"
2001:41d0:203:83e2:: - - [08/Jun/2025:05:52:08 -0400] "GET /wp-login.php HTTP/1.1" 200 1848 "-" "GRequests/0.10"
2001:41d0:203:83e2:: - - [08/Jun/2025:05:52:10 -0400] "POST /wp-login.php HTTP/1.1" 200 1987 "-" "GRequests/0.10"
162.0.232.193 - - [08/Jun/2025:05:54:27 -0400] "POST /wp-cron.php?doing_wp_cron=1749376467.0151200294494628906250 HTTP/1.1" 200 0 "-" "WordPress/6.4.5; https://w3.readbtooom.com"
91.151.95.70 - - [08/Jun/2025:05:54:25 -0400] "POST /xmlrpc.php HTTP/1.1" 200 186 "https://w3.readbtooom.com" "Mozilla/5.0 (Windows NT 11.0; Win64; x64) AppleWebKit/537.36 (KHTML, like Gecko) Chrome/126.0.0.0 Safari/537.36 Edg/126.0.0.0"
91.151.95.70 - - [08/Jun/2025:05:54:28 -0400] "POST /wp-login.php HTTP/1.1" 200 1982 "https://w3.readbtooom.com" "Mozilla/5.0 (Windows NT 10.0; Win64; x64) AppleWebKit/537.36 (KHTML, like Gecko) Chrome/113.0.5672.93 Safari/537.36"
162.0.232.193 - - [08/Jun/2025:05:56:43 -0400] "POST /wp-cron.php?doing_wp_cron=1749376603.2130389213562011718750 HTTP/1.1" 200 0 "-" "WordPress/6.4.5; https://w3.readbtooom.com"
43.153.71.12 - - [08/Jun/2025:05:56:44 -0400] "GET / HTTP/1.1" 200 18608 "https://readbtooom.com/" "Mozilla/5.0 (iPhone; CPU iPhone OS 13_2_3 like Mac OS X) AppleWebKit/605.1.15 (KHTML, like Gecko) Version/13.0.3 Mobile/15E148 Safari/604.1"
162.0.232.193 - - [08/Jun/2025:05:57:57 -0400] "POST /wp-cron.php?doing_wp_cron=1749376677.3074209690093994140625 HTTP/1.1" 200 0 "-" "WordPress/6.4.5; https://w3.readbtooom.com"
162.0.232.193 - - [08/Jun/2025:06:04:53 -0400] "POST /wp-cron.php?doing_wp_cron=1749377093.7976109981536865234375 HTTP/1.1" 200 0 "-" "WordPress/6.4.5; https://w3.readbtooom.com"
37.97.245.185 - - [08/Jun/2025:06:04:52 -0400] "POST /xmlrpc.php HTTP/1.1" 200 205 "-" "Mozilla/5.0 (X11; Ubuntu; Linux x86_64; rv:85.0) Gecko/20100101 Firefox/91.0"
2a04:201:11a4:8c00:84d3:bbbb:59c1:9d75 - - [08/Jun/2025:06:05:59 -0400] "GET /manga/btooom-chapter-28/ HTTP/1.1" 200 22682 "https://www.google.com/" "Mozilla/5.0 (Windows NT 10.0; Win64; x64) AppleWebKit/537.36 (KHTML, like Gecko) Chrome/137.0.0.0 Safari/537.36"
2a04:201:11a4:8c00:84d3:bbbb:59c1:9d75 - - [08/Jun/2025:06:06:06 -0400] "GET /manga/btooom-chapter-114/ HTTP/1.1" 200 34793 "https://w3.readbtooom.com/manga/btooom-chapter-28/" "Mozilla/5.0 (Windows NT 10.0; Win64; x64) AppleWebKit/537.36 (KHTML, like Gecko) Chrome/137.0.0.0 Safari/537.36"
2a04:201:11a4:8c00:84d3:bbbb:59c1:9d75 - - [08/Jun/2025:06:06:08 -0400] "GET /manga/btooom-chapter-121/ HTTP/1.1" 200 54700 "https://w3.readbtooom.com/manga/btooom-chapter-28/" "Mozilla/5.0 (Windows NT 10.0; Win64; x64) AppleWebKit/537.36 (KHTML, like Gecko) Chrome/137.0.0.0 Safari/537.36"
2a04:201:11a4:8c00:84d3:bbbb:59c1:9d75 - - [08/Jun/2025:06:06:08 -0400] "GET /manga/btooom-chapter-121/ HTTP/1.1" 304 0 "https://w3.readbtooom.com/manga/btooom-chapter-28/" "Mozilla/5.0 (Windows NT 10.0; Win64; x64) AppleWebKit/537.36 (KHTML, like Gecko) Chrome/137.0.0.0 Safari/537.36"
162.0.232.193 - - [08/Jun/2025:06:06:08 -0400] "POST /wp-cron.php?doing_wp_cron=1749377168.8844680786132812500000 HTTP/1.1" 200 0 "-" "WordPress/6.4.5; https://w3.readbtooom.com"
2a04:201:11a4:8c00:84d3:bbbb:59c1:9d75 - - [08/Jun/2025:06:06:08 -0400] "POST /wp-admin/admin-ajax.php HTTP/1.1" 200 69 "https://w3.readbtooom.com/manga/btooom-chapter-121/" "Mozilla/5.0 (Windows NT 10.0; Win64; x64) AppleWebKit/537.36 (KHTML, like Gecko) Chrome/137.0.0.0 Safari/537.36"
2a04:201:11a4:8c00:84d3:bbbb:59c1:9d75 - - [08/Jun/2025:06:07:42 -0400] "GET /manga/btooom-chapter-120-2/ HTTP/1.1" 200 33075 "https://w3.readbtooom.com/manga/btooom-chapter-121/" "Mozilla/5.0 (Windows NT 10.0; Win64; x64) AppleWebKit/537.36 (KHTML, like Gecko) Chrome/137.0.0.0 Safari/537.36"
2a04:201:11a4:8c00:84d3:bbbb:59c1:9d75 - - [08/Jun/2025:06:07:43 -0400] "GET /manga/btooom-chapter-121-2/ HTTP/1.1" 200 49702 "https://w3.readbtooom.com/manga/btooom-chapter-121/" "Mozilla/5.0 (Windows NT 10.0; Win64; x64) AppleWebKit/537.36 (KHTML, like Gecko) Chrome/137.0.0.0 Safari/537.36"
2a04:201:11a4:8c00:84d3:bbbb:59c1:9d75 - - [08/Jun/2025:06:07:43 -0400] "GET /manga/btooom-chapter-121-2/ HTTP/1.1" 304 0 "https://w3.readbtooom.com/manga/btooom-chapter-121/" "Mozilla/5.0 (Windows NT 10.0; Win64; x64) AppleWebKit/537.36 (KHTML, like Gecko) Chrome/137.0.0.0 Safari/537.36"
162.0.232.193 - - [08/Jun/2025:06:07:45 -0400] "POST /wp-cron.php?doing_wp_cron=1749377265.3444569110870361328125 HTTP/1.1" 200 0 "-" "WordPress/6.4.5; https://w3.readbtooom.com"
2a04:201:11a4:8c00:84d3:bbbb:59c1:9d75 - - [08/Jun/2025:06:07:43 -0400] "POST /wp-admin/admin-ajax.php HTTP/1.1" 200 69 "https://w3.readbtooom.com/manga/btooom-chapter-121-2/" "Mozilla/5.0 (Windows NT 10.0; Win64; x64) AppleWebKit/537.36 (KHTML, like Gecko) Chrome/137.0.0.0 Safari/537.36"
162.0.232.193 - - [08/Jun/2025:06:08:01 -0400] "POST /wp-cron.php?doing_wp_cron=1749377281.1944789886474609375000 HTTP/1.1" 200 0 "-" "WordPress/6.4.5; https://w3.readbtooom.com"
162.0.232.193 - - [08/Jun/2025:06:09:14 -0400] "POST /wp-cron.php?doing_wp_cron=1749377354.8829779624938964843750 HTTP/1.1" 200 0 "-" "WordPress/6.4.5; https://w3.readbtooom.com"
119.28.177.175 - - [08/Jun/2025:06:10:31 -0400] "GET /manga/btooom-chapter-60/ HTTP/1.1" 200 29993 "-" "Mozilla/5.0 (iPhone; CPU iPhone OS 13_2_3 like Mac OS X) AppleWebKit/605.1.15 (KHTML, like Gecko) Version/13.0.3 Mobile/15E148 Safari/604.1"
162.0.232.193 - - [08/Jun/2025:06:10:56 -0400] "POST /wp-cron.php?doing_wp_cron=1749377456.0755510330200195312500 HTTP/1.1" 200 0 "-" "WordPress/6.4.5; https://w3.readbtooom.com"
87.250.224.246 - - [08/Jun/2025:06:10:58 -0400] "GET /robots.txt HTTP/1.1" 200 99 "-" "Mozilla/5.0 (compatible; YandexBot/3.0; +http://yandex.com/bots)"
213.180.203.158 - - [08/Jun/2025:06:10:59 -0400] "GET / HTTP/1.1" 200 18608 "-" "Mozilla/5.0 (compatible; YandexBot/3.0; +http://yandex.com/bots)"
2a04:cec0:c019:158b:2d83:7f38:606:f058 - - [08/Jun/2025:06:12:29 -0400] "GET /manga/btooom-chapter-74/ HTTP/1.1" 304 0 "https://w3.readbtooom.com/manga/btooom-chapter-75/" "Mozilla/5.0 (Macintosh; Intel Mac OS X 10_15_7) AppleWebKit/537.36 (KHTML, like Gecko) Chrome/137.0.0.0 Safari/537.36"
2a04:cec0:c019:158b:2d83:7f38:606:f058 - - [08/Jun/2025:06:12:29 -0400] "GET /tag/btooom-manga/ HTTP/1.1" 301 0 "https://w3.readbtooom.com/manga/btooom-chapter-75/" "Mozilla/5.0 (Macintosh; Intel Mac OS X 10_15_7) AppleWebKit/537.36 (KHTML, like Gecko) Chrome/137.0.0.0 Safari/537.36"
162.0.232.193 - - [08/Jun/2025:06:12:31 -0400] "POST /wp-cron.php?doing_wp_cron=1749377551.5870890617370605468750 HTTP/1.1" 200 0 "-" "WordPress/6.4.5; https://w3.readbtooom.com"
2a04:cec0:c019:158b:2d83:7f38:606:f058 - - [08/Jun/2025:06:12:31 -0400] "GET / HTTP/1.1" 304 0 "https://w3.readbtooom.com/" "Mozilla/5.0 (Macintosh; Intel Mac OS X 10_15_7) AppleWebKit/537.36 (KHTML, like Gecko) Chrome/137.0.0.0 Safari/537.36"
2a04:cec0:c019:158b:2d83:7f38:606:f058 - - [08/Jun/2025:06:12:36 -0400] "GET /manga/btooom-chapter-76/ HTTP/1.1" 200 30000 "https://w3.readbtooom.com/manga/btooom-chapter-75/" "Mozilla/5.0 (Macintosh; Intel Mac OS X 10_15_7) AppleWebKit/537.36 (KHTML, like Gecko) Chrome/137.0.0.0 Safari/537.36"
2a04:cec0:c019:158b:2d83:7f38:606:f058 - - [08/Jun/2025:06:12:36 -0400] "GET /manga/btooom-chapter-76/ HTTP/1.1" 304 0 "https://w3.readbtooom.com/manga/btooom-chapter-75/" "Mozilla/5.0 (Macintosh; Intel Mac OS X 10_15_7) AppleWebKit/537.36 (KHTML, like Gecko) Chrome/137.0.0.0 Safari/537.36"
162.0.232.193 - - [08/Jun/2025:06:12:36 -0400] "POST /wp-cron.php?doing_wp_cron=1749377556.8709731101989746093750 HTTP/1.1" 200 0 "-" "WordPress/6.4.5; https://w3.readbtooom.com"
2a04:cec0:c019:158b:2d83:7f38:606:f058 - - [08/Jun/2025:06:12:36 -0400] "POST /wp-admin/admin-ajax.php HTTP/1.1" 200 69 "https://w3.readbtooom.com/manga/btooom-chapter-76/" "Mozilla/5.0 (Macintosh; Intel Mac OS X 10_15_7) AppleWebKit/537.36 (KHTML, like Gecko) Chrome/137.0.0.0 Safari/537.36"
162.0.232.193 - - [08/Jun/2025:06:13:06 -0400] "POST /wp-cron.php?doing_wp_cron=1749377586.3582100868225097656250 HTTP/1.1" 200 0 "-" "WordPress/6.4.5; https://w3.readbtooom.com"
89.211.226.170 - - [08/Jun/2025:06:13:08 -0400] "GET /manga/btooom-chapter-75/ HTTP/1.1" 200 29669 "https://www.google.com/" "Mozilla/5.0 (Linux; Android 10; K) AppleWebKit/537.36 (KHTML, like Gecko) Chrome/137.0.0.0 Mobile Safari/537.36"
89.211.226.170 - - [08/Jun/2025:06:13:08 -0400] "GET /wp-includes/css/dist/block-library/style.min.css?ver=6.4.5 HTTP/1.1" 200 13600 "-" "Mozilla/5.0 (Linux; Android 10; K) AppleWebKit/537.36 (KHTML, like Gecko) Chrome/137.0.0.0 Mobile Safari/537.36"
89.211.226.170 - - [08/Jun/2025:06:13:08 -0400] "GET /wp-content/plugins/simple-social-buttons/assets/css/front.css?ver=5.1.1 HTTP/1.1" 200 9767 "-" "Mozilla/5.0 (Linux; Android 10; K) AppleWebKit/537.36 (KHTML, like Gecko) Chrome/137.0.0.0 Mobile Safari/537.36"
89.211.226.170 - - [08/Jun/2025:06:13:09 -0400] "GET /wp-content/plugins/widgets-on-pages/public/css/widgets-on-pages-public.css?ver=1.4.0 HTTP/1.1" 200 83 "-" "Mozilla/5.0 (Linux; Android 10; K) AppleWebKit/537.36 (KHTML, like Gecko) Chrome/137.0.0.0 Mobile Safari/537.36"
89.211.226.170 - - [08/Jun/2025:06:13:09 -0400] "GET /wp-content/plugins/comic-easel/css/comiceasel.css?ver=6.4.5 HTTP/1.1" 200 1273 "https://w3.readbtooom.com/manga/btooom-chapter-75/" "Mozilla/5.0 (Linux; Android 10; K) AppleWebKit/537.36 (KHTML, like Gecko) Chrome/137.0.0.0 Mobile Safari/537.36"
89.211.226.170 - - [08/Jun/2025:06:13:09 -0400] "GET /wp-content/plugins/simple-social-buttons/assets/js/frontend-blocks.js?ver=5.1.1 HTTP/1.1" 200 0 "https://w3.readbtooom.com/manga/btooom-chapter-75/" "Mozilla/5.0 (Linux; Android 10; K) AppleWebKit/537.36 (KHTML, like Gecko) Chrome/137.0.0.0 Mobile Safari/537.36"
89.211.226.170 - - [08/Jun/2025:06:13:09 -0400] "GET /wp-content/themes/toivo-lite/fonts/genericons/genericons/genericons.min.css?ver=3.3 HTTP/1.1" 200 15959 "https://w3.readbtooom.com/manga/btooom-chapter-75/" "Mozilla/5.0 (Linux; Android 10; K) AppleWebKit/537.36 (KHTML, like Gecko) Chrome/137.0.0.0 Mobile Safari/537.36"
89.211.226.170 - - [08/Jun/2025:06:13:09 -0400] "GET /wp-content/themes/toivo-lite/style.css?ver=1.2.0 HTTP/1.1" 200 13718 "https://w3.readbtooom.com/manga/btooom-chapter-75/" "Mozilla/5.0 (Linux; Android 10; K) AppleWebKit/537.36 (KHTML, like Gecko) Chrome/137.0.0.0 Mobile Safari/537.36"
89.211.226.170 - - [08/Jun/2025:06:13:09 -0400] "GET /wp-includes/js/jquery/jquery.min.js?ver=3.7.1 HTTP/1.1" 200 29744 "https://w3.readbtooom.com/manga/btooom-chapter-75/" "Mozilla/5.0 (Linux; Android 10; K) AppleWebKit/537.36 (KHTML, like Gecko) Chrome/137.0.0.0 Mobile Safari/537.36"
89.211.226.170 - - [08/Jun/2025:06:13:09 -0400] "GET /wp-content/plugins/simple-social-buttons/assets/js/front.js?ver=5.1.1 HTTP/1.1" 200 1906 "https://w3.readbtooom.com/manga/btooom-chapter-75/" "Mozilla/5.0 (Linux; Android 10; K) AppleWebKit/537.36 (KHTML, like Gecko) Chrome/137.0.0.0 Mobile Safari/537.36"
89.211.226.170 - - [08/Jun/2025:06:13:09 -0400] "GET /wp-includes/js/jquery/jquery-migrate.min.js?ver=3.4.1 HTTP/1.1" 200 4678 "https://w3.readbtooom.com/manga/btooom-chapter-75/" "Mozilla/5.0 (Linux; Android 10; K) AppleWebKit/537.36 (KHTML, like Gecko) Chrome/137.0.0.0 Mobile Safari/537.36"
89.211.226.170 - - [08/Jun/2025:06:13:10 -0400] "GET /wp-content/themes/toivo-lite/js/responsive-nav.min.js?ver=1.2.0 HTTP/1.1" 200 2102 "https://w3.readbtooom.com/manga/btooom-chapter-75/" "Mozilla/5.0 (Linux; Android 10; K) AppleWebKit/537.36 (KHTML, like Gecko) Chrome/137.0.0.0 Mobile Safari/537.36"
89.211.226.170 - - [08/Jun/2025:06:13:10 -0400] "GET /wp-includes/js/comment-reply.min.js?ver=6.4.5 HTTP/1.1" 200 1228 "https://w3.readbtooom.com/manga/btooom-chapter-75/" "Mozilla/5.0 (Linux; Android 10; K) AppleWebKit/537.36 (KHTML, like Gecko) Chrome/137.0.0.0 Mobile Safari/537.36"
89.211.226.170 - - [08/Jun/2025:06:13:10 -0400] "GET /wp-content/plugins/disqus-comment-system/public/js/comment_count.js?ver=3.0.23 HTTP/1.1" 200 354 "https://w3.readbtooom.com/manga/btooom-chapter-75/" "Mozilla/5.0 (Linux; Android 10; K) AppleWebKit/537.36 (KHTML, like Gecko) Chrome/137.0.0.0 Mobile Safari/537.36"
89.211.226.170 - - [08/Jun/2025:06:13:10 -0400] "GET /wp-content/themes/toivo-lite/js/functions.min.js?ver=1.2.0 HTTP/1.1" 200 593 "https://w3.readbtooom.com/manga/btooom-chapter-75/" "Mozilla/5.0 (Linux; Android 10; K) AppleWebKit/537.36 (KHTML, like Gecko) Chrome/137.0.0.0 Mobile Safari/537.36"
89.211.226.170 - - [08/Jun/2025:06:13:10 -0400] "GET /wp-content/plugins/disqus-comment-system/public/js/comment_embed.js?ver=3.0.23 HTTP/1.1" 200 442 "https://w3.readbtooom.com/manga/btooom-chapter-75/" "Mozilla/5.0 (Linux; Android 10; K) AppleWebKit/537.36 (KHTML, like Gecko) Chrome/137.0.0.0 Mobile Safari/537.36"
89.211.226.170 - - [08/Jun/2025:06:13:10 -0400] "GET /wp-content/plugins/comic-easel/js/keynav.js HTTP/1.1" 200 302 "https://w3.readbtooom.com/manga/btooom-chapter-75/" "Mozilla/5.0 (Linux; Android 10; K) AppleWebKit/537.36 (KHTML, like Gecko) Chrome/137.0.0.0 Mobile Safari/537.36"
89.211.226.170 - - [08/Jun/2025:06:13:10 -0400] "GET /wp-content/plugins/simple-social-buttons/assets/fonts/ssb-icon.ttf?eahqa2 HTTP/1.1" 200 6212 "https://w3.readbtooom.com/wp-content/plugins/simple-social-buttons/assets/css/front.css?ver=5.1.1" "Mozilla/5.0 (Linux; Android 10; K) AppleWebKit/537.36 (KHTML, like Gecko) Chrome/137.0.0.0 Mobile Safari/537.36"
89.211.226.170 - - [08/Jun/2025:06:13:10 -0400] "GET /wp-content/themes/toivo-lite/js/settings.min.js?ver=1.2.0 HTTP/1.1" 200 307 "https://w3.readbtooom.com/manga/btooom-chapter-75/" "Mozilla/5.0 (Linux; Android 10; K) AppleWebKit/537.36 (KHTML, like Gecko) Chrome/137.0.0.0 Mobile Safari/537.36"
89.211.226.170 - - [08/Jun/2025:06:13:13 -0400] "GET /wp-content/uploads/2021/11/cropped-190036-192x192.png HTTP/1.1" 200 46224 "https://w3.readbtooom.com/manga/btooom-chapter-75/" "Mozilla/5.0 (Linux; Android 10; K) AppleWebKit/537.36 (KHTML, like Gecko) Chrome/137.0.0.0 Mobile Safari/537.36"
89.211.226.170 - - [08/Jun/2025:06:13:13 -0400] "GET /wp-content/uploads/2021/11/cropped-190036-180x180.png HTTP/1.1" 200 41674 "https://w3.readbtooom.com/manga/btooom-chapter-75/" "Mozilla/5.0 (Linux; Android 10; K) AppleWebKit/537.36 (KHTML, like Gecko) Chrome/137.0.0.0 Mobile Safari/537.36"
89.211.226.170 - - [08/Jun/2025:06:13:35 -0400] "GET /wp-content/uploads/2021/11/btooom-lyrics.jpg HTTP/1.1" 200 115029 "https://w3.readbtooom.com/manga/btooom-chapter-75/" "Mozilla/5.0 (Linux; Android 10; K) AppleWebKit/537.36 (KHTML, like Gecko) Chrome/137.0.0.0 Mobile Safari/537.36"
89.211.226.170 - - [08/Jun/2025:06:13:35 -0400] "GET /manga/btooom-chapter-74/ HTTP/1.1" 200 33300 "https://w3.readbtooom.com/manga/btooom-chapter-75/" "Mozilla/5.0 (Linux; Android 10; K) AppleWebKit/537.36 (KHTML, like Gecko) Chrome/137.0.0.0 Mobile Safari/537.36"
162.0.232.193 - - [08/Jun/2025:06:13:39 -0400] "POST /wp-cron.php?doing_wp_cron=1749377619.5077071189880371093750 HTTP/1.1" 200 0 "-" "WordPress/6.4.5; https://w3.readbtooom.com"
89.211.226.170 - - [08/Jun/2025:06:13:46 -0400] "GET /wp-content/plugins/simple-social-buttons/assets/fonts/ssb-icon.woff?eahqa2 HTTP/1.1" 200 6288 "https://w3.readbtooom.com/wp-content/plugins/simple-social-buttons/assets/css/front.css?ver=5.1.1" "Mozilla/5.0 (Linux; Android 10; K) AppleWebKit/537.36 (KHTML, like Gecko) Chrome/137.0.0.0 Mobile Safari/537.36"
162.0.232.193 - - [08/Jun/2025:06:13:49 -0400] "POST /wp-cron.php?doing_wp_cron=1749377629.3328680992126464843750 HTTP/1.1" 200 0 "-" "WordPress/6.4.5; https://w3.readbtooom.com"
66.102.8.131 - - [08/Jun/2025:06:13:51 -0400] "GET /manga/btooom-chapter-75/ HTTP/1.1" 200 29669 "-" "Mozilla/5.0 (Linux; Android 7.0; SM-G930V Build/NRD90M) AppleWebKit/537.36 (KHTML, like Gecko) Chrome/59.0.3071.125 Mobile Safari/537.36 (compatible; Google-Read-Aloud; +https://support.google.com/webmasters/answer/1061943)"
66.249.93.226 - - [08/Jun/2025:06:13:51 -0400] "GET /manga/btooom-chapter-75/ HTTP/1.1" 200 29669 "-" "Mozilla/5.0 (Linux; Android 7.0; SM-G930V Build/NRD90M) AppleWebKit/537.36 (KHTML, like Gecko) Chrome/59.0.3071.125 Mobile Safari/537.36 (compatible; Google-Read-Aloud; +https://support.google.com/webmasters/answer/1061943)"
89.211.226.170 - - [08/Jun/2025:06:14:14 -0400] "GET /manga/btooom-chapter-114/ HTTP/1.1" 200 34793 "https://w1.readbtooom.com/" "Mozilla/5.0 (Linux; Android 10; K) AppleWebKit/537.36 (KHTML, like Gecko) Chrome/137.0.0.0 Mobile Safari/537.36"
89.211.226.170 - - [08/Jun/2025:06:14:15 -0400] "POST /wp-admin/admin-ajax.php HTTP/1.1" 200 69 "https://w3.readbtooom.com/manga/btooom-chapter-114/" "Mozilla/5.0 (Linux; Android 10; K) AppleWebKit/537.36 (KHTML, like Gecko) Chrome/137.0.0.0 Mobile Safari/537.36"
89.211.226.170 - - [08/Jun/2025:06:14:35 -0400] "GET /manga/btooom-chapter-113/ HTTP/1.1" 200 33866 "https://w3.readbtooom.com/manga/btooom-chapter-114/" "Mozilla/5.0 (Linux; Android 10; K) AppleWebKit/537.36 (KHTML, like Gecko) Chrome/137.0.0.0 Mobile Safari/537.36"
89.211.226.170 - - [08/Jun/2025:06:14:35 -0400] "GET /manga/btooom-chapter-113/ HTTP/1.1" 304 0 "https://w3.readbtooom.com/manga/btooom-chapter-114/" "Mozilla/5.0 (Linux; Android 10; K) AppleWebKit/537.36 (KHTML, like Gecko) Chrome/137.0.0.0 Mobile Safari/537.36"
162.0.232.193 - - [08/Jun/2025:06:14:36 -0400] "POST /wp-cron.php?doing_wp_cron=1749377676.1022410392761230468750 HTTP/1.1" 200 0 "-" "WordPress/6.4.5; https://w3.readbtooom.com"
89.211.226.170 - - [08/Jun/2025:06:14:36 -0400] "POST /wp-admin/admin-ajax.php HTTP/1.1" 200 69 "https://w3.readbtooom.com/manga/btooom-chapter-113/" "Mozilla/5.0 (Linux; Android 10; K) AppleWebKit/537.36 (KHTML, like Gecko) Chrome/137.0.0.0 Mobile Safari/537.36"
89.211.226.170 - - [08/Jun/2025:06:14:46 -0400] "GET /tag/masashi-miyamoto/ HTTP/1.1" 301 0 "https://w3.readbtooom.com/manga/btooom-chapter-113/" "Mozilla/5.0 (Linux; Android 10; K) AppleWebKit/537.36 (KHTML, like Gecko) Chrome/137.0.0.0 Mobile Safari/537.36"
89.211.226.170 - - [08/Jun/2025:06:14:47 -0400] "GET / HTTP/1.1" 200 18608 "https://w3.readbtooom.com/" "Mozilla/5.0 (Linux; Android 10; K) AppleWebKit/537.36 (KHTML, like Gecko) Chrome/137.0.0.0 Mobile Safari/537.36"
89.211.226.170 - - [08/Jun/2025:06:14:49 -0400] "GET /manga/ HTTP/1.1" 301 0 "https://w3.readbtooom.com/manga/btooom-chapter-113/" "Mozilla/5.0 (Linux; Android 10; K) AppleWebKit/537.36 (KHTML, like Gecko) Chrome/137.0.0.0 Mobile Safari/537.36"
89.211.226.170 - - [08/Jun/2025:06:14:50 -0400] "GET / HTTP/1.1" 304 0 "https://w3.readbtooom.com/" "Mozilla/5.0 (Linux; Android 10; K) AppleWebKit/537.36 (KHTML, like Gecko) Chrome/137.0.0.0 Mobile Safari/537.36"
89.211.226.170 - - [08/Jun/2025:06:14:50 -0400] "GET / HTTP/1.1" 304 0 "https://w3.readbtooom.com/" "Mozilla/5.0 (Linux; Android 10; K) AppleWebKit/537.36 (KHTML, like Gecko) Chrome/137.0.0.0 Mobile Safari/537.36"
89.211.226.170 - - [08/Jun/2025:06:14:50 -0400] "GET /wp-content/uploads/2021/11/51YmOLZ5fWL.jpg HTTP/1.1" 200 46158 "https://w3.readbtooom.com/" "Mozilla/5.0 (Linux; Android 10; K) AppleWebKit/537.36 (KHTML, like Gecko) Chrome/137.0.0.0 Mobile Safari/537.36"
89.211.226.170 - - [08/Jun/2025:06:14:50 -0400] "GET /wp-content/uploads/2021/11/45731737.jpg HTTP/1.1" 200 34289 "https://w3.readbtooom.com/" "Mozilla/5.0 (Linux; Android 10; K) AppleWebKit/537.36 (KHTML, like Gecko) Chrome/137.0.0.0 Mobile Safari/537.36"
89.211.226.170 - - [08/Jun/2025:06:14:56 -0400] "GET /manga/btooom-chapter-85/ HTTP/1.1" 200 30772 "https://w3.readbtooom.com/" "Mozilla/5.0 (Linux; Android 10; K) AppleWebKit/537.36 (KHTML, like Gecko) Chrome/137.0.0.0 Mobile Safari/537.36"
89.211.226.170 - - [08/Jun/2025:06:14:57 -0400] "GET /manga/btooom-chapter-85/ HTTP/1.1" 304 0 "https://w3.readbtooom.com/" "Mozilla/5.0 (Linux; Android 10; K) AppleWebKit/537.36 (KHTML, like Gecko) Chrome/137.0.0.0 Mobile Safari/537.36"
89.211.226.170 - - [08/Jun/2025:06:15:20 -0400] "GET /manga/btooom-chapter-51/ HTTP/1.1" 200 30217 "https://w3.readbtooom.com/" "Mozilla/5.0 (Linux; Android 10; K) AppleWebKit/537.36 (KHTML, like Gecko) Chrome/137.0.0.0 Mobile Safari/537.36"
89.211.226.170 - - [08/Jun/2025:06:15:20 -0400] "GET /manga/btooom-chapter-51/ HTTP/1.1" 304 0 "https://w3.readbtooom.com/" "Mozilla/5.0 (Linux; Android 10; K) AppleWebKit/537.36 (KHTML, like Gecko) Chrome/137.0.0.0 Mobile Safari/537.36"
89.211.226.170 - - [08/Jun/2025:06:15:36 -0400] "GET / HTTP/1.1" 304 0 "https://w3.readbtooom.com/" "Mozilla/5.0 (Linux; Android 10; K) AppleWebKit/537.36 (KHTML, like Gecko) Chrome/137.0.0.0 Mobile Safari/537.36"
89.211.226.170 - - [08/Jun/2025:06:15:38 -0400] "GET /manga/btooom-chapter-54/ HTTP/1.1" 200 31940 "https://w3.readbtooom.com/manga/btooom-chapter-51/" "Mozilla/5.0 (Linux; Android 10; K) AppleWebKit/537.36 (KHTML, like Gecko) Chrome/137.0.0.0 Mobile Safari/537.36"
89.211.226.170 - - [08/Jun/2025:06:15:39 -0400] "GET /manga/btooom-chapter-54/ HTTP/1.1" 304 0 "https://w3.readbtooom.com/manga/btooom-chapter-51/" "Mozilla/5.0 (Linux; Android 10; K) AppleWebKit/537.36 (KHTML, like Gecko) Chrome/137.0.0.0 Mobile Safari/537.36"
162.0.232.193 - - [08/Jun/2025:06:15:39 -0400] "POST /wp-cron.php?doing_wp_cron=1749377739.7797670364379882812500 HTTP/1.1" 200 0 "-" "WordPress/6.4.5; https://w3.readbtooom.com"
43.135.145.77 - - [08/Jun/2025:06:15:40 -0400] "GET / HTTP/1.1" 200 18608 "https://www.readbtooom.com/" "Mozilla/5.0 (iPhone; CPU iPhone OS 13_2_3 like Mac OS X) AppleWebKit/605.1.15 (KHTML, like Gecko) Version/13.0.3 Mobile/15E148 Safari/604.1"
89.211.226.170 - - [08/Jun/2025:06:15:58 -0400] "GET /manga/btooom-chapter-56/ HTTP/1.1" 200 30265 "https://w3.readbtooom.com/" "Mozilla/5.0 (Linux; Android 10; K) AppleWebKit/537.36 (KHTML, like Gecko) Chrome/137.0.0.0 Mobile Safari/537.36"
89.211.226.170 - - [08/Jun/2025:06:15:58 -0400] "GET /manga/btooom-chapter-56/ HTTP/1.1" 304 0 "https://w3.readbtooom.com/" "Mozilla/5.0 (Linux; Android 10; K) AppleWebKit/537.36 (KHTML, like Gecko) Chrome/137.0.0.0 Mobile Safari/537.36"
162.0.232.193 - - [08/Jun/2025:06:15:59 -0400] "POST /wp-cron.php?doing_wp_cron=1749377759.6876430511474609375000 HTTP/1.1" 200 0 "-" "WordPress/6.4.5; https://w3.readbtooom.com"
2a03:6f00:1::5c35:6025 - - [08/Jun/2025:06:15:59 -0400] "POST /xmlrpc.php HTTP/1.1" 200 186 "https://w3.readbtooom.com" "Mozilla/5.0 (Windows NT 11.0; Win64; x64; rv:126.0) Gecko/20100101 Firefox/126.0"
2a03:6f00:1::5c35:6025 - - [08/Jun/2025:06:16:00 -0400] "POST /wp-login.php HTTP/1.1" 200 1982 "https://w3.readbtooom.com" "Mozilla/5.0 (Macintosh; Intel Mac OS X 10_15_7) AppleWebKit/537.36 (KHTML, like Gecko) Chrome/116.0.5845.96 Safari/537.36"
89.211.226.170 - - [08/Jun/2025:06:16:05 -0400] "GET /manga/btooom-chapter-55/ HTTP/1.1" 200 30257 "https://w3.readbtooom.com/manga/btooom-chapter-56/" "Mozilla/5.0 (Linux; Android 10; K) AppleWebKit/537.36 (KHTML, like Gecko) Chrome/137.0.0.0 Mobile Safari/537.36"
89.211.226.170 - - [08/Jun/2025:06:16:07 -0400] "GET /manga/btooom-chapter-57/ HTTP/1.1" 200 30044 "https://w3.readbtooom.com/manga/btooom-chapter-56/" "Mozilla/5.0 (Linux; Android 10; K) AppleWebKit/537.36 (KHTML, like Gecko) Chrome/137.0.0.0 Mobile Safari/537.36"
89.211.226.170 - - [08/Jun/2025:06:16:07 -0400] "GET /manga/btooom-chapter-57/ HTTP/1.1" 304 0 "https://w3.readbtooom.com/manga/btooom-chapter-56/" "Mozilla/5.0 (Linux; Android 10; K) AppleWebKit/537.36 (KHTML, like Gecko) Chrome/137.0.0.0 Mobile Safari/537.36"
89.211.226.170 - - [08/Jun/2025:06:16:08 -0400] "POST /wp-admin/admin-ajax.php HTTP/1.1" 200 69 "https://w3.readbtooom.com/manga/btooom-chapter-57/" "Mozilla/5.0 (Linux; Android 10; K) AppleWebKit/537.36 (KHTML, like Gecko) Chrome/137.0.0.0 Mobile Safari/537.36"
89.211.226.170 - - [08/Jun/2025:06:16:20 -0400] "GET /manga/btooom-chapter-56/ HTTP/1.1" 304 0 "https://w3.readbtooom.com/manga/btooom-chapter-57/" "Mozilla/5.0 (Linux; Android 10; K) AppleWebKit/537.36 (KHTML, like Gecko) Chrome/137.0.0.0 Mobile Safari/537.36"
89.211.226.170 - - [08/Jun/2025:06:16:21 -0400] "GET /manga/btooom-chapter-58/ HTTP/1.1" 200 34805 "https://w3.readbtooom.com/manga/btooom-chapter-57/" "Mozilla/5.0 (Linux; Android 10; K) AppleWebKit/537.36 (KHTML, like Gecko) Chrome/137.0.0.0 Mobile Safari/537.36"
89.211.226.170 - - [08/Jun/2025:06:16:22 -0400] "GET /manga/btooom-chapter-58/ HTTP/1.1" 304 0 "https://w3.readbtooom.com/manga/btooom-chapter-57/" "Mozilla/5.0 (Linux; Android 10; K) AppleWebKit/537.36 (KHTML, like Gecko) Chrome/137.0.0.0 Mobile Safari/537.36"
89.211.226.170 - - [08/Jun/2025:06:16:28 -0400] "GET /manga/btooom-chapter-59/ HTTP/1.1" 200 30497 "https://w3.readbtooom.com/manga/btooom-chapter-58/" "Mozilla/5.0 (Linux; Android 10; K) AppleWebKit/537.36 (KHTML, like Gecko) Chrome/137.0.0.0 Mobile Safari/537.36"
89.211.226.170 - - [08/Jun/2025:06:17:44 -0400] "GET /manga/btooom-chapter-75/ HTTP/1.1" 200 29669 "https://www.google.com/" "Mozilla/5.0 (Linux; Android 10; K) AppleWebKit/537.36 (KHTML, like Gecko) Chrome/137.0.0.0 Mobile Safari/537.36"
89.211.226.170 - - [08/Jun/2025:06:17:51 -0400] "GET /manga/ HTTP/1.1" 301 0 "https://w3.readbtooom.com/manga/btooom-chapter-75/" "Mozilla/5.0 (Linux; Android 10; K) AppleWebKit/537.36 (KHTML, like Gecko) Chrome/137.0.0.0 Mobile Safari/537.36"
162.0.232.193 - - [08/Jun/2025:06:17:55 -0400] "POST /wp-cron.php?doing_wp_cron=1749377875.3478879928588867187500 HTTP/1.1" 200 0 "-" "WordPress/6.4.5; https://w3.readbtooom.com"
89.211.226.170 - - [08/Jun/2025:06:17:55 -0400] "GET / HTTP/1.1" 200 18608 "https://w3.readbtooom.com/" "Mozilla/5.0 (Linux; Android 10; K) AppleWebKit/537.36 (KHTML, like Gecko) Chrome/137.0.0.0 Mobile Safari/537.36"
89.211.226.170 - - [08/Jun/2025:06:17:56 -0400] "GET / HTTP/1.1" 304 0 "https://w3.readbtooom.com/" "Mozilla/5.0 (Linux; Android 10; K) AppleWebKit/537.36 (KHTML, like Gecko) Chrome/137.0.0.0 Mobile Safari/537.36"
89.211.226.170 - - [08/Jun/2025:06:18:03 -0400] "GET /manga/btooom-chapter-67/ HTTP/1.1" 200 30402 "https://w3.readbtooom.com/" "Mozilla/5.0 (Linux; Android 10; K) AppleWebKit/537.36 (KHTML, like Gecko) Chrome/137.0.0.0 Mobile Safari/537.36"
89.211.226.170 - - [08/Jun/2025:06:18:04 -0400] "GET /manga/btooom-chapter-67/ HTTP/1.1" 304 0 "https://w3.readbtooom.com/" "Mozilla/5.0 (Linux; Android 10; K) AppleWebKit/537.36 (KHTML, like Gecko) Chrome/137.0.0.0 Mobile Safari/537.36"
89.211.226.170 - - [08/Jun/2025:06:18:04 -0400] "POST /wp-admin/admin-ajax.php HTTP/1.1" 200 69 "https://w3.readbtooom.com/manga/btooom-chapter-67/" "Mozilla/5.0 (Linux; Android 10; K) AppleWebKit/537.36 (KHTML, like Gecko) Chrome/137.0.0.0 Mobile Safari/537.36"
2804:1b3:a902:10b6:48e9:697:bd6:b9a6 - - [08/Jun/2025:06:18:15 -0400] "GET /read-manga-news/ HTTP/1.1" 200 10385 "https://www.google.com/" "Mozilla/5.0 (iPhone; CPU iPhone OS 18_5_0 like Mac OS X) AppleWebKit/605.1.15 (KHTML, like Gecko) CriOS/137.0.7151.79 Mobile/15E148 Safari/604.1"
2804:1b3:a902:10b6:48e9:697:bd6:b9a6 - - [08/Jun/2025:06:18:15 -0400] "GET /wp-includes/js/wp-embed.min.js?ver=6.4.5 HTTP/1.1" 200 616 "https://w3.readbtooom.com/read-manga-news/" "Mozilla/5.0 (iPhone; CPU iPhone OS 18_5_0 like Mac OS X) AppleWebKit/605.1.15 (KHTML, like Gecko) CriOS/137.0.7151.79 Mobile/15E148 Safari/604.1"
2804:1b3:a902:10b6:48e9:697:bd6:b9a6 - - [08/Jun/2025:06:18:15 -0400] "GET /wp-content/uploads/2022/06/Read-Manga-News-1024x576.png HTTP/1.1" 200 780797 "https://w3.readbtooom.com/read-manga-news/" "Mozilla/5.0 (iPhone; CPU iPhone OS 18_5_0 like Mac OS X) AppleWebKit/605.1.15 (KHTML, like Gecko) CriOS/137.0.7151.79 Mobile/15E148 Safari/604.1"
89.211.226.170 - - [08/Jun/2025:06:18:18 -0400] "GET /manga/btooom-chapter-68/ HTTP/1.1" 200 30557 "https://w3.readbtooom.com/manga/btooom-chapter-67/" "Mozilla/5.0 (Linux; Android 10; K) AppleWebKit/537.36 (KHTML, like Gecko) Chrome/137.0.0.0 Mobile Safari/537.36"
89.211.226.170 - - [08/Jun/2025:06:18:18 -0400] "GET /manga/btooom-chapter-68/ HTTP/1.1" 304 0 "https://w3.readbtooom.com/manga/btooom-chapter-67/" "Mozilla/5.0 (Linux; Android 10; K) AppleWebKit/537.36 (KHTML, like Gecko) Chrome/137.0.0.0 Mobile Safari/537.36"
89.211.226.170 - - [08/Jun/2025:06:18:19 -0400] "POST /wp-admin/admin-ajax.php HTTP/1.1" 200 69 "https://w3.readbtooom.com/manga/btooom-chapter-68/" "Mozilla/5.0 (Linux; Android 10; K) AppleWebKit/537.36 (KHTML, like Gecko) Chrome/137.0.0.0 Mobile Safari/537.36"
2804:1b3:a902:10b6:48e9:697:bd6:b9a6 - - [08/Jun/2025:06:18:22 -0400] "GET /manga/btooom-chapter-114/ HTTP/1.1" 200 34793 "https://w3.readbtooom.com/read-manga-news/" "Mozilla/5.0 (iPhone; CPU iPhone OS 18_5_0 like Mac OS X) AppleWebKit/605.1.15 (KHTML, like Gecko) CriOS/137.0.7151.79 Mobile/15E148 Safari/604.1"
89.211.226.170 - - [08/Jun/2025:06:18:22 -0400] "GET /manga/btooom-chapter-69/ HTTP/1.1" 200 30433 "https://w3.readbtooom.com/manga/btooom-chapter-68/" "Mozilla/5.0 (Linux; Android 10; K) AppleWebKit/537.36 (KHTML, like Gecko) Chrome/137.0.0.0 Mobile Safari/537.36"
89.211.226.170 - - [08/Jun/2025:06:18:23 -0400] "GET /manga/btooom-chapter-69/ HTTP/1.1" 304 0 "https://w3.readbtooom.com/manga/btooom-chapter-68/" "Mozilla/5.0 (Linux; Android 10; K) AppleWebKit/537.36 (KHTML, like Gecko) Chrome/137.0.0.0 Mobile Safari/537.36"
2804:1b3:a902:10b6:48e9:697:bd6:b9a6 - - [08/Jun/2025:06:18:23 -0400] "POST /wp-admin/admin-ajax.php HTTP/1.1" 200 69 "https://w3.readbtooom.com/manga/btooom-chapter-114/" "Mozilla/5.0 (iPhone; CPU iPhone OS 18_5_0 like Mac OS X) AppleWebKit/605.1.15 (KHTML, like Gecko) CriOS/137.0.7151.79 Mobile/15E148 Safari/604.1"
89.211.226.170 - - [08/Jun/2025:06:18:23 -0400] "POST /wp-admin/admin-ajax.php HTTP/1.1" 200 69 "https://w3.readbtooom.com/manga/btooom-chapter-69/" "Mozilla/5.0 (Linux; Android 10; K) AppleWebKit/537.36 (KHTML, like Gecko) Chrome/137.0.0.0 Mobile Safari/537.36"
89.211.226.170 - - [08/Jun/2025:06:18:35 -0400] "GET /manga/btooom-chapter-70/ HTTP/1.1" 200 32314 "https://w3.readbtooom.com/manga/btooom-chapter-69/" "Mozilla/5.0 (Linux; Android 10; K) AppleWebKit/537.36 (KHTML, like Gecko) Chrome/137.0.0.0 Mobile Safari/537.36"
89.211.226.170 - - [08/Jun/2025:06:18:36 -0400] "GET /manga/btooom-chapter-70/ HTTP/1.1" 304 0 "https://w3.readbtooom.com/manga/btooom-chapter-69/" "Mozilla/5.0 (Linux; Android 10; K) AppleWebKit/537.36 (KHTML, like Gecko) Chrome/137.0.0.0 Mobile Safari/537.36"
162.0.232.193 - - [08/Jun/2025:06:18:37 -0400] "POST /wp-cron.php?doing_wp_cron=1749377916.9532949924468994140625 HTTP/1.1" 200 0 "-" "WordPress/6.4.5; https://w3.readbtooom.com"
89.211.226.170 - - [08/Jun/2025:06:18:36 -0400] "POST /wp-admin/admin-ajax.php HTTP/1.1" 200 69 "https://w3.readbtooom.com/manga/btooom-chapter-70/" "Mozilla/5.0 (Linux; Android 10; K) AppleWebKit/537.36 (KHTML, like Gecko) Chrome/137.0.0.0 Mobile Safari/537.36"
89.211.226.170 - - [08/Jun/2025:06:18:46 -0400] "GET /manga/btooom-chapter-82/ HTTP/1.1" 200 33562 "https://w3.readbtooom.com/" "Mozilla/5.0 (Linux; Android 10; K) AppleWebKit/537.36 (KHTML, like Gecko) Chrome/137.0.0.0 Mobile Safari/537.36"
89.211.226.170 - - [08/Jun/2025:06:18:48 -0400] "GET /manga/btooom-chapter-87/ HTTP/1.1" 200 30058 "https://w3.readbtooom.com/" "Mozilla/5.0 (Linux; Android 10; K) AppleWebKit/537.36 (KHTML, like Gecko) Chrome/137.0.0.0 Mobile Safari/537.36"
89.211.226.170 - - [08/Jun/2025:06:18:48 -0400] "GET /manga/btooom-chapter-87/ HTTP/1.1" 304 0 "https://w3.readbtooom.com/" "Mozilla/5.0 (Linux; Android 10; K) AppleWebKit/537.36 (KHTML, like Gecko) Chrome/137.0.0.0 Mobile Safari/537.36"
89.211.226.170 - - [08/Jun/2025:06:18:53 -0400] "GET /manga/btooom-chapter-88/ HTTP/1.1" 200 30714 "https://w3.readbtooom.com/manga/btooom-chapter-87/" "Mozilla/5.0 (Linux; Android 10; K) AppleWebKit/537.36 (KHTML, like Gecko) Chrome/137.0.0.0 Mobile Safari/537.36"
89.211.226.170 - - [08/Jun/2025:06:18:54 -0400] "GET /manga/btooom-chapter-88/ HTTP/1.1" 304 0 "https://w3.readbtooom.com/manga/btooom-chapter-87/" "Mozilla/5.0 (Linux; Android 10; K) AppleWebKit/537.36 (KHTML, like Gecko) Chrome/137.0.0.0 Mobile Safari/537.36"
89.211.226.170 - - [08/Jun/2025:06:19:11 -0400] "GET /tag/masashi-miyamoto/ HTTP/1.1" 301 0 "https://w3.readbtooom.com/manga/btooom-chapter-88/" "Mozilla/5.0 (Linux; Android 10; K) AppleWebKit/537.36 (KHTML, like Gecko) Chrome/137.0.0.0 Mobile Safari/537.36"
162.0.232.193 - - [08/Jun/2025:06:19:12 -0400] "POST /wp-cron.php?doing_wp_cron=1749377952.2276489734649658203125 HTTP/1.1" 200 0 "-" "WordPress/6.4.5; https://w3.readbtooom.com"
89.211.226.170 - - [08/Jun/2025:06:19:12 -0400] "GET /manga/btooom-chapter-89/ HTTP/1.1" 200 30211 "https://w3.readbtooom.com/manga/btooom-chapter-88/" "Mozilla/5.0 (Linux; Android 10; K) AppleWebKit/537.36 (KHTML, like Gecko) Chrome/137.0.0.0 Mobile Safari/537.36"
89.211.226.170 - - [08/Jun/2025:06:19:12 -0400] "GET / HTTP/1.1" 200 18608 "https://w3.readbtooom.com/" "Mozilla/5.0 (Linux; Android 10; K) AppleWebKit/537.36 (KHTML, like Gecko) Chrome/137.0.0.0 Mobile Safari/537.36"
89.211.226.170 - - [08/Jun/2025:06:19:12 -0400] "GET /manga/btooom-chapter-89/ HTTP/1.1" 304 0 "https://w3.readbtooom.com/manga/btooom-chapter-88/" "Mozilla/5.0 (Linux; Android 10; K) AppleWebKit/537.36 (KHTML, like Gecko) Chrome/137.0.0.0 Mobile Safari/537.36"
89.211.226.170 - - [08/Jun/2025:06:19:24 -0400] "GET /manga/btooom-chapter-90/ HTTP/1.1" 200 31867 "https://w3.readbtooom.com/manga/btooom-chapter-89/" "Mozilla/5.0 (Linux; Android 10; K) AppleWebKit/537.36 (KHTML, like Gecko) Chrome/137.0.0.0 Mobile Safari/537.36"
89.211.226.170 - - [08/Jun/2025:06:19:25 -0400] "GET /manga/btooom-chapter-90/ HTTP/1.1" 304 0 "https://w3.readbtooom.com/manga/btooom-chapter-89/" "Mozilla/5.0 (Linux; Android 10; K) AppleWebKit/537.36 (KHTML, like Gecko) Chrome/137.0.0.0 Mobile Safari/537.36"
89.211.226.170 - - [08/Jun/2025:06:19:40 -0400] "GET /manga/btooom-chapter-91/ HTTP/1.1" 200 30893 "https://w3.readbtooom.com/manga/btooom-chapter-90/" "Mozilla/5.0 (Linux; Android 10; K) AppleWebKit/537.36 (KHTML, like Gecko) Chrome/137.0.0.0 Mobile Safari/537.36"
89.211.226.170 - - [08/Jun/2025:06:19:41 -0400] "GET /manga/btooom-chapter-91/ HTTP/1.1" 304 0 "https://w3.readbtooom.com/manga/btooom-chapter-90/" "Mozilla/5.0 (Linux; Android 10; K) AppleWebKit/537.36 (KHTML, like Gecko) Chrome/137.0.0.0 Mobile Safari/537.36"
89.211.226.170 - - [08/Jun/2025:06:19:46 -0400] "GET /manga/btooom-chapter-92/ HTTP/1.1" 200 29237 "https://w3.readbtooom.com/manga/btooom-chapter-91/" "Mozilla/5.0 (Linux; Android 10; K) AppleWebKit/537.36 (KHTML, like Gecko) Chrome/137.0.0.0 Mobile Safari/537.36"
89.211.226.170 - - [08/Jun/2025:06:19:47 -0400] "GET /manga/btooom-chapter-92/ HTTP/1.1" 304 0 "https://w3.readbtooom.com/manga/btooom-chapter-91/" "Mozilla/5.0 (Linux; Android 10; K) AppleWebKit/537.36 (KHTML, like Gecko) Chrome/137.0.0.0 Mobile Safari/537.36"
89.211.226.170 - - [08/Jun/2025:06:19:53 -0400] "GET /manga/btooom-chapter-93/ HTTP/1.1" 200 30701 "https://w3.readbtooom.com/manga/btooom-chapter-92/" "Mozilla/5.0 (Linux; Android 10; K) AppleWebKit/537.36 (KHTML, like Gecko) Chrome/137.0.0.0 Mobile Safari/537.36"
89.211.226.170 - - [08/Jun/2025:06:19:53 -0400] "GET /manga/btooom-chapter-93/ HTTP/1.1" 304 0 "https://w3.readbtooom.com/manga/btooom-chapter-92/" "Mozilla/5.0 (Linux; Android 10; K) AppleWebKit/537.36 (KHTML, like Gecko) Chrome/137.0.0.0 Mobile Safari/537.36"
89.211.226.170 - - [08/Jun/2025:06:20:17 -0400] "GET /manga/btooom-chapter-94/ HTTP/1.1" 200 32452 "https://w3.readbtooom.com/manga/btooom-chapter-93/" "Mozilla/5.0 (Linux; Android 10; K) AppleWebKit/537.36 (KHTML, like Gecko) Chrome/137.0.0.0 Mobile Safari/537.36"
89.211.226.170 - - [08/Jun/2025:06:20:17 -0400] "GET /manga/btooom-chapter-94/ HTTP/1.1" 304 0 "https://w3.readbtooom.com/manga/btooom-chapter-93/" "Mozilla/5.0 (Linux; Android 10; K) AppleWebKit/537.36 (KHTML, like Gecko) Chrome/137.0.0.0 Mobile Safari/537.36"
162.0.232.193 - - [08/Jun/2025:06:20:18 -0400] "POST /wp-cron.php?doing_wp_cron=1749378018.7048900127410888671875 HTTP/1.1" 200 0 "-" "WordPress/6.4.5; https://w3.readbtooom.com"
89.211.226.170 - - [08/Jun/2025:06:20:18 -0400] "POST /wp-admin/admin-ajax.php HTTP/1.1" 200 69 "https://w3.readbtooom.com/manga/btooom-chapter-94/" "Mozilla/5.0 (Linux; Android 10; K) AppleWebKit/537.36 (KHTML, like Gecko) Chrome/137.0.0.0 Mobile Safari/537.36"
89.211.226.170 - - [08/Jun/2025:06:20:40 -0400] "GET /manga/btooom-chapter-95/ HTTP/1.1" 200 31812 "https://w3.readbtooom.com/manga/btooom-chapter-94/" "Mozilla/5.0 (Linux; Android 10; K) AppleWebKit/537.36 (KHTML, like Gecko) Chrome/137.0.0.0 Mobile Safari/537.36"
89.211.226.170 - - [08/Jun/2025:06:20:41 -0400] "GET /manga/btooom-chapter-95/ HTTP/1.1" 304 0 "https://w3.readbtooom.com/manga/btooom-chapter-94/" "Mozilla/5.0 (Linux; Android 10; K) AppleWebKit/537.36 (KHTML, like Gecko) Chrome/137.0.0.0 Mobile Safari/537.36"
162.0.232.193 - - [08/Jun/2025:06:20:41 -0400] "POST /wp-cron.php?doing_wp_cron=1749378041.6055359840393066406250 HTTP/1.1" 200 0 "-" "WordPress/6.4.5; https://w3.readbtooom.com"
89.211.226.170 - - [08/Jun/2025:06:20:41 -0400] "POST /wp-admin/admin-ajax.php HTTP/1.1" 200 69 "https://w3.readbtooom.com/manga/btooom-chapter-95/" "Mozilla/5.0 (Linux; Android 10; K) AppleWebKit/537.36 (KHTML, like Gecko) Chrome/137.0.0.0 Mobile Safari/537.36"
43.165.69.68 - - [08/Jun/2025:06:20:44 -0400] "GET /manga/btooom-chapter-58/ HTTP/1.1" 200 34805 "-" "Mozilla/5.0 (iPhone; CPU iPhone OS 13_2_3 like Mac OS X) AppleWebKit/605.1.15 (KHTML, like Gecko) Version/13.0.3 Mobile/15E148 Safari/604.1"
89.211.226.170 - - [08/Jun/2025:06:21:30 -0400] "GET /manga/btooom-chapter-96/ HTTP/1.1" 200 29839 "https://w3.readbtooom.com/manga/btooom-chapter-95/" "Mozilla/5.0 (Linux; Android 10; K) AppleWebKit/537.36 (KHTML, like Gecko) Chrome/137.0.0.0 Mobile Safari/537.36"
89.211.226.170 - - [08/Jun/2025:06:21:31 -0400] "GET /manga/btooom-chapter-96/ HTTP/1.1" 304 0 "https://w3.readbtooom.com/manga/btooom-chapter-95/" "Mozilla/5.0 (Linux; Android 10; K) AppleWebKit/537.36 (KHTML, like Gecko) Chrome/137.0.0.0 Mobile Safari/537.36"
162.0.232.193 - - [08/Jun/2025:06:21:32 -0400] "POST /wp-cron.php?doing_wp_cron=1749378092.1394839286804199218750 HTTP/1.1" 200 0 "-" "WordPress/6.4.5; https://w3.readbtooom.com"
89.211.226.170 - - [08/Jun/2025:06:21:31 -0400] "POST /wp-admin/admin-ajax.php HTTP/1.1" 200 69 "https://w3.readbtooom.com/manga/btooom-chapter-96/" "Mozilla/5.0 (Linux; Android 10; K) AppleWebKit/537.36 (KHTML, like Gecko) Chrome/137.0.0.0 Mobile Safari/537.36"
89.211.226.170 - - [08/Jun/2025:06:22:26 -0400] "GET /manga/btooom-chapter-97/ HTTP/1.1" 200 30626 "https://w3.readbtooom.com/manga/btooom-chapter-96/" "Mozilla/5.0 (Linux; Android 10; K) AppleWebKit/537.36 (KHTML, like Gecko) Chrome/137.0.0.0 Mobile Safari/537.36"
89.211.226.170 - - [08/Jun/2025:06:22:27 -0400] "GET /manga/btooom-chapter-97/ HTTP/1.1" 304 0 "https://w3.readbtooom.com/manga/btooom-chapter-96/" "Mozilla/5.0 (Linux; Android 10; K) AppleWebKit/537.36 (KHTML, like Gecko) Chrome/137.0.0.0 Mobile Safari/537.36"
