162.0.232.193 - - [08/Jun/2025:09:14:38 -0400] "POST /wp-cron.php?doing_wp_cron=1749388478.3509230613708496093750 HTTP/1.1" 200 0 "-" "WordPress/6.4.5; https://w3.readbtooom.com"
2601:18d:8700:45a0:8094:e2f3:3f08:4ac9 - - [08/Jun/2025:09:14:37 -0400] "POST /wp-admin/admin-ajax.php HTTP/1.1" 200 69 "https://w3.readbtooom.com/manga/btooom-chapter-34/" "Mozilla/5.0 (iPhone; CPU iPhone OS 18_5 like Mac OS X) AppleWebKit/605.1.15 (KHTML, like Gecko) Version/18.5 Mobile/15E148 Safari/604.1"
2600:4041:541f:7400:20df:1a09:ccd7:d0ec - - [08/Jun/2025:09:15:15 -0400] "GET /manga/btooom-chapter-113/ HTTP/1.1" 200 33866 "https://w3.readbtooom.com/manga/btooom-chapter-112/" "Mozilla/5.0 (iPhone; CPU iPhone OS 18_5_0 like Mac OS X) AppleWebKit/605.1.15 (KHTML, like Gecko) CriOS/137.0.7151.79 Mobile/15E148 Safari/604.1"
162.0.232.193 - - [08/Jun/2025:09:15:15 -0400] "POST /wp-cron.php?doing_wp_cron=1749388515.5655040740966796875000 HTTP/1.1" 200 0 "-" "WordPress/6.4.5; https://w3.readbtooom.com"
2600:4041:541f:7400:20df:1a09:ccd7:d0ec - - [08/Jun/2025:09:15:15 -0400] "POST /wp-admin/admin-ajax.php HTTP/1.1" 200 69 "https://w3.readbtooom.com/manga/btooom-chapter-113/" "Mozilla/5.0 (iPhone; CPU iPhone OS 18_5_0 like Mac OS X) AppleWebKit/605.1.15 (KHTML, like Gecko) CriOS/137.0.7151.79 Mobile/15E148 Safari/604.1"
2600:4041:541f:7400:20df:1a09:ccd7:d0ec - - [08/Jun/2025:09:18:07 -0400] "GET /manga/btooom-chapter-114/ HTTP/1.1" 200 34793 "https://w3.readbtooom.com/manga/btooom-chapter-113/" "Mozilla/5.0 (iPhone; CPU iPhone OS 18_5_0 like Mac OS X) AppleWebKit/605.1.15 (KHTML, like Gecko) CriOS/137.0.7151.79 Mobile/15E148 Safari/604.1"
162.0.232.193 - - [08/Jun/2025:09:18:09 -0400] "POST /wp-cron.php?doing_wp_cron=1749388689.1532599925994873046875 HTTP/1.1" 200 0 "-" "WordPress/6.4.5; https://w3.readbtooom.com"
2600:4041:541f:7400:20df:1a09:ccd7:d0ec - - [08/Jun/2025:09:18:07 -0400] "POST /wp-admin/admin-ajax.php HTTP/1.1" 200 69 "https://w3.readbtooom.com/manga/btooom-chapter-114/" "Mozilla/5.0 (iPhone; CPU iPhone OS 18_5_0 like Mac OS X) AppleWebKit/605.1.15 (KHTML, like Gecko) CriOS/137.0.7151.79 Mobile/15E148 Safari/604.1"
172.213.21.117 - - [08/Jun/2025:09:18:34 -0400] "GET /manga/btooom-chapter-75/ HTTP/1.1" 200 29669 "-" "Mozilla/5.0 AppleWebKit/537.36 (KHTML, like Gecko); compatible; ChatGPT-User/1.0; +https://openai.com/bot"
162.0.232.193 - - [08/Jun/2025:09:19:48 -0400] "POST /wp-cron.php?doing_wp_cron=1749388788.0889489650726318359375 HTTP/1.1" 200 0 "-" "WordPress/6.4.5; https://w3.readbtooom.com"
2600:4041:541f:7400:20df:1a09:ccd7:d0ec - - [08/Jun/2025:09:22:22 -0400] "GET /manga/btooom-chapter-115/ HTTP/1.1" 200 33455 "https://w3.readbtooom.com/manga/btooom-chapter-114/" "Mozilla/5.0 (iPhone; CPU iPhone OS 18_5_0 like Mac OS X) AppleWebKit/605.1.15 (KHTML, like Gecko) CriOS/137.0.7151.79 Mobile/15E148 Safari/604.1"
162.0.232.193 - - [08/Jun/2025:09:22:53 -0400] "POST /wp-cron.php?doing_wp_cron=1749388973.6824789047241210937500 HTTP/1.1" 200 0 "-" "WordPress/6.4.5; https://w3.readbtooom.com"
162.0.232.193 - - [08/Jun/2025:09:25:00 -0400] "POST /wp-cron.php?doing_wp_cron=1749389100.3360619544982910156250 HTTP/1.1" 200 0 "-" "WordPress/6.4.5; https://w3.readbtooom.com"
162.0.232.193 - - [08/Jun/2025:09:25:00 -0400] "POST /wp-cron.php?doing_wp_cron=1749389100.3482549190521240234375 HTTP/1.1" 200 0 "-" "WordPress/6.4.5; https://w3.readbtooom.com"
2600:4041:541f:7400:20df:1a09:ccd7:d0ec - - [08/Jun/2025:09:25:04 -0400] "GET /manga/btooom-chapter-116/ HTTP/1.1" 200 32785 "https://w3.readbtooom.com/manga/btooom-chapter-115/" "Mozilla/5.0 (iPhone; CPU iPhone OS 18_5_0 like Mac OS X) AppleWebKit/605.1.15 (KHTML, like Gecko) CriOS/137.0.7151.79 Mobile/15E148 Safari/604.1"
162.0.232.193 - - [08/Jun/2025:09:26:03 -0400] "POST /wp-cron.php?doing_wp_cron=1749389162.9518868923187255859375 HTTP/1.1" 200 0 "-" "WordPress/6.4.5; https://w3.readbtooom.com"
2601:18d:8700:45a0:8094:e2f3:3f08:4ac9 - - [08/Jun/2025:09:26:21 -0400] "GET /manga/btooom-chapter-35/ HTTP/1.1" 200 30198 "https://w3.readbtooom.com/manga/btooom-chapter-34/" "Mozilla/5.0 (iPhone; CPU iPhone OS 18_5 like Mac OS X) AppleWebKit/605.1.15 (KHTML, like Gecko) Version/18.5 Mobile/15E148 Safari/604.1"
2601:18d:8700:45a0:8094:e2f3:3f08:4ac9 - - [08/Jun/2025:09:26:21 -0400] "POST /wp-admin/admin-ajax.php HTTP/1.1" 200 69 "https://w3.readbtooom.com/manga/btooom-chapter-35/" "Mozilla/5.0 (iPhone; CPU iPhone OS 18_5 like Mac OS X) AppleWebKit/605.1.15 (KHTML, like Gecko) Version/18.5 Mobile/15E148 Safari/604.1"
2600:4041:541f:7400:20df:1a09:ccd7:d0ec - - [08/Jun/2025:09:26:33 -0400] "GET /manga/btooom-chapter-117/ HTTP/1.1" 200 38049 "https://w3.readbtooom.com/manga/btooom-chapter-116/" "Mozilla/5.0 (iPhone; CPU iPhone OS 18_5_0 like Mac OS X) AppleWebKit/605.1.15 (KHTML, like Gecko) CriOS/137.0.7151.79 Mobile/15E148 Safari/604.1"
2600:4041:541f:7400:20df:1a09:ccd7:d0ec - - [08/Jun/2025:09:26:33 -0400] "POST /wp-admin/admin-ajax.php HTTP/1.1" 200 69 "https://w3.readbtooom.com/manga/btooom-chapter-117/" "Mozilla/5.0 (iPhone; CPU iPhone OS 18_5_0 like Mac OS X) AppleWebKit/605.1.15 (KHTML, like Gecko) CriOS/137.0.7151.79 Mobile/15E148 Safari/604.1"
162.0.232.193 - - [08/Jun/2025:09:29:20 -0400] "POST /wp-cron.php?doing_wp_cron=1749389360.0598719120025634765625 HTTP/1.1" 200 0 "-" "WordPress/6.4.5; https://w3.readbtooom.com"
162.0.232.193 - - [08/Jun/2025:09:30:50 -0400] "POST /wp-cron.php?doing_wp_cron=1749389450.5168418884277343750000 HTTP/1.1" 200 0 "-" "WordPress/6.4.5; https://w3.readbtooom.com"
162.19.67.137 - - [08/Jun/2025:09:30:49 -0400] "POST /xmlrpc.php HTTP/1.1" 200 186 "https://w3.readbtooom.com" "Mozilla/5.0 (Windows NT 10.0; Win64; x64) AppleWebKit/537.36 (KHTML, like Gecko) Chrome/113.0.5672.126 Safari/537.36 Edg/113.0.1774.50"
162.19.67.137 - - [08/Jun/2025:09:30:51 -0400] "POST /wp-login.php HTTP/1.1" 200 1951 "https://w3.readbtooom.com" "Mozilla/5.0 (Windows NT 10.0; Win64; x64) AppleWebKit/537.36 (KHTML, like Gecko) Chrome/113.0.5672.93 Safari/537.36"
2600:4041:541f:7400:20df:1a09:ccd7:d0ec - - [08/Jun/2025:09:31:32 -0400] "GET /manga/btooom-chapter-118/ HTTP/1.1" 200 36870 "https://w3.readbtooom.com/manga/btooom-chapter-117/" "Mozilla/5.0 (iPhone; CPU iPhone OS 18_5_0 like Mac OS X) AppleWebKit/605.1.15 (KHTML, like Gecko) CriOS/137.0.7151.79 Mobile/15E148 Safari/604.1"
2600:4041:541f:7400:20df:1a09:ccd7:d0ec - - [08/Jun/2025:09:31:32 -0400] "POST /wp-admin/admin-ajax.php HTTP/1.1" 200 69 "https://w3.readbtooom.com/manga/btooom-chapter-118/" "Mozilla/5.0 (iPhone; CPU iPhone OS 18_5_0 like Mac OS X) AppleWebKit/605.1.15 (KHTML, like Gecko) CriOS/137.0.7151.79 Mobile/15E148 Safari/604.1"
2600:4041:541f:7400:20df:1a09:ccd7:d0ec - - [08/Jun/2025:09:33:07 -0400] "GET /manga/btooom-chapter-119/ HTTP/1.1" 200 33860 "https://w3.readbtooom.com/manga/btooom-chapter-118/" "Mozilla/5.0 (iPhone; CPU iPhone OS 18_5_0 like Mac OS X) AppleWebKit/605.1.15 (KHTML, like Gecko) CriOS/137.0.7151.79 Mobile/15E148 Safari/604.1"
162.0.232.193 - - [08/Jun/2025:09:33:09 -0400] "POST /wp-cron.php?doing_wp_cron=1749389589.4375069141387939453125 HTTP/1.1" 200 0 "-" "WordPress/6.4.5; https://w3.readbtooom.com"
2600:4041:541f:7400:20df:1a09:ccd7:d0ec - - [08/Jun/2025:09:33:08 -0400] "POST /wp-admin/admin-ajax.php HTTP/1.1" 200 69 "https://w3.readbtooom.com/manga/btooom-chapter-119/" "Mozilla/5.0 (iPhone; CPU iPhone OS 18_5_0 like Mac OS X) AppleWebKit/605.1.15 (KHTML, like Gecko) CriOS/137.0.7151.79 Mobile/15E148 Safari/604.1"
206.45.70.242 - - [08/Jun/2025:09:34:24 -0400] "GET /manga/btooom-chapter-1/ HTTP/1.1" 200 35121 "-" "Mozilla/5.0 (Windows NT 10.0; Win64; x64) AppleWebKit/537.36 (KHTML, like Gecko) Chrome/137.0.0.0 Safari/537.36"
206.45.70.242 - - [08/Jun/2025:09:34:24 -0400] "GET /wp-content/plugins/simple-social-buttons/assets/fonts/ssb-icon.ttf?eahqa2 HTTP/1.1" 200 6212 "https://w3.readbtooom.com/wp-content/plugins/simple-social-buttons/assets/css/front.css?ver=5.1.1" "Mozilla/5.0 (Windows NT 10.0; Win64; x64) AppleWebKit/537.36 (KHTML, like Gecko) Chrome/137.0.0.0 Safari/537.36"
2600:4041:541f:7400:20df:1a09:ccd7:d0ec - - [08/Jun/2025:09:34:30 -0400] "GET /manga/btooom-chapter-120/ HTTP/1.1" 200 35104 "https://w3.readbtooom.com/manga/btooom-chapter-119/" "Mozilla/5.0 (iPhone; CPU iPhone OS 18_5_0 like Mac OS X) AppleWebKit/605.1.15 (KHTML, like Gecko) CriOS/137.0.7151.79 Mobile/15E148 Safari/604.1"
162.0.232.193 - - [08/Jun/2025:09:34:30 -0400] "POST /wp-cron.php?doing_wp_cron=1749389670.5576179027557373046875 HTTP/1.1" 200 0 "-" "WordPress/6.4.5; https://w3.readbtooom.com"
2600:4041:541f:7400:20df:1a09:ccd7:d0ec - - [08/Jun/2025:09:34:30 -0400] "POST /wp-admin/admin-ajax.php HTTP/1.1" 200 69 "https://w3.readbtooom.com/manga/btooom-chapter-120/" "Mozilla/5.0 (iPhone; CPU iPhone OS 18_5_0 like Mac OS X) AppleWebKit/605.1.15 (KHTML, like Gecko) CriOS/137.0.7151.79 Mobile/15E148 Safari/604.1"
206.45.70.242 - - [08/Jun/2025:09:34:44 -0400] "GET /wp-content/uploads/2021/11/btooom-lyrics-200x300.jpg HTTP/1.1" 200 19605 "https://w3.readbtooom.com/manga/btooom-chapter-1/" "Mozilla/5.0 (Windows NT 10.0; Win64; x64) AppleWebKit/537.36 (KHTML, like Gecko) Chrome/137.0.0.0 Safari/537.36"
206.45.70.242 - - [08/Jun/2025:09:34:46 -0400] "GET /manga/btooom-chapter-2/ HTTP/1.1" 200 23830 "https://w3.readbtooom.com/manga/btooom-chapter-1/" "Mozilla/5.0 (Windows NT 10.0; Win64; x64) AppleWebKit/537.36 (KHTML, like Gecko) Chrome/137.0.0.0 Safari/537.36"
206.45.70.242 - - [08/Jun/2025:09:34:46 -0400] "GET /manga/btooom-chapter-2/ HTTP/1.1" 304 0 "https://w3.readbtooom.com/manga/btooom-chapter-1/" "Mozilla/5.0 (Windows NT 10.0; Win64; x64) AppleWebKit/537.36 (KHTML, like Gecko) Chrome/137.0.0.0 Safari/537.36"
223.205.229.46 - - [08/Jun/2025:09:34:49 -0400] "GET /manga/btooom-chapter-16/ HTTP/1.1" 200 22703 "https://www.google.com/" "Mozilla/5.0 (Linux; Android 10; K) AppleWebKit/537.36 (KHTML, like Gecko) Chrome/137.0.0.0 Mobile Safari/537.36"
162.0.232.193 - - [08/Jun/2025:09:35:25 -0400] "POST /wp-cron.php?doing_wp_cron=1749389725.3568370342254638671875 HTTP/1.1" 200 0 "-" "WordPress/6.4.5; https://w3.readbtooom.com"
223.205.229.46 - - [08/Jun/2025:09:35:27 -0400] "GET /wp-content/plugins/simple-social-buttons/assets/fonts/ssb-icon.woff?eahqa2 HTTP/1.1" 200 6288 "https://w3.readbtooom.com/wp-content/plugins/simple-social-buttons/assets/css/front.css?ver=5.1.1" "Mozilla/5.0 (Linux; Android 10; K) AppleWebKit/537.36 (KHTML, like Gecko) Chrome/137.0.0.0 Mobile Safari/537.36"
2601:18d:8700:45a0:8094:e2f3:3f08:4ac9 - - [08/Jun/2025:09:35:27 -0400] "GET /manga/btooom-chapter-36/ HTTP/1.1" 200 24633 "https://w3.readbtooom.com/manga/btooom-chapter-35/" "Mozilla/5.0 (iPhone; CPU iPhone OS 18_5 like Mac OS X) AppleWebKit/605.1.15 (KHTML, like Gecko) Version/18.5 Mobile/15E148 Safari/604.1"
223.205.229.46 - - [08/Jun/2025:09:35:27 -0400] "POST /wp-admin/admin-ajax.php HTTP/1.1" 200 69 "https://w1.readbtooom.com/" "Mozilla/5.0 (Linux; Android 10; K) AppleWebKit/537.36 (KHTML, like Gecko) Chrome/137.0.0.0 Mobile Safari/537.36"
2601:18d:8700:45a0:8094:e2f3:3f08:4ac9 - - [08/Jun/2025:09:35:27 -0400] "POST /wp-admin/admin-ajax.php HTTP/1.1" 200 69 "https://w3.readbtooom.com/manga/btooom-chapter-36/" "Mozilla/5.0 (iPhone; CPU iPhone OS 18_5 like Mac OS X) AppleWebKit/605.1.15 (KHTML, like Gecko) Version/18.5 Mobile/15E148 Safari/604.1"
206.45.70.242 - - [08/Jun/2025:09:36:34 -0400] "GET /manga/btooom-chapter-3/ HTTP/1.1" 200 23054 "https://w3.readbtooom.com/manga/btooom-chapter-2/" "Mozilla/5.0 (Windows NT 10.0; Win64; x64) AppleWebKit/537.36 (KHTML, like Gecko) Chrome/137.0.0.0 Safari/537.36"
206.45.70.242 - - [08/Jun/2025:09:36:35 -0400] "GET /manga/btooom-chapter-3/ HTTP/1.1" 304 0 "https://w3.readbtooom.com/manga/btooom-chapter-2/" "Mozilla/5.0 (Windows NT 10.0; Win64; x64) AppleWebKit/537.36 (KHTML, like Gecko) Chrome/137.0.0.0 Safari/537.36"
162.0.232.193 - - [08/Jun/2025:09:36:35 -0400] "POST /wp-cron.php?doing_wp_cron=1749389795.4645900726318359375000 HTTP/1.1" 200 0 "-" "WordPress/6.4.5; https://w3.readbtooom.com"
206.45.70.242 - - [08/Jun/2025:09:36:35 -0400] "POST /wp-admin/admin-ajax.php HTTP/1.1" 200 69 "https://w3.readbtooom.com/manga/btooom-chapter-3/" "Mozilla/5.0 (Windows NT 10.0; Win64; x64) AppleWebKit/537.36 (KHTML, like Gecko) Chrome/137.0.0.0 Safari/537.36"
206.45.70.242 - - [08/Jun/2025:09:36:48 -0400] "GET /manga/btooom-chapter-4/ HTTP/1.1" 200 23094 "https://w3.readbtooom.com/manga/btooom-chapter-3/" "Mozilla/5.0 (Windows NT 10.0; Win64; x64) AppleWebKit/537.36 (KHTML, like Gecko) Chrome/137.0.0.0 Safari/537.36"
206.45.70.242 - - [08/Jun/2025:09:36:49 -0400] "GET /manga/btooom-chapter-4/ HTTP/1.1" 304 0 "https://w3.readbtooom.com/manga/btooom-chapter-3/" "Mozilla/5.0 (Windows NT 10.0; Win64; x64) AppleWebKit/537.36 (KHTML, like Gecko) Chrome/137.0.0.0 Safari/537.36"
162.0.232.193 - - [08/Jun/2025:09:37:23 -0400] "POST /wp-cron.php?doing_wp_cron=1749389843.8835849761962890625000 HTTP/1.1" 200 0 "-" "WordPress/6.4.5; https://w3.readbtooom.com"
2a03:2880:f800:8:: - - [08/Jun/2025:09:37:23 -0400] "GET /sitemap.xml HTTP/1.1" 301 0 "-" "meta-externalagent/1.1 (+https://developers.facebook.com/docs/sharing/webmasters/crawler)"
2601:18d:8700:45a0:8094:e2f3:3f08:4ac9 - - [08/Jun/2025:09:37:38 -0400] "GET /manga/btooom-chapter-37/ HTTP/1.1" 200 24079 "https://w3.readbtooom.com/manga/btooom-chapter-36/" "Mozilla/5.0 (iPhone; CPU iPhone OS 18_5 like Mac OS X) AppleWebKit/605.1.15 (KHTML, like Gecko) Version/18.5 Mobile/15E148 Safari/604.1"
162.0.232.193 - - [08/Jun/2025:09:37:47 -0400] "POST /wp-cron.php?doing_wp_cron=1749389867.4806139469146728515625 HTTP/1.1" 200 0 "-" "WordPress/6.4.5; https://w3.readbtooom.com"
162.0.232.193 - - [08/Jun/2025:09:38:03 -0400] "POST /wp-cron.php?doing_wp_cron=1749389883.4064729213714599609375 HTTP/1.1" 200 0 "-" "WordPress/6.4.5; https://w3.readbtooom.com"
162.0.232.193 - - [08/Jun/2025:09:38:03 -0400] "GET / HTTP/1.1" 200 18519 "-" "WP Rocket/Preload"
2403:6200:8825:2aa:50ce:30fe:946d:df0f - - [08/Jun/2025:09:38:09 -0400] "GET /manga/btooom-chapter-16/ HTTP/1.1" 304 0 "https://www.google.com/" "Mozilla/5.0 (Linux; Android 10; K) AppleWebKit/537.36 (KHTML, like Gecko) Chrome/137.0.0.0 Mobile Safari/537.36"
184.22.234.77 - - [08/Jun/2025:09:38:18 -0400] "GET /manga/btooom-chapter-75/ HTTP/1.1" 200 29669 "https://www.google.com/" "Mozilla/5.0 (Linux; Android 10; K) AppleWebKit/537.36 (KHTML, like Gecko) Chrome/137.0.0.0 Mobile Safari/537.36"
2600:4041:541f:7400:20df:1a09:ccd7:d0ec - - [08/Jun/2025:09:38:24 -0400] "GET /manga/btooom-chapter-120-2/ HTTP/1.1" 200 33075 "https://w3.readbtooom.com/manga/btooom-chapter-120/" "Mozilla/5.0 (iPhone; CPU iPhone OS 18_5_0 like Mac OS X) AppleWebKit/605.1.15 (KHTML, like Gecko) CriOS/137.0.7151.79 Mobile/15E148 Safari/604.1"
2600:4041:541f:7400:20df:1a09:ccd7:d0ec - - [08/Jun/2025:09:38:24 -0400] "POST /wp-admin/admin-ajax.php HTTP/1.1" 200 69 "https://w3.readbtooom.com/manga/btooom-chapter-120-2/" "Mozilla/5.0 (iPhone; CPU iPhone OS 18_5_0 like Mac OS X) AppleWebKit/605.1.15 (KHTML, like Gecko) CriOS/137.0.7151.79 Mobile/15E148 Safari/604.1"
81.84.177.86 - - [08/Jun/2025:09:39:07 -0400] "GET /manga/btooom-chapter-75/ HTTP/1.1" 200 29669 "https://www.google.com/" "Mozilla/5.0 (iPhone; CPU iPhone OS 17_6_1 like Mac OS X) AppleWebKit/605.1.15 (KHTML, like Gecko) Version/17.6 Mobile/15E148 Safari/604.1"
81.84.177.86 - - [08/Jun/2025:09:39:08 -0400] "GET /wp-content/themes/toivo-lite/fonts/genericons/genericons/Genericons.svg HTTP/1.1" 200 23714 "https://w3.readbtooom.com/manga/btooom-chapter-75/" "Mozilla/5.0 (iPhone; CPU iPhone OS 17_6_1 like Mac OS X) AppleWebKit/605.1.15 (KHTML, like Gecko) Version/17.6 Mobile/15E148 Safari/604.1"
81.84.177.86 - - [08/Jun/2025:09:39:08 -0400] "GET /wp-content/plugins/simple-social-buttons/assets/fonts/ssb-icon.ttf?eahqa2 HTTP/1.1" 200 6212 "https://w3.readbtooom.com/manga/btooom-chapter-75/" "Mozilla/5.0 (iPhone; CPU iPhone OS 17_6_1 like Mac OS X) AppleWebKit/605.1.15 (KHTML, like Gecko) Version/17.6 Mobile/15E148 Safari/604.1"
81.84.177.86 - - [08/Jun/2025:09:39:10 -0400] "GET /wp-content/uploads/2021/11/cropped-190036-192x192.png HTTP/1.1" 200 46224 "https://w3.readbtooom.com/manga/btooom-chapter-75/" "Mozilla/5.0 (iPhone; CPU iPhone OS 17_6_1 like Mac OS X) AppleWebKit/605.1.15 (KHTML, like Gecko) Version/17.6 Mobile/15E148 Safari/604.1"
2600:4041:541f:7400:20df:1a09:ccd7:d0ec - - [08/Jun/2025:09:39:11 -0400] "GET /manga/btooom-chapter-121/ HTTP/1.1" 200 54700 "https://w3.readbtooom.com/manga/btooom-chapter-120-2/" "Mozilla/5.0 (iPhone; CPU iPhone OS 18_5_0 like Mac OS X) AppleWebKit/605.1.15 (KHTML, like Gecko) CriOS/137.0.7151.79 Mobile/15E148 Safari/604.1"
162.0.232.193 - - [08/Jun/2025:09:39:12 -0400] "POST /wp-cron.php?doing_wp_cron=1749389952.2451369762420654296875 HTTP/1.1" 200 0 "-" "WordPress/6.4.5; https://w3.readbtooom.com"
2600:4041:541f:7400:20df:1a09:ccd7:d0ec - - [08/Jun/2025:09:39:11 -0400] "POST /wp-admin/admin-ajax.php HTTP/1.1" 200 69 "https://w3.readbtooom.com/manga/btooom-chapter-121/" "Mozilla/5.0 (iPhone; CPU iPhone OS 18_5_0 like Mac OS X) AppleWebKit/605.1.15 (KHTML, like Gecko) CriOS/137.0.7151.79 Mobile/15E148 Safari/604.1"
2a03:2880:f800:15:: - - [08/Jun/2025:09:39:16 -0400] "GET / HTTP/1.1" 200 18608 "-" "meta-externalagent/1.1 (+https://developers.facebook.com/docs/sharing/webmasters/crawler)"
81.84.177.86 - - [08/Jun/2025:09:39:48 -0400] "GET / HTTP/1.1" 200 18608 "https://w3.readbtooom.com/manga/btooom-chapter-75/" "Mozilla/5.0 (iPhone; CPU iPhone OS 17_6_1 like Mac OS X) AppleWebKit/605.1.15 (KHTML, like Gecko) Version/17.6 Mobile/15E148 Safari/604.1"
81.84.177.86 - - [08/Jun/2025:09:39:49 -0400] "GET /wp-content/uploads/2021/11/45731737.jpg HTTP/1.1" 200 34289 "https://w3.readbtooom.com/" "Mozilla/5.0 (iPhone; CPU iPhone OS 17_6_1 like Mac OS X) AppleWebKit/605.1.15 (KHTML, like Gecko) Version/17.6 Mobile/15E148 Safari/604.1"
81.84.177.86 - - [08/Jun/2025:09:39:49 -0400] "GET /wp-content/uploads/2021/11/51YmOLZ5fWL.jpg HTTP/1.1" 200 46158 "https://w3.readbtooom.com/" "Mozilla/5.0 (iPhone; CPU iPhone OS 17_6_1 like Mac OS X) AppleWebKit/605.1.15 (KHTML, like Gecko) Version/17.6 Mobile/15E148 Safari/604.1"
81.84.177.86 - - [08/Jun/2025:09:39:55 -0400] "GET /manga/btooom-chapter-60/ HTTP/1.1" 200 29993 "https://w3.readbtooom.com/" "Mozilla/5.0 (iPhone; CPU iPhone OS 17_6_1 like Mac OS X) AppleWebKit/605.1.15 (KHTML, like Gecko) Version/17.6 Mobile/15E148 Safari/604.1"
162.0.232.193 - - [08/Jun/2025:09:39:56 -0400] "POST /wp-cron.php?doing_wp_cron=1749389996.0458281040191650390625 HTTP/1.1" 200 0 "-" "WordPress/6.4.5; https://w3.readbtooom.com"
81.84.177.86 - - [08/Jun/2025:09:39:55 -0400] "POST /wp-admin/admin-ajax.php HTTP/1.1" 200 69 "https://w3.readbtooom.com/manga/btooom-chapter-60/" "Mozilla/5.0 (iPhone; CPU iPhone OS 17_6_1 like Mac OS X) AppleWebKit/605.1.15 (KHTML, like Gecko) Version/17.6 Mobile/15E148 Safari/604.1"
81.84.177.86 - - [08/Jun/2025:09:40:26 -0400] "GET /manga/btooom-chapter-40/ HTTP/1.1" 200 30214 "https://w3.readbtooom.com/" "Mozilla/5.0 (iPhone; CPU iPhone OS 17_6_1 like Mac OS X) AppleWebKit/605.1.15 (KHTML, like Gecko) Version/17.6 Mobile/15E148 Safari/604.1"
81.84.177.86 - - [08/Jun/2025:09:40:27 -0400] "POST /wp-admin/admin-ajax.php HTTP/1.1" 200 69 "https://w3.readbtooom.com/manga/btooom-chapter-40/" "Mozilla/5.0 (iPhone; CPU iPhone OS 17_6_1 like Mac OS X) AppleWebKit/605.1.15 (KHTML, like Gecko) Version/17.6 Mobile/15E148 Safari/604.1"
2a00:f502:150:d21:c8bb:ebee:1696:49f6 - - [08/Jun/2025:09:40:46 -0400] "GET /manga/btooom-chapter-31/ HTTP/1.1" 200 22672 "https://w3.readbtooom.com/manga/btooom-chapter-30/" "Mozilla/5.0 (iPhone; CPU iPhone OS 18_5 like Mac OS X) AppleWebKit/605.1.15 (KHTML, like Gecko) Version/18.5 Mobile/15E148 Safari/604.1"
162.0.232.193 - - [08/Jun/2025:09:40:48 -0400] "POST /wp-cron.php?doing_wp_cron=1749390048.5622630119323730468750 HTTP/1.1" 200 0 "-" "WordPress/6.4.5; https://w3.readbtooom.com"
2a00:f502:150:d21:c8bb:ebee:1696:49f6 - - [08/Jun/2025:09:40:48 -0400] "POST /wp-admin/admin-ajax.php HTTP/1.1" 200 69 "https://w3.readbtooom.com/manga/btooom-chapter-31/" "Mozilla/5.0 (iPhone; CPU iPhone OS 18_5 like Mac OS X) AppleWebKit/605.1.15 (KHTML, like Gecko) Version/18.5 Mobile/15E148 Safari/604.1"
81.84.177.86 - - [08/Jun/2025:09:41:58 -0400] "GET /wp-content/uploads/2021/11/btooom-lyrics.jpg HTTP/1.1" 200 115029 "https://w3.readbtooom.com/manga/btooom-chapter-40/" "Mozilla/5.0 (iPhone; CPU iPhone OS 17_6_1 like Mac OS X) AppleWebKit/605.1.15 (KHTML, like Gecko) Version/17.6 Mobile/15E148 Safari/604.1"
81.84.177.86 - - [08/Jun/2025:09:42:03 -0400] "GET /manga/btooom-chapter-41/ HTTP/1.1" 200 31063 "https://w3.readbtooom.com/manga/btooom-chapter-40/" "Mozilla/5.0 (iPhone; CPU iPhone OS 17_6_1 like Mac OS X) AppleWebKit/605.1.15 (KHTML, like Gecko) Version/17.6 Mobile/15E148 Safari/604.1"
162.0.232.193 - - [08/Jun/2025:09:42:04 -0400] "POST /wp-cron.php?doing_wp_cron=1749390123.9611589908599853515625 HTTP/1.1" 200 0 "-" "WordPress/6.4.5; https://w3.readbtooom.com"
81.84.177.86 - - [08/Jun/2025:09:42:03 -0400] "POST /wp-admin/admin-ajax.php HTTP/1.1" 200 69 "https://w3.readbtooom.com/manga/btooom-chapter-41/" "Mozilla/5.0 (iPhone; CPU iPhone OS 17_6_1 like Mac OS X) AppleWebKit/605.1.15 (KHTML, like Gecko) Version/17.6 Mobile/15E148 Safari/604.1"
81.84.177.86 - - [08/Jun/2025:09:42:34 -0400] "GET /manga/btooom-chapter-42/ HTTP/1.1" 200 33502 "https://w3.readbtooom.com/manga/btooom-chapter-41/" "Mozilla/5.0 (iPhone; CPU iPhone OS 17_6_1 like Mac OS X) AppleWebKit/605.1.15 (KHTML, like Gecko) Version/17.6 Mobile/15E148 Safari/604.1"
81.84.177.86 - - [08/Jun/2025:09:42:35 -0400] "POST /wp-admin/admin-ajax.php HTTP/1.1" 200 69 "https://w3.readbtooom.com/manga/btooom-chapter-42/" "Mozilla/5.0 (iPhone; CPU iPhone OS 17_6_1 like Mac OS X) AppleWebKit/605.1.15 (KHTML, like Gecko) Version/17.6 Mobile/15E148 Safari/604.1"
162.0.232.193 - - [08/Jun/2025:09:43:35 -0400] "POST /wp-cron.php?doing_wp_cron=1749390215.0080230236053466796875 HTTP/1.1" 200 0 "-" "WordPress/6.4.5; https://w3.readbtooom.com"
103.167.217.137 - - [08/Jun/2025:09:43:34 -0400] "GET /wp-login.php HTTP/1.1" 200 1848 "-" "Mozilla/5.0 (X11; Ubuntu; Linux x86_64; rv:85.0) Gecko/20100101 Firefox/91.0"
103.167.217.137 - - [08/Jun/2025:09:43:35 -0400] "POST /wp-login.php HTTP/1.1" 200 2010 "-" "Mozilla/5.0 (X11; Ubuntu; Linux x86_64; rv:85.0) Gecko/20100101 Firefox/91.0"
66.249.64.130 - - [08/Jun/2025:09:45:16 -0400] "GET /manga/btooom-chapter-22/ HTTP/1.1" 200 24031 "-" "Mozilla/5.0 (Linux; Android 6.0.1; Nexus 5X Build/MMB29P) AppleWebKit/537.36 (KHTML, like Gecko) Chrome/136.0.7103.113 Mobile Safari/537.36 (compatible; Googlebot/2.1; +http://www.google.com/bot.html)"
162.0.232.193 - - [08/Jun/2025:09:45:19 -0400] "POST /wp-cron.php?doing_wp_cron=1749390318.8961460590362548828125 HTTP/1.1" 200 0 "-" "WordPress/6.4.5; https://w3.readbtooom.com"
66.249.64.130 - - [08/Jun/2025:09:45:17 -0400] "POST /wp-admin/admin-ajax.php HTTP/1.1" 200 69 "https://w3.readbtooom.com/manga/btooom-chapter-22/" "Mozilla/5.0 (Linux; Android 6.0.1; Nexus 5X Build/MMB29P) AppleWebKit/537.36 (KHTML, like Gecko) Chrome/136.0.7103.92 Mobile Safari/537.36 (compatible; Googlebot/2.1; +http://www.google.com/bot.html)"
2600:4041:541f:7400:20df:1a09:ccd7:d0ec - - [08/Jun/2025:09:45:46 -0400] "GET /manga/btooom-chapter-121-2/ HTTP/1.1" 200 49702 "https://w3.readbtooom.com/manga/btooom-chapter-121/" "Mozilla/5.0 (iPhone; CPU iPhone OS 18_5_0 like Mac OS X) AppleWebKit/605.1.15 (KHTML, like Gecko) CriOS/137.0.7151.79 Mobile/15E148 Safari/604.1"
162.0.232.193 - - [08/Jun/2025:09:45:46 -0400] "POST /wp-cron.php?doing_wp_cron=1749390346.6025741100311279296875 HTTP/1.1" 200 0 "-" "WordPress/6.4.5; https://w3.readbtooom.com"
2600:4041:541f:7400:20df:1a09:ccd7:d0ec - - [08/Jun/2025:09:45:46 -0400] "POST /wp-admin/admin-ajax.php HTTP/1.1" 200 69 "https://w3.readbtooom.com/manga/btooom-chapter-121-2/" "Mozilla/5.0 (iPhone; CPU iPhone OS 18_5_0 like Mac OS X) AppleWebKit/605.1.15 (KHTML, like Gecko) CriOS/137.0.7151.79 Mobile/15E148 Safari/604.1"
2001:44c8:6512:6efc:4485:5dff:feb7:3fae - - [08/Jun/2025:09:46:40 -0400] "GET /manga/btooom-chapter-75/ HTTP/1.1" 200 29669 "https://www.google.com/" "Mozilla/5.0 (Linux; Android 10; K) AppleWebKit/537.36 (KHTML, like Gecko) Chrome/137.0.0.0 Mobile Safari/537.36"
2001:44c8:6512:6efc:4485:5dff:feb7:3fae - - [08/Jun/2025:09:46:48 -0400] "GET /manga/btooom-chapter-121/ HTTP/1.1" 200 54700 "https://w3.readbtooom.com/manga/btooom-chapter-75/" "Mozilla/5.0 (Linux; Android 10; K) AppleWebKit/537.36 (KHTML, like Gecko) Chrome/137.0.0.0 Mobile Safari/537.36"
162.0.232.193 - - [08/Jun/2025:09:46:49 -0400] "POST /wp-cron.php?doing_wp_cron=1749390409.6231689453125000000000 HTTP/1.1" 200 0 "-" "WordPress/6.4.5; https://w3.readbtooom.com"
2001:44c8:6512:6efc:4485:5dff:feb7:3fae - - [08/Jun/2025:09:46:49 -0400] "POST /wp-admin/admin-ajax.php HTTP/1.1" 200 69 "https://w3.readbtooom.com/manga/btooom-chapter-121/" "Mozilla/5.0 (Linux; Android 10; K) AppleWebKit/537.36 (KHTML, like Gecko) Chrome/137.0.0.0 Mobile Safari/537.36"
2001:44c8:6512:6efc:4485:5dff:feb7:3fae - - [08/Jun/2025:09:47:08 -0400] "GET /wp-content/plugins/simple-social-buttons/assets/fonts/ssb-icon.woff?eahqa2 HTTP/1.1" 200 6288 "https://w3.readbtooom.com/wp-content/plugins/simple-social-buttons/assets/css/front.css?ver=5.1.1" "Mozilla/5.0 (Linux; Android 10; K) AppleWebKit/537.36 (KHTML, like Gecko) Chrome/137.0.0.0 Mobile Safari/537.36"
81.84.177.86 - - [08/Jun/2025:09:47:18 -0400] "GET /manga/btooom-chapter-46/ HTTP/1.1" 200 32730 "https://w3.readbtooom.com/manga/btooom-chapter-42/" "Mozilla/5.0 (iPhone; CPU iPhone OS 17_6_1 like Mac OS X) AppleWebKit/605.1.15 (KHTML, like Gecko) Version/17.6 Mobile/15E148 Safari/604.1"
52.156.77.158 - - [08/Jun/2025:09:47:22 -0400] "GET /robots.txt HTTP/1.1" 200 99 "-" "Mozilla/5.0 AppleWebKit/537.36 (KHTML, like Gecko); compatible; ChatGPT-User/1.0; +https://openai.com/bot"
52.156.77.158 - - [08/Jun/2025:09:47:22 -0400] "GET /manga/btooom-chapter-113/ HTTP/1.1" 200 33866 "-" "Mozilla/5.0 AppleWebKit/537.36 (KHTML, like Gecko); compatible; ChatGPT-User/1.0; +https://openai.com/bot"
162.0.232.193 - - [08/Jun/2025:09:47:44 -0400] "POST /wp-cron.php?doing_wp_cron=1749390464.8084719181060791015625 HTTP/1.1" 200 0 "-" "WordPress/6.4.5; https://w3.readbtooom.com"
81.84.177.86 - - [08/Jun/2025:09:47:44 -0400] "GET /?s=48 HTTP/1.1" 200 25001 "https://w3.readbtooom.com/manga/btooom-chapter-46/" "Mozilla/5.0 (iPhone; CPU iPhone OS 17_6_1 like Mac OS X) AppleWebKit/605.1.15 (KHTML, like Gecko) Version/17.6 Mobile/15E148 Safari/604.1"
162.0.232.193 - - [08/Jun/2025:09:47:52 -0400] "POST /wp-cron.php?doing_wp_cron=1749390472.0674219131469726562500 HTTP/1.1" 200 0 "-" "WordPress/6.4.5; https://w3.readbtooom.com"
81.84.177.86 - - [08/Jun/2025:09:47:51 -0400] "GET /page/11/?s=48 HTTP/1.1" 200 21504 "https://w3.readbtooom.com/?s=48" "Mozilla/5.0 (iPhone; CPU iPhone OS 17_6_1 like Mac OS X) AppleWebKit/605.1.15 (KHTML, like Gecko) Version/17.6 Mobile/15E148 Safari/604.1"
81.84.177.86 - - [08/Jun/2025:09:47:57 -0400] "GET /?s=48 HTTP/1.1" 200 24998 "https://w3.readbtooom.com/page/11/?s=48" "Mozilla/5.0 (iPhone; CPU iPhone OS 17_6_1 like Mac OS X) AppleWebKit/605.1.15 (KHTML, like Gecko) Version/17.6 Mobile/15E148 Safari/604.1"
81.84.177.86 - - [08/Jun/2025:09:48:05 -0400] "GET / HTTP/1.1" 304 0 "https://w3.readbtooom.com/?s=48" "Mozilla/5.0 (iPhone; CPU iPhone OS 17_6_1 like Mac OS X) AppleWebKit/605.1.15 (KHTML, like Gecko) Version/17.6 Mobile/15E148 Safari/604.1"
2001:16a2:7a48:e900:e12e:ca8f:c0f2:526b - - [08/Jun/2025:09:48:13 -0400] "GET /manga/btooom-chapter-75/ HTTP/1.1" 200 29669 "https://www.google.com/" "Mozilla/5.0 (Linux; Android 10; K) AppleWebKit/537.36 (KHTML, like Gecko) Chrome/137.0.0.0 Mobile Safari/537.36"
81.84.177.86 - - [08/Jun/2025:09:48:13 -0400] "GET /manga/btooom-chapter-54/ HTTP/1.1" 200 31940 "https://w3.readbtooom.com/" "Mozilla/5.0 (iPhone; CPU iPhone OS 17_6_1 like Mac OS X) AppleWebKit/605.1.15 (KHTML, like Gecko) Version/17.6 Mobile/15E148 Safari/604.1"
2001:16a2:7a48:e900:e12e:ca8f:c0f2:526b - - [08/Jun/2025:09:48:13 -0400] "GET /wp-includes/js/jquery/jquery-migrate.min.js?ver=3.4.1 HTTP/1.1" 200 4678 "https://w3.readbtooom.com/manga/btooom-chapter-75/" "Mozilla/5.0 (Linux; Android 10; K) AppleWebKit/537.36 (KHTML, like Gecko) Chrome/137.0.0.0 Mobile Safari/537.36"
2001:16a2:7a48:e900:e12e:ca8f:c0f2:526b - - [08/Jun/2025:09:48:19 -0400] "GET / HTTP/1.1" 200 18608 "https://w3.readbtooom.com/manga/btooom-chapter-75/" "Mozilla/5.0 (Linux; Android 10; K) AppleWebKit/537.36 (KHTML, like Gecko) Chrome/137.0.0.0 Mobile Safari/537.36"
2001:16a2:7a48:e900:e12e:ca8f:c0f2:526b - - [08/Jun/2025:09:48:19 -0400] "GET / HTTP/1.1" 304 0 "https://w3.readbtooom.com/manga/btooom-chapter-75/" "Mozilla/5.0 (Linux; Android 10; K) AppleWebKit/537.36 (KHTML, like Gecko) Chrome/137.0.0.0 Mobile Safari/537.36"
2001:44c8:6512:6efc:4485:5dff:feb7:3fae - - [08/Jun/2025:09:48:19 -0400] "GET /manga/btooom-chapter-1/ HTTP/1.1" 200 35121 "https://w3.readbtooom.com/manga/btooom-chapter-121/" "Mozilla/5.0 (Linux; Android 10; K) AppleWebKit/537.36 (KHTML, like Gecko) Chrome/137.0.0.0 Mobile Safari/537.36"
2001:16a2:7a48:e900:e12e:ca8f:c0f2:526b - - [08/Jun/2025:09:48:20 -0400] "GET /wp-content/uploads/2021/11/45731737.jpg HTTP/1.1" 200 34289 "https://w3.readbtooom.com/" "Mozilla/5.0 (Linux; Android 10; K) AppleWebKit/537.36 (KHTML, like Gecko) Chrome/137.0.0.0 Mobile Safari/537.36"
2001:16a2:7a48:e900:e12e:ca8f:c0f2:526b - - [08/Jun/2025:09:48:21 -0400] "GET /wp-content/uploads/2021/11/cropped-190036-192x192.png HTTP/1.1" 200 46224 "https://w3.readbtooom.com/" "Mozilla/5.0 (Linux; Android 10; K) AppleWebKit/537.36 (KHTML, like Gecko) Chrome/137.0.0.0 Mobile Safari/537.36"
2001:16a2:7a48:e900:e12e:ca8f:c0f2:526b - - [08/Jun/2025:09:48:21 -0400] "GET /wp-content/uploads/2021/11/cropped-190036-180x180.png HTTP/1.1" 200 41674 "https://w3.readbtooom.com/" "Mozilla/5.0 (Linux; Android 10; K) AppleWebKit/537.36 (KHTML, like Gecko) Chrome/137.0.0.0 Mobile Safari/537.36"
2001:16a2:7a48:e900:e12e:ca8f:c0f2:526b - - [08/Jun/2025:09:48:21 -0400] "GET /manga/btooom-chapter-121-2/ HTTP/1.1" 200 49702 "https://w3.readbtooom.com/" "Mozilla/5.0 (Linux; Android 10; K) AppleWebKit/537.36 (KHTML, like Gecko) Chrome/137.0.0.0 Mobile Safari/537.36"
2001:16a2:7a48:e900:e12e:ca8f:c0f2:526b - - [08/Jun/2025:09:48:21 -0400] "GET /manga/btooom-chapter-104/ HTTP/1.1" 200 30049 "https://w3.readbtooom.com/" "Mozilla/5.0 (Linux; Android 10; K) AppleWebKit/537.36 (KHTML, like Gecko) Chrome/137.0.0.0 Mobile Safari/537.36"
2001:16a2:7a48:e900:e12e:ca8f:c0f2:526b - - [08/Jun/2025:09:48:22 -0400] "GET /manga/btooom-chapter-74/ HTTP/1.1" 200 33300 "https://w3.readbtooom.com/" "Mozilla/5.0 (Linux; Android 10; K) AppleWebKit/537.36 (KHTML, like Gecko) Chrome/137.0.0.0 Mobile Safari/537.36"
2001:16a2:7a48:e900:e12e:ca8f:c0f2:526b - - [08/Jun/2025:09:48:22 -0400] "GET /wp-content/uploads/2021/11/btooom-lyrics.jpg HTTP/1.1" 200 115029 "https://w3.readbtooom.com/" "Mozilla/5.0 (Linux; Android 10; K) AppleWebKit/537.36 (KHTML, like Gecko) Chrome/137.0.0.0 Mobile Safari/537.36"
2001:16a2:7a48:e900:e12e:ca8f:c0f2:526b - - [08/Jun/2025:09:48:22 -0400] "GET /manga/btooom-chapter-30/ HTTP/1.1" 200 21911 "https://w3.readbtooom.com/" "Mozilla/5.0 (Linux; Android 10; K) AppleWebKit/537.36 (KHTML, like Gecko) Chrome/137.0.0.0 Mobile Safari/537.36"
2001:16a2:7a48:e900:e12e:ca8f:c0f2:526b - - [08/Jun/2025:09:48:23 -0400] "GET /manga/btooom-chapter-50/ HTTP/1.1" 200 33104 "https://w3.readbtooom.com/" "Mozilla/5.0 (Linux; Android 10; K) AppleWebKit/537.36 (KHTML, like Gecko) Chrome/137.0.0.0 Mobile Safari/537.36"
2001:16a2:7a48:e900:e12e:ca8f:c0f2:526b - - [08/Jun/2025:09:48:25 -0400] "GET /manga/btooom-chapter-51/ HTTP/1.1" 200 30217 "https://w3.readbtooom.com/" "Mozilla/5.0 (Linux; Android 10; K) AppleWebKit/537.36 (KHTML, like Gecko) Chrome/137.0.0.0 Mobile Safari/537.36"
2001:16a2:7a48:e900:e12e:ca8f:c0f2:526b - - [08/Jun/2025:09:48:25 -0400] "GET /manga/btooom-chapter-51/ HTTP/1.1" 304 0 "https://w3.readbtooom.com/" "Mozilla/5.0 (Linux; Android 10; K) AppleWebKit/537.36 (KHTML, like Gecko) Chrome/137.0.0.0 Mobile Safari/537.36"
81.84.177.86 - - [08/Jun/2025:09:48:28 -0400] "GET /manga/btooom-chapter-49/ HTTP/1.1" 200 30228 "https://w3.readbtooom.com/" "Mozilla/5.0 (iPhone; CPU iPhone OS 17_6_1 like Mac OS X) AppleWebKit/605.1.15 (KHTML, like Gecko) Version/17.6 Mobile/15E148 Safari/604.1"
81.84.177.86 - - [08/Jun/2025:09:48:29 -0400] "POST /wp-admin/admin-ajax.php HTTP/1.1" 200 69 "https://w3.readbtooom.com/manga/btooom-chapter-49/" "Mozilla/5.0 (iPhone; CPU iPhone OS 17_6_1 like Mac OS X) AppleWebKit/605.1.15 (KHTML, like Gecko) Version/17.6 Mobile/15E148 Safari/604.1"
81.84.177.86 - - [08/Jun/2025:09:49:12 -0400] "GET /manga/btooom-chapter-50/ HTTP/1.1" 200 33104 "https://w3.readbtooom.com/manga/btooom-chapter-49/" "Mozilla/5.0 (iPhone; CPU iPhone OS 17_6_1 like Mac OS X) AppleWebKit/605.1.15 (KHTML, like Gecko) Version/17.6 Mobile/15E148 Safari/604.1"
162.0.232.193 - - [08/Jun/2025:09:49:13 -0400] "POST /wp-cron.php?doing_wp_cron=1749390553.1989860534667968750000 HTTP/1.1" 200 0 "-" "WordPress/6.4.5; https://w3.readbtooom.com"
81.84.177.86 - - [08/Jun/2025:09:49:13 -0400] "POST /wp-admin/admin-ajax.php HTTP/1.1" 200 69 "https://w3.readbtooom.com/manga/btooom-chapter-50/" "Mozilla/5.0 (iPhone; CPU iPhone OS 17_6_1 like Mac OS X) AppleWebKit/605.1.15 (KHTML, like Gecko) Version/17.6 Mobile/15E148 Safari/604.1"
2001:16a2:7a48:e900:e12e:ca8f:c0f2:526b - - [08/Jun/2025:09:49:32 -0400] "GET /manga/btooom-chapter-50/ HTTP/1.1" 304 0 "https://w3.readbtooom.com/manga/btooom-chapter-51/" "Mozilla/5.0 (Linux; Android 10; K) AppleWebKit/537.36 (KHTML, like Gecko) Chrome/137.0.0.0 Mobile Safari/537.36"
2001:16a2:7a48:e900:e12e:ca8f:c0f2:526b - - [08/Jun/2025:09:49:33 -0400] "GET /manga/btooom-chapter-54/ HTTP/1.1" 200 31940 "https://w3.readbtooom.com/manga/btooom-chapter-51/" "Mozilla/5.0 (Linux; Android 10; K) AppleWebKit/537.36 (KHTML, like Gecko) Chrome/137.0.0.0 Mobile Safari/537.36"
2001:16a2:7a48:e900:e12e:ca8f:c0f2:526b - - [08/Jun/2025:09:49:33 -0400] "GET /manga/btooom-chapter-54/ HTTP/1.1" 304 0 "https://w3.readbtooom.com/manga/btooom-chapter-51/" "Mozilla/5.0 (Linux; Android 10; K) AppleWebKit/537.36 (KHTML, like Gecko) Chrome/137.0.0.0 Mobile Safari/537.36"
2001:16a2:7a48:e900:e12e:ca8f:c0f2:526b - - [08/Jun/2025:09:49:40 -0400] "GET /manga/btooom-chapter-52/ HTTP/1.1" 200 31453 "https://w3.readbtooom.com/" "Mozilla/5.0 (Linux; Android 10; K) AppleWebKit/537.36 (KHTML, like Gecko) Chrome/137.0.0.0 Mobile Safari/537.36"
2001:16a2:7a48:e900:e12e:ca8f:c0f2:526b - - [08/Jun/2025:09:49:41 -0400] "GET /manga/btooom-chapter-52/ HTTP/1.1" 304 0 "https://w3.readbtooom.com/" "Mozilla/5.0 (Linux; Android 10; K) AppleWebKit/537.36 (KHTML, like Gecko) Chrome/137.0.0.0 Mobile Safari/537.36"
52.156.77.150 - - [08/Jun/2025:09:50:31 -0400] "GET /manga/btooom-chapter-28/ HTTP/1.1" 200 22682 "-" "Mozilla/5.0 AppleWebKit/537.36 (KHTML, like Gecko); compatible; ChatGPT-User/1.0; +https://openai.com/bot"
52.156.77.150 - - [08/Jun/2025:09:50:31 -0400] "GET /manga/btooom-chapter-106/ HTTP/1.1" 200 33925 "-" "Mozilla/5.0 AppleWebKit/537.36 (KHTML, like Gecko); compatible; ChatGPT-User/1.0; +https://openai.com/bot"
52.156.77.154 - - [08/Jun/2025:09:51:14 -0400] "GET /manga/btooom-chapter-29/ HTTP/1.1" 200 21727 "-" "Mozilla/5.0 AppleWebKit/537.36 (KHTML, like Gecko); compatible; ChatGPT-User/1.0; +https://openai.com/bot"
2001:44c8:6512:6efc:4485:5dff:feb7:3fae - - [08/Jun/2025:09:52:00 -0400] "GET /manga/btooom-chapter-2/ HTTP/1.1" 200 23830 "https://w3.readbtooom.com/manga/btooom-chapter-1/" "Mozilla/5.0 (Linux; Android 10; K) AppleWebKit/537.36 (KHTML, like Gecko) Chrome/137.0.0.0 Mobile Safari/537.36"
2001:44c8:6512:6efc:4485:5dff:feb7:3fae - - [08/Jun/2025:09:52:10 -0400] "GET /manga/btooom-chapter-3/ HTTP/1.1" 200 23054 "https://w3.readbtooom.com/manga/btooom-chapter-2/" "Mozilla/5.0 (Linux; Android 10; K) AppleWebKit/537.36 (KHTML, like Gecko) Chrome/137.0.0.0 Mobile Safari/537.36"
162.0.232.193 - - [08/Jun/2025:09:52:13 -0400] "POST /wp-cron.php?doing_wp_cron=1749390732.7974500656127929687500 HTTP/1.1" 200 0 "-" "WordPress/6.4.5; https://w3.readbtooom.com"
2001:44c8:6512:6efc:4485:5dff:feb7:3fae - - [08/Jun/2025:09:52:11 -0400] "POST /wp-admin/admin-ajax.php HTTP/1.1" 200 69 "https://w3.readbtooom.com/manga/btooom-chapter-3/" "Mozilla/5.0 (Linux; Android 10; K) AppleWebKit/537.36 (KHTML, like Gecko) Chrome/137.0.0.0 Mobile Safari/537.36"
2001:44c8:6512:6efc:4485:5dff:feb7:3fae - - [08/Jun/2025:09:52:21 -0400] "GET /manga/btooom-chapter-4/ HTTP/1.1" 200 23094 "https://w3.readbtooom.com/manga/btooom-chapter-3/" "Mozilla/5.0 (Linux; Android 10; K) AppleWebKit/537.36 (KHTML, like Gecko) Chrome/137.0.0.0 Mobile Safari/537.36"
2001:44c8:6512:6efc:4485:5dff:feb7:3fae - - [08/Jun/2025:09:52:34 -0400] "GET /manga/btooom-chapter-5/ HTTP/1.1" 200 23500 "https://w3.readbtooom.com/manga/btooom-chapter-4/" "Mozilla/5.0 (Linux; Android 10; K) AppleWebKit/537.36 (KHTML, like Gecko) Chrome/137.0.0.0 Mobile Safari/537.36"
2001:44c8:6512:6efc:4485:5dff:feb7:3fae - - [08/Jun/2025:09:52:47 -0400] "GET /manga/btooom-chapter-6/ HTTP/1.1" 200 25156 "https://w3.readbtooom.com/manga/btooom-chapter-5/" "Mozilla/5.0 (Linux; Android 10; K) AppleWebKit/537.36 (KHTML, like Gecko) Chrome/137.0.0.0 Mobile Safari/537.36"
162.0.232.193 - - [08/Jun/2025:09:52:49 -0400] "POST /wp-cron.php?doing_wp_cron=1749390768.9747700691223144531250 HTTP/1.1" 200 0 "-" "WordPress/6.4.5; https://w3.readbtooom.com"
2001:44c8:6512:6efc:4485:5dff:feb7:3fae - - [08/Jun/2025:09:52:48 -0400] "POST /wp-admin/admin-ajax.php HTTP/1.1" 200 69 "https://w3.readbtooom.com/manga/btooom-chapter-6/" "Mozilla/5.0 (Linux; Android 10; K) AppleWebKit/537.36 (KHTML, like Gecko) Chrome/137.0.0.0 Mobile Safari/537.36"
2001:44c8:6512:6efc:4485:5dff:feb7:3fae - - [08/Jun/2025:09:52:59 -0400] "GET /manga/btooom-chapter-7/ HTTP/1.1" 200 24239 "https://w3.readbtooom.com/manga/btooom-chapter-6/" "Mozilla/5.0 (Linux; Android 10; K) AppleWebKit/537.36 (KHTML, like Gecko) Chrome/137.0.0.0 Mobile Safari/537.36"
2001:44c8:6512:6efc:4485:5dff:feb7:3fae - - [08/Jun/2025:09:53:39 -0400] "GET /manga/btooom-chapter-8/ HTTP/1.1" 200 23506 "https://w3.readbtooom.com/manga/btooom-chapter-7/" "Mozilla/5.0 (Linux; Android 10; K) AppleWebKit/537.36 (KHTML, like Gecko) Chrome/137.0.0.0 Mobile Safari/537.36"
2001:44c8:6512:6efc:4485:5dff:feb7:3fae - - [08/Jun/2025:09:53:40 -0400] "GET /manga/btooom-chapter-6/ HTTP/1.1" 304 0 "https://w3.readbtooom.com/manga/btooom-chapter-7/" "Mozilla/5.0 (Linux; Android 10; K) AppleWebKit/537.36 (KHTML, like Gecko) Chrome/137.0.0.0 Mobile Safari/537.36"
162.0.232.193 - - [08/Jun/2025:09:53:41 -0400] "POST /wp-cron.php?doing_wp_cron=1749390821.3803200721740722656250 HTTP/1.1" 200 0 "-" "WordPress/6.4.5; https://w3.readbtooom.com"
2001:44c8:6512:6efc:4485:5dff:feb7:3fae - - [08/Jun/2025:09:53:41 -0400] "POST /wp-admin/admin-ajax.php HTTP/1.1" 200 69 "https://w3.readbtooom.com/manga/btooom-chapter-8/" "Mozilla/5.0 (Linux; Android 10; K) AppleWebKit/537.36 (KHTML, like Gecko) Chrome/137.0.0.0 Mobile Safari/537.36"
2001:44c8:6512:6efc:4485:5dff:feb7:3fae - - [08/Jun/2025:09:53:55 -0400] "GET /manga/btooom-chapter-8/ HTTP/1.1" 304 0 "https://w3.readbtooom.com/manga/btooom-chapter-7/" "Mozilla/5.0 (Linux; Android 10; K) AppleWebKit/537.36 (KHTML, like Gecko) Chrome/137.0.0.0 Mobile Safari/537.36"
2001:44c8:6512:6efc:4485:5dff:feb7:3fae - - [08/Jun/2025:09:54:39 -0400] "GET /manga/btooom-chapter-9/ HTTP/1.1" 200 23258 "https://w3.readbtooom.com/manga/btooom-chapter-8/" "Mozilla/5.0 (Linux; Android 10; K) AppleWebKit/537.36 (KHTML, like Gecko) Chrome/137.0.0.0 Mobile Safari/537.36"
2001:44c8:6512:6efc:4485:5dff:feb7:3fae - - [08/Jun/2025:09:54:52 -0400] "GET /manga/btooom-chapter-9/ HTTP/1.1" 200 23258 "https://w3.readbtooom.com/manga/btooom-chapter-8/" "Mozilla/5.0 (Linux; Android 10; K) AppleWebKit/537.36 (KHTML, like Gecko) Chrome/137.0.0.0 Mobile Safari/537.36"
162.0.232.193 - - [08/Jun/2025:09:54:53 -0400] "POST /wp-cron.php?doing_wp_cron=1749390893.5415649414062500000000 HTTP/1.1" 200 0 "-" "WordPress/6.4.5; https://w3.readbtooom.com"
2001:44c8:6512:6efc:4485:5dff:feb7:3fae - - [08/Jun/2025:09:54:53 -0400] "POST /wp-admin/admin-ajax.php HTTP/1.1" 200 69 "https://w3.readbtooom.com/manga/btooom-chapter-9/" "Mozilla/5.0 (Linux; Android 10; K) AppleWebKit/537.36 (KHTML, like Gecko) Chrome/137.0.0.0 Mobile Safari/537.36"
2001:44c8:6512:6efc:4485:5dff:feb7:3fae - - [08/Jun/2025:09:57:56 -0400] "GET /manga/btooom-chapter-10/ HTTP/1.1" 200 22530 "https://w3.readbtooom.com/manga/btooom-chapter-9/" "Mozilla/5.0 (Linux; Android 10; K) AppleWebKit/537.36 (KHTML, like Gecko) Chrome/137.0.0.0 Mobile Safari/537.36"
162.0.232.193 - - [08/Jun/2025:09:58:27 -0400] "POST /wp-cron.php?doing_wp_cron=1749391107.2873709201812744140625 HTTP/1.1" 200 0 "-" "WordPress/6.4.5; https://w3.readbtooom.com"
40.77.167.54 - - [08/Jun/2025:09:58:28 -0400] "GET /manga/btooom-chapter-51/ HTTP/1.1" 200 30217 "-" "Mozilla/5.0 AppleWebKit/537.36 (KHTML, like Gecko; compatible; bingbot/2.0; +http://www.bing.com/bingbot.htm) Chrome/116.0.1938.76 Safari/537.36"
2001:44c8:6512:6efc:4485:5dff:feb7:3fae - - [08/Jun/2025:09:59:32 -0400] "GET /manga/btooom-chapter-10/ HTTP/1.1" 200 22530 "https://w3.readbtooom.com/manga/btooom-chapter-9/" "Mozilla/5.0 (Linux; Android 10; K) AppleWebKit/537.36 (KHTML, like Gecko) Chrome/137.0.0.0 Mobile Safari/537.36"
2a09:bac1:7a80:50::245:97 - - [08/Jun/2025:09:59:46 -0400] "GET /manga/btooom-chapter-75/ HTTP/1.1" 200 29669 "https://www.google.com/" "Mozilla/5.0 (Windows NT 10.0; Win64; x64) AppleWebKit/537.36 (KHTML, like Gecko) Chrome/135.0.0.0 Safari/537.36"
2a09:bac1:7a80:50::245:97 - - [08/Jun/2025:09:59:49 -0400] "GET /manga/btooom-chapter-121-2/ HTTP/1.1" 200 49702 "https://w3.readbtooom.com/manga/btooom-chapter-75/" "Mozilla/5.0 (Windows NT 10.0; Win64; x64) AppleWebKit/537.36 (KHTML, like Gecko) Chrome/135.0.0.0 Safari/537.36"
2a09:bac1:7a80:50::245:97 - - [08/Jun/2025:09:59:52 -0400] "GET / HTTP/1.1" 200 18608 "https://w3.readbtooom.com/manga/btooom-chapter-75/" "Mozilla/5.0 (Windows NT 10.0; Win64; x64) AppleWebKit/537.36 (KHTML, like Gecko) Chrome/135.0.0.0 Safari/537.36"
2a09:bac1:7a80:50::245:97 - - [08/Jun/2025:09:59:52 -0400] "GET / HTTP/1.1" 304 0 "https://w3.readbtooom.com/manga/btooom-chapter-75/" "Mozilla/5.0 (Windows NT 10.0; Win64; x64) AppleWebKit/537.36 (KHTML, like Gecko) Chrome/135.0.0.0 Safari/537.36"
2a09:bac1:7a80:50::245:97 - - [08/Jun/2025:09:59:53 -0400] "GET / HTTP/1.1" 304 0 "https://w3.readbtooom.com/" "Mozilla/5.0 (Windows NT 10.0; Win64; x64) AppleWebKit/537.36 (KHTML, like Gecko) Chrome/135.0.0.0 Safari/537.36"
2a09:bac1:7a80:50::245:97 - - [08/Jun/2025:09:59:53 -0400] "GET /wp-content/uploads/2021/11/51YmOLZ5fWL.jpg HTTP/1.1" 200 46158 "https://w3.readbtooom.com/" "Mozilla/5.0 (Windows NT 10.0; Win64; x64) AppleWebKit/537.36 (KHTML, like Gecko) Chrome/135.0.0.0 Safari/537.36"
2a09:bac1:7a80:50::245:97 - - [08/Jun/2025:09:59:53 -0400] "GET /wp-content/uploads/2021/11/45731737.jpg HTTP/1.1" 200 34289 "https://w3.readbtooom.com/" "Mozilla/5.0 (Windows NT 10.0; Win64; x64) AppleWebKit/537.36 (KHTML, like Gecko) Chrome/135.0.0.0 Safari/537.36"
2a09:bac1:7a80:50::245:97 - - [08/Jun/2025:09:59:53 -0400] "GET /manga/btooom-chapter-1/ HTTP/1.1" 200 35121 "https://w3.readbtooom.com/" "Mozilla/5.0 (Windows NT 10.0; Win64; x64) AppleWebKit/537.36 (KHTML, like Gecko) Chrome/135.0.0.0 Safari/537.36"
2a09:bac1:7a80:50::245:97 - - [08/Jun/2025:09:59:53 -0400] "GET /manga/btooom-chapter-121-2/ HTTP/1.1" 304 0 "https://w3.readbtooom.com/" "Mozilla/5.0 (Windows NT 10.0; Win64; x64) AppleWebKit/537.36 (KHTML, like Gecko) Chrome/135.0.0.0 Safari/537.36"
2a09:bac1:7a80:50::245:97 - - [08/Jun/2025:09:59:56 -0400] "GET /wp-content/uploads/2021/11/btooom-lyrics-200x300.jpg HTTP/1.1" 200 19605 "https://w3.readbtooom.com/" "Mozilla/5.0 (Windows NT 10.0; Win64; x64) AppleWebKit/537.36 (KHTML, like Gecko) Chrome/135.0.0.0 Safari/537.36"
2a09:bac1:7a80:50::245:97 - - [08/Jun/2025:09:59:57 -0400] "GET /manga/btooom-chapter-2/ HTTP/1.1" 200 23830 "https://w3.readbtooom.com/" "Mozilla/5.0 (Windows NT 10.0; Win64; x64) AppleWebKit/537.36 (KHTML, like Gecko) Chrome/135.0.0.0 Safari/537.36"
2a09:bac1:7a80:50::245:97 - - [08/Jun/2025:09:59:57 -0400] "GET /manga/btooom-chapter-3/ HTTP/1.1" 200 23054 "https://w3.readbtooom.com/" "Mozilla/5.0 (Windows NT 10.0; Win64; x64) AppleWebKit/537.36 (KHTML, like Gecko) Chrome/135.0.0.0 Safari/537.36"
2a09:bac1:7a80:50::245:97 - - [08/Jun/2025:09:59:57 -0400] "GET /manga/btooom-chapter-3/ HTTP/1.1" 304 0 "https://w3.readbtooom.com/" "Mozilla/5.0 (Windows NT 10.0; Win64; x64) AppleWebKit/537.36 (KHTML, like Gecko) Chrome/135.0.0.0 Safari/537.36"
162.0.232.193 - - [08/Jun/2025:09:59:59 -0400] "POST /wp-cron.php?doing_wp_cron=1749391199.8601040840148925781250 HTTP/1.1" 200 0 "-" "WordPress/6.4.5; https://w3.readbtooom.com"
2a09:bac1:7a80:50::245:97 - - [08/Jun/2025:09:59:58 -0400] "POST /wp-admin/admin-ajax.php HTTP/1.1" 200 69 "https://w3.readbtooom.com/manga/btooom-chapter-3/" "Mozilla/5.0 (Windows NT 10.0; Win64; x64) AppleWebKit/537.36 (KHTML, like Gecko) Chrome/135.0.0.0 Safari/537.36"
2a09:bac1:7a80:50::245:97 - - [08/Jun/2025:10:00:06 -0400] "GET /manga/btooom-chapter-4/ HTTP/1.1" 200 23094 "https://w3.readbtooom.com/manga/btooom-chapter-3/" "Mozilla/5.0 (Windows NT 10.0; Win64; x64) AppleWebKit/537.36 (KHTML, like Gecko) Chrome/135.0.0.0 Safari/537.36"
2a09:bac1:7a80:50::245:97 - - [08/Jun/2025:10:00:06 -0400] "GET /manga/btooom-chapter-4/ HTTP/1.1" 304 0 "https://w3.readbtooom.com/manga/btooom-chapter-3/" "Mozilla/5.0 (Windows NT 10.0; Win64; x64) AppleWebKit/537.36 (KHTML, like Gecko) Chrome/135.0.0.0 Safari/537.36"
2001:44c8:6512:6efc:4485:5dff:feb7:3fae - - [08/Jun/2025:10:00:22 -0400] "GET /manga/btooom-chapter-11/ HTTP/1.1" 200 22878 "https://w3.readbtooom.com/manga/btooom-chapter-10/" "Mozilla/5.0 (Linux; Android 10; K) AppleWebKit/537.36 (KHTML, like Gecko) Chrome/137.0.0.0 Mobile Safari/537.36"
2a09:bac1:7a80:50::245:97 - - [08/Jun/2025:10:00:29 -0400] "GET /manga/btooom-chapter-5/ HTTP/1.1" 200 23500 "https://w3.readbtooom.com/manga/btooom-chapter-4/" "Mozilla/5.0 (Windows NT 10.0; Win64; x64) AppleWebKit/537.36 (KHTML, like Gecko) Chrome/135.0.0.0 Safari/537.36"
2a09:bac1:7a80:50::245:97 - - [08/Jun/2025:10:00:30 -0400] "GET /manga/btooom-chapter-3/ HTTP/1.1" 304 0 "https://w3.readbtooom.com/manga/btooom-chapter-4/" "Mozilla/5.0 (Windows NT 10.0; Win64; x64) AppleWebKit/537.36 (KHTML, like Gecko) Chrome/135.0.0.0 Safari/537.36"
2a09:bac1:7a80:50::245:97 - - [08/Jun/2025:10:00:31 -0400] "GET /manga/btooom-chapter-5/ HTTP/1.1" 304 0 "https://w3.readbtooom.com/manga/btooom-chapter-4/" "Mozilla/5.0 (Windows NT 10.0; Win64; x64) AppleWebKit/537.36 (KHTML, like Gecko) Chrome/135.0.0.0 Safari/537.36"
2a09:bac1:7a80:50::245:97 - - [08/Jun/2025:10:00:44 -0400] "GET /manga/btooom-chapter-6/ HTTP/1.1" 200 25156 "https://w3.readbtooom.com/manga/btooom-chapter-5/" "Mozilla/5.0 (Windows NT 10.0; Win64; x64) AppleWebKit/537.36 (KHTML, like Gecko) Chrome/135.0.0.0 Safari/537.36"
2a09:bac1:7a80:50::245:97 - - [08/Jun/2025:10:00:44 -0400] "GET /manga/btooom-chapter-6/ HTTP/1.1" 304 0 "https://w3.readbtooom.com/manga/btooom-chapter-5/" "Mozilla/5.0 (Windows NT 10.0; Win64; x64) AppleWebKit/537.36 (KHTML, like Gecko) Chrome/135.0.0.0 Safari/537.36"
162.0.232.193 - - [08/Jun/2025:10:00:45 -0400] "POST /wp-cron.php?doing_wp_cron=1749391245.3090310096740722656250 HTTP/1.1" 200 0 "-" "WordPress/6.4.5; https://w3.readbtooom.com"
2a09:bac1:7a80:50::245:97 - - [08/Jun/2025:10:00:45 -0400] "POST /wp-admin/admin-ajax.php HTTP/1.1" 200 69 "https://w3.readbtooom.com/manga/btooom-chapter-6/" "Mozilla/5.0 (Windows NT 10.0; Win64; x64) AppleWebKit/537.36 (KHTML, like Gecko) Chrome/135.0.0.0 Safari/537.36"
2a09:bac1:7a80:50::245:97 - - [08/Jun/2025:10:01:03 -0400] "GET /manga/btooom-chapter-7/ HTTP/1.1" 200 24239 "https://w3.readbtooom.com/manga/btooom-chapter-6/" "Mozilla/5.0 (Windows NT 10.0; Win64; x64) AppleWebKit/537.36 (KHTML, like Gecko) Chrome/135.0.0.0 Safari/537.36"
2a09:bac1:7a80:50::245:97 - - [08/Jun/2025:10:01:04 -0400] "GET /manga/btooom-chapter-7/ HTTP/1.1" 304 0 "https://w3.readbtooom.com/manga/btooom-chapter-6/" "Mozilla/5.0 (Windows NT 10.0; Win64; x64) AppleWebKit/537.36 (KHTML, like Gecko) Chrome/135.0.0.0 Safari/537.36"
2a09:bac1:7a80:50::245:97 - - [08/Jun/2025:10:01:17 -0400] "GET /manga/btooom-chapter-8/ HTTP/1.1" 200 23506 "https://w3.readbtooom.com/manga/btooom-chapter-7/" "Mozilla/5.0 (Windows NT 10.0; Win64; x64) AppleWebKit/537.36 (KHTML, like Gecko) Chrome/135.0.0.0 Safari/537.36"
162.0.232.193 - - [08/Jun/2025:10:01:18 -0400] "POST /wp-cron.php?doing_wp_cron=1749391277.7796900272369384765625 HTTP/1.1" 200 0 "-" "WordPress/6.4.5; https://w3.readbtooom.com"
2a09:bac1:7a80:50::245:97 - - [08/Jun/2025:10:01:18 -0400] "GET /manga/btooom-chapter-8/ HTTP/1.1" 304 0 "https://w3.readbtooom.com/manga/btooom-chapter-7/" "Mozilla/5.0 (Windows NT 10.0; Win64; x64) AppleWebKit/537.36 (KHTML, like Gecko) Chrome/135.0.0.0 Safari/537.36"
2a09:bac1:7a80:50::245:97 - - [08/Jun/2025:10:01:18 -0400] "POST /wp-admin/admin-ajax.php HTTP/1.1" 200 69 "https://w3.readbtooom.com/manga/btooom-chapter-8/" "Mozilla/5.0 (Windows NT 10.0; Win64; x64) AppleWebKit/537.36 (KHTML, like Gecko) Chrome/135.0.0.0 Safari/537.36"
2a09:bac1:7a80:50::245:97 - - [08/Jun/2025:10:01:33 -0400] "GET /manga/btooom-chapter-9/ HTTP/1.1" 200 23258 "https://w3.readbtooom.com/manga/btooom-chapter-8/" "Mozilla/5.0 (Windows NT 10.0; Win64; x64) AppleWebKit/537.36 (KHTML, like Gecko) Chrome/135.0.0.0 Safari/537.36"
