84.17.60.236 - - [08/Jun/2025:15:00:30 -0400] "POST //xmlrpc.php HTTP/1.1" 200 205 "-" "Mozilla/5.0 (Windows NT 10.0; Win64; x64) AppleWebKit/537.36 (KHTML, like Gecko) Chrome/78.0.3904.108 Safari/537.36"
2001:fb1:13c:28a0:3dd9:5880:69e:99a5 - - [08/Jun/2025:15:00:45 -0400] "GET /manga/btooom-chapter-1/ HTTP/1.1" 200 35545 "https://w3.readbtooom.com/manga/btooom-chapter-75/" "Mozilla/5.0 (Linux; Android 10; K) AppleWebKit/537.36 (KHTML, like Gecko) Chrome/137.0.0.0 Mobile Safari/537.36"
2001:fb1:13c:28a0:3dd9:5880:69e:99a5 - - [08/Jun/2025:15:00:46 -0400] "GET /manga/btooom-chapter-1/ HTTP/1.1" 304 0 "https://w3.readbtooom.com/manga/btooom-chapter-75/" "Mozilla/5.0 (Linux; Android 10; K) AppleWebKit/537.36 (KHTML, like Gecko) Chrome/137.0.0.0 Mobile Safari/537.36"
124.246.127.105 - - [08/Jun/2025:15:00:46 -0400] "GET /manga/btooom-chapter-84/ HTTP/1.1" 200 30216 "https://w3.readbtooom.com/manga/btooom-chapter-83/" "Mozilla/5.0 (X11; CrOS x86_64 14541.0.0) AppleWebKit/537.36 (KHTML, like Gecko) Chrome/136.0.0.0 Safari/537.36"
124.246.127.105 - - [08/Jun/2025:15:00:46 -0400] "GET /manga/btooom-chapter-84/ HTTP/1.1" 304 0 "https://w3.readbtooom.com/manga/btooom-chapter-83/" "Mozilla/5.0 (X11; CrOS x86_64 14541.0.0) AppleWebKit/537.36 (KHTML, like Gecko) Chrome/136.0.0.0 Safari/537.36"
2804:498:fc3d:4100:349e:58cd:2c8a:750 - - [08/Jun/2025:15:00:47 -0400] "GET /manga/btooom-chapter-33/ HTTP/1.1" 200 24638 "https://w3.readbtooom.com/manga/btooom-chapter-32/" "Mozilla/5.0 (Linux; Android 10; K) AppleWebKit/537.36 (KHTML, like Gecko) Chrome/135.0.0.0 Mobile Safari/537.36 OPR/89.0.0.0"
2804:498:fc3d:4100:349e:58cd:2c8a:750 - - [08/Jun/2025:15:00:47 -0400] "GET /manga/btooom-chapter-33/ HTTP/1.1" 304 0 "https://w3.readbtooom.com/manga/btooom-chapter-32/" "Mozilla/5.0 (Linux; Android 10; K) AppleWebKit/537.36 (KHTML, like Gecko) Chrome/135.0.0.0 Mobile Safari/537.36 OPR/89.0.0.0"
2001:fb1:13c:28a0:3dd9:5880:69e:99a5 - - [08/Jun/2025:15:00:46 -0400] "POST /wp-admin/admin-ajax.php HTTP/1.1" 200 69 "https://w3.readbtooom.com/manga/btooom-chapter-1/" "Mozilla/5.0 (Linux; Android 10; K) AppleWebKit/537.36 (KHTML, like Gecko) Chrome/137.0.0.0 Mobile Safari/537.36"
2001:fb1:13c:28a0:3dd9:5880:69e:99a5 - - [08/Jun/2025:15:00:47 -0400] "GET / HTTP/1.1" 200 18608 "https://w3.readbtooom.com/manga/btooom-chapter-1/" "Mozilla/5.0 (Linux; Android 10; K) AppleWebKit/537.36 (KHTML, like Gecko) Chrome/137.0.0.0 Mobile Safari/537.36"
2001:fb1:13c:28a0:3dd9:5880:69e:99a5 - - [08/Jun/2025:15:00:48 -0400] "GET / HTTP/1.1" 304 0 "https://w3.readbtooom.com/manga/btooom-chapter-1/" "Mozilla/5.0 (Linux; Android 10; K) AppleWebKit/537.36 (KHTML, like Gecko) Chrome/137.0.0.0 Mobile Safari/537.36"
162.0.232.193 - - [08/Jun/2025:15:00:49 -0400] "POST /wp-cron.php?doing_wp_cron=1749409249.0080349445343017578125 HTTP/1.1" 200 0 "-" "WordPress/6.4.5; https://w3.readbtooom.com"
2001:fb1:13c:28a0:3dd9:5880:69e:99a5 - - [08/Jun/2025:15:00:49 -0400] "GET /wp-content/uploads/2021/11/45731737.jpg HTTP/1.1" 200 34289 "https://w3.readbtooom.com/" "Mozilla/5.0 (Linux; Android 10; K) AppleWebKit/537.36 (KHTML, like Gecko) Chrome/137.0.0.0 Mobile Safari/537.36"
2001:fb1:13c:28a0:3dd9:5880:69e:99a5 - - [08/Jun/2025:15:00:49 -0400] "GET /wp-content/uploads/2021/11/51YmOLZ5fWL.jpg HTTP/1.1" 200 46158 "https://w3.readbtooom.com/" "Mozilla/5.0 (Linux; Android 10; K) AppleWebKit/537.36 (KHTML, like Gecko) Chrome/137.0.0.0 Mobile Safari/537.36"
2804:498:fc3d:4100:349e:58cd:2c8a:750 - - [08/Jun/2025:15:00:48 -0400] "POST /wp-admin/admin-ajax.php HTTP/1.1" 200 69 "https://w3.readbtooom.com/manga/btooom-chapter-33/" "Mozilla/5.0 (Linux; Android 10; K) AppleWebKit/537.36 (KHTML, like Gecko) Chrome/135.0.0.0 Mobile Safari/537.36 OPR/89.0.0.0"
2001:fb1:13c:28a0:3dd9:5880:69e:99a5 - - [08/Jun/2025:15:00:52 -0400] "GET /manga/btooom-chapter-11/ HTTP/1.1" 200 23271 "https://w3.readbtooom.com/" "Mozilla/5.0 (Linux; Android 10; K) AppleWebKit/537.36 (KHTML, like Gecko) Chrome/137.0.0.0 Mobile Safari/537.36"
2001:fb1:13c:28a0:3dd9:5880:69e:99a5 - - [08/Jun/2025:15:00:53 -0400] "GET /manga/btooom-chapter-11/ HTTP/1.1" 304 0 "https://w3.readbtooom.com/" "Mozilla/5.0 (Linux; Android 10; K) AppleWebKit/537.36 (KHTML, like Gecko) Chrome/137.0.0.0 Mobile Safari/537.36"
2001:fb1:13c:28a0:3dd9:5880:69e:99a5 - - [08/Jun/2025:15:00:53 -0400] "POST /wp-admin/admin-ajax.php HTTP/1.1" 200 69 "https://w3.readbtooom.com/manga/btooom-chapter-11/" "Mozilla/5.0 (Linux; Android 10; K) AppleWebKit/537.36 (KHTML, like Gecko) Chrome/137.0.0.0 Mobile Safari/537.36"
2a01:e0a:57c:e110:c077:3d88:9f87:4115 - - [08/Jun/2025:15:00:55 -0400] "GET /manga/btooom-chapter-87/ HTTP/1.1" 304 0 "https://w3.readbtooom.com/manga/btooom-chapter-88/" "Mozilla/5.0 (Macintosh; Intel Mac OS X 10_15_7) AppleWebKit/537.36 (KHTML, like Gecko) Chrome/137.0.0.0 Safari/537.36"
2a01:e0a:57c:e110:c077:3d88:9f87:4115 - - [08/Jun/2025:15:00:58 -0400] "GET /manga/btooom-chapter-89/ HTTP/1.1" 200 30631 "https://w3.readbtooom.com/manga/btooom-chapter-88/" "Mozilla/5.0 (Macintosh; Intel Mac OS X 10_15_7) AppleWebKit/537.36 (KHTML, like Gecko) Chrome/137.0.0.0 Safari/537.36"
2a01:e0a:57c:e110:c077:3d88:9f87:4115 - - [08/Jun/2025:15:00:59 -0400] "GET /manga/btooom-chapter-89/ HTTP/1.1" 304 0 "https://w3.readbtooom.com/manga/btooom-chapter-88/" "Mozilla/5.0 (Macintosh; Intel Mac OS X 10_15_7) AppleWebKit/537.36 (KHTML, like Gecko) Chrome/137.0.0.0 Safari/537.36"
2001:fb1:13c:28a0:3dd9:5880:69e:99a5 - - [08/Jun/2025:15:00:59 -0400] "GET /manga/btooom-chapter-6/ HTTP/1.1" 200 24741 "https://w3.readbtooom.com/" "Mozilla/5.0 (Linux; Android 10; K) AppleWebKit/537.36 (KHTML, like Gecko) Chrome/137.0.0.0 Mobile Safari/537.36"
2001:fb1:13c:28a0:3dd9:5880:69e:99a5 - - [08/Jun/2025:15:00:59 -0400] "GET /manga/btooom-chapter-6/ HTTP/1.1" 304 0 "https://w3.readbtooom.com/" "Mozilla/5.0 (Linux; Android 10; K) AppleWebKit/537.36 (KHTML, like Gecko) Chrome/137.0.0.0 Mobile Safari/537.36"
2a01:e0a:57c:e110:c077:3d88:9f87:4115 - - [08/Jun/2025:15:00:59 -0400] "POST /wp-admin/admin-ajax.php HTTP/1.1" 200 69 "https://w3.readbtooom.com/manga/btooom-chapter-89/" "Mozilla/5.0 (Macintosh; Intel Mac OS X 10_15_7) AppleWebKit/537.36 (KHTML, like Gecko) Chrome/137.0.0.0 Safari/537.36"
84.17.60.236 - - [08/Jun/2025:15:00:45 -0400] "POST //xmlrpc.php HTTP/1.1" 200 205 "-" "Mozilla/5.0 (Windows NT 10.0; Win64; x64) AppleWebKit/537.36 (KHTML, like Gecko) Chrome/78.0.3904.108 Safari/537.36"
2001:fb1:13c:28a0:3dd9:5880:69e:99a5 - - [08/Jun/2025:15:01:11 -0400] "GET /manga/btooom-chapter-5/ HTTP/1.1" 200 23901 "https://w3.readbtooom.com/" "Mozilla/5.0 (Linux; Android 10; K) AppleWebKit/537.36 (KHTML, like Gecko) Chrome/137.0.0.0 Mobile Safari/537.36"
2001:fb1:13c:28a0:3dd9:5880:69e:99a5 - - [08/Jun/2025:15:01:11 -0400] "GET /manga/btooom-chapter-5/ HTTP/1.1" 304 0 "https://w3.readbtooom.com/" "Mozilla/5.0 (Linux; Android 10; K) AppleWebKit/537.36 (KHTML, like Gecko) Chrome/137.0.0.0 Mobile Safari/537.36"
2001:fb1:13c:28a0:3dd9:5880:69e:99a5 - - [08/Jun/2025:15:01:12 -0400] "POST /wp-admin/admin-ajax.php HTTP/1.1" 200 69 "https://w3.readbtooom.com/manga/btooom-chapter-5/" "Mozilla/5.0 (Linux; Android 10; K) AppleWebKit/537.36 (KHTML, like Gecko) Chrome/137.0.0.0 Mobile Safari/537.36"
84.17.60.236 - - [08/Jun/2025:15:01:01 -0400] "POST //xmlrpc.php HTTP/1.1" 200 205 "-" "Mozilla/5.0 (Windows NT 10.0; Win64; x64) AppleWebKit/537.36 (KHTML, like Gecko) Chrome/78.0.3904.108 Safari/537.36"
2001:fb1:13c:28a0:3dd9:5880:69e:99a5 - - [08/Jun/2025:15:01:21 -0400] "GET /manga/btooom-chapter-7/ HTTP/1.1" 200 24650 "https://w3.readbtooom.com/" "Mozilla/5.0 (Linux; Android 10; K) AppleWebKit/537.36 (KHTML, like Gecko) Chrome/137.0.0.0 Mobile Safari/537.36"
2001:fb1:13c:28a0:3dd9:5880:69e:99a5 - - [08/Jun/2025:15:01:21 -0400] "GET /manga/btooom-chapter-7/ HTTP/1.1" 304 0 "https://w3.readbtooom.com/" "Mozilla/5.0 (Linux; Android 10; K) AppleWebKit/537.36 (KHTML, like Gecko) Chrome/137.0.0.0 Mobile Safari/537.36"
2001:fb1:13c:28a0:3dd9:5880:69e:99a5 - - [08/Jun/2025:15:01:22 -0400] "POST /wp-admin/admin-ajax.php HTTP/1.1" 200 69 "https://w3.readbtooom.com/manga/btooom-chapter-7/" "Mozilla/5.0 (Linux; Android 10; K) AppleWebKit/537.36 (KHTML, like Gecko) Chrome/137.0.0.0 Mobile Safari/537.36"
84.17.60.236 - - [08/Jun/2025:15:01:15 -0400] "POST //xmlrpc.php HTTP/1.1" 200 205 "-" "Mozilla/5.0 (Windows NT 10.0; Win64; x64) AppleWebKit/537.36 (KHTML, like Gecko) Chrome/78.0.3904.108 Safari/537.36"
2001:fb1:13c:28a0:3dd9:5880:69e:99a5 - - [08/Jun/2025:15:01:40 -0400] "GET /manga/btooom-chapter-8/ HTTP/1.1" 200 23113 "https://w3.readbtooom.com/" "Mozilla/5.0 (Linux; Android 10; K) AppleWebKit/537.36 (KHTML, like Gecko) Chrome/137.0.0.0 Mobile Safari/537.36"
2001:fb1:13c:28a0:3dd9:5880:69e:99a5 - - [08/Jun/2025:15:01:41 -0400] "GET /manga/btooom-chapter-8/ HTTP/1.1" 304 0 "https://w3.readbtooom.com/" "Mozilla/5.0 (Linux; Android 10; K) AppleWebKit/537.36 (KHTML, like Gecko) Chrome/137.0.0.0 Mobile Safari/537.36"
52.167.144.194 - - [08/Jun/2025:15:01:44 -0400] "GET /manga/btooom-chapter-111/ HTTP/1.1" 200 31188 "-" "Mozilla/5.0 AppleWebKit/537.36 (KHTML, like Gecko; compatible; bingbot/2.0; +http://www.bing.com/bingbot.htm) Chrome/116.0.1938.76 Safari/537.36"
162.0.232.193 - - [08/Jun/2025:15:01:46 -0400] "POST /wp-cron.php?doing_wp_cron=1749409305.8211638927459716796875 HTTP/1.1" 200 0 "-" "WordPress/6.4.5; https://w3.readbtooom.com"
84.17.60.236 - - [08/Jun/2025:15:01:30 -0400] "POST //xmlrpc.php HTTP/1.1" 200 205 "-" "Mozilla/5.0 (Windows NT 10.0; Win64; x64) AppleWebKit/537.36 (KHTML, like Gecko) Chrome/78.0.3904.108 Safari/537.36"
2001:fb1:13c:28a0:3dd9:5880:69e:99a5 - - [08/Jun/2025:15:01:48 -0400] "GET /manga/btooom-chapter-9/ HTTP/1.1" 200 22865 "https://w3.readbtooom.com/" "Mozilla/5.0 (Linux; Android 10; K) AppleWebKit/537.36 (KHTML, like Gecko) Chrome/137.0.0.0 Mobile Safari/537.36"
2001:fb1:13c:28a0:3dd9:5880:69e:99a5 - - [08/Jun/2025:15:01:49 -0400] "GET /manga/btooom-chapter-9/ HTTP/1.1" 304 0 "https://w3.readbtooom.com/" "Mozilla/5.0 (Linux; Android 10; K) AppleWebKit/537.36 (KHTML, like Gecko) Chrome/137.0.0.0 Mobile Safari/537.36"
2804:498:fc3d:4100:349e:58cd:2c8a:750 - - [08/Jun/2025:15:01:52 -0400] "GET /manga/btooom-chapter-32/ HTTP/1.1" 200 24043 "https://w3.readbtooom.com/manga/btooom-chapter-33/" "Mozilla/5.0 (Linux; Android 10; K) AppleWebKit/537.36 (KHTML, like Gecko) Chrome/135.0.0.0 Mobile Safari/537.36 OPR/89.0.0.0"
2804:498:fc3d:4100:349e:58cd:2c8a:750 - - [08/Jun/2025:15:01:52 -0400] "GET /manga/btooom-chapter-32/ HTTP/1.1" 304 0 "https://w3.readbtooom.com/manga/btooom-chapter-33/" "Mozilla/5.0 (Linux; Android 10; K) AppleWebKit/537.36 (KHTML, like Gecko) Chrome/135.0.0.0 Mobile Safari/537.36 OPR/89.0.0.0"
2001:fb1:13c:28a0:3dd9:5880:69e:99a5 - - [08/Jun/2025:15:02:00 -0400] "GET /manga/btooom-chapter-13/ HTTP/1.1" 200 23283 "https://w3.readbtooom.com/" "Mozilla/5.0 (Linux; Android 10; K) AppleWebKit/537.36 (KHTML, like Gecko) Chrome/137.0.0.0 Mobile Safari/537.36"
162.0.232.193 - - [08/Jun/2025:15:02:00 -0400] "POST /wp-cron.php?doing_wp_cron=1749409320.4131259918212890625000 HTTP/1.1" 200 0 "-" "WordPress/6.4.5; https://w3.readbtooom.com"
84.17.60.236 - - [08/Jun/2025:15:01:46 -0400] "POST //xmlrpc.php HTTP/1.1" 200 205 "-" "Mozilla/5.0 (Windows NT 10.0; Win64; x64) AppleWebKit/537.36 (KHTML, like Gecko) Chrome/78.0.3904.108 Safari/537.36"
2001:fb1:13c:28a0:3dd9:5880:69e:99a5 - - [08/Jun/2025:15:02:00 -0400] "GET /manga/btooom-chapter-13/ HTTP/1.1" 304 0 "https://w3.readbtooom.com/" "Mozilla/5.0 (Linux; Android 10; K) AppleWebKit/537.36 (KHTML, like Gecko) Chrome/137.0.0.0 Mobile Safari/537.36"
2001:fb1:13c:28a0:3dd9:5880:69e:99a5 - - [08/Jun/2025:15:02:01 -0400] "POST /wp-admin/admin-ajax.php HTTP/1.1" 200 69 "https://w3.readbtooom.com/manga/btooom-chapter-13/" "Mozilla/5.0 (Linux; Android 10; K) AppleWebKit/537.36 (KHTML, like Gecko) Chrome/137.0.0.0 Mobile Safari/537.36"
2001:fb1:13c:28a0:3dd9:5880:69e:99a5 - - [08/Jun/2025:15:02:10 -0400] "GET /manga/btooom-chapter-11/ HTTP/1.1" 304 0 "https://w3.readbtooom.com/" "Mozilla/5.0 (Linux; Android 10; K) AppleWebKit/537.36 (KHTML, like Gecko) Chrome/137.0.0.0 Mobile Safari/537.36"
2001:fb1:13c:28a0:3dd9:5880:69e:99a5 - - [08/Jun/2025:15:02:11 -0400] "POST /wp-admin/admin-ajax.php HTTP/1.1" 200 69 "https://w3.readbtooom.com/manga/btooom-chapter-11/" "Mozilla/5.0 (Linux; Android 10; K) AppleWebKit/537.36 (KHTML, like Gecko) Chrome/137.0.0.0 Mobile Safari/537.36"
2804:498:fc3d:4100:349e:58cd:2c8a:750 - - [08/Jun/2025:15:02:12 -0400] "GET /manga/btooom-chapter-31/ HTTP/1.1" 200 22279 "https://w3.readbtooom.com/manga/btooom-chapter-32/" "Mozilla/5.0 (Linux; Android 10; K) AppleWebKit/537.36 (KHTML, like Gecko) Chrome/135.0.0.0 Mobile Safari/537.36 OPR/89.0.0.0"
2804:498:fc3d:4100:349e:58cd:2c8a:750 - - [08/Jun/2025:15:02:13 -0400] "GET /manga/btooom-chapter-33/ HTTP/1.1" 200 24638 "https://w3.readbtooom.com/manga/btooom-chapter-32/" "Mozilla/5.0 (Linux; Android 10; K) AppleWebKit/537.36 (KHTML, like Gecko) Chrome/135.0.0.0 Mobile Safari/537.36 OPR/89.0.0.0"
2804:498:fc3d:4100:349e:58cd:2c8a:750 - - [08/Jun/2025:15:02:13 -0400] "GET /manga/btooom-chapter-33/ HTTP/1.1" 304 0 "https://w3.readbtooom.com/manga/btooom-chapter-32/" "Mozilla/5.0 (Linux; Android 10; K) AppleWebKit/537.36 (KHTML, like Gecko) Chrome/135.0.0.0 Mobile Safari/537.36 OPR/89.0.0.0"
2804:498:fc3d:4100:349e:58cd:2c8a:750 - - [08/Jun/2025:15:02:14 -0400] "POST /wp-admin/admin-ajax.php HTTP/1.1" 200 69 "https://w3.readbtooom.com/manga/btooom-chapter-33/" "Mozilla/5.0 (Linux; Android 10; K) AppleWebKit/537.36 (KHTML, like Gecko) Chrome/135.0.0.0 Mobile Safari/537.36 OPR/89.0.0.0"
84.17.60.236 - - [08/Jun/2025:15:02:00 -0400] "POST //xmlrpc.php HTTP/1.1" 200 205 "-" "Mozilla/5.0 (Windows NT 10.0; Win64; x64) AppleWebKit/537.36 (KHTML, like Gecko) Chrome/78.0.3904.108 Safari/537.36"
2001:fb1:13c:28a0:3dd9:5880:69e:99a5 - - [08/Jun/2025:15:02:18 -0400] "GET /manga/btooom-chapter-12/ HTTP/1.1" 200 23647 "https://w3.readbtooom.com/" "Mozilla/5.0 (Linux; Android 10; K) AppleWebKit/537.36 (KHTML, like Gecko) Chrome/137.0.0.0 Mobile Safari/537.36"
2001:fb1:13c:28a0:3dd9:5880:69e:99a5 - - [08/Jun/2025:15:02:18 -0400] "GET /manga/btooom-chapter-12/ HTTP/1.1" 304 0 "https://w3.readbtooom.com/" "Mozilla/5.0 (Linux; Android 10; K) AppleWebKit/537.36 (KHTML, like Gecko) Chrome/137.0.0.0 Mobile Safari/537.36"
2804:498:fc3d:4100:349e:58cd:2c8a:750 - - [08/Jun/2025:15:02:24 -0400] "GET /manga/btooom-chapter-32/ HTTP/1.1" 304 0 "https://w3.readbtooom.com/manga/btooom-chapter-33/" "Mozilla/5.0 (Linux; Android 10; K) AppleWebKit/537.36 (KHTML, like Gecko) Chrome/135.0.0.0 Mobile Safari/537.36 OPR/89.0.0.0"
2804:498:fc3d:4100:349e:58cd:2c8a:750 - - [08/Jun/2025:15:02:25 -0400] "GET /manga/btooom-chapter-34/ HTTP/1.1" 200 26400 "https://w3.readbtooom.com/manga/btooom-chapter-33/" "Mozilla/5.0 (Linux; Android 10; K) AppleWebKit/537.36 (KHTML, like Gecko) Chrome/135.0.0.0 Mobile Safari/537.36 OPR/89.0.0.0"
2804:498:fc3d:4100:349e:58cd:2c8a:750 - - [08/Jun/2025:15:02:25 -0400] "GET /manga/btooom-chapter-34/ HTTP/1.1" 304 0 "https://w3.readbtooom.com/manga/btooom-chapter-33/" "Mozilla/5.0 (Linux; Android 10; K) AppleWebKit/537.36 (KHTML, like Gecko) Chrome/135.0.0.0 Mobile Safari/537.36 OPR/89.0.0.0"
84.17.60.236 - - [08/Jun/2025:15:02:16 -0400] "POST //xmlrpc.php HTTP/1.1" 200 205 "-" "Mozilla/5.0 (Windows NT 10.0; Win64; x64) AppleWebKit/537.36 (KHTML, like Gecko) Chrome/78.0.3904.108 Safari/537.36"
198.98.55.65 - - [08/Jun/2025:15:02:31 -0400] "GET /wp-login.php HTTP/1.1" 200 1848 "-" "Mozilla/5.0 (Windows NT 6.1; WOW64; rv:29.0) Gecko/20100101 Firefox/29.0"
198.98.55.65 - - [08/Jun/2025:15:02:31 -0400] "POST /wp-login.php HTTP/1.1" 200 1987 "-" "Mozilla/5.0 (Windows NT 6.1; WOW64; rv:29.0) Gecko/20100101 Firefox/29.0"
2001:fb1:13c:28a0:3dd9:5880:69e:99a5 - - [08/Jun/2025:15:02:33 -0400] "GET /manga/btooom-chapter-13/ HTTP/1.1" 304 0 "https://w3.readbtooom.com/" "Mozilla/5.0 (Linux; Android 10; K) AppleWebKit/537.36 (KHTML, like Gecko) Chrome/137.0.0.0 Mobile Safari/537.36"
2001:fb1:13c:28a0:3dd9:5880:69e:99a5 - - [08/Jun/2025:15:02:34 -0400] "POST /wp-admin/admin-ajax.php HTTP/1.1" 200 69 "https://w3.readbtooom.com/manga/btooom-chapter-13/" "Mozilla/5.0 (Linux; Android 10; K) AppleWebKit/537.36 (KHTML, like Gecko) Chrome/137.0.0.0 Mobile Safari/537.36"
2001:fb1:13c:28a0:3dd9:5880:69e:99a5 - - [08/Jun/2025:15:02:42 -0400] "GET /tag/ryota-sakamoto/ HTTP/1.1" 301 0 "https://w3.readbtooom.com/manga/btooom-chapter-13/" "Mozilla/5.0 (Linux; Android 10; K) AppleWebKit/537.36 (KHTML, like Gecko) Chrome/137.0.0.0 Mobile Safari/537.36"
2001:fb1:13c:28a0:3dd9:5880:69e:99a5 - - [08/Jun/2025:15:02:44 -0400] "GET /manga/btooom-chapter-8/ HTTP/1.1" 304 0 "https://w3.readbtooom.com/" "Mozilla/5.0 (Linux; Android 10; K) AppleWebKit/537.36 (KHTML, like Gecko) Chrome/137.0.0.0 Mobile Safari/537.36"
162.0.232.193 - - [08/Jun/2025:15:02:45 -0400] "POST /wp-cron.php?doing_wp_cron=1749409365.0780439376831054687500 HTTP/1.1" 200 0 "-" "WordPress/6.4.5; https://w3.readbtooom.com"
84.17.60.236 - - [08/Jun/2025:15:02:30 -0400] "POST //xmlrpc.php HTTP/1.1" 200 205 "-" "Mozilla/5.0 (Windows NT 10.0; Win64; x64) AppleWebKit/537.36 (KHTML, like Gecko) Chrome/78.0.3904.108 Safari/537.36"
2001:fb1:13c:28a0:3dd9:5880:69e:99a5 - - [08/Jun/2025:15:02:52 -0400] "GET /manga/btooom-chapter-9/ HTTP/1.1" 304 0 "https://w3.readbtooom.com/" "Mozilla/5.0 (Linux; Android 10; K) AppleWebKit/537.36 (KHTML, like Gecko) Chrome/137.0.0.0 Mobile Safari/537.36"
2001:fb1:13c:28a0:3dd9:5880:69e:99a5 - - [08/Jun/2025:15:02:55 -0400] "GET /manga/btooom-chapter-4/ HTTP/1.1" 200 23490 "https://w3.readbtooom.com/" "Mozilla/5.0 (Linux; Android 10; K) AppleWebKit/537.36 (KHTML, like Gecko) Chrome/137.0.0.0 Mobile Safari/537.36"
2001:fb1:13c:28a0:3dd9:5880:69e:99a5 - - [08/Jun/2025:15:02:55 -0400] "GET /manga/btooom-chapter-4/ HTTP/1.1" 304 0 "https://w3.readbtooom.com/" "Mozilla/5.0 (Linux; Android 10; K) AppleWebKit/537.36 (KHTML, like Gecko) Chrome/137.0.0.0 Mobile Safari/537.36"
162.0.232.193 - - [08/Jun/2025:15:02:56 -0400] "POST /wp-cron.php?doing_wp_cron=1749409376.4617249965667724609375 HTTP/1.1" 200 0 "-" "WordPress/6.4.5; https://w3.readbtooom.com"
2001:fb1:13c:28a0:3dd9:5880:69e:99a5 - - [08/Jun/2025:15:02:56 -0400] "GET / HTTP/1.1" 304 0 "https://w3.readbtooom.com/" "Mozilla/5.0 (Linux; Android 10; K) AppleWebKit/537.36 (KHTML, like Gecko) Chrome/137.0.0.0 Mobile Safari/537.36"
2001:fb1:13c:28a0:3dd9:5880:69e:99a5 - - [08/Jun/2025:15:02:56 -0400] "POST /wp-admin/admin-ajax.php HTTP/1.1" 200 69 "https://w3.readbtooom.com/manga/btooom-chapter-4/" "Mozilla/5.0 (Linux; Android 10; K) AppleWebKit/537.36 (KHTML, like Gecko) Chrome/137.0.0.0 Mobile Safari/537.36"
84.17.60.236 - - [08/Jun/2025:15:02:45 -0400] "POST //xmlrpc.php HTTP/1.1" 200 205 "-" "Mozilla/5.0 (Windows NT 10.0; Win64; x64) AppleWebKit/537.36 (KHTML, like Gecko) Chrome/78.0.3904.108 Safari/537.36"
124.246.127.105 - - [08/Jun/2025:15:03:01 -0400] "GET /manga/btooom-chapter-85/ HTTP/1.1" 200 31195 "https://w3.readbtooom.com/manga/btooom-chapter-84/" "Mozilla/5.0 (X11; CrOS x86_64 14541.0.0) AppleWebKit/537.36 (KHTML, like Gecko) Chrome/136.0.0.0 Safari/537.36"
124.246.127.105 - - [08/Jun/2025:15:03:01 -0400] "GET /manga/btooom-chapter-85/ HTTP/1.1" 304 0 "https://w3.readbtooom.com/manga/btooom-chapter-84/" "Mozilla/5.0 (X11; CrOS x86_64 14541.0.0) AppleWebKit/537.36 (KHTML, like Gecko) Chrome/136.0.0.0 Safari/537.36"
124.246.127.105 - - [08/Jun/2025:15:03:01 -0400] "POST /wp-admin/admin-ajax.php HTTP/1.1" 200 69 "https://w3.readbtooom.com/manga/btooom-chapter-85/" "Mozilla/5.0 (X11; CrOS x86_64 14541.0.0) AppleWebKit/537.36 (KHTML, like Gecko) Chrome/136.0.0.0 Safari/537.36"
2001:fb1:13c:28a0:3dd9:5880:69e:99a5 - - [08/Jun/2025:15:03:08 -0400] "GET /manga/btooom-chapter-3/ HTTP/1.1" 200 22662 "https://w3.readbtooom.com/manga/btooom-chapter-4/" "Mozilla/5.0 (Linux; Android 10; K) AppleWebKit/537.36 (KHTML, like Gecko) Chrome/137.0.0.0 Mobile Safari/537.36"
2001:fb1:13c:28a0:3dd9:5880:69e:99a5 - - [08/Jun/2025:15:03:10 -0400] "GET /manga/btooom-chapter-5/ HTTP/1.1" 304 0 "https://w3.readbtooom.com/" "Mozilla/5.0 (Linux; Android 10; K) AppleWebKit/537.36 (KHTML, like Gecko) Chrome/137.0.0.0 Mobile Safari/537.36"
2001:fb1:13c:28a0:3dd9:5880:69e:99a5 - - [08/Jun/2025:15:03:10 -0400] "POST /wp-admin/admin-ajax.php HTTP/1.1" 200 69 "https://w3.readbtooom.com/manga/btooom-chapter-5/" "Mozilla/5.0 (Linux; Android 10; K) AppleWebKit/537.36 (KHTML, like Gecko) Chrome/137.0.0.0 Mobile Safari/537.36"
84.17.60.236 - - [08/Jun/2025:15:03:01 -0400] "POST //xmlrpc.php HTTP/1.1" 200 205 "-" "Mozilla/5.0 (Windows NT 10.0; Win64; x64) AppleWebKit/537.36 (KHTML, like Gecko) Chrome/78.0.3904.108 Safari/537.36"
2001:fb1:13c:28a0:3dd9:5880:69e:99a5 - - [08/Jun/2025:15:03:16 -0400] "GET / HTTP/1.1" 304 0 "https://w3.readbtooom.com/" "Mozilla/5.0 (Linux; Android 10; K) AppleWebKit/537.36 (KHTML, like Gecko) Chrome/137.0.0.0 Mobile Safari/537.36"
2001:fb1:13c:28a0:3dd9:5880:69e:99a5 - - [08/Jun/2025:15:03:18 -0400] "GET /manga/btooom-chapter-6/ HTTP/1.1" 304 0 "https://w3.readbtooom.com/" "Mozilla/5.0 (Linux; Android 10; K) AppleWebKit/537.36 (KHTML, like Gecko) Chrome/137.0.0.0 Mobile Safari/537.36"
2001:fb1:13c:28a0:3dd9:5880:69e:99a5 - - [08/Jun/2025:15:03:27 -0400] "GET /manga/btooom-chapter-7/ HTTP/1.1" 304 0 "https://w3.readbtooom.com/" "Mozilla/5.0 (Linux; Android 10; K) AppleWebKit/537.36 (KHTML, like Gecko) Chrome/137.0.0.0 Mobile Safari/537.36"
2001:fb1:13c:28a0:3dd9:5880:69e:99a5 - - [08/Jun/2025:15:03:28 -0400] "POST /wp-admin/admin-ajax.php HTTP/1.1" 200 69 "https://w3.readbtooom.com/manga/btooom-chapter-7/" "Mozilla/5.0 (Linux; Android 10; K) AppleWebKit/537.36 (KHTML, like Gecko) Chrome/137.0.0.0 Mobile Safari/537.36"
84.17.60.236 - - [08/Jun/2025:15:03:15 -0400] "POST //xmlrpc.php HTTP/1.1" 200 205 "-" "Mozilla/5.0 (Windows NT 10.0; Win64; x64) AppleWebKit/537.36 (KHTML, like Gecko) Chrome/78.0.3904.108 Safari/537.36"
2001:fb1:13c:28a0:3dd9:5880:69e:99a5 - - [08/Jun/2025:15:03:36 -0400] "GET /manga/btooom-chapter-14/ HTTP/1.1" 200 24609 "https://w3.readbtooom.com/" "Mozilla/5.0 (Linux; Android 10; K) AppleWebKit/537.36 (KHTML, like Gecko) Chrome/137.0.0.0 Mobile Safari/537.36"
2001:fb1:13c:28a0:3dd9:5880:69e:99a5 - - [08/Jun/2025:15:03:37 -0400] "GET /manga/btooom-chapter-14/ HTTP/1.1" 304 0 "https://w3.readbtooom.com/" "Mozilla/5.0 (Linux; Android 10; K) AppleWebKit/537.36 (KHTML, like Gecko) Chrome/137.0.0.0 Mobile Safari/537.36"
162.0.232.193 - - [08/Jun/2025:15:03:38 -0400] "POST /wp-cron.php?doing_wp_cron=1749409418.0023660659790039062500 HTTP/1.1" 200 0 "-" "WordPress/6.4.5; https://w3.readbtooom.com"
2001:fb1:13c:28a0:3dd9:5880:69e:99a5 - - [08/Jun/2025:15:03:37 -0400] "POST /wp-admin/admin-ajax.php HTTP/1.1" 200 69 "https://w3.readbtooom.com/manga/btooom-chapter-14/" "Mozilla/5.0 (Linux; Android 10; K) AppleWebKit/537.36 (KHTML, like Gecko) Chrome/137.0.0.0 Mobile Safari/537.36"
84.17.60.236 - - [08/Jun/2025:15:03:30 -0400] "POST //xmlrpc.php HTTP/1.1" 200 205 "-" "Mozilla/5.0 (Windows NT 10.0; Win64; x64) AppleWebKit/537.36 (KHTML, like Gecko) Chrome/78.0.3904.108 Safari/537.36"
2001:fb1:13c:28a0:3dd9:5880:69e:99a5 - - [08/Jun/2025:15:03:54 -0400] "GET /manga/btooom-chapter-16/ HTTP/1.1" 200 22702 "https://w3.readbtooom.com/" "Mozilla/5.0 (Linux; Android 10; K) AppleWebKit/537.36 (KHTML, like Gecko) Chrome/137.0.0.0 Mobile Safari/537.36"
2001:fb1:13c:28a0:3dd9:5880:69e:99a5 - - [08/Jun/2025:15:03:55 -0400] "GET /manga/btooom-chapter-16/ HTTP/1.1" 304 0 "https://w3.readbtooom.com/" "Mozilla/5.0 (Linux; Android 10; K) AppleWebKit/537.36 (KHTML, like Gecko) Chrome/137.0.0.0 Mobile Safari/537.36"
162.0.232.193 - - [08/Jun/2025:15:04:00 -0400] "POST /wp-cron.php?doing_wp_cron=1749409440.1026430130004882812500 HTTP/1.1" 200 0 "-" "WordPress/6.4.5; https://w3.readbtooom.com"
84.17.60.236 - - [08/Jun/2025:15:03:46 -0400] "POST //xmlrpc.php HTTP/1.1" 200 205 "-" "Mozilla/5.0 (Windows NT 10.0; Win64; x64) AppleWebKit/537.36 (KHTML, like Gecko) Chrome/78.0.3904.108 Safari/537.36"
2001:fb1:13c:28a0:3dd9:5880:69e:99a5 - - [08/Jun/2025:15:04:13 -0400] "GET /manga/btooom-chapter-14-5/ HTTP/1.1" 200 20344 "https://w3.readbtooom.com/" "Mozilla/5.0 (Linux; Android 10; K) AppleWebKit/537.36 (KHTML, like Gecko) Chrome/137.0.0.0 Mobile Safari/537.36"
2001:fb1:13c:28a0:3dd9:5880:69e:99a5 - - [08/Jun/2025:15:04:14 -0400] "GET /manga/btooom-chapter-14-5/ HTTP/1.1" 304 0 "https://w3.readbtooom.com/" "Mozilla/5.0 (Linux; Android 10; K) AppleWebKit/537.36 (KHTML, like Gecko) Chrome/137.0.0.0 Mobile Safari/537.36"
84.17.60.236 - - [08/Jun/2025:15:04:00 -0400] "POST //xmlrpc.php HTTP/1.1" 200 205 "-" "Mozilla/5.0 (Windows NT 10.0; Win64; x64) AppleWebKit/537.36 (KHTML, like Gecko) Chrome/78.0.3904.108 Safari/537.36"
2001:fb1:13c:28a0:3dd9:5880:69e:99a5 - - [08/Jun/2025:15:04:17 -0400] "GET /manga/btooom-chapter-14/ HTTP/1.1" 304 0 "https://w3.readbtooom.com/" "Mozilla/5.0 (Linux; Android 10; K) AppleWebKit/537.36 (KHTML, like Gecko) Chrome/137.0.0.0 Mobile Safari/537.36"
2001:fb1:13c:28a0:3dd9:5880:69e:99a5 - - [08/Jun/2025:15:04:18 -0400] "POST /wp-admin/admin-ajax.php HTTP/1.1" 200 69 "https://w3.readbtooom.com/manga/btooom-chapter-14/" "Mozilla/5.0 (Linux; Android 10; K) AppleWebKit/537.36 (KHTML, like Gecko) Chrome/137.0.0.0 Mobile Safari/537.36"
2001:fb1:13c:28a0:3dd9:5880:69e:99a5 - - [08/Jun/2025:15:04:23 -0400] "GET /manga/btooom-chapter-15/ HTTP/1.1" 200 24220 "https://w3.readbtooom.com/" "Mozilla/5.0 (Linux; Android 10; K) AppleWebKit/537.36 (KHTML, like Gecko) Chrome/137.0.0.0 Mobile Safari/537.36"
2001:fb1:13c:28a0:3dd9:5880:69e:99a5 - - [08/Jun/2025:15:04:23 -0400] "GET /manga/btooom-chapter-15/ HTTP/1.1" 304 0 "https://w3.readbtooom.com/" "Mozilla/5.0 (Linux; Android 10; K) AppleWebKit/537.36 (KHTML, like Gecko) Chrome/137.0.0.0 Mobile Safari/537.36"
2001:fb1:13c:28a0:3dd9:5880:69e:99a5 - - [08/Jun/2025:15:04:24 -0400] "POST /wp-admin/admin-ajax.php HTTP/1.1" 200 69 "https://w3.readbtooom.com/manga/btooom-chapter-15/" "Mozilla/5.0 (Linux; Android 10; K) AppleWebKit/537.36 (KHTML, like Gecko) Chrome/137.0.0.0 Mobile Safari/537.36"
2804:498:fc3d:4100:349e:58cd:2c8a:750 - - [08/Jun/2025:15:04:27 -0400] "GET /manga/btooom-chapter-33/ HTTP/1.1" 304 0 "https://w3.readbtooom.com/manga/btooom-chapter-34/" "Mozilla/5.0 (Linux; Android 10; K) AppleWebKit/537.36 (KHTML, like Gecko) Chrome/135.0.0.0 Mobile Safari/537.36 OPR/89.0.0.0"
2804:498:fc3d:4100:349e:58cd:2c8a:750 - - [08/Jun/2025:15:04:27 -0400] "GET /manga/btooom-chapter-35/ HTTP/1.1" 200 29776 "https://w3.readbtooom.com/manga/btooom-chapter-34/" "Mozilla/5.0 (Linux; Android 10; K) AppleWebKit/537.36 (KHTML, like Gecko) Chrome/135.0.0.0 Mobile Safari/537.36 OPR/89.0.0.0"
2804:498:fc3d:4100:349e:58cd:2c8a:750 - - [08/Jun/2025:15:04:28 -0400] "GET /manga/btooom-chapter-35/ HTTP/1.1" 304 0 "https://w3.readbtooom.com/manga/btooom-chapter-34/" "Mozilla/5.0 (Linux; Android 10; K) AppleWebKit/537.36 (KHTML, like Gecko) Chrome/135.0.0.0 Mobile Safari/537.36 OPR/89.0.0.0"
84.17.60.236 - - [08/Jun/2025:15:04:15 -0400] "POST //xmlrpc.php HTTP/1.1" 200 205 "-" "Mozilla/5.0 (Windows NT 10.0; Win64; x64) AppleWebKit/537.36 (KHTML, like Gecko) Chrome/78.0.3904.108 Safari/537.36"
2001:fb1:13c:28a0:3dd9:5880:69e:99a5 - - [08/Jun/2025:15:04:37 -0400] "GET /manga/btooom-chapter-16/ HTTP/1.1" 304 0 "https://w3.readbtooom.com/" "Mozilla/5.0 (Linux; Android 10; K) AppleWebKit/537.36 (KHTML, like Gecko) Chrome/137.0.0.0 Mobile Safari/537.36"
2001:fb1:13c:28a0:3dd9:5880:69e:99a5 - - [08/Jun/2025:15:04:40 -0400] "GET /manga/btooom-chapter-4/ HTTP/1.1" 304 0 "https://w3.readbtooom.com/" "Mozilla/5.0 (Linux; Android 10; K) AppleWebKit/537.36 (KHTML, like Gecko) Chrome/137.0.0.0 Mobile Safari/537.36"
162.0.232.193 - - [08/Jun/2025:15:04:41 -0400] "POST /wp-cron.php?doing_wp_cron=1749409481.7575519084930419921875 HTTP/1.1" 200 0 "-" "WordPress/6.4.5; https://w3.readbtooom.com"
2001:fb1:13c:28a0:3dd9:5880:69e:99a5 - - [08/Jun/2025:15:04:41 -0400] "POST /wp-admin/admin-ajax.php HTTP/1.1" 200 69 "https://w3.readbtooom.com/manga/btooom-chapter-4/" "Mozilla/5.0 (Linux; Android 10; K) AppleWebKit/537.36 (KHTML, like Gecko) Chrome/137.0.0.0 Mobile Safari/537.36"
2001:fb1:13c:28a0:3dd9:5880:69e:99a5 - - [08/Jun/2025:15:04:43 -0400] "GET /manga/btooom-chapter-2/ HTTP/1.1" 200 24243 "https://w3.readbtooom.com/" "Mozilla/5.0 (Linux; Android 10; K) AppleWebKit/537.36 (KHTML, like Gecko) Chrome/137.0.0.0 Mobile Safari/537.36"
2001:fb1:13c:28a0:3dd9:5880:69e:99a5 - - [08/Jun/2025:15:04:44 -0400] "GET /manga/btooom-chapter-2/ HTTP/1.1" 304 0 "https://w3.readbtooom.com/" "Mozilla/5.0 (Linux; Android 10; K) AppleWebKit/537.36 (KHTML, like Gecko) Chrome/137.0.0.0 Mobile Safari/537.36"
84.17.60.236 - - [08/Jun/2025:15:04:31 -0400] "POST //xmlrpc.php HTTP/1.1" 200 205 "-" "Mozilla/5.0 (Windows NT 10.0; Win64; x64) AppleWebKit/537.36 (KHTML, like Gecko) Chrome/78.0.3904.108 Safari/537.36"
2001:fb1:13c:28a0:3dd9:5880:69e:99a5 - - [08/Jun/2025:15:04:45 -0400] "POST /wp-admin/admin-ajax.php HTTP/1.1" 200 69 "https://w3.readbtooom.com/manga/btooom-chapter-2/" "Mozilla/5.0 (Linux; Android 10; K) AppleWebKit/537.36 (KHTML, like Gecko) Chrome/137.0.0.0 Mobile Safari/537.36"
2001:fb1:13c:28a0:3dd9:5880:69e:99a5 - - [08/Jun/2025:15:04:52 -0400] "GET /manga/btooom-chapter-3/ HTTP/1.1" 304 0 "https://w3.readbtooom.com/" "Mozilla/5.0 (Linux; Android 10; K) AppleWebKit/537.36 (KHTML, like Gecko) Chrome/137.0.0.0 Mobile Safari/537.36"
2001:fb1:13c:28a0:3dd9:5880:69e:99a5 - - [08/Jun/2025:15:04:52 -0400] "GET /manga/btooom-chapter-3/ HTTP/1.1" 304 0 "https://w3.readbtooom.com/" "Mozilla/5.0 (Linux; Android 10; K) AppleWebKit/537.36 (KHTML, like Gecko) Chrome/137.0.0.0 Mobile Safari/537.36"
124.246.127.105 - - [08/Jun/2025:15:04:58 -0400] "GET /manga/btooom-chapter-86/ HTTP/1.1" 200 32292 "https://w3.readbtooom.com/manga/btooom-chapter-85/" "Mozilla/5.0 (X11; CrOS x86_64 14541.0.0) AppleWebKit/537.36 (KHTML, like Gecko) Chrome/136.0.0.0 Safari/537.36"
2001:fb1:13c:28a0:3dd9:5880:69e:99a5 - - [08/Jun/2025:15:04:58 -0400] "GET /manga/btooom-chapter-2/ HTTP/1.1" 304 0 "https://w3.readbtooom.com/manga/btooom-chapter-3/" "Mozilla/5.0 (Linux; Android 10; K) AppleWebKit/537.36 (KHTML, like Gecko) Chrome/137.0.0.0 Mobile Safari/537.36"
124.246.127.105 - - [08/Jun/2025:15:04:58 -0400] "GET /manga/btooom-chapter-86/ HTTP/1.1" 304 0 "https://w3.readbtooom.com/manga/btooom-chapter-85/" "Mozilla/5.0 (X11; CrOS x86_64 14541.0.0) AppleWebKit/537.36 (KHTML, like Gecko) Chrome/136.0.0.0 Safari/537.36"
162.0.232.193 - - [08/Jun/2025:15:04:59 -0400] "POST /wp-cron.php?doing_wp_cron=1749409499.5293641090393066406250 HTTP/1.1" 200 0 "-" "WordPress/6.4.5; https://w3.readbtooom.com"
2001:fb1:13c:28a0:3dd9:5880:69e:99a5 - - [08/Jun/2025:15:05:00 -0400] "GET /manga/btooom-chapter-4/ HTTP/1.1" 304 0 "https://w3.readbtooom.com/" "Mozilla/5.0 (Linux; Android 10; K) AppleWebKit/537.36 (KHTML, like Gecko) Chrome/137.0.0.0 Mobile Safari/537.36"
124.246.127.105 - - [08/Jun/2025:15:04:59 -0400] "POST /wp-admin/admin-ajax.php HTTP/1.1" 200 69 "https://w3.readbtooom.com/manga/btooom-chapter-86/" "Mozilla/5.0 (X11; CrOS x86_64 14541.0.0) AppleWebKit/537.36 (KHTML, like Gecko) Chrome/136.0.0.0 Safari/537.36"
2001:fb1:13c:28a0:3dd9:5880:69e:99a5 - - [08/Jun/2025:15:05:00 -0400] "POST /wp-admin/admin-ajax.php HTTP/1.1" 200 69 "https://w3.readbtooom.com/manga/btooom-chapter-4/" "Mozilla/5.0 (Linux; Android 10; K) AppleWebKit/537.36 (KHTML, like Gecko) Chrome/137.0.0.0 Mobile Safari/537.36"
2001:fb1:13c:28a0:3dd9:5880:69e:99a5 - - [08/Jun/2025:15:05:03 -0400] "GET /manga/btooom-chapter-5/ HTTP/1.1" 304 0 "https://w3.readbtooom.com/" "Mozilla/5.0 (Linux; Android 10; K) AppleWebKit/537.36 (KHTML, like Gecko) Chrome/137.0.0.0 Mobile Safari/537.36"
2001:fb1:13c:28a0:3dd9:5880:69e:99a5 - - [08/Jun/2025:15:05:03 -0400] "GET /manga/btooom-chapter-121-2/ HTTP/1.1" 200 49260 "https://w3.readbtooom.com/manga/btooom-chapter-5/" "Mozilla/5.0 (Linux; Android 10; K) AppleWebKit/537.36 (KHTML, like Gecko) Chrome/137.0.0.0 Mobile Safari/537.36"
2001:fb1:13c:28a0:3dd9:5880:69e:99a5 - - [08/Jun/2025:15:05:03 -0400] "POST /wp-admin/admin-ajax.php HTTP/1.1" 200 69 "https://w3.readbtooom.com/manga/btooom-chapter-5/" "Mozilla/5.0 (Linux; Android 10; K) AppleWebKit/537.36 (KHTML, like Gecko) Chrome/137.0.0.0 Mobile Safari/537.36"
2001:fb1:13c:28a0:3dd9:5880:69e:99a5 - - [08/Jun/2025:15:05:08 -0400] "GET /manga/btooom-chapter-4/ HTTP/1.1" 304 0 "https://w3.readbtooom.com/manga/btooom-chapter-5/" "Mozilla/5.0 (Linux; Android 10; K) AppleWebKit/537.36 (KHTML, like Gecko) Chrome/137.0.0.0 Mobile Safari/537.36"
2001:fb1:13c:28a0:3dd9:5880:69e:99a5 - - [08/Jun/2025:15:05:10 -0400] "GET /manga/btooom-chapter-6/ HTTP/1.1" 304 0 "https://w3.readbtooom.com/" "Mozilla/5.0 (Linux; Android 10; K) AppleWebKit/537.36 (KHTML, like Gecko) Chrome/137.0.0.0 Mobile Safari/537.36"
122.116.159.135 - - [08/Jun/2025:15:05:13 -0400] "GET /manga/btooom-chapter-120-2/ HTTP/1.1" 200 32656 "https://w3.readbtooom.com/manga/btooom-chapter-121/" "Mozilla/5.0 (Windows NT 10.0; Win64; x64) AppleWebKit/537.36 (KHTML, like Gecko) Chrome/134.0.0.0 Safari/537.36 OPR/119.0.0.0"
122.116.159.135 - - [08/Jun/2025:15:05:13 -0400] "GET /manga/btooom-chapter-121-2/ HTTP/1.1" 200 49260 "https://w3.readbtooom.com/manga/btooom-chapter-121/" "Mozilla/5.0 (Windows NT 10.0; Win64; x64) AppleWebKit/537.36 (KHTML, like Gecko) Chrome/134.0.0.0 Safari/537.36 OPR/119.0.0.0"
122.116.159.135 - - [08/Jun/2025:15:05:13 -0400] "GET /manga/btooom-chapter-121-2/ HTTP/1.1" 304 0 "https://w3.readbtooom.com/manga/btooom-chapter-121/" "Mozilla/5.0 (Windows NT 10.0; Win64; x64) AppleWebKit/537.36 (KHTML, like Gecko) Chrome/134.0.0.0 Safari/537.36 OPR/119.0.0.0"
2804:498:fc3d:4100:349e:58cd:2c8a:750 - - [08/Jun/2025:15:05:18 -0400] "GET /manga/btooom-chapter-36/ HTTP/1.1" 200 24220 "https://w3.readbtooom.com/manga/btooom-chapter-35/" "Mozilla/5.0 (Linux; Android 10; K) AppleWebKit/537.36 (KHTML, like Gecko) Chrome/135.0.0.0 Mobile Safari/537.36 OPR/89.0.0.0"
2804:498:fc3d:4100:349e:58cd:2c8a:750 - - [08/Jun/2025:15:05:20 -0400] "GET /manga/btooom-chapter-36/ HTTP/1.1" 304 0 "https://w3.readbtooom.com/manga/btooom-chapter-35/" "Mozilla/5.0 (Linux; Android 10; K) AppleWebKit/537.36 (KHTML, like Gecko) Chrome/135.0.0.0 Mobile Safari/537.36 OPR/89.0.0.0"
2001:fb1:13c:28a0:3dd9:5880:69e:99a5 - - [08/Jun/2025:15:05:23 -0400] "GET /manga/btooom-chapter-7/ HTTP/1.1" 304 0 "https://w3.readbtooom.com/" "Mozilla/5.0 (Linux; Android 10; K) AppleWebKit/537.36 (KHTML, like Gecko) Chrome/137.0.0.0 Mobile Safari/537.36"
2001:fb1:13c:28a0:3dd9:5880:69e:99a5 - - [08/Jun/2025:15:05:24 -0400] "POST /wp-admin/admin-ajax.php HTTP/1.1" 200 69 "https://w3.readbtooom.com/manga/btooom-chapter-7/" "Mozilla/5.0 (Linux; Android 10; K) AppleWebKit/537.36 (KHTML, like Gecko) Chrome/137.0.0.0 Mobile Safari/537.36"
122.116.159.135 - - [08/Jun/2025:15:05:29 -0400] "GET /manga/btooom-chapter-121/ HTTP/1.1" 304 0 "https://w3.readbtooom.com/manga/btooom-chapter-121-2/" "Mozilla/5.0 (Windows NT 10.0; Win64; x64) AppleWebKit/537.36 (KHTML, like Gecko) Chrome/134.0.0.0 Safari/537.36 OPR/119.0.0.0"
2001:fb1:13c:28a0:3dd9:5880:69e:99a5 - - [08/Jun/2025:15:05:30 -0400] "GET /manga/btooom-chapter-19/ HTTP/1.1" 200 23677 "https://w3.readbtooom.com/" "Mozilla/5.0 (Linux; Android 10; K) AppleWebKit/537.36 (KHTML, like Gecko) Chrome/137.0.0.0 Mobile Safari/537.36"
2001:fb1:13c:28a0:3dd9:5880:69e:99a5 - - [08/Jun/2025:15:05:30 -0400] "GET /manga/btooom-chapter-19/ HTTP/1.1" 304 0 "https://w3.readbtooom.com/" "Mozilla/5.0 (Linux; Android 10; K) AppleWebKit/537.36 (KHTML, like Gecko) Chrome/137.0.0.0 Mobile Safari/537.36"
2001:fb1:13c:28a0:3dd9:5880:69e:99a5 - - [08/Jun/2025:15:05:31 -0400] "POST /wp-admin/admin-ajax.php HTTP/1.1" 200 69 "https://w3.readbtooom.com/manga/btooom-chapter-19/" "Mozilla/5.0 (Linux; Android 10; K) AppleWebKit/537.36 (KHTML, like Gecko) Chrome/137.0.0.0 Mobile Safari/537.36"
2001:fb1:13c:28a0:3dd9:5880:69e:99a5 - - [08/Jun/2025:15:05:43 -0400] "GET /manga/btooom-chapter-20/ HTTP/1.1" 200 22891 "https://w3.readbtooom.com/" "Mozilla/5.0 (Linux; Android 10; K) AppleWebKit/537.36 (KHTML, like Gecko) Chrome/137.0.0.0 Mobile Safari/537.36"
2001:fb1:13c:28a0:3dd9:5880:69e:99a5 - - [08/Jun/2025:15:05:44 -0400] "GET /manga/btooom-chapter-20/ HTTP/1.1" 304 0 "https://w3.readbtooom.com/" "Mozilla/5.0 (Linux; Android 10; K) AppleWebKit/537.36 (KHTML, like Gecko) Chrome/137.0.0.0 Mobile Safari/537.36"
2001:fb1:13c:28a0:3dd9:5880:69e:99a5 - - [08/Jun/2025:15:05:58 -0400] "GET /manga/btooom-chapter-21/ HTTP/1.1" 200 23160 "https://w3.readbtooom.com/" "Mozilla/5.0 (Linux; Android 10; K) AppleWebKit/537.36 (KHTML, like Gecko) Chrome/137.0.0.0 Mobile Safari/537.36"
2001:fb1:13c:28a0:3dd9:5880:69e:99a5 - - [08/Jun/2025:15:05:58 -0400] "GET /manga/btooom-chapter-21/ HTTP/1.1" 304 0 "https://w3.readbtooom.com/" "Mozilla/5.0 (Linux; Android 10; K) AppleWebKit/537.36 (KHTML, like Gecko) Chrome/137.0.0.0 Mobile Safari/537.36"
2804:498:fc3d:4100:349e:58cd:2c8a:750 - - [08/Jun/2025:15:06:05 -0400] "GET /tag/ryota-sakamoto/ HTTP/1.1" 301 0 "https://w3.readbtooom.com/manga/btooom-chapter-36/" "Mozilla/5.0 (Linux; Android 10; K) AppleWebKit/537.36 (KHTML, like Gecko) Chrome/135.0.0.0 Mobile Safari/537.36 OPR/89.0.0.0"
2001:fb1:13c:28a0:3dd9:5880:69e:99a5 - - [08/Jun/2025:15:06:06 -0400] "GET /manga/btooom-chapter-20/ HTTP/1.1" 304 0 "https://w3.readbtooom.com/manga/btooom-chapter-21/" "Mozilla/5.0 (Linux; Android 10; K) AppleWebKit/537.36 (KHTML, like Gecko) Chrome/137.0.0.0 Mobile Safari/537.36"
2001:fb1:13c:28a0:3dd9:5880:69e:99a5 - - [08/Jun/2025:15:06:07 -0400] "GET /tag/masashi-miyamoto/ HTTP/1.1" 301 0 "https://w3.readbtooom.com/manga/btooom-chapter-21/" "Mozilla/5.0 (Linux; Android 10; K) AppleWebKit/537.36 (KHTML, like Gecko) Chrome/137.0.0.0 Mobile Safari/537.36"
2804:498:fc3d:4100:349e:58cd:2c8a:750 - - [08/Jun/2025:15:06:07 -0400] "GET /manga/btooom-chapter-35/ HTTP/1.1" 304 0 "https://w3.readbtooom.com/manga/btooom-chapter-36/" "Mozilla/5.0 (Linux; Android 10; K) AppleWebKit/537.36 (KHTML, like Gecko) Chrome/135.0.0.0 Mobile Safari/537.36 OPR/89.0.0.0"
2001:fb1:13c:28a0:3dd9:5880:69e:99a5 - - [08/Jun/2025:15:06:08 -0400] "GET / HTTP/1.1" 304 0 "https://w3.readbtooom.com/" "Mozilla/5.0 (Linux; Android 10; K) AppleWebKit/537.36 (KHTML, like Gecko) Chrome/137.0.0.0 Mobile Safari/537.36"
162.0.232.193 - - [08/Jun/2025:15:06:08 -0400] "POST /wp-cron.php?doing_wp_cron=1749409568.1158130168914794921875 HTTP/1.1" 200 0 "-" "WordPress/6.4.5; https://w3.readbtooom.com"
2804:498:fc3d:4100:349e:58cd:2c8a:750 - - [08/Jun/2025:15:06:08 -0400] "GET / HTTP/1.1" 200 18608 "https://w3.readbtooom.com/" "Mozilla/5.0 (Linux; Android 10; K) AppleWebKit/537.36 (KHTML, like Gecko) Chrome/135.0.0.0 Mobile Safari/537.36 OPR/89.0.0.0"
2804:498:fc3d:4100:349e:58cd:2c8a:750 - - [08/Jun/2025:15:06:08 -0400] "GET /manga/btooom-chapter-37/ HTTP/1.1" 200 24489 "https://w3.readbtooom.com/manga/btooom-chapter-36/" "Mozilla/5.0 (Linux; Android 10; K) AppleWebKit/537.36 (KHTML, like Gecko) Chrome/135.0.0.0 Mobile Safari/537.36 OPR/89.0.0.0"
2804:498:fc3d:4100:349e:58cd:2c8a:750 - - [08/Jun/2025:15:06:09 -0400] "GET /manga/btooom-chapter-37/ HTTP/1.1" 304 0 "https://w3.readbtooom.com/manga/btooom-chapter-36/" "Mozilla/5.0 (Linux; Android 10; K) AppleWebKit/537.36 (KHTML, like Gecko) Chrome/135.0.0.0 Mobile Safari/537.36 OPR/89.0.0.0"
2804:498:fc3d:4100:349e:58cd:2c8a:750 - - [08/Jun/2025:15:06:10 -0400] "POST /wp-admin/admin-ajax.php HTTP/1.1" 200 69 "https://w3.readbtooom.com/manga/btooom-chapter-37/" "Mozilla/5.0 (Linux; Android 10; K) AppleWebKit/537.36 (KHTML, like Gecko) Chrome/135.0.0.0 Mobile Safari/537.36 OPR/89.0.0.0"
43.130.111.40 - - [08/Jun/2025:15:06:15 -0400] "GET /manga/btooom-chapter-83/ HTTP/1.1" 200 30067 "-" "Mozilla/5.0 (iPhone; CPU iPhone OS 13_2_3 like Mac OS X) AppleWebKit/605.1.15 (KHTML, like Gecko) Version/13.0.3 Mobile/15E148 Safari/604.1"
2001:fb1:13c:28a0:3dd9:5880:69e:99a5 - - [08/Jun/2025:15:07:00 -0400] "GET /manga/btooom-chapter-3/ HTTP/1.1" 304 0 "https://w3.readbtooom.com/" "Mozilla/5.0 (Linux; Android 10; K) AppleWebKit/537.36 (KHTML, like Gecko) Chrome/137.0.0.0 Mobile Safari/537.36"
2001:fb1:13c:28a0:3dd9:5880:69e:99a5 - - [08/Jun/2025:15:07:04 -0400] "GET /manga/btooom-chapter-4/ HTTP/1.1" 304 0 "https://w3.readbtooom.com/" "Mozilla/5.0 (Linux; Android 10; K) AppleWebKit/537.36 (KHTML, like Gecko) Chrome/137.0.0.0 Mobile Safari/537.36"
162.0.232.193 - - [08/Jun/2025:15:07:05 -0400] "POST /wp-cron.php?doing_wp_cron=1749409624.9608271121978759765625 HTTP/1.1" 200 0 "-" "WordPress/6.4.5; https://w3.readbtooom.com"
2001:fb1:13c:28a0:3dd9:5880:69e:99a5 - - [08/Jun/2025:15:07:04 -0400] "POST /wp-admin/admin-ajax.php HTTP/1.1" 200 69 "https://w3.readbtooom.com/manga/btooom-chapter-4/" "Mozilla/5.0 (Linux; Android 10; K) AppleWebKit/537.36 (KHTML, like Gecko) Chrome/137.0.0.0 Mobile Safari/537.36"
2804:498:fc3d:4100:349e:58cd:2c8a:750 - - [08/Jun/2025:15:07:14 -0400] "GET /manga/btooom-chapter-38/ HTTP/1.1" 200 32898 "https://w3.readbtooom.com/manga/btooom-chapter-37/" "Mozilla/5.0 (Linux; Android 10; K) AppleWebKit/537.36 (KHTML, like Gecko) Chrome/135.0.0.0 Mobile Safari/537.36 OPR/89.0.0.0"
2804:498:fc3d:4100:349e:58cd:2c8a:750 - - [08/Jun/2025:15:07:15 -0400] "GET /manga/btooom-chapter-38/ HTTP/1.1" 304 0 "https://w3.readbtooom.com/manga/btooom-chapter-37/" "Mozilla/5.0 (Linux; Android 10; K) AppleWebKit/537.36 (KHTML, like Gecko) Chrome/135.0.0.0 Mobile Safari/537.36 OPR/89.0.0.0"
124.246.127.105 - - [08/Jun/2025:15:07:16 -0400] "GET /manga/btooom-chapter-87/ HTTP/1.1" 200 30477 "https://w3.readbtooom.com/manga/btooom-chapter-86/" "Mozilla/5.0 (X11; CrOS x86_64 14541.0.0) AppleWebKit/537.36 (KHTML, like Gecko) Chrome/136.0.0.0 Safari/537.36"
124.246.127.105 - - [08/Jun/2025:15:07:16 -0400] "GET /manga/btooom-chapter-87/ HTTP/1.1" 304 0 "https://w3.readbtooom.com/manga/btooom-chapter-86/" "Mozilla/5.0 (X11; CrOS x86_64 14541.0.0) AppleWebKit/537.36 (KHTML, like Gecko) Chrome/136.0.0.0 Safari/537.36"
124.246.127.105 - - [08/Jun/2025:15:07:18 -0400] "POST /wp-admin/admin-ajax.php HTTP/1.1" 200 69 "https://w3.readbtooom.com/manga/btooom-chapter-87/" "Mozilla/5.0 (X11; CrOS x86_64 14541.0.0) AppleWebKit/537.36 (KHTML, like Gecko) Chrome/136.0.0.0 Safari/537.36"
2001:fb1:13c:28a0:3dd9:5880:69e:99a5 - - [08/Jun/2025:15:07:25 -0400] "GET / HTTP/1.1" 304 0 "https://w3.readbtooom.com/" "Mozilla/5.0 (Linux; Android 10; K) AppleWebKit/537.36 (KHTML, like Gecko) Chrome/137.0.0.0 Mobile Safari/537.36"
2001:fb1:13c:28a0:3dd9:5880:69e:99a5 - - [08/Jun/2025:15:07:26 -0400] "GET /manga/btooom-chapter-5/ HTTP/1.1" 304 0 "https://w3.readbtooom.com/" "Mozilla/5.0 (Linux; Android 10; K) AppleWebKit/537.36 (KHTML, like Gecko) Chrome/137.0.0.0 Mobile Safari/537.36"
2001:fb1:13c:28a0:3dd9:5880:69e:99a5 - - [08/Jun/2025:15:07:27 -0400] "POST /wp-admin/admin-ajax.php HTTP/1.1" 200 69 "https://w3.readbtooom.com/manga/btooom-chapter-5/" "Mozilla/5.0 (Linux; Android 10; K) AppleWebKit/537.36 (KHTML, like Gecko) Chrome/137.0.0.0 Mobile Safari/537.36"
2001:fb1:13c:28a0:3dd9:5880:69e:99a5 - - [08/Jun/2025:15:07:40 -0400] "GET /manga/btooom-chapter-6/ HTTP/1.1" 304 0 "https://w3.readbtooom.com/manga/btooom-chapter-5/" "Mozilla/5.0 (Linux; Android 10; K) AppleWebKit/537.36 (KHTML, like Gecko) Chrome/137.0.0.0 Mobile Safari/537.36"
2001:fb1:13c:28a0:3dd9:5880:69e:99a5 - - [08/Jun/2025:15:07:40 -0400] "GET /manga/btooom-chapter-6/ HTTP/1.1" 304 0 "https://w3.readbtooom.com/manga/btooom-chapter-5/" "Mozilla/5.0 (Linux; Android 10; K) AppleWebKit/537.36 (KHTML, like Gecko) Chrome/137.0.0.0 Mobile Safari/537.36"
2001:fb1:13c:28a0:3dd9:5880:69e:99a5 - - [08/Jun/2025:15:08:02 -0400] "GET /manga/btooom-chapter-5/ HTTP/1.1" 304 0 "https://w3.readbtooom.com/manga/btooom-chapter-6/" "Mozilla/5.0 (Linux; Android 10; K) AppleWebKit/537.36 (KHTML, like Gecko) Chrome/137.0.0.0 Mobile Safari/537.36"
2001:fb1:13c:28a0:3dd9:5880:69e:99a5 - - [08/Jun/2025:15:08:03 -0400] "GET /manga/btooom-chapter-7/ HTTP/1.1" 304 0 "https://w3.readbtooom.com/manga/btooom-chapter-6/" "Mozilla/5.0 (Linux; Android 10; K) AppleWebKit/537.36 (KHTML, like Gecko) Chrome/137.0.0.0 Mobile Safari/537.36"
2001:fb1:13c:28a0:3dd9:5880:69e:99a5 - - [08/Jun/2025:15:08:03 -0400] "GET /manga/btooom-chapter-7/ HTTP/1.1" 304 0 "https://w3.readbtooom.com/manga/btooom-chapter-6/" "Mozilla/5.0 (Linux; Android 10; K) AppleWebKit/537.36 (KHTML, like Gecko) Chrome/137.0.0.0 Mobile Safari/537.36"
162.0.232.193 - - [08/Jun/2025:15:08:04 -0400] "POST /wp-cron.php?doing_wp_cron=1749409684.3792259693145751953125 HTTP/1.1" 200 0 "-" "WordPress/6.4.5; https://w3.readbtooom.com"
2001:fb1:13c:28a0:3dd9:5880:69e:99a5 - - [08/Jun/2025:15:08:04 -0400] "POST /wp-admin/admin-ajax.php HTTP/1.1" 200 69 "https://w3.readbtooom.com/manga/btooom-chapter-7/" "Mozilla/5.0 (Linux; Android 10; K) AppleWebKit/537.36 (KHTML, like Gecko) Chrome/137.0.0.0 Mobile Safari/537.36"
2804:498:fc3d:4100:349e:58cd:2c8a:750 - - [08/Jun/2025:15:08:08 -0400] "GET /manga/btooom-chapter-39/ HTTP/1.1" 200 31104 "https://w3.readbtooom.com/manga/btooom-chapter-38/" "Mozilla/5.0 (Linux; Android 10; K) AppleWebKit/537.36 (KHTML, like Gecko) Chrome/135.0.0.0 Mobile Safari/537.36 OPR/89.0.0.0"
2804:498:fc3d:4100:349e:58cd:2c8a:750 - - [08/Jun/2025:15:08:09 -0400] "GET /manga/btooom-chapter-39/ HTTP/1.1" 304 0 "https://w3.readbtooom.com/manga/btooom-chapter-38/" "Mozilla/5.0 (Linux; Android 10; K) AppleWebKit/537.36 (KHTML, like Gecko) Chrome/135.0.0.0 Mobile Safari/537.36 OPR/89.0.0.0"
2001:fb1:13c:28a0:3dd9:5880:69e:99a5 - - [08/Jun/2025:15:08:33 -0400] "GET / HTTP/1.1" 304 0 "https://w3.readbtooom.com/" "Mozilla/5.0 (Linux; Android 10; K) AppleWebKit/537.36 (KHTML, like Gecko) Chrome/137.0.0.0 Mobile Safari/537.36"
2001:fb1:13c:28a0:3dd9:5880:69e:99a5 - - [08/Jun/2025:15:08:33 -0400] "GET /manga/btooom-chapter-8/ HTTP/1.1" 304 0 "https://w3.readbtooom.com/manga/btooom-chapter-7/" "Mozilla/5.0 (Linux; Android 10; K) AppleWebKit/537.36 (KHTML, like Gecko) Chrome/137.0.0.0 Mobile Safari/537.36"
2001:fb1:13c:28a0:3dd9:5880:69e:99a5 - - [08/Jun/2025:15:08:33 -0400] "GET /manga/btooom-chapter-8/ HTTP/1.1" 304 0 "https://w3.readbtooom.com/manga/btooom-chapter-7/" "Mozilla/5.0 (Linux; Android 10; K) AppleWebKit/537.36 (KHTML, like Gecko) Chrome/137.0.0.0 Mobile Safari/537.36"
2804:498:fc3d:4100:349e:58cd:2c8a:750 - - [08/Jun/2025:15:09:00 -0400] "GET /manga/btooom-chapter-40/ HTTP/1.1" 200 29792 "https://w3.readbtooom.com/manga/btooom-chapter-39/" "Mozilla/5.0 (Linux; Android 10; K) AppleWebKit/537.36 (KHTML, like Gecko) Chrome/135.0.0.0 Mobile Safari/537.36 OPR/89.0.0.0"
2001:fb1:13c:28a0:3dd9:5880:69e:99a5 - - [08/Jun/2025:15:09:01 -0400] "GET /manga/btooom-chapter-9/ HTTP/1.1" 304 0 "https://w3.readbtooom.com/manga/btooom-chapter-8/" "Mozilla/5.0 (Linux; Android 10; K) AppleWebKit/537.36 (KHTML, like Gecko) Chrome/137.0.0.0 Mobile Safari/537.36"
2001:fb1:13c:28a0:3dd9:5880:69e:99a5 - - [08/Jun/2025:15:09:01 -0400] "GET /tag/btooom-manga/ HTTP/1.1" 301 0 "https://w3.readbtooom.com/manga/btooom-chapter-8/" "Mozilla/5.0 (Linux; Android 10; K) AppleWebKit/537.36 (KHTML, like Gecko) Chrome/137.0.0.0 Mobile Safari/537.36"
2001:fb1:13c:28a0:3dd9:5880:69e:99a5 - - [08/Jun/2025:15:09:01 -0400] "GET / HTTP/1.1" 304 0 "https://w3.readbtooom.com/" "Mozilla/5.0 (Linux; Android 10; K) AppleWebKit/537.36 (KHTML, like Gecko) Chrome/137.0.0.0 Mobile Safari/537.36"
2001:fb1:13c:28a0:3dd9:5880:69e:99a5 - - [08/Jun/2025:15:09:02 -0400] "GET /manga/btooom-chapter-9/ HTTP/1.1" 304 0 "https://w3.readbtooom.com/manga/btooom-chapter-8/" "Mozilla/5.0 (Linux; Android 10; K) AppleWebKit/537.36 (KHTML, like Gecko) Chrome/137.0.0.0 Mobile Safari/537.36"
2001:fb1:13c:28a0:3dd9:5880:69e:99a5 - - [08/Jun/2025:15:09:02 -0400] "GET / HTTP/1.1" 304 0 "https://w3.readbtooom.com/" "Mozilla/5.0 (Linux; Android 10; K) AppleWebKit/537.36 (KHTML, like Gecko) Chrome/137.0.0.0 Mobile Safari/537.36"
109.81.1.37 - - [08/Jun/2025:15:09:03 -0400] "GET /manga/btooom-chapter-64/ HTTP/1.1" 200 31430 "https://w3.readbtooom.com/manga/btooom-chapter-63/" "Mozilla/5.0 (Linux; Android 10; K) AppleWebKit/537.36 (KHTML, like Gecko) Chrome/133.0.0.0 Mobile Safari/537.36"
2804:498:fc3d:4100:349e:58cd:2c8a:750 - - [08/Jun/2025:15:09:03 -0400] "GET /manga/btooom-chapter-40/ HTTP/1.1" 304 0 "https://w3.readbtooom.com/manga/btooom-chapter-39/" "Mozilla/5.0 (Linux; Android 10; K) AppleWebKit/537.36 (KHTML, like Gecko) Chrome/135.0.0.0 Mobile Safari/537.36 OPR/89.0.0.0"
109.81.1.37 - - [08/Jun/2025:15:09:03 -0400] "GET /manga/btooom-chapter-64/ HTTP/1.1" 304 0 "https://w3.readbtooom.com/manga/btooom-chapter-63/" "Mozilla/5.0 (Linux; Android 10; K) AppleWebKit/537.36 (KHTML, like Gecko) Chrome/133.0.0.0 Mobile Safari/537.36"
2001:fb1:13c:28a0:3dd9:5880:69e:99a5 - - [08/Jun/2025:15:09:23 -0400] "GET /manga/btooom-chapter-8/ HTTP/1.1" 304 0 "https://w3.readbtooom.com/manga/btooom-chapter-9/" "Mozilla/5.0 (Linux; Android 10; K) AppleWebKit/537.36 (KHTML, like Gecko) Chrome/137.0.0.0 Mobile Safari/537.36"
2001:fb1:13c:28a0:3dd9:5880:69e:99a5 - - [08/Jun/2025:15:09:24 -0400] "GET /manga/btooom-chapter-10/ HTTP/1.1" 200 22922 "https://w3.readbtooom.com/manga/btooom-chapter-9/" "Mozilla/5.0 (Linux; Android 10; K) AppleWebKit/537.36 (KHTML, like Gecko) Chrome/137.0.0.0 Mobile Safari/537.36"
2001:fb1:13c:28a0:3dd9:5880:69e:99a5 - - [08/Jun/2025:15:09:24 -0400] "GET /manga/btooom-chapter-10/ HTTP/1.1" 304 0 "https://w3.readbtooom.com/manga/btooom-chapter-9/" "Mozilla/5.0 (Linux; Android 10; K) AppleWebKit/537.36 (KHTML, like Gecko) Chrome/137.0.0.0 Mobile Safari/537.36"
