2001:e68:5474:a142:ada3:98cc:c793:3bef - - [08/Jun/2025:08:00:37 -0400] "GET /manga/btooom-chapter-18/ HTTP/1.1" 304 0 "https://w3.readbtooom.com/manga/btooom-chapter-17/" "Mozilla/5.0 (Windows NT 10.0; Win64; x64) AppleWebKit/537.36 (KHTML, like Gecko) Chrome/137.0.0.0 Safari/537.36"
2001:e68:5474:a142:ada3:98cc:c793:3bef - - [08/Jun/2025:08:00:37 -0400] "GET /manga/btooom-chapter-18/ HTTP/1.1" 304 0 "https://w3.readbtooom.com/manga/btooom-chapter-17/" "Mozilla/5.0 (Windows NT 10.0; Win64; x64) AppleWebKit/537.36 (KHTML, like Gecko) Chrome/137.0.0.0 Safari/537.36"
2001:e68:5474:a142:ada3:98cc:c793:3bef - - [08/Jun/2025:08:00:49 -0400] "GET /manga/btooom-chapter-19/ HTTP/1.1" 200 23280 "https://w3.readbtooom.com/manga/btooom-chapter-18/" "Mozilla/5.0 (Windows NT 10.0; Win64; x64) AppleWebKit/537.36 (KHTML, like Gecko) Chrome/137.0.0.0 Safari/537.36"
2001:e68:5474:a142:ada3:98cc:c793:3bef - - [08/Jun/2025:08:00:49 -0400] "GET /manga/btooom-chapter-19/ HTTP/1.1" 304 0 "https://w3.readbtooom.com/manga/btooom-chapter-18/" "Mozilla/5.0 (Windows NT 10.0; Win64; x64) AppleWebKit/537.36 (KHTML, like Gecko) Chrome/137.0.0.0 Safari/537.36"
103.175.63.89 - - [08/Jun/2025:08:00:51 -0400] "GET /manga/btooom-chapter-19/ HTTP/1.1" 200 23280 "https://w3.readbtooom.com/manga/btooom-chapter-18/" "Mozilla/5.0 (Linux; Android 10; K) AppleWebKit/537.36 (KHTML, like Gecko) Chrome/137.0.0.0 Mobile Safari/537.36"
103.175.63.89 - - [08/Jun/2025:08:00:51 -0400] "GET /manga/btooom-chapter-19/ HTTP/1.1" 304 0 "https://w3.readbtooom.com/manga/btooom-chapter-18/" "Mozilla/5.0 (Linux; Android 10; K) AppleWebKit/537.36 (KHTML, like Gecko) Chrome/137.0.0.0 Mobile Safari/537.36"
43.166.250.187 - - [08/Jun/2025:08:00:53 -0400] "GET /manga/btooom-chapter-30/ HTTP/1.1" 200 21911 "-" "Mozilla/5.0 (iPhone; CPU iPhone OS 13_2_3 like Mac OS X) AppleWebKit/605.1.15 (KHTML, like Gecko) Version/13.0.3 Mobile/15E148 Safari/604.1"
2001:e68:5474:a142:ada3:98cc:c793:3bef - - [08/Jun/2025:08:01:00 -0400] "GET /tag/kiyoshi-taira/ HTTP/1.1" 301 0 "https://w3.readbtooom.com/manga/btooom-chapter-19/" "Mozilla/5.0 (Windows NT 10.0; Win64; x64) AppleWebKit/537.36 (KHTML, like Gecko) Chrome/137.0.0.0 Safari/537.36"
2001:e68:5474:a142:ada3:98cc:c793:3bef - - [08/Jun/2025:08:01:00 -0400] "GET /manga/btooom-chapter-20/ HTTP/1.1" 200 23283 "https://w3.readbtooom.com/manga/btooom-chapter-19/" "Mozilla/5.0 (Windows NT 10.0; Win64; x64) AppleWebKit/537.36 (KHTML, like Gecko) Chrome/137.0.0.0 Safari/537.36"
2001:e68:5474:a142:ada3:98cc:c793:3bef - - [08/Jun/2025:08:01:01 -0400] "GET /manga/btooom-chapter-20/ HTTP/1.1" 304 0 "https://w3.readbtooom.com/manga/btooom-chapter-19/" "Mozilla/5.0 (Windows NT 10.0; Win64; x64) AppleWebKit/537.36 (KHTML, like Gecko) Chrome/137.0.0.0 Safari/537.36"
162.0.232.193 - - [08/Jun/2025:08:01:01 -0400] "POST /wp-cron.php?doing_wp_cron=1749384061.7471139430999755859375 HTTP/1.1" 200 0 "-" "WordPress/6.4.5; https://w3.readbtooom.com"
2001:e68:5474:a142:ada3:98cc:c793:3bef - - [08/Jun/2025:08:01:01 -0400] "POST /wp-admin/admin-ajax.php HTTP/1.1" 200 69 "https://w3.readbtooom.com/manga/btooom-chapter-20/" "Mozilla/5.0 (Windows NT 10.0; Win64; x64) AppleWebKit/537.36 (KHTML, like Gecko) Chrome/137.0.0.0 Safari/537.36"
162.0.232.193 - - [08/Jun/2025:08:01:03 -0400] "POST /wp-cron.php?doing_wp_cron=1749384062.9426269531250000000000 HTTP/1.1" 200 0 "-" "WordPress/6.4.5; https://w3.readbtooom.com"
103.175.63.89 - - [08/Jun/2025:08:01:10 -0400] "GET /manga/btooom-chapter-20/ HTTP/1.1" 200 23283 "https://w3.readbtooom.com/manga/btooom-chapter-19/" "Mozilla/5.0 (Linux; Android 10; K) AppleWebKit/537.36 (KHTML, like Gecko) Chrome/137.0.0.0 Mobile Safari/537.36"
103.175.63.89 - - [08/Jun/2025:08:01:10 -0400] "GET /manga/btooom-chapter-20/ HTTP/1.1" 304 0 "https://w3.readbtooom.com/manga/btooom-chapter-19/" "Mozilla/5.0 (Linux; Android 10; K) AppleWebKit/537.36 (KHTML, like Gecko) Chrome/137.0.0.0 Mobile Safari/537.36"
2001:e68:5474:a142:ada3:98cc:c793:3bef - - [08/Jun/2025:08:01:11 -0400] "GET /manga/btooom-chapter-1/ HTTP/1.1" 304 0 "https://w3.readbtooom.com/manga/btooom-chapter-20/" "Mozilla/5.0 (Windows NT 10.0; Win64; x64) AppleWebKit/537.36 (KHTML, like Gecko) Chrome/137.0.0.0 Safari/537.36"
103.175.63.89 - - [08/Jun/2025:08:01:11 -0400] "POST /wp-admin/admin-ajax.php HTTP/1.1" 200 69 "https://w3.readbtooom.com/manga/btooom-chapter-20/" "Mozilla/5.0 (Linux; Android 10; K) AppleWebKit/537.36 (KHTML, like Gecko) Chrome/137.0.0.0 Mobile Safari/537.36"
2001:e68:5474:a142:ada3:98cc:c793:3bef - - [08/Jun/2025:08:01:12 -0400] "GET / HTTP/1.1" 304 0 "https://w3.readbtooom.com/manga/btooom-chapter-20/" "Mozilla/5.0 (Windows NT 10.0; Win64; x64) AppleWebKit/537.36 (KHTML, like Gecko) Chrome/137.0.0.0 Safari/537.36"
2001:e68:5474:a142:ada3:98cc:c793:3bef - - [08/Jun/2025:08:01:13 -0400] "GET / HTTP/1.1" 304 0 "https://w3.readbtooom.com/manga/btooom-chapter-20/" "Mozilla/5.0 (Windows NT 10.0; Win64; x64) AppleWebKit/537.36 (KHTML, like Gecko) Chrome/137.0.0.0 Safari/537.36"
2001:e68:5474:a142:ada3:98cc:c793:3bef - - [08/Jun/2025:08:01:15 -0400] "GET /manga/btooom-chapter-100/ HTTP/1.1" 200 29997 "https://w3.readbtooom.com/" "Mozilla/5.0 (Windows NT 10.0; Win64; x64) AppleWebKit/537.36 (KHTML, like Gecko) Chrome/137.0.0.0 Safari/537.36"
2001:e68:5474:a142:ada3:98cc:c793:3bef - - [08/Jun/2025:08:01:16 -0400] "GET /manga/btooom-chapter-100/ HTTP/1.1" 304 0 "https://w3.readbtooom.com/" "Mozilla/5.0 (Windows NT 10.0; Win64; x64) AppleWebKit/537.36 (KHTML, like Gecko) Chrome/137.0.0.0 Safari/537.36"
2001:e68:5474:a142:ada3:98cc:c793:3bef - - [08/Jun/2025:08:01:16 -0400] "POST /wp-admin/admin-ajax.php HTTP/1.1" 200 69 "https://w3.readbtooom.com/manga/btooom-chapter-100/" "Mozilla/5.0 (Windows NT 10.0; Win64; x64) AppleWebKit/537.36 (KHTML, like Gecko) Chrome/137.0.0.0 Safari/537.36"
2001:e68:5474:a142:ada3:98cc:c793:3bef - - [08/Jun/2025:08:01:23 -0400] "GET /manga/btooom-chapter-94/ HTTP/1.1" 200 32452 "https://w3.readbtooom.com/" "Mozilla/5.0 (Windows NT 10.0; Win64; x64) AppleWebKit/537.36 (KHTML, like Gecko) Chrome/137.0.0.0 Safari/537.36"
2001:e68:5474:a142:ada3:98cc:c793:3bef - - [08/Jun/2025:08:01:23 -0400] "GET /manga/btooom-chapter-95/ HTTP/1.1" 200 31812 "https://w3.readbtooom.com/" "Mozilla/5.0 (Windows NT 10.0; Win64; x64) AppleWebKit/537.36 (KHTML, like Gecko) Chrome/137.0.0.0 Safari/537.36"
2001:e68:5474:a142:ada3:98cc:c793:3bef - - [08/Jun/2025:08:01:24 -0400] "GET /manga/btooom-chapter-95/ HTTP/1.1" 304 0 "https://w3.readbtooom.com/" "Mozilla/5.0 (Windows NT 10.0; Win64; x64) AppleWebKit/537.36 (KHTML, like Gecko) Chrome/137.0.0.0 Safari/537.36"
2001:e68:5474:a142:ada3:98cc:c793:3bef - - [08/Jun/2025:08:01:24 -0400] "POST /wp-admin/admin-ajax.php HTTP/1.1" 200 69 "https://w3.readbtooom.com/manga/btooom-chapter-95/" "Mozilla/5.0 (Windows NT 10.0; Win64; x64) AppleWebKit/537.36 (KHTML, like Gecko) Chrome/137.0.0.0 Safari/537.36"
2001:e68:5474:a142:ada3:98cc:c793:3bef - - [08/Jun/2025:08:01:32 -0400] "GET /manga/btooom-chapter-82/ HTTP/1.1" 200 33562 "https://w3.readbtooom.com/" "Mozilla/5.0 (Windows NT 10.0; Win64; x64) AppleWebKit/537.36 (KHTML, like Gecko) Chrome/137.0.0.0 Safari/537.36"
2001:e68:5474:a142:ada3:98cc:c793:3bef - - [08/Jun/2025:08:01:33 -0400] "GET /manga/btooom-chapter-82/ HTTP/1.1" 304 0 "https://w3.readbtooom.com/" "Mozilla/5.0 (Windows NT 10.0; Win64; x64) AppleWebKit/537.36 (KHTML, like Gecko) Chrome/137.0.0.0 Safari/537.36"
2001:e68:5474:a142:ada3:98cc:c793:3bef - - [08/Jun/2025:08:01:33 -0400] "POST /wp-admin/admin-ajax.php HTTP/1.1" 200 69 "https://w3.readbtooom.com/manga/btooom-chapter-82/" "Mozilla/5.0 (Windows NT 10.0; Win64; x64) AppleWebKit/537.36 (KHTML, like Gecko) Chrome/137.0.0.0 Safari/537.36"
103.175.63.89 - - [08/Jun/2025:08:01:47 -0400] "GET /manga/btooom-chapter-19/ HTTP/1.1" 304 0 "https://w3.readbtooom.com/manga/btooom-chapter-20/" "Mozilla/5.0 (Linux; Android 10; K) AppleWebKit/537.36 (KHTML, like Gecko) Chrome/137.0.0.0 Mobile Safari/537.36"
103.175.63.89 - - [08/Jun/2025:08:01:47 -0400] "GET /manga/btooom-chapter-21/ HTTP/1.1" 200 23553 "https://w3.readbtooom.com/manga/btooom-chapter-20/" "Mozilla/5.0 (Linux; Android 10; K) AppleWebKit/537.36 (KHTML, like Gecko) Chrome/137.0.0.0 Mobile Safari/537.36"
103.175.63.89 - - [08/Jun/2025:08:01:48 -0400] "GET /manga/btooom-chapter-21/ HTTP/1.1" 304 0 "https://w3.readbtooom.com/manga/btooom-chapter-20/" "Mozilla/5.0 (Linux; Android 10; K) AppleWebKit/537.36 (KHTML, like Gecko) Chrome/137.0.0.0 Mobile Safari/537.36"
103.175.63.89 - - [08/Jun/2025:08:01:48 -0400] "POST /wp-admin/admin-ajax.php HTTP/1.1" 200 69 "https://w3.readbtooom.com/manga/btooom-chapter-21/" "Mozilla/5.0 (Linux; Android 10; K) AppleWebKit/537.36 (KHTML, like Gecko) Chrome/137.0.0.0 Mobile Safari/537.36"
2001:e68:5474:a142:ada3:98cc:c793:3bef - - [08/Jun/2025:08:01:50 -0400] "GET /manga/btooom-chapter-56/ HTTP/1.1" 200 30265 "https://w3.readbtooom.com/" "Mozilla/5.0 (Windows NT 10.0; Win64; x64) AppleWebKit/537.36 (KHTML, like Gecko) Chrome/137.0.0.0 Safari/537.36"
2001:e68:5474:a142:ada3:98cc:c793:3bef - - [08/Jun/2025:08:01:51 -0400] "GET /manga/btooom-chapter-59/ HTTP/1.1" 200 30497 "https://w3.readbtooom.com/" "Mozilla/5.0 (Windows NT 10.0; Win64; x64) AppleWebKit/537.36 (KHTML, like Gecko) Chrome/137.0.0.0 Safari/537.36"
2001:e68:5474:a142:ada3:98cc:c793:3bef - - [08/Jun/2025:08:01:51 -0400] "GET /manga/btooom-chapter-59/ HTTP/1.1" 304 0 "https://w3.readbtooom.com/" "Mozilla/5.0 (Windows NT 10.0; Win64; x64) AppleWebKit/537.36 (KHTML, like Gecko) Chrome/137.0.0.0 Safari/537.36"
2001:e68:5474:a142:ada3:98cc:c793:3bef - - [08/Jun/2025:08:01:52 -0400] "POST /wp-admin/admin-ajax.php HTTP/1.1" 200 69 "https://w3.readbtooom.com/manga/btooom-chapter-59/" "Mozilla/5.0 (Windows NT 10.0; Win64; x64) AppleWebKit/537.36 (KHTML, like Gecko) Chrome/137.0.0.0 Safari/537.36"
2001:e68:5474:a142:ada3:98cc:c793:3bef - - [08/Jun/2025:08:02:03 -0400] "GET /manga/btooom-chapter-44/ HTTP/1.1" 200 29922 "https://w3.readbtooom.com/" "Mozilla/5.0 (Windows NT 10.0; Win64; x64) AppleWebKit/537.36 (KHTML, like Gecko) Chrome/137.0.0.0 Safari/537.36"
103.175.63.89 - - [08/Jun/2025:08:02:03 -0400] "GET /manga/btooom-chapter-22/ HTTP/1.1" 200 24031 "https://w3.readbtooom.com/manga/btooom-chapter-21/" "Mozilla/5.0 (Linux; Android 10; K) AppleWebKit/537.36 (KHTML, like Gecko) Chrome/137.0.0.0 Mobile Safari/537.36"
2001:e68:5474:a142:ada3:98cc:c793:3bef - - [08/Jun/2025:08:02:03 -0400] "GET /manga/btooom-chapter-44/ HTTP/1.1" 304 0 "https://w3.readbtooom.com/" "Mozilla/5.0 (Windows NT 10.0; Win64; x64) AppleWebKit/537.36 (KHTML, like Gecko) Chrome/137.0.0.0 Safari/537.36"
103.175.63.89 - - [08/Jun/2025:08:02:03 -0400] "GET /manga/btooom-chapter-22/ HTTP/1.1" 304 0 "https://w3.readbtooom.com/manga/btooom-chapter-21/" "Mozilla/5.0 (Linux; Android 10; K) AppleWebKit/537.36 (KHTML, like Gecko) Chrome/137.0.0.0 Mobile Safari/537.36"
162.0.232.193 - - [08/Jun/2025:08:02:04 -0400] "POST /wp-cron.php?doing_wp_cron=1749384124.1233520507812500000000 HTTP/1.1" 200 0 "-" "WordPress/6.4.5; https://w3.readbtooom.com"
2001:e68:5474:a142:ada3:98cc:c793:3bef - - [08/Jun/2025:08:02:04 -0400] "POST /wp-admin/admin-ajax.php HTTP/1.1" 200 69 "https://w3.readbtooom.com/manga/btooom-chapter-44/" "Mozilla/5.0 (Windows NT 10.0; Win64; x64) AppleWebKit/537.36 (KHTML, like Gecko) Chrome/137.0.0.0 Safari/537.36"
103.175.63.89 - - [08/Jun/2025:08:02:04 -0400] "POST /wp-admin/admin-ajax.php HTTP/1.1" 200 69 "https://w3.readbtooom.com/manga/btooom-chapter-22/" "Mozilla/5.0 (Linux; Android 10; K) AppleWebKit/537.36 (KHTML, like Gecko) Chrome/137.0.0.0 Mobile Safari/537.36"
2001:e68:5474:a142:ada3:98cc:c793:3bef - - [08/Jun/2025:08:02:13 -0400] "GET /manga/btooom-chapter-49/ HTTP/1.1" 200 30228 "https://w3.readbtooom.com/" "Mozilla/5.0 (Windows NT 10.0; Win64; x64) AppleWebKit/537.36 (KHTML, like Gecko) Chrome/137.0.0.0 Safari/537.36"
2001:e68:5474:a142:ada3:98cc:c793:3bef - - [08/Jun/2025:08:02:13 -0400] "GET /manga/btooom-chapter-48/ HTTP/1.1" 200 31324 "https://w3.readbtooom.com/" "Mozilla/5.0 (Windows NT 10.0; Win64; x64) AppleWebKit/537.36 (KHTML, like Gecko) Chrome/137.0.0.0 Safari/537.36"
2001:e68:5474:a142:ada3:98cc:c793:3bef - - [08/Jun/2025:08:02:14 -0400] "GET /manga/btooom-chapter-48/ HTTP/1.1" 304 0 "https://w3.readbtooom.com/" "Mozilla/5.0 (Windows NT 10.0; Win64; x64) AppleWebKit/537.36 (KHTML, like Gecko) Chrome/137.0.0.0 Safari/537.36"
2001:e68:5474:a142:ada3:98cc:c793:3bef - - [08/Jun/2025:08:02:45 -0400] "GET /manga/btooom-chapter-52/ HTTP/1.1" 200 31453 "https://w3.readbtooom.com/" "Mozilla/5.0 (Windows NT 10.0; Win64; x64) AppleWebKit/537.36 (KHTML, like Gecko) Chrome/137.0.0.0 Safari/537.36"
2001:e68:5474:a142:ada3:98cc:c793:3bef - - [08/Jun/2025:08:02:45 -0400] "GET /manga/btooom-chapter-50/ HTTP/1.1" 200 33104 "https://w3.readbtooom.com/" "Mozilla/5.0 (Windows NT 10.0; Win64; x64) AppleWebKit/537.36 (KHTML, like Gecko) Chrome/137.0.0.0 Safari/537.36"
2001:e68:5474:a142:ada3:98cc:c793:3bef - - [08/Jun/2025:08:02:45 -0400] "GET /manga/btooom-chapter-49/ HTTP/1.1" 304 0 "https://w3.readbtooom.com/" "Mozilla/5.0 (Windows NT 10.0; Win64; x64) AppleWebKit/537.36 (KHTML, like Gecko) Chrome/137.0.0.0 Safari/537.36"
162.0.232.193 - - [08/Jun/2025:08:02:46 -0400] "POST /wp-cron.php?doing_wp_cron=1749384166.3532810211181640625000 HTTP/1.1" 200 0 "-" "WordPress/6.4.5; https://w3.readbtooom.com"
2001:e68:5474:a142:ada3:98cc:c793:3bef - - [08/Jun/2025:08:02:46 -0400] "POST /wp-admin/admin-ajax.php HTTP/1.1" 200 69 "https://w3.readbtooom.com/manga/btooom-chapter-49/" "Mozilla/5.0 (Windows NT 10.0; Win64; x64) AppleWebKit/537.36 (KHTML, like Gecko) Chrome/137.0.0.0 Safari/537.36"
43.167.236.228 - - [08/Jun/2025:08:02:54 -0400] "GET / HTTP/1.1" 200 18608 "http://w3.readbtooom.com" "Mozilla/5.0 (iPhone; CPU iPhone OS 13_2_3 like Mac OS X) AppleWebKit/605.1.15 (KHTML, like Gecko) Version/13.0.3 Mobile/15E148 Safari/604.1"
103.175.63.89 - - [08/Jun/2025:08:03:00 -0400] "GET /manga/btooom-chapter-22-5/ HTTP/1.1" 200 19443 "https://w3.readbtooom.com/manga/btooom-chapter-22/" "Mozilla/5.0 (Linux; Android 10; K) AppleWebKit/537.36 (KHTML, like Gecko) Chrome/137.0.0.0 Mobile Safari/537.36"
2001:e68:5474:a142:ada3:98cc:c793:3bef - - [08/Jun/2025:08:03:00 -0400] "GET /manga/btooom-chapter-50/ HTTP/1.1" 304 0 "https://w3.readbtooom.com/" "Mozilla/5.0 (Windows NT 10.0; Win64; x64) AppleWebKit/537.36 (KHTML, like Gecko) Chrome/137.0.0.0 Safari/537.36"
103.175.63.89 - - [08/Jun/2025:08:03:00 -0400] "GET /manga/btooom-chapter-22-5/ HTTP/1.1" 304 0 "https://w3.readbtooom.com/manga/btooom-chapter-22/" "Mozilla/5.0 (Linux; Android 10; K) AppleWebKit/537.36 (KHTML, like Gecko) Chrome/137.0.0.0 Mobile Safari/537.36"
162.0.232.193 - - [08/Jun/2025:08:03:01 -0400] "POST /wp-cron.php?doing_wp_cron=1749384181.0063540935516357421875 HTTP/1.1" 200 0 "-" "WordPress/6.4.5; https://w3.readbtooom.com"
2001:e68:5474:a142:ada3:98cc:c793:3bef - - [08/Jun/2025:08:03:00 -0400] "POST /wp-admin/admin-ajax.php HTTP/1.1" 200 69 "https://w3.readbtooom.com/manga/btooom-chapter-50/" "Mozilla/5.0 (Windows NT 10.0; Win64; x64) AppleWebKit/537.36 (KHTML, like Gecko) Chrome/137.0.0.0 Safari/537.36"
103.175.63.89 - - [08/Jun/2025:08:03:01 -0400] "POST /wp-admin/admin-ajax.php HTTP/1.1" 200 69 "https://w3.readbtooom.com/manga/btooom-chapter-22-5/" "Mozilla/5.0 (Linux; Android 10; K) AppleWebKit/537.36 (KHTML, like Gecko) Chrome/137.0.0.0 Mobile Safari/537.36"
103.175.63.89 - - [08/Jun/2025:08:03:04 -0400] "GET /manga/btooom-chapter-23/ HTTP/1.1" 200 24653 "https://w3.readbtooom.com/manga/btooom-chapter-22-5/" "Mozilla/5.0 (Linux; Android 10; K) AppleWebKit/537.36 (KHTML, like Gecko) Chrome/137.0.0.0 Mobile Safari/537.36"
103.175.63.89 - - [08/Jun/2025:08:03:04 -0400] "GET /manga/btooom-chapter-23/ HTTP/1.1" 304 0 "https://w3.readbtooom.com/manga/btooom-chapter-22-5/" "Mozilla/5.0 (Linux; Android 10; K) AppleWebKit/537.36 (KHTML, like Gecko) Chrome/137.0.0.0 Mobile Safari/537.36"
103.175.63.89 - - [08/Jun/2025:08:03:05 -0400] "POST /wp-admin/admin-ajax.php HTTP/1.1" 200 69 "https://w3.readbtooom.com/manga/btooom-chapter-23/" "Mozilla/5.0 (Linux; Android 10; K) AppleWebKit/537.36 (KHTML, like Gecko) Chrome/137.0.0.0 Mobile Safari/537.36"
103.175.63.89 - - [08/Jun/2025:08:03:25 -0400] "GET /manga/btooom-chapter-24/ HTTP/1.1" 200 23262 "https://w3.readbtooom.com/manga/btooom-chapter-23/" "Mozilla/5.0 (Linux; Android 10; K) AppleWebKit/537.36 (KHTML, like Gecko) Chrome/137.0.0.0 Mobile Safari/537.36"
103.175.63.89 - - [08/Jun/2025:08:03:26 -0400] "GET /manga/btooom-chapter-24/ HTTP/1.1" 304 0 "https://w3.readbtooom.com/manga/btooom-chapter-23/" "Mozilla/5.0 (Linux; Android 10; K) AppleWebKit/537.36 (KHTML, like Gecko) Chrome/137.0.0.0 Mobile Safari/537.36"
103.175.63.89 - - [08/Jun/2025:08:03:27 -0400] "POST /wp-admin/admin-ajax.php HTTP/1.1" 200 69 "https://w3.readbtooom.com/manga/btooom-chapter-24/" "Mozilla/5.0 (Linux; Android 10; K) AppleWebKit/537.36 (KHTML, like Gecko) Chrome/137.0.0.0 Mobile Safari/537.36"
2001:e68:5474:a142:ada3:98cc:c793:3bef - - [08/Jun/2025:08:03:37 -0400] "GET /manga/btooom-chapter-49/ HTTP/1.1" 304 0 "https://w3.readbtooom.com/manga/btooom-chapter-50/" "Mozilla/5.0 (Windows NT 10.0; Win64; x64) AppleWebKit/537.36 (KHTML, like Gecko) Chrome/137.0.0.0 Safari/537.36"
162.0.232.193 - - [08/Jun/2025:08:03:49 -0400] "POST /wp-cron.php?doing_wp_cron=1749384229.3177080154418945312500 HTTP/1.1" 200 0 "-" "WordPress/6.4.5; https://w3.readbtooom.com"
216.73.216.145 - - [08/Jun/2025:08:03:49 -0400] "GET /sitemap.xml HTTP/1.1" 301 0 "-" "Mozilla/5.0 AppleWebKit/537.36 (KHTML, like Gecko; compatible; ClaudeBot/1.0; [email protected])"
2001:e68:5474:a142:ada3:98cc:c793:3bef - - [08/Jun/2025:08:03:57 -0400] "GET /manga/btooom-chapter-48/ HTTP/1.1" 304 0 "https://w3.readbtooom.com/" "Mozilla/5.0 (Windows NT 10.0; Win64; x64) AppleWebKit/537.36 (KHTML, like Gecko) Chrome/137.0.0.0 Safari/537.36"
2001:e68:5474:a142:ada3:98cc:c793:3bef - - [08/Jun/2025:08:03:59 -0400] "GET /manga/btooom-chapter-51/ HTTP/1.1" 200 30217 "https://w3.readbtooom.com/" "Mozilla/5.0 (Windows NT 10.0; Win64; x64) AppleWebKit/537.36 (KHTML, like Gecko) Chrome/137.0.0.0 Safari/537.36"
2001:e68:5474:a142:ada3:98cc:c793:3bef - - [08/Jun/2025:08:04:00 -0400] "GET /manga/btooom-chapter-49/ HTTP/1.1" 304 0 "https://w3.readbtooom.com/" "Mozilla/5.0 (Windows NT 10.0; Win64; x64) AppleWebKit/537.36 (KHTML, like Gecko) Chrome/137.0.0.0 Safari/537.36"
2001:e68:5474:a142:ada3:98cc:c793:3bef - - [08/Jun/2025:08:04:00 -0400] "POST /wp-admin/admin-ajax.php HTTP/1.1" 200 69 "https://w3.readbtooom.com/manga/btooom-chapter-49/" "Mozilla/5.0 (Windows NT 10.0; Win64; x64) AppleWebKit/537.36 (KHTML, like Gecko) Chrome/137.0.0.0 Safari/537.36"
103.175.63.89 - - [08/Jun/2025:08:04:05 -0400] "GET /manga/btooom-chapter-23/ HTTP/1.1" 304 0 "https://w3.readbtooom.com/manga/btooom-chapter-24/" "Mozilla/5.0 (Linux; Android 10; K) AppleWebKit/537.36 (KHTML, like Gecko) Chrome/137.0.0.0 Mobile Safari/537.36"
103.175.63.89 - - [08/Jun/2025:08:04:05 -0400] "GET /manga/btooom-chapter-25/ HTTP/1.1" 200 23083 "https://w3.readbtooom.com/manga/btooom-chapter-24/" "Mozilla/5.0 (Linux; Android 10; K) AppleWebKit/537.36 (KHTML, like Gecko) Chrome/137.0.0.0 Mobile Safari/537.36"
103.175.63.89 - - [08/Jun/2025:08:04:06 -0400] "GET /manga/btooom-chapter-25/ HTTP/1.1" 304 0 "https://w3.readbtooom.com/manga/btooom-chapter-24/" "Mozilla/5.0 (Linux; Android 10; K) AppleWebKit/537.36 (KHTML, like Gecko) Chrome/137.0.0.0 Mobile Safari/537.36"
129.227.230.69 - - [08/Jun/2025:08:04:12 -0400] "GET /manga/btooom-chapter-65/ HTTP/1.1" 200 31257 "https://www.google.com/" "Mozilla/5.0 (iPhone; CPU iPhone OS 17_5_0 like Mac OS X) AppleWebKit/605.1.15 (KHTML, like Gecko) CriOS/136.0.7103.56 Mobile/15E148 Safari/604.1"
129.227.230.69 - - [08/Jun/2025:08:04:13 -0400] "POST /wp-admin/admin-ajax.php HTTP/1.1" 200 69 "https://w3.readbtooom.com/manga/btooom-chapter-65/" "Mozilla/5.0 (iPhone; CPU iPhone OS 17_5_0 like Mac OS X) AppleWebKit/605.1.15 (KHTML, like Gecko) CriOS/136.0.7103.56 Mobile/15E148 Safari/604.1"
2001:e68:5474:a142:ada3:98cc:c793:3bef - - [08/Jun/2025:08:04:14 -0400] "GET /manga/btooom-chapter-50/ HTTP/1.1" 304 0 "https://w3.readbtooom.com/" "Mozilla/5.0 (Windows NT 10.0; Win64; x64) AppleWebKit/537.36 (KHTML, like Gecko) Chrome/137.0.0.0 Safari/537.36"
2001:e68:5474:a142:ada3:98cc:c793:3bef - - [08/Jun/2025:08:04:14 -0400] "POST /wp-admin/admin-ajax.php HTTP/1.1" 200 69 "https://w3.readbtooom.com/manga/btooom-chapter-50/" "Mozilla/5.0 (Windows NT 10.0; Win64; x64) AppleWebKit/537.36 (KHTML, like Gecko) Chrome/137.0.0.0 Safari/537.36"
103.175.63.89 - - [08/Jun/2025:08:04:25 -0400] "GET /manga/btooom-chapter-26/ HTTP/1.1" 200 22895 "https://w3.readbtooom.com/manga/btooom-chapter-25/" "Mozilla/5.0 (Linux; Android 10; K) AppleWebKit/537.36 (KHTML, like Gecko) Chrome/137.0.0.0 Mobile Safari/537.36"
103.175.63.89 - - [08/Jun/2025:08:04:26 -0400] "GET /manga/btooom-chapter-26/ HTTP/1.1" 304 0 "https://w3.readbtooom.com/manga/btooom-chapter-25/" "Mozilla/5.0 (Linux; Android 10; K) AppleWebKit/537.36 (KHTML, like Gecko) Chrome/137.0.0.0 Mobile Safari/537.36"
103.175.63.89 - - [08/Jun/2025:08:04:26 -0400] "POST /wp-admin/admin-ajax.php HTTP/1.1" 200 69 "https://w3.readbtooom.com/manga/btooom-chapter-26/" "Mozilla/5.0 (Linux; Android 10; K) AppleWebKit/537.36 (KHTML, like Gecko) Chrome/137.0.0.0 Mobile Safari/537.36"
162.0.232.193 - - [08/Jun/2025:08:04:36 -0400] "POST /wp-cron.php?doing_wp_cron=1749384276.1514270305633544921875 HTTP/1.1" 200 0 "-" "WordPress/6.4.5; https://w3.readbtooom.com"
220.158.234.201 - - [08/Jun/2025:08:04:36 -0400] "POST /xmlrpc.php HTTP/1.1" 200 186 "https://w3.readbtooom.com" "Mozilla/5.0 (Windows NT 10.0; Win64; x64) AppleWebKit/537.36 (KHTML, like Gecko) Chrome/113.0.5672.126 Safari/537.36 Edg/113.0.1774.50"
220.158.234.201 - - [08/Jun/2025:08:04:37 -0400] "POST /wp-login.php HTTP/1.1" 200 1982 "https://w3.readbtooom.com" "Mozilla/5.0 (Windows NT 10.0; Win64; x64) AppleWebKit/537.36 (KHTML, like Gecko) Chrome/112.0.5615.138 Safari/537.36 Edg/112.0.1722.68"
2001:e68:5474:a142:ada3:98cc:c793:3bef - - [08/Jun/2025:08:04:45 -0400] "GET /manga/btooom-chapter-48/ HTTP/1.1" 304 0 "https://w3.readbtooom.com/" "Mozilla/5.0 (Windows NT 10.0; Win64; x64) AppleWebKit/537.36 (KHTML, like Gecko) Chrome/137.0.0.0 Safari/537.36"
2001:e68:5474:a142:ada3:98cc:c793:3bef - - [08/Jun/2025:08:04:53 -0400] "GET /manga/btooom-chapter-47/ HTTP/1.1" 200 30781 "https://w3.readbtooom.com/" "Mozilla/5.0 (Windows NT 10.0; Win64; x64) AppleWebKit/537.36 (KHTML, like Gecko) Chrome/137.0.0.0 Safari/537.36"
2001:e68:5474:a142:ada3:98cc:c793:3bef - - [08/Jun/2025:08:04:54 -0400] "GET /manga/btooom-chapter-47/ HTTP/1.1" 304 0 "https://w3.readbtooom.com/" "Mozilla/5.0 (Windows NT 10.0; Win64; x64) AppleWebKit/537.36 (KHTML, like Gecko) Chrome/137.0.0.0 Safari/537.36"
162.0.232.193 - - [08/Jun/2025:08:04:54 -0400] "POST /wp-cron.php?doing_wp_cron=1749384294.8103361129760742187500 HTTP/1.1" 200 0 "-" "WordPress/6.4.5; https://w3.readbtooom.com"
2001:e68:5474:a142:ada3:98cc:c793:3bef - - [08/Jun/2025:08:04:54 -0400] "POST /wp-admin/admin-ajax.php HTTP/1.1" 200 69 "https://w3.readbtooom.com/manga/btooom-chapter-47/" "Mozilla/5.0 (Windows NT 10.0; Win64; x64) AppleWebKit/537.36 (KHTML, like Gecko) Chrome/137.0.0.0 Safari/537.36"
103.175.63.89 - - [08/Jun/2025:08:04:58 -0400] "GET /tag/ryota-sakamoto/ HTTP/1.1" 301 0 "https://w3.readbtooom.com/manga/btooom-chapter-26/" "Mozilla/5.0 (Linux; Android 10; K) AppleWebKit/537.36 (KHTML, like Gecko) Chrome/137.0.0.0 Mobile Safari/537.36"
103.175.63.89 - - [08/Jun/2025:08:04:59 -0400] "GET /manga/btooom-chapter-27/ HTTP/1.1" 200 21742 "https://w3.readbtooom.com/manga/btooom-chapter-26/" "Mozilla/5.0 (Linux; Android 10; K) AppleWebKit/537.36 (KHTML, like Gecko) Chrome/137.0.0.0 Mobile Safari/537.36"
103.175.63.89 - - [08/Jun/2025:08:05:00 -0400] "GET /manga/btooom-chapter-27/ HTTP/1.1" 304 0 "https://w3.readbtooom.com/manga/btooom-chapter-26/" "Mozilla/5.0 (Linux; Android 10; K) AppleWebKit/537.36 (KHTML, like Gecko) Chrome/137.0.0.0 Mobile Safari/537.36"
129.227.230.69 - - [08/Jun/2025:08:05:08 -0400] "GET /manga/btooom-chapter-114/ HTTP/1.1" 200 34793 "https://w3.readbtooom.com/manga/btooom-chapter-65/" "Mozilla/5.0 (iPhone; CPU iPhone OS 17_5_0 like Mac OS X) AppleWebKit/605.1.15 (KHTML, like Gecko) CriOS/136.0.7103.56 Mobile/15E148 Safari/604.1"
129.227.230.69 - - [08/Jun/2025:08:05:09 -0400] "POST /wp-admin/admin-ajax.php HTTP/1.1" 200 69 "https://w3.readbtooom.com/manga/btooom-chapter-114/" "Mozilla/5.0 (iPhone; CPU iPhone OS 17_5_0 like Mac OS X) AppleWebKit/605.1.15 (KHTML, like Gecko) CriOS/136.0.7103.56 Mobile/15E148 Safari/604.1"
2001:e68:5474:a142:ada3:98cc:c793:3bef - - [08/Jun/2025:08:05:15 -0400] "GET /manga/btooom-chapter-48/ HTTP/1.1" 304 0 "https://w3.readbtooom.com/manga/btooom-chapter-47/" "Mozilla/5.0 (Windows NT 10.0; Win64; x64) AppleWebKit/537.36 (KHTML, like Gecko) Chrome/137.0.0.0 Safari/537.36"
2001:e68:5474:a142:ada3:98cc:c793:3bef - - [08/Jun/2025:08:05:16 -0400] "GET /manga/btooom-chapter-45/ HTTP/1.1" 200 30654 "https://w3.readbtooom.com/manga/btooom-chapter-47/" "Mozilla/5.0 (Windows NT 10.0; Win64; x64) AppleWebKit/537.36 (KHTML, like Gecko) Chrome/137.0.0.0 Safari/537.36"
103.175.63.89 - - [08/Jun/2025:08:05:47 -0400] "GET /manga/btooom-chapter-26/ HTTP/1.1" 304 0 "https://w3.readbtooom.com/manga/btooom-chapter-27/" "Mozilla/5.0 (Linux; Android 10; K) AppleWebKit/537.36 (KHTML, like Gecko) Chrome/137.0.0.0 Mobile Safari/537.36"
103.175.63.89 - - [08/Jun/2025:08:05:48 -0400] "GET /manga/btooom-chapter-28/ HTTP/1.1" 200 22682 "https://w3.readbtooom.com/manga/btooom-chapter-27/" "Mozilla/5.0 (Linux; Android 10; K) AppleWebKit/537.36 (KHTML, like Gecko) Chrome/137.0.0.0 Mobile Safari/537.36"
103.175.63.89 - - [08/Jun/2025:08:05:48 -0400] "GET /manga/btooom-chapter-28/ HTTP/1.1" 304 0 "https://w3.readbtooom.com/manga/btooom-chapter-27/" "Mozilla/5.0 (Linux; Android 10; K) AppleWebKit/537.36 (KHTML, like Gecko) Chrome/137.0.0.0 Mobile Safari/537.36"
103.175.63.89 - - [08/Jun/2025:08:05:50 -0400] "GET / HTTP/1.1" 200 18608 "https://w3.readbtooom.com/manga/btooom-chapter-28/" "Mozilla/5.0 (Linux; Android 10; K) AppleWebKit/537.36 (KHTML, like Gecko) Chrome/137.0.0.0 Mobile Safari/537.36"
103.175.63.89 - - [08/Jun/2025:08:06:20 -0400] "GET /manga/btooom-chapter-29/ HTTP/1.1" 200 21727 "https://w3.readbtooom.com/manga/btooom-chapter-28/" "Mozilla/5.0 (Linux; Android 10; K) AppleWebKit/537.36 (KHTML, like Gecko) Chrome/137.0.0.0 Mobile Safari/537.36"
103.175.63.89 - - [08/Jun/2025:08:06:25 -0400] "GET / HTTP/1.1" 304 0 "https://w3.readbtooom.com/manga/btooom-chapter-29/" "Mozilla/5.0 (Linux; Android 10; K) AppleWebKit/537.36 (KHTML, like Gecko) Chrome/137.0.0.0 Mobile Safari/537.36"
103.175.63.89 - - [08/Jun/2025:08:06:54 -0400] "GET /manga/btooom-chapter-30/ HTTP/1.1" 200 21911 "https://w3.readbtooom.com/manga/btooom-chapter-29/" "Mozilla/5.0 (Linux; Android 10; K) AppleWebKit/537.36 (KHTML, like Gecko) Chrome/137.0.0.0 Mobile Safari/537.36"
103.175.63.89 - - [08/Jun/2025:08:06:55 -0400] "GET /manga/btooom-chapter-30/ HTTP/1.1" 304 0 "https://w3.readbtooom.com/manga/btooom-chapter-29/" "Mozilla/5.0 (Linux; Android 10; K) AppleWebKit/537.36 (KHTML, like Gecko) Chrome/137.0.0.0 Mobile Safari/537.36"
129.227.230.69 - - [08/Jun/2025:08:07:02 -0400] "GET /manga/btooom-chapter-3/ HTTP/1.1" 200 23054 "-" "Mozilla/5.0 (iPhone; CPU iPhone OS 17_5_0 like Mac OS X) AppleWebKit/605.1.15 (KHTML, like Gecko) CriOS/136.0.7103.56 Mobile/15E148 Safari/604.1"
162.0.232.193 - - [08/Jun/2025:08:07:04 -0400] "POST /wp-cron.php?doing_wp_cron=1749384424.7547359466552734375000 HTTP/1.1" 200 0 "-" "WordPress/6.4.5; https://w3.readbtooom.com"
129.227.230.69 - - [08/Jun/2025:08:07:03 -0400] "POST /wp-admin/admin-ajax.php HTTP/1.1" 200 69 "https://w3.readbtooom.com/manga/btooom-chapter-3/" "Mozilla/5.0 (iPhone; CPU iPhone OS 17_5_0 like Mac OS X) AppleWebKit/605.1.15 (KHTML, like Gecko) CriOS/136.0.7103.56 Mobile/15E148 Safari/604.1"
129.227.230.69 - - [08/Jun/2025:08:07:19 -0400] "GET /manga/btooom-chapter-2/ HTTP/1.1" 200 23830 "https://w3.readbtooom.com/manga/btooom-chapter-3/" "Mozilla/5.0 (iPhone; CPU iPhone OS 17_5_0 like Mac OS X) AppleWebKit/605.1.15 (KHTML, like Gecko) CriOS/136.0.7103.56 Mobile/15E148 Safari/604.1"
103.175.63.89 - - [08/Jun/2025:08:07:24 -0400] "GET /manga/btooom-chapter-31/ HTTP/1.1" 200 22672 "https://w3.readbtooom.com/manga/btooom-chapter-30/" "Mozilla/5.0 (Linux; Android 10; K) AppleWebKit/537.36 (KHTML, like Gecko) Chrome/137.0.0.0 Mobile Safari/537.36"
103.175.63.89 - - [08/Jun/2025:08:07:25 -0400] "GET /manga/btooom-chapter-31/ HTTP/1.1" 304 0 "https://w3.readbtooom.com/manga/btooom-chapter-30/" "Mozilla/5.0 (Linux; Android 10; K) AppleWebKit/537.36 (KHTML, like Gecko) Chrome/137.0.0.0 Mobile Safari/537.36"
103.175.63.89 - - [08/Jun/2025:08:07:25 -0400] "POST /wp-admin/admin-ajax.php HTTP/1.1" 200 69 "https://w3.readbtooom.com/manga/btooom-chapter-31/" "Mozilla/5.0 (Linux; Android 10; K) AppleWebKit/537.36 (KHTML, like Gecko) Chrome/137.0.0.0 Mobile Safari/537.36"
129.227.230.69 - - [08/Jun/2025:08:07:36 -0400] "GET /manga/btooom-chapter-1/ HTTP/1.1" 200 35121 "https://w3.readbtooom.com/manga/btooom-chapter-2/" "Mozilla/5.0 (iPhone; CPU iPhone OS 17_5_0 like Mac OS X) AppleWebKit/605.1.15 (KHTML, like Gecko) CriOS/136.0.7103.56 Mobile/15E148 Safari/604.1"
103.175.63.89 - - [08/Jun/2025:08:08:11 -0400] "GET /manga/btooom-chapter-32/ HTTP/1.1" 200 24456 "https://w3.readbtooom.com/manga/btooom-chapter-31/" "Mozilla/5.0 (Linux; Android 10; K) AppleWebKit/537.36 (KHTML, like Gecko) Chrome/137.0.0.0 Mobile Safari/537.36"
103.175.63.89 - - [08/Jun/2025:08:08:12 -0400] "GET /manga/btooom-chapter-32/ HTTP/1.1" 304 0 "https://w3.readbtooom.com/manga/btooom-chapter-31/" "Mozilla/5.0 (Linux; Android 10; K) AppleWebKit/537.36 (KHTML, like Gecko) Chrome/137.0.0.0 Mobile Safari/537.36"
162.0.232.193 - - [08/Jun/2025:08:08:13 -0400] "POST /wp-cron.php?doing_wp_cron=1749384492.9690999984741210937500 HTTP/1.1" 200 0 "-" "WordPress/6.4.5; https://w3.readbtooom.com"
103.175.63.89 - - [08/Jun/2025:08:08:12 -0400] "POST /wp-admin/admin-ajax.php HTTP/1.1" 200 69 "https://w3.readbtooom.com/manga/btooom-chapter-32/" "Mozilla/5.0 (Linux; Android 10; K) AppleWebKit/537.36 (KHTML, like Gecko) Chrome/137.0.0.0 Mobile Safari/537.36"
103.175.63.89 - - [08/Jun/2025:08:08:14 -0400] "GET / HTTP/1.1" 304 0 "https://w3.readbtooom.com/manga/btooom-chapter-32/" "Mozilla/5.0 (Linux; Android 10; K) AppleWebKit/537.36 (KHTML, like Gecko) Chrome/137.0.0.0 Mobile Safari/537.36"
129.227.230.69 - - [08/Jun/2025:08:08:50 -0400] "GET /manga/btooom-chapter-2/ HTTP/1.1" 304 0 "https://w3.readbtooom.com/manga/btooom-chapter-1/" "Mozilla/5.0 (iPhone; CPU iPhone OS 17_5_0 like Mac OS X) AppleWebKit/605.1.15 (KHTML, like Gecko) CriOS/136.0.7103.56 Mobile/15E148 Safari/604.1"
129.227.230.69 - - [08/Jun/2025:08:09:01 -0400] "GET /manga/btooom-chapter-3/ HTTP/1.1" 304 0 "https://w3.readbtooom.com/manga/btooom-chapter-2/" "Mozilla/5.0 (iPhone; CPU iPhone OS 17_5_0 like Mac OS X) AppleWebKit/605.1.15 (KHTML, like Gecko) CriOS/136.0.7103.56 Mobile/15E148 Safari/604.1"
162.0.232.193 - - [08/Jun/2025:08:09:02 -0400] "POST /wp-cron.php?doing_wp_cron=1749384542.3180830478668212890625 HTTP/1.1" 200 0 "-" "WordPress/6.4.5; https://w3.readbtooom.com"
129.227.230.69 - - [08/Jun/2025:08:09:02 -0400] "POST /wp-admin/admin-ajax.php HTTP/1.1" 200 69 "https://w3.readbtooom.com/manga/btooom-chapter-3/" "Mozilla/5.0 (iPhone; CPU iPhone OS 17_5_0 like Mac OS X) AppleWebKit/605.1.15 (KHTML, like Gecko) CriOS/136.0.7103.56 Mobile/15E148 Safari/604.1"
129.227.230.69 - - [08/Jun/2025:08:09:18 -0400] "GET /manga/btooom-chapter-4/ HTTP/1.1" 200 23094 "https://w3.readbtooom.com/manga/btooom-chapter-3/" "Mozilla/5.0 (iPhone; CPU iPhone OS 17_5_0 like Mac OS X) AppleWebKit/605.1.15 (KHTML, like Gecko) CriOS/136.0.7103.56 Mobile/15E148 Safari/604.1"
129.227.230.69 - - [08/Jun/2025:08:10:00 -0400] "GET /manga/btooom-chapter-5/ HTTP/1.1" 200 23500 "https://w3.readbtooom.com/manga/btooom-chapter-4/" "Mozilla/5.0 (iPhone; CPU iPhone OS 17_5_0 like Mac OS X) AppleWebKit/605.1.15 (KHTML, like Gecko) CriOS/136.0.7103.56 Mobile/15E148 Safari/604.1"
162.0.232.193 - - [08/Jun/2025:08:10:22 -0400] "POST /wp-cron.php?doing_wp_cron=1749384622.4897310733795166015625 HTTP/1.1" 200 0 "-" "WordPress/6.4.5; https://w3.readbtooom.com"
43.166.244.192 - - [08/Jun/2025:08:10:22 -0400] "GET /wp-json/oembed/1.0/embed?url=https%3A%2F%2Fw3.readbtooom.com%2Fmanga%2Fbtooom-chapter-60%2F HTTP/1.1" 200 2117 "-" "Mozilla/5.0 (iPhone; CPU iPhone OS 13_2_3 like Mac OS X) AppleWebKit/605.1.15 (KHTML, like Gecko) Version/13.0.3 Mobile/15E148 Safari/604.1"
129.227.230.69 - - [08/Jun/2025:08:10:40 -0400] "GET /manga/btooom-chapter-6/ HTTP/1.1" 200 25156 "https://w3.readbtooom.com/manga/btooom-chapter-5/" "Mozilla/5.0 (iPhone; CPU iPhone OS 17_5_0 like Mac OS X) AppleWebKit/605.1.15 (KHTML, like Gecko) CriOS/136.0.7103.56 Mobile/15E148 Safari/604.1"
103.175.63.89 - - [08/Jun/2025:08:10:41 -0400] "GET /manga/btooom-chapter-31/ HTTP/1.1" 304 0 "https://w3.readbtooom.com/manga/btooom-chapter-32/" "Mozilla/5.0 (Linux; Android 10; K) AppleWebKit/537.36 (KHTML, like Gecko) Chrome/137.0.0.0 Mobile Safari/537.36"
162.0.232.193 - - [08/Jun/2025:08:10:41 -0400] "POST /wp-cron.php?doing_wp_cron=1749384641.3697040081024169921875 HTTP/1.1" 200 0 "-" "WordPress/6.4.5; https://w3.readbtooom.com"
103.175.63.89 - - [08/Jun/2025:08:10:41 -0400] "GET /manga/btooom-chapter-33/ HTTP/1.1" 200 24226 "https://w3.readbtooom.com/manga/btooom-chapter-32/" "Mozilla/5.0 (Linux; Android 10; K) AppleWebKit/537.36 (KHTML, like Gecko) Chrome/137.0.0.0 Mobile Safari/537.36"
103.175.63.89 - - [08/Jun/2025:08:10:42 -0400] "GET /manga/btooom-chapter-33/ HTTP/1.1" 304 0 "https://w3.readbtooom.com/manga/btooom-chapter-32/" "Mozilla/5.0 (Linux; Android 10; K) AppleWebKit/537.36 (KHTML, like Gecko) Chrome/137.0.0.0 Mobile Safari/537.36"
129.227.230.69 - - [08/Jun/2025:08:10:41 -0400] "POST /wp-admin/admin-ajax.php HTTP/1.1" 200 69 "https://w3.readbtooom.com/manga/btooom-chapter-6/" "Mozilla/5.0 (iPhone; CPU iPhone OS 17_5_0 like Mac OS X) AppleWebKit/605.1.15 (KHTML, like Gecko) CriOS/136.0.7103.56 Mobile/15E148 Safari/604.1"
162.0.232.193 - - [08/Jun/2025:08:10:57 -0400] "POST /wp-cron.php?doing_wp_cron=1749384656.8527259826660156250000 HTTP/1.1" 200 0 "-" "WordPress/6.4.5; https://w3.readbtooom.com"
18.97.9.101 - - [08/Jun/2025:08:11:40 -0400] "GET /manga/btooom-chapter-41/ HTTP/1.1" 200 31063 "-" "Mozilla/5.0 AppleWebKit/537.36 (KHTML, like Gecko; compatible; PerplexityBot/1.0; +https://perplexity.ai/perplexitybot)"
18.97.9.102 - - [08/Jun/2025:08:11:40 -0400] "GET /manga/btooom-chapter-117/ HTTP/1.1" 200 38049 "-" "Mozilla/5.0 AppleWebKit/537.36 (KHTML, like Gecko; compatible; PerplexityBot/1.0; +https://perplexity.ai/perplexitybot)"
18.97.9.100 - - [08/Jun/2025:08:11:42 -0400] "GET /manga/btooom-chapter-75/ HTTP/1.1" 200 29669 "-" "Mozilla/5.0 AppleWebKit/537.36 (KHTML, like Gecko; compatible; PerplexityBot/1.0; +https://perplexity.ai/perplexitybot)"
129.227.230.69 - - [08/Jun/2025:08:11:52 -0400] "GET /manga/btooom-chapter-7/ HTTP/1.1" 200 24239 "https://w3.readbtooom.com/manga/btooom-chapter-6/" "Mozilla/5.0 (iPhone; CPU iPhone OS 17_5_0 like Mac OS X) AppleWebKit/605.1.15 (KHTML, like Gecko) CriOS/136.0.7103.56 Mobile/15E148 Safari/604.1"
49.197.156.24 - - [08/Jun/2025:08:12:00 -0400] "GET /manga/btooom-chapter-74/ HTTP/1.1" 200 33300 "https://w3.readbtooom.com/manga/btooom-chapter-73/" "Mozilla/5.0 (Android 15; Mobile; rv:139.0) Gecko/139.0 Firefox/139.0"
49.197.156.24 - - [08/Jun/2025:08:12:01 -0400] "GET /manga/btooom-chapter-74/ HTTP/1.1" 200 33300 "https://w3.readbtooom.com/manga/btooom-chapter-73/" "Mozilla/5.0 (Android 15; Mobile; rv:139.0) Gecko/139.0 Firefox/139.0"
162.0.232.193 - - [08/Jun/2025:08:12:04 -0400] "POST /wp-cron.php?doing_wp_cron=1749384724.1148049831390380859375 HTTP/1.1" 200 0 "-" "WordPress/6.4.5; https://w3.readbtooom.com"
49.197.156.24 - - [08/Jun/2025:08:12:03 -0400] "POST /wp-admin/admin-ajax.php HTTP/1.1" 200 69 "https://w3.readbtooom.com/manga/btooom-chapter-74/" "Mozilla/5.0 (Android 15; Mobile; rv:139.0) Gecko/139.0 Firefox/139.0"
2001:e68:5474:a142:ada3:98cc:c793:3bef - - [08/Jun/2025:08:12:25 -0400] "GET /manga/btooom-chapter-46/ HTTP/1.1" 200 32730 "https://w3.readbtooom.com/" "Mozilla/5.0 (Windows NT 10.0; Win64; x64) AppleWebKit/537.36 (KHTML, like Gecko) Chrome/137.0.0.0 Safari/537.36"
2001:e68:5474:a142:ada3:98cc:c793:3bef - - [08/Jun/2025:08:12:25 -0400] "GET /manga/btooom-chapter-3/ HTTP/1.1" 200 23054 "https://w3.readbtooom.com/" "Mozilla/5.0 (Windows NT 10.0; Win64; x64) AppleWebKit/537.36 (KHTML, like Gecko) Chrome/137.0.0.0 Safari/537.36"
2001:e68:5474:a142:ada3:98cc:c793:3bef - - [08/Jun/2025:08:12:26 -0400] "GET /manga/btooom-chapter-17/ HTTP/1.1" 304 0 "https://w3.readbtooom.com/" "Mozilla/5.0 (Windows NT 10.0; Win64; x64) AppleWebKit/537.36 (KHTML, like Gecko) Chrome/137.0.0.0 Safari/537.36"
2001:e68:5474:a142:ada3:98cc:c793:3bef - - [08/Jun/2025:08:12:26 -0400] "GET /manga/btooom-chapter-15/ HTTP/1.1" 304 0 "https://w3.readbtooom.com/" "Mozilla/5.0 (Windows NT 10.0; Win64; x64) AppleWebKit/537.36 (KHTML, like Gecko) Chrome/137.0.0.0 Safari/537.36"
2001:e68:5474:a142:ada3:98cc:c793:3bef - - [08/Jun/2025:08:12:27 -0400] "GET /manga/btooom-chapter-15/ HTTP/1.1" 304 0 "https://w3.readbtooom.com/" "Mozilla/5.0 (Windows NT 10.0; Win64; x64) AppleWebKit/537.36 (KHTML, like Gecko) Chrome/137.0.0.0 Safari/537.36"
2001:e68:5474:a142:ada3:98cc:c793:3bef - - [08/Jun/2025:08:12:37 -0400] "GET /manga/btooom-chapter-14-5/ HTTP/1.1" 304 0 "https://w3.readbtooom.com/manga/btooom-chapter-15/" "Mozilla/5.0 (Windows NT 10.0; Win64; x64) AppleWebKit/537.36 (KHTML, like Gecko) Chrome/137.0.0.0 Safari/537.36"
2001:e68:5474:a142:ada3:98cc:c793:3bef - - [08/Jun/2025:08:12:39 -0400] "GET /manga/btooom-chapter-16/ HTTP/1.1" 304 0 "https://w3.readbtooom.com/manga/btooom-chapter-15/" "Mozilla/5.0 (Windows NT 10.0; Win64; x64) AppleWebKit/537.36 (KHTML, like Gecko) Chrome/137.0.0.0 Safari/537.36"
2001:e68:5474:a142:ada3:98cc:c793:3bef - - [08/Jun/2025:08:12:39 -0400] "GET /manga/btooom-chapter-14-5/ HTTP/1.1" 304 0 "https://w3.readbtooom.com/manga/btooom-chapter-15/" "Mozilla/5.0 (Windows NT 10.0; Win64; x64) AppleWebKit/537.36 (KHTML, like Gecko) Chrome/137.0.0.0 Safari/537.36"
162.0.232.193 - - [08/Jun/2025:08:12:40 -0400] "POST /wp-cron.php?doing_wp_cron=1749384760.1957960128784179687500 HTTP/1.1" 200 0 "-" "WordPress/6.4.5; https://w3.readbtooom.com"
2001:e68:5474:a142:ada3:98cc:c793:3bef - - [08/Jun/2025:08:12:40 -0400] "POST /wp-admin/admin-ajax.php HTTP/1.1" 200 69 "https://w3.readbtooom.com/manga/btooom-chapter-14-5/" "Mozilla/5.0 (Windows NT 10.0; Win64; x64) AppleWebKit/537.36 (KHTML, like Gecko) Chrome/137.0.0.0 Safari/537.36"
2001:e68:5474:a142:ada3:98cc:c793:3bef - - [08/Jun/2025:08:12:44 -0400] "GET /manga/btooom-chapter-16/ HTTP/1.1" 304 0 "https://w3.readbtooom.com/manga/btooom-chapter-15/" "Mozilla/5.0 (Windows NT 10.0; Win64; x64) AppleWebKit/537.36 (KHTML, like Gecko) Chrome/137.0.0.0 Safari/537.36"
2001:e68:5474:a142:ada3:98cc:c793:3bef - - [08/Jun/2025:08:12:44 -0400] "GET /manga/btooom-chapter-16/ HTTP/1.1" 304 0 "https://w3.readbtooom.com/manga/btooom-chapter-15/" "Mozilla/5.0 (Windows NT 10.0; Win64; x64) AppleWebKit/537.36 (KHTML, like Gecko) Chrome/137.0.0.0 Safari/537.36"
129.227.230.69 - - [08/Jun/2025:08:12:59 -0400] "GET /manga/btooom-chapter-8/ HTTP/1.1" 200 23506 "https://w3.readbtooom.com/manga/btooom-chapter-7/" "Mozilla/5.0 (iPhone; CPU iPhone OS 17_5_0 like Mac OS X) AppleWebKit/605.1.15 (KHTML, like Gecko) CriOS/136.0.7103.56 Mobile/15E148 Safari/604.1"
162.0.232.193 - - [08/Jun/2025:08:13:00 -0400] "POST /wp-cron.php?doing_wp_cron=1749384780.1517939567565917968750 HTTP/1.1" 200 0 "-" "WordPress/6.4.5; https://w3.readbtooom.com"
129.227.230.69 - - [08/Jun/2025:08:12:59 -0400] "POST /wp-admin/admin-ajax.php HTTP/1.1" 200 69 "https://w3.readbtooom.com/manga/btooom-chapter-8/" "Mozilla/5.0 (iPhone; CPU iPhone OS 17_5_0 like Mac OS X) AppleWebKit/605.1.15 (KHTML, like Gecko) CriOS/136.0.7103.56 Mobile/15E148 Safari/604.1"
129.227.230.69 - - [08/Jun/2025:08:13:45 -0400] "GET /manga/btooom-chapter-9/ HTTP/1.1" 200 23258 "https://w3.readbtooom.com/manga/btooom-chapter-8/" "Mozilla/5.0 (iPhone; CPU iPhone OS 17_5_0 like Mac OS X) AppleWebKit/605.1.15 (KHTML, like Gecko) CriOS/136.0.7103.56 Mobile/15E148 Safari/604.1"
162.0.232.193 - - [08/Jun/2025:08:13:46 -0400] "POST /wp-cron.php?doing_wp_cron=1749384825.9273068904876708984375 HTTP/1.1" 200 0 "-" "WordPress/6.4.5; https://w3.readbtooom.com"
129.227.230.69 - - [08/Jun/2025:08:13:45 -0400] "POST /wp-admin/admin-ajax.php HTTP/1.1" 200 69 "https://w3.readbtooom.com/manga/btooom-chapter-9/" "Mozilla/5.0 (iPhone; CPU iPhone OS 17_5_0 like Mac OS X) AppleWebKit/605.1.15 (KHTML, like Gecko) CriOS/136.0.7103.56 Mobile/15E148 Safari/604.1"
18.97.9.100 - - [08/Jun/2025:08:13:52 -0400] "GET /manga/btooom-chapter-29/ HTTP/1.1" 200 21727 "-" "Mozilla/5.0 AppleWebKit/537.36 (KHTML, like Gecko; compatible; PerplexityBot/1.0; +https://perplexity.ai/perplexitybot)"
2001:e68:5474:a142:ada3:98cc:c793:3bef - - [08/Jun/2025:08:14:15 -0400] "GET /manga/btooom-chapter-1/ HTTP/1.1" 304 0 "https://w3.readbtooom.com/manga/btooom-chapter-16/" "Mozilla/5.0 (Windows NT 10.0; Win64; x64) AppleWebKit/537.36 (KHTML, like Gecko) Chrome/137.0.0.0 Safari/537.36"
2001:e68:5474:a142:ada3:98cc:c793:3bef - - [08/Jun/2025:08:14:15 -0400] "GET / HTTP/1.1" 304 0 "https://w3.readbtooom.com/manga/btooom-chapter-16/" "Mozilla/5.0 (Windows NT 10.0; Win64; x64) AppleWebKit/537.36 (KHTML, like Gecko) Chrome/137.0.0.0 Safari/537.36"
2001:e68:5474:a142:ada3:98cc:c793:3bef - - [08/Jun/2025:08:14:16 -0400] "GET / HTTP/1.1" 304 0 "https://w3.readbtooom.com/manga/btooom-chapter-16/" "Mozilla/5.0 (Windows NT 10.0; Win64; x64) AppleWebKit/537.36 (KHTML, like Gecko) Chrome/137.0.0.0 Safari/537.36"
2001:e68:5474:a142:ada3:98cc:c793:3bef - - [08/Jun/2025:08:14:16 -0400] "GET / HTTP/1.1" 304 0 "https://w3.readbtooom.com/" "Mozilla/5.0 (Windows NT 10.0; Win64; x64) AppleWebKit/537.36 (KHTML, like Gecko) Chrome/137.0.0.0 Safari/537.36"
2001:e68:5474:a142:ada3:98cc:c793:3bef - - [08/Jun/2025:08:14:18 -0400] "GET /manga/btooom-chapter-115/ HTTP/1.1" 200 33455 "https://w3.readbtooom.com/" "Mozilla/5.0 (Windows NT 10.0; Win64; x64) AppleWebKit/537.36 (KHTML, like Gecko) Chrome/137.0.0.0 Safari/537.36"
2001:e68:5474:a142:ada3:98cc:c793:3bef - - [08/Jun/2025:08:14:18 -0400] "GET /manga/btooom-chapter-96/ HTTP/1.1" 200 29839 "https://w3.readbtooom.com/" "Mozilla/5.0 (Windows NT 10.0; Win64; x64) AppleWebKit/537.36 (KHTML, like Gecko) Chrome/137.0.0.0 Safari/537.36"
2001:e68:5474:a142:ada3:98cc:c793:3bef - - [08/Jun/2025:08:14:18 -0400] "GET /manga/btooom-chapter-97/ HTTP/1.1" 200 30626 "https://w3.readbtooom.com/" "Mozilla/5.0 (Windows NT 10.0; Win64; x64) AppleWebKit/537.36 (KHTML, like Gecko) Chrome/137.0.0.0 Safari/537.36"
2001:e68:5474:a142:ada3:98cc:c793:3bef - - [08/Jun/2025:08:14:19 -0400] "GET /manga/btooom-chapter-98/ HTTP/1.1" 200 32603 "https://w3.readbtooom.com/" "Mozilla/5.0 (Windows NT 10.0; Win64; x64) AppleWebKit/537.36 (KHTML, like Gecko) Chrome/137.0.0.0 Safari/537.36"
2001:e68:5474:a142:ada3:98cc:c793:3bef - - [08/Jun/2025:08:14:19 -0400] "GET /manga/btooom-chapter-98/ HTTP/1.1" 304 0 "https://w3.readbtooom.com/" "Mozilla/5.0 (Windows NT 10.0; Win64; x64) AppleWebKit/537.36 (KHTML, like Gecko) Chrome/137.0.0.0 Safari/537.36"
162.0.232.193 - - [08/Jun/2025:08:14:20 -0400] "POST /wp-cron.php?doing_wp_cron=1749384860.1383879184722900390625 HTTP/1.1" 200 0 "-" "WordPress/6.4.5; https://w3.readbtooom.com"
2001:e68:5474:a142:ada3:98cc:c793:3bef - - [08/Jun/2025:08:14:20 -0400] "POST /wp-admin/admin-ajax.php HTTP/1.1" 200 69 "https://w3.readbtooom.com/manga/btooom-chapter-98/" "Mozilla/5.0 (Windows NT 10.0; Win64; x64) AppleWebKit/537.36 (KHTML, like Gecko) Chrome/137.0.0.0 Safari/537.36"
129.227.230.69 - - [08/Jun/2025:08:14:33 -0400] "GET /manga/btooom-chapter-10/ HTTP/1.1" 200 22530 "https://w3.readbtooom.com/manga/btooom-chapter-9/" "Mozilla/5.0 (iPhone; CPU iPhone OS 17_5_0 like Mac OS X) AppleWebKit/605.1.15 (KHTML, like Gecko) CriOS/136.0.7103.56 Mobile/15E148 Safari/604.1"
162.0.232.193 - - [08/Jun/2025:08:14:42 -0400] "POST /wp-cron.php?doing_wp_cron=1749384882.4741079807281494140625 HTTP/1.1" 200 0 "-" "WordPress/6.4.5; https://w3.readbtooom.com"
2a09:bac3:bdd1:2632::3ce:3b - - [08/Jun/2025:08:14:44 -0400] "GET / HTTP/1.1" 200 18608 "-" "NetworkingExtension/8621.2.5.10.10 Network/4277.122.6 iOS/18.5"
2a09:bac3:bdd1:2632::3ce:3b - - [08/Jun/2025:08:14:44 -0400] "GET / HTTP/1.1" 200 18608 "-" "NetworkingExtension/8621.2.5.10.10 Network/4277.122.6 iOS/18.5"
129.227.230.69 - - [08/Jun/2025:08:14:56 -0400] "GET /manga/btooom-chapter-11/ HTTP/1.1" 200 22878 "https://w3.readbtooom.com/manga/btooom-chapter-10/" "Mozilla/5.0 (iPhone; CPU iPhone OS 17_5_0 like Mac OS X) AppleWebKit/605.1.15 (KHTML, like Gecko) CriOS/136.0.7103.56 Mobile/15E148 Safari/604.1"
103.175.63.89 - - [08/Jun/2025:08:14:56 -0400] "GET / HTTP/1.1" 304 0 "https://w3.readbtooom.com/" "Mozilla/5.0 (Linux; Android 10; K) AppleWebKit/537.36 (KHTML, like Gecko) Chrome/137.0.0.0 Mobile Safari/537.36"
103.175.63.89 - - [08/Jun/2025:08:14:56 -0400] "GET /manga/btooom-chapter-32/ HTTP/1.1" 304 0 "https://w3.readbtooom.com/manga/btooom-chapter-33/" "Mozilla/5.0 (Linux; Android 10; K) AppleWebKit/537.36 (KHTML, like Gecko) Chrome/137.0.0.0 Mobile Safari/537.36"
103.175.63.89 - - [08/Jun/2025:08:14:57 -0400] "GET /manga/btooom-chapter-34/ HTTP/1.1" 200 26817 "https://w3.readbtooom.com/manga/btooom-chapter-33/" "Mozilla/5.0 (Linux; Android 10; K) AppleWebKit/537.36 (KHTML, like Gecko) Chrome/137.0.0.0 Mobile Safari/537.36"
103.175.63.89 - - [08/Jun/2025:08:14:58 -0400] "GET /manga/btooom-chapter-34/ HTTP/1.1" 304 0 "https://w3.readbtooom.com/manga/btooom-chapter-33/" "Mozilla/5.0 (Linux; Android 10; K) AppleWebKit/537.36 (KHTML, like Gecko) Chrome/137.0.0.0 Mobile Safari/537.36"
162.0.232.193 - - [08/Jun/2025:08:14:58 -0400] "POST /wp-cron.php?doing_wp_cron=1749384898.7075049877166748046875 HTTP/1.1" 200 0 "-" "WordPress/6.4.5; https://w3.readbtooom.com"
103.175.63.89 - - [08/Jun/2025:08:14:58 -0400] "POST /wp-admin/admin-ajax.php HTTP/1.1" 200 69 "https://w3.readbtooom.com/manga/btooom-chapter-34/" "Mozilla/5.0 (Linux; Android 10; K) AppleWebKit/537.36 (KHTML, like Gecko) Chrome/137.0.0.0 Mobile Safari/537.36"
129.227.230.69 - - [08/Jun/2025:08:15:22 -0400] "GET /manga/btooom-chapter-12/ HTTP/1.1" 200 24050 "https://w3.readbtooom.com/manga/btooom-chapter-11/" "Mozilla/5.0 (iPhone; CPU iPhone OS 17_5_0 like Mac OS X) AppleWebKit/605.1.15 (KHTML, like Gecko) CriOS/136.0.7103.56 Mobile/15E148 Safari/604.1"
129.227.230.69 - - [08/Jun/2025:08:15:23 -0400] "POST /wp-admin/admin-ajax.php HTTP/1.1" 200 69 "https://w3.readbtooom.com/manga/btooom-chapter-12/" "Mozilla/5.0 (iPhone; CPU iPhone OS 17_5_0 like Mac OS X) AppleWebKit/605.1.15 (KHTML, like Gecko) CriOS/136.0.7103.56 Mobile/15E148 Safari/604.1"
129.227.230.69 - - [08/Jun/2025:08:15:47 -0400] "GET /manga/btooom-chapter-13/ HTTP/1.1" 200 22890 "https://w3.readbtooom.com/manga/btooom-chapter-12/" "Mozilla/5.0 (iPhone; CPU iPhone OS 17_5_0 like Mac OS X) AppleWebKit/605.1.15 (KHTML, like Gecko) CriOS/136.0.7103.56 Mobile/15E148 Safari/604.1"
129.227.230.69 - - [08/Jun/2025:08:16:25 -0400] "GET /manga/btooom-chapter-14/ HTTP/1.1" 200 24199 "https://w3.readbtooom.com/manga/btooom-chapter-13/" "Mozilla/5.0 (iPhone; CPU iPhone OS 17_5_0 like Mac OS X) AppleWebKit/605.1.15 (KHTML, like Gecko) CriOS/136.0.7103.56 Mobile/15E148 Safari/604.1"
129.227.230.69 - - [08/Jun/2025:08:17:10 -0400] "GET /manga/btooom-chapter-14-5/ HTTP/1.1" 200 20736 "https://w3.readbtooom.com/manga/btooom-chapter-14/" "Mozilla/5.0 (iPhone; CPU iPhone OS 17_5_0 like Mac OS X) AppleWebKit/605.1.15 (KHTML, like Gecko) CriOS/136.0.7103.56 Mobile/15E148 Safari/604.1"
162.0.232.193 - - [08/Jun/2025:08:17:12 -0400] "POST /wp-cron.php?doing_wp_cron=1749385032.0152189731597900390625 HTTP/1.1" 200 0 "-" "WordPress/6.4.5; https://w3.readbtooom.com"
129.227.230.69 - - [08/Jun/2025:08:17:10 -0400] "POST /wp-admin/admin-ajax.php HTTP/1.1" 200 69 "https://w3.readbtooom.com/manga/btooom-chapter-14-5/" "Mozilla/5.0 (iPhone; CPU iPhone OS 17_5_0 like Mac OS X) AppleWebKit/605.1.15 (KHTML, like Gecko) CriOS/136.0.7103.56 Mobile/15E148 Safari/604.1"
129.227.230.69 - - [08/Jun/2025:08:17:31 -0400] "GET /manga/btooom-chapter-15/ HTTP/1.1" 200 23817 "https://w3.readbtooom.com/manga/btooom-chapter-14-5/" "Mozilla/5.0 (iPhone; CPU iPhone OS 17_5_0 like Mac OS X) AppleWebKit/605.1.15 (KHTML, like Gecko) CriOS/136.0.7103.56 Mobile/15E148 Safari/604.1"
129.227.230.69 - - [08/Jun/2025:08:18:03 -0400] "GET /manga/btooom-chapter-16/ HTTP/1.1" 200 22703 "https://w3.readbtooom.com/manga/btooom-chapter-15/" "Mozilla/5.0 (iPhone; CPU iPhone OS 17_5_0 like Mac OS X) AppleWebKit/605.1.15 (KHTML, like Gecko) CriOS/136.0.7103.56 Mobile/15E148 Safari/604.1"
162.0.232.193 - - [08/Jun/2025:08:18:11 -0400] "POST /wp-cron.php?doing_wp_cron=1749385091.2684030532836914062500 HTTP/1.1" 200 0 "-" "WordPress/6.4.5; https://w3.readbtooom.com"
135.235.192.165 - - [08/Jun/2025:08:18:33 -0400] "GET / HTTP/1.1" 200 18608 "-" "Mozlila/5.0 (Linux; Android 7.0; SM-G892A Bulid/NRD90M; wv) AppleWebKit/537.36 (KHTML, like Gecko) Version/4.0 Chrome/60.0.3112.107 Moblie Safari/537.36"
