2001:8f8:1c67:10ef:e58e:7c02:d1ce:3a5c - - [08/Jun/2025:10:43:46 -0400] "GET /manga/btooom-chapter-17/ HTTP/1.1" 200 22529 "https://w3.readbtooom.com/manga/btooom-chapter-16/" "Mozilla/5.0 (Linux; Android 10; K) AppleWebKit/537.36 (KHTML, like Gecko) Chrome/137.0.0.0 Mobile Safari/537.36"
2001:8f8:1c67:10ef:e58e:7c02:d1ce:3a5c - - [08/Jun/2025:10:43:51 -0400] "GET /manga/btooom-chapter-121-2/ HTTP/1.1" 200 49702 "https://w3.readbtooom.com/manga/btooom-chapter-16/" "Mozilla/5.0 (Linux; Android 10; K) AppleWebKit/537.36 (KHTML, like Gecko) Chrome/137.0.0.0 Mobile Safari/537.36"
2001:8f8:1c67:10ef:e58e:7c02:d1ce:3a5c - - [08/Jun/2025:10:43:51 -0400] "GET /manga/btooom-chapter-121-2/ HTTP/1.1" 304 0 "https://w3.readbtooom.com/manga/btooom-chapter-16/" "Mozilla/5.0 (Linux; Android 10; K) AppleWebKit/537.36 (KHTML, like Gecko) Chrome/137.0.0.0 Mobile Safari/537.36"
162.0.232.193 - - [08/Jun/2025:10:43:53 -0400] "POST /wp-cron.php?doing_wp_cron=1749393832.9045228958129882812500 HTTP/1.1" 200 0 "-" "WordPress/6.4.5; https://w3.readbtooom.com"
2001:8f8:1c67:10ef:e58e:7c02:d1ce:3a5c - - [08/Jun/2025:10:43:52 -0400] "POST /wp-admin/admin-ajax.php HTTP/1.1" 200 69 "https://w3.readbtooom.com/manga/btooom-chapter-121-2/" "Mozilla/5.0 (Linux; Android 10; K) AppleWebKit/537.36 (KHTML, like Gecko) Chrome/137.0.0.0 Mobile Safari/537.36"
2001:8f8:1c67:10ef:e58e:7c02:d1ce:3a5c - - [08/Jun/2025:10:44:27 -0400] "GET /manga/btooom-chapter-121/ HTTP/1.1" 200 54700 "https://w3.readbtooom.com/manga/btooom-chapter-121-2/" "Mozilla/5.0 (Linux; Android 10; K) AppleWebKit/537.36 (KHTML, like Gecko) Chrome/137.0.0.0 Mobile Safari/537.36"
2001:8f8:1c67:10ef:e58e:7c02:d1ce:3a5c - - [08/Jun/2025:10:44:28 -0400] "GET /manga/btooom-chapter-121/ HTTP/1.1" 304 0 "https://w3.readbtooom.com/manga/btooom-chapter-121-2/" "Mozilla/5.0 (Linux; Android 10; K) AppleWebKit/537.36 (KHTML, like Gecko) Chrome/137.0.0.0 Mobile Safari/537.36"
2001:8f8:1c67:10ef:e58e:7c02:d1ce:3a5c - - [08/Jun/2025:10:44:29 -0400] "POST /wp-admin/admin-ajax.php HTTP/1.1" 200 69 "https://w3.readbtooom.com/manga/btooom-chapter-121/" "Mozilla/5.0 (Linux; Android 10; K) AppleWebKit/537.36 (KHTML, like Gecko) Chrome/137.0.0.0 Mobile Safari/537.36"
2001:8f8:1c67:10ef:e58e:7c02:d1ce:3a5c - - [08/Jun/2025:10:44:36 -0400] "GET /manga/btooom-chapter-14/ HTTP/1.1" 200 24609 "https://w3.readbtooom.com/manga/btooom-chapter-13/" "Mozilla/5.0 (Linux; Android 10; K) AppleWebKit/537.36 (KHTML, like Gecko) Chrome/137.0.0.0 Mobile Safari/537.36"
2001:8f8:1c67:10ef:e58e:7c02:d1ce:3a5c - - [08/Jun/2025:10:44:36 -0400] "GET /manga/btooom-chapter-13/ HTTP/1.1" 200 23283 "https://w3.readbtooom.com/manga/btooom-chapter-12/" "Mozilla/5.0 (Linux; Android 10; K) AppleWebKit/537.36 (KHTML, like Gecko) Chrome/137.0.0.0 Mobile Safari/537.36"
2001:8f8:1c67:10ef:e58e:7c02:d1ce:3a5c - - [08/Jun/2025:10:44:37 -0400] "GET /manga/btooom-chapter-12/ HTTP/1.1" 200 23647 "https://w3.readbtooom.com/manga/btooom-chapter-11/" "Mozilla/5.0 (Linux; Android 10; K) AppleWebKit/537.36 (KHTML, like Gecko) Chrome/137.0.0.0 Mobile Safari/537.36"
2001:8f8:1c67:10ef:e58e:7c02:d1ce:3a5c - - [08/Jun/2025:10:44:37 -0400] "GET /manga/btooom-chapter-11/ HTTP/1.1" 200 23271 "https://w3.readbtooom.com/manga/btooom-chapter-10/" "Mozilla/5.0 (Linux; Android 10; K) AppleWebKit/537.36 (KHTML, like Gecko) Chrome/137.0.0.0 Mobile Safari/537.36"
162.0.232.193 - - [08/Jun/2025:10:44:38 -0400] "POST /wp-cron.php?doing_wp_cron=1749393878.3920290470123291015625 HTTP/1.1" 200 0 "-" "WordPress/6.4.5; https://w3.readbtooom.com"
2001:8f8:1c67:10ef:e58e:7c02:d1ce:3a5c - - [08/Jun/2025:10:44:38 -0400] "POST /wp-admin/admin-ajax.php HTTP/1.1" 200 69 "https://w3.readbtooom.com/manga/btooom-chapter-11/" "Mozilla/5.0 (Linux; Android 10; K) AppleWebKit/537.36 (KHTML, like Gecko) Chrome/137.0.0.0 Mobile Safari/537.36"
2001:8f8:1c67:10ef:e58e:7c02:d1ce:3a5c - - [08/Jun/2025:10:44:40 -0400] "GET /manga/btooom-chapter-10/ HTTP/1.1" 200 22922 "https://w3.readbtooom.com/manga/btooom-chapter-9/" "Mozilla/5.0 (Linux; Android 10; K) AppleWebKit/537.36 (KHTML, like Gecko) Chrome/137.0.0.0 Mobile Safari/537.36"
2001:8f8:1c67:10ef:e58e:7c02:d1ce:3a5c - - [08/Jun/2025:10:44:40 -0400] "GET /manga/btooom-chapter-9/ HTTP/1.1" 200 22865 "https://w3.readbtooom.com/manga/btooom-chapter-8/" "Mozilla/5.0 (Linux; Android 10; K) AppleWebKit/537.36 (KHTML, like Gecko) Chrome/137.0.0.0 Mobile Safari/537.36"
2001:8f8:1c67:10ef:e58e:7c02:d1ce:3a5c - - [08/Jun/2025:10:44:41 -0400] "GET /manga/btooom-chapter-8/ HTTP/1.1" 200 23113 "https://w3.readbtooom.com/manga/btooom-chapter-7/" "Mozilla/5.0 (Linux; Android 10; K) AppleWebKit/537.36 (KHTML, like Gecko) Chrome/137.0.0.0 Mobile Safari/537.36"
2001:8f8:1c67:10ef:e58e:7c02:d1ce:3a5c - - [08/Jun/2025:10:44:41 -0400] "GET /manga/btooom-chapter-7/ HTTP/1.1" 200 24650 "https://w3.readbtooom.com/manga/btooom-chapter-6/" "Mozilla/5.0 (Linux; Android 10; K) AppleWebKit/537.36 (KHTML, like Gecko) Chrome/137.0.0.0 Mobile Safari/537.36"
2001:8f8:1c67:10ef:e58e:7c02:d1ce:3a5c - - [08/Jun/2025:10:44:41 -0400] "GET /manga/btooom-chapter-10/ HTTP/1.1" 200 22922 "https://w3.readbtooom.com/manga/btooom-chapter-11/" "Mozilla/5.0 (Linux; Android 10; K) AppleWebKit/537.36 (KHTML, like Gecko) Chrome/137.0.0.0 Mobile Safari/537.36"
2001:8f8:1c67:10ef:e58e:7c02:d1ce:3a5c - - [08/Jun/2025:10:44:42 -0400] "GET /manga/btooom-chapter-6/ HTTP/1.1" 200 25156 "https://w3.readbtooom.com/manga/btooom-chapter-5/" "Mozilla/5.0 (Linux; Android 10; K) AppleWebKit/537.36 (KHTML, like Gecko) Chrome/137.0.0.0 Mobile Safari/537.36"
2001:8f8:1c67:10ef:e58e:7c02:d1ce:3a5c - - [08/Jun/2025:10:44:42 -0400] "GET /manga/btooom-chapter-5/ HTTP/1.1" 200 23500 "https://w3.readbtooom.com/manga/btooom-chapter-4/" "Mozilla/5.0 (Linux; Android 10; K) AppleWebKit/537.36 (KHTML, like Gecko) Chrome/137.0.0.0 Mobile Safari/537.36"
2001:8f8:1c67:10ef:e58e:7c02:d1ce:3a5c - - [08/Jun/2025:10:44:42 -0400] "POST /wp-admin/admin-ajax.php HTTP/1.1" 200 69 "https://w3.readbtooom.com/manga/btooom-chapter-7/" "Mozilla/5.0 (Linux; Android 10; K) AppleWebKit/537.36 (KHTML, like Gecko) Chrome/137.0.0.0 Mobile Safari/537.36"
2001:8f8:1c67:10ef:e58e:7c02:d1ce:3a5c - - [08/Jun/2025:10:44:43 -0400] "GET /manga/btooom-chapter-4/ HTTP/1.1" 200 23490 "https://w3.readbtooom.com/manga/btooom-chapter-3/" "Mozilla/5.0 (Linux; Android 10; K) AppleWebKit/537.36 (KHTML, like Gecko) Chrome/137.0.0.0 Mobile Safari/537.36"
2001:8f8:1c67:10ef:e58e:7c02:d1ce:3a5c - - [08/Jun/2025:10:44:43 -0400] "POST /wp-admin/admin-ajax.php HTTP/1.1" 200 69 "https://w3.readbtooom.com/manga/btooom-chapter-6/" "Mozilla/5.0 (Linux; Android 10; K) AppleWebKit/537.36 (KHTML, like Gecko) Chrome/137.0.0.0 Mobile Safari/537.36"
2001:8f8:1c67:10ef:e58e:7c02:d1ce:3a5c - - [08/Jun/2025:10:44:44 -0400] "GET /manga/btooom-chapter-3/ HTTP/1.1" 200 23054 "https://w3.readbtooom.com/manga/btooom-chapter-2/" "Mozilla/5.0 (Linux; Android 10; K) AppleWebKit/537.36 (KHTML, like Gecko) Chrome/137.0.0.0 Mobile Safari/537.36"
2001:8f8:1c67:10ef:e58e:7c02:d1ce:3a5c - - [08/Jun/2025:10:44:44 -0400] "GET /manga/btooom-chapter-2/ HTTP/1.1" 200 23830 "https://w3.readbtooom.com/manga/btooom-chapter-1/" "Mozilla/5.0 (Linux; Android 10; K) AppleWebKit/537.36 (KHTML, like Gecko) Chrome/137.0.0.0 Mobile Safari/537.36"
2001:8f8:1c67:10ef:e58e:7c02:d1ce:3a5c - - [08/Jun/2025:10:44:45 -0400] "GET /manga/btooom-chapter-1/ HTTP/1.1" 200 35545 "https://w3.readbtooom.com/manga/btooom-chapter-106/" "Mozilla/5.0 (Linux; Android 10; K) AppleWebKit/537.36 (KHTML, like Gecko) Chrome/137.0.0.0 Mobile Safari/537.36"
2001:8f8:1c67:10ef:e58e:7c02:d1ce:3a5c - - [08/Jun/2025:10:44:46 -0400] "GET /manga/btooom-chapter-106/ HTTP/1.1" 200 33925 "https://www.google.com/" "Mozilla/5.0 (Linux; Android 10; K) AppleWebKit/537.36 (KHTML, like Gecko) Chrome/137.0.0.0 Mobile Safari/537.36"
2001:8f8:1c67:10ef:e58e:7c02:d1ce:3a5c - - [08/Jun/2025:10:44:46 -0400] "POST /wp-admin/admin-ajax.php HTTP/1.1" 200 69 "https://w3.readbtooom.com/manga/btooom-chapter-1/" "Mozilla/5.0 (Linux; Android 10; K) AppleWebKit/537.36 (KHTML, like Gecko) Chrome/137.0.0.0 Mobile Safari/537.36"
162.0.232.193 - - [08/Jun/2025:10:45:18 -0400] "POST /wp-cron.php?doing_wp_cron=1749393918.7364010810852050781250 HTTP/1.1" 200 0 "-" "WordPress/6.4.5; https://w3.readbtooom.com"
2001:8f8:1c67:10ef:e58e:7c02:d1ce:3a5c - - [08/Jun/2025:10:45:34 -0400] "GET /manga/btooom-chapter-75/ HTTP/1.1" 200 29669 "https://www.google.com/" "Mozilla/5.0 (Linux; Android 10; K) AppleWebKit/537.36 (KHTML, like Gecko) Chrome/137.0.0.0 Mobile Safari/537.36"
2001:8f8:1c67:10ef:e58e:7c02:d1ce:3a5c - - [08/Jun/2025:10:45:42 -0400] "GET /the-worn-and-torn-newbie/ HTTP/1.1" 200 9505 "https://w3.readbtooom.com/manga/btooom-chapter-75/" "Mozilla/5.0 (Linux; Android 10; K) AppleWebKit/537.36 (KHTML, like Gecko) Chrome/137.0.0.0 Mobile Safari/537.36"
2001:8f8:1c67:10ef:e58e:7c02:d1ce:3a5c - - [08/Jun/2025:10:45:42 -0400] "GET /the-worn-and-torn-newbie/ HTTP/1.1" 304 0 "https://w3.readbtooom.com/manga/btooom-chapter-75/" "Mozilla/5.0 (Linux; Android 10; K) AppleWebKit/537.36 (KHTML, like Gecko) Chrome/137.0.0.0 Mobile Safari/537.36"
2001:8f8:1c67:10ef:e58e:7c02:d1ce:3a5c - - [08/Jun/2025:10:45:43 -0400] "GET /wp-content/uploads/2023/11/aef42fdb-86da-4bd4-9728-f984161aa452-1260x453.jpg HTTP/1.1" 200 114056 "https://w3.readbtooom.com/the-worn-and-torn-newbie/" "Mozilla/5.0 (Linux; Android 10; K) AppleWebKit/537.36 (KHTML, like Gecko) Chrome/137.0.0.0 Mobile Safari/537.36"
2001:8f8:1c67:10ef:e58e:7c02:d1ce:3a5c - - [08/Jun/2025:10:45:48 -0400] "GET / HTTP/1.1" 200 18608 "https://w3.readbtooom.com/the-worn-and-torn-newbie/" "Mozilla/5.0 (Linux; Android 10; K) AppleWebKit/537.36 (KHTML, like Gecko) Chrome/137.0.0.0 Mobile Safari/537.36"
2001:8f8:1c67:10ef:e58e:7c02:d1ce:3a5c - - [08/Jun/2025:10:45:49 -0400] "GET / HTTP/1.1" 304 0 "https://w3.readbtooom.com/the-worn-and-torn-newbie/" "Mozilla/5.0 (Linux; Android 10; K) AppleWebKit/537.36 (KHTML, like Gecko) Chrome/137.0.0.0 Mobile Safari/537.36"
2001:8f8:1c67:10ef:e58e:7c02:d1ce:3a5c - - [08/Jun/2025:10:45:49 -0400] "GET /wp-content/uploads/2021/11/45731737.jpg HTTP/1.1" 200 34289 "https://w3.readbtooom.com/" "Mozilla/5.0 (Linux; Android 10; K) AppleWebKit/537.36 (KHTML, like Gecko) Chrome/137.0.0.0 Mobile Safari/537.36"
2001:8f8:1c67:10ef:e58e:7c02:d1ce:3a5c - - [08/Jun/2025:10:45:56 -0400] "GET /manga/btooom-chapter-100/ HTTP/1.1" 200 29997 "https://w3.readbtooom.com/" "Mozilla/5.0 (Linux; Android 10; K) AppleWebKit/537.36 (KHTML, like Gecko) Chrome/137.0.0.0 Mobile Safari/537.36"
2001:8f8:1c67:10ef:e58e:7c02:d1ce:3a5c - - [08/Jun/2025:10:45:57 -0400] "GET /manga/btooom-chapter-100/ HTTP/1.1" 304 0 "https://w3.readbtooom.com/" "Mozilla/5.0 (Linux; Android 10; K) AppleWebKit/537.36 (KHTML, like Gecko) Chrome/137.0.0.0 Mobile Safari/537.36"
162.0.232.193 - - [08/Jun/2025:10:45:58 -0400] "POST /wp-cron.php?doing_wp_cron=1749393958.0115599632263183593750 HTTP/1.1" 200 0 "-" "WordPress/6.4.5; https://w3.readbtooom.com"
2001:8f8:1c67:10ef:e58e:7c02:d1ce:3a5c - - [08/Jun/2025:10:45:57 -0400] "POST /wp-admin/admin-ajax.php HTTP/1.1" 200 69 "https://w3.readbtooom.com/manga/btooom-chapter-100/" "Mozilla/5.0 (Linux; Android 10; K) AppleWebKit/537.36 (KHTML, like Gecko) Chrome/137.0.0.0 Mobile Safari/537.36"
2001:8f8:1c67:10ef:e58e:7c02:d1ce:3a5c - - [08/Jun/2025:10:46:29 -0400] "GET /manga/btooom-chapter-106/ HTTP/1.1" 200 33925 "https://www.google.com/" "Mozilla/5.0 (Linux; Android 10; K) AppleWebKit/537.36 (KHTML, like Gecko) Chrome/137.0.0.0 Mobile Safari/537.36"
2001:8f8:1c67:10ef:e58e:7c02:d1ce:3a5c - - [08/Jun/2025:10:46:46 -0400] "GET /the-worn-and-torn-newbie/ HTTP/1.1" 304 0 "https://w3.readbtooom.com/manga/btooom-chapter-106/" "Mozilla/5.0 (Linux; Android 10; K) AppleWebKit/537.36 (KHTML, like Gecko) Chrome/137.0.0.0 Mobile Safari/537.36"
2001:8f8:1c67:10ef:e58e:7c02:d1ce:3a5c - - [08/Jun/2025:10:46:46 -0400] "GET /the-worn-and-torn-newbie/ HTTP/1.1" 304 0 "https://w3.readbtooom.com/manga/btooom-chapter-106/" "Mozilla/5.0 (Linux; Android 10; K) AppleWebKit/537.36 (KHTML, like Gecko) Chrome/137.0.0.0 Mobile Safari/537.36"
2001:8f8:1c67:10ef:e58e:7c02:d1ce:3a5c - - [08/Jun/2025:10:46:46 -0400] "GET /the-world-after-the-fall/ HTTP/1.1" 200 9584 "https://w3.readbtooom.com/manga/btooom-chapter-106/" "Mozilla/5.0 (Linux; Android 10; K) AppleWebKit/537.36 (KHTML, like Gecko) Chrome/137.0.0.0 Mobile Safari/537.36"
2001:8f8:1c67:10ef:e58e:7c02:d1ce:3a5c - - [08/Jun/2025:10:46:47 -0400] "GET /the-world-after-the-fall/ HTTP/1.1" 304 0 "https://w3.readbtooom.com/manga/btooom-chapter-106/" "Mozilla/5.0 (Linux; Android 10; K) AppleWebKit/537.36 (KHTML, like Gecko) Chrome/137.0.0.0 Mobile Safari/537.36"
2001:8f8:1c67:10ef:e58e:7c02:d1ce:3a5c - - [08/Jun/2025:10:46:47 -0400] "GET /wp-content/uploads/2023/11/6TheWorldAftertheFall_landingpage_mobile.jpg HTTP/1.1" 200 86673 "https://w3.readbtooom.com/the-world-after-the-fall/" "Mozilla/5.0 (Linux; Android 10; K) AppleWebKit/537.36 (KHTML, like Gecko) Chrome/137.0.0.0 Mobile Safari/537.36"
2001:44c8:6512:6efc:4485:5dff:feb7:3fae - - [08/Jun/2025:10:46:51 -0400] "GET /manga/btooom-chapter-56/ HTTP/1.1" 304 0 "https://w3.readbtooom.com/manga/btooom-chapter-57/" "Mozilla/5.0 (Linux; Android 10; K) AppleWebKit/537.36 (KHTML, like Gecko) Chrome/137.0.0.0 Mobile Safari/537.36"
2001:44c8:6512:6efc:4485:5dff:feb7:3fae - - [08/Jun/2025:10:46:52 -0400] "GET /manga/btooom-chapter-58/ HTTP/1.1" 200 34805 "https://w3.readbtooom.com/manga/btooom-chapter-57/" "Mozilla/5.0 (Linux; Android 10; K) AppleWebKit/537.36 (KHTML, like Gecko) Chrome/137.0.0.0 Mobile Safari/537.36"
2001:44c8:6512:6efc:4485:5dff:feb7:3fae - - [08/Jun/2025:10:46:53 -0400] "GET /manga/btooom-chapter-58/ HTTP/1.1" 304 0 "https://w3.readbtooom.com/manga/btooom-chapter-57/" "Mozilla/5.0 (Linux; Android 10; K) AppleWebKit/537.36 (KHTML, like Gecko) Chrome/137.0.0.0 Mobile Safari/537.36"
2001:8f8:1c67:10ef:e58e:7c02:d1ce:3a5c - - [08/Jun/2025:10:47:01 -0400] "GET /privacy-policy/ HTTP/1.1" 200 12590 "https://w3.readbtooom.com/the-world-after-the-fall/" "Mozilla/5.0 (Linux; Android 10; K) AppleWebKit/537.36 (KHTML, like Gecko) Chrome/137.0.0.0 Mobile Safari/537.36"
2001:8f8:1c67:10ef:e58e:7c02:d1ce:3a5c - - [08/Jun/2025:10:47:01 -0400] "GET /privacy-policy/ HTTP/1.1" 304 0 "https://w3.readbtooom.com/the-world-after-the-fall/" "Mozilla/5.0 (Linux; Android 10; K) AppleWebKit/537.36 (KHTML, like Gecko) Chrome/137.0.0.0 Mobile Safari/537.36"
2001:8f8:1c67:10ef:e58e:7c02:d1ce:3a5c - - [08/Jun/2025:10:47:05 -0400] "GET / HTTP/1.1" 304 0 "https://w3.readbtooom.com/privacy-policy/" "Mozilla/5.0 (Linux; Android 10; K) AppleWebKit/537.36 (KHTML, like Gecko) Chrome/137.0.0.0 Mobile Safari/537.36"
2001:8f8:1c67:10ef:e58e:7c02:d1ce:3a5c - - [08/Jun/2025:10:47:06 -0400] "GET / HTTP/1.1" 304 0 "https://w3.readbtooom.com/privacy-policy/" "Mozilla/5.0 (Linux; Android 10; K) AppleWebKit/537.36 (KHTML, like Gecko) Chrome/137.0.0.0 Mobile Safari/537.36"
162.0.232.193 - - [08/Jun/2025:10:47:55 -0400] "POST /wp-cron.php?doing_wp_cron=1749394074.9668350219726562500000 HTTP/1.1" 200 0 "-" "WordPress/6.4.5; https://w3.readbtooom.com"
2001:44c8:6512:6efc:4485:5dff:feb7:3fae - - [08/Jun/2025:10:48:14 -0400] "GET /manga/btooom-chapter-59/ HTTP/1.1" 200 30497 "https://w3.readbtooom.com/manga/btooom-chapter-58/" "Mozilla/5.0 (Linux; Android 10; K) AppleWebKit/537.36 (KHTML, like Gecko) Chrome/137.0.0.0 Mobile Safari/537.36"
2001:44c8:6512:6efc:4485:5dff:feb7:3fae - - [08/Jun/2025:10:48:15 -0400] "GET /manga/btooom-chapter-59/ HTTP/1.1" 304 0 "https://w3.readbtooom.com/manga/btooom-chapter-58/" "Mozilla/5.0 (Linux; Android 10; K) AppleWebKit/537.36 (KHTML, like Gecko) Chrome/137.0.0.0 Mobile Safari/537.36"
2001:44c8:6512:6efc:4485:5dff:feb7:3fae - - [08/Jun/2025:10:48:15 -0400] "POST /wp-admin/admin-ajax.php HTTP/1.1" 200 69 "https://w3.readbtooom.com/manga/btooom-chapter-59/" "Mozilla/5.0 (Linux; Android 10; K) AppleWebKit/537.36 (KHTML, like Gecko) Chrome/137.0.0.0 Mobile Safari/537.36"
162.0.232.193 - - [08/Jun/2025:10:50:21 -0400] "POST /wp-cron.php?doing_wp_cron=1749394220.8781449794769287109375 HTTP/1.1" 200 0 "-" "WordPress/6.4.5; https://w3.readbtooom.com"
66.249.64.131 - - [08/Jun/2025:10:50:21 -0400] "GET /manga/btooom-chapter-104/ HTTP/1.1" 200 30474 "-" "Mozilla/5.0 (Linux; Android 6.0.1; Nexus 5X Build/MMB29P) AppleWebKit/537.36 (KHTML, like Gecko) Chrome/136.0.7103.113 Mobile Safari/537.36 (compatible; Googlebot/2.1; +http://www.google.com/bot.html)"
162.0.232.193 - - [08/Jun/2025:10:50:44 -0400] "POST /wp-cron.php?doing_wp_cron=1749394244.6800289154052734375000 HTTP/1.1" 200 0 "-" "WordPress/6.4.5; https://w3.readbtooom.com"
45.86.35.181 - - [08/Jun/2025:10:50:44 -0400] "GET /wp-login.php HTTP/1.1" 200 1848 "-" "Mozilla/5.0 (X11; Ubuntu; Linux x86_64; rv:85.0) Gecko/20100101 Firefox/91.0"
45.86.35.181 - - [08/Jun/2025:10:50:45 -0400] "POST /wp-login.php HTTP/1.1" 200 1951 "-" "Mozilla/5.0 (X11; Ubuntu; Linux x86_64; rv:85.0) Gecko/20100101 Firefox/91.0"
2405:9800:b670:bea3:997:e791:8f9a:b9f6 - - [08/Jun/2025:10:51:27 -0400] "GET /manga/btooom-chapter-75/ HTTP/1.1" 200 29669 "https://www.google.com/" "Mozilla/5.0 (Windows NT 10.0; Win64; x64) AppleWebKit/537.36 (KHTML, like Gecko) Chrome/137.0.0.0 Safari/537.36"
2405:9800:b670:bea3:997:e791:8f9a:b9f6 - - [08/Jun/2025:10:52:49 -0400] "GET /manga/btooom-chapter-76/ HTTP/1.1" 200 30000 "https://w3.readbtooom.com/manga/btooom-chapter-75/" "Mozilla/5.0 (Windows NT 10.0; Win64; x64) AppleWebKit/537.36 (KHTML, like Gecko) Chrome/137.0.0.0 Safari/537.36"
2405:9800:b670:bea3:997:e791:8f9a:b9f6 - - [08/Jun/2025:10:52:49 -0400] "GET /manga/btooom-chapter-76/ HTTP/1.1" 304 0 "https://w3.readbtooom.com/manga/btooom-chapter-75/" "Mozilla/5.0 (Windows NT 10.0; Win64; x64) AppleWebKit/537.36 (KHTML, like Gecko) Chrome/137.0.0.0 Safari/537.36"
162.0.232.193 - - [08/Jun/2025:10:52:51 -0400] "POST /wp-cron.php?doing_wp_cron=1749394371.3331708908081054687500 HTTP/1.1" 200 0 "-" "WordPress/6.4.5; https://w3.readbtooom.com"
2405:9800:b670:bea3:997:e791:8f9a:b9f6 - - [08/Jun/2025:10:52:50 -0400] "POST /wp-admin/admin-ajax.php HTTP/1.1" 200 69 "https://w3.readbtooom.com/manga/btooom-chapter-76/" "Mozilla/5.0 (Windows NT 10.0; Win64; x64) AppleWebKit/537.36 (KHTML, like Gecko) Chrome/137.0.0.0 Safari/537.36"
2405:9800:b670:bea3:997:e791:8f9a:b9f6 - - [08/Jun/2025:10:52:54 -0400] "GET /wp-includes/js/wp-emoji-release.min.js?ver=6.4.5 HTTP/1.1" 200 4651 "https://w1.readbtooom.com/" "Mozilla/5.0 (Windows NT 10.0; Win64; x64) AppleWebKit/537.36 (KHTML, like Gecko) Chrome/137.0.0.0 Safari/537.36"
2405:9800:b670:bea3:997:e791:8f9a:b9f6 - - [08/Jun/2025:10:52:58 -0400] "GET / HTTP/1.1" 200 18608 "https://w1.readbtooom.com/" "Mozilla/5.0 (Windows NT 10.0; Win64; x64) AppleWebKit/537.36 (KHTML, like Gecko) Chrome/137.0.0.0 Safari/537.36"
2405:9800:b670:bea3:997:e791:8f9a:b9f6 - - [08/Jun/2025:10:52:58 -0400] "GET / HTTP/1.1" 200 18608 "https://w1.readbtooom.com/" "Mozilla/5.0 (Windows NT 10.0; Win64; x64) AppleWebKit/537.36 (KHTML, like Gecko) Chrome/137.0.0.0 Safari/537.36"
2405:9800:b670:bea3:997:e791:8f9a:b9f6 - - [08/Jun/2025:10:52:59 -0400] "GET / HTTP/1.1" 304 0 "https://w3.readbtooom.com/" "Mozilla/5.0 (Windows NT 10.0; Win64; x64) AppleWebKit/537.36 (KHTML, like Gecko) Chrome/137.0.0.0 Safari/537.36"
2405:9800:b670:bea3:997:e791:8f9a:b9f6 - - [08/Jun/2025:10:53:03 -0400] "GET /manga/btooom-chapter-121-2/ HTTP/1.1" 200 49702 "https://w3.readbtooom.com/" "Mozilla/5.0 (Windows NT 10.0; Win64; x64) AppleWebKit/537.36 (KHTML, like Gecko) Chrome/137.0.0.0 Safari/537.36"
2405:9800:b670:bea3:997:e791:8f9a:b9f6 - - [08/Jun/2025:10:53:04 -0400] "GET /manga/btooom-chapter-121/ HTTP/1.1" 200 54700 "https://w3.readbtooom.com/" "Mozilla/5.0 (Windows NT 10.0; Win64; x64) AppleWebKit/537.36 (KHTML, like Gecko) Chrome/137.0.0.0 Safari/537.36"
2405:9800:b670:bea3:997:e791:8f9a:b9f6 - - [08/Jun/2025:10:53:04 -0400] "GET /manga/btooom-chapter-121/ HTTP/1.1" 304 0 "https://w3.readbtooom.com/" "Mozilla/5.0 (Windows NT 10.0; Win64; x64) AppleWebKit/537.36 (KHTML, like Gecko) Chrome/137.0.0.0 Safari/537.36"
2405:9800:b670:bea3:997:e791:8f9a:b9f6 - - [08/Jun/2025:10:53:05 -0400] "POST /wp-admin/admin-ajax.php HTTP/1.1" 200 69 "https://w3.readbtooom.com/manga/btooom-chapter-121/" "Mozilla/5.0 (Windows NT 10.0; Win64; x64) AppleWebKit/537.36 (KHTML, like Gecko) Chrome/137.0.0.0 Safari/537.36"
2a04:cec0:c019:158b:3469:fbc:f871:f884 - - [08/Jun/2025:10:55:32 -0400] "GET /manga/btooom-chapter-77/ HTTP/1.1" 304 0 "https://w3.readbtooom.com/manga/btooom-chapter-78/" "Mozilla/5.0 (Macintosh; Intel Mac OS X 10_15_7) AppleWebKit/537.36 (KHTML, like Gecko) Chrome/137.0.0.0 Safari/537.36"
2a04:cec0:c019:158b:3469:fbc:f871:f884 - - [08/Jun/2025:10:55:33 -0400] "GET /manga/btooom-chapter-80/ HTTP/1.1" 200 30006 "https://w3.readbtooom.com/manga/btooom-chapter-78/" "Mozilla/5.0 (Macintosh; Intel Mac OS X 10_15_7) AppleWebKit/537.36 (KHTML, like Gecko) Chrome/137.0.0.0 Safari/537.36"
2a04:cec0:c019:158b:3469:fbc:f871:f884 - - [08/Jun/2025:10:55:33 -0400] "GET /manga/btooom-chapter-80/ HTTP/1.1" 304 0 "https://w3.readbtooom.com/manga/btooom-chapter-78/" "Mozilla/5.0 (Macintosh; Intel Mac OS X 10_15_7) AppleWebKit/537.36 (KHTML, like Gecko) Chrome/137.0.0.0 Safari/537.36"
162.0.232.193 - - [08/Jun/2025:10:55:37 -0400] "POST /wp-cron.php?doing_wp_cron=1749394537.4596099853515625000000 HTTP/1.1" 200 0 "-" "WordPress/6.4.5; https://w3.readbtooom.com"
2a04:cec0:c019:158b:3469:fbc:f871:f884 - - [08/Jun/2025:10:55:34 -0400] "POST /wp-admin/admin-ajax.php HTTP/1.1" 200 69 "https://w3.readbtooom.com/manga/btooom-chapter-80/" "Mozilla/5.0 (Macintosh; Intel Mac OS X 10_15_7) AppleWebKit/537.36 (KHTML, like Gecko) Chrome/137.0.0.0 Safari/537.36"
2a04:cec0:c019:158b:3469:fbc:f871:f884 - - [08/Jun/2025:10:55:51 -0400] "GET /manga/btooom-chapter-77/ HTTP/1.1" 304 0 "https://w3.readbtooom.com/manga/btooom-chapter-78/" "Mozilla/5.0 (Macintosh; Intel Mac OS X 10_15_7) AppleWebKit/537.36 (KHTML, like Gecko) Chrome/137.0.0.0 Safari/537.36"
2405:9800:b670:bea3:997:e791:8f9a:b9f6 - - [08/Jun/2025:10:55:52 -0400] "GET /manga/btooom-chapter-121-2/ HTTP/1.1" 304 0 "https://w3.readbtooom.com/manga/btooom-chapter-121/" "Mozilla/5.0 (Windows NT 10.0; Win64; x64) AppleWebKit/537.36 (KHTML, like Gecko) Chrome/137.0.0.0 Safari/537.36"
2405:9800:b670:bea3:997:e791:8f9a:b9f6 - - [08/Jun/2025:10:55:53 -0400] "GET /manga/btooom-chapter-121-2/ HTTP/1.1" 304 0 "https://w3.readbtooom.com/manga/btooom-chapter-121/" "Mozilla/5.0 (Windows NT 10.0; Win64; x64) AppleWebKit/537.36 (KHTML, like Gecko) Chrome/137.0.0.0 Safari/537.36"
162.0.232.193 - - [08/Jun/2025:10:55:54 -0400] "POST /wp-cron.php?doing_wp_cron=1749394553.8444170951843261718750 HTTP/1.1" 200 0 "-" "WordPress/6.4.5; https://w3.readbtooom.com"
2405:9800:b670:bea3:997:e791:8f9a:b9f6 - - [08/Jun/2025:10:55:53 -0400] "POST /wp-admin/admin-ajax.php HTTP/1.1" 200 69 "https://w3.readbtooom.com/manga/btooom-chapter-121-2/" "Mozilla/5.0 (Windows NT 10.0; Win64; x64) AppleWebKit/537.36 (KHTML, like Gecko) Chrome/137.0.0.0 Safari/537.36"
2a04:cec0:c019:158b:3469:fbc:f871:f884 - - [08/Jun/2025:10:55:55 -0400] "GET /manga/btooom-chapter-79/ HTTP/1.1" 200 30488 "-" "Mozilla/5.0 (Macintosh; Intel Mac OS X 10_15_7) AppleWebKit/537.36 (KHTML, like Gecko) Chrome/137.0.0.0 Safari/537.36"
2a04:cec0:c019:158b:3469:fbc:f871:f884 - - [08/Jun/2025:10:55:55 -0400] "POST /wp-admin/admin-ajax.php HTTP/1.1" 200 69 "https://w3.readbtooom.com/manga/btooom-chapter-79/" "Mozilla/5.0 (Macintosh; Intel Mac OS X 10_15_7) AppleWebKit/537.36 (KHTML, like Gecko) Chrome/137.0.0.0 Safari/537.36"
162.0.232.193 - - [08/Jun/2025:10:58:06 -0400] "POST /wp-cron.php?doing_wp_cron=1749394686.1915299892425537109375 HTTP/1.1" 200 0 "-" "WordPress/6.4.5; https://w3.readbtooom.com"
2405:9800:b670:bea3:997:e791:8f9a:b9f6 - - [08/Jun/2025:10:58:04 -0400] "POST /wp-admin/admin-ajax.php HTTP/1.1" 200 69 "https://w3.readbtooom.com/manga/btooom-chapter-121/" "Mozilla/5.0 (Windows NT 10.0; Win64; x64) AppleWebKit/537.36 (KHTML, like Gecko) Chrome/137.0.0.0 Safari/537.36"
2405:9800:b670:bea3:997:e791:8f9a:b9f6 - - [08/Jun/2025:10:58:04 -0400] "POST /wp-admin/admin-ajax.php HTTP/1.1" 200 69 "https://w3.readbtooom.com/manga/btooom-chapter-76/" "Mozilla/5.0 (Windows NT 10.0; Win64; x64) AppleWebKit/537.36 (KHTML, like Gecko) Chrome/137.0.0.0 Safari/537.36"
2403:6200:8841:bc86:c5a1:d6c7:a470:1fb9 - - [08/Jun/2025:11:00:54 -0400] "GET /manga/btooom-chapter-16/ HTTP/1.1" 200 22702 "-" "Mozilla/5.0 (Linux; Android 10; K) AppleWebKit/537.36 (KHTML, like Gecko) SamsungBrowser/28.0 Chrome/130.0.0.0 Mobile Safari/537.36"
162.0.232.193 - - [08/Jun/2025:11:01:39 -0400] "POST /wp-cron.php?doing_wp_cron=1749394899.1669681072235107421875 HTTP/1.1" 200 0 "-" "WordPress/6.4.5; https://w3.readbtooom.com"
162.0.232.193 - - [08/Jun/2025:11:01:39 -0400] "POST /wp-cron.php?doing_wp_cron=1749394899.1629700660705566406250 HTTP/1.1" 200 0 "-" "WordPress/6.4.5; https://w3.readbtooom.com"
139.59.58.126 - - [08/Jun/2025:11:01:37 -0400] "GET /wp-login.php HTTP/1.1" 200 1848 "-" "Mozilla/5.0"
84.220.244.178 - - [08/Jun/2025:11:01:37 -0400] "POST /wp-admin/admin-ajax.php HTTP/1.1" 200 69 "https://w3.readbtooom.com/manga/btooom-chapter-53/" "Mozilla/5.0 (Linux; Android 10; K) AppleWebKit/537.36 (KHTML, like Gecko) Chrome/137.0.0.0 Mobile Safari/537.36"
139.59.58.126 - - [08/Jun/2025:11:01:40 -0400] "GET /?author=1 HTTP/1.1" 301 0 "-" "Mozilla/5.0"
139.59.58.126 - - [08/Jun/2025:11:01:40 -0400] "GET /?author=2 HTTP/1.1" 301 0 "-" "Mozilla/5.0"
66.249.64.131 - - [08/Jun/2025:11:02:22 -0400] "GET /manga/btooom-chapter-16/ HTTP/1.1" 200 22702 "-" "Mozilla/5.0 (Linux; Android 6.0.1; Nexus 5X Build/MMB29P) AppleWebKit/537.36 (KHTML, like Gecko) Chrome/136.0.7103.113 Mobile Safari/537.36 (compatible; Googlebot/2.1; +http://www.google.com/bot.html)"
2a04:cec0:c019:158b:3469:fbc:f871:f884 - - [08/Jun/2025:11:02:37 -0400] "GET /manga/btooom-chapter-81/ HTTP/1.1" 200 31114 "https://w3.readbtooom.com/manga/btooom-chapter-79/" "Mozilla/5.0 (Macintosh; Intel Mac OS X 10_15_7) AppleWebKit/537.36 (KHTML, like Gecko) Chrome/137.0.0.0 Safari/537.36"
2a04:cec0:c019:158b:3469:fbc:f871:f884 - - [08/Jun/2025:11:02:37 -0400] "GET /manga/btooom-chapter-81/ HTTP/1.1" 304 0 "https://w3.readbtooom.com/manga/btooom-chapter-79/" "Mozilla/5.0 (Macintosh; Intel Mac OS X 10_15_7) AppleWebKit/537.36 (KHTML, like Gecko) Chrome/137.0.0.0 Safari/537.36"
162.0.232.193 - - [08/Jun/2025:11:02:39 -0400] "POST /wp-cron.php?doing_wp_cron=1749394958.7360548973083496093750 HTTP/1.1" 200 0 "-" "WordPress/6.4.5; https://w3.readbtooom.com"
2a04:cec0:c019:158b:3469:fbc:f871:f884 - - [08/Jun/2025:11:02:38 -0400] "POST /wp-admin/admin-ajax.php HTTP/1.1" 200 69 "https://w3.readbtooom.com/manga/btooom-chapter-81/" "Mozilla/5.0 (Macintosh; Intel Mac OS X 10_15_7) AppleWebKit/537.36 (KHTML, like Gecko) Chrome/137.0.0.0 Safari/537.36"
2a04:cec0:c019:158b:3469:fbc:f871:f884 - - [08/Jun/2025:11:02:43 -0400] "POST /wp-admin/admin-ajax.php HTTP/1.1" 200 69 "https://w3.readbtooom.com/manga/btooom-chapter-79/" "Mozilla/5.0 (Macintosh; Intel Mac OS X 10_15_7) AppleWebKit/537.36 (KHTML, like Gecko) Chrome/137.0.0.0 Safari/537.36"
2a04:cec0:c019:158b:3469:fbc:f871:f884 - - [08/Jun/2025:11:02:48 -0400] "GET /manga/btooom-chapter-80/ HTTP/1.1" 304 0 "-" "Mozilla/5.0 (Macintosh; Intel Mac OS X 10_15_7) AppleWebKit/537.36 (KHTML, like Gecko) Chrome/137.0.0.0 Safari/537.36"
162.0.232.193 - - [08/Jun/2025:11:02:49 -0400] "POST /wp-cron.php?doing_wp_cron=1749394968.7909960746765136718750 HTTP/1.1" 200 0 "-" "WordPress/6.4.5; https://w3.readbtooom.com"
2a04:cec0:c019:158b:3469:fbc:f871:f884 - - [08/Jun/2025:11:02:48 -0400] "POST /wp-admin/admin-ajax.php HTTP/1.1" 200 69 "https://w3.readbtooom.com/manga/btooom-chapter-80/" "Mozilla/5.0 (Macintosh; Intel Mac OS X 10_15_7) AppleWebKit/537.36 (KHTML, like Gecko) Chrome/137.0.0.0 Safari/537.36"
66.249.64.131 - - [08/Jun/2025:11:04:06 -0400] "GET /manga/btooom-chapter-120-2/ HTTP/1.1" 200 33075 "-" "Mozilla/5.0 (Linux; Android 6.0.1; Nexus 5X Build/MMB29P) AppleWebKit/537.36 (KHTML, like Gecko) Chrome/137.0.7151.68 Mobile Safari/537.36 (compatible; Googlebot/2.1; +http://www.google.com/bot.html)"
162.0.232.193 - - [08/Jun/2025:11:04:23 -0400] "POST /wp-cron.php?doing_wp_cron=1749395063.8366930484771728515625 HTTP/1.1" 200 0 "-" "WordPress/6.4.5; https://w3.readbtooom.com"
66.249.64.130 - - [08/Jun/2025:11:05:48 -0400] "GET /manga/btooom-chapter-85/ HTTP/1.1" 200 30772 "-" "Mozilla/5.0 (Linux; Android 6.0.1; Nexus 5X Build/MMB29P) AppleWebKit/537.36 (KHTML, like Gecko) Chrome/136.0.7103.113 Mobile Safari/537.36 (compatible; Googlebot/2.1; +http://www.google.com/bot.html)"
122.116.159.135 - - [08/Jun/2025:11:07:15 -0400] "GET /manga/btooom-chapter-113/ HTTP/1.1" 200 33866 "https://www.google.com/" "Mozilla/5.0 (Windows NT 10.0; Win64; x64) AppleWebKit/537.36 (KHTML, like Gecko) Chrome/134.0.0.0 Safari/537.36 OPR/119.0.0.0"
122.116.159.135 - - [08/Jun/2025:11:07:19 -0400] "GET /manga/btooom-chapter-112/ HTTP/1.1" 200 32015 "-" "Mozilla/5.0 (Windows NT 10.0; Win64; x64) AppleWebKit/537.36 (KHTML, like Gecko) Chrome/134.0.0.0 Safari/537.36 OPR/119.0.0.0"
162.0.232.193 - - [08/Jun/2025:11:07:20 -0400] "POST /wp-cron.php?doing_wp_cron=1749395240.3850901126861572265625 HTTP/1.1" 200 0 "-" "WordPress/6.4.5; https://w3.readbtooom.com"
122.116.159.135 - - [08/Jun/2025:11:07:19 -0400] "POST /wp-admin/admin-ajax.php HTTP/1.1" 200 69 "https://w3.readbtooom.com/manga/btooom-chapter-113/" "Mozilla/5.0 (Windows NT 10.0; Win64; x64) AppleWebKit/537.36 (KHTML, like Gecko) Chrome/134.0.0.0 Safari/537.36 OPR/119.0.0.0"
122.116.159.135 - - [08/Jun/2025:11:07:22 -0400] "GET / HTTP/1.1" 200 18608 "https://w3.readbtooom.com/manga/btooom-chapter-112/" "Mozilla/5.0 (Windows NT 10.0; Win64; x64) AppleWebKit/537.36 (KHTML, like Gecko) Chrome/134.0.0.0 Safari/537.36 OPR/119.0.0.0"
122.116.159.135 - - [08/Jun/2025:11:07:29 -0400] "GET /wp-content/uploads/2021/11/cropped-190036-180x180.png HTTP/1.1" 200 41674 "https://w3.readbtooom.com/manga/btooom-chapter-112/" "Mozilla/5.0 (Windows NT 10.0; Win64; x64) AppleWebKit/537.36 (KHTML, like Gecko) Chrome/134.0.0.0 Safari/537.36 OPR/119.0.0.0"
2a04:cec0:c019:158b:3469:fbc:f871:f884 - - [08/Jun/2025:11:08:17 -0400] "GET /manga/btooom-chapter-78/ HTTP/1.1" 304 0 "https://w3.readbtooom.com/manga/btooom-chapter-80/" "Mozilla/5.0 (Macintosh; Intel Mac OS X 10_15_7) AppleWebKit/537.36 (KHTML, like Gecko) Chrome/137.0.0.0 Safari/537.36"
2a04:cec0:c019:158b:3469:fbc:f871:f884 - - [08/Jun/2025:11:08:17 -0400] "GET /manga/btooom-chapter-79/ HTTP/1.1" 304 0 "https://w3.readbtooom.com/manga/btooom-chapter-80/" "Mozilla/5.0 (Macintosh; Intel Mac OS X 10_15_7) AppleWebKit/537.36 (KHTML, like Gecko) Chrome/137.0.0.0 Safari/537.36"
2a04:cec0:c019:158b:3469:fbc:f871:f884 - - [08/Jun/2025:11:08:21 -0400] "GET /tag/btooom-manga/ HTTP/1.1" 301 0 "https://w3.readbtooom.com/manga/btooom-chapter-80/" "Mozilla/5.0 (Macintosh; Intel Mac OS X 10_15_7) AppleWebKit/537.36 (KHTML, like Gecko) Chrome/137.0.0.0 Safari/537.36"
2a04:cec0:c019:158b:3469:fbc:f871:f884 - - [08/Jun/2025:11:08:22 -0400] "GET / HTTP/1.1" 304 0 "https://w3.readbtooom.com/" "Mozilla/5.0 (Macintosh; Intel Mac OS X 10_15_7) AppleWebKit/537.36 (KHTML, like Gecko) Chrome/137.0.0.0 Safari/537.36"
2a04:cec0:c019:158b:3469:fbc:f871:f884 - - [08/Jun/2025:11:08:25 -0400] "GET /manga/btooom-chapter-81/ HTTP/1.1" 304 0 "-" "Mozilla/5.0 (Macintosh; Intel Mac OS X 10_15_7) AppleWebKit/537.36 (KHTML, like Gecko) Chrome/137.0.0.0 Safari/537.36"
162.0.232.193 - - [08/Jun/2025:11:08:26 -0400] "POST /wp-cron.php?doing_wp_cron=1749395306.0963261127471923828125 HTTP/1.1" 200 0 "-" "WordPress/6.4.5; https://w3.readbtooom.com"
2a04:cec0:c019:158b:3469:fbc:f871:f884 - - [08/Jun/2025:11:08:25 -0400] "POST /wp-admin/admin-ajax.php HTTP/1.1" 200 69 "https://w3.readbtooom.com/manga/btooom-chapter-81/" "Mozilla/5.0 (Macintosh; Intel Mac OS X 10_15_7) AppleWebKit/537.36 (KHTML, like Gecko) Chrome/137.0.0.0 Safari/537.36"
184.22.103.25 - - [08/Jun/2025:11:08:52 -0400] "GET /manga/btooom-chapter-98/ HTTP/1.1" 200 32603 "-" "Mozilla/5.0 (Linux; Android 14; V2333) AppleWebKit/537.36 (KHTML, like Gecko) Version/4.0 Chrome/123.0.6312.118 Mobile Safari/537.36 VivoBrowser/14.0.6.0"
162.0.232.193 - - [08/Jun/2025:11:12:41 -0400] "POST /wp-cron.php?doing_wp_cron=1749395561.7962560653686523437500 HTTP/1.1" 200 0 "-" "WordPress/6.4.5; https://w3.readbtooom.com"
2a04:cec0:c019:158b:3469:fbc:f871:f884 - - [08/Jun/2025:11:13:58 -0400] "GET /manga/btooom-chapter-79/ HTTP/1.1" 304 0 "https://w3.readbtooom.com/manga/btooom-chapter-81/" "Mozilla/5.0 (Macintosh; Intel Mac OS X 10_15_7) AppleWebKit/537.36 (KHTML, like Gecko) Chrome/137.0.0.0 Safari/537.36"
2a04:cec0:c019:158b:3469:fbc:f871:f884 - - [08/Jun/2025:11:13:59 -0400] "GET /manga/btooom-chapter-82/ HTTP/1.1" 200 33562 "https://w3.readbtooom.com/manga/btooom-chapter-81/" "Mozilla/5.0 (Macintosh; Intel Mac OS X 10_15_7) AppleWebKit/537.36 (KHTML, like Gecko) Chrome/137.0.0.0 Safari/537.36"
2a04:cec0:c019:158b:3469:fbc:f871:f884 - - [08/Jun/2025:11:14:03 -0400] "GET /manga/btooom-chapter-82/ HTTP/1.1" 304 0 "https://w3.readbtooom.com/manga/btooom-chapter-81/" "Mozilla/5.0 (Macintosh; Intel Mac OS X 10_15_7) AppleWebKit/537.36 (KHTML, like Gecko) Chrome/137.0.0.0 Safari/537.36"
162.0.232.193 - - [08/Jun/2025:11:14:04 -0400] "POST /wp-cron.php?doing_wp_cron=1749395644.5243558883666992187500 HTTP/1.1" 200 0 "-" "WordPress/6.4.5; https://w3.readbtooom.com"
2a04:cec0:c019:158b:3469:fbc:f871:f884 - - [08/Jun/2025:11:14:04 -0400] "POST /wp-admin/admin-ajax.php HTTP/1.1" 200 69 "https://w3.readbtooom.com/manga/btooom-chapter-82/" "Mozilla/5.0 (Macintosh; Intel Mac OS X 10_15_7) AppleWebKit/537.36 (KHTML, like Gecko) Chrome/137.0.0.0 Safari/537.36"
2405:9800:b870:6289:409e:bb6e:77b4:889b - - [08/Jun/2025:11:20:07 -0400] "GET /manga/btooom-chapter-75/ HTTP/1.1" 200 29669 "https://www.google.com/" "Mozilla/5.0 (Linux; Android 10; K) AppleWebKit/537.36 (KHTML, like Gecko) Chrome/137.0.0.0 Mobile Safari/537.36"
2a04:cec0:c019:158b:3469:fbc:f871:f884 - - [08/Jun/2025:11:21:35 -0400] "GET /manga/btooom-chapter-81/ HTTP/1.1" 304 0 "https://w3.readbtooom.com/manga/btooom-chapter-82/" "Mozilla/5.0 (Macintosh; Intel Mac OS X 10_15_7) AppleWebKit/537.36 (KHTML, like Gecko) Chrome/137.0.0.0 Safari/537.36"
2a04:cec0:c019:158b:3469:fbc:f871:f884 - - [08/Jun/2025:11:21:36 -0400] "GET /manga/btooom-chapter-83/ HTTP/1.1" 200 30489 "https://w3.readbtooom.com/manga/btooom-chapter-82/" "Mozilla/5.0 (Macintosh; Intel Mac OS X 10_15_7) AppleWebKit/537.36 (KHTML, like Gecko) Chrome/137.0.0.0 Safari/537.36"
66.249.64.129 - - [08/Jun/2025:11:21:42 -0400] "GET /manga/btooom-chapter-55/ HTTP/1.1" 200 30256 "-" "Mozilla/5.0 (Linux; Android 6.0.1; Nexus 5X Build/MMB29P) AppleWebKit/537.36 (KHTML, like Gecko) Chrome/136.0.7103.113 Mobile Safari/537.36 (compatible; Googlebot/2.1; +http://www.google.com/bot.html)"
2a04:cec0:c019:158b:3469:fbc:f871:f884 - - [08/Jun/2025:11:21:42 -0400] "GET /manga/btooom-chapter-83/ HTTP/1.1" 304 0 "https://w3.readbtooom.com/manga/btooom-chapter-82/" "Mozilla/5.0 (Macintosh; Intel Mac OS X 10_15_7) AppleWebKit/537.36 (KHTML, like Gecko) Chrome/137.0.0.0 Safari/537.36"
162.0.232.193 - - [08/Jun/2025:11:21:45 -0400] "POST /wp-cron.php?doing_wp_cron=1749396105.0996909141540527343750 HTTP/1.1" 200 0 "-" "WordPress/6.4.5; https://w3.readbtooom.com"
2a04:cec0:c019:158b:3469:fbc:f871:f884 - - [08/Jun/2025:11:21:43 -0400] "POST /wp-admin/admin-ajax.php HTTP/1.1" 200 69 "https://w3.readbtooom.com/manga/btooom-chapter-83/" "Mozilla/5.0 (Macintosh; Intel Mac OS X 10_15_7) AppleWebKit/537.36 (KHTML, like Gecko) Chrome/137.0.0.0 Safari/537.36"
162.0.232.193 - - [08/Jun/2025:11:22:44 -0400] "POST /wp-cron.php?doing_wp_cron=1749396163.9063749313354492187500 HTTP/1.1" 200 0 "-" "WordPress/6.4.5; https://w3.readbtooom.com"
114.119.130.109 - - [08/Jun/2025:11:23:45 -0400] "GET /manga/btooom-chapter-58/ HTTP/1.1" 200 34805 "https://w1.readbtooom.com/" "Mozilla/5.0 (Linux; Android 7.0;) AppleWebKit/537.36 (KHTML, like Gecko) Mobile Safari/537.36 (compatible; PetalBot;+https://webmaster.petalsearch.com/site/petalbot)"
162.0.232.193 - - [08/Jun/2025:11:23:55 -0400] "POST /wp-cron.php?doing_wp_cron=1749396235.3736209869384765625000 HTTP/1.1" 200 0 "-" "WordPress/6.4.5; https://w3.readbtooom.com"
2a04:cec0:c019:158b:3469:fbc:f871:f884 - - [08/Jun/2025:11:23:55 -0400] "POST /wp-admin/admin-ajax.php HTTP/1.1" 200 69 "https://w3.readbtooom.com/manga/btooom-chapter-83/" "Mozilla/5.0 (Macintosh; Intel Mac OS X 10_15_7) AppleWebKit/537.36 (KHTML, like Gecko) Chrome/137.0.0.0 Safari/537.36"
114.119.141.83 - - [08/Jun/2025:11:25:04 -0400] "GET /manga/btooom-chapter-37/ HTTP/1.1" 200 24079 "https://w1.readbtooom.com/" "Mozilla/5.0 (Linux; Android 7.0;) AppleWebKit/537.36 (KHTML, like Gecko) Mobile Safari/537.36 (compatible; PetalBot;+https://webmaster.petalsearch.com/site/petalbot)"
2a04:cec0:c019:158b:3469:fbc:f871:f884 - - [08/Jun/2025:11:29:36 -0400] "GET /manga/btooom-chapter-82/ HTTP/1.1" 304 0 "https://w3.readbtooom.com/manga/btooom-chapter-83/" "Mozilla/5.0 (Macintosh; Intel Mac OS X 10_15_7) AppleWebKit/537.36 (KHTML, like Gecko) Chrome/137.0.0.0 Safari/537.36"
2403:6200:8821:a105:aded:cb7f:e816:f8b9 - - [08/Jun/2025:11:29:36 -0400] "GET /manga/btooom-chapter-98/ HTTP/1.1" 200 32603 "https://www.google.com/url?q=https://w3.readbtooom.com/manga/btooom-chapter-98/&sa=U&ved=2ahUKEwiYvI-HkuKNAxV6T2wGHWwnKhgQFnoECC0QAQ&usg=AOvVaw2pziL33ql-ZERKRyYJ-3my" "Mozilla/5.0 (iPhone; CPU iPhone OS 18_5_0 like Mac OS X) AppleWebKit/605.1.15 (KHTML, like Gecko) GSA/371.0.763199552 Mobile/15E148 Safari/604.1"
2a04:cec0:c019:158b:3469:fbc:f871:f884 - - [08/Jun/2025:11:29:37 -0400] "GET /manga/btooom-chapter-84/ HTTP/1.1" 200 30640 "https://w3.readbtooom.com/manga/btooom-chapter-83/" "Mozilla/5.0 (Macintosh; Intel Mac OS X 10_15_7) AppleWebKit/537.36 (KHTML, like Gecko) Chrome/137.0.0.0 Safari/537.36"
2a04:cec0:c019:158b:3469:fbc:f871:f884 - - [08/Jun/2025:11:29:38 -0400] "GET /manga/btooom-chapter-84/ HTTP/1.1" 304 0 "https://w3.readbtooom.com/manga/btooom-chapter-83/" "Mozilla/5.0 (Macintosh; Intel Mac OS X 10_15_7) AppleWebKit/537.36 (KHTML, like Gecko) Chrome/137.0.0.0 Safari/537.36"
162.0.232.193 - - [08/Jun/2025:11:29:39 -0400] "POST /wp-cron.php?doing_wp_cron=1749396579.2290189266204833984375 HTTP/1.1" 200 0 "-" "WordPress/6.4.5; https://w3.readbtooom.com"
2a04:cec0:c019:158b:3469:fbc:f871:f884 - - [08/Jun/2025:11:29:38 -0400] "POST /wp-admin/admin-ajax.php HTTP/1.1" 200 69 "https://w3.readbtooom.com/manga/btooom-chapter-84/" "Mozilla/5.0 (Macintosh; Intel Mac OS X 10_15_7) AppleWebKit/537.36 (KHTML, like Gecko) Chrome/137.0.0.0 Safari/537.36"
2403:6200:8821:a105:aded:cb7f:e816:f8b9 - - [08/Jun/2025:11:29:37 -0400] "POST /wp-admin/admin-ajax.php HTTP/1.1" 200 69 "https://w3.readbtooom.com/manga/btooom-chapter-98/" "Mozilla/5.0 (iPhone; CPU iPhone OS 18_5_0 like Mac OS X) AppleWebKit/605.1.15 (KHTML, like Gecko) GSA/371.0.763199552 Mobile/15E148 Safari/604.1"
196.217.138.25 - - [08/Jun/2025:11:30:46 -0400] "GET /manga/btooom-chapter-57/ HTTP/1.1" 200 30044 "https://w3.readbtooom.com/manga/btooom-chapter-56/" "Mozilla/5.0 (Linux; Android 10; K) AppleWebKit/537.36 (KHTML, like Gecko) Chrome/137.0.0.0 Mobile Safari/537.36"
196.217.138.25 - - [08/Jun/2025:11:30:46 -0400] "GET /tag/btooom-manga/ HTTP/1.1" 301 0 "https://w3.readbtooom.com/manga/btooom-chapter-56/" "Mozilla/5.0 (Linux; Android 10; K) AppleWebKit/537.36 (KHTML, like Gecko) Chrome/137.0.0.0 Mobile Safari/537.36"
196.217.138.25 - - [08/Jun/2025:11:30:47 -0400] "GET /manga/btooom-chapter-57/ HTTP/1.1" 304 0 "https://w3.readbtooom.com/manga/btooom-chapter-56/" "Mozilla/5.0 (Linux; Android 10; K) AppleWebKit/537.36 (KHTML, like Gecko) Chrome/137.0.0.0 Mobile Safari/537.36"
162.0.232.193 - - [08/Jun/2025:11:30:48 -0400] "POST /wp-cron.php?doing_wp_cron=1749396648.2001249790191650390625 HTTP/1.1" 200 0 "-" "WordPress/6.4.5; https://w3.readbtooom.com"
196.217.138.25 - - [08/Jun/2025:11:30:47 -0400] "POST /wp-admin/admin-ajax.php HTTP/1.1" 200 69 "https://w3.readbtooom.com/manga/btooom-chapter-57/" "Mozilla/5.0 (Linux; Android 10; K) AppleWebKit/537.36 (KHTML, like Gecko) Chrome/137.0.0.0 Mobile Safari/537.36"
162.0.232.193 - - [08/Jun/2025:11:30:49 -0400] "POST /wp-cron.php?doing_wp_cron=1749396649.3082849979400634765625 HTTP/1.1" 200 0 "-" "WordPress/6.4.5; https://w3.readbtooom.com"
196.251.118.195 - - [08/Jun/2025:11:31:54 -0400] "GET / HTTP/1.1" 200 18608 "-" "Mozlila/5.0 (Linux; Android 7.0; SM-G892A Bulid/NRD90M; wv) AppleWebKit/537.36 (KHTML, like Gecko) Version/4.0 Chrome/60.0.3112.107 Moblie Safari/537.36"
162.0.232.193 - - [08/Jun/2025:11:31:54 -0400] "POST /wp-cron.php?doing_wp_cron=1749396714.2277400493621826171875 HTTP/1.1" 200 0 "-" "WordPress/6.4.5; https://w3.readbtooom.com"
162.0.232.193 - - [08/Jun/2025:11:31:54 -0400] "POST /wp-cron.php?doing_wp_cron=1749396714.2853100299835205078125 HTTP/1.1" 200 0 "-" "WordPress/6.4.5; https://w3.readbtooom.com"
162.0.232.193 - - [08/Jun/2025:11:31:54 -0400] "POST /wp-cron.php?doing_wp_cron=1749396714.2614450454711914062500 HTTP/1.1" 200 0 "-" "WordPress/6.4.5; https://w3.readbtooom.com"
196.251.118.195 - - [08/Jun/2025:11:31:54 -0400] "POST /ALFA_DATA/alfacgiapi/perl.alfa HTTP/1.1" 301 0 "www.google.com" "Mozlila/5.0 (Linux; Android 7.0; SM-G892A Bulid/NRD90M; wv) AppleWebKit/537.36 (KHTML, like Gecko) Version/4.0 Chrome/60.0.3112.107 Moblie Safari/537.36"
162.0.232.193 - - [08/Jun/2025:11:31:54 -0400] "POST /wp-cron.php?doing_wp_cron=1749396714.2257599830627441406250 HTTP/1.1" 200 0 "-" "WordPress/6.4.5; https://w3.readbtooom.com"
196.251.118.195 - - [08/Jun/2025:11:31:54 -0400] "POST /wp-plain.php HTTP/1.1" 301 0 "www.google.com" "Mozilla/5.0 (Linux; Android 7.0; SM-G892A Bulid/NRD90M; wv) AppleWebKit/537.36 (KHTML, like Gecko) Version/4.0 Chrome/60.0.3112.107 Moblie Safari/537.36"
196.251.118.195 - - [08/Jun/2025:11:31:54 -0400] "GET /wp-content/themes/seotheme/db.php?u HTTP/1.1" 301 0 "www.google.com" "Mozlila/5.0 (Linux; Android 7.0; SM-G892A Bulid/NRD90M; wv) AppleWebKit/537.36 (KHTML, like Gecko) Version/4.0 Chrome/60.0.3112.107 Moblie Safari/537.36"
196.251.118.195 - - [08/Jun/2025:11:31:54 -0400] "GET /wp-content/plugins/apikey/apikey.php?test=hello HTTP/1.1" 301 0 "-" "Mozlila/5.0 (Linux; Android 7.0; SM-G892A Bulid/NRD90M; wv) AppleWebKit/537.36 (KHTML, like Gecko) Version/4.0 Chrome/60.0.3112.107 Moblie Safari/537.36"
196.251.118.195 - - [08/Jun/2025:11:31:54 -0400] "GET /wp-content/plugins/fix/up.php HTTP/1.1" 301 0 "-" "Mozilla/5.0 (Windows NT 10.0; Win64; x64) AppleWebKit/537.36 (KHTML, like Gecko) Chrome/85.0.4183.102 Safari/537.36"
196.251.118.195 - - [08/Jun/2025:11:31:55 -0400] "GET / HTTP/1.1" 200 18608 "-" "Mozlila/5.0 (Linux; Android 7.0; SM-G892A Bulid/NRD90M; wv) AppleWebKit/537.36 (KHTML, like Gecko) Version/4.0 Chrome/60.0.3112.107 Moblie Safari/537.36"
196.251.118.195 - - [08/Jun/2025:11:31:55 -0400] "GET / HTTP/1.1" 200 18608 "www.google.com" "Mozlila/5.0 (Linux; Android 7.0; SM-G892A Bulid/NRD90M; wv) AppleWebKit/537.36 (KHTML, like Gecko) Version/4.0 Chrome/60.0.3112.107 Moblie Safari/537.36"
196.251.118.195 - - [08/Jun/2025:11:31:55 -0400] "GET /plugins/content/apismtp/apismtp.php?test=hello HTTP/1.1" 301 0 "-" "Mozlila/5.0 (Linux; Android 7.0; SM-G892A Bulid/NRD90M; wv) AppleWebKit/537.36 (KHTML, like Gecko) Version/4.0 Chrome/60.0.3112.107 Moblie Safari/537.36"
196.251.118.195 - - [08/Jun/2025:11:31:55 -0400] "GET /wp-content/themes/seotheme/db.php?u HTTP/1.1" 301 0 "www.google.com" "Mozlila/5.0 (Linux; Android 7.0; SM-G892A Bulid/NRD90M; wv) AppleWebKit/537.36 (KHTML, like Gecko) Version/4.0 Chrome/60.0.3112.107 Moblie Safari/537.36"
196.251.118.195 - - [08/Jun/2025:11:31:56 -0400] "POST /alfacgiapi/perl.alfa HTTP/1.1" 301 0 "www.google.com" "Mozlila/5.0 (Linux; Android 7.0; SM-G892A Bulid/NRD90M; wv) AppleWebKit/537.36 (KHTML, like Gecko) Version/4.0 Chrome/60.0.3112.107 Moblie Safari/537.36"
196.251.118.195 - - [08/Jun/2025:11:31:56 -0400] "GET / HTTP/1.1" 200 18608 "www.google.com" "Mozlila/5.0 (Linux; Android 7.0; SM-G892A Bulid/NRD90M; wv) AppleWebKit/537.36 (KHTML, like Gecko) Version/4.0 Chrome/60.0.3112.107 Moblie Safari/537.36"
196.251.118.195 - - [08/Jun/2025:11:31:56 -0400] "GET / HTTP/1.1" 200 18608 "-" "Mozlila/5.0 (Linux; Android 7.0; SM-G892A Bulid/NRD90M; wv) AppleWebKit/537.36 (KHTML, like Gecko) Version/4.0 Chrome/60.0.3112.107 Moblie Safari/537.36"
196.251.118.195 - - [08/Jun/2025:11:31:56 -0400] "GET /wp-content/plugins/apikey/apikey.php.suspected?test=hello HTTP/1.1" 301 0 "-" "Mozlila/5.0 (Linux; Android 7.0; SM-G892A Bulid/NRD90M; wv) AppleWebKit/537.36 (KHTML, like Gecko) Version/4.0 Chrome/60.0.3112.107 Moblie Safari/537.36"
196.251.118.195 - - [08/Jun/2025:11:31:57 -0400] "GET / HTTP/1.1" 200 18608 "-" "Mozlila/5.0 (Linux; Android 7.0; SM-G892A Bulid/NRD90M; wv) AppleWebKit/537.36 (KHTML, like Gecko) Version/4.0 Chrome/60.0.3112.107 Moblie Safari/537.36"
196.251.118.195 - - [08/Jun/2025:11:31:57 -0400] "GET /plugins/content/apismtp/apismtp.php.suspected?test=hello HTTP/1.1" 301 0 "-" "Mozlila/5.0 (Linux; Android 7.0; SM-G892A Bulid/NRD90M; wv) AppleWebKit/537.36 (KHTML, like Gecko) Version/4.0 Chrome/60.0.3112.107 Moblie Safari/537.36"
196.251.118.195 - - [08/Jun/2025:11:31:58 -0400] "GET / HTTP/1.1" 200 18608 "-" "Mozlila/5.0 (Linux; Android 7.0; SM-G892A Bulid/NRD90M; wv) AppleWebKit/537.36 (KHTML, like Gecko) Version/4.0 Chrome/60.0.3112.107 Moblie Safari/537.36"
162.0.232.193 - - [08/Jun/2025:11:32:59 -0400] "POST /wp-cron.php?doing_wp_cron=1749396779.3650429248809814453125 HTTP/1.1" 200 0 "-" "WordPress/6.4.5; https://w3.readbtooom.com"
124.246.127.105 - - [08/Jun/2025:11:32:59 -0400] "POST /wp-admin/admin-ajax.php HTTP/1.1" 200 69 "https://w3.readbtooom.com/manga/btooom-chapter-42/" "Mozilla/5.0 (Windows NT 10.0; Win64; x64) AppleWebKit/537.36 (KHTML, like Gecko) Chrome/134.0.0.0 Safari/537.36 OPR/119.0.0.0"
47.128.57.145 - - [08/Jun/2025:11:33:05 -0400] "GET / HTTP/1.1" 200 18608 "-" "Mozilla/5.0 (Linux; Android 5.0) AppleWebKit/537.36 (KHTML, like Gecko) Mobile Safari/537.36 (compatible; Bytespider; [email protected])"
124.246.127.105 - - [08/Jun/2025:11:34:41 -0400] "GET / HTTP/1.1" 200 18608 "https://w3.readbtooom.com/manga/btooom-chapter-42/" "Mozilla/5.0 (Windows NT 10.0; Win64; x64) AppleWebKit/537.36 (KHTML, like Gecko) Chrome/134.0.0.0 Safari/537.36 OPR/119.0.0.0"
124.246.127.105 - - [08/Jun/2025:11:34:41 -0400] "GET / HTTP/1.1" 304 0 "https://w3.readbtooom.com/manga/btooom-chapter-42/" "Mozilla/5.0 (Windows NT 10.0; Win64; x64) AppleWebKit/537.36 (KHTML, like Gecko) Chrome/134.0.0.0 Safari/537.36 OPR/119.0.0.0"
124.246.127.105 - - [08/Jun/2025:11:34:42 -0400] "GET / HTTP/1.1" 304 0 "https://w3.readbtooom.com/" "Mozilla/5.0 (Windows NT 10.0; Win64; x64) AppleWebKit/537.36 (KHTML, like Gecko) Chrome/134.0.0.0 Safari/537.36 OPR/119.0.0.0"
196.217.138.25 - - [08/Jun/2025:11:34:42 -0400] "GET /manga/btooom-chapter-56/ HTTP/1.1" 304 0 "https://w3.readbtooom.com/manga/btooom-chapter-57/" "Mozilla/5.0 (Linux; Android 10; K) AppleWebKit/537.36 (KHTML, like Gecko) Chrome/137.0.0.0 Mobile Safari/537.36"
196.217.138.25 - - [08/Jun/2025:11:34:41 -0400] "GET /tag/ryota-sakamoto/ HTTP/1.1" 301 0 "https://w3.readbtooom.com/manga/btooom-chapter-57/" "Mozilla/5.0 (Linux; Android 10; K) AppleWebKit/537.36 (KHTML, like Gecko) Chrome/137.0.0.0 Mobile Safari/537.36"
196.217.138.25 - - [08/Jun/2025:11:34:43 -0400] "GET / HTTP/1.1" 200 18608 "https://w3.readbtooom.com/" "Mozilla/5.0 (Linux; Android 10; K) AppleWebKit/537.36 (KHTML, like Gecko) Chrome/137.0.0.0 Mobile Safari/537.36"
196.217.138.25 - - [08/Jun/2025:11:34:44 -0400] "GET /manga/btooom-chapter-58/ HTTP/1.1" 200 34805 "https://w3.readbtooom.com/manga/btooom-chapter-57/" "Mozilla/5.0 (Linux; Android 10; K) AppleWebKit/537.36 (KHTML, like Gecko) Chrome/137.0.0.0 Mobile Safari/537.36"
196.217.138.25 - - [08/Jun/2025:11:34:45 -0400] "GET /manga/btooom-chapter-58/ HTTP/1.1" 304 0 "https://w3.readbtooom.com/manga/btooom-chapter-57/" "Mozilla/5.0 (Linux; Android 10; K) AppleWebKit/537.36 (KHTML, like Gecko) Chrome/137.0.0.0 Mobile Safari/537.36"
124.246.127.105 - - [08/Jun/2025:11:34:47 -0400] "GET /manga/btooom-chapter-54/ HTTP/1.1" 200 31940 "https://w3.readbtooom.com/" "Mozilla/5.0 (Windows NT 10.0; Win64; x64) AppleWebKit/537.36 (KHTML, like Gecko) Chrome/134.0.0.0 Safari/537.36 OPR/119.0.0.0"
124.246.127.105 - - [08/Jun/2025:11:34:47 -0400] "GET /manga/btooom-chapter-52/ HTTP/1.1" 200 31453 "https://w3.readbtooom.com/" "Mozilla/5.0 (Windows NT 10.0; Win64; x64) AppleWebKit/537.36 (KHTML, like Gecko) Chrome/134.0.0.0 Safari/537.36 OPR/119.0.0.0"
124.246.127.105 - - [08/Jun/2025:11:34:47 -0400] "GET /manga/btooom-chapter-52/ HTTP/1.1" 304 0 "https://w3.readbtooom.com/" "Mozilla/5.0 (Windows NT 10.0; Win64; x64) AppleWebKit/537.36 (KHTML, like Gecko) Chrome/134.0.0.0 Safari/537.36 OPR/119.0.0.0"
124.246.127.105 - - [08/Jun/2025:11:34:48 -0400] "GET /manga/btooom-chapter-52/ HTTP/1.1" 200 31453 "https://w3.readbtooom.com/" "Mozilla/5.0 (Windows NT 10.0; Win64; x64) AppleWebKit/537.36 (KHTML, like Gecko) Chrome/134.0.0.0 Safari/537.36 OPR/119.0.0.0"
124.246.127.105 - - [08/Jun/2025:11:34:57 -0400] "GET /manga/btooom-chapter-53/ HTTP/1.1" 200 29733 "https://w3.readbtooom.com/" "Mozilla/5.0 (Windows NT 10.0; Win64; x64) AppleWebKit/537.36 (KHTML, like Gecko) Chrome/134.0.0.0 Safari/537.36 OPR/119.0.0.0"
124.246.127.105 - - [08/Jun/2025:11:34:58 -0400] "GET /manga/btooom-chapter-55/ HTTP/1.1" 200 30256 "https://w3.readbtooom.com/" "Mozilla/5.0 (Windows NT 10.0; Win64; x64) AppleWebKit/537.36 (KHTML, like Gecko) Chrome/134.0.0.0 Safari/537.36 OPR/119.0.0.0"
