2001:569:5859:7b00:9d9c:9148:b9bc:ff62 - - [08/Jun/2025:13:34:42 -0400] "GET /manga/btooom-chapter-6/ HTTP/1.1" 200 24741 "https://w3.readbtooom.com/manga/btooom-chapter-5/" "Mozilla/5.0 (iPhone; CPU iPhone OS 18_5 like Mac OS X) AppleWebKit/605.1.15 (KHTML, like Gecko) Version/18.5 Mobile/15E148 Safari/604.1"
49.49.64.240 - - [08/Jun/2025:13:34:56 -0400] "GET /manga/btooom-chapter-23/ HTTP/1.1" 200 24244 "https://w3.readbtooom.com/manga/btooom-chapter-22-5/" "Mozilla/5.0 (iPhone; CPU iPhone OS 18_1_1 like Mac OS X) AppleWebKit/605.1.15 (KHTML, like Gecko) GSA/371.0.763199552 Mobile/15E148 Safari/604.1"
49.49.64.240 - - [08/Jun/2025:13:35:25 -0400] "GET /manga/btooom-chapter-24/ HTTP/1.1" 200 22869 "https://w3.readbtooom.com/manga/btooom-chapter-23/" "Mozilla/5.0 (iPhone; CPU iPhone OS 18_1_1 like Mac OS X) AppleWebKit/605.1.15 (KHTML, like Gecko) GSA/371.0.763199552 Mobile/15E148 Safari/604.1"
162.0.232.193 - - [08/Jun/2025:13:35:50 -0400] "POST /wp-cron.php?doing_wp_cron=1749404150.5975110530853271484375 HTTP/1.1" 200 0 "-" "WordPress/6.4.5; https://w3.readbtooom.com"
43.159.136.201 - - [08/Jun/2025:13:35:49 -0400] "GET /wp-json/oembed/1.0/embed?url=https%3A%2F%2Fw3.readbtooom.com%2Fmanga%2Fbtooom-chapter-78%2F&format=xml HTTP/1.1" 200 1049 "-" "Mozilla/5.0 (iPhone; CPU iPhone OS 13_2_3 like Mac OS X) AppleWebKit/605.1.15 (KHTML, like Gecko) Version/13.0.3 Mobile/15E148 Safari/604.1"
66.249.64.131 - - [08/Jun/2025:13:37:19 -0400] "GET /manga/btooom-chapter-101/ HTTP/1.1" 200 30552 "-" "Mozilla/5.0 (Linux; Android 6.0.1; Nexus 5X Build/MMB29P) AppleWebKit/537.36 (KHTML, like Gecko) Chrome/136.0.7103.113 Mobile Safari/537.36 (compatible; Googlebot/2.1; +http://www.google.com/bot.html)"
49.49.64.240 - - [08/Jun/2025:13:37:41 -0400] "GET /manga/btooom-chapter-25/ HTTP/1.1" 200 23476 "https://w3.readbtooom.com/manga/btooom-chapter-24/" "Mozilla/5.0 (iPhone; CPU iPhone OS 18_1_1 like Mac OS X) AppleWebKit/605.1.15 (KHTML, like Gecko) GSA/371.0.763199552 Mobile/15E148 Safari/604.1"
162.0.232.193 - - [08/Jun/2025:13:37:43 -0400] "POST /wp-cron.php?doing_wp_cron=1749404263.7842280864715576171875 HTTP/1.1" 200 0 "-" "WordPress/6.4.5; https://w3.readbtooom.com"
49.49.64.240 - - [08/Jun/2025:13:37:42 -0400] "POST /wp-admin/admin-ajax.php HTTP/1.1" 200 69 "https://w3.readbtooom.com/manga/btooom-chapter-25/" "Mozilla/5.0 (iPhone; CPU iPhone OS 18_1_1 like Mac OS X) AppleWebKit/605.1.15 (KHTML, like Gecko) GSA/371.0.763199552 Mobile/15E148 Safari/604.1"
49.49.64.240 - - [08/Jun/2025:13:37:55 -0400] "GET /manga/btooom-chapter-26/ HTTP/1.1" 200 22499 "https://w3.readbtooom.com/manga/btooom-chapter-25/" "Mozilla/5.0 (iPhone; CPU iPhone OS 18_1_1 like Mac OS X) AppleWebKit/605.1.15 (KHTML, like Gecko) GSA/371.0.763199552 Mobile/15E148 Safari/604.1"
49.49.64.240 - - [08/Jun/2025:13:39:00 -0400] "GET /manga/btooom-chapter-27/ HTTP/1.1" 200 22133 "https://w3.readbtooom.com/manga/btooom-chapter-26/" "Mozilla/5.0 (iPhone; CPU iPhone OS 18_1_1 like Mac OS X) AppleWebKit/605.1.15 (KHTML, like Gecko) GSA/371.0.763199552 Mobile/15E148 Safari/604.1"
162.0.232.193 - - [08/Jun/2025:13:39:01 -0400] "POST /wp-cron.php?doing_wp_cron=1749404341.8040180206298828125000 HTTP/1.1" 200 0 "-" "WordPress/6.4.5; https://w3.readbtooom.com"
49.49.64.240 - - [08/Jun/2025:13:39:01 -0400] "POST /wp-admin/admin-ajax.php HTTP/1.1" 200 69 "https://w3.readbtooom.com/manga/btooom-chapter-27/" "Mozilla/5.0 (iPhone; CPU iPhone OS 18_1_1 like Mac OS X) AppleWebKit/605.1.15 (KHTML, like Gecko) GSA/371.0.763199552 Mobile/15E148 Safari/604.1"
2a03:2880:f800:10:: - - [08/Jun/2025:13:39:13 -0400] "GET /read-manga-news/ HTTP/1.1" 200 10384 "-" "meta-externalagent/1.1 (+https://developers.facebook.com/docs/sharing/webmasters/crawler)"
49.49.64.240 - - [08/Jun/2025:13:39:19 -0400] "GET /manga/btooom-chapter-28/ HTTP/1.1" 200 22682 "https://w3.readbtooom.com/manga/btooom-chapter-27/" "Mozilla/5.0 (iPhone; CPU iPhone OS 18_1_1 like Mac OS X) AppleWebKit/605.1.15 (KHTML, like Gecko) GSA/371.0.763199552 Mobile/15E148 Safari/604.1"
49.49.64.240 - - [08/Jun/2025:13:40:03 -0400] "GET /manga/btooom-chapter-29/ HTTP/1.1" 200 21727 "https://w3.readbtooom.com/manga/btooom-chapter-28/" "Mozilla/5.0 (iPhone; CPU iPhone OS 18_1_1 like Mac OS X) AppleWebKit/605.1.15 (KHTML, like Gecko) GSA/371.0.763199552 Mobile/15E148 Safari/604.1"
196.217.138.25 - - [08/Jun/2025:13:40:04 -0400] "GET /tag/masashi-miyamoto/ HTTP/1.1" 301 0 "https://w3.readbtooom.com/manga/btooom-chapter-66/" "Mozilla/5.0 (Linux; Android 10; K) AppleWebKit/537.36 (KHTML, like Gecko) Chrome/137.0.0.0 Mobile Safari/537.36"
196.217.138.25 - - [08/Jun/2025:13:40:04 -0400] "GET /manga/btooom-chapter-67/ HTTP/1.1" 304 0 "https://w3.readbtooom.com/manga/btooom-chapter-66/" "Mozilla/5.0 (Linux; Android 10; K) AppleWebKit/537.36 (KHTML, like Gecko) Chrome/137.0.0.0 Mobile Safari/537.36"
196.217.138.25 - - [08/Jun/2025:13:40:04 -0400] "GET /manga/btooom-chapter-67/ HTTP/1.1" 304 0 "https://w3.readbtooom.com/manga/btooom-chapter-66/" "Mozilla/5.0 (Linux; Android 10; K) AppleWebKit/537.36 (KHTML, like Gecko) Chrome/137.0.0.0 Mobile Safari/537.36"
162.0.232.193 - - [08/Jun/2025:13:40:05 -0400] "POST /wp-cron.php?doing_wp_cron=1749404405.5235900878906250000000 HTTP/1.1" 200 0 "-" "WordPress/6.4.5; https://w3.readbtooom.com"
49.49.64.240 - - [08/Jun/2025:13:41:04 -0400] "GET /manga/btooom-chapter-30/ HTTP/1.1" 200 21910 "https://w3.readbtooom.com/manga/btooom-chapter-29/" "Mozilla/5.0 (iPhone; CPU iPhone OS 18_1_1 like Mac OS X) AppleWebKit/605.1.15 (KHTML, like Gecko) GSA/371.0.763199552 Mobile/15E148 Safari/604.1"
49.49.64.240 - - [08/Jun/2025:13:41:35 -0400] "GET /manga/btooom-chapter-31/ HTTP/1.1" 200 22279 "https://w3.readbtooom.com/manga/btooom-chapter-30/" "Mozilla/5.0 (iPhone; CPU iPhone OS 18_1_1 like Mac OS X) AppleWebKit/605.1.15 (KHTML, like Gecko) GSA/371.0.763199552 Mobile/15E148 Safari/604.1"
64.227.169.195 - - [08/Jun/2025:13:41:37 -0400] "GET /wp-admin/css/ HTTP/1.1" 200 2823 "binance.com" "Mozilla/5.0 (Windows NT 10.0; Win64; x64) AppleWebKit/537.36 (KHTML, like Gecko) Chrome/90.0.4430.85 Safari/537.36"
64.227.169.195 - - [08/Jun/2025:13:41:45 -0400] "GET /wp-content/uploads/2025/06/ HTTP/1.1" 200 555 "binance.com" "Mozilla/5.0 (Windows NT 10.0; Win64; x64) AppleWebKit/537.36 (KHTML, like Gecko) Chrome/90.0.4430.85 Safari/537.36"
64.227.169.195 - - [08/Jun/2025:13:41:54 -0400] "GET /wp-content/uploads/2025/05/ HTTP/1.1" 200 555 "binance.com" "Mozilla/5.0 (Windows NT 10.0; Win64; x64) AppleWebKit/537.36 (KHTML, like Gecko) Chrome/90.0.4430.85 Safari/537.36"
64.227.169.195 - - [08/Jun/2025:13:42:01 -0400] "GET /wp-content/uploads/ HTTP/1.1" 200 1073 "binance.com" "Mozilla/5.0 (Windows NT 10.0; Win64; x64) AppleWebKit/537.36 (KHTML, like Gecko) Chrome/90.0.4430.85 Safari/537.36"
64.227.169.195 - - [08/Jun/2025:13:42:10 -0400] "GET /wp-content/upgrade/ HTTP/1.1" 200 548 "binance.com" "Mozilla/5.0 (Windows NT 10.0; Win64; x64) AppleWebKit/537.36 (KHTML, like Gecko) Chrome/90.0.4430.85 Safari/537.36"
162.0.232.193 - - [08/Jun/2025:13:42:17 -0400] "POST /wp-cron.php?doing_wp_cron=1749404537.0891199111938476562500 HTTP/1.1" 200 0 "-" "WordPress/6.4.5; https://w3.readbtooom.com"
64.227.169.195 - - [08/Jun/2025:13:42:15 -0400] "GET /wp-content/languages/ HTTP/1.1" 301 0 "binance.com" "Mozilla/5.0 (Windows NT 10.0; Win64; x64) AppleWebKit/537.36 (KHTML, like Gecko) Chrome/90.0.4430.85 Safari/537.36"
49.49.64.240 - - [08/Jun/2025:13:42:25 -0400] "GET /manga/btooom-chapter-32/ HTTP/1.1" 200 24043 "https://w3.readbtooom.com/manga/btooom-chapter-31/" "Mozilla/5.0 (iPhone; CPU iPhone OS 18_1_1 like Mac OS X) AppleWebKit/605.1.15 (KHTML, like Gecko) GSA/371.0.763199552 Mobile/15E148 Safari/604.1"
64.227.169.195 - - [08/Jun/2025:13:42:31 -0400] "GET / HTTP/1.1" 200 18608 "binance.com" "Mozilla/5.0 (Windows NT 10.0; Win64; x64) AppleWebKit/537.36 (KHTML, like Gecko) Chrome/90.0.4430.85 Safari/537.36"
64.227.169.195 - - [08/Jun/2025:13:42:41 -0400] "GET /wp-admin/includes/ HTTP/1.1" 200 3591 "binance.com" "Mozilla/5.0 (Windows NT 10.0; Win64; x64) AppleWebKit/537.36 (KHTML, like Gecko) Chrome/90.0.4430.85 Safari/537.36"
64.227.169.195 - - [08/Jun/2025:13:42:50 -0400] "GET /wp-admin/includes/ HTTP/1.1" 200 3642 "binance.com" "Mozilla/5.0 (Windows NT 10.0; Win64; x64) AppleWebKit/537.36 (KHTML, like Gecko) Chrome/90.0.4430.85 Safari/537.36"
152.32.251.62 - - [08/Jun/2025:13:43:12 -0400] "GET / HTTP/1.1" 200 18608 "http://w3.readbtooom.com/" "Mozilla/5.0 (Linux; Android 15; I2201 Build/AP3A.240905.015.A2; wv) AppleWebKit/537.36 (KHTML, like Gecko) Version/4.0 Chrome/132.0.6834.90 Mobile Safari/537.36 [FB_IAB/FB4A;FBAV/496.0.0.45.65;IABMV/1;] FBNV/5"
152.32.251.62 - - [08/Jun/2025:13:43:13 -0400] "GET / HTTP/1.1" 200 18608 "https://w3.readbtooom.com/" "Mozilla/5.0 (Linux; Android 15; I2201 Build/AP3A.240905.015.A2; wv) AppleWebKit/537.36 (KHTML, like Gecko) Version/4.0 Chrome/132.0.6834.90 Mobile Safari/537.36 [FB_IAB/FB4A;FBAV/496.0.0.45.65;IABMV/1;] FBNV/5"
64.227.169.195 - - [08/Jun/2025:13:43:17 -0400] "GET /wp-admin/maint/ HTTP/1.1" 200 627 "binance.com" "Mozilla/5.0 (Windows NT 10.0; Win64; x64) AppleWebKit/537.36 (KHTML, like Gecko) Chrome/90.0.4430.85 Safari/537.36"
64.227.169.195 - - [08/Jun/2025:13:43:25 -0400] "GET /wp-admin/maint/ HTTP/1.1" 200 627 "binance.com" "Mozilla/5.0 (Windows NT 10.0; Win64; x64) AppleWebKit/537.36 (KHTML, like Gecko) Chrome/90.0.4430.85 Safari/537.36"
162.0.232.193 - - [08/Jun/2025:13:43:37 -0400] "POST /wp-cron.php?doing_wp_cron=1749404617.3260080814361572265625 HTTP/1.1" 200 0 "-" "WordPress/6.4.5; https://w3.readbtooom.com"
64.227.169.195 - - [08/Jun/2025:13:43:37 -0400] "GET /wp-admin/network/ HTTP/1.1" 302 0 "binance.com" "Mozilla/5.0 (Windows NT 10.0; Win64; x64) AppleWebKit/537.36 (KHTML, like Gecko) Chrome/90.0.4430.85 Safari/537.36"
64.227.169.195 - - [08/Jun/2025:13:43:39 -0400] "GET /wp-login.php?redirect_to=https%3A%2F%2Fw3.readbtooom.com%2Fwp-admin%2Fnetwork%2F&reauth=1 HTTP/1.1" 200 1852 "binance.com" "Mozilla/5.0 (Windows NT 10.0; Win64; x64) AppleWebKit/537.36 (KHTML, like Gecko) Chrome/90.0.4430.85 Safari/537.36"
162.0.232.193 - - [08/Jun/2025:13:43:52 -0400] "POST /wp-cron.php?doing_wp_cron=1749404632.7731239795684814453125 HTTP/1.1" 200 0 "-" "WordPress/6.4.5; https://w3.readbtooom.com"
64.227.169.195 - - [08/Jun/2025:13:43:52 -0400] "GET /wp-admin/user/ HTTP/1.1" 302 0 "binance.com" "Mozilla/5.0 (Windows NT 10.0; Win64; x64) AppleWebKit/537.36 (KHTML, like Gecko) Chrome/90.0.4430.85 Safari/537.36"
64.227.169.195 - - [08/Jun/2025:13:43:56 -0400] "GET /wp-login.php?redirect_to=https%3A%2F%2Fw3.readbtooom.com%2Fwp-admin%2Fuser%2F&reauth=1 HTTP/1.1" 200 1852 "binance.com" "Mozilla/5.0 (Windows NT 10.0; Win64; x64) AppleWebKit/537.36 (KHTML, like Gecko) Chrome/90.0.4430.85 Safari/537.36"
49.49.64.240 - - [08/Jun/2025:13:44:01 -0400] "GET /manga/btooom-chapter-33/ HTTP/1.1" 200 24638 "https://w3.readbtooom.com/manga/btooom-chapter-32/" "Mozilla/5.0 (iPhone; CPU iPhone OS 18_1_1 like Mac OS X) AppleWebKit/605.1.15 (KHTML, like Gecko) GSA/371.0.763199552 Mobile/15E148 Safari/604.1"
49.49.64.240 - - [08/Jun/2025:13:44:02 -0400] "POST /wp-admin/admin-ajax.php HTTP/1.1" 200 69 "https://w3.readbtooom.com/manga/btooom-chapter-33/" "Mozilla/5.0 (iPhone; CPU iPhone OS 18_1_1 like Mac OS X) AppleWebKit/605.1.15 (KHTML, like Gecko) GSA/371.0.763199552 Mobile/15E148 Safari/604.1"
64.227.169.195 - - [08/Jun/2025:13:44:08 -0400] "GET /wp-admin/css/ HTTP/1.1" 200 2823 "binance.com" "Mozilla/5.0 (Windows NT 10.0; Win64; x64) AppleWebKit/537.36 (KHTML, like Gecko) Chrome/90.0.4430.85 Safari/537.36"
64.227.169.195 - - [08/Jun/2025:13:44:18 -0400] "GET /wp-admin/css/colors/ HTTP/1.1" 200 1141 "binance.com" "Mozilla/5.0 (Windows NT 10.0; Win64; x64) AppleWebKit/537.36 (KHTML, like Gecko) Chrome/90.0.4430.85 Safari/537.36"
64.227.169.195 - - [08/Jun/2025:13:44:26 -0400] "GET /wp-admin/css/colors/blue/ HTTP/1.1" 200 733 "binance.com" "Mozilla/5.0 (Windows NT 10.0; Win64; x64) AppleWebKit/537.36 (KHTML, like Gecko) Chrome/90.0.4430.85 Safari/537.36"
64.227.169.195 - - [08/Jun/2025:13:44:35 -0400] "GET /wp-admin/css/colors/coffee/ HTTP/1.1" 200 744 "binance.com" "Mozilla/5.0 (Windows NT 10.0; Win64; x64) AppleWebKit/537.36 (KHTML, like Gecko) Chrome/90.0.4430.85 Safari/537.36"
64.227.169.195 - - [08/Jun/2025:13:44:44 -0400] "GET /wp-admin/css/colors/ectoplasm/ HTTP/1.1" 200 712 "binance.com" "Mozilla/5.0 (Windows NT 10.0; Win64; x64) AppleWebKit/537.36 (KHTML, like Gecko) Chrome/90.0.4430.85 Safari/537.36"
114.119.148.10 - - [08/Jun/2025:13:44:49 -0400] "GET /manga/btooom-chapter-84/ HTTP/1.1" 200 30216 "https://w1.readbtooom.com/" "Mozilla/5.0 (Linux; Android 7.0;) AppleWebKit/537.36 (KHTML, like Gecko) Mobile Safari/537.36 (compatible; PetalBot;+https://webmaster.petalsearch.com/site/petalbot)"
162.0.232.193 - - [08/Jun/2025:13:44:57 -0400] "POST /wp-cron.php?doing_wp_cron=1749404697.7044019699096679687500 HTTP/1.1" 200 0 "-" "WordPress/6.4.5; https://w3.readbtooom.com"
2a01:4f9:3081:3dce::2 - - [08/Jun/2025:13:44:57 -0400] "POST /xmlrpc.php HTTP/1.1" 200 205 "-" "Mozilla/5.0 (X11; Ubuntu; Linux x86_64; rv:85.0) Gecko/20100101 Firefox/91.0"
64.227.169.195 - - [08/Jun/2025:13:44:58 -0400] "GET /wp-admin/css/colors/light/ HTTP/1.1" 200 720 "binance.com" "Mozilla/5.0 (Windows NT 10.0; Win64; x64) AppleWebKit/537.36 (KHTML, like Gecko) Chrome/90.0.4430.85 Safari/537.36"
64.227.169.195 - - [08/Jun/2025:13:45:05 -0400] "GET /wp-admin/css/colors/midnight/ HTTP/1.1" 200 723 "binance.com" "Mozilla/5.0 (Windows NT 10.0; Win64; x64) AppleWebKit/537.36 (KHTML, like Gecko) Chrome/90.0.4430.85 Safari/537.36"
2a04:4e41:5e00:3ede::850d:7ede - - [08/Jun/2025:13:45:12 -0400] "GET /manga/btooom-chapter-85/ HTTP/1.1" 200 31195 "https://www.google.com/" "Mozilla/5.0 (iPhone; CPU iPhone OS 18_5 like Mac OS X) AppleWebKit/605.1.15 (KHTML, like Gecko) Version/18.5 Mobile/15E148 Safari/604.1"
64.227.169.195 - - [08/Jun/2025:13:45:14 -0400] "GET /wp-admin/css/colors/modern/ HTTP/1.1" 200 728 "binance.com" "Mozilla/5.0 (Windows NT 10.0; Win64; x64) AppleWebKit/537.36 (KHTML, like Gecko) Chrome/90.0.4430.85 Safari/537.36"
2a04:4e41:5e00:3ede::850d:7ede - - [08/Jun/2025:13:45:13 -0400] "POST /wp-admin/admin-ajax.php HTTP/1.1" 200 69 "https://w3.readbtooom.com/manga/btooom-chapter-85/" "Mozilla/5.0 (iPhone; CPU iPhone OS 18_5 like Mac OS X) AppleWebKit/605.1.15 (KHTML, like Gecko) Version/18.5 Mobile/15E148 Safari/604.1"
64.227.169.195 - - [08/Jun/2025:13:45:21 -0400] "GET /wp-admin/css/colors/ocean/ HTTP/1.1" 200 738 "binance.com" "Mozilla/5.0 (Windows NT 10.0; Win64; x64) AppleWebKit/537.36 (KHTML, like Gecko) Chrome/90.0.4430.85 Safari/537.36"
43.165.69.68 - - [08/Jun/2025:13:45:24 -0400] "GET /manga/btooom-chapter-62/ HTTP/1.1" 200 32081 "-" "Mozilla/5.0 (iPhone; CPU iPhone OS 13_2_3 like Mac OS X) AppleWebKit/605.1.15 (KHTML, like Gecko) Version/13.0.3 Mobile/15E148 Safari/604.1"
64.227.169.195 - - [08/Jun/2025:13:45:28 -0400] "GET /wp-admin/css/colors/sunrise/%20 HTTP/1.1" 301 0 "binance.com" "Mozilla/5.0 (Windows NT 10.0; Win64; x64) AppleWebKit/537.36 (KHTML, like Gecko) Chrome/90.0.4430.85 Safari/537.36"
162.0.232.193 - - [08/Jun/2025:13:45:37 -0400] "POST /wp-cron.php?doing_wp_cron=1749404737.6370060443878173828125 HTTP/1.1" 200 0 "-" "WordPress/6.4.5; https://w3.readbtooom.com"
64.227.169.195 - - [08/Jun/2025:13:45:41 -0400] "GET / HTTP/1.1" 200 18608 "binance.com" "Mozilla/5.0 (Windows NT 10.0; Win64; x64) AppleWebKit/537.36 (KHTML, like Gecko) Chrome/90.0.4430.85 Safari/537.36"
64.227.169.195 - - [08/Jun/2025:13:45:52 -0400] "GET /wp-admin/images/ HTTP/1.1" 200 2519 "binance.com" "Mozilla/5.0 (Windows NT 10.0; Win64; x64) AppleWebKit/537.36 (KHTML, like Gecko) Chrome/90.0.4430.85 Safari/537.36"
49.49.64.240 - - [08/Jun/2025:13:45:58 -0400] "GET /manga/btooom-chapter-34/ HTTP/1.1" 200 26400 "https://w3.readbtooom.com/manga/btooom-chapter-33/" "Mozilla/5.0 (iPhone; CPU iPhone OS 18_1_1 like Mac OS X) AppleWebKit/605.1.15 (KHTML, like Gecko) GSA/371.0.763199552 Mobile/15E148 Safari/604.1"
64.227.169.195 - - [08/Jun/2025:13:46:01 -0400] "GET /wp-admin/js/ HTTP/1.1" 200 3093 "binance.com" "Mozilla/5.0 (Windows NT 10.0; Win64; x64) AppleWebKit/537.36 (KHTML, like Gecko) Chrome/90.0.4430.85 Safari/537.36"
64.227.169.195 - - [08/Jun/2025:13:46:07 -0400] "GET /wp-admin/js/widgets/ HTTP/1.1" 200 1268 "binance.com" "Mozilla/5.0 (Windows NT 10.0; Win64; x64) AppleWebKit/537.36 (KHTML, like Gecko) Chrome/90.0.4430.85 Safari/537.36"
114.119.130.109 - - [08/Jun/2025:13:46:10 -0400] "GET /manga/btooom-chapter-103/ HTTP/1.1" 200 30331 "https://w1.readbtooom.com/" "Mozilla/5.0 (Linux; Android 7.0;) AppleWebKit/537.36 (KHTML, like Gecko) Mobile Safari/537.36 (compatible; PetalBot;+https://webmaster.petalsearch.com/site/petalbot)"
64.227.169.195 - - [08/Jun/2025:13:46:14 -0400] "GET /wp-includes/ HTTP/1.1" 200 6994 "binance.com" "Mozilla/5.0 (Windows NT 10.0; Win64; x64) AppleWebKit/537.36 (KHTML, like Gecko) Chrome/90.0.4430.85 Safari/537.36"
64.227.169.195 - - [08/Jun/2025:13:46:28 -0400] "GET /wp-includes/ HTTP/1.1" 200 6994 "binance.com" "Mozilla/5.0 (Windows NT 10.0; Win64; x64) AppleWebKit/537.36 (KHTML, like Gecko) Chrome/90.0.4430.85 Safari/537.36"
64.227.169.195 - - [08/Jun/2025:13:46:36 -0400] "GET /wp-includes/block-editor.php HTTP/1.1" 200 0 "binance.com" "Mozilla/5.0 (Windows NT 10.0; Win64; x64) AppleWebKit/537.36 (KHTML, like Gecko) Chrome/90.0.4430.85 Safari/537.36"
64.227.169.195 - - [08/Jun/2025:13:46:43 -0400] "GET /wp-includes/block-template-utils.php HTTP/1.1" 200 0 "binance.com" "Mozilla/5.0 (Windows NT 10.0; Win64; x64) AppleWebKit/537.36 (KHTML, like Gecko) Chrome/90.0.4430.85 Safari/537.36"
64.227.169.195 - - [08/Jun/2025:13:46:48 -0400] "GET /wp-includes/block-template.php HTTP/1.1" 200 0 "binance.com" "Mozilla/5.0 (Windows NT 10.0; Win64; x64) AppleWebKit/537.36 (KHTML, like Gecko) Chrome/90.0.4430.85 Safari/537.36"
64.227.169.195 - - [08/Jun/2025:13:46:57 -0400] "GET /wp-includes/class-wp-block-editor-context.php HTTP/1.1" 200 0 "binance.com" "Mozilla/5.0 (Windows NT 10.0; Win64; x64) AppleWebKit/537.36 (KHTML, like Gecko) Chrome/90.0.4430.85 Safari/537.36"
109.81.1.37 - - [08/Jun/2025:13:47:01 -0400] "GET /manga/btooom-chapter-53/ HTTP/1.1" 304 0 "https://w3.readbtooom.com/manga/btooom-chapter-55/" "Mozilla/5.0 (Linux; Android 10; K) AppleWebKit/537.36 (KHTML, like Gecko) Chrome/133.0.0.0 Mobile Safari/537.36"
109.81.1.37 - - [08/Jun/2025:13:47:02 -0400] "GET /manga/btooom-chapter-56/ HTTP/1.1" 200 30264 "https://w3.readbtooom.com/manga/btooom-chapter-55/" "Mozilla/5.0 (Linux; Android 10; K) AppleWebKit/537.36 (KHTML, like Gecko) Chrome/133.0.0.0 Mobile Safari/537.36"
109.81.1.37 - - [08/Jun/2025:13:47:02 -0400] "GET /manga/btooom-chapter-56/ HTTP/1.1" 304 0 "https://w3.readbtooom.com/manga/btooom-chapter-55/" "Mozilla/5.0 (Linux; Android 10; K) AppleWebKit/537.36 (KHTML, like Gecko) Chrome/133.0.0.0 Mobile Safari/537.36"
64.227.169.195 - - [08/Jun/2025:13:47:05 -0400] "GET /wp-includes/class-wp-block-parser-block.php HTTP/1.1" 200 0 "binance.com" "Mozilla/5.0 (Windows NT 10.0; Win64; x64) AppleWebKit/537.36 (KHTML, like Gecko) Chrome/90.0.4430.85 Safari/537.36"
64.227.169.195 - - [08/Jun/2025:13:47:11 -0400] "GET /wp-includes/class-wp-block-parser-frame.php HTTP/1.1" 200 0 "binance.com" "Mozilla/5.0 (Windows NT 10.0; Win64; x64) AppleWebKit/537.36 (KHTML, like Gecko) Chrome/90.0.4430.85 Safari/537.36"
64.227.169.195 - - [08/Jun/2025:13:47:22 -0400] "GET /wp-includes/class-wp-block-template.php HTTP/1.1" 200 0 "binance.com" "Mozilla/5.0 (Windows NT 10.0; Win64; x64) AppleWebKit/537.36 (KHTML, like Gecko) Chrome/90.0.4430.85 Safari/537.36"
64.227.169.195 - - [08/Jun/2025:13:47:31 -0400] "GET /wp-includes/class-wp-classic-to-block-menu-converter.php HTTP/1.1" 200 0 "binance.com" "Mozilla/5.0 (Windows NT 10.0; Win64; x64) AppleWebKit/537.36 (KHTML, like Gecko) Chrome/90.0.4430.85 Safari/537.36"
64.227.169.195 - - [08/Jun/2025:13:47:39 -0400] "GET /wp-includes/class-wp-dependencies.php HTTP/1.1" 200 0 "binance.com" "Mozilla/5.0 (Windows NT 10.0; Win64; x64) AppleWebKit/537.36 (KHTML, like Gecko) Chrome/90.0.4430.85 Safari/537.36"
64.227.169.195 - - [08/Jun/2025:13:47:50 -0400] "GET /wp-includes/class-wp-duotone.php HTTP/1.1" 200 0 "binance.com" "Mozilla/5.0 (Windows NT 10.0; Win64; x64) AppleWebKit/537.36 (KHTML, like Gecko) Chrome/90.0.4430.85 Safari/537.36"
64.227.169.195 - - [08/Jun/2025:13:47:59 -0400] "GET /wp-includes/class-wp-http.php HTTP/1.1" 500 0 "binance.com" "Mozilla/5.0 (Windows NT 10.0; Win64; x64) AppleWebKit/537.36 (KHTML, like Gecko) Chrome/90.0.4430.85 Safari/537.36"
64.227.169.195 - - [08/Jun/2025:13:48:04 -0400] "GET /wp-includes/class-wp-navigation-fallback.php HTTP/1.1" 200 0 "binance.com" "Mozilla/5.0 (Windows NT 10.0; Win64; x64) AppleWebKit/537.36 (KHTML, like Gecko) Chrome/90.0.4430.85 Safari/537.36"
64.227.169.195 - - [08/Jun/2025:13:48:10 -0400] "GET /wp-includes/class-wp-scripts.php HTTP/1.1" 500 0 "binance.com" "Mozilla/5.0 (Windows NT 10.0; Win64; x64) AppleWebKit/537.36 (KHTML, like Gecko) Chrome/90.0.4430.85 Safari/537.36"
196.217.138.25 - - [08/Jun/2025:13:48:11 -0400] "GET /tag/ryota-sakamoto/ HTTP/1.1" 301 0 "https://w3.readbtooom.com/manga/btooom-chapter-67/" "Mozilla/5.0 (Linux; Android 10; K) AppleWebKit/537.36 (KHTML, like Gecko) Chrome/137.0.0.0 Mobile Safari/537.36"
196.217.138.25 - - [08/Jun/2025:13:48:11 -0400] "GET / HTTP/1.1" 304 0 "https://w3.readbtooom.com/" "Mozilla/5.0 (Linux; Android 10; K) AppleWebKit/537.36 (KHTML, like Gecko) Chrome/137.0.0.0 Mobile Safari/537.36"
196.217.138.25 - - [08/Jun/2025:13:48:12 -0400] "GET /manga/btooom-chapter-68/ HTTP/1.1" 200 30140 "https://w3.readbtooom.com/manga/btooom-chapter-67/" "Mozilla/5.0 (Linux; Android 10; K) AppleWebKit/537.36 (KHTML, like Gecko) Chrome/137.0.0.0 Mobile Safari/537.36"
196.217.138.25 - - [08/Jun/2025:13:48:13 -0400] "GET /manga/btooom-chapter-68/ HTTP/1.1" 304 0 "https://w3.readbtooom.com/manga/btooom-chapter-67/" "Mozilla/5.0 (Linux; Android 10; K) AppleWebKit/537.36 (KHTML, like Gecko) Chrome/137.0.0.0 Mobile Safari/537.36"
64.227.169.195 - - [08/Jun/2025:13:48:15 -0400] "GET /wp-includes/class-wp-styles.php HTTP/1.1" 500 0 "binance.com" "Mozilla/5.0 (Windows NT 10.0; Win64; x64) AppleWebKit/537.36 (KHTML, like Gecko) Chrome/90.0.4430.85 Safari/537.36"
64.227.169.195 - - [08/Jun/2025:13:48:21 -0400] "GET /wp-includes/class-wp-textdomain-registry.php HTTP/1.1" 200 0 "binance.com" "Mozilla/5.0 (Windows NT 10.0; Win64; x64) AppleWebKit/537.36 (KHTML, like Gecko) Chrome/90.0.4430.85 Safari/537.36"
64.227.169.195 - - [08/Jun/2025:13:48:28 -0400] "GET /wp-includes/class-wp-theme-json-data.php HTTP/1.1" 200 0 "binance.com" "Mozilla/5.0 (Windows NT 10.0; Win64; x64) AppleWebKit/537.36 (KHTML, like Gecko) Chrome/90.0.4430.85 Safari/537.36"
64.227.169.195 - - [08/Jun/2025:13:48:37 -0400] "GET /wp-includes/class-wp-theme-json-resolver.php HTTP/1.1" 200 0 "binance.com" "Mozilla/5.0 (Windows NT 10.0; Win64; x64) AppleWebKit/537.36 (KHTML, like Gecko) Chrome/90.0.4430.85 Safari/537.36"
64.227.169.195 - - [08/Jun/2025:13:48:47 -0400] "GET /wp-includes/class-wp-theme-json-schema.php HTTP/1.1" 200 0 "binance.com" "Mozilla/5.0 (Windows NT 10.0; Win64; x64) AppleWebKit/537.36 (KHTML, like Gecko) Chrome/90.0.4430.85 Safari/537.36"
64.227.169.195 - - [08/Jun/2025:13:49:01 -0400] "GET /wp-includes/class-wp-theme-json.php HTTP/1.1" 200 0 "binance.com" "Mozilla/5.0 (Windows NT 10.0; Win64; x64) AppleWebKit/537.36 (KHTML, like Gecko) Chrome/90.0.4430.85 Safari/537.36"
64.227.169.195 - - [08/Jun/2025:13:49:10 -0400] "GET /wp-includes/class-wpdb.php HTTP/1.1" 200 0 "binance.com" "Mozilla/5.0 (Windows NT 10.0; Win64; x64) AppleWebKit/537.36 (KHTML, like Gecko) Chrome/90.0.4430.85 Safari/537.36"
2a04:4e41:5e00:3ede::850d:7ede - - [08/Jun/2025:13:49:15 -0400] "GET /manga/btooom-chapter-86/ HTTP/1.1" 200 32292 "https://w3.readbtooom.com/manga/btooom-chapter-85/" "Mozilla/5.0 (iPhone; CPU iPhone OS 18_5 like Mac OS X) AppleWebKit/605.1.15 (KHTML, like Gecko) Version/18.5 Mobile/15E148 Safari/604.1"
162.0.232.193 - - [08/Jun/2025:13:49:16 -0400] "POST /wp-cron.php?doing_wp_cron=1749404956.7973849773406982421875 HTTP/1.1" 200 0 "-" "WordPress/6.4.5; https://w3.readbtooom.com"
2a04:4e41:5e00:3ede::850d:7ede - - [08/Jun/2025:13:49:16 -0400] "POST /wp-admin/admin-ajax.php HTTP/1.1" 200 69 "https://w3.readbtooom.com/manga/btooom-chapter-86/" "Mozilla/5.0 (iPhone; CPU iPhone OS 18_5 like Mac OS X) AppleWebKit/605.1.15 (KHTML, like Gecko) Version/18.5 Mobile/15E148 Safari/604.1"
64.227.169.195 - - [08/Jun/2025:13:49:18 -0400] "GET /wp-includes/fonts.php HTTP/1.1" 200 0 "binance.com" "Mozilla/5.0 (Windows NT 10.0; Win64; x64) AppleWebKit/537.36 (KHTML, like Gecko) Chrome/90.0.4430.85 Safari/537.36"
64.227.169.195 - - [08/Jun/2025:13:49:27 -0400] "GET /wp-includes/global-styles-and-settings.php HTTP/1.1" 200 0 "binance.com" "Mozilla/5.0 (Windows NT 10.0; Win64; x64) AppleWebKit/537.36 (KHTML, like Gecko) Chrome/90.0.4430.85 Safari/537.36"
64.227.169.195 - - [08/Jun/2025:13:49:35 -0400] "GET /wp-includes/https-detection.php HTTP/1.1" 200 0 "binance.com" "Mozilla/5.0 (Windows NT 10.0; Win64; x64) AppleWebKit/537.36 (KHTML, like Gecko) Chrome/90.0.4430.85 Safari/537.36"
64.227.169.195 - - [08/Jun/2025:13:49:47 -0400] "GET /wp-includes/https-migration.php HTTP/1.1" 200 0 "binance.com" "Mozilla/5.0 (Windows NT 10.0; Win64; x64) AppleWebKit/537.36 (KHTML, like Gecko) Chrome/90.0.4430.85 Safari/537.36"
64.227.169.195 - - [08/Jun/2025:13:49:58 -0400] "GET /wp-includes/robots-template.php HTTP/1.1" 200 0 "binance.com" "Mozilla/5.0 (Windows NT 10.0; Win64; x64) AppleWebKit/537.36 (KHTML, like Gecko) Chrome/90.0.4430.85 Safari/537.36"
64.227.169.195 - - [08/Jun/2025:13:50:07 -0400] "GET /wp-includes/style-engine.php HTTP/1.1" 200 0 "binance.com" "Mozilla/5.0 (Windows NT 10.0; Win64; x64) AppleWebKit/537.36 (KHTML, like Gecko) Chrome/90.0.4430.85 Safari/537.36"
64.227.169.195 - - [08/Jun/2025:13:50:13 -0400] "GET /wp-includes/template-canvas.php HTTP/1.1" 500 0 "binance.com" "Mozilla/5.0 (Windows NT 10.0; Win64; x64) AppleWebKit/537.36 (KHTML, like Gecko) Chrome/90.0.4430.85 Safari/537.36"
64.227.169.195 - - [08/Jun/2025:13:50:19 -0400] "GET /wp-includes/theme-previews.php HTTP/1.1" 200 0 "binance.com" "Mozilla/5.0 (Windows NT 10.0; Win64; x64) AppleWebKit/537.36 (KHTML, like Gecko) Chrome/90.0.4430.85 Safari/537.36"
64.227.169.195 - - [08/Jun/2025:13:50:29 -0400] "GET /wp-includes/theme-templates.php HTTP/1.1" 200 0 "binance.com" "Mozilla/5.0 (Windows NT 10.0; Win64; x64) AppleWebKit/537.36 (KHTML, like Gecko) Chrome/90.0.4430.85 Safari/537.36"
64.227.169.195 - - [08/Jun/2025:13:50:36 -0400] "GET /wp-includes/ID3/ HTTP/1.1" 200 1413 "binance.com" "Mozilla/5.0 (Windows NT 10.0; Win64; x64) AppleWebKit/537.36 (KHTML, like Gecko) Chrome/90.0.4430.85 Safari/537.36"
64.227.169.195 - - [08/Jun/2025:13:50:45 -0400] "GET /wp-includes/ID3/ HTTP/1.1" 200 1413 "binance.com" "Mozilla/5.0 (Windows NT 10.0; Win64; x64) AppleWebKit/537.36 (KHTML, like Gecko) Chrome/90.0.4430.85 Safari/537.36"
64.227.169.195 - - [08/Jun/2025:13:50:56 -0400] "GET /wp-includes/IXR/ HTTP/1.1" 200 1221 "binance.com" "Mozilla/5.0 (Windows NT 10.0; Win64; x64) AppleWebKit/537.36 (KHTML, like Gecko) Chrome/90.0.4430.85 Safari/537.36"
64.227.169.195 - - [08/Jun/2025:13:51:05 -0400] "GET /wp-includes/IXR/ HTTP/1.1" 200 1221 "binance.com" "Mozilla/5.0 (Windows NT 10.0; Win64; x64) AppleWebKit/537.36 (KHTML, like Gecko) Chrome/90.0.4430.85 Safari/537.36"
64.227.169.195 - - [08/Jun/2025:13:51:16 -0400] "GET /wp-includes/PHPMailer/ HTTP/1.1" 200 713 "binance.com" "Mozilla/5.0 (Windows NT 10.0; Win64; x64) AppleWebKit/537.36 (KHTML, like Gecko) Chrome/90.0.4430.85 Safari/537.36"
64.227.169.195 - - [08/Jun/2025:13:51:27 -0400] "GET /wp-includes/PHPMailer/ HTTP/1.1" 200 713 "binance.com" "Mozilla/5.0 (Windows NT 10.0; Win64; x64) AppleWebKit/537.36 (KHTML, like Gecko) Chrome/90.0.4430.85 Safari/537.36"
64.227.169.195 - - [08/Jun/2025:13:51:39 -0400] "GET /wp-includes/Text/ HTTP/1.1" 200 686 "binance.com" "Mozilla/5.0 (Windows NT 10.0; Win64; x64) AppleWebKit/537.36 (KHTML, like Gecko) Chrome/90.0.4430.85 Safari/537.36"
14.36.115.103 - - [08/Jun/2025:13:51:43 -0400] "GET /manga/btooom-chapter-92/ HTTP/1.1" 200 29236 "https://www.google.com/" "Mozilla/5.0 (X11; Linux x86_64; rv:138.0) Gecko/20100101 Firefox/138.0"
14.36.115.103 - - [08/Jun/2025:13:51:44 -0400] "GET /wp-content/themes/toivo-lite/fonts/genericons/genericons/Genericons.eot HTTP/1.1" 200 22760 "https://w3.readbtooom.com/wp-content/themes/toivo-lite/fonts/genericons/genericons/genericons.min.css?ver=3.3" "Mozilla/5.0 (X11; Linux x86_64; rv:138.0) Gecko/20100101 Firefox/138.0"
14.36.115.103 - - [08/Jun/2025:13:51:45 -0400] "GET /wp-content/plugins/simple-social-buttons/assets/fonts/ssb-icon.ttf?eahqa2 HTTP/1.1" 200 6212 "https://w3.readbtooom.com/wp-content/plugins/simple-social-buttons/assets/css/front.css?ver=5.1.1" "Mozilla/5.0 (X11; Linux x86_64; rv:138.0) Gecko/20100101 Firefox/138.0"
64.227.169.195 - - [08/Jun/2025:13:51:50 -0400] "GET /wp-includes/Text/ HTTP/1.1" 200 686 "binance.com" "Mozilla/5.0 (Windows NT 10.0; Win64; x64) AppleWebKit/537.36 (KHTML, like Gecko) Chrome/90.0.4430.85 Safari/537.36"
64.227.169.195 - - [08/Jun/2025:13:52:01 -0400] "GET /wp-includes/Text/Diff/ HTTP/1.1" 200 702 "binance.com" "Mozilla/5.0 (Windows NT 10.0; Win64; x64) AppleWebKit/537.36 (KHTML, like Gecko) Chrome/90.0.4430.85 Safari/537.36"
14.36.115.103 - - [08/Jun/2025:13:52:06 -0400] "GET /manga/btooom-chapter-91/ HTTP/1.1" 200 31317 "https://w3.readbtooom.com/manga/btooom-chapter-92/" "Mozilla/5.0 (X11; Linux x86_64; rv:138.0) Gecko/20100101 Firefox/138.0"
162.0.232.193 - - [08/Jun/2025:13:52:12 -0400] "POST /wp-cron.php?doing_wp_cron=1749405132.1920990943908691406250 HTTP/1.1" 200 0 "-" "WordPress/6.4.5; https://w3.readbtooom.com"
14.36.115.103 - - [08/Jun/2025:13:52:07 -0400] "POST /wp-admin/admin-ajax.php HTTP/1.1" 200 69 "https://w3.readbtooom.com/manga/btooom-chapter-91/" "Mozilla/5.0 (X11; Linux x86_64; rv:138.0) Gecko/20100101 Firefox/138.0"
64.227.169.195 - - [08/Jun/2025:13:52:14 -0400] "GET /wp-includes/Text/Diff/ HTTP/1.1" 200 702 "binance.com" "Mozilla/5.0 (Windows NT 10.0; Win64; x64) AppleWebKit/537.36 (KHTML, like Gecko) Chrome/90.0.4430.85 Safari/537.36"
64.227.169.195 - - [08/Jun/2025:13:52:23 -0400] "GET /wp-includes/Text/Diff/Engine/ HTTP/1.1" 200 698 "binance.com" "Mozilla/5.0 (Windows NT 10.0; Win64; x64) AppleWebKit/537.36 (KHTML, like Gecko) Chrome/90.0.4430.85 Safari/537.36"
64.227.169.195 - - [08/Jun/2025:13:52:34 -0400] "GET /wp-includes/Text/Diff/Engine/ HTTP/1.1" 200 698 "binance.com" "Mozilla/5.0 (Windows NT 10.0; Win64; x64) AppleWebKit/537.36 (KHTML, like Gecko) Chrome/90.0.4430.85 Safari/537.36"
2a09:bac3:398e:25af::3c1:11 - - [08/Jun/2025:13:52:35 -0400] "GET /manga/btooom-chapter-87/ HTTP/1.1" 200 30477 "https://w3.readbtooom.com/manga/btooom-chapter-86/" "Mozilla/5.0 (iPhone; CPU iPhone OS 18_5 like Mac OS X) AppleWebKit/605.1.15 (KHTML, like Gecko) Version/18.5 Mobile/15E148 Safari/604.1"
162.0.232.193 - - [08/Jun/2025:13:52:36 -0400] "POST /wp-cron.php?doing_wp_cron=1749405156.4802711009979248046875 HTTP/1.1" 200 0 "-" "WordPress/6.4.5; https://w3.readbtooom.com"
2a09:bac3:398e:25af::3c1:11 - - [08/Jun/2025:13:52:36 -0400] "POST /wp-admin/admin-ajax.php HTTP/1.1" 200 69 "https://w3.readbtooom.com/manga/btooom-chapter-87/" "Mozilla/5.0 (iPhone; CPU iPhone OS 18_5 like Mac OS X) AppleWebKit/605.1.15 (KHTML, like Gecko) Version/18.5 Mobile/15E148 Safari/604.1"
64.227.169.195 - - [08/Jun/2025:13:52:44 -0400] "GET /wp-includes/Text/Diff/Renderer/ HTTP/1.1" 200 634 "binance.com" "Mozilla/5.0 (Windows NT 10.0; Win64; x64) AppleWebKit/537.36 (KHTML, like Gecko) Chrome/90.0.4430.85 Safari/537.36"
64.227.169.195 - - [08/Jun/2025:13:52:54 -0400] "GET /wp-includes/Text/Diff/Renderer/ HTTP/1.1" 200 634 "binance.com" "Mozilla/5.0 (Windows NT 10.0; Win64; x64) AppleWebKit/537.36 (KHTML, like Gecko) Chrome/90.0.4430.85 Safari/537.36"
64.227.169.195 - - [08/Jun/2025:13:53:05 -0400] "GET /wp-includes/blocks/ HTTP/1.1" 500 0 "binance.com" "Mozilla/5.0 (Windows NT 10.0; Win64; x64) AppleWebKit/537.36 (KHTML, like Gecko) Chrome/90.0.4430.85 Safari/537.36"
64.227.169.195 - - [08/Jun/2025:13:53:11 -0400] "GET /wp-includes/pomo/ HTTP/1.1" 200 1024 "binance.com" "Mozilla/5.0 (Windows NT 10.0; Win64; x64) AppleWebKit/537.36 (KHTML, like Gecko) Chrome/90.0.4430.85 Safari/537.36"
64.227.169.195 - - [08/Jun/2025:13:53:21 -0400] "GET /wp-includes/pomo/ HTTP/1.1" 200 1024 "binance.com" "Mozilla/5.0 (Windows NT 10.0; Win64; x64) AppleWebKit/537.36 (KHTML, like Gecko) Chrome/90.0.4430.85 Safari/537.36"
64.227.169.195 - - [08/Jun/2025:13:53:33 -0400] "GET /wp-includes/sitemaps/ HTTP/1.1" 200 1117 "binance.com" "Mozilla/5.0 (Windows NT 10.0; Win64; x64) AppleWebKit/537.36 (KHTML, like Gecko) Chrome/90.0.4430.85 Safari/537.36"
64.227.169.195 - - [08/Jun/2025:13:53:40 -0400] "GET /wp-includes/sitemaps/ HTTP/1.1" 200 1117 "binance.com" "Mozilla/5.0 (Windows NT 10.0; Win64; x64) AppleWebKit/537.36 (KHTML, like Gecko) Chrome/90.0.4430.85 Safari/537.36"
122.116.159.135 - - [08/Jun/2025:13:53:42 -0400] "GET /manga/btooom-chapter-118/ HTTP/1.1" 200 36443 "https://w3.readbtooom.com/manga/btooom-chapter-117/" "Mozilla/5.0 (Windows NT 10.0; Win64; x64) AppleWebKit/537.36 (KHTML, like Gecko) Chrome/134.0.0.0 Safari/537.36 OPR/119.0.0.0"
122.116.159.135 - - [08/Jun/2025:13:53:43 -0400] "GET /manga/btooom-chapter-118/ HTTP/1.1" 304 0 "https://w3.readbtooom.com/manga/btooom-chapter-117/" "Mozilla/5.0 (Windows NT 10.0; Win64; x64) AppleWebKit/537.36 (KHTML, like Gecko) Chrome/134.0.0.0 Safari/537.36 OPR/119.0.0.0"
64.227.169.195 - - [08/Jun/2025:13:53:55 -0400] "GET /wp-includes/sitemaps/providers/ HTTP/1.1" 200 710 "binance.com" "Mozilla/5.0 (Windows NT 10.0; Win64; x64) AppleWebKit/537.36 (KHTML, like Gecko) Chrome/90.0.4430.85 Safari/537.36"
64.227.169.195 - - [08/Jun/2025:13:54:06 -0400] "GET /wp-includes/sitemaps/providers/ HTTP/1.1" 200 710 "binance.com" "Mozilla/5.0 (Windows NT 10.0; Win64; x64) AppleWebKit/537.36 (KHTML, like Gecko) Chrome/90.0.4430.85 Safari/537.36"
64.227.169.195 - - [08/Jun/2025:13:54:13 -0400] "GET /wp-includes/widgets/ HTTP/1.1" 200 1462 "binance.com" "Mozilla/5.0 (Windows NT 10.0; Win64; x64) AppleWebKit/537.36 (KHTML, like Gecko) Chrome/90.0.4430.85 Safari/537.36"
64.227.169.195 - - [08/Jun/2025:13:54:23 -0400] "GET /wp-includes/widgets/ HTTP/1.1" 200 1462 "binance.com" "Mozilla/5.0 (Windows NT 10.0; Win64; x64) AppleWebKit/537.36 (KHTML, like Gecko) Chrome/90.0.4430.85 Safari/537.36"
14.36.115.103 - - [08/Jun/2025:13:54:26 -0400] "GET /manga/btooom-chapter-92/ HTTP/1.1" 200 29236 "https://w3.readbtooom.com/manga/btooom-chapter-91/" "Mozilla/5.0 (X11; Linux x86_64; rv:138.0) Gecko/20100101 Firefox/138.0"
162.0.232.193 - - [08/Jun/2025:13:54:27 -0400] "POST /wp-cron.php?doing_wp_cron=1749405266.9884870052337646484375 HTTP/1.1" 200 0 "-" "WordPress/6.4.5; https://w3.readbtooom.com"
162.62.231.139 - - [08/Jun/2025:13:54:26 -0400] "GET /wp-json/oembed/1.0/embed?url=https%3A%2F%2Fw3.readbtooom.com%2Fmanga%2Fbtooom-chapter-21%2F&format=xml HTTP/1.1" 200 1047 "-" "Mozilla/5.0 (iPhone; CPU iPhone OS 13_2_3 like Mac OS X) AppleWebKit/605.1.15 (KHTML, like Gecko) Version/13.0.3 Mobile/15E148 Safari/604.1"
14.36.115.103 - - [08/Jun/2025:13:54:36 -0400] "GET /manga/btooom-chapter-91/ HTTP/1.1" 200 31317 "https://w3.readbtooom.com/manga/btooom-chapter-92/" "Mozilla/5.0 (X11; Linux x86_64; rv:138.0) Gecko/20100101 Firefox/138.0"
64.227.169.195 - - [08/Jun/2025:13:54:37 -0400] "GET /wp-includes/widgets/class-wp-widget-block.php HTTP/1.1" 500 0 "binance.com" "Mozilla/5.0 (Windows NT 10.0; Win64; x64) AppleWebKit/537.36 (KHTML, like Gecko) Chrome/90.0.4430.85 Safari/537.36"
162.0.232.193 - - [08/Jun/2025:13:54:37 -0400] "POST /wp-cron.php?doing_wp_cron=1749405277.0459110736846923828125 HTTP/1.1" 200 0 "-" "WordPress/6.4.5; https://w3.readbtooom.com"
14.36.115.103 - - [08/Jun/2025:13:54:36 -0400] "POST /wp-admin/admin-ajax.php HTTP/1.1" 200 69 "https://w3.readbtooom.com/manga/btooom-chapter-91/" "Mozilla/5.0 (X11; Linux x86_64; rv:138.0) Gecko/20100101 Firefox/138.0"
64.227.169.195 - - [08/Jun/2025:13:54:43 -0400] "GET /wp-includes/css/ HTTP/1.1" 200 1763 "binance.com" "Mozilla/5.0 (Windows NT 10.0; Win64; x64) AppleWebKit/537.36 (KHTML, like Gecko) Chrome/90.0.4430.85 Safari/537.36"
14.36.115.103 - - [08/Jun/2025:13:54:47 -0400] "GET /manga/btooom-chapter-92/ HTTP/1.1" 200 29236 "https://w3.readbtooom.com/manga/btooom-chapter-91/" "Mozilla/5.0 (X11; Linux x86_64; rv:138.0) Gecko/20100101 Firefox/138.0"
64.227.169.195 - - [08/Jun/2025:13:54:52 -0400] "GET /wp-includes/css/dist/ HTTP/1.1" 200 1249 "binance.com" "Mozilla/5.0 (Windows NT 10.0; Win64; x64) AppleWebKit/537.36 (KHTML, like Gecko) Chrome/90.0.4430.85 Safari/537.36"
2001:fb1:6e:cb96:9fc4:841d:d150:aa5e - - [08/Jun/2025:13:55:01 -0400] "GET /manga/btooom-chapter-75/ HTTP/1.1" 200 29669 "https://www.google.com/" "Mozilla/5.0 (Linux; Android 10; K) AppleWebKit/537.36 (KHTML, like Gecko) Chrome/137.0.0.0 Mobile Safari/537.36"
2001:fb1:6e:cb96:9fc4:841d:d150:aa5e - - [08/Jun/2025:13:55:01 -0400] "GET /wp-content/plugins/simple-social-buttons/assets/css/front.css?ver=5.1.1 HTTP/1.1" 200 9767 "-" "Mozilla/5.0 (Linux; Android 10; K) AppleWebKit/537.36 (KHTML, like Gecko) Chrome/137.0.0.0 Mobile Safari/537.36"
2001:fb1:6e:cb96:9fc4:841d:d150:aa5e - - [08/Jun/2025:13:55:01 -0400] "GET /wp-includes/css/dist/block-library/style.min.css?ver=6.4.5 HTTP/1.1" 200 13600 "-" "Mozilla/5.0 (Linux; Android 10; K) AppleWebKit/537.36 (KHTML, like Gecko) Chrome/137.0.0.0 Mobile Safari/537.36"
2001:fb1:6e:cb96:9fc4:841d:d150:aa5e - - [08/Jun/2025:13:55:01 -0400] "GET /wp-content/plugins/widgets-on-pages/public/css/widgets-on-pages-public.css?ver=1.4.0 HTTP/1.1" 200 83 "-" "Mozilla/5.0 (Linux; Android 10; K) AppleWebKit/537.36 (KHTML, like Gecko) Chrome/137.0.0.0 Mobile Safari/537.36"
2001:fb1:6e:cb96:9fc4:841d:d150:aa5e - - [08/Jun/2025:13:55:02 -0400] "GET /wp-content/plugins/comic-easel/css/comiceasel.css?ver=6.4.5 HTTP/1.1" 200 1273 "https://w3.readbtooom.com/manga/btooom-chapter-75/" "Mozilla/5.0 (Linux; Android 10; K) AppleWebKit/537.36 (KHTML, like Gecko) Chrome/137.0.0.0 Mobile Safari/537.36"
2001:fb1:6e:cb96:9fc4:841d:d150:aa5e - - [08/Jun/2025:13:55:02 -0400] "GET /wp-includes/js/jquery/jquery-migrate.min.js?ver=3.4.1 HTTP/1.1" 200 4678 "https://w3.readbtooom.com/manga/btooom-chapter-75/" "Mozilla/5.0 (Linux; Android 10; K) AppleWebKit/537.36 (KHTML, like Gecko) Chrome/137.0.0.0 Mobile Safari/537.36"
2001:fb1:6e:cb96:9fc4:841d:d150:aa5e - - [08/Jun/2025:13:55:02 -0400] "GET /wp-includes/js/jquery/jquery.min.js?ver=3.7.1 HTTP/1.1" 200 29744 "https://w3.readbtooom.com/manga/btooom-chapter-75/" "Mozilla/5.0 (Linux; Android 10; K) AppleWebKit/537.36 (KHTML, like Gecko) Chrome/137.0.0.0 Mobile Safari/537.36"
2001:fb1:6e:cb96:9fc4:841d:d150:aa5e - - [08/Jun/2025:13:55:02 -0400] "GET /wp-content/themes/toivo-lite/fonts/genericons/genericons/genericons.min.css?ver=3.3 HTTP/1.1" 200 15959 "https://w3.readbtooom.com/manga/btooom-chapter-75/" "Mozilla/5.0 (Linux; Android 10; K) AppleWebKit/537.36 (KHTML, like Gecko) Chrome/137.0.0.0 Mobile Safari/537.36"
2001:fb1:6e:cb96:9fc4:841d:d150:aa5e - - [08/Jun/2025:13:55:02 -0400] "GET /wp-content/themes/toivo-lite/style.css?ver=1.2.0 HTTP/1.1" 200 13718 "https://w3.readbtooom.com/manga/btooom-chapter-75/" "Mozilla/5.0 (Linux; Android 10; K) AppleWebKit/537.36 (KHTML, like Gecko) Chrome/137.0.0.0 Mobile Safari/537.36"
2001:fb1:6e:cb96:9fc4:841d:d150:aa5e - - [08/Jun/2025:13:55:02 -0400] "GET /wp-content/plugins/simple-social-buttons/assets/js/front.js?ver=5.1.1 HTTP/1.1" 200 1906 "https://w3.readbtooom.com/manga/btooom-chapter-75/" "Mozilla/5.0 (Linux; Android 10; K) AppleWebKit/537.36 (KHTML, like Gecko) Chrome/137.0.0.0 Mobile Safari/537.36"
2001:fb1:6e:cb96:9fc4:841d:d150:aa5e - - [08/Jun/2025:13:55:02 -0400] "GET /wp-content/plugins/simple-social-buttons/assets/js/frontend-blocks.js?ver=5.1.1 HTTP/1.1" 200 0 "https://w3.readbtooom.com/manga/btooom-chapter-75/" "Mozilla/5.0 (Linux; Android 10; K) AppleWebKit/537.36 (KHTML, like Gecko) Chrome/137.0.0.0 Mobile Safari/537.36"
2001:fb1:6e:cb96:9fc4:841d:d150:aa5e - - [08/Jun/2025:13:55:03 -0400] "GET /wp-content/plugins/disqus-comment-system/public/js/comment_count.js?ver=3.0.23 HTTP/1.1" 200 354 "https://w3.readbtooom.com/manga/btooom-chapter-75/" "Mozilla/5.0 (Linux; Android 10; K) AppleWebKit/537.36 (KHTML, like Gecko) Chrome/137.0.0.0 Mobile Safari/537.36"
2001:fb1:6e:cb96:9fc4:841d:d150:aa5e - - [08/Jun/2025:13:55:03 -0400] "GET /wp-content/plugins/disqus-comment-system/public/js/comment_embed.js?ver=3.0.23 HTTP/1.1" 200 442 "https://w3.readbtooom.com/manga/btooom-chapter-75/" "Mozilla/5.0 (Linux; Android 10; K) AppleWebKit/537.36 (KHTML, like Gecko) Chrome/137.0.0.0 Mobile Safari/537.36"
2001:fb1:6e:cb96:9fc4:841d:d150:aa5e - - [08/Jun/2025:13:55:03 -0400] "GET /wp-content/plugins/comic-easel/js/keynav.js HTTP/1.1" 200 302 "https://w3.readbtooom.com/manga/btooom-chapter-75/" "Mozilla/5.0 (Linux; Android 10; K) AppleWebKit/537.36 (KHTML, like Gecko) Chrome/137.0.0.0 Mobile Safari/537.36"
2001:fb1:6e:cb96:9fc4:841d:d150:aa5e - - [08/Jun/2025:13:55:04 -0400] "GET /wp-content/themes/toivo-lite/js/responsive-nav.min.js?ver=1.2.0 HTTP/1.1" 200 2102 "https://w3.readbtooom.com/manga/btooom-chapter-75/" "Mozilla/5.0 (Linux; Android 10; K) AppleWebKit/537.36 (KHTML, like Gecko) Chrome/137.0.0.0 Mobile Safari/537.36"
64.227.169.195 - - [08/Jun/2025:13:55:04 -0400] "GET /wp-includes/fonts/ HTTP/1.1" 200 1121 "binance.com" "Mozilla/5.0 (Windows NT 10.0; Win64; x64) AppleWebKit/537.36 (KHTML, like Gecko) Chrome/90.0.4430.85 Safari/537.36"
2001:fb1:6e:cb96:9fc4:841d:d150:aa5e - - [08/Jun/2025:13:55:04 -0400] "GET /wp-content/themes/toivo-lite/js/settings.min.js?ver=1.2.0 HTTP/1.1" 200 307 "https://w3.readbtooom.com/manga/btooom-chapter-75/" "Mozilla/5.0 (Linux; Android 10; K) AppleWebKit/537.36 (KHTML, like Gecko) Chrome/137.0.0.0 Mobile Safari/537.36"
2001:fb1:6e:cb96:9fc4:841d:d150:aa5e - - [08/Jun/2025:13:55:05 -0400] "GET /wp-content/themes/toivo-lite/js/functions.min.js?ver=1.2.0 HTTP/1.1" 200 593 "https://w3.readbtooom.com/manga/btooom-chapter-75/" "Mozilla/5.0 (Linux; Android 10; K) AppleWebKit/537.36 (KHTML, like Gecko) Chrome/137.0.0.0 Mobile Safari/537.36"
1.4.128.162 - - [08/Jun/2025:13:55:07 -0400] "GET /manga/btooom-chapter-75/ HTTP/1.1" 200 29669 "https://www.google.com/" "Mozilla/5.0 (Linux; Android 10; K) AppleWebKit/537.36 (KHTML, like Gecko) Chrome/137.0.0.0 Mobile Safari/537.36"
64.227.169.195 - - [08/Jun/2025:13:55:12 -0400] "GET /wp-includes/fonts/ HTTP/1.1" 200 1121 "binance.com" "Mozilla/5.0 (Windows NT 10.0; Win64; x64) AppleWebKit/537.36 (KHTML, like Gecko) Chrome/90.0.4430.85 Safari/537.36"
162.0.232.193 - - [08/Jun/2025:13:55:17 -0400] "POST /wp-cron.php?doing_wp_cron=1749405317.5382580757141113281250 HTTP/1.1" 200 0 "-" "WordPress/6.4.5; https://w3.readbtooom.com"
64.227.169.195 - - [08/Jun/2025:13:55:22 -0400] "GET /wp-includes/fonts/class-wp-font-face-resolver.php HTTP/1.1" 200 0 "binance.com" "Mozilla/5.0 (Windows NT 10.0; Win64; x64) AppleWebKit/537.36 (KHTML, like Gecko) Chrome/90.0.4430.85 Safari/537.36"
2001:fb1:6e:cb96:9fc4:841d:d150:aa5e - - [08/Jun/2025:13:55:22 -0400] "GET /wp-includes/js/comment-reply.min.js?ver=6.4.5 HTTP/1.1" 200 1228 "https://w3.readbtooom.com/manga/btooom-chapter-75/" "Mozilla/5.0 (Linux; Android 10; K) AppleWebKit/537.36 (KHTML, like Gecko) Chrome/137.0.0.0 Mobile Safari/537.36"
2001:fb1:6e:cb96:9fc4:841d:d150:aa5e - - [08/Jun/2025:13:55:24 -0400] "GET /wp-content/uploads/2021/11/btooom-lyrics.jpg HTTP/1.1" 200 115029 "https://w3.readbtooom.com/manga/btooom-chapter-75/" "Mozilla/5.0 (Linux; Android 10; K) AppleWebKit/537.36 (KHTML, like Gecko) Chrome/137.0.0.0 Mobile Safari/537.36"
64.227.169.195 - - [08/Jun/2025:13:55:30 -0400] "GET /wp-includes/fonts/class-wp-font-face.php HTTP/1.1" 200 0 "binance.com" "Mozilla/5.0 (Windows NT 10.0; Win64; x64) AppleWebKit/537.36 (KHTML, like Gecko) Chrome/90.0.4430.85 Safari/537.36"
64.227.169.195 - - [08/Jun/2025:13:55:41 -0400] "GET /wp-includes/images/ HTTP/1.1" 200 1466 "binance.com" "Mozilla/5.0 (Windows NT 10.0; Win64; x64) AppleWebKit/537.36 (KHTML, like Gecko) Chrome/90.0.4430.85 Safari/537.36"
162.0.232.193 - - [08/Jun/2025:13:55:45 -0400] "POST /wp-cron.php?doing_wp_cron=1749405345.4839100837707519531250 HTTP/1.1" 200 0 "-" "WordPress/6.4.5; https://w3.readbtooom.com"
2001:fb1:6e:cb96:9fc4:841d:d150:aa5e - - [08/Jun/2025:13:55:46 -0400] "GET /manga/btooom-chapter-76/ HTTP/1.1" 200 29571 "https://w3.readbtooom.com/manga/btooom-chapter-75/" "Mozilla/5.0 (Linux; Android 10; K) AppleWebKit/537.36 (KHTML, like Gecko) Chrome/137.0.0.0 Mobile Safari/537.36"
2001:fb1:6e:cb96:9fc4:841d:d150:aa5e - - [08/Jun/2025:13:55:46 -0400] "GET /wp-content/plugins/simple-social-buttons/assets/fonts/ssb-icon.ttf?eahqa2 HTTP/1.1" 200 6212 "https://w3.readbtooom.com/wp-content/plugins/simple-social-buttons/assets/css/front.css?ver=5.1.1" "Mozilla/5.0 (Linux; Android 10; K) AppleWebKit/537.36 (KHTML, like Gecko) Chrome/137.0.0.0 Mobile Safari/537.36"
1.4.128.162 - - [08/Jun/2025:13:55:44 -0400] "GET /?s=1 HTTP/1.1" 200 32172 "https://w1.readbtooom.com/" "Mozilla/5.0 (Linux; Android 10; K) AppleWebKit/537.36 (KHTML, like Gecko) Chrome/137.0.0.0 Mobile Safari/537.36"
2001:fb1:6e:cb96:9fc4:841d:d150:aa5e - - [08/Jun/2025:13:55:49 -0400] "GET /wp-content/plugins/simple-social-buttons/assets/fonts/ssb-icon.woff?eahqa2 HTTP/1.1" 200 6288 "https://w3.readbtooom.com/wp-content/plugins/simple-social-buttons/assets/css/front.css?ver=5.1.1" "Mozilla/5.0 (Linux; Android 10; K) AppleWebKit/537.36 (KHTML, like Gecko) Chrome/137.0.0.0 Mobile Safari/537.36"
64.227.169.195 - - [08/Jun/2025:13:55:49 -0400] "GET /wp-includes/images/crystal/ HTTP/1.1" 200 1127 "binance.com" "Mozilla/5.0 (Windows NT 10.0; Win64; x64) AppleWebKit/537.36 (KHTML, like Gecko) Chrome/90.0.4430.85 Safari/537.36"
2001:fb1:6e:cb96:9fc4:841d:d150:aa5e - - [08/Jun/2025:13:55:52 -0400] "GET /wp-content/uploads/2021/11/cropped-190036-180x180.png HTTP/1.1" 200 41674 "https://w1.readbtooom.com/" "Mozilla/5.0 (Linux; Android 10; K) AppleWebKit/537.36 (KHTML, like Gecko) Chrome/137.0.0.0 Mobile Safari/537.36"
2001:fb1:6e:cb96:9fc4:841d:d150:aa5e - - [08/Jun/2025:13:55:52 -0400] "GET /wp-content/uploads/2021/11/cropped-190036-192x192.png HTTP/1.1" 200 46224 "https://w1.readbtooom.com/" "Mozilla/5.0 (Linux; Android 10; K) AppleWebKit/537.36 (KHTML, like Gecko) Chrome/137.0.0.0 Mobile Safari/537.36"
162.0.232.193 - - [08/Jun/2025:13:55:55 -0400] "POST /wp-cron.php?doing_wp_cron=1749405355.1221408843994140625000 HTTP/1.1" 200 0 "-" "WordPress/6.4.5; https://w3.readbtooom.com"
1.4.128.162 - - [08/Jun/2025:13:55:55 -0400] "GET /?s=1 HTTP/1.1" 200 32172 "https://w1.readbtooom.com/" "Mozilla/5.0 (Linux; Android 10; K) AppleWebKit/537.36 (KHTML, like Gecko) Chrome/137.0.0.0 Mobile Safari/537.36"
64.227.169.195 - - [08/Jun/2025:13:55:58 -0400] "GET /wp-includes/images/media/ HTTP/1.1" 200 1065 "binance.com" "Mozilla/5.0 (Windows NT 10.0; Win64; x64) AppleWebKit/537.36 (KHTML, like Gecko) Chrome/90.0.4430.85 Safari/537.36"
64.227.169.195 - - [08/Jun/2025:13:56:07 -0400] "GET /wp-includes/images/smilies/ HTTP/1.1" 200 1387 "binance.com" "Mozilla/5.0 (Windows NT 10.0; Win64; x64) AppleWebKit/537.36 (KHTML, like Gecko) Chrome/90.0.4430.85 Safari/537.36"
1.4.128.162 - - [08/Jun/2025:13:56:11 -0400] "GET / HTTP/1.1" 200 18608 "https://w1.readbtooom.com/" "Mozilla/5.0 (Linux; Android 10; K) AppleWebKit/537.36 (KHTML, like Gecko) Chrome/137.0.0.0 Mobile Safari/537.36"
1.4.128.162 - - [08/Jun/2025:13:56:16 -0400] "GET /manga/btooom-chapter-1/ HTTP/1.1" 200 35545 "https://w3.readbtooom.com/" "Mozilla/5.0 (Linux; Android 10; K) AppleWebKit/537.36 (KHTML, like Gecko) Chrome/137.0.0.0 Mobile Safari/537.36"
1.4.128.162 - - [08/Jun/2025:13:56:16 -0400] "GET /manga/btooom-chapter-1/ HTTP/1.1" 304 0 "https://w3.readbtooom.com/" "Mozilla/5.0 (Linux; Android 10; K) AppleWebKit/537.36 (KHTML, like Gecko) Chrome/137.0.0.0 Mobile Safari/537.36"
1.4.128.162 - - [08/Jun/2025:13:56:17 -0400] "POST /wp-admin/admin-ajax.php HTTP/1.1" 200 69 "https://w3.readbtooom.com/manga/btooom-chapter-1/" "Mozilla/5.0 (Linux; Android 10; K) AppleWebKit/537.36 (KHTML, like Gecko) Chrome/137.0.0.0 Mobile Safari/537.36"
64.227.169.195 - - [08/Jun/2025:13:56:19 -0400] "GET /wp-includes/images/wlw/ HTTP/1.1" 301 0 "binance.com" "Mozilla/5.0 (Windows NT 10.0; Win64; x64) AppleWebKit/537.36 (KHTML, like Gecko) Chrome/90.0.4430.85 Safari/537.36"
196.217.138.25 - - [08/Jun/2025:13:56:20 -0400] "GET /manga/btooom-chapter-69/ HTTP/1.1" 200 30011 "https://w3.readbtooom.com/manga/btooom-chapter-68/" "Mozilla/5.0 (Linux; Android 10; K) AppleWebKit/537.36 (KHTML, like Gecko) Chrome/137.0.0.0 Mobile Safari/537.36"
196.217.138.25 - - [08/Jun/2025:13:56:20 -0400] "GET /manga/btooom-chapter-69/ HTTP/1.1" 304 0 "https://w3.readbtooom.com/manga/btooom-chapter-68/" "Mozilla/5.0 (Linux; Android 10; K) AppleWebKit/537.36 (KHTML, like Gecko) Chrome/137.0.0.0 Mobile Safari/537.36"
109.81.1.37 - - [08/Jun/2025:13:56:25 -0400] "GET /tag/btooom-manga/ HTTP/1.1" 301 0 "https://w3.readbtooom.com/manga/btooom-chapter-56/" "Mozilla/5.0 (Linux; Android 10; K) AppleWebKit/537.36 (KHTML, like Gecko) Chrome/133.0.0.0 Mobile Safari/537.36"
109.81.1.37 - - [08/Jun/2025:13:56:26 -0400] "GET /manga/btooom-chapter-57/ HTTP/1.1" 200 29627 "https://w3.readbtooom.com/manga/btooom-chapter-56/" "Mozilla/5.0 (Linux; Android 10; K) AppleWebKit/537.36 (KHTML, like Gecko) Chrome/133.0.0.0 Mobile Safari/537.36"
