47.239.94.29 - - [08/Jun/2025:12:20:32 -0400] "HEAD /the-world-after-the-fall HTTP/1.1" 301 0 "-" "Mozilla/5.0 (Windows NT 6.3; Win64; x64) AppleWebKit/537.36 (KHTML, like Gecko) Chrome/63.0.3069.68 Safari/537.36"
47.239.95.208 - - [08/Jun/2025:12:20:32 -0400] "HEAD /manga/btooom-chapter-121-2 HTTP/1.1" 301 0 "-" "Mozilla/5.0 (Windows NT 6.1; Win64; x64) AppleWebKit/537.36 (KHTML, like Gecko) Chrome/74.0.3655.82 Safari/537.36"
162.0.232.193 - - [08/Jun/2025:12:20:32 -0400] "POST /wp-cron.php?doing_wp_cron=1749399632.5821819305419921875000 HTTP/1.1" 200 0 "-" "WordPress/6.4.5; https://w3.readbtooom.com"
47.239.96.164 - - [08/Jun/2025:12:20:32 -0400] "GET / HTTP/1.1" 200 18608 "-" "Mozilla/5.0 (Windows NT 6.0; Win64; x64) AppleWebKit/537.36 (KHTML, like Gecko) Chrome/64.0.3082.69 Safari/537.36"
47.239.99.66 - - [08/Jun/2025:12:20:32 -0400] "HEAD /manga/btooom-chapter-1 HTTP/1.1" 301 0 "-" "Mozilla/5.0 (Windows NT 6.2; Win64; x64) AppleWebKit/537.36 (KHTML, like Gecko) Chrome/62.0.3563.113 Safari/537.36"
47.239.94.29 - - [08/Jun/2025:12:20:32 -0400] "HEAD /the-world-after-the-fall/ HTTP/1.1" 200 0 "-" "Mozilla/5.0 (Windows NT 6.3; Win64; x64) AppleWebKit/537.36 (KHTML, like Gecko) Chrome/63.0.3069.68 Safari/537.36"
47.239.93.148 - - [08/Jun/2025:12:20:32 -0400] "HEAD /the-worn-and-torn-newbie/ HTTP/1.1" 200 0 "-" "Mozilla/5.0 (Windows NT 6.2; Win64; x64) AppleWebKit/537.36 (KHTML, like Gecko) Chrome/62.0.2842.60 Safari/537.36"
47.239.95.208 - - [08/Jun/2025:12:20:32 -0400] "HEAD /manga/btooom-chapter-121-2/ HTTP/1.1" 200 0 "-" "Mozilla/5.0 (Windows NT 6.1; Win64; x64) AppleWebKit/537.36 (KHTML, like Gecko) Chrome/74.0.3655.82 Safari/537.36"
47.239.99.66 - - [08/Jun/2025:12:20:32 -0400] "HEAD /manga/btooom-chapter-1/ HTTP/1.1" 200 0 "-" "Mozilla/5.0 (Windows NT 6.2; Win64; x64) AppleWebKit/537.36 (KHTML, like Gecko) Chrome/62.0.3563.113 Safari/537.36"
47.239.93.148 - - [08/Jun/2025:12:20:32 -0400] "GET /the-worn-and-torn-newbie HTTP/1.1" 200 9504 "-" "Mozilla/5.0 (Windows NT 6.2; Win64; x64) AppleWebKit/537.36 (KHTML, like Gecko) Chrome/62.0.2842.60 Safari/537.36"
47.239.94.29 - - [08/Jun/2025:12:20:32 -0400] "GET /the-world-after-the-fall HTTP/1.1" 200 9584 "-" "Mozilla/5.0 (Windows NT 6.3; Win64; x64) AppleWebKit/537.36 (KHTML, like Gecko) Chrome/63.0.3069.68 Safari/537.36"
47.239.95.208 - - [08/Jun/2025:12:20:33 -0400] "GET /manga/btooom-chapter-121-2 HTTP/1.1" 200 49260 "-" "Mozilla/5.0 (Windows NT 6.1; Win64; x64) AppleWebKit/537.36 (KHTML, like Gecko) Chrome/74.0.3655.82 Safari/537.36"
47.239.99.66 - - [08/Jun/2025:12:20:33 -0400] "GET /manga/btooom-chapter-1 HTTP/1.1" 200 35545 "-" "Mozilla/5.0 (Windows NT 6.2; Win64; x64) AppleWebKit/537.36 (KHTML, like Gecko) Chrome/62.0.3563.113 Safari/537.36"
2a04:cec0:c019:158b:3469:fbc:f871:f884 - - [08/Jun/2025:12:21:01 -0400] "GET /manga/btooom-chapter-85/ HTTP/1.1" 200 31195 "https://w3.readbtooom.com/manga/btooom-chapter-86/" "Mozilla/5.0 (Macintosh; Intel Mac OS X 10_15_7) AppleWebKit/537.36 (KHTML, like Gecko) Chrome/137.0.0.0 Safari/537.36"
2a04:cec0:c019:158b:3469:fbc:f871:f884 - - [08/Jun/2025:12:21:02 -0400] "GET /manga/btooom-chapter-87/ HTTP/1.1" 200 30477 "https://w3.readbtooom.com/manga/btooom-chapter-86/" "Mozilla/5.0 (Macintosh; Intel Mac OS X 10_15_7) AppleWebKit/537.36 (KHTML, like Gecko) Chrome/137.0.0.0 Safari/537.36"
2a04:cec0:c019:158b:3469:fbc:f871:f884 - - [08/Jun/2025:12:21:04 -0400] "GET /manga/btooom-chapter-87/ HTTP/1.1" 304 0 "https://w3.readbtooom.com/manga/btooom-chapter-86/" "Mozilla/5.0 (Macintosh; Intel Mac OS X 10_15_7) AppleWebKit/537.36 (KHTML, like Gecko) Chrome/137.0.0.0 Safari/537.36"
162.0.232.193 - - [08/Jun/2025:12:21:04 -0400] "POST /wp-cron.php?doing_wp_cron=1749399664.7792139053344726562500 HTTP/1.1" 200 0 "-" "WordPress/6.4.5; https://w3.readbtooom.com"
2a04:cec0:c019:158b:3469:fbc:f871:f884 - - [08/Jun/2025:12:21:04 -0400] "POST /wp-admin/admin-ajax.php HTTP/1.1" 200 69 "https://w3.readbtooom.com/manga/btooom-chapter-87/" "Mozilla/5.0 (Macintosh; Intel Mac OS X 10_15_7) AppleWebKit/537.36 (KHTML, like Gecko) Chrome/137.0.0.0 Safari/537.36"
115.134.104.241 - - [08/Jun/2025:12:21:27 -0400] "GET /manga/btooom-chapter-93/ HTTP/1.1" 200 31119 "https://www.google.com/" "Mozilla/5.0 (Linux; Android 10; K) AppleWebKit/537.36 (KHTML, like Gecko) Chrome/137.0.0.0 Mobile Safari/537.36"
115.134.104.241 - - [08/Jun/2025:12:21:28 -0400] "POST /wp-admin/admin-ajax.php HTTP/1.1" 200 69 "https://w3.readbtooom.com/manga/btooom-chapter-93/" "Mozilla/5.0 (Linux; Android 10; K) AppleWebKit/537.36 (KHTML, like Gecko) Chrome/137.0.0.0 Mobile Safari/537.36"
115.134.104.241 - - [08/Jun/2025:12:21:36 -0400] "GET /wp-content/uploads/2021/11/cropped-190036-180x180.png HTTP/1.1" 200 41674 "https://w3.readbtooom.com/manga/btooom-chapter-93/" "Mozilla/5.0 (Linux; Android 10; K) AppleWebKit/537.36 (KHTML, like Gecko) Chrome/137.0.0.0 Mobile Safari/537.36"
115.134.104.241 - - [08/Jun/2025:12:21:36 -0400] "GET /wp-content/uploads/2021/11/cropped-190036-192x192.png HTTP/1.1" 200 46224 "https://w3.readbtooom.com/manga/btooom-chapter-93/" "Mozilla/5.0 (Linux; Android 10; K) AppleWebKit/537.36 (KHTML, like Gecko) Chrome/137.0.0.0 Mobile Safari/537.36"
217.129.108.0 - - [08/Jun/2025:12:22:00 -0400] "GET /manga/btooom-chapter-112/ HTTP/1.1" 200 32014 "https://w3.readbtooom.com/manga/btooom-chapter-111/" "Mozilla/5.0 (Windows NT 10.0; Win64; x64) AppleWebKit/537.36 (KHTML, like Gecko) Chrome/137.0.0.0 Safari/537.36"
217.129.108.0 - - [08/Jun/2025:12:22:00 -0400] "GET /manga/btooom-chapter-110/ HTTP/1.1" 304 0 "https://w3.readbtooom.com/manga/btooom-chapter-111/" "Mozilla/5.0 (Windows NT 10.0; Win64; x64) AppleWebKit/537.36 (KHTML, like Gecko) Chrome/137.0.0.0 Safari/537.36"
217.129.108.0 - - [08/Jun/2025:12:22:01 -0400] "GET /manga/btooom-chapter-112/ HTTP/1.1" 304 0 "https://w3.readbtooom.com/manga/btooom-chapter-111/" "Mozilla/5.0 (Windows NT 10.0; Win64; x64) AppleWebKit/537.36 (KHTML, like Gecko) Chrome/137.0.0.0 Safari/537.36"
2405:9800:b870:6289:409e:bb6e:77b4:889b - - [08/Jun/2025:12:22:44 -0400] "GET /manga/btooom-chapter-64/ HTTP/1.1" 200 31430 "https://www.google.com/" "Mozilla/5.0 (Linux; Android 10; K) AppleWebKit/537.36 (KHTML, like Gecko) Chrome/137.0.0.0 Mobile Safari/537.36"
2405:9800:b870:6289:409e:bb6e:77b4:889b - - [08/Jun/2025:12:22:52 -0400] "GET / HTTP/1.1" 200 18608 "https://w3.readbtooom.com/manga/btooom-chapter-64/" "Mozilla/5.0 (Linux; Android 10; K) AppleWebKit/537.36 (KHTML, like Gecko) Chrome/137.0.0.0 Mobile Safari/537.36"
2405:9800:b870:6289:409e:bb6e:77b4:889b - - [08/Jun/2025:12:22:53 -0400] "GET / HTTP/1.1" 304 0 "https://w3.readbtooom.com/manga/btooom-chapter-64/" "Mozilla/5.0 (Linux; Android 10; K) AppleWebKit/537.36 (KHTML, like Gecko) Chrome/137.0.0.0 Mobile Safari/537.36"
2405:9800:b870:6289:409e:bb6e:77b4:889b - - [08/Jun/2025:12:22:58 -0400] "GET /manga/btooom-chapter-1/ HTTP/1.1" 200 35545 "https://w3.readbtooom.com/" "Mozilla/5.0 (Linux; Android 10; K) AppleWebKit/537.36 (KHTML, like Gecko) Chrome/137.0.0.0 Mobile Safari/537.36"
2405:9800:b870:6289:409e:bb6e:77b4:889b - - [08/Jun/2025:12:22:59 -0400] "GET /manga/btooom-chapter-1/ HTTP/1.1" 304 0 "https://w3.readbtooom.com/" "Mozilla/5.0 (Linux; Android 10; K) AppleWebKit/537.36 (KHTML, like Gecko) Chrome/137.0.0.0 Mobile Safari/537.36"
162.0.232.193 - - [08/Jun/2025:12:23:01 -0400] "POST /wp-cron.php?doing_wp_cron=1749399781.2791590690612792968750 HTTP/1.1" 200 0 "-" "WordPress/6.4.5; https://w3.readbtooom.com"
2405:9800:b870:6289:409e:bb6e:77b4:889b - - [08/Jun/2025:12:22:59 -0400] "POST /wp-admin/admin-ajax.php HTTP/1.1" 200 69 "https://w3.readbtooom.com/manga/btooom-chapter-1/" "Mozilla/5.0 (Linux; Android 10; K) AppleWebKit/537.36 (KHTML, like Gecko) Chrome/137.0.0.0 Mobile Safari/537.36"
2405:9800:b870:6289:409e:bb6e:77b4:889b - - [08/Jun/2025:12:23:08 -0400] "GET /manga/btooom-chapter-2/ HTTP/1.1" 200 24243 "https://w3.readbtooom.com/manga/btooom-chapter-1/" "Mozilla/5.0 (Linux; Android 10; K) AppleWebKit/537.36 (KHTML, like Gecko) Chrome/137.0.0.0 Mobile Safari/537.36"
2405:9800:b870:6289:409e:bb6e:77b4:889b - - [08/Jun/2025:12:23:09 -0400] "GET /manga/btooom-chapter-2/ HTTP/1.1" 304 0 "https://w3.readbtooom.com/manga/btooom-chapter-1/" "Mozilla/5.0 (Linux; Android 10; K) AppleWebKit/537.36 (KHTML, like Gecko) Chrome/137.0.0.0 Mobile Safari/537.36"
2405:9800:b870:6289:409e:bb6e:77b4:889b - - [08/Jun/2025:12:23:09 -0400] "POST /wp-admin/admin-ajax.php HTTP/1.1" 200 69 "https://w3.readbtooom.com/manga/btooom-chapter-2/" "Mozilla/5.0 (Linux; Android 10; K) AppleWebKit/537.36 (KHTML, like Gecko) Chrome/137.0.0.0 Mobile Safari/537.36"
2405:9800:b870:6289:409e:bb6e:77b4:889b - - [08/Jun/2025:12:23:11 -0400] "GET /manga/btooom-chapter-3/ HTTP/1.1" 200 22662 "https://w3.readbtooom.com/manga/btooom-chapter-2/" "Mozilla/5.0 (Linux; Android 10; K) AppleWebKit/537.36 (KHTML, like Gecko) Chrome/137.0.0.0 Mobile Safari/537.36"
162.0.232.193 - - [08/Jun/2025:12:24:53 -0400] "POST /wp-cron.php?doing_wp_cron=1749399893.8000290393829345703125 HTTP/1.1" 200 0 "-" "WordPress/6.4.5; https://w3.readbtooom.com"
2405:9800:b870:6289:409e:bb6e:77b4:889b - - [08/Jun/2025:12:24:59 -0400] "GET /manga/btooom-chapter-3/ HTTP/1.1" 304 0 "https://w3.readbtooom.com/manga/btooom-chapter-2/" "Mozilla/5.0 (Linux; Android 10; K) AppleWebKit/537.36 (KHTML, like Gecko) Chrome/137.0.0.0 Mobile Safari/537.36"
2405:9800:b870:6289:409e:bb6e:77b4:889b - - [08/Jun/2025:12:26:20 -0400] "GET /manga/btooom-chapter-4/ HTTP/1.1" 200 23490 "https://w3.readbtooom.com/manga/btooom-chapter-3/" "Mozilla/5.0 (Linux; Android 10; K) AppleWebKit/537.36 (KHTML, like Gecko) Chrome/137.0.0.0 Mobile Safari/537.36"
2405:9800:b870:6289:409e:bb6e:77b4:889b - - [08/Jun/2025:12:26:20 -0400] "GET /manga/btooom-chapter-4/ HTTP/1.1" 304 0 "https://w3.readbtooom.com/manga/btooom-chapter-3/" "Mozilla/5.0 (Linux; Android 10; K) AppleWebKit/537.36 (KHTML, like Gecko) Chrome/137.0.0.0 Mobile Safari/537.36"
2405:9800:b870:6289:409e:bb6e:77b4:889b - - [08/Jun/2025:12:26:19 -0400] "GET /tag/btoom/ HTTP/1.1" 301 0 "https://w3.readbtooom.com/manga/btooom-chapter-3/" "Mozilla/5.0 (Linux; Android 10; K) AppleWebKit/537.36 (KHTML, like Gecko) Chrome/137.0.0.0 Mobile Safari/537.36"
162.0.232.193 - - [08/Jun/2025:12:26:22 -0400] "POST /wp-cron.php?doing_wp_cron=1749399982.0063190460205078125000 HTTP/1.1" 200 0 "-" "WordPress/6.4.5; https://w3.readbtooom.com"
2405:9800:b870:6289:409e:bb6e:77b4:889b - - [08/Jun/2025:12:26:21 -0400] "POST /wp-admin/admin-ajax.php HTTP/1.1" 200 69 "https://w3.readbtooom.com/manga/btooom-chapter-4/" "Mozilla/5.0 (Linux; Android 10; K) AppleWebKit/537.36 (KHTML, like Gecko) Chrome/137.0.0.0 Mobile Safari/537.36"
162.0.232.193 - - [08/Jun/2025:12:26:42 -0400] "POST /wp-cron.php?doing_wp_cron=1749400002.6046049594879150390625 HTTP/1.1" 200 0 "-" "WordPress/6.4.5; https://w3.readbtooom.com"
2a04:cec0:c019:158b:3469:fbc:f871:f884 - - [08/Jun/2025:12:26:42 -0400] "POST /wp-admin/admin-ajax.php HTTP/1.1" 200 69 "https://w3.readbtooom.com/manga/btooom-chapter-87/" "Mozilla/5.0 (Macintosh; Intel Mac OS X 10_15_7) AppleWebKit/537.36 (KHTML, like Gecko) Chrome/137.0.0.0 Safari/537.36"
2405:9800:b870:6289:409e:bb6e:77b4:889b - - [08/Jun/2025:12:26:55 -0400] "GET /manga/btooom-chapter-5/ HTTP/1.1" 200 23901 "https://w3.readbtooom.com/manga/btooom-chapter-4/" "Mozilla/5.0 (Linux; Android 10; K) AppleWebKit/537.36 (KHTML, like Gecko) Chrome/137.0.0.0 Mobile Safari/537.36"
2405:9800:b870:6289:409e:bb6e:77b4:889b - - [08/Jun/2025:12:26:55 -0400] "GET /manga/btooom-chapter-5/ HTTP/1.1" 304 0 "https://w3.readbtooom.com/manga/btooom-chapter-4/" "Mozilla/5.0 (Linux; Android 10; K) AppleWebKit/537.36 (KHTML, like Gecko) Chrome/137.0.0.0 Mobile Safari/537.36"
162.0.232.193 - - [08/Jun/2025:12:26:56 -0400] "POST /wp-cron.php?doing_wp_cron=1749400016.3543040752410888671875 HTTP/1.1" 200 0 "-" "WordPress/6.4.5; https://w3.readbtooom.com"
2405:9800:b870:6289:409e:bb6e:77b4:889b - - [08/Jun/2025:12:26:56 -0400] "POST /wp-admin/admin-ajax.php HTTP/1.1" 200 69 "https://w3.readbtooom.com/manga/btooom-chapter-5/" "Mozilla/5.0 (Linux; Android 10; K) AppleWebKit/537.36 (KHTML, like Gecko) Chrome/137.0.0.0 Mobile Safari/537.36"
2405:9800:b870:6289:409e:bb6e:77b4:889b - - [08/Jun/2025:12:26:57 -0400] "GET /manga/btooom-chapter-4/ HTTP/1.1" 304 0 "https://w3.readbtooom.com/manga/btooom-chapter-5/" "Mozilla/5.0 (Linux; Android 10; K) AppleWebKit/537.36 (KHTML, like Gecko) Chrome/137.0.0.0 Mobile Safari/537.36"
2405:9800:b870:6289:409e:bb6e:77b4:889b - - [08/Jun/2025:12:27:13 -0400] "GET /manga/btooom-chapter-6/ HTTP/1.1" 200 24741 "https://w3.readbtooom.com/manga/btooom-chapter-5/" "Mozilla/5.0 (Linux; Android 10; K) AppleWebKit/537.36 (KHTML, like Gecko) Chrome/137.0.0.0 Mobile Safari/537.36"
2405:9800:b870:6289:409e:bb6e:77b4:889b - - [08/Jun/2025:12:27:13 -0400] "GET /manga/btooom-chapter-6/ HTTP/1.1" 304 0 "https://w3.readbtooom.com/manga/btooom-chapter-5/" "Mozilla/5.0 (Linux; Android 10; K) AppleWebKit/537.36 (KHTML, like Gecko) Chrome/137.0.0.0 Mobile Safari/537.36"
2405:9800:b870:6289:409e:bb6e:77b4:889b - - [08/Jun/2025:12:27:55 -0400] "GET /manga/btooom-chapter-5/ HTTP/1.1" 304 0 "https://w3.readbtooom.com/manga/btooom-chapter-6/" "Mozilla/5.0 (Linux; Android 10; K) AppleWebKit/537.36 (KHTML, like Gecko) Chrome/137.0.0.0 Mobile Safari/537.36"
2405:9800:b870:6289:409e:bb6e:77b4:889b - - [08/Jun/2025:12:27:55 -0400] "GET /manga/btooom-chapter-7/ HTTP/1.1" 200 24650 "https://w3.readbtooom.com/manga/btooom-chapter-6/" "Mozilla/5.0 (Linux; Android 10; K) AppleWebKit/537.36 (KHTML, like Gecko) Chrome/137.0.0.0 Mobile Safari/537.36"
2405:9800:b870:6289:409e:bb6e:77b4:889b - - [08/Jun/2025:12:27:55 -0400] "GET /manga/btooom-chapter-7/ HTTP/1.1" 304 0 "https://w3.readbtooom.com/manga/btooom-chapter-6/" "Mozilla/5.0 (Linux; Android 10; K) AppleWebKit/537.36 (KHTML, like Gecko) Chrome/137.0.0.0 Mobile Safari/537.36"
162.0.232.193 - - [08/Jun/2025:12:27:56 -0400] "POST /wp-cron.php?doing_wp_cron=1749400076.5731370449066162109375 HTTP/1.1" 200 0 "-" "WordPress/6.4.5; https://w3.readbtooom.com"
2405:9800:b870:6289:409e:bb6e:77b4:889b - - [08/Jun/2025:12:27:56 -0400] "POST /wp-admin/admin-ajax.php HTTP/1.1" 200 69 "https://w3.readbtooom.com/manga/btooom-chapter-7/" "Mozilla/5.0 (Linux; Android 10; K) AppleWebKit/537.36 (KHTML, like Gecko) Chrome/137.0.0.0 Mobile Safari/537.36"
2405:9800:b870:6289:409e:bb6e:77b4:889b - - [08/Jun/2025:12:28:11 -0400] "GET /manga/btooom-chapter-8/ HTTP/1.1" 200 23113 "https://w3.readbtooom.com/manga/btooom-chapter-7/" "Mozilla/5.0 (Linux; Android 10; K) AppleWebKit/537.36 (KHTML, like Gecko) Chrome/137.0.0.0 Mobile Safari/537.36"
2405:9800:b870:6289:409e:bb6e:77b4:889b - - [08/Jun/2025:12:28:12 -0400] "GET /manga/btooom-chapter-8/ HTTP/1.1" 304 0 "https://w3.readbtooom.com/manga/btooom-chapter-7/" "Mozilla/5.0 (Linux; Android 10; K) AppleWebKit/537.36 (KHTML, like Gecko) Chrome/137.0.0.0 Mobile Safari/537.36"
2405:9800:b870:6289:409e:bb6e:77b4:889b - - [08/Jun/2025:12:28:20 -0400] "GET /tag/btooom-manga/ HTTP/1.1" 301 0 "https://w3.readbtooom.com/manga/btooom-chapter-8/" "Mozilla/5.0 (Linux; Android 10; K) AppleWebKit/537.36 (KHTML, like Gecko) Chrome/137.0.0.0 Mobile Safari/537.36"
2405:9800:b870:6289:409e:bb6e:77b4:889b - - [08/Jun/2025:12:28:20 -0400] "GET /manga/btooom-chapter-9/ HTTP/1.1" 200 22865 "https://w3.readbtooom.com/manga/btooom-chapter-8/" "Mozilla/5.0 (Linux; Android 10; K) AppleWebKit/537.36 (KHTML, like Gecko) Chrome/137.0.0.0 Mobile Safari/537.36"
2405:9800:b870:6289:409e:bb6e:77b4:889b - - [08/Jun/2025:12:28:20 -0400] "GET /manga/btooom-chapter-9/ HTTP/1.1" 304 0 "https://w3.readbtooom.com/manga/btooom-chapter-8/" "Mozilla/5.0 (Linux; Android 10; K) AppleWebKit/537.36 (KHTML, like Gecko) Chrome/137.0.0.0 Mobile Safari/537.36"
2405:9800:b870:6289:409e:bb6e:77b4:889b - - [08/Jun/2025:12:29:20 -0400] "GET /manga/btooom-chapter-8/ HTTP/1.1" 304 0 "https://w3.readbtooom.com/manga/btooom-chapter-9/" "Mozilla/5.0 (Linux; Android 10; K) AppleWebKit/537.36 (KHTML, like Gecko) Chrome/137.0.0.0 Mobile Safari/537.36"
2405:9800:b870:6289:409e:bb6e:77b4:889b - - [08/Jun/2025:12:29:20 -0400] "GET /manga/btooom-chapter-10/ HTTP/1.1" 200 22922 "https://w3.readbtooom.com/manga/btooom-chapter-9/" "Mozilla/5.0 (Linux; Android 10; K) AppleWebKit/537.36 (KHTML, like Gecko) Chrome/137.0.0.0 Mobile Safari/537.36"
2405:9800:b870:6289:409e:bb6e:77b4:889b - - [08/Jun/2025:12:29:20 -0400] "GET /manga/btooom-chapter-10/ HTTP/1.1" 304 0 "https://w3.readbtooom.com/manga/btooom-chapter-9/" "Mozilla/5.0 (Linux; Android 10; K) AppleWebKit/537.36 (KHTML, like Gecko) Chrome/137.0.0.0 Mobile Safari/537.36"
162.0.232.193 - - [08/Jun/2025:12:29:21 -0400] "POST /wp-cron.php?doing_wp_cron=1749400161.1923389434814453125000 HTTP/1.1" 200 0 "-" "WordPress/6.4.5; https://w3.readbtooom.com"
2405:9800:b870:6289:409e:bb6e:77b4:889b - - [08/Jun/2025:12:29:21 -0400] "POST /wp-admin/admin-ajax.php HTTP/1.1" 200 69 "https://w3.readbtooom.com/manga/btooom-chapter-10/" "Mozilla/5.0 (Linux; Android 10; K) AppleWebKit/537.36 (KHTML, like Gecko) Chrome/137.0.0.0 Mobile Safari/537.36"
172.111.36.2 - - [08/Jun/2025:12:29:37 -0400] "GET /manga/btooom-chapter-75/ HTTP/1.1" 200 29669 "https://www.google.com/" "Mozilla/5.0 (iPhone; CPU iPhone OS 18_5 like Mac OS X) AppleWebKit/605.1.15 (KHTML, like Gecko) Version/18.5 Mobile/15E148 Safari/604.1"
2405:9800:b870:6289:409e:bb6e:77b4:889b - - [08/Jun/2025:12:29:39 -0400] "GET /manga/btooom-chapter-9/ HTTP/1.1" 304 0 "https://w3.readbtooom.com/manga/btooom-chapter-10/" "Mozilla/5.0 (Linux; Android 10; K) AppleWebKit/537.36 (KHTML, like Gecko) Chrome/137.0.0.0 Mobile Safari/537.36"
2405:9800:b870:6289:409e:bb6e:77b4:889b - - [08/Jun/2025:12:29:45 -0400] "GET /manga/btooom-chapter-11/ HTTP/1.1" 200 23271 "https://w3.readbtooom.com/manga/btooom-chapter-10/" "Mozilla/5.0 (Linux; Android 10; K) AppleWebKit/537.36 (KHTML, like Gecko) Chrome/137.0.0.0 Mobile Safari/537.36"
2405:9800:b870:6289:409e:bb6e:77b4:889b - - [08/Jun/2025:12:29:45 -0400] "GET /manga/btooom-chapter-11/ HTTP/1.1" 304 0 "https://w3.readbtooom.com/manga/btooom-chapter-10/" "Mozilla/5.0 (Linux; Android 10; K) AppleWebKit/537.36 (KHTML, like Gecko) Chrome/137.0.0.0 Mobile Safari/537.36"
162.0.232.193 - - [08/Jun/2025:12:29:46 -0400] "POST /wp-cron.php?doing_wp_cron=1749400186.3913030624389648437500 HTTP/1.1" 200 0 "-" "WordPress/6.4.5; https://w3.readbtooom.com"
2405:9800:b870:6289:409e:bb6e:77b4:889b - - [08/Jun/2025:12:29:46 -0400] "POST /wp-admin/admin-ajax.php HTTP/1.1" 200 69 "https://w3.readbtooom.com/manga/btooom-chapter-11/" "Mozilla/5.0 (Linux; Android 10; K) AppleWebKit/537.36 (KHTML, like Gecko) Chrome/137.0.0.0 Mobile Safari/537.36"
196.217.138.25 - - [08/Jun/2025:12:29:47 -0400] "GET /manga/btooom-chapter-59/ HTTP/1.1" 304 0 "https://w3.readbtooom.com/manga/btooom-chapter-60/" "Mozilla/5.0 (Linux; Android 10; K) AppleWebKit/537.36 (KHTML, like Gecko) Chrome/137.0.0.0 Mobile Safari/537.36"
196.217.138.25 - - [08/Jun/2025:12:29:47 -0400] "GET /manga/btooom-chapter-61/ HTTP/1.1" 200 31374 "https://w3.readbtooom.com/manga/btooom-chapter-60/" "Mozilla/5.0 (Linux; Android 10; K) AppleWebKit/537.36 (KHTML, like Gecko) Chrome/137.0.0.0 Mobile Safari/537.36"
196.217.138.25 - - [08/Jun/2025:12:29:49 -0400] "GET /manga/btooom-chapter-61/ HTTP/1.1" 304 0 "https://w3.readbtooom.com/manga/btooom-chapter-60/" "Mozilla/5.0 (Linux; Android 10; K) AppleWebKit/537.36 (KHTML, like Gecko) Chrome/137.0.0.0 Mobile Safari/537.36"
2405:9800:b870:6289:409e:bb6e:77b4:889b - - [08/Jun/2025:12:29:59 -0400] "GET /manga/btooom-chapter-10/ HTTP/1.1" 304 0 "https://w3.readbtooom.com/manga/btooom-chapter-11/" "Mozilla/5.0 (Linux; Android 10; K) AppleWebKit/537.36 (KHTML, like Gecko) Chrome/137.0.0.0 Mobile Safari/537.36"
2405:9800:b870:6289:409e:bb6e:77b4:889b - - [08/Jun/2025:12:30:07 -0400] "GET /manga/btooom-chapter-12/ HTTP/1.1" 200 23647 "https://w3.readbtooom.com/manga/btooom-chapter-11/" "Mozilla/5.0 (Linux; Android 10; K) AppleWebKit/537.36 (KHTML, like Gecko) Chrome/137.0.0.0 Mobile Safari/537.36"
2405:9800:b870:6289:409e:bb6e:77b4:889b - - [08/Jun/2025:12:30:07 -0400] "GET /manga/btooom-chapter-12/ HTTP/1.1" 304 0 "https://w3.readbtooom.com/manga/btooom-chapter-11/" "Mozilla/5.0 (Linux; Android 10; K) AppleWebKit/537.36 (KHTML, like Gecko) Chrome/137.0.0.0 Mobile Safari/537.36"
217.129.108.0 - - [08/Jun/2025:12:30:40 -0400] "GET /manga/btooom-chapter-111/ HTTP/1.1" 304 0 "https://w3.readbtooom.com/manga/btooom-chapter-112/" "Mozilla/5.0 (Windows NT 10.0; Win64; x64) AppleWebKit/537.36 (KHTML, like Gecko) Chrome/137.0.0.0 Safari/537.36"
217.129.108.0 - - [08/Jun/2025:12:30:41 -0400] "GET /manga/btooom-chapter-113/ HTTP/1.1" 200 33433 "https://w3.readbtooom.com/manga/btooom-chapter-112/" "Mozilla/5.0 (Windows NT 10.0; Win64; x64) AppleWebKit/537.36 (KHTML, like Gecko) Chrome/137.0.0.0 Safari/537.36"
217.129.108.0 - - [08/Jun/2025:12:30:41 -0400] "GET /manga/btooom-chapter-113/ HTTP/1.1" 304 0 "https://w3.readbtooom.com/manga/btooom-chapter-112/" "Mozilla/5.0 (Windows NT 10.0; Win64; x64) AppleWebKit/537.36 (KHTML, like Gecko) Chrome/137.0.0.0 Safari/537.36"
2405:9800:b870:6289:409e:bb6e:77b4:889b - - [08/Jun/2025:12:31:00 -0400] "GET /manga/btooom-chapter-13/ HTTP/1.1" 200 23283 "https://w3.readbtooom.com/manga/btooom-chapter-12/" "Mozilla/5.0 (Linux; Android 10; K) AppleWebKit/537.36 (KHTML, like Gecko) Chrome/137.0.0.0 Mobile Safari/537.36"
2405:9800:b870:6289:409e:bb6e:77b4:889b - - [08/Jun/2025:12:31:00 -0400] "GET /manga/btooom-chapter-13/ HTTP/1.1" 304 0 "https://w3.readbtooom.com/manga/btooom-chapter-12/" "Mozilla/5.0 (Linux; Android 10; K) AppleWebKit/537.36 (KHTML, like Gecko) Chrome/137.0.0.0 Mobile Safari/537.36"
162.0.232.193 - - [08/Jun/2025:12:31:01 -0400] "POST /wp-cron.php?doing_wp_cron=1749400261.3680350780487060546875 HTTP/1.1" 200 0 "-" "WordPress/6.4.5; https://w3.readbtooom.com"
2405:9800:b870:6289:409e:bb6e:77b4:889b - - [08/Jun/2025:12:31:01 -0400] "POST /wp-admin/admin-ajax.php HTTP/1.1" 200 69 "https://w3.readbtooom.com/manga/btooom-chapter-13/" "Mozilla/5.0 (Linux; Android 10; K) AppleWebKit/537.36 (KHTML, like Gecko) Chrome/137.0.0.0 Mobile Safari/537.36"
2405:9800:b870:6289:409e:bb6e:77b4:889b - - [08/Jun/2025:12:31:02 -0400] "GET /tag/kiyoshi-taira/ HTTP/1.1" 301 0 "https://w3.readbtooom.com/manga/btooom-chapter-13/" "Mozilla/5.0 (Linux; Android 10; K) AppleWebKit/537.36 (KHTML, like Gecko) Chrome/137.0.0.0 Mobile Safari/537.36"
2405:9800:b870:6289:409e:bb6e:77b4:889b - - [08/Jun/2025:12:31:03 -0400] "GET / HTTP/1.1" 304 0 "https://w3.readbtooom.com/" "Mozilla/5.0 (Linux; Android 10; K) AppleWebKit/537.36 (KHTML, like Gecko) Chrome/137.0.0.0 Mobile Safari/537.36"
2405:9800:b870:6289:409e:bb6e:77b4:889b - - [08/Jun/2025:12:31:08 -0400] "GET /tag/kosuke-kira/ HTTP/1.1" 301 0 "https://w3.readbtooom.com/manga/btooom-chapter-13/" "Mozilla/5.0 (Linux; Android 10; K) AppleWebKit/537.36 (KHTML, like Gecko) Chrome/137.0.0.0 Mobile Safari/537.36"
2405:9800:b870:6289:409e:bb6e:77b4:889b - - [08/Jun/2025:12:31:08 -0400] "GET /tag/nobutaka-oda/ HTTP/1.1" 301 0 "https://w3.readbtooom.com/manga/btooom-chapter-13/" "Mozilla/5.0 (Linux; Android 10; K) AppleWebKit/537.36 (KHTML, like Gecko) Chrome/137.0.0.0 Mobile Safari/537.36"
2405:9800:b870:6289:409e:bb6e:77b4:889b - - [08/Jun/2025:12:31:09 -0400] "GET / HTTP/1.1" 304 0 "https://w3.readbtooom.com/" "Mozilla/5.0 (Linux; Android 10; K) AppleWebKit/537.36 (KHTML, like Gecko) Chrome/137.0.0.0 Mobile Safari/537.36"
2405:9800:b870:6289:409e:bb6e:77b4:889b - - [08/Jun/2025:12:31:09 -0400] "GET / HTTP/1.1" 304 0 "https://w3.readbtooom.com/" "Mozilla/5.0 (Linux; Android 10; K) AppleWebKit/537.36 (KHTML, like Gecko) Chrome/137.0.0.0 Mobile Safari/537.36"
2405:9800:b870:6289:409e:bb6e:77b4:889b - - [08/Jun/2025:12:31:09 -0400] "GET /manga/btooom-chapter-14/ HTTP/1.1" 200 24609 "https://w3.readbtooom.com/manga/btooom-chapter-13/" "Mozilla/5.0 (Linux; Android 10; K) AppleWebKit/537.36 (KHTML, like Gecko) Chrome/137.0.0.0 Mobile Safari/537.36"
2405:9800:b870:6289:409e:bb6e:77b4:889b - - [08/Jun/2025:12:31:09 -0400] "GET / HTTP/1.1" 200 18608 "https://w3.readbtooom.com/" "Mozilla/5.0 (Linux; Android 10; K) AppleWebKit/537.36 (KHTML, like Gecko) Chrome/137.0.0.0 Mobile Safari/537.36"
2405:9800:b870:6289:409e:bb6e:77b4:889b - - [08/Jun/2025:12:31:10 -0400] "GET /manga/btooom-chapter-14/ HTTP/1.1" 304 0 "https://w3.readbtooom.com/manga/btooom-chapter-13/" "Mozilla/5.0 (Linux; Android 10; K) AppleWebKit/537.36 (KHTML, like Gecko) Chrome/137.0.0.0 Mobile Safari/537.36"
2405:9800:b870:6289:409e:bb6e:77b4:889b - - [08/Jun/2025:12:31:10 -0400] "POST /wp-admin/admin-ajax.php HTTP/1.1" 200 69 "https://w3.readbtooom.com/manga/btooom-chapter-14/" "Mozilla/5.0 (Linux; Android 10; K) AppleWebKit/537.36 (KHTML, like Gecko) Chrome/137.0.0.0 Mobile Safari/537.36"
2405:9800:b870:6289:409e:bb6e:77b4:889b - - [08/Jun/2025:12:31:25 -0400] "GET /manga/btooom-chapter-118/ HTTP/1.1" 200 36443 "https://w3.readbtooom.com/manga/btooom-chapter-14/" "Mozilla/5.0 (Linux; Android 10; K) AppleWebKit/537.36 (KHTML, like Gecko) Chrome/137.0.0.0 Mobile Safari/537.36"
2405:9800:b870:6289:409e:bb6e:77b4:889b - - [08/Jun/2025:12:31:29 -0400] "GET /manga/btooom-chapter-14-5/ HTTP/1.1" 200 20344 "https://w3.readbtooom.com/manga/btooom-chapter-14/" "Mozilla/5.0 (Linux; Android 10; K) AppleWebKit/537.36 (KHTML, like Gecko) Chrome/137.0.0.0 Mobile Safari/537.36"
2405:9800:b870:6289:409e:bb6e:77b4:889b - - [08/Jun/2025:12:31:30 -0400] "GET /manga/btooom-chapter-14-5/ HTTP/1.1" 304 0 "https://w3.readbtooom.com/manga/btooom-chapter-14/" "Mozilla/5.0 (Linux; Android 10; K) AppleWebKit/537.36 (KHTML, like Gecko) Chrome/137.0.0.0 Mobile Safari/537.36"
2405:9800:b870:6289:409e:bb6e:77b4:889b - - [08/Jun/2025:12:31:34 -0400] "GET /manga/btooom-chapter-117/ HTTP/1.1" 200 37649 "https://w3.readbtooom.com/manga/btooom-chapter-14-5/" "Mozilla/5.0 (Linux; Android 10; K) AppleWebKit/537.36 (KHTML, like Gecko) Chrome/137.0.0.0 Mobile Safari/537.36"
2405:9800:b870:6289:409e:bb6e:77b4:889b - - [08/Jun/2025:12:31:35 -0400] "GET /manga/btooom-chapter-15/ HTTP/1.1" 200 24220 "https://w3.readbtooom.com/manga/btooom-chapter-14-5/" "Mozilla/5.0 (Linux; Android 10; K) AppleWebKit/537.36 (KHTML, like Gecko) Chrome/137.0.0.0 Mobile Safari/537.36"
2405:9800:b870:6289:409e:bb6e:77b4:889b - - [08/Jun/2025:12:31:36 -0400] "GET /manga/btooom-chapter-15/ HTTP/1.1" 304 0 "https://w3.readbtooom.com/manga/btooom-chapter-14-5/" "Mozilla/5.0 (Linux; Android 10; K) AppleWebKit/537.36 (KHTML, like Gecko) Chrome/137.0.0.0 Mobile Safari/537.36"
162.0.232.193 - - [08/Jun/2025:12:31:37 -0400] "POST /wp-cron.php?doing_wp_cron=1749400297.0911030769348144531250 HTTP/1.1" 200 0 "-" "WordPress/6.4.5; https://w3.readbtooom.com"
2405:9800:b870:6289:409e:bb6e:77b4:889b - - [08/Jun/2025:12:31:36 -0400] "POST /wp-admin/admin-ajax.php HTTP/1.1" 200 69 "https://w3.readbtooom.com/manga/btooom-chapter-15/" "Mozilla/5.0 (Linux; Android 10; K) AppleWebKit/537.36 (KHTML, like Gecko) Chrome/137.0.0.0 Mobile Safari/537.36"
2405:9800:b870:6289:409e:bb6e:77b4:889b - - [08/Jun/2025:12:31:52 -0400] "GET /manga/btooom-chapter-14-5/ HTTP/1.1" 304 0 "https://w3.readbtooom.com/manga/btooom-chapter-15/" "Mozilla/5.0 (Linux; Android 10; K) AppleWebKit/537.36 (KHTML, like Gecko) Chrome/137.0.0.0 Mobile Safari/537.36"
2405:9800:b870:6289:409e:bb6e:77b4:889b - - [08/Jun/2025:12:31:53 -0400] "GET /manga/btooom-chapter-16/ HTTP/1.1" 200 22702 "https://w3.readbtooom.com/manga/btooom-chapter-15/" "Mozilla/5.0 (Linux; Android 10; K) AppleWebKit/537.36 (KHTML, like Gecko) Chrome/137.0.0.0 Mobile Safari/537.36"
2405:9800:b870:6289:409e:bb6e:77b4:889b - - [08/Jun/2025:12:31:53 -0400] "GET /manga/btooom-chapter-16/ HTTP/1.1" 304 0 "https://w3.readbtooom.com/manga/btooom-chapter-15/" "Mozilla/5.0 (Linux; Android 10; K) AppleWebKit/537.36 (KHTML, like Gecko) Chrome/137.0.0.0 Mobile Safari/537.36"
2405:9800:b870:6289:409e:bb6e:77b4:889b - - [08/Jun/2025:12:32:02 -0400] "GET /manga/btooom-chapter-17/ HTTP/1.1" 200 22921 "https://w3.readbtooom.com/manga/btooom-chapter-16/" "Mozilla/5.0 (Linux; Android 10; K) AppleWebKit/537.36 (KHTML, like Gecko) Chrome/137.0.0.0 Mobile Safari/537.36"
2405:9800:b870:6289:409e:bb6e:77b4:889b - - [08/Jun/2025:12:32:03 -0400] "GET /manga/btooom-chapter-17/ HTTP/1.1" 304 0 "https://w3.readbtooom.com/manga/btooom-chapter-16/" "Mozilla/5.0 (Linux; Android 10; K) AppleWebKit/537.36 (KHTML, like Gecko) Chrome/137.0.0.0 Mobile Safari/537.36"
162.0.232.193 - - [08/Jun/2025:12:32:04 -0400] "POST /wp-cron.php?doing_wp_cron=1749400324.2320098876953125000000 HTTP/1.1" 200 0 "-" "WordPress/6.4.5; https://w3.readbtooom.com"
2405:9800:b870:6289:409e:bb6e:77b4:889b - - [08/Jun/2025:12:32:03 -0400] "POST /wp-admin/admin-ajax.php HTTP/1.1" 200 69 "https://w3.readbtooom.com/manga/btooom-chapter-17/" "Mozilla/5.0 (Linux; Android 10; K) AppleWebKit/537.36 (KHTML, like Gecko) Chrome/137.0.0.0 Mobile Safari/537.36"
2405:9800:b870:6289:409e:bb6e:77b4:889b - - [08/Jun/2025:12:32:25 -0400] "GET /manga/btooom-chapter-18/ HTTP/1.1" 200 23263 "https://w3.readbtooom.com/manga/btooom-chapter-17/" "Mozilla/5.0 (Linux; Android 10; K) AppleWebKit/537.36 (KHTML, like Gecko) Chrome/137.0.0.0 Mobile Safari/537.36"
2405:9800:b870:6289:409e:bb6e:77b4:889b - - [08/Jun/2025:12:32:26 -0400] "GET /manga/btooom-chapter-18/ HTTP/1.1" 304 0 "https://w3.readbtooom.com/manga/btooom-chapter-17/" "Mozilla/5.0 (Linux; Android 10; K) AppleWebKit/537.36 (KHTML, like Gecko) Chrome/137.0.0.0 Mobile Safari/537.36"
2405:9800:b870:6289:409e:bb6e:77b4:889b - - [08/Jun/2025:12:32:26 -0400] "POST /wp-admin/admin-ajax.php HTTP/1.1" 200 69 "https://w3.readbtooom.com/manga/btooom-chapter-18/" "Mozilla/5.0 (Linux; Android 10; K) AppleWebKit/537.36 (KHTML, like Gecko) Chrome/137.0.0.0 Mobile Safari/537.36"
2600:1005:b124:17b1:d4c8:b3de:3581:d66d - - [08/Jun/2025:12:32:38 -0400] "GET /manga/btooom-chapter-60/ HTTP/1.1" 200 29571 "https://w3.readbtooom.com/manga/btooom-chapter-59/" "Mozilla/5.0 (iPhone; CPU iPhone OS 18_3_1 like Mac OS X) AppleWebKit/605.1.15 (KHTML, like Gecko) Version/18.3 Mobile/15E148 Safari/604.1"
2405:9800:b870:6289:409e:bb6e:77b4:889b - - [08/Jun/2025:12:33:09 -0400] "GET /manga/btooom-chapter-19/ HTTP/1.1" 200 23677 "https://w3.readbtooom.com/manga/btooom-chapter-18/" "Mozilla/5.0 (Linux; Android 10; K) AppleWebKit/537.36 (KHTML, like Gecko) Chrome/137.0.0.0 Mobile Safari/537.36"
2405:9800:b870:6289:409e:bb6e:77b4:889b - - [08/Jun/2025:12:33:09 -0400] "GET /manga/btooom-chapter-19/ HTTP/1.1" 304 0 "https://w3.readbtooom.com/manga/btooom-chapter-18/" "Mozilla/5.0 (Linux; Android 10; K) AppleWebKit/537.36 (KHTML, like Gecko) Chrome/137.0.0.0 Mobile Safari/537.36"
2405:9800:b870:6289:409e:bb6e:77b4:889b - - [08/Jun/2025:12:33:10 -0400] "GET /manga/btooom-chapter-19/ HTTP/1.1" 304 0 "https://w3.readbtooom.com/manga/btooom-chapter-18/" "Mozilla/5.0 (Linux; Android 10; K) AppleWebKit/537.36 (KHTML, like Gecko) Chrome/137.0.0.0 Mobile Safari/537.36"
162.0.232.193 - - [08/Jun/2025:12:33:10 -0400] "POST /wp-cron.php?doing_wp_cron=1749400390.3717548847198486328125 HTTP/1.1" 200 0 "-" "WordPress/6.4.5; https://w3.readbtooom.com"
2405:9800:b870:6289:409e:bb6e:77b4:889b - - [08/Jun/2025:12:33:09 -0400] "POST /wp-admin/admin-ajax.php HTTP/1.1" 200 69 "https://w3.readbtooom.com/manga/btooom-chapter-19/" "Mozilla/5.0 (Linux; Android 10; K) AppleWebKit/537.36 (KHTML, like Gecko) Chrome/137.0.0.0 Mobile Safari/537.36"
2405:9800:b870:6289:409e:bb6e:77b4:889b - - [08/Jun/2025:12:33:10 -0400] "POST /wp-admin/admin-ajax.php HTTP/1.1" 200 69 "https://w3.readbtooom.com/manga/btooom-chapter-19/" "Mozilla/5.0 (Linux; Android 10; K) AppleWebKit/537.36 (KHTML, like Gecko) Chrome/137.0.0.0 Mobile Safari/537.36"
114.119.129.24 - - [08/Jun/2025:12:33:52 -0400] "GET /manga/btooom-chapter-22-5/ HTTP/1.1" 200 19061 "https://w1.readbtooom.com/" "Mozilla/5.0 (Linux; Android 7.0;) AppleWebKit/537.36 (KHTML, like Gecko) Mobile Safari/537.36 (compatible; PetalBot;+https://webmaster.petalsearch.com/site/petalbot)"
2405:9800:b870:6289:409e:bb6e:77b4:889b - - [08/Jun/2025:12:34:38 -0400] "GET /manga/btooom-chapter-20/ HTTP/1.1" 200 22891 "https://w3.readbtooom.com/manga/btooom-chapter-19/" "Mozilla/5.0 (Linux; Android 10; K) AppleWebKit/537.36 (KHTML, like Gecko) Chrome/137.0.0.0 Mobile Safari/537.36"
2405:9800:b870:6289:409e:bb6e:77b4:889b - - [08/Jun/2025:12:34:38 -0400] "GET /manga/btooom-chapter-20/ HTTP/1.1" 304 0 "https://w3.readbtooom.com/manga/btooom-chapter-19/" "Mozilla/5.0 (Linux; Android 10; K) AppleWebKit/537.36 (KHTML, like Gecko) Chrome/137.0.0.0 Mobile Safari/537.36"
196.217.138.25 - - [08/Jun/2025:12:35:20 -0400] "GET /manga/btooom-chapter-60/ HTTP/1.1" 304 0 "https://w3.readbtooom.com/manga/btooom-chapter-61/" "Mozilla/5.0 (Linux; Android 10; K) AppleWebKit/537.36 (KHTML, like Gecko) Chrome/137.0.0.0 Mobile Safari/537.36"
170.106.72.93 - - [08/Jun/2025:12:35:20 -0400] "GET /manga/btooom-chapter-78/ HTTP/1.1" 200 32756 "-" "Mozilla/5.0 (iPhone; CPU iPhone OS 13_2_3 like Mac OS X) AppleWebKit/605.1.15 (KHTML, like Gecko) Version/13.0.3 Mobile/15E148 Safari/604.1"
196.217.138.25 - - [08/Jun/2025:12:35:19 -0400] "GET /tag/masashi-miyamoto/ HTTP/1.1" 301 0 "https://w3.readbtooom.com/manga/btooom-chapter-61/" "Mozilla/5.0 (Linux; Android 10; K) AppleWebKit/537.36 (KHTML, like Gecko) Chrome/137.0.0.0 Mobile Safari/537.36"
196.217.138.25 - - [08/Jun/2025:12:35:21 -0400] "GET /manga/btooom-chapter-62/ HTTP/1.1" 200 32081 "https://w3.readbtooom.com/manga/btooom-chapter-61/" "Mozilla/5.0 (Linux; Android 10; K) AppleWebKit/537.36 (KHTML, like Gecko) Chrome/137.0.0.0 Mobile Safari/537.36"
196.217.138.25 - - [08/Jun/2025:12:35:22 -0400] "GET /manga/btooom-chapter-62/ HTTP/1.1" 304 0 "https://w3.readbtooom.com/manga/btooom-chapter-61/" "Mozilla/5.0 (Linux; Android 10; K) AppleWebKit/537.36 (KHTML, like Gecko) Chrome/137.0.0.0 Mobile Safari/537.36"
109.81.1.37 - - [08/Jun/2025:12:35:24 -0400] "GET /manga/btooom-chapter-54/ HTTP/1.1" 200 32362 "https://w3.readbtooom.com/manga/btooom-chapter-51/" "Mozilla/5.0 (Linux; Android 10; K) AppleWebKit/537.36 (KHTML, like Gecko) Chrome/133.0.0.0 Mobile Safari/537.36"
162.0.232.193 - - [08/Jun/2025:12:35:24 -0400] "POST /wp-cron.php?doing_wp_cron=1749400524.1692490577697753906250 HTTP/1.1" 200 0 "-" "WordPress/6.4.5; https://w3.readbtooom.com"
109.81.1.37 - - [08/Jun/2025:12:35:24 -0400] "GET /manga/btooom-chapter-54/ HTTP/1.1" 304 0 "https://w3.readbtooom.com/manga/btooom-chapter-51/" "Mozilla/5.0 (Linux; Android 10; K) AppleWebKit/537.36 (KHTML, like Gecko) Chrome/133.0.0.0 Mobile Safari/537.36"
109.81.1.37 - - [08/Jun/2025:12:35:25 -0400] "POST /wp-admin/admin-ajax.php HTTP/1.1" 200 69 "https://w3.readbtooom.com/manga/btooom-chapter-54/" "Mozilla/5.0 (Linux; Android 10; K) AppleWebKit/537.36 (KHTML, like Gecko) Chrome/133.0.0.0 Mobile Safari/537.36"
109.81.1.37 - - [08/Jun/2025:12:35:29 -0400] "GET /manga/btooom-chapter-50/ HTTP/1.1" 200 32683 "https://w3.readbtooom.com/manga/btooom-chapter-51/" "Mozilla/5.0 (Linux; Android 10; K) AppleWebKit/537.36 (KHTML, like Gecko) Chrome/133.0.0.0 Mobile Safari/537.36"
217.129.108.0 - - [08/Jun/2025:12:35:30 -0400] "GET /manga/btooom-chapter-114/ HTTP/1.1" 200 34368 "https://w3.readbtooom.com/manga/btooom-chapter-113/" "Mozilla/5.0 (Windows NT 10.0; Win64; x64) AppleWebKit/537.36 (KHTML, like Gecko) Chrome/137.0.0.0 Safari/537.36"
217.129.108.0 - - [08/Jun/2025:12:35:30 -0400] "GET /manga/btooom-chapter-114/ HTTP/1.1" 304 0 "https://w3.readbtooom.com/manga/btooom-chapter-113/" "Mozilla/5.0 (Windows NT 10.0; Win64; x64) AppleWebKit/537.36 (KHTML, like Gecko) Chrome/137.0.0.0 Safari/537.36"
162.0.232.193 - - [08/Jun/2025:12:35:40 -0400] "POST /wp-cron.php?doing_wp_cron=1749400540.7807340621948242187500 HTTP/1.1" 200 0 "-" "WordPress/6.4.5; https://w3.readbtooom.com"
109.81.1.37 - - [08/Jun/2025:12:35:42 -0400] "GET /wp-content/plugins/simple-social-buttons/assets/fonts/ssb-icon.woff?eahqa2 HTTP/1.1" 200 6288 "https://w3.readbtooom.com/wp-content/plugins/simple-social-buttons/assets/css/front.css?ver=5.1.1" "Mozilla/5.0 (Linux; Android 10; K) AppleWebKit/537.36 (KHTML, like Gecko) Chrome/133.0.0.0 Mobile Safari/537.36"
192.178.15.64 - - [08/Jun/2025:12:35:47 -0400] "GET /manga/btooom-chapter-51/ HTTP/1.1" 200 30217 "-" "Mozilla/5.0 (Linux; Android 7.0; SM-G930V Build/NRD90M) AppleWebKit/537.36 (KHTML, like Gecko) Chrome/59.0.3071.125 Mobile Safari/537.36 (compatible; Google-Read-Aloud; +https://support.google.com/webmasters/answer/1061943)"
66.102.9.225 - - [08/Jun/2025:12:35:47 -0400] "GET /manga/btooom-chapter-51/ HTTP/1.1" 200 30217 "-" "Mozilla/5.0 (Linux; Android 7.0; SM-G930V Build/NRD90M) AppleWebKit/537.36 (KHTML, like Gecko) Chrome/59.0.3071.125 Mobile Safari/537.36 (compatible; Google-Read-Aloud; +https://support.google.com/webmasters/answer/1061943)"
109.81.1.37 - - [08/Jun/2025:12:35:48 -0400] "GET / HTTP/1.1" 200 18608 "https://w1.readbtooom.com/" "Mozilla/5.0 (Linux; Android 10; K) AppleWebKit/537.36 (KHTML, like Gecko) Chrome/133.0.0.0 Mobile Safari/537.36"
66.102.9.225 - - [08/Jun/2025:12:35:48 -0400] "GET /wp-content/plugins/comic-easel/css/comiceasel.css?ver=6.4.5 HTTP/1.1" 200 1273 "https://w3.readbtooom.com/manga/btooom-chapter-51/" "Mozilla/5.0 (Linux; Android 7.0; SM-G930V Build/NRD90M) AppleWebKit/537.36 (KHTML, like Gecko) Chrome/59.0.3071.125 Mobile Safari/537.36 (compatible; Google-Read-Aloud; +https://support.google.com/webmasters/answer/1061943)"
66.102.9.235 - - [08/Jun/2025:12:35:48 -0400] "GET /wp-content/themes/toivo-lite/style.css?ver=1.2.0 HTTP/1.1" 200 13718 "https://w3.readbtooom.com/manga/btooom-chapter-51/" "Mozilla/5.0 (Linux; Android 7.0; SM-G930V Build/NRD90M) AppleWebKit/537.36 (KHTML, like Gecko) Chrome/59.0.3071.125 Mobile Safari/537.36 (compatible; Google-Read-Aloud; +https://support.google.com/webmasters/answer/1061943)"
66.102.9.226 - - [08/Jun/2025:12:35:48 -0400] "GET /wp-content/plugins/simple-social-buttons/assets/css/front.css?ver=5.1.1 HTTP/1.1" 200 9767 "https://w3.readbtooom.com/manga/btooom-chapter-51/" "Mozilla/5.0 (Linux; Android 7.0; SM-G930V Build/NRD90M) AppleWebKit/537.36 (KHTML, like Gecko) Chrome/59.0.3071.125 Mobile Safari/537.36 (compatible; Google-Read-Aloud; +https://support.google.com/webmasters/answer/1061943)"
66.102.9.237 - - [08/Jun/2025:12:35:49 -0400] "GET /wp-content/plugins/simple-social-buttons/assets/fonts/ssb-icon.ttf?eahqa2 HTTP/1.1" 200 6212 "https://w3.readbtooom.com/wp-content/plugins/simple-social-buttons/assets/css/front.css?ver=5.1.1" "Mozilla/5.0 (Linux; Android 7.0; SM-G930V Build/NRD90M) AppleWebKit/537.36 (KHTML, like Gecko) Chrome/59.0.3071.125 Mobile Safari/537.36 (compatible; Google-Read-Aloud; +https://support.google.com/webmasters/answer/1061943)"
114.119.148.10 - - [08/Jun/2025:12:35:52 -0400] "GET /manga/btooom-chapter-101/ HTTP/1.1" 200 30552 "https://w1.readbtooom.com/" "Mozilla/5.0 (Linux; Android 7.0;) AppleWebKit/537.36 (KHTML, like Gecko) Mobile Safari/537.36 (compatible; PetalBot;+https://webmaster.petalsearch.com/site/petalbot)"
109.81.1.37 - - [08/Jun/2025:12:35:55 -0400] "GET /manga/btooom-chapter-52/ HTTP/1.1" 200 31866 "https://w3.readbtooom.com/" "Mozilla/5.0 (Linux; Android 10; K) AppleWebKit/537.36 (KHTML, like Gecko) Chrome/133.0.0.0 Mobile Safari/537.36"
109.81.1.37 - - [08/Jun/2025:12:35:56 -0400] "GET /manga/btooom-chapter-52/ HTTP/1.1" 304 0 "https://w3.readbtooom.com/" "Mozilla/5.0 (Linux; Android 10; K) AppleWebKit/537.36 (KHTML, like Gecko) Chrome/133.0.0.0 Mobile Safari/537.36"
162.0.232.193 - - [08/Jun/2025:12:35:56 -0400] "POST /wp-cron.php?doing_wp_cron=1749400556.7791650295257568359375 HTTP/1.1" 200 0 "-" "WordPress/6.4.5; https://w3.readbtooom.com"
109.81.1.37 - - [08/Jun/2025:12:35:56 -0400] "POST /wp-admin/admin-ajax.php HTTP/1.1" 200 69 "https://w3.readbtooom.com/manga/btooom-chapter-52/" "Mozilla/5.0 (Linux; Android 10; K) AppleWebKit/537.36 (KHTML, like Gecko) Chrome/133.0.0.0 Mobile Safari/537.36"
162.0.232.193 - - [08/Jun/2025:12:36:38 -0400] "POST /wp-cron.php?doing_wp_cron=1749400598.5115609169006347656250 HTTP/1.1" 200 0 "-" "WordPress/6.4.5; https://w3.readbtooom.com"
2405:9800:b870:6289:409e:bb6e:77b4:889b - - [08/Jun/2025:12:39:34 -0400] "GET /manga/btooom-chapter-21/ HTTP/1.1" 200 23160 "https://w3.readbtooom.com/manga/btooom-chapter-20/" "Mozilla/5.0 (Linux; Android 10; K) AppleWebKit/537.36 (KHTML, like Gecko) Chrome/137.0.0.0 Mobile Safari/537.36"
2405:9800:b870:6289:409e:bb6e:77b4:889b - - [08/Jun/2025:12:39:35 -0400] "GET /manga/btooom-chapter-21/ HTTP/1.1" 304 0 "https://w3.readbtooom.com/manga/btooom-chapter-20/" "Mozilla/5.0 (Linux; Android 10; K) AppleWebKit/537.36 (KHTML, like Gecko) Chrome/137.0.0.0 Mobile Safari/537.36"
196.217.138.25 - - [08/Jun/2025:12:40:44 -0400] "GET /manga/btooom-chapter-61/ HTTP/1.1" 304 0 "https://w3.readbtooom.com/manga/btooom-chapter-62/" "Mozilla/5.0 (Linux; Android 10; K) AppleWebKit/537.36 (KHTML, like Gecko) Chrome/137.0.0.0 Mobile Safari/537.36"
196.217.138.25 - - [08/Jun/2025:12:40:45 -0400] "GET /manga/btooom-chapter-63/ HTTP/1.1" 200 31133 "https://w3.readbtooom.com/manga/btooom-chapter-62/" "Mozilla/5.0 (Linux; Android 10; K) AppleWebKit/537.36 (KHTML, like Gecko) Chrome/137.0.0.0 Mobile Safari/537.36"
196.217.138.25 - - [08/Jun/2025:12:40:46 -0400] "GET /manga/btooom-chapter-63/ HTTP/1.1" 304 0 "https://w3.readbtooom.com/manga/btooom-chapter-62/" "Mozilla/5.0 (Linux; Android 10; K) AppleWebKit/537.36 (KHTML, like Gecko) Chrome/137.0.0.0 Mobile Safari/537.36"
2405:9800:b870:6289:409e:bb6e:77b4:889b - - [08/Jun/2025:12:40:56 -0400] "GET /manga/btooom-chapter-22/ HTTP/1.1" 200 23628 "https://w3.readbtooom.com/manga/btooom-chapter-21/" "Mozilla/5.0 (Linux; Android 10; K) AppleWebKit/537.36 (KHTML, like Gecko) Chrome/137.0.0.0 Mobile Safari/537.36"
2405:9800:b870:6289:409e:bb6e:77b4:889b - - [08/Jun/2025:12:40:57 -0400] "GET /manga/btooom-chapter-22/ HTTP/1.1" 304 0 "https://w3.readbtooom.com/manga/btooom-chapter-21/" "Mozilla/5.0 (Linux; Android 10; K) AppleWebKit/537.36 (KHTML, like Gecko) Chrome/137.0.0.0 Mobile Safari/537.36"
66.249.64.131 - - [08/Jun/2025:12:41:21 -0400] "GET /manga/btooom-chapter-71/ HTTP/1.1" 200 29458 "-" "Mozilla/5.0 (Linux; Android 6.0.1; Nexus 5X Build/MMB29P) AppleWebKit/537.36 (KHTML, like Gecko) Chrome/136.0.7103.113 Mobile Safari/537.36 (compatible; Googlebot/2.1; +http://www.google.com/bot.html)"
217.129.108.0 - - [08/Jun/2025:12:41:50 -0400] "GET /manga/btooom-chapter-115/ HTTP/1.1" 200 33874 "https://w3.readbtooom.com/manga/btooom-chapter-114/" "Mozilla/5.0 (Windows NT 10.0; Win64; x64) AppleWebKit/537.36 (KHTML, like Gecko) Chrome/137.0.0.0 Safari/537.36"
217.129.108.0 - - [08/Jun/2025:12:41:51 -0400] "GET /manga/btooom-chapter-113/ HTTP/1.1" 304 0 "https://w3.readbtooom.com/manga/btooom-chapter-114/" "Mozilla/5.0 (Windows NT 10.0; Win64; x64) AppleWebKit/537.36 (KHTML, like Gecko) Chrome/137.0.0.0 Safari/537.36"
217.129.108.0 - - [08/Jun/2025:12:41:51 -0400] "GET /manga/btooom-chapter-115/ HTTP/1.1" 304 0 "https://w3.readbtooom.com/manga/btooom-chapter-114/" "Mozilla/5.0 (Windows NT 10.0; Win64; x64) AppleWebKit/537.36 (KHTML, like Gecko) Chrome/137.0.0.0 Safari/537.36"
217.129.108.0 - - [08/Jun/2025:12:41:51 -0400] "GET /manga/btooom-chapter-121-2/ HTTP/1.1" 200 49260 "https://w3.readbtooom.com/manga/btooom-chapter-115/" "Mozilla/5.0 (Windows NT 10.0; Win64; x64) AppleWebKit/537.36 (KHTML, like Gecko) Chrome/137.0.0.0 Safari/537.36"
162.0.232.193 - - [08/Jun/2025:12:41:53 -0400] "POST /wp-cron.php?doing_wp_cron=1749400913.1162059307098388671875 HTTP/1.1" 200 0 "-" "WordPress/6.4.5; https://w3.readbtooom.com"
162.0.232.193 - - [08/Jun/2025:12:41:54 -0400] "GET /manga/btooom-chapter-81/ HTTP/1.1" 200 26619 "-" "WP Rocket/Preload"
217.129.108.0 - - [08/Jun/2025:12:41:51 -0400] "POST /wp-admin/admin-ajax.php HTTP/1.1" 200 69 "https://w3.readbtooom.com/manga/btooom-chapter-115/" "Mozilla/5.0 (Windows NT 10.0; Win64; x64) AppleWebKit/537.36 (KHTML, like Gecko) Chrome/137.0.0.0 Safari/537.36"
162.0.232.193 - - [08/Jun/2025:12:41:54 -0400] "POST /wp-admin/admin-ajax.php?action=as_async_request_queue_runner&nonce=34409ec58c HTTP/1.1" 200 0 "-" "WordPress/6.4.5; https://w3.readbtooom.com"
2405:9800:b870:6289:409e:bb6e:77b4:889b - - [08/Jun/2025:12:42:01 -0400] "GET /manga/btooom-chapter-22-5/ HTTP/1.1" 200 19061 "https://w3.readbtooom.com/manga/btooom-chapter-22/" "Mozilla/5.0 (Linux; Android 10; K) AppleWebKit/537.36 (KHTML, like Gecko) Chrome/137.0.0.0 Mobile Safari/537.36"
2405:9800:b870:6289:409e:bb6e:77b4:889b - - [08/Jun/2025:12:42:01 -0400] "GET /manga/btooom-chapter-22-5/ HTTP/1.1" 304 0 "https://w3.readbtooom.com/manga/btooom-chapter-22/" "Mozilla/5.0 (Linux; Android 10; K) AppleWebKit/537.36 (KHTML, like Gecko) Chrome/137.0.0.0 Mobile Safari/537.36"
2405:9800:b870:6289:409e:bb6e:77b4:889b - - [08/Jun/2025:12:42:03 -0400] "GET /manga/btooom-chapter-23/ HTTP/1.1" 200 24244 "https://w3.readbtooom.com/manga/btooom-chapter-22-5/" "Mozilla/5.0 (Linux; Android 10; K) AppleWebKit/537.36 (KHTML, like Gecko) Chrome/137.0.0.0 Mobile Safari/537.36"
2405:9800:b870:6289:409e:bb6e:77b4:889b - - [08/Jun/2025:12:42:05 -0400] "GET /manga/ HTTP/1.1" 301 0 "https://w3.readbtooom.com/manga/btooom-chapter-22-5/" "Mozilla/5.0 (Linux; Android 10; K) AppleWebKit/537.36 (KHTML, like Gecko) Chrome/137.0.0.0 Mobile Safari/537.36"
2405:9800:b870:6289:409e:bb6e:77b4:889b - - [08/Jun/2025:12:42:05 -0400] "GET / HTTP/1.1" 304 0 "https://w3.readbtooom.com/" "Mozilla/5.0 (Linux; Android 10; K) AppleWebKit/537.36 (KHTML, like Gecko) Chrome/137.0.0.0 Mobile Safari/537.36"
2405:9800:b870:6289:409e:bb6e:77b4:889b - - [08/Jun/2025:12:42:08 -0400] "GET /manga/btooom-chapter-23/ HTTP/1.1" 304 0 "https://w3.readbtooom.com/manga/btooom-chapter-22-5/" "Mozilla/5.0 (Linux; Android 10; K) AppleWebKit/537.36 (KHTML, like Gecko) Chrome/137.0.0.0 Mobile Safari/537.36"
2405:9800:b870:6289:409e:bb6e:77b4:889b - - [08/Jun/2025:12:42:23 -0400] "GET /manga/btooom-chapter-24/ HTTP/1.1" 200 22869 "https://w3.readbtooom.com/manga/btooom-chapter-23/" "Mozilla/5.0 (Linux; Android 10; K) AppleWebKit/537.36 (KHTML, like Gecko) Chrome/137.0.0.0 Mobile Safari/537.36"
2405:9800:b870:6289:409e:bb6e:77b4:889b - - [08/Jun/2025:12:42:23 -0400] "GET /manga/btooom-chapter-24/ HTTP/1.1" 304 0 "https://w3.readbtooom.com/manga/btooom-chapter-23/" "Mozilla/5.0 (Linux; Android 10; K) AppleWebKit/537.36 (KHTML, like Gecko) Chrome/137.0.0.0 Mobile Safari/537.36"
2405:9800:b870:6289:409e:bb6e:77b4:889b - - [08/Jun/2025:12:42:29 -0400] "GET /tag/masashi-miyamoto/ HTTP/1.1" 301 0 "https://w3.readbtooom.com/manga/btooom-chapter-24/" "Mozilla/5.0 (Linux; Android 10; K) AppleWebKit/537.36 (KHTML, like Gecko) Chrome/137.0.0.0 Mobile Safari/537.36"
2405:9800:b870:6289:409e:bb6e:77b4:889b - - [08/Jun/2025:12:42:29 -0400] "GET / HTTP/1.1" 304 0 "https://w3.readbtooom.com/" "Mozilla/5.0 (Linux; Android 10; K) AppleWebKit/537.36 (KHTML, like Gecko) Chrome/137.0.0.0 Mobile Safari/537.36"
2405:9800:b870:6289:409e:bb6e:77b4:889b - - [08/Jun/2025:12:42:29 -0400] "GET /manga/btooom-chapter-25/ HTTP/1.1" 200 23476 "https://w3.readbtooom.com/manga/btooom-chapter-24/" "Mozilla/5.0 (Linux; Android 10; K) AppleWebKit/537.36 (KHTML, like Gecko) Chrome/137.0.0.0 Mobile Safari/537.36"
2405:9800:b870:6289:409e:bb6e:77b4:889b - - [08/Jun/2025:12:42:30 -0400] "GET /manga/btooom-chapter-25/ HTTP/1.1" 304 0 "https://w3.readbtooom.com/manga/btooom-chapter-24/" "Mozilla/5.0 (Linux; Android 10; K) AppleWebKit/537.36 (KHTML, like Gecko) Chrome/137.0.0.0 Mobile Safari/537.36"
2405:9800:b870:6289:409e:bb6e:77b4:889b - - [08/Jun/2025:12:42:30 -0400] "POST /wp-admin/admin-ajax.php HTTP/1.1" 200 69 "https://w3.readbtooom.com/manga/btooom-chapter-25/" "Mozilla/5.0 (Linux; Android 10; K) AppleWebKit/537.36 (KHTML, like Gecko) Chrome/137.0.0.0 Mobile Safari/537.36"
2405:9800:b870:6289:409e:bb6e:77b4:889b - - [08/Jun/2025:12:42:48 -0400] "GET /manga/btooom-chapter-24/ HTTP/1.1" 304 0 "https://w3.readbtooom.com/manga/btooom-chapter-25/" "Mozilla/5.0 (Linux; Android 10; K) AppleWebKit/537.36 (KHTML, like Gecko) Chrome/137.0.0.0 Mobile Safari/537.36"
2405:9800:b870:6289:409e:bb6e:77b4:889b - - [08/Jun/2025:12:42:48 -0400] "GET /manga/btooom-chapter-24/ HTTP/1.1" 304 0 "https://w3.readbtooom.com/manga/btooom-chapter-25/" "Mozilla/5.0 (Linux; Android 10; K) AppleWebKit/537.36 (KHTML, like Gecko) Chrome/137.0.0.0 Mobile Safari/537.36"
64.227.169.195 - - [08/Jun/2025:12:43:03 -0400] "GET /wp-admin/css/ HTTP/1.1" 200 2851 "binance.com" "Mozilla/5.0 (Windows NT 10.0; Win64; x64) AppleWebKit/537.36 (KHTML, like Gecko) Chrome/90.0.4430.85 Safari/537.36"
2405:9800:b870:6289:409e:bb6e:77b4:889b - - [08/Jun/2025:12:43:10 -0400] "GET /manga/btooom-chapter-23/ HTTP/1.1" 304 0 "https://w3.readbtooom.com/manga/btooom-chapter-24/" "Mozilla/5.0 (Linux; Android 10; K) AppleWebKit/537.36 (KHTML, like Gecko) Chrome/137.0.0.0 Mobile Safari/537.36"
2405:9800:b870:6289:409e:bb6e:77b4:889b - - [08/Jun/2025:12:43:11 -0400] "GET /manga/btooom-chapter-23/ HTTP/1.1" 304 0 "https://w3.readbtooom.com/manga/btooom-chapter-24/" "Mozilla/5.0 (Linux; Android 10; K) AppleWebKit/537.36 (KHTML, like Gecko) Chrome/137.0.0.0 Mobile Safari/537.36"
64.227.169.195 - - [08/Jun/2025:12:43:12 -0400] "GET /wp-content/uploads/2025/06/ HTTP/1.1" 200 555 "binance.com" "Mozilla/5.0 (Windows NT 10.0; Win64; x64) AppleWebKit/537.36 (KHTML, like Gecko) Chrome/90.0.4430.85 Safari/537.36"
64.227.169.195 - - [08/Jun/2025:12:43:19 -0400] "GET /wp-content/uploads/2025/05/ HTTP/1.1" 200 555 "binance.com" "Mozilla/5.0 (Windows NT 10.0; Win64; x64) AppleWebKit/537.36 (KHTML, like Gecko) Chrome/90.0.4430.85 Safari/537.36"
