Current File : /home/honehdyv/access-logs/w3.readbtooom.com-ssl_log
103.168.221.13 - - [08/Jun/2025:04:41:14 -0400] "GET /manga/btooom-chapter-28/ HTTP/1.1" 200 22682 "https://www.google.com/" "Mozilla/5.0 (Linux; Android 10; K) AppleWebKit/537.36 (KHTML, like Gecko) Chrome/137.0.0.0 Mobile Safari/537.36"
162.0.232.193 - - [08/Jun/2025:04:42:13 -0400] "POST /wp-cron.php?doing_wp_cron=1749372133.0397770404815673828125 HTTP/1.1" 200 0 "-" "WordPress/6.4.5; https://w3.readbtooom.com"
2a04:cec0:c019:158b:34ad:8ca4:ca4c:3c8b - - [08/Jun/2025:04:42:11 -0400] "POST /wp-admin/admin-ajax.php HTTP/1.1" 200 69 "https://w3.readbtooom.com/manga/btooom-chapter-68/" "Mozilla/5.0 (Macintosh; Intel Mac OS X 10_15_7) AppleWebKit/537.36 (KHTML, like Gecko) Chrome/137.0.0.0 Safari/537.36"
2a04:cec0:c019:158b:34ad:8ca4:ca4c:3c8b - - [08/Jun/2025:04:42:37 -0400] "GET /tag/btooom-manga/ HTTP/1.1" 301 0 "https://w3.readbtooom.com/manga/btooom-chapter-68/" "Mozilla/5.0 (Macintosh; Intel Mac OS X 10_15_7) AppleWebKit/537.36 (KHTML, like Gecko) Chrome/137.0.0.0 Safari/537.36"
162.0.232.193 - - [08/Jun/2025:04:42:39 -0400] "POST /wp-cron.php?doing_wp_cron=1749372159.1098139286041259765625 HTTP/1.1" 200 0 "-" "WordPress/6.4.5; https://w3.readbtooom.com"
2a04:cec0:c019:158b:34ad:8ca4:ca4c:3c8b - - [08/Jun/2025:04:42:39 -0400] "GET / HTTP/1.1" 304 0 "https://w3.readbtooom.com/" "Mozilla/5.0 (Macintosh; Intel Mac OS X 10_15_7) AppleWebKit/537.36 (KHTML, like Gecko) Chrome/137.0.0.0 Safari/537.36"
2a04:cec0:c019:158b:34ad:8ca4:ca4c:3c8b - - [08/Jun/2025:04:42:39 -0400] "GET /manga/btooom-chapter-69/ HTTP/1.1" 200 30433 "https://w3.readbtooom.com/manga/btooom-chapter-68/" "Mozilla/5.0 (Macintosh; Intel Mac OS X 10_15_7) AppleWebKit/537.36 (KHTML, like Gecko) Chrome/137.0.0.0 Safari/537.36"
2a04:cec0:c019:158b:34ad:8ca4:ca4c:3c8b - - [08/Jun/2025:04:42:40 -0400] "GET /manga/btooom-chapter-69/ HTTP/1.1" 304 0 "https://w3.readbtooom.com/manga/btooom-chapter-68/" "Mozilla/5.0 (Macintosh; Intel Mac OS X 10_15_7) AppleWebKit/537.36 (KHTML, like Gecko) Chrome/137.0.0.0 Safari/537.36"
2a04:cec0:c019:158b:34ad:8ca4:ca4c:3c8b - - [08/Jun/2025:04:42:40 -0400] "POST /wp-admin/admin-ajax.php HTTP/1.1" 200 69 "https://w3.readbtooom.com/manga/btooom-chapter-69/" "Mozilla/5.0 (Macintosh; Intel Mac OS X 10_15_7) AppleWebKit/537.36 (KHTML, like Gecko) Chrome/137.0.0.0 Safari/537.36"
66.249.64.131 - - [08/Jun/2025:04:43:08 -0400] "GET /manga/btooom-chapter-2/ HTTP/1.1" 200 23830 "-" "Mozilla/5.0 (Linux; Android 6.0.1; Nexus 5X Build/MMB29P) AppleWebKit/537.36 (KHTML, like Gecko) Chrome/136.0.7103.113 Mobile Safari/537.36 (compatible; Googlebot/2.1; +http://www.google.com/bot.html)"
143.44.193.103 - - [08/Jun/2025:04:47:29 -0400] "GET /manga/btooom-chapter-106/ HTTP/1.1" 200 33925 "https://www.google.com/" "Mozilla/5.0 (Linux; Android 10; K) AppleWebKit/537.36 (KHTML, like Gecko) Chrome/137.0.0.0 Mobile Safari/537.36"
162.0.232.193 - - [08/Jun/2025:04:47:43 -0400] "POST /wp-cron.php?doing_wp_cron=1749372463.5694129467010498046875 HTTP/1.1" 200 0 "-" "WordPress/6.4.5; https://w3.readbtooom.com"
141.94.192.177 - - [08/Jun/2025:04:47:42 -0400] "POST /xmlrpc.php HTTP/1.1" 200 205 "-" "Mozilla/5.0 (X11; Ubuntu; Linux x86_64; rv:85.0) Gecko/20100101 Firefox/91.0"
143.44.193.103 - - [08/Jun/2025:04:47:47 -0400] "GET /manga/btooom-chapter-115/ HTTP/1.1" 200 33455 "https://w3.readbtooom.com/manga/btooom-chapter-106/" "Mozilla/5.0 (Linux; Android 10; K) AppleWebKit/537.36 (KHTML, like Gecko) Chrome/137.0.0.0 Mobile Safari/537.36"
143.44.193.103 - - [08/Jun/2025:04:47:48 -0400] "GET /manga/btooom-chapter-116/ HTTP/1.1" 200 32785 "https://w3.readbtooom.com/manga/btooom-chapter-106/" "Mozilla/5.0 (Linux; Android 10; K) AppleWebKit/537.36 (KHTML, like Gecko) Chrome/137.0.0.0 Mobile Safari/537.36"
143.44.193.103 - - [08/Jun/2025:04:47:49 -0400] "GET /manga/btooom-chapter-121/ HTTP/1.1" 200 54700 "https://w3.readbtooom.com/manga/btooom-chapter-106/" "Mozilla/5.0 (Linux; Android 10; K) AppleWebKit/537.36 (KHTML, like Gecko) Chrome/137.0.0.0 Mobile Safari/537.36"
143.44.193.103 - - [08/Jun/2025:04:47:52 -0400] "GET /manga/btooom-chapter-105/ HTTP/1.1" 200 36900 "https://w3.readbtooom.com/manga/btooom-chapter-106/" "Mozilla/5.0 (Linux; Android 10; K) AppleWebKit/537.36 (KHTML, like Gecko) Chrome/137.0.0.0 Mobile Safari/537.36"
143.44.193.103 - - [08/Jun/2025:04:47:53 -0400] "GET /manga/btooom-chapter-105/ HTTP/1.1" 304 0 "https://w3.readbtooom.com/manga/btooom-chapter-106/" "Mozilla/5.0 (Linux; Android 10; K) AppleWebKit/537.36 (KHTML, like Gecko) Chrome/137.0.0.0 Mobile Safari/537.36"
162.0.232.193 - - [08/Jun/2025:04:47:54 -0400] "POST /wp-cron.php?doing_wp_cron=1749372474.0900990962982177734375 HTTP/1.1" 200 0 "-" "WordPress/6.4.5; https://w3.readbtooom.com"
143.44.193.103 - - [08/Jun/2025:04:47:53 -0400] "POST /wp-admin/admin-ajax.php HTTP/1.1" 200 69 "https://w3.readbtooom.com/manga/btooom-chapter-105/" "Mozilla/5.0 (Linux; Android 10; K) AppleWebKit/537.36 (KHTML, like Gecko) Chrome/137.0.0.0 Mobile Safari/537.36"
114.119.141.83 - - [08/Jun/2025:04:48:01 -0400] "GET /manga/btooom-chapter-62/ HTTP/1.1" 200 32503 "https://w3.readbtooom.com/tag/btooom-manga/" "Mozilla/5.0 (Linux; Android 7.0;) AppleWebKit/537.36 (KHTML, like Gecko) Mobile Safari/537.36 (compatible; PetalBot;+https://webmaster.petalsearch.com/site/petalbot)"
79.210.186.60 - - [08/Jun/2025:04:49:28 -0400] "GET /manga/btooom-chapter-4/ HTTP/1.1" 200 23094 "https://w3.readbtooom.com/manga/btooom-chapter-3/" "Mozilla/5.0 (Macintosh; Intel Mac OS X 10_15_7) AppleWebKit/605.1.15 (KHTML, like Gecko) Version/18.5 Safari/605.1.15"
114.119.135.207 - - [08/Jun/2025:04:49:59 -0400] "GET /manga/btooom-chapter-76/ HTTP/1.1" 200 30000 "https://w3.readbtooom.com/tag/btooom-manga/" "Mozilla/5.0 (Linux; Android 7.0;) AppleWebKit/537.36 (KHTML, like Gecko) Mobile Safari/537.36 (compatible; PetalBot;+https://webmaster.petalsearch.com/site/petalbot)"
162.0.232.193 - - [08/Jun/2025:04:50:10 -0400] "POST /wp-cron.php?doing_wp_cron=1749372610.4207210540771484375000 HTTP/1.1" 200 0 "-" "WordPress/6.4.5; https://w3.readbtooom.com"
5.101.157.127 - - [08/Jun/2025:04:50:08 -0400] "POST /xmlrpc.php HTTP/1.1" 200 186 "https://w3.readbtooom.com" "Mozilla/5.0 (Macintosh; Intel Mac OS X 14.3) AppleWebKit/614.31.14 (KHTML, like Gecko) Version/17.0.96 Safari/614.31.14"
5.101.157.127 - - [08/Jun/2025:04:50:11 -0400] "POST /wp-login.php HTTP/1.1" 200 1982 "https://w3.readbtooom.com" "Mozilla/5.0 (Macintosh; Intel Mac OS X 10_15_7; rv:129.0) Gecko/20100101 Firefox/129.0"
2001:569:5859:7b00:9d9c:9148:b9bc:ff62 - - [08/Jun/2025:04:50:43 -0400] "GET /manga/btooom-chapter-6/ HTTP/1.1" 200 25156 "https://w3.readbtooom.com/manga/btooom-chapter-5/" "Mozilla/5.0 (iPhone; CPU iPhone OS 18_5 like Mac OS X) AppleWebKit/605.1.15 (KHTML, like Gecko) Version/18.5 Mobile/15E148 Safari/604.1"
162.0.232.193 - - [08/Jun/2025:04:50:43 -0400] "POST /wp-cron.php?doing_wp_cron=1749372643.8804121017456054687500 HTTP/1.1" 200 0 "-" "WordPress/6.4.5; https://w3.readbtooom.com"
2001:569:5859:7b00:9d9c:9148:b9bc:ff62 - - [08/Jun/2025:04:50:43 -0400] "POST /wp-admin/admin-ajax.php HTTP/1.1" 200 69 "https://w3.readbtooom.com/manga/btooom-chapter-6/" "Mozilla/5.0 (iPhone; CPU iPhone OS 18_5 like Mac OS X) AppleWebKit/605.1.15 (KHTML, like Gecko) Version/18.5 Mobile/15E148 Safari/604.1"
2a04:cec0:c019:158b:34ad:8ca4:ca4c:3c8b - - [08/Jun/2025:04:50:51 -0400] "GET /manga/btooom-chapter-68/ HTTP/1.1" 304 0 "https://w3.readbtooom.com/manga/btooom-chapter-69/" "Mozilla/5.0 (Macintosh; Intel Mac OS X 10_15_7) AppleWebKit/537.36 (KHTML, like Gecko) Chrome/137.0.0.0 Safari/537.36"
2a04:cec0:c019:158b:34ad:8ca4:ca4c:3c8b - - [08/Jun/2025:04:50:51 -0400] "GET /manga/btooom-chapter-70/ HTTP/1.1" 200 32314 "https://w3.readbtooom.com/manga/btooom-chapter-69/" "Mozilla/5.0 (Macintosh; Intel Mac OS X 10_15_7) AppleWebKit/537.36 (KHTML, like Gecko) Chrome/137.0.0.0 Safari/537.36"
2a04:cec0:c019:158b:34ad:8ca4:ca4c:3c8b - - [08/Jun/2025:04:50:52 -0400] "GET /manga/btooom-chapter-70/ HTTP/1.1" 304 0 "https://w3.readbtooom.com/manga/btooom-chapter-69/" "Mozilla/5.0 (Macintosh; Intel Mac OS X 10_15_7) AppleWebKit/537.36 (KHTML, like Gecko) Chrome/137.0.0.0 Safari/537.36"
162.0.232.193 - - [08/Jun/2025:04:50:52 -0400] "POST /wp-cron.php?doing_wp_cron=1749372652.7460598945617675781250 HTTP/1.1" 200 0 "-" "WordPress/6.4.5; https://w3.readbtooom.com"
2a04:cec0:c019:158b:34ad:8ca4:ca4c:3c8b - - [08/Jun/2025:04:50:52 -0400] "POST /wp-admin/admin-ajax.php HTTP/1.1" 200 69 "https://w3.readbtooom.com/manga/btooom-chapter-70/" "Mozilla/5.0 (Macintosh; Intel Mac OS X 10_15_7) AppleWebKit/537.36 (KHTML, like Gecko) Chrome/137.0.0.0 Safari/537.36"
143.44.193.103 - - [08/Jun/2025:04:51:33 -0400] "GET /manga/btooom-chapter-106/ HTTP/1.1" 200 33925 "https://w3.readbtooom.com/manga/btooom-chapter-105/" "Mozilla/5.0 (Linux; Android 10; K) AppleWebKit/537.36 (KHTML, like Gecko) Chrome/137.0.0.0 Mobile Safari/537.36"
143.44.193.103 - - [08/Jun/2025:04:51:34 -0400] "GET /manga/btooom-chapter-106/ HTTP/1.1" 304 0 "https://w3.readbtooom.com/manga/btooom-chapter-105/" "Mozilla/5.0 (Linux; Android 10; K) AppleWebKit/537.36 (KHTML, like Gecko) Chrome/137.0.0.0 Mobile Safari/537.36"
143.44.193.103 - - [08/Jun/2025:04:57:18 -0400] "GET /manga/btooom-chapter-107/ HTTP/1.1" 200 31050 "https://w3.readbtooom.com/manga/btooom-chapter-106/" "Mozilla/5.0 (Linux; Android 10; K) AppleWebKit/537.36 (KHTML, like Gecko) Chrome/137.0.0.0 Mobile Safari/537.36"
143.44.193.103 - - [08/Jun/2025:04:57:19 -0400] "GET /manga/btooom-chapter-107/ HTTP/1.1" 304 0 "https://w3.readbtooom.com/manga/btooom-chapter-106/" "Mozilla/5.0 (Linux; Android 10; K) AppleWebKit/537.36 (KHTML, like Gecko) Chrome/137.0.0.0 Mobile Safari/537.36"
218.212.69.217 - - [08/Jun/2025:04:57:45 -0400] "GET /manga/btooom-chapter-42/ HTTP/1.1" 304 0 "https://www.bing.com/" "Mozilla/5.0 (Windows NT 10.0; Win64; x64) AppleWebKit/537.36 (KHTML, like Gecko) Chrome/137.0.0.0 Safari/537.36 Edg/137.0.0.0"
162.0.232.193 - - [08/Jun/2025:04:57:47 -0400] "POST /wp-cron.php?doing_wp_cron=1749373067.3903639316558837890625 HTTP/1.1" 200 0 "-" "WordPress/6.4.5; https://w3.readbtooom.com"
218.212.69.217 - - [08/Jun/2025:04:57:47 -0400] "GET /privacy-policy/ HTTP/1.1" 200 12590 "https://w3.readbtooom.com/manga/btooom-chapter-42/" "Mozilla/5.0 (Windows NT 10.0; Win64; x64) AppleWebKit/537.36 (KHTML, like Gecko) Chrome/137.0.0.0 Safari/537.36 Edg/137.0.0.0"
218.212.69.217 - - [08/Jun/2025:04:57:45 -0400] "POST /wp-admin/admin-ajax.php HTTP/1.1" 200 69 "https://w3.readbtooom.com/manga/btooom-chapter-42/" "Mozilla/5.0 (Windows NT 10.0; Win64; x64) AppleWebKit/537.36 (KHTML, like Gecko) Chrome/137.0.0.0 Safari/537.36 Edg/137.0.0.0"
218.212.69.217 - - [08/Jun/2025:04:57:54 -0400] "GET / HTTP/1.1" 304 0 "https://w3.readbtooom.com/manga/btooom-chapter-42/" "Mozilla/5.0 (Windows NT 10.0; Win64; x64) AppleWebKit/537.36 (KHTML, like Gecko) Chrome/137.0.0.0 Safari/537.36 Edg/137.0.0.0"
218.212.69.217 - - [08/Jun/2025:04:57:54 -0400] "GET / HTTP/1.1" 304 0 "https://w3.readbtooom.com/manga/btooom-chapter-42/" "Mozilla/5.0 (Windows NT 10.0; Win64; x64) AppleWebKit/537.36 (KHTML, like Gecko) Chrome/137.0.0.0 Safari/537.36 Edg/137.0.0.0"
218.212.69.217 - - [08/Jun/2025:04:57:58 -0400] "GET /manga/btooom-chapter-44/ HTTP/1.1" 200 29922 "https://w3.readbtooom.com/" "Mozilla/5.0 (Windows NT 10.0; Win64; x64) AppleWebKit/537.36 (KHTML, like Gecko) Chrome/137.0.0.0 Safari/537.36 Edg/137.0.0.0"
218.212.69.217 - - [08/Jun/2025:04:57:58 -0400] "GET /manga/btooom-chapter-45/ HTTP/1.1" 200 30654 "https://w3.readbtooom.com/" "Mozilla/5.0 (Windows NT 10.0; Win64; x64) AppleWebKit/537.36 (KHTML, like Gecko) Chrome/137.0.0.0 Safari/537.36 Edg/137.0.0.0"
218.212.69.217 - - [08/Jun/2025:04:57:58 -0400] "GET /manga/btooom-chapter-48/ HTTP/1.1" 200 31324 "https://w3.readbtooom.com/" "Mozilla/5.0 (Windows NT 10.0; Win64; x64) AppleWebKit/537.36 (KHTML, like Gecko) Chrome/137.0.0.0 Safari/537.36 Edg/137.0.0.0"
218.212.69.217 - - [08/Jun/2025:04:57:59 -0400] "GET /manga/btooom-chapter-49/ HTTP/1.1" 200 30228 "https://w3.readbtooom.com/" "Mozilla/5.0 (Windows NT 10.0; Win64; x64) AppleWebKit/537.36 (KHTML, like Gecko) Chrome/137.0.0.0 Safari/537.36 Edg/137.0.0.0"
218.212.69.217 - - [08/Jun/2025:04:57:59 -0400] "GET /manga/btooom-chapter-49/ HTTP/1.1" 304 0 "https://w3.readbtooom.com/" "Mozilla/5.0 (Windows NT 10.0; Win64; x64) AppleWebKit/537.36 (KHTML, like Gecko) Chrome/137.0.0.0 Safari/537.36 Edg/137.0.0.0"
218.212.69.217 - - [08/Jun/2025:04:58:00 -0400] "GET /manga/btooom-chapter-121-2/ HTTP/1.1" 200 49702 "https://w3.readbtooom.com/manga/btooom-chapter-49/" "Mozilla/5.0 (Windows NT 10.0; Win64; x64) AppleWebKit/537.36 (KHTML, like Gecko) Chrome/137.0.0.0 Safari/537.36 Edg/137.0.0.0"
162.0.232.193 - - [08/Jun/2025:04:58:00 -0400] "POST /wp-cron.php?doing_wp_cron=1749373080.1618909835815429687500 HTTP/1.1" 200 0 "-" "WordPress/6.4.5; https://w3.readbtooom.com"
218.212.69.217 - - [08/Jun/2025:04:58:00 -0400] "POST /wp-admin/admin-ajax.php HTTP/1.1" 200 69 "https://w3.readbtooom.com/manga/btooom-chapter-49/" "Mozilla/5.0 (Windows NT 10.0; Win64; x64) AppleWebKit/537.36 (KHTML, like Gecko) Chrome/137.0.0.0 Safari/537.36 Edg/137.0.0.0"
162.0.232.193 - - [08/Jun/2025:04:58:42 -0400] "POST /wp-cron.php?doing_wp_cron=1749373122.1058819293975830078125 HTTP/1.1" 200 0 "-" "WordPress/6.4.5; https://w3.readbtooom.com"
218.212.69.217 - - [08/Jun/2025:04:58:41 -0400] "POST /wp-admin/admin-ajax.php HTTP/1.1" 200 69 "https://w3.readbtooom.com/manga/btooom-chapter-49/" "Mozilla/5.0 (Windows NT 10.0; Win64; x64) AppleWebKit/537.36 (KHTML, like Gecko) Chrome/137.0.0.0 Safari/537.36 Edg/137.0.0.0"
2a04:cec0:c019:158b:34ad:8ca4:ca4c:3c8b - - [08/Jun/2025:04:59:19 -0400] "GET /manga/btooom-chapter-71/ HTTP/1.1" 200 29878 "https://w3.readbtooom.com/manga/btooom-chapter-70/" "Mozilla/5.0 (Macintosh; Intel Mac OS X 10_15_7) AppleWebKit/537.36 (KHTML, like Gecko) Chrome/137.0.0.0 Safari/537.36"
2a04:cec0:c019:158b:34ad:8ca4:ca4c:3c8b - - [08/Jun/2025:04:59:19 -0400] "GET /manga/btooom-chapter-71/ HTTP/1.1" 304 0 "https://w3.readbtooom.com/manga/btooom-chapter-70/" "Mozilla/5.0 (Macintosh; Intel Mac OS X 10_15_7) AppleWebKit/537.36 (KHTML, like Gecko) Chrome/137.0.0.0 Safari/537.36"
162.0.232.193 - - [08/Jun/2025:04:59:19 -0400] "POST /wp-cron.php?doing_wp_cron=1749373159.9025781154632568359375 HTTP/1.1" 200 0 "-" "WordPress/6.4.5; https://w3.readbtooom.com"
2a04:cec0:c019:158b:34ad:8ca4:ca4c:3c8b - - [08/Jun/2025:04:59:19 -0400] "POST /wp-admin/admin-ajax.php HTTP/1.1" 200 69 "https://w3.readbtooom.com/manga/btooom-chapter-71/" "Mozilla/5.0 (Macintosh; Intel Mac OS X 10_15_7) AppleWebKit/537.36 (KHTML, like Gecko) Chrome/137.0.0.0 Safari/537.36"
218.212.69.217 - - [08/Jun/2025:04:59:27 -0400] "POST /wp-admin/admin-ajax.php HTTP/1.1" 200 69 "https://w3.readbtooom.com/manga/btooom-chapter-49/" "Mozilla/5.0 (Windows NT 10.0; Win64; x64) AppleWebKit/537.36 (KHTML, like Gecko) Chrome/137.0.0.0 Safari/537.36 Edg/137.0.0.0"
218.212.69.217 - - [08/Jun/2025:05:01:09 -0400] "GET /manga/btooom-chapter-48/ HTTP/1.1" 304 0 "https://w3.readbtooom.com/manga/btooom-chapter-49/" "Mozilla/5.0 (Windows NT 10.0; Win64; x64) AppleWebKit/537.36 (KHTML, like Gecko) Chrome/137.0.0.0 Safari/537.36 Edg/137.0.0.0"
218.212.69.217 - - [08/Jun/2025:05:01:10 -0400] "GET /manga/btooom-chapter-50/ HTTP/1.1" 200 33104 "https://w3.readbtooom.com/manga/btooom-chapter-49/" "Mozilla/5.0 (Windows NT 10.0; Win64; x64) AppleWebKit/537.36 (KHTML, like Gecko) Chrome/137.0.0.0 Safari/537.36 Edg/137.0.0.0"
218.212.69.217 - - [08/Jun/2025:05:01:10 -0400] "GET /manga/btooom-chapter-50/ HTTP/1.1" 304 0 "https://w3.readbtooom.com/manga/btooom-chapter-49/" "Mozilla/5.0 (Windows NT 10.0; Win64; x64) AppleWebKit/537.36 (KHTML, like Gecko) Chrome/137.0.0.0 Safari/537.36 Edg/137.0.0.0"
218.212.69.217 - - [08/Jun/2025:05:01:16 -0400] "GET /manga/btooom-chapter-50/ HTTP/1.1" 304 0 "https://w3.readbtooom.com/manga/btooom-chapter-49/" "Mozilla/5.0 (Windows NT 10.0; Win64; x64) AppleWebKit/537.36 (KHTML, like Gecko) Chrome/137.0.0.0 Safari/537.36 Edg/137.0.0.0"
218.212.69.217 - - [08/Jun/2025:05:01:16 -0400] "POST /wp-admin/admin-ajax.php HTTP/1.1" 200 0 "https://w3.readbtooom.com/manga/btooom-chapter-49/" "Mozilla/5.0 (Windows NT 10.0; Win64; x64) AppleWebKit/537.36 (KHTML, like Gecko) Chrome/137.0.0.0 Safari/537.36 Edg/137.0.0.0"
162.0.232.193 - - [08/Jun/2025:05:01:17 -0400] "POST /wp-cron.php?doing_wp_cron=1749373277.4203898906707763671875 HTTP/1.1" 200 0 "-" "WordPress/6.4.5; https://w3.readbtooom.com"
218.212.69.217 - - [08/Jun/2025:05:01:16 -0400] "POST /wp-admin/admin-ajax.php HTTP/1.1" 200 69 "https://w3.readbtooom.com/manga/btooom-chapter-50/" "Mozilla/5.0 (Windows NT 10.0; Win64; x64) AppleWebKit/537.36 (KHTML, like Gecko) Chrome/137.0.0.0 Safari/537.36 Edg/137.0.0.0"
143.44.193.103 - - [08/Jun/2025:05:03:34 -0400] "GET /manga/btooom-chapter-108/ HTTP/1.1" 200 31048 "https://w3.readbtooom.com/manga/btooom-chapter-107/" "Mozilla/5.0 (Linux; Android 10; K) AppleWebKit/537.36 (KHTML, like Gecko) Chrome/137.0.0.0 Mobile Safari/537.36"
143.44.193.103 - - [08/Jun/2025:05:03:34 -0400] "GET /manga/btooom-chapter-108/ HTTP/1.1" 304 0 "https://w3.readbtooom.com/manga/btooom-chapter-107/" "Mozilla/5.0 (Linux; Android 10; K) AppleWebKit/537.36 (KHTML, like Gecko) Chrome/137.0.0.0 Mobile Safari/537.36"
218.212.69.217 - - [08/Jun/2025:05:04:47 -0400] "GET /manga/btooom-chapter-51/ HTTP/1.1" 200 30217 "https://w3.readbtooom.com/manga/btooom-chapter-50/" "Mozilla/5.0 (Windows NT 10.0; Win64; x64) AppleWebKit/537.36 (KHTML, like Gecko) Chrome/137.0.0.0 Safari/537.36 Edg/137.0.0.0"
218.212.69.217 - - [08/Jun/2025:05:04:48 -0400] "GET /manga/btooom-chapter-51/ HTTP/1.1" 304 0 "https://w3.readbtooom.com/manga/btooom-chapter-50/" "Mozilla/5.0 (Windows NT 10.0; Win64; x64) AppleWebKit/537.36 (KHTML, like Gecko) Chrome/137.0.0.0 Safari/537.36 Edg/137.0.0.0"
220.81.90.43 - - [08/Jun/2025:05:04:58 -0400] "GET /manga/btooom-chapter-92/ HTTP/1.1" 200 29237 "https://www.google.com/" "Mozilla/5.0 (Windows NT 10.0; Win64; x64) AppleWebKit/537.36 (KHTML, like Gecko) Chrome/137.0.0.0 Safari/537.36"
220.81.90.43 - - [08/Jun/2025:05:05:03 -0400] "GET /wp-content/uploads/2021/11/cropped-190036-32x32.png HTTP/1.1" 200 2208 "https://w3.readbtooom.com/manga/btooom-chapter-92/" "Mozilla/5.0 (Windows NT 10.0; Win64; x64) AppleWebKit/537.36 (KHTML, like Gecko) Chrome/137.0.0.0 Safari/537.36"
79.210.186.60 - - [08/Jun/2025:05:07:13 -0400] "GET /manga/btooom-chapter-5/ HTTP/1.1" 200 23500 "https://w3.readbtooom.com/manga/btooom-chapter-4/" "Mozilla/5.0 (Macintosh; Intel Mac OS X 10_15_7) AppleWebKit/605.1.15 (KHTML, like Gecko) Version/18.5 Safari/605.1.15"
220.81.90.43 - - [08/Jun/2025:05:07:26 -0400] "GET /manga/btooom-chapter-92/ HTTP/1.1" 200 29237 "https://www.google.com/" "Mozilla/5.0 (Windows NT 10.0; Win64; x64) AppleWebKit/537.36 (KHTML, like Gecko) Chrome/137.0.0.0 Safari/537.36"
220.81.90.43 - - [08/Jun/2025:05:07:38 -0400] "GET /wp-content/uploads/2021/11/btooom-lyrics-200x300.jpg HTTP/1.1" 200 19605 "https://w3.readbtooom.com/manga/btooom-chapter-92/" "Mozilla/5.0 (Windows NT 10.0; Win64; x64) AppleWebKit/537.36 (KHTML, like Gecko) Chrome/137.0.0.0 Safari/537.36"
162.0.232.193 - - [08/Jun/2025:05:07:44 -0400] "POST /wp-cron.php?doing_wp_cron=1749373664.2199070453643798828125 HTTP/1.1" 200 0 "-" "WordPress/6.4.5; https://w3.readbtooom.com"
220.81.90.43 - - [08/Jun/2025:05:07:45 -0400] "GET /wp-includes/js/wp-emoji-release.min.js?ver=6.4.5 HTTP/1.1" 200 4651 "https://w1.readbtooom.com/" "Mozilla/5.0 (Windows NT 10.0; Win64; x64) AppleWebKit/537.36 (KHTML, like Gecko) Chrome/137.0.0.0 Safari/537.36"
220.81.90.43 - - [08/Jun/2025:05:07:45 -0400] "GET /wp-content/plugins/simple-social-buttons/assets/fonts/ssb-icon.woff?eahqa2 HTTP/1.1" 200 6288 "https://w3.readbtooom.com/wp-content/plugins/simple-social-buttons/assets/css/front.css?ver=5.1.1" "Mozilla/5.0 (Windows NT 10.0; Win64; x64) AppleWebKit/537.36 (KHTML, like Gecko) Chrome/137.0.0.0 Safari/537.36"
220.81.90.43 - - [08/Jun/2025:05:07:46 -0400] "GET /manga/ HTTP/1.1" 301 0 "https://w1.readbtooom.com/" "Mozilla/5.0 (Windows NT 10.0; Win64; x64) AppleWebKit/537.36 (KHTML, like Gecko) Chrome/137.0.0.0 Safari/537.36"
220.81.90.43 - - [08/Jun/2025:05:07:45 -0400] "POST /wp-admin/admin-ajax.php HTTP/1.1" 200 69 "https://w1.readbtooom.com/" "Mozilla/5.0 (Windows NT 10.0; Win64; x64) AppleWebKit/537.36 (KHTML, like Gecko) Chrome/137.0.0.0 Safari/537.36"
220.81.90.43 - - [08/Jun/2025:05:07:48 -0400] "GET / HTTP/1.1" 200 18608 "https://w1.readbtooom.com/" "Mozilla/5.0 (Windows NT 10.0; Win64; x64) AppleWebKit/537.36 (KHTML, like Gecko) Chrome/137.0.0.0 Safari/537.36"
220.81.90.43 - - [08/Jun/2025:05:07:48 -0400] "GET /manga/btooom-chapter-1/ HTTP/1.1" 200 35121 "https://w1.readbtooom.com/" "Mozilla/5.0 (Windows NT 10.0; Win64; x64) AppleWebKit/537.36 (KHTML, like Gecko) Chrome/137.0.0.0 Safari/537.36"
220.81.90.43 - - [08/Jun/2025:05:07:52 -0400] "GET /privacy-policy/ HTTP/1.1" 200 12590 "https://w3.readbtooom.com/manga/btooom-chapter-1/" "Mozilla/5.0 (Windows NT 10.0; Win64; x64) AppleWebKit/537.36 (KHTML, like Gecko) Chrome/137.0.0.0 Safari/537.36"
162.0.232.193 - - [08/Jun/2025:05:07:57 -0400] "POST /wp-cron.php?doing_wp_cron=1749373677.0241029262542724609375 HTTP/1.1" 200 0 "-" "WordPress/6.4.5; https://w3.readbtooom.com"
220.81.90.43 - - [08/Jun/2025:05:07:56 -0400] "POST /wp-admin/admin-ajax.php HTTP/1.1" 200 69 "https://w1.readbtooom.com/" "Mozilla/5.0 (Windows NT 10.0; Win64; x64) AppleWebKit/537.36 (KHTML, like Gecko) Chrome/137.0.0.0 Safari/537.36"
218.212.69.217 - - [08/Jun/2025:05:08:28 -0400] "GET /manga/btooom-chapter-50/ HTTP/1.1" 304 0 "https://w3.readbtooom.com/manga/btooom-chapter-51/" "Mozilla/5.0 (Windows NT 10.0; Win64; x64) AppleWebKit/537.36 (KHTML, like Gecko) Chrome/137.0.0.0 Safari/537.36 Edg/137.0.0.0"
218.212.69.217 - - [08/Jun/2025:05:08:29 -0400] "GET /manga/btooom-chapter-54/ HTTP/1.1" 200 31940 "https://w3.readbtooom.com/manga/btooom-chapter-51/" "Mozilla/5.0 (Windows NT 10.0; Win64; x64) AppleWebKit/537.36 (KHTML, like Gecko) Chrome/137.0.0.0 Safari/537.36 Edg/137.0.0.0"
218.212.69.217 - - [08/Jun/2025:05:08:29 -0400] "GET /manga/btooom-chapter-54/ HTTP/1.1" 304 0 "https://w3.readbtooom.com/manga/btooom-chapter-51/" "Mozilla/5.0 (Windows NT 10.0; Win64; x64) AppleWebKit/537.36 (KHTML, like Gecko) Chrome/137.0.0.0 Safari/537.36 Edg/137.0.0.0"
162.0.232.193 - - [08/Jun/2025:05:09:10 -0400] "POST /wp-cron.php?doing_wp_cron=1749373750.5798699855804443359375 HTTP/1.1" 200 0 "-" "WordPress/6.4.5; https://w3.readbtooom.com"
162.0.232.193 - - [08/Jun/2025:05:10:37 -0400] "POST /wp-cron.php?doing_wp_cron=1749373836.9725940227508544921875 HTTP/1.1" 200 0 "-" "WordPress/6.4.5; https://w3.readbtooom.com"
162.0.232.193 - - [08/Jun/2025:05:11:31 -0400] "POST /wp-cron.php?doing_wp_cron=1749373890.9310610294342041015625 HTTP/1.1" 200 0 "-" "WordPress/6.4.5; https://w3.readbtooom.com"
79.124.76.167 - - [08/Jun/2025:05:11:30 -0400] "POST /xmlrpc.php HTTP/1.1" 200 186 "https://w3.readbtooom.com" "Mozilla/5.0 (Macintosh; Intel Mac OS X 13.3; rv:126.0) Gecko/20100101 Firefox/126.0"
79.124.76.167 - - [08/Jun/2025:05:11:34 -0400] "POST /wp-login.php HTTP/1.1" 200 1982 "https://w3.readbtooom.com" "Mozilla/5.0 (Macintosh; Intel Mac OS X 14.3) AppleWebKit/614.31.14 (KHTML, like Gecko) Version/17.0.96 Safari/614.31.14"
162.0.232.193 - - [08/Jun/2025:05:12:14 -0400] "POST /wp-cron.php?doing_wp_cron=1749373934.8690838813781738281250 HTTP/1.1" 200 0 "-" "WordPress/6.4.5; https://w3.readbtooom.com"
158.220.102.209 - - [08/Jun/2025:05:12:14 -0400] "POST /xmlrpc.php HTTP/1.1" 200 205 "-" "Mozilla/5.0 (X11; Ubuntu; Linux x86_64; rv:85.0) Gecko/20100101 Firefox/91.0"
162.0.232.193 - - [08/Jun/2025:05:14:12 -0400] "POST /wp-cron.php?doing_wp_cron=1749374052.1277470588684082031250 HTTP/1.1" 200 0 "-" "WordPress/6.4.5; https://w3.readbtooom.com"
79.210.186.60 - - [08/Jun/2025:05:14:23 -0400] "GET /manga/btooom-chapter-6/ HTTP/1.1" 200 25156 "https://w3.readbtooom.com/manga/btooom-chapter-5/" "Mozilla/5.0 (Macintosh; Intel Mac OS X 10_15_7) AppleWebKit/605.1.15 (KHTML, like Gecko) Version/18.5 Safari/605.1.15"
79.210.186.60 - - [08/Jun/2025:05:14:24 -0400] "POST /wp-admin/admin-ajax.php HTTP/1.1" 200 69 "https://w3.readbtooom.com/manga/btooom-chapter-6/" "Mozilla/5.0 (Macintosh; Intel Mac OS X 10_15_7) AppleWebKit/605.1.15 (KHTML, like Gecko) Version/18.5 Safari/605.1.15"
114.119.136.150 - - [08/Jun/2025:05:15:02 -0400] "GET /manga/btooom-chapter-54/ HTTP/1.1" 200 31940 "https://w3.readbtooom.com/tag/btooom-manga/" "Mozilla/5.0 (Linux; Android 7.0;) AppleWebKit/537.36 (KHTML, like Gecko) Mobile Safari/537.36 (compatible; PetalBot;+https://webmaster.petalsearch.com/site/petalbot)"
114.119.135.207 - - [08/Jun/2025:05:16:22 -0400] "GET /manga/btooom-chapter-116/ HTTP/1.1" 200 32785 "https://w3.readbtooom.com/manga/btooom-chapter-6/" "Mozilla/5.0 (Linux; Android 7.0;) AppleWebKit/537.36 (KHTML, like Gecko) Mobile Safari/537.36 (compatible; PetalBot;+https://webmaster.petalsearch.com/site/petalbot)"
71.132.43.3 - - [08/Jun/2025:05:16:55 -0400] "GET / HTTP/1.1" 200 18608 "-" "Mozilla/5.0 (Linux; Android 10; HD1900 Build/QKQ1.190716.003; wv) AppleWebKit/537.36 (KHTML, like Gecko) Version/4.0 Chrome/75.0.3770.156 Mobile Safari/537.36  aweme_230400 JsSdk/1.0 NetType/WIFI  AppName/aweme app_version/23.4.0 ByteLocale/zh-CN Region/CN AppSkin/white AppTheme/light BytedanceWebview/d8a21c6 WebView/075113004008"
71.132.43.3 - - [08/Jun/2025:05:16:56 -0400] "GET /wp-content/uploads/2021/11/51YmOLZ5fWL.jpg HTTP/1.1" 200 46158 "https://w3.readbtooom.com/" "Mozilla/5.0 (Linux; Android 10; HD1900 Build/QKQ1.190716.003; wv) AppleWebKit/537.36 (KHTML, like Gecko) Version/4.0 Chrome/75.0.3770.156 Mobile Safari/537.36  aweme_230400 JsSdk/1.0 NetType/WIFI  AppName/aweme app_version/23.4.0 ByteLocale/zh-CN Region/CN AppSkin/white AppTheme/light BytedanceWebview/d8a21c6 WebView/075113004008"
71.132.43.3 - - [08/Jun/2025:05:16:56 -0400] "GET /wp-content/uploads/2021/11/45731737.jpg HTTP/1.1" 200 34289 "https://w3.readbtooom.com/" "Mozilla/5.0 (Linux; Android 10; HD1900 Build/QKQ1.190716.003; wv) AppleWebKit/537.36 (KHTML, like Gecko) Version/4.0 Chrome/75.0.3770.156 Mobile Safari/537.36  aweme_230400 JsSdk/1.0 NetType/WIFI  AppName/aweme app_version/23.4.0 ByteLocale/zh-CN Region/CN AppSkin/white AppTheme/light BytedanceWebview/d8a21c6 WebView/075113004008"
142.181.216.44 - - [08/Jun/2025:05:18:49 -0400] "GET /manga/btooom-chapter-75/ HTTP/1.1" 200 29669 "https://www.google.com/" "Mozilla/5.0 (X11; Linux x86_64) AppleWebKit/537.36 (KHTML, like Gecko) Chrome/135.0.0.0 Safari/537.36"
142.181.216.44 - - [08/Jun/2025:05:18:56 -0400] "GET /wp-content/uploads/2021/11/btooom-lyrics-200x300.jpg HTTP/1.1" 200 19605 "https://w3.readbtooom.com/manga/btooom-chapter-75/" "Mozilla/5.0 (X11; Linux x86_64) AppleWebKit/537.36 (KHTML, like Gecko) Chrome/135.0.0.0 Safari/537.36"
162.0.232.193 - - [08/Jun/2025:05:19:14 -0400] "POST /wp-cron.php?doing_wp_cron=1749374353.9765551090240478515625 HTTP/1.1" 200 0 "-" "WordPress/6.4.5; https://w3.readbtooom.com"
2001:ee0:4c68:d940:f93d:222f:8b7d:9d7f - - [08/Jun/2025:05:20:51 -0400] "GET /manga/btooom-chapter-29/ HTTP/1.1" 200 21727 "https://www.google.com/" "Mozilla/5.0 (iPhone; CPU iPhone OS 18_5 like Mac OS X) AppleWebKit/605.1.15 (KHTML, like Gecko) Version/18.5 Mobile/15E148 Safari/604.1"
79.210.186.60 - - [08/Jun/2025:05:21:39 -0400] "GET /manga/btooom-chapter-7/ HTTP/1.1" 200 24239 "https://w3.readbtooom.com/manga/btooom-chapter-6/" "Mozilla/5.0 (Macintosh; Intel Mac OS X 10_15_7) AppleWebKit/605.1.15 (KHTML, like Gecko) Version/18.5 Safari/605.1.15"
66.249.64.130 - - [08/Jun/2025:05:22:16 -0400] "GET /manga/btooom-chapter-95/ HTTP/1.1" 200 31812 "-" "Mozilla/5.0 (Linux; Android 6.0.1; Nexus 5X Build/MMB29P) AppleWebKit/537.36 (KHTML, like Gecko) Chrome/136.0.7103.113 Mobile Safari/537.36 (compatible; Googlebot/2.1; +http://www.google.com/bot.html)"
162.0.232.193 - - [08/Jun/2025:05:22:20 -0400] "POST /wp-cron.php?doing_wp_cron=1749374540.8536798954010009765625 HTTP/1.1" 200 0 "-" "WordPress/6.4.5; https://w3.readbtooom.com"
66.249.64.130 - - [08/Jun/2025:05:22:19 -0400] "POST /wp-admin/admin-ajax.php HTTP/1.1" 200 69 "https://w3.readbtooom.com/manga/btooom-chapter-95/" "Mozilla/5.0 (Linux; Android 6.0.1; Nexus 5X Build/MMB29P) AppleWebKit/537.36 (KHTML, like Gecko) Chrome/136.0.7103.92 Mobile Safari/537.36 (compatible; Googlebot/2.1; +http://www.google.com/bot.html)"
142.181.216.44 - - [08/Jun/2025:05:22:30 -0400] "GET /manga/btooom-chapter-76/ HTTP/1.1" 200 30000 "https://w3.readbtooom.com/manga/btooom-chapter-75/" "Mozilla/5.0 (X11; Linux x86_64) AppleWebKit/537.36 (KHTML, like Gecko) Chrome/135.0.0.0 Safari/537.36"
142.181.216.44 - - [08/Jun/2025:05:22:31 -0400] "GET /manga/btooom-chapter-76/ HTTP/1.1" 304 0 "https://w3.readbtooom.com/manga/btooom-chapter-75/" "Mozilla/5.0 (X11; Linux x86_64) AppleWebKit/537.36 (KHTML, like Gecko) Chrome/135.0.0.0 Safari/537.36"
142.181.216.44 - - [08/Jun/2025:05:22:31 -0400] "POST /wp-admin/admin-ajax.php HTTP/1.1" 200 69 "https://w3.readbtooom.com/manga/btooom-chapter-76/" "Mozilla/5.0 (X11; Linux x86_64) AppleWebKit/537.36 (KHTML, like Gecko) Chrome/135.0.0.0 Safari/537.36"
142.181.216.44 - - [08/Jun/2025:05:22:49 -0400] "GET /manga/btooom-chapter-75/ HTTP/1.1" 200 29669 "https://w3.readbtooom.com/manga/btooom-chapter-76/" "Mozilla/5.0 (X11; Linux x86_64) AppleWebKit/537.36 (KHTML, like Gecko) Chrome/135.0.0.0 Safari/537.36"
142.181.216.44 - - [08/Jun/2025:05:22:49 -0400] "GET /manga/btooom-chapter-77/ HTTP/1.1" 200 31385 "https://w3.readbtooom.com/manga/btooom-chapter-76/" "Mozilla/5.0 (X11; Linux x86_64) AppleWebKit/537.36 (KHTML, like Gecko) Chrome/135.0.0.0 Safari/537.36"
142.181.216.44 - - [08/Jun/2025:05:22:50 -0400] "GET /manga/btooom-chapter-77/ HTTP/1.1" 304 0 "https://w3.readbtooom.com/manga/btooom-chapter-76/" "Mozilla/5.0 (X11; Linux x86_64) AppleWebKit/537.36 (KHTML, like Gecko) Chrome/135.0.0.0 Safari/537.36"
2a04:cec0:c019:158b:6198:2e77:2e1c:8440 - - [08/Jun/2025:05:23:16 -0400] "GET /manga/btooom-chapter-72/ HTTP/1.1" 200 30165 "https://w3.readbtooom.com/manga/btooom-chapter-71/" "Mozilla/5.0 (Macintosh; Intel Mac OS X 10_15_7) AppleWebKit/537.36 (KHTML, like Gecko) Chrome/137.0.0.0 Safari/537.36"
2a04:cec0:c019:158b:6198:2e77:2e1c:8440 - - [08/Jun/2025:05:23:16 -0400] "GET /manga/btooom-chapter-72/ HTTP/1.1" 304 0 "https://w3.readbtooom.com/manga/btooom-chapter-71/" "Mozilla/5.0 (Macintosh; Intel Mac OS X 10_15_7) AppleWebKit/537.36 (KHTML, like Gecko) Chrome/137.0.0.0 Safari/537.36"
162.0.232.193 - - [08/Jun/2025:05:23:17 -0400] "POST /wp-cron.php?doing_wp_cron=1749374597.2664139270782470703125 HTTP/1.1" 200 0 "-" "WordPress/6.4.5; https://w3.readbtooom.com"
2a04:cec0:c019:158b:6198:2e77:2e1c:8440 - - [08/Jun/2025:05:23:17 -0400] "POST /wp-admin/admin-ajax.php HTTP/1.1" 200 69 "https://w3.readbtooom.com/manga/btooom-chapter-72/" "Mozilla/5.0 (Macintosh; Intel Mac OS X 10_15_7) AppleWebKit/537.36 (KHTML, like Gecko) Chrome/137.0.0.0 Safari/537.36"
142.181.216.44 - - [08/Jun/2025:05:23:28 -0400] "GET /manga/btooom-chapter-78/ HTTP/1.1" 200 32338 "https://w3.readbtooom.com/manga/btooom-chapter-77/" "Mozilla/5.0 (X11; Linux x86_64) AppleWebKit/537.36 (KHTML, like Gecko) Chrome/135.0.0.0 Safari/537.36"
142.181.216.44 - - [08/Jun/2025:05:23:29 -0400] "GET /manga/btooom-chapter-78/ HTTP/1.1" 304 0 "https://w3.readbtooom.com/manga/btooom-chapter-77/" "Mozilla/5.0 (X11; Linux x86_64) AppleWebKit/537.36 (KHTML, like Gecko) Chrome/135.0.0.0 Safari/537.36"
142.181.216.44 - - [08/Jun/2025:05:23:52 -0400] "GET /manga/btooom-chapter-77/ HTTP/1.1" 304 0 "https://w3.readbtooom.com/manga/btooom-chapter-78/" "Mozilla/5.0 (X11; Linux x86_64) AppleWebKit/537.36 (KHTML, like Gecko) Chrome/135.0.0.0 Safari/537.36"
142.181.216.44 - - [08/Jun/2025:05:24:04 -0400] "GET /manga/btooom-chapter-80/ HTTP/1.1" 200 30006 "https://w3.readbtooom.com/manga/btooom-chapter-78/" "Mozilla/5.0 (X11; Linux x86_64) AppleWebKit/537.36 (KHTML, like Gecko) Chrome/135.0.0.0 Safari/537.36"
142.181.216.44 - - [08/Jun/2025:05:24:04 -0400] "GET /manga/btooom-chapter-80/ HTTP/1.1" 304 0 "https://w3.readbtooom.com/manga/btooom-chapter-78/" "Mozilla/5.0 (X11; Linux x86_64) AppleWebKit/537.36 (KHTML, like Gecko) Chrome/135.0.0.0 Safari/537.36"
162.0.232.193 - - [08/Jun/2025:05:24:05 -0400] "POST /wp-cron.php?doing_wp_cron=1749374645.2792379856109619140625 HTTP/1.1" 200 0 "-" "WordPress/6.4.5; https://w3.readbtooom.com"
142.181.216.44 - - [08/Jun/2025:05:24:05 -0400] "POST /wp-admin/admin-ajax.php HTTP/1.1" 200 69 "https://w3.readbtooom.com/manga/btooom-chapter-80/" "Mozilla/5.0 (X11; Linux x86_64) AppleWebKit/537.36 (KHTML, like Gecko) Chrome/135.0.0.0 Safari/537.36"
142.181.216.44 - - [08/Jun/2025:05:25:11 -0400] "GET /manga/btooom-chapter-79/ HTTP/1.1" 200 30063 "https://w3.readbtooom.com/manga/btooom-chapter-80/" "Mozilla/5.0 (X11; Linux x86_64) AppleWebKit/537.36 (KHTML, like Gecko) Chrome/135.0.0.0 Safari/537.36"
142.181.216.44 - - [08/Jun/2025:05:25:12 -0400] "GET /manga/btooom-chapter-79/ HTTP/1.1" 304 0 "https://w3.readbtooom.com/manga/btooom-chapter-80/" "Mozilla/5.0 (X11; Linux x86_64) AppleWebKit/537.36 (KHTML, like Gecko) Chrome/135.0.0.0 Safari/537.36"
162.0.232.193 - - [08/Jun/2025:05:25:55 -0400] "POST /wp-cron.php?doing_wp_cron=1749374755.0967190265655517578125 HTTP/1.1" 200 0 "-" "WordPress/6.4.5; https://w3.readbtooom.com"
162.0.232.193 - - [08/Jun/2025:05:28:19 -0400] "POST /wp-cron.php?doing_wp_cron=1749374899.6668291091918945312500 HTTP/1.1" 200 0 "-" "WordPress/6.4.5; https://w3.readbtooom.com"
142.181.216.44 - - [08/Jun/2025:05:28:22 -0400] "GET /manga/btooom-chapter-81/ HTTP/1.1" 200 31114 "https://w3.readbtooom.com/manga/btooom-chapter-79/" "Mozilla/5.0 (X11; Linux x86_64) AppleWebKit/537.36 (KHTML, like Gecko) Chrome/135.0.0.0 Safari/537.36"
142.181.216.44 - - [08/Jun/2025:05:28:23 -0400] "GET /manga/btooom-chapter-81/ HTTP/1.1" 304 0 "https://w3.readbtooom.com/manga/btooom-chapter-79/" "Mozilla/5.0 (X11; Linux x86_64) AppleWebKit/537.36 (KHTML, like Gecko) Chrome/135.0.0.0 Safari/537.36"
142.181.216.44 - - [08/Jun/2025:05:28:24 -0400] "POST /wp-admin/admin-ajax.php HTTP/1.1" 200 69 "https://w3.readbtooom.com/manga/btooom-chapter-81/" "Mozilla/5.0 (X11; Linux x86_64) AppleWebKit/537.36 (KHTML, like Gecko) Chrome/135.0.0.0 Safari/537.36"
142.181.216.44 - - [08/Jun/2025:05:28:49 -0400] "GET /manga/btooom-chapter-79/ HTTP/1.1" 304 0 "https://w3.readbtooom.com/manga/btooom-chapter-81/" "Mozilla/5.0 (X11; Linux x86_64) AppleWebKit/537.36 (KHTML, like Gecko) Chrome/135.0.0.0 Safari/537.36"
142.181.216.44 - - [08/Jun/2025:05:28:50 -0400] "GET /manga/btooom-chapter-82/ HTTP/1.1" 200 33562 "https://w3.readbtooom.com/manga/btooom-chapter-81/" "Mozilla/5.0 (X11; Linux x86_64) AppleWebKit/537.36 (KHTML, like Gecko) Chrome/135.0.0.0 Safari/537.36"
142.181.216.44 - - [08/Jun/2025:05:28:50 -0400] "GET /manga/btooom-chapter-82/ HTTP/1.1" 304 0 "https://w3.readbtooom.com/manga/btooom-chapter-81/" "Mozilla/5.0 (X11; Linux x86_64) AppleWebKit/537.36 (KHTML, like Gecko) Chrome/135.0.0.0 Safari/537.36"
162.0.232.193 - - [08/Jun/2025:05:28:51 -0400] "POST /wp-cron.php?doing_wp_cron=1749374930.9354820251464843750000 HTTP/1.1" 200 0 "-" "WordPress/6.4.5; https://w3.readbtooom.com"
142.181.216.44 - - [08/Jun/2025:05:28:50 -0400] "POST /wp-admin/admin-ajax.php HTTP/1.1" 200 69 "https://w3.readbtooom.com/manga/btooom-chapter-82/" "Mozilla/5.0 (X11; Linux x86_64) AppleWebKit/537.36 (KHTML, like Gecko) Chrome/135.0.0.0 Safari/537.36"
142.181.216.44 - - [08/Jun/2025:05:29:09 -0400] "GET /manga/btooom-chapter-81/ HTTP/1.1" 304 0 "https://w3.readbtooom.com/manga/btooom-chapter-82/" "Mozilla/5.0 (X11; Linux x86_64) AppleWebKit/537.36 (KHTML, like Gecko) Chrome/135.0.0.0 Safari/537.36"
2a04:cec0:c019:158b:6198:2e77:2e1c:8440 - - [08/Jun/2025:05:29:14 -0400] "GET /manga/btooom-chapter-73/ HTTP/1.1" 200 31049 "https://w3.readbtooom.com/manga/btooom-chapter-72/" "Mozilla/5.0 (Macintosh; Intel Mac OS X 10_15_7) AppleWebKit/537.36 (KHTML, like Gecko) Chrome/137.0.0.0 Safari/537.36"
2a04:cec0:c019:158b:6198:2e77:2e1c:8440 - - [08/Jun/2025:05:29:15 -0400] "GET /manga/btooom-chapter-73/ HTTP/1.1" 304 0 "https://w3.readbtooom.com/manga/btooom-chapter-72/" "Mozilla/5.0 (Macintosh; Intel Mac OS X 10_15_7) AppleWebKit/537.36 (KHTML, like Gecko) Chrome/137.0.0.0 Safari/537.36"
2a04:cec0:c019:158b:6198:2e77:2e1c:8440 - - [08/Jun/2025:05:29:15 -0400] "POST /wp-admin/admin-ajax.php HTTP/1.1" 200 69 "https://w3.readbtooom.com/manga/btooom-chapter-73/" "Mozilla/5.0 (Macintosh; Intel Mac OS X 10_15_7) AppleWebKit/537.36 (KHTML, like Gecko) Chrome/137.0.0.0 Safari/537.36"
142.181.216.44 - - [08/Jun/2025:05:29:18 -0400] "GET /manga/btooom-chapter-58 HTTP/1.1" 200 34805 "-" "Mozilla/5.0 (X11; Linux x86_64) AppleWebKit/537.36 (KHTML, like Gecko) Chrome/135.0.0.0 Safari/537.36"
142.181.216.44 - - [08/Jun/2025:05:29:53 -0400] "GET /manga/btooom-chapter-59/ HTTP/1.1" 200 30497 "https://w3.readbtooom.com/manga/btooom-chapter-58" "Mozilla/5.0 (X11; Linux x86_64) AppleWebKit/537.36 (KHTML, like Gecko) Chrome/135.0.0.0 Safari/537.36"
142.181.216.44 - - [08/Jun/2025:05:29:54 -0400] "GET /manga/btooom-chapter-59/ HTTP/1.1" 304 0 "https://w3.readbtooom.com/manga/btooom-chapter-58" "Mozilla/5.0 (X11; Linux x86_64) AppleWebKit/537.36 (KHTML, like Gecko) Chrome/135.0.0.0 Safari/537.36"
162.0.232.193 - - [08/Jun/2025:05:29:54 -0400] "POST /wp-cron.php?doing_wp_cron=1749374994.5615210533142089843750 HTTP/1.1" 200 0 "-" "WordPress/6.4.5; https://w3.readbtooom.com"
142.181.216.44 - - [08/Jun/2025:05:29:54 -0400] "POST /wp-admin/admin-ajax.php HTTP/1.1" 200 69 "https://w3.readbtooom.com/manga/btooom-chapter-59/" "Mozilla/5.0 (X11; Linux x86_64) AppleWebKit/537.36 (KHTML, like Gecko) Chrome/135.0.0.0 Safari/537.36"
142.181.216.44 - - [08/Jun/2025:05:30:39 -0400] "GET /manga/btooom-chapter-60/ HTTP/1.1" 200 29993 "https://w3.readbtooom.com/manga/btooom-chapter-59/" "Mozilla/5.0 (X11; Linux x86_64) AppleWebKit/537.36 (KHTML, like Gecko) Chrome/135.0.0.0 Safari/537.36"
142.181.216.44 - - [08/Jun/2025:05:30:39 -0400] "GET /manga/btooom-chapter-60/ HTTP/1.1" 304 0 "https://w3.readbtooom.com/manga/btooom-chapter-59/" "Mozilla/5.0 (X11; Linux x86_64) AppleWebKit/537.36 (KHTML, like Gecko) Chrome/135.0.0.0 Safari/537.36"
162.0.232.193 - - [08/Jun/2025:05:30:39 -0400] "POST /wp-cron.php?doing_wp_cron=1749375039.8120729923248291015625 HTTP/1.1" 200 0 "-" "WordPress/6.4.5; https://w3.readbtooom.com"
142.181.216.44 - - [08/Jun/2025:05:30:39 -0400] "POST /wp-admin/admin-ajax.php HTTP/1.1" 200 69 "https://w3.readbtooom.com/manga/btooom-chapter-60/" "Mozilla/5.0 (X11; Linux x86_64) AppleWebKit/537.36 (KHTML, like Gecko) Chrome/135.0.0.0 Safari/537.36"
142.181.216.44 - - [08/Jun/2025:05:30:53 -0400] "GET /manga/btooom-chapter-61/ HTTP/1.1" 200 31802 "https://w3.readbtooom.com/manga/btooom-chapter-60/" "Mozilla/5.0 (X11; Linux x86_64) AppleWebKit/537.36 (KHTML, like Gecko) Chrome/135.0.0.0 Safari/537.36"
142.181.216.44 - - [08/Jun/2025:05:30:53 -0400] "GET /manga/btooom-chapter-61/ HTTP/1.1" 304 0 "https://w3.readbtooom.com/manga/btooom-chapter-60/" "Mozilla/5.0 (X11; Linux x86_64) AppleWebKit/537.36 (KHTML, like Gecko) Chrome/135.0.0.0 Safari/537.36"
162.0.232.193 - - [08/Jun/2025:05:30:54 -0400] "POST /wp-cron.php?doing_wp_cron=1749375054.3264899253845214843750 HTTP/1.1" 200 0 "-" "WordPress/6.4.5; https://w3.readbtooom.com"
142.181.216.44 - - [08/Jun/2025:05:30:54 -0400] "POST /wp-admin/admin-ajax.php HTTP/1.1" 200 69 "https://w3.readbtooom.com/manga/btooom-chapter-61/" "Mozilla/5.0 (X11; Linux x86_64) AppleWebKit/537.36 (KHTML, like Gecko) Chrome/135.0.0.0 Safari/537.36"
66.249.64.129 - - [08/Jun/2025:05:31:24 -0400] "GET /manga/btooom-chapter-44/ HTTP/1.1" 200 29922 "-" "Mozilla/5.0 (Linux; Android 6.0.1; Nexus 5X Build/MMB29P) AppleWebKit/537.36 (KHTML, like Gecko) Chrome/136.0.7103.113 Mobile Safari/537.36 (compatible; Googlebot/2.1; +http://www.google.com/bot.html)"
142.181.216.44 - - [08/Jun/2025:05:31:31 -0400] "GET /manga/btooom-chapter-90 HTTP/1.1" 200 31867 "-" "Mozilla/5.0 (X11; Linux x86_64) AppleWebKit/537.36 (KHTML, like Gecko) Chrome/135.0.0.0 Safari/537.36"
162.0.232.193 - - [08/Jun/2025:05:32:25 -0400] "POST /wp-cron.php?doing_wp_cron=1749375144.9899580478668212890625 HTTP/1.1" 200 0 "-" "WordPress/6.4.5; https://w3.readbtooom.com"
66.249.64.129 - - [08/Jun/2025:05:32:26 -0400] "GET /manga/btooom-chapter-102/ HTTP/1.1" 200 33603 "-" "Mozilla/5.0 (Linux; Android 6.0.1; Nexus 5X Build/MMB29P) AppleWebKit/537.36 (KHTML, like Gecko) Chrome/136.0.7103.113 Mobile Safari/537.36 (compatible; Googlebot/2.1; +http://www.google.com/bot.html)"
142.181.216.44 - - [08/Jun/2025:05:32:29 -0400] "GET /manga/btooom-chapter-91/ HTTP/1.1" 200 30893 "https://w3.readbtooom.com/manga/btooom-chapter-90" "Mozilla/5.0 (X11; Linux x86_64) AppleWebKit/537.36 (KHTML, like Gecko) Chrome/135.0.0.0 Safari/537.36"
142.181.216.44 - - [08/Jun/2025:05:32:30 -0400] "GET /manga/btooom-chapter-91/ HTTP/1.1" 304 0 "https://w3.readbtooom.com/manga/btooom-chapter-90" "Mozilla/5.0 (X11; Linux x86_64) AppleWebKit/537.36 (KHTML, like Gecko) Chrome/135.0.0.0 Safari/537.36"
162.0.232.193 - - [08/Jun/2025:05:33:01 -0400] "POST /wp-cron.php?doing_wp_cron=1749375181.1856560707092285156250 HTTP/1.1" 200 0 "-" "WordPress/6.4.5; https://w3.readbtooom.com"
82.156.199.117 - - [08/Jun/2025:05:33:00 -0400] "POST /xmlrpc.php HTTP/1.1" 200 186 "https://w3.readbtooom.com" "Mozilla/5.0 (Macintosh; Intel Mac OS X 10_15_7) AppleWebKit/537.36 (KHTML, like Gecko) Chrome/114.0.5735.134 Safari/537.36"
8.210.199.195 - - [08/Jun/2025:05:33:02 -0400] "HEAD / HTTP/1.1" 200 0 "-" "Mozilla/5.0 (Windows NT 6.0; Win64; x64) AppleWebKit/537.36 (KHTML, like Gecko) Chrome/61.0.3353.121 Safari/537.36"
8.210.199.195 - - [08/Jun/2025:05:33:02 -0400] "GET / HTTP/1.1" 200 18608 "-" "Mozilla/5.0 (Windows NT 6.0; Win64; x64) AppleWebKit/537.36 (KHTML, like Gecko) Chrome/61.0.3353.121 Safari/537.36"
82.156.199.117 - - [08/Jun/2025:05:33:02 -0400] "POST /wp-login.php HTTP/1.1" 200 1982 "https://w3.readbtooom.com" "Mozilla/5.0 (Macintosh; Intel Mac OS X 10_15_7) AppleWebKit/537.36 (KHTML, like Gecko) Chrome/115.0.5790.102 Safari/537.36"
142.181.216.44 - - [08/Jun/2025:05:33:14 -0400] "GET /manga/btooom-chapter-92/ HTTP/1.1" 200 29237 "https://w3.readbtooom.com/manga/btooom-chapter-91/" "Mozilla/5.0 (X11; Linux x86_64) AppleWebKit/537.36 (KHTML, like Gecko) Chrome/135.0.0.0 Safari/537.36"
142.181.216.44 - - [08/Jun/2025:05:33:15 -0400] "GET /manga/btooom-chapter-92/ HTTP/1.1" 304 0 "https://w3.readbtooom.com/manga/btooom-chapter-91/" "Mozilla/5.0 (X11; Linux x86_64) AppleWebKit/537.36 (KHTML, like Gecko) Chrome/135.0.0.0 Safari/537.36"
142.181.216.44 - - [08/Jun/2025:05:34:08 -0400] "GET /manga/btooom-chapter-91/ HTTP/1.1" 304 0 "https://w3.readbtooom.com/manga/btooom-chapter-92/" "Mozilla/5.0 (X11; Linux x86_64) AppleWebKit/537.36 (KHTML, like Gecko) Chrome/135.0.0.0 Safari/537.36"
142.181.216.44 - - [08/Jun/2025:05:34:09 -0400] "GET /manga/btooom-chapter-93/ HTTP/1.1" 200 30701 "https://w3.readbtooom.com/manga/btooom-chapter-92/" "Mozilla/5.0 (X11; Linux x86_64) AppleWebKit/537.36 (KHTML, like Gecko) Chrome/135.0.0.0 Safari/537.36"
142.181.216.44 - - [08/Jun/2025:05:34:09 -0400] "GET /manga/btooom-chapter-93/ HTTP/1.1" 304 0 "https://w3.readbtooom.com/manga/btooom-chapter-92/" "Mozilla/5.0 (X11; Linux x86_64) AppleWebKit/537.36 (KHTML, like Gecko) Chrome/135.0.0.0 Safari/537.36"
2a04:cec0:c019:158b:6198:2e77:2e1c:8440 - - [08/Jun/2025:05:35:30 -0400] "GET /manga/btooom-chapter-74/ HTTP/1.1" 200 33300 "https://w3.readbtooom.com/manga/btooom-chapter-73/" "Mozilla/5.0 (Macintosh; Intel Mac OS X 10_15_7) AppleWebKit/537.36 (KHTML, like Gecko) Chrome/137.0.0.0 Safari/537.36"
2a04:cec0:c019:158b:6198:2e77:2e1c:8440 - - [08/Jun/2025:05:35:30 -0400] "GET /manga/btooom-chapter-74/ HTTP/1.1" 304 0 "https://w3.readbtooom.com/manga/btooom-chapter-73/" "Mozilla/5.0 (Macintosh; Intel Mac OS X 10_15_7) AppleWebKit/537.36 (KHTML, like Gecko) Chrome/137.0.0.0 Safari/537.36"
162.0.232.193 - - [08/Jun/2025:05:35:32 -0400] "POST /wp-cron.php?doing_wp_cron=1749375332.7288110256195068359375 HTTP/1.1" 200 0 "-" "WordPress/6.4.5; https://w3.readbtooom.com"
2a04:cec0:c019:158b:6198:2e77:2e1c:8440 - - [08/Jun/2025:05:35:31 -0400] "POST /wp-admin/admin-ajax.php HTTP/1.1" 200 69 "https://w3.readbtooom.com/manga/btooom-chapter-74/" "Mozilla/5.0 (Macintosh; Intel Mac OS X 10_15_7) AppleWebKit/537.36 (KHTML, like Gecko) Chrome/137.0.0.0 Safari/537.36"
142.181.216.44 - - [08/Jun/2025:05:35:45 -0400] "GET /manga/btooom-chapter-94/ HTTP/1.1" 200 32452 "https://w3.readbtooom.com/manga/btooom-chapter-93/" "Mozilla/5.0 (X11; Linux x86_64) AppleWebKit/537.36 (KHTML, like Gecko) Chrome/135.0.0.0 Safari/537.36"
142.181.216.44 - - [08/Jun/2025:05:35:46 -0400] "GET /manga/btooom-chapter-94/ HTTP/1.1" 304 0 "https://w3.readbtooom.com/manga/btooom-chapter-93/" "Mozilla/5.0 (X11; Linux x86_64) AppleWebKit/537.36 (KHTML, like Gecko) Chrome/135.0.0.0 Safari/537.36"
162.0.232.193 - - [08/Jun/2025:05:35:47 -0400] "POST /wp-cron.php?doing_wp_cron=1749375347.0868549346923828125000 HTTP/1.1" 200 0 "-" "WordPress/6.4.5; https://w3.readbtooom.com"
142.181.216.44 - - [08/Jun/2025:05:35:46 -0400] "POST /wp-admin/admin-ajax.php HTTP/1.1" 200 69 "https://w3.readbtooom.com/manga/btooom-chapter-94/" "Mozilla/5.0 (X11; Linux x86_64) AppleWebKit/537.36 (KHTML, like Gecko) Chrome/135.0.0.0 Safari/537.36"
207.46.13.116 - - [08/Jun/2025:05:36:01 -0400] "GET /manga/btooom-chapter-29/ HTTP/1.1" 200 21727 "-" "Mozilla/5.0 AppleWebKit/537.36 (KHTML, like Gecko; compatible; bingbot/2.0; +http://www.bing.com/bingbot.htm) Chrome/116.0.1938.76 Safari/537.36"
142.181.216.44 - - [08/Jun/2025:05:36:06 -0400] "GET /manga/btooom-chapter-95/ HTTP/1.1" 200 31812 "https://w3.readbtooom.com/manga/btooom-chapter-94/" "Mozilla/5.0 (X11; Linux x86_64) AppleWebKit/537.36 (KHTML, like Gecko) Chrome/135.0.0.0 Safari/537.36"
142.181.216.44 - - [08/Jun/2025:05:36:06 -0400] "GET /manga/btooom-chapter-95/ HTTP/1.1" 304 0 "https://w3.readbtooom.com/manga/btooom-chapter-94/" "Mozilla/5.0 (X11; Linux x86_64) AppleWebKit/537.36 (KHTML, like Gecko) Chrome/135.0.0.0 Safari/537.36"
162.0.232.193 - - [08/Jun/2025:05:36:06 -0400] "POST /wp-cron.php?doing_wp_cron=1749375366.8697268962860107421875 HTTP/1.1" 200 0 "-" "WordPress/6.4.5; https://w3.readbtooom.com"
142.181.216.44 - - [08/Jun/2025:05:36:06 -0400] "POST /wp-admin/admin-ajax.php HTTP/1.1" 200 69 "https://w3.readbtooom.com/manga/btooom-chapter-95/" "Mozilla/5.0 (X11; Linux x86_64) AppleWebKit/537.36 (KHTML, like Gecko) Chrome/135.0.0.0 Safari/537.36"
162.0.232.193 - - [08/Jun/2025:05:37:54 -0400] "POST /wp-cron.php?doing_wp_cron=1749375474.4065299034118652343750 HTTP/1.1" 200 0 "-" "WordPress/6.4.5; https://w3.readbtooom.com"
142.181.216.44 - - [08/Jun/2025:05:37:54 -0400] "GET /manga/btooom-chapter-96/ HTTP/1.1" 200 29839 "https://w3.readbtooom.com/manga/btooom-chapter-95/" "Mozilla/5.0 (X11; Linux x86_64) AppleWebKit/537.36 (KHTML, like Gecko) Chrome/135.0.0.0 Safari/537.36"
92.205.182.254 - - [08/Jun/2025:05:37:53 -0400] "POST /xmlrpc.php HTTP/1.1" 200 205 "-" "Mozilla/5.0 (X11; Ubuntu; Linux x86_64; rv:85.0) Gecko/20100101 Firefox/91.0"
142.181.216.44 - - [08/Jun/2025:05:37:54 -0400] "GET /manga/btooom-chapter-96/ HTTP/1.1" 304 0 "https://w3.readbtooom.com/manga/btooom-chapter-95/" "Mozilla/5.0 (X11; Linux x86_64) AppleWebKit/537.36 (KHTML, like Gecko) Chrome/135.0.0.0 Safari/537.36"
142.181.216.44 - - [08/Jun/2025:05:37:55 -0400] "POST /wp-admin/admin-ajax.php HTTP/1.1" 200 69 "https://w3.readbtooom.com/manga/btooom-chapter-96/" "Mozilla/5.0 (X11; Linux x86_64) AppleWebKit/537.36 (KHTML, like Gecko) Chrome/135.0.0.0 Safari/537.36"
66.249.64.130 - - [08/Jun/2025:05:40:17 -0400] "GET /manga/btooom-chapter-121-2/ HTTP/1.1" 200 49702 "-" "Mozilla/5.0 (Linux; Android 6.0.1; Nexus 5X Build/MMB29P) AppleWebKit/537.36 (KHTML, like Gecko) Chrome/136.0.7103.113 Mobile Safari/537.36 (compatible; Googlebot/2.1; +http://www.google.com/bot.html)"
52.167.144.16 - - [08/Jun/2025:05:40:21 -0400] "GET / HTTP/1.1" 200 18608 "-" "Mozilla/5.0 AppleWebKit/537.36 (KHTML, like Gecko; compatible; bingbot/2.0; +http://www.bing.com/bingbot.htm) Chrome/116.0.1938.76 Safari/537.36"
142.181.216.44 - - [08/Jun/2025:05:40:33 -0400] "GET /manga/btooom-chapter-97/ HTTP/1.1" 200 30626 "https://w3.readbtooom.com/manga/btooom-chapter-96/" "Mozilla/5.0 (X11; Linux x86_64) AppleWebKit/537.36 (KHTML, like Gecko) Chrome/135.0.0.0 Safari/537.36"
142.181.216.44 - - [08/Jun/2025:05:40:33 -0400] "GET /manga/btooom-chapter-97/ HTTP/1.1" 304 0 "https://w3.readbtooom.com/manga/btooom-chapter-96/" "Mozilla/5.0 (X11; Linux x86_64) AppleWebKit/537.36 (KHTML, like Gecko) Chrome/135.0.0.0 Safari/537.36"
162.0.232.193 - - [08/Jun/2025:05:40:35 -0400] "POST /wp-cron.php?doing_wp_cron=1749375635.7673590183258056640625 HTTP/1.1" 200 0 "-" "WordPress/6.4.5; https://w3.readbtooom.com"
142.181.216.44 - - [08/Jun/2025:05:40:34 -0400] "POST /wp-admin/admin-ajax.php HTTP/1.1" 200 69 "https://w3.readbtooom.com/manga/btooom-chapter-97/" "Mozilla/5.0 (X11; Linux x86_64) AppleWebKit/537.36 (KHTML, like Gecko) Chrome/135.0.0.0 Safari/537.36"
162.0.232.193 - - [08/Jun/2025:05:43:21 -0400] "POST /wp-cron.php?doing_wp_cron=1749375800.9034121036529541015625 HTTP/1.1" 200 0 "-" "WordPress/6.4.5; https://w3.readbtooom.com"
35.185.80.159 - - [08/Jun/2025:05:43:22 -0400] "GET / HTTP/1.1" 200 18608 "https://readbtooom.com" "Mozilla/5.0 (Macintosh; Intel Mac OS X 10_10_1) AppleWebKit/537.36 (KHTML, like Gecko) Chrome/39.0.2171.95 Safari/537.36"
