64.227.169.195 - - [08/Jun/2025:18:58:46 -0400] "GET /wp-includes/class-wp-theme-json-resolver.php HTTP/1.1" 200 0 "binance.com" "Mozilla/5.0 (Windows NT 10.0; Win64; x64) AppleWebKit/537.36 (KHTML, like Gecko) Chrome/90.0.4430.85 Safari/537.36"
64.227.169.195 - - [08/Jun/2025:18:58:58 -0400] "GET /wp-includes/class-wp-theme-json-schema.php HTTP/1.1" 200 0 "binance.com" "Mozilla/5.0 (Windows NT 10.0; Win64; x64) AppleWebKit/537.36 (KHTML, like Gecko) Chrome/90.0.4430.85 Safari/537.36"
64.227.169.195 - - [08/Jun/2025:18:59:07 -0400] "GET /wp-includes/class-wp-theme-json.php HTTP/1.1" 200 0 "binance.com" "Mozilla/5.0 (Windows NT 10.0; Win64; x64) AppleWebKit/537.36 (KHTML, like Gecko) Chrome/90.0.4430.85 Safari/537.36"
64.227.169.195 - - [08/Jun/2025:18:59:16 -0400] "GET /wp-includes/class-wpdb.php HTTP/1.1" 200 0 "binance.com" "Mozilla/5.0 (Windows NT 10.0; Win64; x64) AppleWebKit/537.36 (KHTML, like Gecko) Chrome/90.0.4430.85 Safari/537.36"
2001:861:c43:2e50:dd7f:2c4e:c1b0:20ca - - [08/Jun/2025:18:59:19 -0400] "GET /manga/btooom-chapter-95/ HTTP/1.1" 200 31386 "https://w3.readbtooom.com/manga/btooom-chapter-94/" "Mozilla/5.0 (iPhone; CPU iPhone OS 18_5 like Mac OS X) AppleWebKit/605.1.15 (KHTML, like Gecko) Version/18.5 Mobile/15E148 Safari/604.1"
64.227.169.195 - - [08/Jun/2025:18:59:26 -0400] "GET /wp-includes/fonts.php HTTP/1.1" 200 0 "binance.com" "Mozilla/5.0 (Windows NT 10.0; Win64; x64) AppleWebKit/537.36 (KHTML, like Gecko) Chrome/90.0.4430.85 Safari/537.36"
64.227.169.195 - - [08/Jun/2025:18:59:33 -0400] "GET /wp-includes/global-styles-and-settings.php HTTP/1.1" 200 0 "binance.com" "Mozilla/5.0 (Windows NT 10.0; Win64; x64) AppleWebKit/537.36 (KHTML, like Gecko) Chrome/90.0.4430.85 Safari/537.36"
64.227.169.195 - - [08/Jun/2025:18:59:41 -0400] "GET /wp-includes/https-detection.php HTTP/1.1" 200 0 "binance.com" "Mozilla/5.0 (Windows NT 10.0; Win64; x64) AppleWebKit/537.36 (KHTML, like Gecko) Chrome/90.0.4430.85 Safari/537.36"
64.227.169.195 - - [08/Jun/2025:18:59:49 -0400] "GET /wp-includes/https-migration.php HTTP/1.1" 200 0 "binance.com" "Mozilla/5.0 (Windows NT 10.0; Win64; x64) AppleWebKit/537.36 (KHTML, like Gecko) Chrome/90.0.4430.85 Safari/537.36"
2403:6200:88a0:13e9:b5cb:cc93:5df4:77c2 - - [08/Jun/2025:18:59:53 -0400] "GET /manga/btooom-chapter-75/ HTTP/1.1" 200 29669 "https://www.google.com/" "Mozilla/5.0 (iPhone; CPU iPhone OS 18_5 like Mac OS X) AppleWebKit/605.1.15 (KHTML, like Gecko) Version/18.5 Mobile/15E148 Safari/604.1"
64.227.169.195 - - [08/Jun/2025:18:59:58 -0400] "GET /wp-includes/robots-template.php HTTP/1.1" 200 0 "binance.com" "Mozilla/5.0 (Windows NT 10.0; Win64; x64) AppleWebKit/537.36 (KHTML, like Gecko) Chrome/90.0.4430.85 Safari/537.36"
64.227.169.195 - - [08/Jun/2025:19:00:06 -0400] "GET /wp-includes/style-engine.php HTTP/1.1" 200 0 "binance.com" "Mozilla/5.0 (Windows NT 10.0; Win64; x64) AppleWebKit/537.36 (KHTML, like Gecko) Chrome/90.0.4430.85 Safari/537.36"
2403:6200:88a0:13e9:b5cb:cc93:5df4:77c2 - - [08/Jun/2025:19:00:10 -0400] "GET / HTTP/1.1" 200 18608 "https://w3.readbtooom.com/manga/btooom-chapter-75/" "Mozilla/5.0 (iPhone; CPU iPhone OS 18_5 like Mac OS X) AppleWebKit/605.1.15 (KHTML, like Gecko) Version/18.5 Mobile/15E148 Safari/604.1"
2001:861:c43:2e50:dd7f:2c4e:c1b0:20ca - - [08/Jun/2025:19:00:10 -0400] "GET /manga/btooom-chapter-96/ HTTP/1.1" 200 29417 "https://w3.readbtooom.com/manga/btooom-chapter-95/" "Mozilla/5.0 (iPhone; CPU iPhone OS 18_5 like Mac OS X) AppleWebKit/605.1.15 (KHTML, like Gecko) Version/18.5 Mobile/15E148 Safari/604.1"
64.227.169.195 - - [08/Jun/2025:19:00:12 -0400] "GET /wp-includes/template-canvas.php HTTP/1.1" 500 0 "binance.com" "Mozilla/5.0 (Windows NT 10.0; Win64; x64) AppleWebKit/537.36 (KHTML, like Gecko) Chrome/90.0.4430.85 Safari/537.36"
64.227.169.195 - - [08/Jun/2025:19:00:18 -0400] "GET /wp-includes/theme-previews.php HTTP/1.1" 200 0 "binance.com" "Mozilla/5.0 (Windows NT 10.0; Win64; x64) AppleWebKit/537.36 (KHTML, like Gecko) Chrome/90.0.4430.85 Safari/537.36"
2403:6200:88a0:13e9:b5cb:cc93:5df4:77c2 - - [08/Jun/2025:19:00:18 -0400] "GET /manga/btooom-chapter-33/ HTTP/1.1" 200 24638 "https://w3.readbtooom.com/" "Mozilla/5.0 (iPhone; CPU iPhone OS 18_5 like Mac OS X) AppleWebKit/605.1.15 (KHTML, like Gecko) Version/18.5 Mobile/15E148 Safari/604.1"
162.0.232.193 - - [08/Jun/2025:19:00:19 -0400] "POST /wp-cron.php?doing_wp_cron=1749423619.7450389862060546875000 HTTP/1.1" 200 0 "-" "WordPress/6.4.5; https://w3.readbtooom.com"
2403:6200:88a0:13e9:b5cb:cc93:5df4:77c2 - - [08/Jun/2025:19:00:19 -0400] "POST /wp-admin/admin-ajax.php HTTP/1.1" 200 69 "https://w3.readbtooom.com/manga/btooom-chapter-33/" "Mozilla/5.0 (iPhone; CPU iPhone OS 18_5 like Mac OS X) AppleWebKit/605.1.15 (KHTML, like Gecko) Version/18.5 Mobile/15E148 Safari/604.1"
64.227.169.195 - - [08/Jun/2025:19:00:28 -0400] "GET /wp-includes/theme-templates.php HTTP/1.1" 200 0 "binance.com" "Mozilla/5.0 (Windows NT 10.0; Win64; x64) AppleWebKit/537.36 (KHTML, like Gecko) Chrome/90.0.4430.85 Safari/537.36"
64.227.169.195 - - [08/Jun/2025:19:00:39 -0400] "GET /wp-includes/ID3/ HTTP/1.1" 200 1413 "binance.com" "Mozilla/5.0 (Windows NT 10.0; Win64; x64) AppleWebKit/537.36 (KHTML, like Gecko) Chrome/90.0.4430.85 Safari/537.36"
64.227.169.195 - - [08/Jun/2025:19:00:49 -0400] "GET /wp-includes/ID3/ HTTP/1.1" 200 1413 "binance.com" "Mozilla/5.0 (Windows NT 10.0; Win64; x64) AppleWebKit/537.36 (KHTML, like Gecko) Chrome/90.0.4430.85 Safari/537.36"
198.235.24.9 - - [08/Jun/2025:19:00:49 -0400] "GET / HTTP/1.1" 200 18608 "-" "-"
64.227.169.195 - - [08/Jun/2025:19:01:02 -0400] "GET /wp-includes/IXR/ HTTP/1.1" 200 1221 "binance.com" "Mozilla/5.0 (Windows NT 10.0; Win64; x64) AppleWebKit/537.36 (KHTML, like Gecko) Chrome/90.0.4430.85 Safari/537.36"
64.227.169.195 - - [08/Jun/2025:19:01:11 -0400] "GET /wp-includes/IXR/ HTTP/1.1" 200 1221 "binance.com" "Mozilla/5.0 (Windows NT 10.0; Win64; x64) AppleWebKit/537.36 (KHTML, like Gecko) Chrome/90.0.4430.85 Safari/537.36"
2403:6200:88a0:13e9:b5cb:cc93:5df4:77c2 - - [08/Jun/2025:19:01:21 -0400] "GET /manga/btooom-chapter-34/ HTTP/1.1" 200 26400 "https://w3.readbtooom.com/manga/btooom-chapter-33/" "Mozilla/5.0 (iPhone; CPU iPhone OS 18_5 like Mac OS X) AppleWebKit/605.1.15 (KHTML, like Gecko) Version/18.5 Mobile/15E148 Safari/604.1"
64.227.169.195 - - [08/Jun/2025:19:01:24 -0400] "GET /wp-includes/PHPMailer/ HTTP/1.1" 200 713 "binance.com" "Mozilla/5.0 (Windows NT 10.0; Win64; x64) AppleWebKit/537.36 (KHTML, like Gecko) Chrome/90.0.4430.85 Safari/537.36"
64.227.169.195 - - [08/Jun/2025:19:01:35 -0400] "GET /wp-includes/PHPMailer/ HTTP/1.1" 200 713 "binance.com" "Mozilla/5.0 (Windows NT 10.0; Win64; x64) AppleWebKit/537.36 (KHTML, like Gecko) Chrome/90.0.4430.85 Safari/537.36"
64.227.169.195 - - [08/Jun/2025:19:01:46 -0400] "GET /wp-includes/Text/ HTTP/1.1" 200 686 "binance.com" "Mozilla/5.0 (Windows NT 10.0; Win64; x64) AppleWebKit/537.36 (KHTML, like Gecko) Chrome/90.0.4430.85 Safari/537.36"
64.227.169.195 - - [08/Jun/2025:19:01:55 -0400] "GET /wp-includes/Text/ HTTP/1.1" 200 686 "binance.com" "Mozilla/5.0 (Windows NT 10.0; Win64; x64) AppleWebKit/537.36 (KHTML, like Gecko) Chrome/90.0.4430.85 Safari/537.36"
64.227.169.195 - - [08/Jun/2025:19:02:02 -0400] "GET /wp-includes/Text/Diff/ HTTP/1.1" 200 702 "binance.com" "Mozilla/5.0 (Windows NT 10.0; Win64; x64) AppleWebKit/537.36 (KHTML, like Gecko) Chrome/90.0.4430.85 Safari/537.36"
64.227.169.195 - - [08/Jun/2025:19:02:09 -0400] "GET /wp-includes/Text/Diff/ HTTP/1.1" 200 702 "binance.com" "Mozilla/5.0 (Windows NT 10.0; Win64; x64) AppleWebKit/537.36 (KHTML, like Gecko) Chrome/90.0.4430.85 Safari/537.36"
64.227.169.195 - - [08/Jun/2025:19:02:18 -0400] "GET /wp-includes/Text/Diff/Engine/ HTTP/1.1" 200 698 "binance.com" "Mozilla/5.0 (Windows NT 10.0; Win64; x64) AppleWebKit/537.36 (KHTML, like Gecko) Chrome/90.0.4430.85 Safari/537.36"
64.227.169.195 - - [08/Jun/2025:19:02:27 -0400] "GET /wp-includes/Text/Diff/Engine/ HTTP/1.1" 200 698 "binance.com" "Mozilla/5.0 (Windows NT 10.0; Win64; x64) AppleWebKit/537.36 (KHTML, like Gecko) Chrome/90.0.4430.85 Safari/537.36"
196.217.138.25 - - [08/Jun/2025:19:02:27 -0400] "GET /manga/btooom-chapter-104/ HTTP/1.1" 200 30474 "https://w3.readbtooom.com/manga/btooom-chapter-103/" "Mozilla/5.0 (Linux; Android 10; K) AppleWebKit/537.36 (KHTML, like Gecko) Chrome/137.0.0.0 Mobile Safari/537.36"
196.217.138.25 - - [08/Jun/2025:19:02:28 -0400] "GET /manga/btooom-chapter-104/ HTTP/1.1" 304 0 "https://w3.readbtooom.com/manga/btooom-chapter-103/" "Mozilla/5.0 (Linux; Android 10; K) AppleWebKit/537.36 (KHTML, like Gecko) Chrome/137.0.0.0 Mobile Safari/537.36"
162.0.232.193 - - [08/Jun/2025:19:02:30 -0400] "POST /wp-cron.php?doing_wp_cron=1749423749.9362270832061767578125 HTTP/1.1" 200 0 "-" "WordPress/6.4.5; https://w3.readbtooom.com"
196.217.138.25 - - [08/Jun/2025:19:02:28 -0400] "POST /wp-admin/admin-ajax.php HTTP/1.1" 200 69 "https://w3.readbtooom.com/manga/btooom-chapter-104/" "Mozilla/5.0 (Linux; Android 10; K) AppleWebKit/537.36 (KHTML, like Gecko) Chrome/137.0.0.0 Mobile Safari/537.36"
64.227.169.195 - - [08/Jun/2025:19:02:37 -0400] "GET /wp-includes/Text/Diff/Renderer/ HTTP/1.1" 200 634 "binance.com" "Mozilla/5.0 (Windows NT 10.0; Win64; x64) AppleWebKit/537.36 (KHTML, like Gecko) Chrome/90.0.4430.85 Safari/537.36"
64.227.169.195 - - [08/Jun/2025:19:02:43 -0400] "GET /wp-includes/Text/Diff/Renderer/ HTTP/1.1" 200 634 "binance.com" "Mozilla/5.0 (Windows NT 10.0; Win64; x64) AppleWebKit/537.36 (KHTML, like Gecko) Chrome/90.0.4430.85 Safari/537.36"
64.227.169.195 - - [08/Jun/2025:19:02:52 -0400] "GET /wp-includes/blocks/ HTTP/1.1" 500 0 "binance.com" "Mozilla/5.0 (Windows NT 10.0; Win64; x64) AppleWebKit/537.36 (KHTML, like Gecko) Chrome/90.0.4430.85 Safari/537.36"
64.227.169.195 - - [08/Jun/2025:19:03:02 -0400] "GET /wp-includes/pomo/ HTTP/1.1" 200 1024 "binance.com" "Mozilla/5.0 (Windows NT 10.0; Win64; x64) AppleWebKit/537.36 (KHTML, like Gecko) Chrome/90.0.4430.85 Safari/537.36"
2001:861:c43:2e50:dd7f:2c4e:c1b0:20ca - - [08/Jun/2025:19:03:07 -0400] "GET /manga/btooom-chapter-97/ HTTP/1.1" 200 30203 "https://w3.readbtooom.com/manga/btooom-chapter-96/" "Mozilla/5.0 (iPhone; CPU iPhone OS 18_5 like Mac OS X) AppleWebKit/605.1.15 (KHTML, like Gecko) Version/18.5 Mobile/15E148 Safari/604.1"
64.227.169.195 - - [08/Jun/2025:19:03:08 -0400] "GET /wp-includes/pomo/ HTTP/1.1" 200 1024 "binance.com" "Mozilla/5.0 (Windows NT 10.0; Win64; x64) AppleWebKit/537.36 (KHTML, like Gecko) Chrome/90.0.4430.85 Safari/537.36"
64.227.169.195 - - [08/Jun/2025:19:03:15 -0400] "GET /wp-includes/sitemaps/ HTTP/1.1" 200 1117 "binance.com" "Mozilla/5.0 (Windows NT 10.0; Win64; x64) AppleWebKit/537.36 (KHTML, like Gecko) Chrome/90.0.4430.85 Safari/537.36"
64.227.169.195 - - [08/Jun/2025:19:03:22 -0400] "GET /wp-includes/sitemaps/ HTTP/1.1" 200 1117 "binance.com" "Mozilla/5.0 (Windows NT 10.0; Win64; x64) AppleWebKit/537.36 (KHTML, like Gecko) Chrome/90.0.4430.85 Safari/537.36"
162.0.232.193 - - [08/Jun/2025:19:03:24 -0400] "POST /wp-cron.php?doing_wp_cron=1749423803.9848620891571044921875 HTTP/1.1" 200 0 "-" "WordPress/6.4.5; https://w3.readbtooom.com"
64.227.169.195 - - [08/Jun/2025:19:03:27 -0400] "GET /wp-includes/sitemaps/providers/ HTTP/1.1" 200 710 "binance.com" "Mozilla/5.0 (Windows NT 10.0; Win64; x64) AppleWebKit/537.36 (KHTML, like Gecko) Chrome/90.0.4430.85 Safari/537.36"
64.227.169.195 - - [08/Jun/2025:19:03:35 -0400] "GET /wp-includes/sitemaps/providers/ HTTP/1.1" 200 710 "binance.com" "Mozilla/5.0 (Windows NT 10.0; Win64; x64) AppleWebKit/537.36 (KHTML, like Gecko) Chrome/90.0.4430.85 Safari/537.36"
64.227.169.195 - - [08/Jun/2025:19:03:42 -0400] "GET /wp-includes/widgets/ HTTP/1.1" 200 1464 "binance.com" "Mozilla/5.0 (Windows NT 10.0; Win64; x64) AppleWebKit/537.36 (KHTML, like Gecko) Chrome/90.0.4430.85 Safari/537.36"
64.227.169.195 - - [08/Jun/2025:19:03:48 -0400] "GET /wp-includes/widgets/ HTTP/1.1" 200 1464 "binance.com" "Mozilla/5.0 (Windows NT 10.0; Win64; x64) AppleWebKit/537.36 (KHTML, like Gecko) Chrome/90.0.4430.85 Safari/537.36"
64.227.169.195 - - [08/Jun/2025:19:03:56 -0400] "GET /wp-includes/widgets/class-wp-widget-block.php HTTP/1.1" 500 0 "binance.com" "Mozilla/5.0 (Windows NT 10.0; Win64; x64) AppleWebKit/537.36 (KHTML, like Gecko) Chrome/90.0.4430.85 Safari/537.36"
2001:861:c43:2e50:dd7f:2c4e:c1b0:20ca - - [08/Jun/2025:19:04:02 -0400] "GET /manga/btooom-chapter-98/ HTTP/1.1" 200 32183 "https://w3.readbtooom.com/manga/btooom-chapter-97/" "Mozilla/5.0 (iPhone; CPU iPhone OS 18_5 like Mac OS X) AppleWebKit/605.1.15 (KHTML, like Gecko) Version/18.5 Mobile/15E148 Safari/604.1"
64.227.169.195 - - [08/Jun/2025:19:04:03 -0400] "GET /wp-includes/css/ HTTP/1.1" 200 1816 "binance.com" "Mozilla/5.0 (Windows NT 10.0; Win64; x64) AppleWebKit/537.36 (KHTML, like Gecko) Chrome/90.0.4430.85 Safari/537.36"
64.227.169.195 - - [08/Jun/2025:19:04:09 -0400] "GET /wp-includes/css/dist/ HTTP/1.1" 200 1249 "binance.com" "Mozilla/5.0 (Windows NT 10.0; Win64; x64) AppleWebKit/537.36 (KHTML, like Gecko) Chrome/90.0.4430.85 Safari/537.36"
64.227.169.195 - - [08/Jun/2025:19:04:17 -0400] "GET /wp-includes/fonts/ HTTP/1.1" 200 1121 "binance.com" "Mozilla/5.0 (Windows NT 10.0; Win64; x64) AppleWebKit/537.36 (KHTML, like Gecko) Chrome/90.0.4430.85 Safari/537.36"
64.227.169.195 - - [08/Jun/2025:19:04:26 -0400] "GET /wp-includes/fonts/ HTTP/1.1" 200 1121 "binance.com" "Mozilla/5.0 (Windows NT 10.0; Win64; x64) AppleWebKit/537.36 (KHTML, like Gecko) Chrome/90.0.4430.85 Safari/537.36"
64.227.169.195 - - [08/Jun/2025:19:04:35 -0400] "GET /wp-includes/fonts/class-wp-font-face-resolver.php HTTP/1.1" 200 0 "binance.com" "Mozilla/5.0 (Windows NT 10.0; Win64; x64) AppleWebKit/537.36 (KHTML, like Gecko) Chrome/90.0.4430.85 Safari/537.36"
64.227.169.195 - - [08/Jun/2025:19:04:45 -0400] "GET /wp-includes/fonts/class-wp-font-face.php HTTP/1.1" 200 0 "binance.com" "Mozilla/5.0 (Windows NT 10.0; Win64; x64) AppleWebKit/537.36 (KHTML, like Gecko) Chrome/90.0.4430.85 Safari/537.36"
64.227.169.195 - - [08/Jun/2025:19:04:53 -0400] "GET /wp-includes/images/ HTTP/1.1" 200 1494 "binance.com" "Mozilla/5.0 (Windows NT 10.0; Win64; x64) AppleWebKit/537.36 (KHTML, like Gecko) Chrome/90.0.4430.85 Safari/537.36"
2001:861:c43:2e50:dd7f:2c4e:c1b0:20ca - - [08/Jun/2025:19:04:54 -0400] "GET /manga/btooom-chapter-99/ HTTP/1.1" 200 30187 "https://w3.readbtooom.com/manga/btooom-chapter-98/" "Mozilla/5.0 (iPhone; CPU iPhone OS 18_5 like Mac OS X) AppleWebKit/605.1.15 (KHTML, like Gecko) Version/18.5 Mobile/15E148 Safari/604.1"
162.0.232.193 - - [08/Jun/2025:19:04:55 -0400] "POST /wp-cron.php?doing_wp_cron=1749423894.9615809917449951171875 HTTP/1.1" 200 0 "-" "WordPress/6.4.5; https://w3.readbtooom.com"
2001:861:c43:2e50:dd7f:2c4e:c1b0:20ca - - [08/Jun/2025:19:04:54 -0400] "POST /wp-admin/admin-ajax.php HTTP/1.1" 200 69 "https://w3.readbtooom.com/manga/btooom-chapter-99/" "Mozilla/5.0 (iPhone; CPU iPhone OS 18_5 like Mac OS X) AppleWebKit/605.1.15 (KHTML, like Gecko) Version/18.5 Mobile/15E148 Safari/604.1"
64.227.169.195 - - [08/Jun/2025:19:05:03 -0400] "GET /wp-includes/images/crystal/ HTTP/1.1" 200 1127 "binance.com" "Mozilla/5.0 (Windows NT 10.0; Win64; x64) AppleWebKit/537.36 (KHTML, like Gecko) Chrome/90.0.4430.85 Safari/537.36"
64.227.169.195 - - [08/Jun/2025:19:05:11 -0400] "GET /wp-includes/images/media/ HTTP/1.1" 200 1065 "binance.com" "Mozilla/5.0 (Windows NT 10.0; Win64; x64) AppleWebKit/537.36 (KHTML, like Gecko) Chrome/90.0.4430.85 Safari/537.36"
64.227.169.195 - - [08/Jun/2025:19:05:21 -0400] "GET /wp-includes/images/smilies/ HTTP/1.1" 200 1387 "binance.com" "Mozilla/5.0 (Windows NT 10.0; Win64; x64) AppleWebKit/537.36 (KHTML, like Gecko) Chrome/90.0.4430.85 Safari/537.36"
64.227.169.195 - - [08/Jun/2025:19:05:31 -0400] "GET /wp-includes/images/wlw/ HTTP/1.1" 301 0 "binance.com" "Mozilla/5.0 (Windows NT 10.0; Win64; x64) AppleWebKit/537.36 (KHTML, like Gecko) Chrome/90.0.4430.85 Safari/537.36"
162.0.232.193 - - [08/Jun/2025:19:05:38 -0400] "POST /wp-cron.php?doing_wp_cron=1749423938.0889151096343994140625 HTTP/1.1" 200 0 "-" "WordPress/6.4.5; https://w3.readbtooom.com"
64.227.169.195 - - [08/Jun/2025:19:05:39 -0400] "GET / HTTP/1.1" 200 18608 "binance.com" "Mozilla/5.0 (Windows NT 10.0; Win64; x64) AppleWebKit/537.36 (KHTML, like Gecko) Chrome/90.0.4430.85 Safari/537.36"
162.0.232.193 - - [08/Jun/2025:19:05:49 -0400] "POST /wp-cron.php?doing_wp_cron=1749423949.6000709533691406250000 HTTP/1.1" 200 0 "-" "WordPress/6.4.5; https://w3.readbtooom.com"
64.227.169.195 - - [08/Jun/2025:19:05:49 -0400] "GET /wp-includes/js/%20 HTTP/1.1" 301 0 "binance.com" "Mozilla/5.0 (Windows NT 10.0; Win64; x64) AppleWebKit/537.36 (KHTML, like Gecko) Chrome/90.0.4430.85 Safari/537.36"
64.227.169.195 - - [08/Jun/2025:19:06:00 -0400] "GET / HTTP/1.1" 200 18608 "binance.com" "Mozilla/5.0 (Windows NT 10.0; Win64; x64) AppleWebKit/537.36 (KHTML, like Gecko) Chrome/90.0.4430.85 Safari/537.36"
64.227.169.195 - - [08/Jun/2025:19:06:13 -0400] "GET /wp-includes/js/codemirror/ HTTP/1.1" 200 1110 "binance.com" "Mozilla/5.0 (Windows NT 10.0; Win64; x64) AppleWebKit/537.36 (KHTML, like Gecko) Chrome/90.0.4430.85 Safari/537.36"
64.227.169.195 - - [08/Jun/2025:19:06:24 -0400] "GET /wp-includes/js/plupload/ HTTP/1.1" 200 1166 "binance.com" "Mozilla/5.0 (Windows NT 10.0; Win64; x64) AppleWebKit/537.36 (KHTML, like Gecko) Chrome/90.0.4430.85 Safari/537.36"
64.227.169.195 - - [08/Jun/2025:19:06:30 -0400] "GET /.well-known/ HTTP/1.1" 200 618 "binance.com" "Mozilla/5.0 (Windows NT 10.0; Win64; x64) AppleWebKit/537.36 (KHTML, like Gecko) Chrome/90.0.4430.85 Safari/537.36"
91.90.178.20 - - [08/Jun/2025:19:06:33 -0400] "GET /manga/btooom-chapter-75/ HTTP/1.1" 200 29669 "https://www.google.com/" "Mozilla/5.0 (Linux; Android 10; K) AppleWebKit/537.36 (KHTML, like Gecko) Chrome/137.0.0.0 Mobile Safari/537.36"
5.173.83.17 - - [08/Jun/2025:19:06:41 -0400] "GET /manga/btooom-chapter-121-2/ HTTP/1.1" 200 49260 "https://w3.readbtooom.com/manga/btooom-chapter-75/" "Mozilla/5.0 (Linux; Android 10; K) AppleWebKit/537.36 (KHTML, like Gecko) Chrome/137.0.0.0 Mobile Safari/537.36"
5.173.83.17 - - [08/Jun/2025:19:06:42 -0400] "GET /manga/btooom-chapter-121-2/ HTTP/1.1" 304 0 "https://w3.readbtooom.com/manga/btooom-chapter-75/" "Mozilla/5.0 (Linux; Android 10; K) AppleWebKit/537.36 (KHTML, like Gecko) Chrome/137.0.0.0 Mobile Safari/537.36"
105.105.206.107 - - [08/Jun/2025:19:07:20 -0400] "GET /manga/btooom-chapter-75/ HTTP/1.1" 200 29669 "https://www.google.com/" "Mozilla/5.0 (Linux; Android 10; K) AppleWebKit/537.36 (KHTML, like Gecko) Chrome/136.0.0.0 Mobile Safari/537.36"
162.0.232.193 - - [08/Jun/2025:19:07:38 -0400] "POST /wp-cron.php?doing_wp_cron=1749424058.0735919475555419921875 HTTP/1.1" 200 0 "-" "WordPress/6.4.5; https://w3.readbtooom.com"
20.42.11.17 - - [08/Jun/2025:19:07:39 -0400] "GET / HTTP/1.1" 200 18608 "https://readbtooom.com" "Go-http-client/1.1"
20.42.11.17 - - [08/Jun/2025:19:07:39 -0400] "GET / HTTP/1.1" 200 18608 "https://readbtooom.com" "Go-http-client/1.1"
105.105.206.107 - - [08/Jun/2025:19:08:15 -0400] "GET /tag/nobutaka-oda/ HTTP/1.1" 301 0 "https://w3.readbtooom.com/manga/btooom-chapter-75/" "Mozilla/5.0 (Linux; Android 10; K) AppleWebKit/537.36 (KHTML, like Gecko) Chrome/136.0.0.0 Mobile Safari/537.36"
105.105.206.107 - - [08/Jun/2025:19:08:15 -0400] "GET /tag/kosuke-kira/ HTTP/1.1" 301 0 "https://w3.readbtooom.com/manga/btooom-chapter-75/" "Mozilla/5.0 (Linux; Android 10; K) AppleWebKit/537.36 (KHTML, like Gecko) Chrome/136.0.0.0 Mobile Safari/537.36"
162.0.232.193 - - [08/Jun/2025:19:08:17 -0400] "POST /wp-cron.php?doing_wp_cron=1749424096.9329578876495361328125 HTTP/1.1" 200 0 "-" "WordPress/6.4.5; https://w3.readbtooom.com"
105.105.206.107 - - [08/Jun/2025:19:08:17 -0400] "GET / HTTP/1.1" 200 18608 "https://w3.readbtooom.com/" "Mozilla/5.0 (Linux; Android 10; K) AppleWebKit/537.36 (KHTML, like Gecko) Chrome/136.0.0.0 Mobile Safari/537.36"
105.105.206.107 - - [08/Jun/2025:19:08:18 -0400] "GET / HTTP/1.1" 304 0 "https://w3.readbtooom.com/" "Mozilla/5.0 (Linux; Android 10; K) AppleWebKit/537.36 (KHTML, like Gecko) Chrome/136.0.0.0 Mobile Safari/537.36"
2001:861:c43:2e50:dd7f:2c4e:c1b0:20ca - - [08/Jun/2025:19:08:18 -0400] "GET /manga/btooom-chapter-100/ HTTP/1.1" 200 29574 "https://w3.readbtooom.com/manga/btooom-chapter-99/" "Mozilla/5.0 (iPhone; CPU iPhone OS 18_5 like Mac OS X) AppleWebKit/605.1.15 (KHTML, like Gecko) Version/18.5 Mobile/15E148 Safari/604.1"
2a01:e0a:57c:e110:5860:8314:7dca:55f8 - - [08/Jun/2025:19:09:57 -0400] "GET /manga/btooom-chapter-111/ HTTP/1.1" 200 31188 "https://w3.readbtooom.com/manga/btooom-chapter-110/" "Mozilla/5.0 (Windows NT 10.0; Win64; x64) AppleWebKit/537.36 (KHTML, like Gecko) Chrome/136.0.0.0 Safari/537.36"
2a01:e0a:57c:e110:5860:8314:7dca:55f8 - - [08/Jun/2025:19:09:57 -0400] "GET /manga/btooom-chapter-109/ HTTP/1.1" 304 0 "https://w3.readbtooom.com/manga/btooom-chapter-110/" "Mozilla/5.0 (Windows NT 10.0; Win64; x64) AppleWebKit/537.36 (KHTML, like Gecko) Chrome/136.0.0.0 Safari/537.36"
2a01:e0a:57c:e110:5860:8314:7dca:55f8 - - [08/Jun/2025:19:10:00 -0400] "GET /manga/btooom-chapter-111/ HTTP/1.1" 304 0 "https://w3.readbtooom.com/manga/btooom-chapter-110/" "Mozilla/5.0 (Windows NT 10.0; Win64; x64) AppleWebKit/537.36 (KHTML, like Gecko) Chrome/136.0.0.0 Safari/537.36"
196.217.138.25 - - [08/Jun/2025:19:10:40 -0400] "GET /tag/ryota-sakamoto/ HTTP/1.1" 301 0 "https://w3.readbtooom.com/manga/btooom-chapter-104/" "Mozilla/5.0 (Linux; Android 10; K) AppleWebKit/537.36 (KHTML, like Gecko) Chrome/137.0.0.0 Mobile Safari/537.36"
196.217.138.25 - - [08/Jun/2025:19:10:42 -0400] "GET / HTTP/1.1" 304 0 "https://w3.readbtooom.com/" "Mozilla/5.0 (Linux; Android 10; K) AppleWebKit/537.36 (KHTML, like Gecko) Chrome/137.0.0.0 Mobile Safari/537.36"
2001:861:c43:2e50:dd7f:2c4e:c1b0:20ca - - [08/Jun/2025:19:10:43 -0400] "GET /manga/btooom-chapter-101/ HTTP/1.1" 200 30552 "https://w3.readbtooom.com/manga/btooom-chapter-100/" "Mozilla/5.0 (iPhone; CPU iPhone OS 18_5 like Mac OS X) AppleWebKit/605.1.15 (KHTML, like Gecko) Version/18.5 Mobile/15E148 Safari/604.1"
196.217.138.25 - - [08/Jun/2025:19:10:45 -0400] "GET /manga/btooom-chapter-105/ HTTP/1.1" 200 36468 "https://w3.readbtooom.com/manga/btooom-chapter-104/" "Mozilla/5.0 (Linux; Android 10; K) AppleWebKit/537.36 (KHTML, like Gecko) Chrome/137.0.0.0 Mobile Safari/537.36"
196.217.138.25 - - [08/Jun/2025:19:10:46 -0400] "GET /manga/btooom-chapter-105/ HTTP/1.1" 304 0 "https://w3.readbtooom.com/manga/btooom-chapter-104/" "Mozilla/5.0 (Linux; Android 10; K) AppleWebKit/537.36 (KHTML, like Gecko) Chrome/137.0.0.0 Mobile Safari/537.36"
2001:861:c43:2e50:dd7f:2c4e:c1b0:20ca - - [08/Jun/2025:19:11:21 -0400] "GET /manga/btooom-chapter-102/ HTTP/1.1" 200 34028 "https://w3.readbtooom.com/manga/btooom-chapter-101/" "Mozilla/5.0 (iPhone; CPU iPhone OS 18_5 like Mac OS X) AppleWebKit/605.1.15 (KHTML, like Gecko) Version/18.5 Mobile/15E148 Safari/604.1"
162.0.232.193 - - [08/Jun/2025:19:11:22 -0400] "POST /wp-cron.php?doing_wp_cron=1749424281.8791270256042480468750 HTTP/1.1" 200 0 "-" "WordPress/6.4.5; https://w3.readbtooom.com"
2001:861:c43:2e50:dd7f:2c4e:c1b0:20ca - - [08/Jun/2025:19:11:21 -0400] "POST /wp-admin/admin-ajax.php HTTP/1.1" 200 69 "https://w3.readbtooom.com/manga/btooom-chapter-102/" "Mozilla/5.0 (iPhone; CPU iPhone OS 18_5 like Mac OS X) AppleWebKit/605.1.15 (KHTML, like Gecko) Version/18.5 Mobile/15E148 Safari/604.1"
66.249.64.130 - - [08/Jun/2025:19:12:56 -0400] "GET /manga/btooom-chapter-64/ HTTP/1.1" 200 31430 "-" "Mozilla/5.0 (Linux; Android 6.0.1; Nexus 5X Build/MMB29P) AppleWebKit/537.36 (KHTML, like Gecko) Chrome/136.0.7103.113 Mobile Safari/537.36 (compatible; Googlebot/2.1; +http://www.google.com/bot.html)"
162.0.232.193 - - [08/Jun/2025:19:13:02 -0400] "POST /wp-cron.php?doing_wp_cron=1749424382.6421430110931396484375 HTTP/1.1" 200 0 "-" "WordPress/6.4.5; https://w3.readbtooom.com"
2001:861:c43:2e50:dd7f:2c4e:c1b0:20ca - - [08/Jun/2025:19:13:52 -0400] "GET /manga/btooom-chapter-103/ HTTP/1.1" 200 30331 "https://w3.readbtooom.com/manga/btooom-chapter-102/" "Mozilla/5.0 (iPhone; CPU iPhone OS 18_5 like Mac OS X) AppleWebKit/605.1.15 (KHTML, like Gecko) Version/18.5 Mobile/15E148 Safari/604.1"
162.0.232.193 - - [08/Jun/2025:19:13:53 -0400] "POST /wp-cron.php?doing_wp_cron=1749424433.4023499488830566406250 HTTP/1.1" 200 0 "-" "WordPress/6.4.5; https://w3.readbtooom.com"
2001:861:c43:2e50:dd7f:2c4e:c1b0:20ca - - [08/Jun/2025:19:13:53 -0400] "POST /wp-admin/admin-ajax.php HTTP/1.1" 200 69 "https://w3.readbtooom.com/manga/btooom-chapter-103/" "Mozilla/5.0 (iPhone; CPU iPhone OS 18_5 like Mac OS X) AppleWebKit/605.1.15 (KHTML, like Gecko) Version/18.5 Mobile/15E148 Safari/604.1"
2001:861:c43:2e50:dd7f:2c4e:c1b0:20ca - - [08/Jun/2025:19:14:30 -0400] "GET /manga/btooom-chapter-104/ HTTP/1.1" 200 30474 "https://w3.readbtooom.com/manga/btooom-chapter-103/" "Mozilla/5.0 (iPhone; CPU iPhone OS 18_5 like Mac OS X) AppleWebKit/605.1.15 (KHTML, like Gecko) Version/18.5 Mobile/15E148 Safari/604.1"
2001:861:c43:2e50:dd7f:2c4e:c1b0:20ca - - [08/Jun/2025:19:14:31 -0400] "POST /wp-admin/admin-ajax.php HTTP/1.1" 200 69 "https://w3.readbtooom.com/manga/btooom-chapter-104/" "Mozilla/5.0 (iPhone; CPU iPhone OS 18_5 like Mac OS X) AppleWebKit/605.1.15 (KHTML, like Gecko) Version/18.5 Mobile/15E148 Safari/604.1"
2001:861:c43:2e50:dd7f:2c4e:c1b0:20ca - - [08/Jun/2025:19:15:48 -0400] "GET /manga/btooom-chapter-105/ HTTP/1.1" 200 36468 "https://w3.readbtooom.com/manga/btooom-chapter-104/" "Mozilla/5.0 (iPhone; CPU iPhone OS 18_5 like Mac OS X) AppleWebKit/605.1.15 (KHTML, like Gecko) Version/18.5 Mobile/15E148 Safari/604.1"
2001:861:c43:2e50:dd7f:2c4e:c1b0:20ca - - [08/Jun/2025:19:16:12 -0400] "GET /manga/btooom-chapter-106/ HTTP/1.1" 200 34343 "https://w3.readbtooom.com/manga/btooom-chapter-105/" "Mozilla/5.0 (iPhone; CPU iPhone OS 18_5 like Mac OS X) AppleWebKit/605.1.15 (KHTML, like Gecko) Version/18.5 Mobile/15E148 Safari/604.1"
162.0.232.193 - - [08/Jun/2025:19:16:14 -0400] "POST /wp-cron.php?doing_wp_cron=1749424574.5744609832763671875000 HTTP/1.1" 200 0 "-" "WordPress/6.4.5; https://w3.readbtooom.com"
2001:861:c43:2e50:dd7f:2c4e:c1b0:20ca - - [08/Jun/2025:19:16:13 -0400] "POST /wp-admin/admin-ajax.php HTTP/1.1" 200 69 "https://w3.readbtooom.com/manga/btooom-chapter-106/" "Mozilla/5.0 (iPhone; CPU iPhone OS 18_5 like Mac OS X) AppleWebKit/605.1.15 (KHTML, like Gecko) Version/18.5 Mobile/15E148 Safari/604.1"
196.217.138.25 - - [08/Jun/2025:19:17:24 -0400] "GET /tag/btooom-manga/ HTTP/1.1" 301 0 "https://w3.readbtooom.com/manga/btooom-chapter-105/" "Mozilla/5.0 (Linux; Android 10; K) AppleWebKit/537.36 (KHTML, like Gecko) Chrome/137.0.0.0 Mobile Safari/537.36"
196.217.138.25 - - [08/Jun/2025:19:17:24 -0400] "GET / HTTP/1.1" 304 0 "https://w3.readbtooom.com/" "Mozilla/5.0 (Linux; Android 10; K) AppleWebKit/537.36 (KHTML, like Gecko) Chrome/137.0.0.0 Mobile Safari/537.36"
196.217.138.25 - - [08/Jun/2025:19:17:28 -0400] "GET /manga/btooom-chapter-104/ HTTP/1.1" 304 0 "https://w3.readbtooom.com/manga/btooom-chapter-105/" "Mozilla/5.0 (Linux; Android 10; K) AppleWebKit/537.36 (KHTML, like Gecko) Chrome/137.0.0.0 Mobile Safari/537.36"
196.217.138.25 - - [08/Jun/2025:19:17:32 -0400] "GET /manga/btooom-chapter-106/ HTTP/1.1" 200 34343 "https://w3.readbtooom.com/manga/btooom-chapter-105/" "Mozilla/5.0 (Linux; Android 10; K) AppleWebKit/537.36 (KHTML, like Gecko) Chrome/137.0.0.0 Mobile Safari/537.36"
196.217.138.25 - - [08/Jun/2025:19:17:32 -0400] "GET /manga/btooom-chapter-106/ HTTP/1.1" 304 0 "https://w3.readbtooom.com/manga/btooom-chapter-105/" "Mozilla/5.0 (Linux; Android 10; K) AppleWebKit/537.36 (KHTML, like Gecko) Chrome/137.0.0.0 Mobile Safari/537.36"
162.0.232.193 - - [08/Jun/2025:19:17:33 -0400] "POST /wp-cron.php?doing_wp_cron=1749424653.5283360481262207031250 HTTP/1.1" 200 0 "-" "WordPress/6.4.5; https://w3.readbtooom.com"
196.217.138.25 - - [08/Jun/2025:19:17:33 -0400] "POST /wp-admin/admin-ajax.php HTTP/1.1" 200 69 "https://w3.readbtooom.com/manga/btooom-chapter-106/" "Mozilla/5.0 (Linux; Android 10; K) AppleWebKit/537.36 (KHTML, like Gecko) Chrome/137.0.0.0 Mobile Safari/537.36"
5.255.231.155 - - [08/Jun/2025:19:17:57 -0400] "GET /wp-content/uploads/2021/11/btooom-lyrics.jpg HTTP/1.1" 200 115029 "-" "Mozilla/5.0 (compatible; YandexImages/3.0; +http://yandex.com/bots)"
2a01:e0a:57c:e110:5860:8314:7dca:55f8 - - [08/Jun/2025:19:18:38 -0400] "GET /manga/btooom-chapter-112/ HTTP/1.1" 200 32014 "https://w3.readbtooom.com/manga/btooom-chapter-111/" "Mozilla/5.0 (Windows NT 10.0; Win64; x64) AppleWebKit/537.36 (KHTML, like Gecko) Chrome/136.0.0.0 Safari/537.36"
2a01:e0a:57c:e110:5860:8314:7dca:55f8 - - [08/Jun/2025:19:18:40 -0400] "GET /manga/btooom-chapter-112/ HTTP/1.1" 304 0 "https://w3.readbtooom.com/manga/btooom-chapter-111/" "Mozilla/5.0 (Windows NT 10.0; Win64; x64) AppleWebKit/537.36 (KHTML, like Gecko) Chrome/136.0.0.0 Safari/537.36"
2001:861:c43:2e50:dd7f:2c4e:c1b0:20ca - - [08/Jun/2025:19:18:52 -0400] "GET /manga/btooom-chapter-107/ HTTP/1.1" 200 31468 "https://w3.readbtooom.com/manga/btooom-chapter-106/" "Mozilla/5.0 (iPhone; CPU iPhone OS 18_5 like Mac OS X) AppleWebKit/605.1.15 (KHTML, like Gecko) Version/18.5 Mobile/15E148 Safari/604.1"
162.0.232.193 - - [08/Jun/2025:19:18:52 -0400] "POST /wp-cron.php?doing_wp_cron=1749424732.6496100425720214843750 HTTP/1.1" 200 0 "-" "WordPress/6.4.5; https://w3.readbtooom.com"
2001:861:c43:2e50:dd7f:2c4e:c1b0:20ca - - [08/Jun/2025:19:18:52 -0400] "POST /wp-admin/admin-ajax.php HTTP/1.1" 200 69 "https://w3.readbtooom.com/manga/btooom-chapter-107/" "Mozilla/5.0 (iPhone; CPU iPhone OS 18_5 like Mac OS X) AppleWebKit/605.1.15 (KHTML, like Gecko) Version/18.5 Mobile/15E148 Safari/604.1"
2001:861:c43:2e50:dd7f:2c4e:c1b0:20ca - - [08/Jun/2025:19:20:05 -0400] "GET /manga/btooom-chapter-108/ HTTP/1.1" 200 31048 "https://w3.readbtooom.com/manga/btooom-chapter-107/" "Mozilla/5.0 (iPhone; CPU iPhone OS 18_5 like Mac OS X) AppleWebKit/605.1.15 (KHTML, like Gecko) Version/18.5 Mobile/15E148 Safari/604.1"
2001:861:c43:2e50:dd7f:2c4e:c1b0:20ca - - [08/Jun/2025:19:20:34 -0400] "GET /manga/btooom-chapter-109/ HTTP/1.1" 200 35995 "https://w3.readbtooom.com/manga/btooom-chapter-108/" "Mozilla/5.0 (iPhone; CPU iPhone OS 18_5 like Mac OS X) AppleWebKit/605.1.15 (KHTML, like Gecko) Version/18.5 Mobile/15E148 Safari/604.1"
105.105.206.107 - - [08/Jun/2025:19:22:02 -0400] "GET /manga/btooom-chapter-75/ HTTP/1.1" 304 0 "https://www.google.com/" "Mozilla/5.0 (Linux; Android 10; K) AppleWebKit/537.36 (KHTML, like Gecko) Chrome/136.0.0.0 Mobile Safari/537.36"
105.105.206.107 - - [08/Jun/2025:19:22:04 -0400] "GET /manga/ HTTP/1.1" 301 0 "https://w3.readbtooom.com/manga/btooom-chapter-75/" "Mozilla/5.0 (Linux; Android 10; K) AppleWebKit/537.36 (KHTML, like Gecko) Chrome/136.0.0.0 Mobile Safari/537.36"
105.105.206.107 - - [08/Jun/2025:19:22:06 -0400] "GET / HTTP/1.1" 304 0 "https://w3.readbtooom.com/" "Mozilla/5.0 (Linux; Android 10; K) AppleWebKit/537.36 (KHTML, like Gecko) Chrome/136.0.0.0 Mobile Safari/537.36"
105.105.206.107 - - [08/Jun/2025:19:22:06 -0400] "GET / HTTP/1.1" 304 0 "https://w3.readbtooom.com/" "Mozilla/5.0 (Linux; Android 10; K) AppleWebKit/537.36 (KHTML, like Gecko) Chrome/136.0.0.0 Mobile Safari/537.36"
2a01:e0a:a0f:7220:4520:2902:3b9a:5fa6 - - [08/Jun/2025:19:22:29 -0400] "GET /manga/btooom-chapter-16/ HTTP/1.1" 200 22702 "https://www.google.com/" "Mozilla/5.0 (Linux; Android 10; K) AppleWebKit/537.36 (KHTML, like Gecko) Chrome/137.0.0.0 Mobile Safari/537.36"
2001:861:c43:2e50:dd7f:2c4e:c1b0:20ca - - [08/Jun/2025:19:22:39 -0400] "GET /manga/btooom-chapter-110/ HTTP/1.1" 200 34555 "https://w3.readbtooom.com/manga/btooom-chapter-109/" "Mozilla/5.0 (iPhone; CPU iPhone OS 18_5 like Mac OS X) AppleWebKit/605.1.15 (KHTML, like Gecko) Version/18.5 Mobile/15E148 Safari/604.1"
2001:861:c43:2e50:dd7f:2c4e:c1b0:20ca - - [08/Jun/2025:19:23:14 -0400] "GET /manga/btooom-chapter-111/ HTTP/1.1" 200 31188 "https://w3.readbtooom.com/manga/btooom-chapter-110/" "Mozilla/5.0 (iPhone; CPU iPhone OS 18_5 like Mac OS X) AppleWebKit/605.1.15 (KHTML, like Gecko) Version/18.5 Mobile/15E148 Safari/604.1"
2001:861:c43:2e50:dd7f:2c4e:c1b0:20ca - - [08/Jun/2025:19:25:11 -0400] "GET /manga/btooom-chapter-112/ HTTP/1.1" 200 32014 "https://w3.readbtooom.com/manga/btooom-chapter-111/" "Mozilla/5.0 (iPhone; CPU iPhone OS 18_5 like Mac OS X) AppleWebKit/605.1.15 (KHTML, like Gecko) Version/18.5 Mobile/15E148 Safari/604.1"
2001:861:c43:2e50:dd7f:2c4e:c1b0:20ca - - [08/Jun/2025:19:25:54 -0400] "GET /manga/btooom-chapter-113/ HTTP/1.1" 200 33433 "https://w3.readbtooom.com/manga/btooom-chapter-112/" "Mozilla/5.0 (iPhone; CPU iPhone OS 18_5 like Mac OS X) AppleWebKit/605.1.15 (KHTML, like Gecko) Version/18.5 Mobile/15E148 Safari/604.1"
2001:861:c43:2e50:dd7f:2c4e:c1b0:20ca - - [08/Jun/2025:19:26:19 -0400] "GET /manga/btooom-chapter-114/ HTTP/1.1" 200 34368 "https://w3.readbtooom.com/manga/btooom-chapter-113/" "Mozilla/5.0 (iPhone; CPU iPhone OS 18_5 like Mac OS X) AppleWebKit/605.1.15 (KHTML, like Gecko) Version/18.5 Mobile/15E148 Safari/604.1"
196.217.138.25 - - [08/Jun/2025:19:26:26 -0400] "GET / HTTP/1.1" 304 0 "https://w3.readbtooom.com/" "Mozilla/5.0 (Linux; Android 10; K) AppleWebKit/537.36 (KHTML, like Gecko) Chrome/137.0.0.0 Mobile Safari/537.36"
196.217.138.25 - - [08/Jun/2025:19:26:30 -0400] "GET /manga/btooom-chapter-107/ HTTP/1.1" 200 31468 "https://w3.readbtooom.com/manga/btooom-chapter-106/" "Mozilla/5.0 (Linux; Android 10; K) AppleWebKit/537.36 (KHTML, like Gecko) Chrome/137.0.0.0 Mobile Safari/537.36"
196.217.138.25 - - [08/Jun/2025:19:26:30 -0400] "GET /manga/btooom-chapter-107/ HTTP/1.1" 304 0 "https://w3.readbtooom.com/manga/btooom-chapter-106/" "Mozilla/5.0 (Linux; Android 10; K) AppleWebKit/537.36 (KHTML, like Gecko) Chrome/137.0.0.0 Mobile Safari/537.36"
162.0.232.193 - - [08/Jun/2025:19:26:33 -0400] "POST /wp-cron.php?doing_wp_cron=1749425192.8945379257202148437500 HTTP/1.1" 200 0 "-" "WordPress/6.4.5; https://w3.readbtooom.com"
196.217.138.25 - - [08/Jun/2025:19:26:31 -0400] "POST /wp-admin/admin-ajax.php HTTP/1.1" 200 69 "https://w3.readbtooom.com/manga/btooom-chapter-107/" "Mozilla/5.0 (Linux; Android 10; K) AppleWebKit/537.36 (KHTML, like Gecko) Chrome/137.0.0.0 Mobile Safari/537.36"
2604:3d08:948d:c000:311d:b17d:3c61:1619 - - [08/Jun/2025:19:27:29 -0400] "GET /manga/btooom-chapter-26/ HTTP/1.1" 200 22499 "https://w3.readbtooom.com/manga/btooom-chapter-27/" "Mozilla/5.0 (iPhone; CPU iPhone OS 16_7_11 like Mac OS X) AppleWebKit/605.1.15 (KHTML, like Gecko) Version/16.6.1 Mobile/15E148 Safari/604.1"
162.0.232.193 - - [08/Jun/2025:19:27:58 -0400] "POST /wp-cron.php?doing_wp_cron=1749425278.2187659740447998046875 HTTP/1.1" 200 0 "-" "WordPress/6.4.5; https://w3.readbtooom.com"
120.29.68.232 - - [08/Jun/2025:19:28:59 -0400] "GET /manga/btooom-chapter-65/ HTTP/1.1" 200 30834 "https://www.google.com/" "Mozilla/5.0 (Linux; Android 10; K) AppleWebKit/537.36 (KHTML, like Gecko) Chrome/137.0.0.0 Mobile Safari/537.36"
2001:861:c43:2e50:dd7f:2c4e:c1b0:20ca - - [08/Jun/2025:19:29:03 -0400] "GET /manga/btooom-chapter-115/ HTTP/1.1" 200 33874 "https://w3.readbtooom.com/manga/btooom-chapter-114/" "Mozilla/5.0 (iPhone; CPU iPhone OS 18_5 like Mac OS X) AppleWebKit/605.1.15 (KHTML, like Gecko) Version/18.5 Mobile/15E148 Safari/604.1"
162.0.232.193 - - [08/Jun/2025:19:29:04 -0400] "POST /wp-cron.php?doing_wp_cron=1749425344.4851500988006591796875 HTTP/1.1" 200 0 "-" "WordPress/6.4.5; https://w3.readbtooom.com"
2001:861:c43:2e50:dd7f:2c4e:c1b0:20ca - - [08/Jun/2025:19:29:04 -0400] "POST /wp-admin/admin-ajax.php HTTP/1.1" 200 69 "https://w3.readbtooom.com/manga/btooom-chapter-115/" "Mozilla/5.0 (iPhone; CPU iPhone OS 18_5 like Mac OS X) AppleWebKit/605.1.15 (KHTML, like Gecko) Version/18.5 Mobile/15E148 Safari/604.1"
2001:861:c43:2e50:dd7f:2c4e:c1b0:20ca - - [08/Jun/2025:19:29:35 -0400] "GET /manga/btooom-chapter-116/ HTTP/1.1" 200 33207 "https://w3.readbtooom.com/manga/btooom-chapter-115/" "Mozilla/5.0 (iPhone; CPU iPhone OS 18_5 like Mac OS X) AppleWebKit/605.1.15 (KHTML, like Gecko) Version/18.5 Mobile/15E148 Safari/604.1"
162.0.232.193 - - [08/Jun/2025:19:29:36 -0400] "POST /wp-cron.php?doing_wp_cron=1749425376.2671370506286621093750 HTTP/1.1" 200 0 "-" "WordPress/6.4.5; https://w3.readbtooom.com"
2001:861:c43:2e50:dd7f:2c4e:c1b0:20ca - - [08/Jun/2025:19:29:36 -0400] "POST /wp-admin/admin-ajax.php HTTP/1.1" 200 69 "https://w3.readbtooom.com/manga/btooom-chapter-116/" "Mozilla/5.0 (iPhone; CPU iPhone OS 18_5 like Mac OS X) AppleWebKit/605.1.15 (KHTML, like Gecko) Version/18.5 Mobile/15E148 Safari/604.1"
120.29.68.232 - - [08/Jun/2025:19:29:40 -0400] "GET / HTTP/1.1" 200 18608 "https://w3.readbtooom.com/manga/btooom-chapter-65/" "Mozilla/5.0 (Linux; Android 10; K) AppleWebKit/537.36 (KHTML, like Gecko) Chrome/137.0.0.0 Mobile Safari/537.36"
120.29.68.232 - - [08/Jun/2025:19:29:41 -0400] "GET / HTTP/1.1" 304 0 "https://w3.readbtooom.com/manga/btooom-chapter-65/" "Mozilla/5.0 (Linux; Android 10; K) AppleWebKit/537.36 (KHTML, like Gecko) Chrome/137.0.0.0 Mobile Safari/537.36"
120.29.68.232 - - [08/Jun/2025:19:29:46 -0400] "GET /manga/btooom-chapter-100/ HTTP/1.1" 200 29574 "https://w3.readbtooom.com/" "Mozilla/5.0 (Linux; Android 10; K) AppleWebKit/537.36 (KHTML, like Gecko) Chrome/137.0.0.0 Mobile Safari/537.36"
120.29.68.232 - - [08/Jun/2025:19:29:46 -0400] "GET /manga/btooom-chapter-100/ HTTP/1.1" 304 0 "https://w3.readbtooom.com/" "Mozilla/5.0 (Linux; Android 10; K) AppleWebKit/537.36 (KHTML, like Gecko) Chrome/137.0.0.0 Mobile Safari/537.36"
2001:861:c43:2e50:dd7f:2c4e:c1b0:20ca - - [08/Jun/2025:19:30:13 -0400] "GET /manga/btooom-chapter-117/ HTTP/1.1" 200 37649 "https://w3.readbtooom.com/manga/btooom-chapter-116/" "Mozilla/5.0 (iPhone; CPU iPhone OS 18_5 like Mac OS X) AppleWebKit/605.1.15 (KHTML, like Gecko) Version/18.5 Mobile/15E148 Safari/604.1"
120.29.68.232 - - [08/Jun/2025:19:30:43 -0400] "GET /manga/btooom-chapter-97/ HTTP/1.1" 200 30203 "https://w3.readbtooom.com/" "Mozilla/5.0 (Linux; Android 10; K) AppleWebKit/537.36 (KHTML, like Gecko) Chrome/137.0.0.0 Mobile Safari/537.36"
120.29.68.232 - - [08/Jun/2025:19:30:44 -0400] "GET /manga/btooom-chapter-97/ HTTP/1.1" 304 0 "https://w3.readbtooom.com/" "Mozilla/5.0 (Linux; Android 10; K) AppleWebKit/537.36 (KHTML, like Gecko) Chrome/137.0.0.0 Mobile Safari/537.36"
2a01:e0a:57c:e110:5860:8314:7dca:55f8 - - [08/Jun/2025:19:31:16 -0400] "GET /manga/btooom-chapter-111/ HTTP/1.1" 304 0 "https://w3.readbtooom.com/manga/btooom-chapter-112/" "Mozilla/5.0 (Windows NT 10.0; Win64; x64) AppleWebKit/537.36 (KHTML, like Gecko) Chrome/136.0.0.0 Safari/537.36"
2a01:e0a:57c:e110:5860:8314:7dca:55f8 - - [08/Jun/2025:19:31:17 -0400] "GET /manga/btooom-chapter-113/ HTTP/1.1" 200 33433 "https://w3.readbtooom.com/manga/btooom-chapter-112/" "Mozilla/5.0 (Windows NT 10.0; Win64; x64) AppleWebKit/537.36 (KHTML, like Gecko) Chrome/136.0.0.0 Safari/537.36"
2a01:e0a:57c:e110:5860:8314:7dca:55f8 - - [08/Jun/2025:19:31:19 -0400] "GET /manga/btooom-chapter-113/ HTTP/1.1" 304 0 "https://w3.readbtooom.com/manga/btooom-chapter-112/" "Mozilla/5.0 (Windows NT 10.0; Win64; x64) AppleWebKit/537.36 (KHTML, like Gecko) Chrome/136.0.0.0 Safari/537.36"
2001:861:c43:2e50:dd7f:2c4e:c1b0:20ca - - [08/Jun/2025:19:31:55 -0400] "GET /manga/btooom-chapter-118/ HTTP/1.1" 200 36443 "https://w3.readbtooom.com/manga/btooom-chapter-117/" "Mozilla/5.0 (iPhone; CPU iPhone OS 18_5 like Mac OS X) AppleWebKit/605.1.15 (KHTML, like Gecko) Version/18.5 Mobile/15E148 Safari/604.1"
196.217.138.25 - - [08/Jun/2025:19:34:16 -0400] "GET /manga/btooom-chapter-108/ HTTP/1.1" 200 31048 "https://w3.readbtooom.com/manga/btooom-chapter-107/" "Mozilla/5.0 (Linux; Android 10; K) AppleWebKit/537.36 (KHTML, like Gecko) Chrome/137.0.0.0 Mobile Safari/537.36"
196.217.138.25 - - [08/Jun/2025:19:34:17 -0400] "GET /manga/btooom-chapter-108/ HTTP/1.1" 304 0 "https://w3.readbtooom.com/manga/btooom-chapter-107/" "Mozilla/5.0 (Linux; Android 10; K) AppleWebKit/537.36 (KHTML, like Gecko) Chrome/137.0.0.0 Mobile Safari/537.36"
2001:861:c43:2e50:dd7f:2c4e:c1b0:20ca - - [08/Jun/2025:19:35:06 -0400] "GET /manga/btooom-chapter-119/ HTTP/1.1" 200 33440 "https://w3.readbtooom.com/manga/btooom-chapter-118/" "Mozilla/5.0 (iPhone; CPU iPhone OS 18_5 like Mac OS X) AppleWebKit/605.1.15 (KHTML, like Gecko) Version/18.5 Mobile/15E148 Safari/604.1"
2001:861:c43:2e50:dd7f:2c4e:c1b0:20ca - - [08/Jun/2025:19:36:35 -0400] "GET /manga/btooom-chapter-120/ HTTP/1.1" 200 34682 "https://w3.readbtooom.com/manga/btooom-chapter-119/" "Mozilla/5.0 (iPhone; CPU iPhone OS 18_5 like Mac OS X) AppleWebKit/605.1.15 (KHTML, like Gecko) Version/18.5 Mobile/15E148 Safari/604.1"
120.29.68.232 - - [08/Jun/2025:19:37:30 -0400] "GET /manga/btooom-chapter-98/ HTTP/1.1" 200 32183 "https://w3.readbtooom.com/manga/btooom-chapter-97/" "Mozilla/5.0 (Linux; Android 10; K) AppleWebKit/537.36 (KHTML, like Gecko) Chrome/137.0.0.0 Mobile Safari/537.36"
120.29.68.232 - - [08/Jun/2025:19:37:31 -0400] "GET /manga/btooom-chapter-98/ HTTP/1.1" 304 0 "https://w3.readbtooom.com/manga/btooom-chapter-97/" "Mozilla/5.0 (Linux; Android 10; K) AppleWebKit/537.36 (KHTML, like Gecko) Chrome/137.0.0.0 Mobile Safari/537.36"
2001:861:c43:2e50:dd7f:2c4e:c1b0:20ca - - [08/Jun/2025:19:37:48 -0400] "GET /manga/btooom-chapter-120-2/ HTTP/1.1" 200 32656 "https://w3.readbtooom.com/manga/btooom-chapter-120/" "Mozilla/5.0 (iPhone; CPU iPhone OS 18_5 like Mac OS X) AppleWebKit/605.1.15 (KHTML, like Gecko) Version/18.5 Mobile/15E148 Safari/604.1"
2001:861:c43:2e50:dd7f:2c4e:c1b0:20ca - - [08/Jun/2025:19:37:56 -0400] "GET /manga/btooom-chapter-121/ HTTP/1.1" 200 54239 "https://w3.readbtooom.com/manga/btooom-chapter-120-2/" "Mozilla/5.0 (iPhone; CPU iPhone OS 18_5 like Mac OS X) AppleWebKit/605.1.15 (KHTML, like Gecko) Version/18.5 Mobile/15E148 Safari/604.1"
162.0.232.193 - - [08/Jun/2025:19:39:07 -0400] "POST /wp-cron.php?doing_wp_cron=1749425946.9801650047302246093750 HTTP/1.1" 200 0 "-" "WordPress/6.4.5; https://w3.readbtooom.com"
196.217.138.25 - - [08/Jun/2025:19:40:36 -0400] "GET /manga/btooom-chapter-109/ HTTP/1.1" 200 35995 "https://w3.readbtooom.com/manga/btooom-chapter-108/" "Mozilla/5.0 (Linux; Android 10; K) AppleWebKit/537.36 (KHTML, like Gecko) Chrome/137.0.0.0 Mobile Safari/537.36"
196.217.138.25 - - [08/Jun/2025:19:40:37 -0400] "GET /manga/btooom-chapter-109/ HTTP/1.1" 304 0 "https://w3.readbtooom.com/manga/btooom-chapter-108/" "Mozilla/5.0 (Linux; Android 10; K) AppleWebKit/537.36 (KHTML, like Gecko) Chrome/137.0.0.0 Mobile Safari/537.36"
196.217.138.25 - - [08/Jun/2025:19:40:44 -0400] "GET /manga/btooom-chapter-109/ HTTP/1.1" 304 0 "https://w3.readbtooom.com/manga/btooom-chapter-108/" "Mozilla/5.0 (Linux; Android 10; K) AppleWebKit/537.36 (KHTML, like Gecko) Chrome/137.0.0.0 Mobile Safari/537.36"
120.29.68.232 - - [08/Jun/2025:19:40:49 -0400] "GET /tag/btooom-manga/ HTTP/1.1" 301 0 "https://w3.readbtooom.com/manga/btooom-chapter-98/" "Mozilla/5.0 (Linux; Android 10; K) AppleWebKit/537.36 (KHTML, like Gecko) Chrome/137.0.0.0 Mobile Safari/537.36"
162.0.232.193 - - [08/Jun/2025:19:40:53 -0400] "POST /wp-cron.php?doing_wp_cron=1749426053.6966049671173095703125 HTTP/1.1" 200 0 "-" "WordPress/6.4.5; https://w3.readbtooom.com"
120.29.68.232 - - [08/Jun/2025:19:40:54 -0400] "GET / HTTP/1.1" 200 18509 "https://w3.readbtooom.com/" "Mozilla/5.0 (Linux; Android 10; K) AppleWebKit/537.36 (KHTML, like Gecko) Chrome/137.0.0.0 Mobile Safari/537.36"
162.0.232.193 - - [08/Jun/2025:19:40:54 -0400] "GET / HTTP/1.1" 200 18536 "-" "WP Rocket/Preload"
2a04:4e41:2965:602a::9d65:602a - - [08/Jun/2025:19:42:56 -0400] "GET /manga/btooom-chapter-51/ HTTP/1.1" 200 30217 "-" "Mozilla/5.0 (iPhone; CPU iPhone OS 18_5 like Mac OS X) AppleWebKit/605.1.15 (KHTML, like Gecko) Version/18.5 Mobile/15E148 Safari/604.1"
2a04:4e41:2965:602a::9d65:602a - - [08/Jun/2025:19:42:56 -0400] "GET /wp-content/themes/toivo-lite/fonts/genericons/genericons/Genericons.svg HTTP/1.1" 200 23714 "https://w3.readbtooom.com/manga/btooom-chapter-51/" "Mozilla/5.0 (iPhone; CPU iPhone OS 18_5 like Mac OS X) AppleWebKit/605.1.15 (KHTML, like Gecko) Version/18.5 Mobile/15E148 Safari/604.1"
2001:861:c43:2e50:dd7f:2c4e:c1b0:20ca - - [08/Jun/2025:19:43:06 -0400] "GET /manga/btooom-chapter-121-2/ HTTP/1.1" 200 49260 "https://w3.readbtooom.com/manga/btooom-chapter-121/" "Mozilla/5.0 (iPhone; CPU iPhone OS 18_5 like Mac OS X) AppleWebKit/605.1.15 (KHTML, like Gecko) Version/18.5 Mobile/15E148 Safari/604.1"
66.249.64.131 - - [08/Jun/2025:19:43:28 -0400] "GET /read-manga-news/ HTTP/1.1" 200 10384 "-" "Mozilla/5.0 (Linux; Android 6.0.1; Nexus 5X Build/MMB29P) AppleWebKit/537.36 (KHTML, like Gecko) Chrome/136.0.7103.113 Mobile Safari/537.36 (compatible; Googlebot/2.1; +http://www.google.com/bot.html)"
196.217.138.25 - - [08/Jun/2025:19:46:40 -0400] "GET /manga/btooom-chapter-110/ HTTP/1.1" 200 34555 "https://w3.readbtooom.com/manga/btooom-chapter-109/" "Mozilla/5.0 (Linux; Android 10; K) AppleWebKit/537.36 (KHTML, like Gecko) Chrome/137.0.0.0 Mobile Safari/537.36"
196.217.138.25 - - [08/Jun/2025:19:46:41 -0400] "GET /manga/btooom-chapter-110/ HTTP/1.1" 304 0 "https://w3.readbtooom.com/manga/btooom-chapter-109/" "Mozilla/5.0 (Linux; Android 10; K) AppleWebKit/537.36 (KHTML, like Gecko) Chrome/137.0.0.0 Mobile Safari/537.36"
160.178.244.10 - - [08/Jun/2025:19:48:21 -0400] "GET /manga/btooom-chapter-96/ HTTP/1.1" 200 29417 "https://www.google.com/" "Mozilla/5.0 (Linux; Android 10; K) AppleWebKit/537.36 (KHTML, like Gecko) Chrome/128.0.0.0 Mobile Safari/537.36"
160.178.244.10 - - [08/Jun/2025:19:48:59 -0400] "GET /manga/btooom-chapter-98/ HTTP/1.1" 200 32183 "https://www.google.com/" "Mozilla/5.0 (Linux; Android 10; K) AppleWebKit/537.36 (KHTML, like Gecko) Chrome/128.0.0.0 Mobile Safari/537.36"
66.249.64.131 - - [08/Jun/2025:19:49:28 -0400] "GET /manga/btooom-chapter-104/ HTTP/1.1" 304 0 "-" "Mozilla/5.0 (Linux; Android 6.0.1; Nexus 5X Build/MMB29P) AppleWebKit/537.36 (KHTML, like Gecko) Chrome/136.0.7103.113 Mobile Safari/537.36 (compatible; Googlebot/2.1; +http://www.google.com/bot.html)"
160.178.244.10 - - [08/Jun/2025:19:50:02 -0400] "GET /wp-content/uploads/2021/11/cropped-190036-192x192.png HTTP/1.1" 200 46224 "https://w3.readbtooom.com/manga/btooom-chapter-98/" "Mozilla/5.0 (Linux; Android 10; K) AppleWebKit/537.36 (KHTML, like Gecko) Chrome/128.0.0.0 Mobile Safari/537.36"
160.178.244.10 - - [08/Jun/2025:19:50:02 -0400] "GET /wp-content/uploads/2021/11/cropped-190036-180x180.png HTTP/1.1" 200 41674 "https://w3.readbtooom.com/manga/btooom-chapter-98/" "Mozilla/5.0 (Linux; Android 10; K) AppleWebKit/537.36 (KHTML, like Gecko) Chrome/128.0.0.0 Mobile Safari/537.36"
162.0.232.193 - - [08/Jun/2025:19:50:51 -0400] "POST /wp-cron.php?doing_wp_cron=1749426651.6169869899749755859375 HTTP/1.1" 200 0 "-" "WordPress/6.4.5; https://w3.readbtooom.com"
160.178.244.10 - - [08/Jun/2025:19:51:07 -0400] "GET /wp-content/uploads/2021/11/btooom-lyrics.jpg HTTP/1.1" 200 115029 "https://w3.readbtooom.com/manga/btooom-chapter-98/" "Mozilla/5.0 (Linux; Android 10; K) AppleWebKit/537.36 (KHTML, like Gecko) Chrome/128.0.0.0 Mobile Safari/537.36"
160.178.244.10 - - [08/Jun/2025:19:51:08 -0400] "GET /tag/ryota-sakamoto/ HTTP/1.1" 301 0 "https://w3.readbtooom.com/manga/btooom-chapter-98/" "Mozilla/5.0 (Linux; Android 10; K) AppleWebKit/537.36 (KHTML, like Gecko) Chrome/128.0.0.0 Mobile Safari/537.36"
209.141.49.135 - - [08/Jun/2025:19:51:08 -0400] "GET /wp-login.php?redirect_to=https%3A%2F%2Freadbtooom.com%2Fwp-admin%2Fthemes.php&reauth=1 HTTP/1.1" 200 1857 "-" "python-requests/2.27.1"
160.178.244.10 - - [08/Jun/2025:19:51:09 -0400] "GET / HTTP/1.1" 200 18607 "https://w3.readbtooom.com/" "Mozilla/5.0 (Linux; Android 10; K) AppleWebKit/537.36 (KHTML, like Gecko) Chrome/128.0.0.0 Mobile Safari/537.36"
209.141.49.135 - - [08/Jun/2025:19:51:09 -0400] "GET /wp-login.php?redirect_to=https%3A%2F%2Freadbtooom.com%2Fwp-admin%2Fplugin-install.php%3Ftab%3Dupload&reauth=1 HTTP/1.1" 200 1872 "-" "python-requests/2.27.1"
160.178.244.10 - - [08/Jun/2025:19:51:10 -0400] "GET /manga/btooom-chapter-99/ HTTP/1.1" 200 30187 "https://w3.readbtooom.com/manga/btooom-chapter-98/" "Mozilla/5.0 (Linux; Android 10; K) AppleWebKit/537.36 (KHTML, like Gecko) Chrome/128.0.0.0 Mobile Safari/537.36"
160.178.244.10 - - [08/Jun/2025:19:51:20 -0400] "GET /manga/btooom-chapter-97/ HTTP/1.1" 200 30203 "https://w3.readbtooom.com/manga/btooom-chapter-98/" "Mozilla/5.0 (Linux; Android 10; K) AppleWebKit/537.36 (KHTML, like Gecko) Chrome/128.0.0.0 Mobile Safari/537.36"
160.178.244.10 - - [08/Jun/2025:19:51:56 -0400] "GET /manga/btooom-chapter-98/ HTTP/1.1" 304 0 "https://w3.readbtooom.com/manga/btooom-chapter-97/" "Mozilla/5.0 (Linux; Android 10; K) AppleWebKit/537.36 (KHTML, like Gecko) Chrome/128.0.0.0 Mobile Safari/537.36"
160.178.244.10 - - [08/Jun/2025:19:54:31 -0400] "GET /manga/btooom-chapter-96/ HTTP/1.1" 304 0 "https://w3.readbtooom.com/manga/btooom-chapter-97/" "Mozilla/5.0 (Linux; Android 10; K) AppleWebKit/537.36 (KHTML, like Gecko) Chrome/128.0.0.0 Mobile Safari/537.36"
162.0.232.193 - - [08/Jun/2025:19:54:43 -0400] "POST /wp-cron.php?doing_wp_cron=1749426883.0071239471435546875000 HTTP/1.1" 200 0 "-" "WordPress/6.4.5; https://w3.readbtooom.com"
160.178.244.10 - - [08/Jun/2025:19:54:41 -0400] "GET /?s=89 HTTP/1.1" 200 24826 "https://w3.readbtooom.com/manga/btooom-chapter-97/" "Mozilla/5.0 (Linux; Android 10; K) AppleWebKit/537.36 (KHTML, like Gecko) Chrome/128.0.0.0 Mobile Safari/537.36"
2a01:e0a:57c:e110:5860:8314:7dca:55f8 - - [08/Jun/2025:19:54:53 -0400] "GET /manga/btooom-chapter-1/ HTTP/1.1" 200 35545 "https://w3.readbtooom.com/manga/btooom-chapter-113/" "Mozilla/5.0 (Windows NT 10.0; Win64; x64) AppleWebKit/537.36 (KHTML, like Gecko) Chrome/136.0.0.0 Safari/537.36"
