2a09:bac1:7a80:50::245:97 - - [08/Jun/2025:10:01:33 -0400] "GET /manga/btooom-chapter-9/ HTTP/1.1" 304 0 "https://w3.readbtooom.com/manga/btooom-chapter-8/" "Mozilla/5.0 (Windows NT 10.0; Win64; x64) AppleWebKit/537.36 (KHTML, like Gecko) Chrome/135.0.0.0 Safari/537.36"
2a09:bac1:7a80:50::245:97 - - [08/Jun/2025:10:01:34 -0400] "POST /wp-admin/admin-ajax.php HTTP/1.1" 200 69 "https://w3.readbtooom.com/manga/btooom-chapter-9/" "Mozilla/5.0 (Windows NT 10.0; Win64; x64) AppleWebKit/537.36 (KHTML, like Gecko) Chrome/135.0.0.0 Safari/537.36"
2a03:2880:f800:1b:: - - [08/Jun/2025:10:01:40 -0400] "GET /read-manga-news/ HTTP/1.1" 200 10385 "-" "meta-externalagent/1.1 (+https://developers.facebook.com/docs/sharing/webmasters/crawler)"
2a09:bac1:7a80:50::245:97 - - [08/Jun/2025:10:01:47 -0400] "GET /manga/btooom-chapter-8/ HTTP/1.1" 304 0 "https://w3.readbtooom.com/manga/btooom-chapter-9/" "Mozilla/5.0 (Windows NT 10.0; Win64; x64) AppleWebKit/537.36 (KHTML, like Gecko) Chrome/135.0.0.0 Safari/537.36"
2a09:bac1:7a80:50::245:97 - - [08/Jun/2025:10:01:47 -0400] "GET /manga/btooom-chapter-10/ HTTP/1.1" 200 22530 "https://w3.readbtooom.com/manga/btooom-chapter-9/" "Mozilla/5.0 (Windows NT 10.0; Win64; x64) AppleWebKit/537.36 (KHTML, like Gecko) Chrome/135.0.0.0 Safari/537.36"
2a09:bac1:7a80:50::245:97 - - [08/Jun/2025:10:01:48 -0400] "GET /manga/btooom-chapter-10/ HTTP/1.1" 304 0 "https://w3.readbtooom.com/manga/btooom-chapter-9/" "Mozilla/5.0 (Windows NT 10.0; Win64; x64) AppleWebKit/537.36 (KHTML, like Gecko) Chrome/135.0.0.0 Safari/537.36"
2a09:bac1:7a80:50::245:97 - - [08/Jun/2025:10:01:52 -0400] "GET /manga/btooom-chapter-9/ HTTP/1.1" 304 0 "https://w3.readbtooom.com/manga/btooom-chapter-10/" "Mozilla/5.0 (Windows NT 10.0; Win64; x64) AppleWebKit/537.36 (KHTML, like Gecko) Chrome/135.0.0.0 Safari/537.36"
2a09:bac1:7a80:50::245:97 - - [08/Jun/2025:10:01:53 -0400] "GET /manga/btooom-chapter-11/ HTTP/1.1" 200 22878 "https://w3.readbtooom.com/manga/btooom-chapter-10/" "Mozilla/5.0 (Windows NT 10.0; Win64; x64) AppleWebKit/537.36 (KHTML, like Gecko) Chrome/135.0.0.0 Safari/537.36"
2a09:bac1:7a80:50::245:97 - - [08/Jun/2025:10:01:53 -0400] "GET /manga/btooom-chapter-11/ HTTP/1.1" 304 0 "https://w3.readbtooom.com/manga/btooom-chapter-10/" "Mozilla/5.0 (Windows NT 10.0; Win64; x64) AppleWebKit/537.36 (KHTML, like Gecko) Chrome/135.0.0.0 Safari/537.36"
2a09:bac1:7a80:50::245:97 - - [08/Jun/2025:10:02:02 -0400] "GET /manga/btooom-chapter-12/ HTTP/1.1" 200 24050 "https://w3.readbtooom.com/manga/btooom-chapter-11/" "Mozilla/5.0 (Windows NT 10.0; Win64; x64) AppleWebKit/537.36 (KHTML, like Gecko) Chrome/135.0.0.0 Safari/537.36"
2a09:bac1:7a80:50::245:97 - - [08/Jun/2025:10:02:02 -0400] "GET /manga/btooom-chapter-12/ HTTP/1.1" 304 0 "https://w3.readbtooom.com/manga/btooom-chapter-11/" "Mozilla/5.0 (Windows NT 10.0; Win64; x64) AppleWebKit/537.36 (KHTML, like Gecko) Chrome/135.0.0.0 Safari/537.36"
162.0.232.193 - - [08/Jun/2025:10:02:03 -0400] "POST /wp-cron.php?doing_wp_cron=1749391323.1530909538269042968750 HTTP/1.1" 200 0 "-" "WordPress/6.4.5; https://w3.readbtooom.com"
2a09:bac1:7a80:50::245:97 - - [08/Jun/2025:10:02:02 -0400] "POST /wp-admin/admin-ajax.php HTTP/1.1" 200 69 "https://w3.readbtooom.com/manga/btooom-chapter-12/" "Mozilla/5.0 (Windows NT 10.0; Win64; x64) AppleWebKit/537.36 (KHTML, like Gecko) Chrome/135.0.0.0 Safari/537.36"
2a09:bac1:7a80:50::245:97 - - [08/Jun/2025:10:02:08 -0400] "GET /manga/btooom-chapter-11/ HTTP/1.1" 304 0 "https://w3.readbtooom.com/manga/btooom-chapter-12/" "Mozilla/5.0 (Windows NT 10.0; Win64; x64) AppleWebKit/537.36 (KHTML, like Gecko) Chrome/135.0.0.0 Safari/537.36"
2a09:bac1:7a80:50::245:97 - - [08/Jun/2025:10:02:11 -0400] "GET /manga/btooom-chapter-1/ HTTP/1.1" 304 0 "https://w3.readbtooom.com/manga/btooom-chapter-12/" "Mozilla/5.0 (Windows NT 10.0; Win64; x64) AppleWebKit/537.36 (KHTML, like Gecko) Chrome/135.0.0.0 Safari/537.36"
2a09:bac1:7a80:50::245:97 - - [08/Jun/2025:10:02:12 -0400] "GET / HTTP/1.1" 304 0 "https://w3.readbtooom.com/manga/btooom-chapter-12/" "Mozilla/5.0 (Windows NT 10.0; Win64; x64) AppleWebKit/537.36 (KHTML, like Gecko) Chrome/135.0.0.0 Safari/537.36"
2a09:bac1:7a80:50::245:97 - - [08/Jun/2025:10:02:12 -0400] "GET / HTTP/1.1" 304 0 "https://w3.readbtooom.com/manga/btooom-chapter-12/" "Mozilla/5.0 (Windows NT 10.0; Win64; x64) AppleWebKit/537.36 (KHTML, like Gecko) Chrome/135.0.0.0 Safari/537.36"
2a09:bac1:7a80:50::245:97 - - [08/Jun/2025:10:02:12 -0400] "GET / HTTP/1.1" 304 0 "https://w3.readbtooom.com/" "Mozilla/5.0 (Windows NT 10.0; Win64; x64) AppleWebKit/537.36 (KHTML, like Gecko) Chrome/135.0.0.0 Safari/537.36"
2a09:bac1:7a80:50::245:97 - - [08/Jun/2025:10:02:12 -0400] "GET /manga/btooom-chapter-1/ HTTP/1.1" 304 0 "https://w3.readbtooom.com/" "Mozilla/5.0 (Windows NT 10.0; Win64; x64) AppleWebKit/537.36 (KHTML, like Gecko) Chrome/135.0.0.0 Safari/537.36"
2a09:bac1:7a80:50::245:97 - - [08/Jun/2025:10:02:13 -0400] "GET /manga/btooom-chapter-120/ HTTP/1.1" 200 35104 "https://w3.readbtooom.com/" "Mozilla/5.0 (Windows NT 10.0; Win64; x64) AppleWebKit/537.36 (KHTML, like Gecko) Chrome/135.0.0.0 Safari/537.36"
2a09:bac1:7a80:50::245:97 - - [08/Jun/2025:10:02:14 -0400] "GET /manga/btooom-chapter-95/ HTTP/1.1" 200 31812 "https://w3.readbtooom.com/" "Mozilla/5.0 (Windows NT 10.0; Win64; x64) AppleWebKit/537.36 (KHTML, like Gecko) Chrome/135.0.0.0 Safari/537.36"
2a09:bac1:7a80:50::245:97 - - [08/Jun/2025:10:02:14 -0400] "GET /manga/btooom-chapter-77/ HTTP/1.1" 200 31385 "https://w3.readbtooom.com/" "Mozilla/5.0 (Windows NT 10.0; Win64; x64) AppleWebKit/537.36 (KHTML, like Gecko) Chrome/135.0.0.0 Safari/537.36"
2a09:bac1:7a80:50::245:97 - - [08/Jun/2025:10:02:14 -0400] "GET /manga/btooom-chapter-41/ HTTP/1.1" 200 31063 "https://w3.readbtooom.com/" "Mozilla/5.0 (Windows NT 10.0; Win64; x64) AppleWebKit/537.36 (KHTML, like Gecko) Chrome/135.0.0.0 Safari/537.36"
2a09:bac1:7a80:50::245:97 - - [08/Jun/2025:10:02:15 -0400] "GET /manga/btooom-chapter-29/ HTTP/1.1" 200 21727 "https://w3.readbtooom.com/" "Mozilla/5.0 (Windows NT 10.0; Win64; x64) AppleWebKit/537.36 (KHTML, like Gecko) Chrome/135.0.0.0 Safari/537.36"
2a09:bac1:7a80:50::245:97 - - [08/Jun/2025:10:02:15 -0400] "GET /manga/btooom-chapter-18/ HTTP/1.1" 200 22872 "https://w3.readbtooom.com/" "Mozilla/5.0 (Windows NT 10.0; Win64; x64) AppleWebKit/537.36 (KHTML, like Gecko) Chrome/135.0.0.0 Safari/537.36"
2a09:bac1:7a80:50::245:97 - - [08/Jun/2025:10:02:15 -0400] "GET /manga/btooom-chapter-15/ HTTP/1.1" 200 23817 "https://w3.readbtooom.com/" "Mozilla/5.0 (Windows NT 10.0; Win64; x64) AppleWebKit/537.36 (KHTML, like Gecko) Chrome/135.0.0.0 Safari/537.36"
2a09:bac1:7a80:50::245:97 - - [08/Jun/2025:10:02:16 -0400] "GET /manga/btooom-chapter-21/ HTTP/1.1" 200 23553 "https://w3.readbtooom.com/" "Mozilla/5.0 (Windows NT 10.0; Win64; x64) AppleWebKit/537.36 (KHTML, like Gecko) Chrome/135.0.0.0 Safari/537.36"
2a09:bac1:7a80:50::245:97 - - [08/Jun/2025:10:02:16 -0400] "GET /manga/btooom-chapter-22-5/ HTTP/1.1" 200 19443 "https://w3.readbtooom.com/" "Mozilla/5.0 (Windows NT 10.0; Win64; x64) AppleWebKit/537.36 (KHTML, like Gecko) Chrome/135.0.0.0 Safari/537.36"
2a09:bac1:7a80:50::245:97 - - [08/Jun/2025:10:02:16 -0400] "GET /manga/btooom-chapter-22-5/ HTTP/1.1" 304 0 "https://w3.readbtooom.com/" "Mozilla/5.0 (Windows NT 10.0; Win64; x64) AppleWebKit/537.36 (KHTML, like Gecko) Chrome/135.0.0.0 Safari/537.36"
2a09:bac1:7a80:50::245:97 - - [08/Jun/2025:10:02:17 -0400] "GET /manga/btooom-chapter-121-2/ HTTP/1.1" 304 0 "https://w3.readbtooom.com/manga/btooom-chapter-22-5/" "Mozilla/5.0 (Windows NT 10.0; Win64; x64) AppleWebKit/537.36 (KHTML, like Gecko) Chrome/135.0.0.0 Safari/537.36"
2a09:bac1:7a80:50::245:97 - - [08/Jun/2025:10:02:16 -0400] "POST /wp-admin/admin-ajax.php HTTP/1.1" 200 69 "https://w3.readbtooom.com/manga/btooom-chapter-22-5/" "Mozilla/5.0 (Windows NT 10.0; Win64; x64) AppleWebKit/537.36 (KHTML, like Gecko) Chrome/135.0.0.0 Safari/537.36"
2a09:bac1:7a80:50::245:97 - - [08/Jun/2025:10:02:23 -0400] "GET /manga/btooom-chapter-23/ HTTP/1.1" 200 24653 "https://w3.readbtooom.com/manga/btooom-chapter-22-5/" "Mozilla/5.0 (Windows NT 10.0; Win64; x64) AppleWebKit/537.36 (KHTML, like Gecko) Chrome/135.0.0.0 Safari/537.36"
2a09:bac1:7a80:50::245:97 - - [08/Jun/2025:10:02:24 -0400] "GET /manga/btooom-chapter-23/ HTTP/1.1" 304 0 "https://w3.readbtooom.com/manga/btooom-chapter-22-5/" "Mozilla/5.0 (Windows NT 10.0; Win64; x64) AppleWebKit/537.36 (KHTML, like Gecko) Chrome/135.0.0.0 Safari/537.36"
2a09:bac1:7a80:50::245:97 - - [08/Jun/2025:10:02:24 -0400] "GET /privacy-policy/ HTTP/1.1" 200 12590 "https://w3.readbtooom.com/manga/btooom-chapter-23/" "Mozilla/5.0 (Windows NT 10.0; Win64; x64) AppleWebKit/537.36 (KHTML, like Gecko) Chrome/135.0.0.0 Safari/537.36"
2a09:bac1:7a80:50::245:97 - - [08/Jun/2025:10:02:24 -0400] "POST /wp-admin/admin-ajax.php HTTP/1.1" 200 69 "https://w3.readbtooom.com/manga/btooom-chapter-23/" "Mozilla/5.0 (Windows NT 10.0; Win64; x64) AppleWebKit/537.36 (KHTML, like Gecko) Chrome/135.0.0.0 Safari/537.36"
2a09:bac1:7a80:50::245:97 - - [08/Jun/2025:10:02:58 -0400] "GET /manga/btooom-chapter-22-5/ HTTP/1.1" 304 0 "https://w3.readbtooom.com/manga/btooom-chapter-23/" "Mozilla/5.0 (Windows NT 10.0; Win64; x64) AppleWebKit/537.36 (KHTML, like Gecko) Chrome/135.0.0.0 Safari/537.36"
2a09:bac1:7a80:50::245:97 - - [08/Jun/2025:10:02:59 -0400] "GET /manga/btooom-chapter-22-5/ HTTP/1.1" 304 0 "https://w3.readbtooom.com/manga/btooom-chapter-23/" "Mozilla/5.0 (Windows NT 10.0; Win64; x64) AppleWebKit/537.36 (KHTML, like Gecko) Chrome/135.0.0.0 Safari/537.36"
162.0.232.193 - - [08/Jun/2025:10:03:00 -0400] "POST /wp-cron.php?doing_wp_cron=1749391380.0203969478607177734375 HTTP/1.1" 200 0 "-" "WordPress/6.4.5; https://w3.readbtooom.com"
2a09:bac1:7a80:50::245:97 - - [08/Jun/2025:10:02:59 -0400] "POST /wp-admin/admin-ajax.php HTTP/1.1" 200 69 "https://w3.readbtooom.com/manga/btooom-chapter-22-5/" "Mozilla/5.0 (Windows NT 10.0; Win64; x64) AppleWebKit/537.36 (KHTML, like Gecko) Chrome/135.0.0.0 Safari/537.36"
2a09:bac1:7a80:50::245:97 - - [08/Jun/2025:10:03:03 -0400] "GET /manga/btooom-chapter-22/ HTTP/1.1" 200 24031 "https://w3.readbtooom.com/manga/btooom-chapter-22-5/" "Mozilla/5.0 (Windows NT 10.0; Win64; x64) AppleWebKit/537.36 (KHTML, like Gecko) Chrome/135.0.0.0 Safari/537.36"
2a09:bac1:7a80:50::245:97 - - [08/Jun/2025:10:03:03 -0400] "GET /manga/btooom-chapter-22/ HTTP/1.1" 304 0 "https://w3.readbtooom.com/manga/btooom-chapter-22-5/" "Mozilla/5.0 (Windows NT 10.0; Win64; x64) AppleWebKit/537.36 (KHTML, like Gecko) Chrome/135.0.0.0 Safari/537.36"
2a09:bac1:7a80:50::245:97 - - [08/Jun/2025:10:03:03 -0400] "POST /wp-admin/admin-ajax.php HTTP/1.1" 200 69 "https://w3.readbtooom.com/manga/btooom-chapter-22/" "Mozilla/5.0 (Windows NT 10.0; Win64; x64) AppleWebKit/537.36 (KHTML, like Gecko) Chrome/135.0.0.0 Safari/537.36"
2001:44c8:6512:6efc:4485:5dff:feb7:3fae - - [08/Jun/2025:10:03:21 -0400] "GET /manga/btooom-chapter-12/ HTTP/1.1" 200 24050 "https://w3.readbtooom.com/manga/btooom-chapter-11/" "Mozilla/5.0 (Linux; Android 10; K) AppleWebKit/537.36 (KHTML, like Gecko) Chrome/137.0.0.0 Mobile Safari/537.36"
2001:44c8:6512:6efc:4485:5dff:feb7:3fae - - [08/Jun/2025:10:03:22 -0400] "POST /wp-admin/admin-ajax.php HTTP/1.1" 200 69 "https://w3.readbtooom.com/manga/btooom-chapter-12/" "Mozilla/5.0 (Linux; Android 10; K) AppleWebKit/537.36 (KHTML, like Gecko) Chrome/137.0.0.0 Mobile Safari/537.36"
2a09:bac1:7a80:50::245:97 - - [08/Jun/2025:10:03:31 -0400] "GET /manga/btooom-chapter-21/ HTTP/1.1" 304 0 "https://w3.readbtooom.com/manga/btooom-chapter-22/" "Mozilla/5.0 (Windows NT 10.0; Win64; x64) AppleWebKit/537.36 (KHTML, like Gecko) Chrome/135.0.0.0 Safari/537.36"
2a09:bac1:7a80:50::245:97 - - [08/Jun/2025:10:03:31 -0400] "GET /manga/btooom-chapter-21/ HTTP/1.1" 304 0 "https://w3.readbtooom.com/manga/btooom-chapter-22/" "Mozilla/5.0 (Windows NT 10.0; Win64; x64) AppleWebKit/537.36 (KHTML, like Gecko) Chrome/135.0.0.0 Safari/537.36"
2a09:bac1:7a80:50::245:97 - - [08/Jun/2025:10:03:32 -0400] "POST /wp-admin/admin-ajax.php HTTP/1.1" 200 69 "https://w3.readbtooom.com/manga/btooom-chapter-21/" "Mozilla/5.0 (Windows NT 10.0; Win64; x64) AppleWebKit/537.36 (KHTML, like Gecko) Chrome/135.0.0.0 Safari/537.36"
2a09:bac1:7a80:50::245:97 - - [08/Jun/2025:10:03:39 -0400] "GET /manga/btooom-chapter-20/ HTTP/1.1" 200 23283 "https://w3.readbtooom.com/manga/btooom-chapter-21/" "Mozilla/5.0 (Windows NT 10.0; Win64; x64) AppleWebKit/537.36 (KHTML, like Gecko) Chrome/135.0.0.0 Safari/537.36"
2a09:bac1:7a80:50::245:97 - - [08/Jun/2025:10:03:40 -0400] "GET /manga/btooom-chapter-20/ HTTP/1.1" 304 0 "https://w3.readbtooom.com/manga/btooom-chapter-21/" "Mozilla/5.0 (Windows NT 10.0; Win64; x64) AppleWebKit/537.36 (KHTML, like Gecko) Chrome/135.0.0.0 Safari/537.36"
162.0.232.193 - - [08/Jun/2025:10:03:40 -0400] "POST /wp-cron.php?doing_wp_cron=1749391420.5406780242919921875000 HTTP/1.1" 200 0 "-" "WordPress/6.4.5; https://w3.readbtooom.com"
2a09:bac1:7a80:50::245:97 - - [08/Jun/2025:10:03:40 -0400] "POST /wp-admin/admin-ajax.php HTTP/1.1" 200 69 "https://w3.readbtooom.com/manga/btooom-chapter-20/" "Mozilla/5.0 (Windows NT 10.0; Win64; x64) AppleWebKit/537.36 (KHTML, like Gecko) Chrome/135.0.0.0 Safari/537.36"
2a09:bac1:7a80:50::245:97 - - [08/Jun/2025:10:03:54 -0400] "GET /manga/btooom-chapter-19/ HTTP/1.1" 200 23280 "https://w3.readbtooom.com/manga/btooom-chapter-20/" "Mozilla/5.0 (Windows NT 10.0; Win64; x64) AppleWebKit/537.36 (KHTML, like Gecko) Chrome/135.0.0.0 Safari/537.36"
2a09:bac1:7a80:50::245:97 - - [08/Jun/2025:10:03:55 -0400] "GET /manga/btooom-chapter-19/ HTTP/1.1" 304 0 "https://w3.readbtooom.com/manga/btooom-chapter-20/" "Mozilla/5.0 (Windows NT 10.0; Win64; x64) AppleWebKit/537.36 (KHTML, like Gecko) Chrome/135.0.0.0 Safari/537.36"
2a09:bac1:7a80:50::245:97 - - [08/Jun/2025:10:04:01 -0400] "GET /manga/btooom-chapter-18/ HTTP/1.1" 304 0 "https://w3.readbtooom.com/manga/btooom-chapter-19/" "Mozilla/5.0 (Windows NT 10.0; Win64; x64) AppleWebKit/537.36 (KHTML, like Gecko) Chrome/135.0.0.0 Safari/537.36"
2a09:bac1:7a80:50::245:97 - - [08/Jun/2025:10:04:01 -0400] "GET /manga/btooom-chapter-18/ HTTP/1.1" 304 0 "https://w3.readbtooom.com/manga/btooom-chapter-19/" "Mozilla/5.0 (Windows NT 10.0; Win64; x64) AppleWebKit/537.36 (KHTML, like Gecko) Chrome/135.0.0.0 Safari/537.36"
2a09:bac1:7a80:50::245:97 - - [08/Jun/2025:10:04:14 -0400] "GET /manga/btooom-chapter-17/ HTTP/1.1" 200 22529 "https://w3.readbtooom.com/manga/btooom-chapter-18/" "Mozilla/5.0 (Windows NT 10.0; Win64; x64) AppleWebKit/537.36 (KHTML, like Gecko) Chrome/135.0.0.0 Safari/537.36"
2a09:bac1:7a80:50::245:97 - - [08/Jun/2025:10:04:15 -0400] "GET /manga/btooom-chapter-17/ HTTP/1.1" 304 0 "https://w3.readbtooom.com/manga/btooom-chapter-18/" "Mozilla/5.0 (Windows NT 10.0; Win64; x64) AppleWebKit/537.36 (KHTML, like Gecko) Chrome/135.0.0.0 Safari/537.36"
2a09:bac1:7a80:50::245:97 - - [08/Jun/2025:10:04:25 -0400] "GET /manga/btooom-chapter-16/ HTTP/1.1" 200 22703 "https://w3.readbtooom.com/manga/btooom-chapter-17/" "Mozilla/5.0 (Windows NT 10.0; Win64; x64) AppleWebKit/537.36 (KHTML, like Gecko) Chrome/135.0.0.0 Safari/537.36"
2a09:bac1:7a80:50::245:97 - - [08/Jun/2025:10:04:25 -0400] "GET /manga/btooom-chapter-16/ HTTP/1.1" 304 0 "https://w3.readbtooom.com/manga/btooom-chapter-17/" "Mozilla/5.0 (Windows NT 10.0; Win64; x64) AppleWebKit/537.36 (KHTML, like Gecko) Chrome/135.0.0.0 Safari/537.36"
2001:44c8:6512:6efc:4485:5dff:feb7:3fae - - [08/Jun/2025:10:04:27 -0400] "GET /manga/btooom-chapter-13/ HTTP/1.1" 200 22890 "https://w3.readbtooom.com/manga/btooom-chapter-12/" "Mozilla/5.0 (Linux; Android 10; K) AppleWebKit/537.36 (KHTML, like Gecko) Chrome/137.0.0.0 Mobile Safari/537.36"
2001:44c8:6512:6efc:4485:5dff:feb7:3fae - - [08/Jun/2025:10:04:57 -0400] "GET /manga/btooom-chapter-14/ HTTP/1.1" 200 24199 "https://w3.readbtooom.com/manga/btooom-chapter-13/" "Mozilla/5.0 (Linux; Android 10; K) AppleWebKit/537.36 (KHTML, like Gecko) Chrome/137.0.0.0 Mobile Safari/537.36"
2001:44c8:6512:6efc:4485:5dff:feb7:3fae - - [08/Jun/2025:10:04:58 -0400] "GET /manga/btooom-chapter-14/ HTTP/1.1" 304 0 "https://w3.readbtooom.com/manga/btooom-chapter-13/" "Mozilla/5.0 (Linux; Android 10; K) AppleWebKit/537.36 (KHTML, like Gecko) Chrome/137.0.0.0 Mobile Safari/537.36"
2a09:bac1:7a80:50::245:97 - - [08/Jun/2025:10:05:08 -0400] "GET /manga/btooom-chapter-15/ HTTP/1.1" 304 0 "https://w3.readbtooom.com/manga/btooom-chapter-16/" "Mozilla/5.0 (Windows NT 10.0; Win64; x64) AppleWebKit/537.36 (KHTML, like Gecko) Chrome/135.0.0.0 Safari/537.36"
2a09:bac1:7a80:50::245:97 - - [08/Jun/2025:10:05:09 -0400] "GET /manga/btooom-chapter-15/ HTTP/1.1" 304 0 "https://w3.readbtooom.com/manga/btooom-chapter-16/" "Mozilla/5.0 (Windows NT 10.0; Win64; x64) AppleWebKit/537.36 (KHTML, like Gecko) Chrome/135.0.0.0 Safari/537.36"
2a09:bac1:7a80:50::245:97 - - [08/Jun/2025:10:05:29 -0400] "GET /manga/btooom-chapter-14-5/ HTTP/1.1" 200 20736 "https://w3.readbtooom.com/manga/btooom-chapter-15/" "Mozilla/5.0 (Windows NT 10.0; Win64; x64) AppleWebKit/537.36 (KHTML, like Gecko) Chrome/135.0.0.0 Safari/537.36"
2a09:bac1:7a80:50::245:97 - - [08/Jun/2025:10:05:30 -0400] "GET /manga/btooom-chapter-14-5/ HTTP/1.1" 304 0 "https://w3.readbtooom.com/manga/btooom-chapter-15/" "Mozilla/5.0 (Windows NT 10.0; Win64; x64) AppleWebKit/537.36 (KHTML, like Gecko) Chrome/135.0.0.0 Safari/537.36"
162.0.232.193 - - [08/Jun/2025:10:05:33 -0400] "POST /wp-cron.php?doing_wp_cron=1749391532.9860279560089111328125 HTTP/1.1" 200 0 "-" "WordPress/6.4.5; https://w3.readbtooom.com"
2a09:bac1:7a80:50::245:97 - - [08/Jun/2025:10:05:31 -0400] "POST /wp-admin/admin-ajax.php HTTP/1.1" 200 69 "https://w3.readbtooom.com/manga/btooom-chapter-14-5/" "Mozilla/5.0 (Windows NT 10.0; Win64; x64) AppleWebKit/537.36 (KHTML, like Gecko) Chrome/135.0.0.0 Safari/537.36"
2a09:bac1:7a80:50::245:97 - - [08/Jun/2025:10:05:36 -0400] "GET /manga/btooom-chapter-14/ HTTP/1.1" 200 24199 "https://w3.readbtooom.com/manga/btooom-chapter-14-5/" "Mozilla/5.0 (Windows NT 10.0; Win64; x64) AppleWebKit/537.36 (KHTML, like Gecko) Chrome/135.0.0.0 Safari/537.36"
2a09:bac1:7a80:50::245:97 - - [08/Jun/2025:10:05:36 -0400] "GET /manga/btooom-chapter-14/ HTTP/1.1" 304 0 "https://w3.readbtooom.com/manga/btooom-chapter-14-5/" "Mozilla/5.0 (Windows NT 10.0; Win64; x64) AppleWebKit/537.36 (KHTML, like Gecko) Chrome/135.0.0.0 Safari/537.36"
2001:44c8:6512:6efc:4485:5dff:feb7:3fae - - [08/Jun/2025:10:05:40 -0400] "GET /manga/btooom-chapter-13/ HTTP/1.1" 304 0 "https://w3.readbtooom.com/manga/btooom-chapter-14/" "Mozilla/5.0 (Linux; Android 10; K) AppleWebKit/537.36 (KHTML, like Gecko) Chrome/137.0.0.0 Mobile Safari/537.36"
2001:44c8:6512:6efc:4485:5dff:feb7:3fae - - [08/Jun/2025:10:05:41 -0400] "GET /manga/btooom-chapter-14-5/ HTTP/1.1" 200 20736 "https://w3.readbtooom.com/manga/btooom-chapter-14/" "Mozilla/5.0 (Linux; Android 10; K) AppleWebKit/537.36 (KHTML, like Gecko) Chrome/137.0.0.0 Mobile Safari/537.36"
2001:44c8:6512:6efc:4485:5dff:feb7:3fae - - [08/Jun/2025:10:05:41 -0400] "GET /manga/btooom-chapter-14-5/ HTTP/1.1" 304 0 "https://w3.readbtooom.com/manga/btooom-chapter-14/" "Mozilla/5.0 (Linux; Android 10; K) AppleWebKit/537.36 (KHTML, like Gecko) Chrome/137.0.0.0 Mobile Safari/537.36"
162.0.232.193 - - [08/Jun/2025:10:05:42 -0400] "POST /wp-cron.php?doing_wp_cron=1749391542.4186420440673828125000 HTTP/1.1" 200 0 "-" "WordPress/6.4.5; https://w3.readbtooom.com"
2001:44c8:6512:6efc:4485:5dff:feb7:3fae - - [08/Jun/2025:10:05:42 -0400] "POST /wp-admin/admin-ajax.php HTTP/1.1" 200 69 "https://w3.readbtooom.com/manga/btooom-chapter-14-5/" "Mozilla/5.0 (Linux; Android 10; K) AppleWebKit/537.36 (KHTML, like Gecko) Chrome/137.0.0.0 Mobile Safari/537.36"
2a09:bac1:7a80:50::245:97 - - [08/Jun/2025:10:05:48 -0400] "GET /manga/btooom-chapter-13/ HTTP/1.1" 200 22890 "https://w3.readbtooom.com/manga/btooom-chapter-14/" "Mozilla/5.0 (Windows NT 10.0; Win64; x64) AppleWebKit/537.36 (KHTML, like Gecko) Chrome/135.0.0.0 Safari/537.36"
2a09:bac1:7a80:50::245:97 - - [08/Jun/2025:10:05:49 -0400] "GET /manga/btooom-chapter-13/ HTTP/1.1" 304 0 "https://w3.readbtooom.com/manga/btooom-chapter-14/" "Mozilla/5.0 (Windows NT 10.0; Win64; x64) AppleWebKit/537.36 (KHTML, like Gecko) Chrome/135.0.0.0 Safari/537.36"
2001:44c8:6512:6efc:4485:5dff:feb7:3fae - - [08/Jun/2025:10:05:49 -0400] "GET /manga/btooom-chapter-15/ HTTP/1.1" 200 23817 "https://w3.readbtooom.com/manga/btooom-chapter-14-5/" "Mozilla/5.0 (Linux; Android 10; K) AppleWebKit/537.36 (KHTML, like Gecko) Chrome/137.0.0.0 Mobile Safari/537.36"
2001:44c8:6512:6efc:4485:5dff:feb7:3fae - - [08/Jun/2025:10:05:50 -0400] "GET /manga/btooom-chapter-15/ HTTP/1.1" 304 0 "https://w3.readbtooom.com/manga/btooom-chapter-14-5/" "Mozilla/5.0 (Linux; Android 10; K) AppleWebKit/537.36 (KHTML, like Gecko) Chrome/137.0.0.0 Mobile Safari/537.36"
2a09:bac1:7a80:50::245:97 - - [08/Jun/2025:10:05:56 -0400] "GET /manga/btooom-chapter-14/ HTTP/1.1" 304 0 "https://w3.readbtooom.com/manga/btooom-chapter-13/" "Mozilla/5.0 (Windows NT 10.0; Win64; x64) AppleWebKit/537.36 (KHTML, like Gecko) Chrome/135.0.0.0 Safari/537.36"
2a09:bac1:7a80:50::245:97 - - [08/Jun/2025:10:05:56 -0400] "GET /manga/btooom-chapter-12/ HTTP/1.1" 304 0 "https://w3.readbtooom.com/manga/btooom-chapter-13/" "Mozilla/5.0 (Windows NT 10.0; Win64; x64) AppleWebKit/537.36 (KHTML, like Gecko) Chrome/135.0.0.0 Safari/537.36"
2a09:bac1:7a80:50::245:97 - - [08/Jun/2025:10:05:57 -0400] "GET /manga/btooom-chapter-12/ HTTP/1.1" 304 0 "https://w3.readbtooom.com/manga/btooom-chapter-13/" "Mozilla/5.0 (Windows NT 10.0; Win64; x64) AppleWebKit/537.36 (KHTML, like Gecko) Chrome/135.0.0.0 Safari/537.36"
2a09:bac1:7a80:50::245:97 - - [08/Jun/2025:10:05:57 -0400] "GET /manga/btooom-chapter-1/ HTTP/1.1" 304 0 "https://w3.readbtooom.com/manga/btooom-chapter-12/" "Mozilla/5.0 (Windows NT 10.0; Win64; x64) AppleWebKit/537.36 (KHTML, like Gecko) Chrome/135.0.0.0 Safari/537.36"
162.0.232.193 - - [08/Jun/2025:10:05:57 -0400] "POST /wp-cron.php?doing_wp_cron=1749391557.6285669803619384765625 HTTP/1.1" 200 0 "-" "WordPress/6.4.5; https://w3.readbtooom.com"
2a09:bac1:7a80:50::245:97 - - [08/Jun/2025:10:05:57 -0400] "POST /wp-admin/admin-ajax.php HTTP/1.1" 200 69 "https://w3.readbtooom.com/manga/btooom-chapter-12/" "Mozilla/5.0 (Windows NT 10.0; Win64; x64) AppleWebKit/537.36 (KHTML, like Gecko) Chrome/135.0.0.0 Safari/537.36"
2a09:bac1:7a80:50::245:97 - - [08/Jun/2025:10:06:03 -0400] "GET / HTTP/1.1" 304 0 "https://w3.readbtooom.com/manga/btooom-chapter-12/" "Mozilla/5.0 (Windows NT 10.0; Win64; x64) AppleWebKit/537.36 (KHTML, like Gecko) Chrome/135.0.0.0 Safari/537.36"
2a09:bac1:7a80:50::245:97 - - [08/Jun/2025:10:06:03 -0400] "GET / HTTP/1.1" 304 0 "https://w3.readbtooom.com/manga/btooom-chapter-12/" "Mozilla/5.0 (Windows NT 10.0; Win64; x64) AppleWebKit/537.36 (KHTML, like Gecko) Chrome/135.0.0.0 Safari/537.36"
2a09:bac1:7a80:50::245:97 - - [08/Jun/2025:10:06:04 -0400] "GET / HTTP/1.1" 304 0 "https://w3.readbtooom.com/" "Mozilla/5.0 (Windows NT 10.0; Win64; x64) AppleWebKit/537.36 (KHTML, like Gecko) Chrome/135.0.0.0 Safari/537.36"
2a09:bac1:7a80:50::245:97 - - [08/Jun/2025:10:06:07 -0400] "GET /manga/btooom-chapter-21/ HTTP/1.1" 304 0 "https://w3.readbtooom.com/" "Mozilla/5.0 (Windows NT 10.0; Win64; x64) AppleWebKit/537.36 (KHTML, like Gecko) Chrome/135.0.0.0 Safari/537.36"
2a09:bac1:7a80:50::245:97 - - [08/Jun/2025:10:06:07 -0400] "GET /manga/btooom-chapter-22/ HTTP/1.1" 304 0 "https://w3.readbtooom.com/" "Mozilla/5.0 (Windows NT 10.0; Win64; x64) AppleWebKit/537.36 (KHTML, like Gecko) Chrome/135.0.0.0 Safari/537.36"
2a09:bac1:7a80:50::245:97 - - [08/Jun/2025:10:06:08 -0400] "GET /manga/btooom-chapter-22-5/ HTTP/1.1" 304 0 "https://w3.readbtooom.com/" "Mozilla/5.0 (Windows NT 10.0; Win64; x64) AppleWebKit/537.36 (KHTML, like Gecko) Chrome/135.0.0.0 Safari/537.36"
2a09:bac1:7a80:50::245:97 - - [08/Jun/2025:10:06:08 -0400] "GET /manga/btooom-chapter-23/ HTTP/1.1" 304 0 "https://w3.readbtooom.com/" "Mozilla/5.0 (Windows NT 10.0; Win64; x64) AppleWebKit/537.36 (KHTML, like Gecko) Chrome/135.0.0.0 Safari/537.36"
2a09:bac1:7a80:50::245:97 - - [08/Jun/2025:10:06:08 -0400] "GET /manga/btooom-chapter-23/ HTTP/1.1" 304 0 "https://w3.readbtooom.com/" "Mozilla/5.0 (Windows NT 10.0; Win64; x64) AppleWebKit/537.36 (KHTML, like Gecko) Chrome/135.0.0.0 Safari/537.36"
2a09:bac1:7a80:50::245:97 - - [08/Jun/2025:10:06:08 -0400] "POST /wp-admin/admin-ajax.php HTTP/1.1" 200 69 "https://w3.readbtooom.com/manga/btooom-chapter-23/" "Mozilla/5.0 (Windows NT 10.0; Win64; x64) AppleWebKit/537.36 (KHTML, like Gecko) Chrome/135.0.0.0 Safari/537.36"
2001:44c8:6512:6efc:4485:5dff:feb7:3fae - - [08/Jun/2025:10:06:19 -0400] "GET /manga/btooom-chapter-16/ HTTP/1.1" 200 22703 "https://w3.readbtooom.com/manga/btooom-chapter-15/" "Mozilla/5.0 (Linux; Android 10; K) AppleWebKit/537.36 (KHTML, like Gecko) Chrome/137.0.0.0 Mobile Safari/537.36"
2a09:bac1:7a80:50::245:97 - - [08/Jun/2025:10:06:19 -0400] "GET /manga/btooom-chapter-24/ HTTP/1.1" 200 23262 "https://w3.readbtooom.com/manga/btooom-chapter-23/" "Mozilla/5.0 (Windows NT 10.0; Win64; x64) AppleWebKit/537.36 (KHTML, like Gecko) Chrome/135.0.0.0 Safari/537.36"
2001:44c8:6512:6efc:4485:5dff:feb7:3fae - - [08/Jun/2025:10:06:19 -0400] "GET /manga/btooom-chapter-16/ HTTP/1.1" 304 0 "https://w3.readbtooom.com/manga/btooom-chapter-15/" "Mozilla/5.0 (Linux; Android 10; K) AppleWebKit/537.36 (KHTML, like Gecko) Chrome/137.0.0.0 Mobile Safari/537.36"
2a09:bac1:7a80:50::245:97 - - [08/Jun/2025:10:06:19 -0400] "GET /manga/btooom-chapter-24/ HTTP/1.1" 304 0 "https://w3.readbtooom.com/manga/btooom-chapter-23/" "Mozilla/5.0 (Windows NT 10.0; Win64; x64) AppleWebKit/537.36 (KHTML, like Gecko) Chrome/135.0.0.0 Safari/537.36"
2a09:bac1:7a80:50::245:97 - - [08/Jun/2025:10:06:19 -0400] "POST /wp-admin/admin-ajax.php HTTP/1.1" 200 69 "https://w3.readbtooom.com/manga/btooom-chapter-24/" "Mozilla/5.0 (Windows NT 10.0; Win64; x64) AppleWebKit/537.36 (KHTML, like Gecko) Chrome/135.0.0.0 Safari/537.36"
2a09:bac1:7a80:50::245:97 - - [08/Jun/2025:10:06:41 -0400] "GET /manga/btooom-chapter-23/ HTTP/1.1" 304 0 "https://w3.readbtooom.com/manga/btooom-chapter-24/" "Mozilla/5.0 (Windows NT 10.0; Win64; x64) AppleWebKit/537.36 (KHTML, like Gecko) Chrome/135.0.0.0 Safari/537.36"
2a09:bac1:7a80:50::245:97 - - [08/Jun/2025:10:06:41 -0400] "GET /manga/btooom-chapter-25/ HTTP/1.1" 200 23083 "https://w3.readbtooom.com/manga/btooom-chapter-24/" "Mozilla/5.0 (Windows NT 10.0; Win64; x64) AppleWebKit/537.36 (KHTML, like Gecko) Chrome/135.0.0.0 Safari/537.36"
2a09:bac1:7a80:50::245:97 - - [08/Jun/2025:10:06:42 -0400] "GET /manga/btooom-chapter-25/ HTTP/1.1" 304 0 "https://w3.readbtooom.com/manga/btooom-chapter-24/" "Mozilla/5.0 (Windows NT 10.0; Win64; x64) AppleWebKit/537.36 (KHTML, like Gecko) Chrome/135.0.0.0 Safari/537.36"
2a09:bac1:7a80:50::245:97 - - [08/Jun/2025:10:06:52 -0400] "GET /manga/btooom-chapter-26/ HTTP/1.1" 200 22895 "https://w3.readbtooom.com/manga/btooom-chapter-25/" "Mozilla/5.0 (Windows NT 10.0; Win64; x64) AppleWebKit/537.36 (KHTML, like Gecko) Chrome/135.0.0.0 Safari/537.36"
2a09:bac1:7a80:50::245:97 - - [08/Jun/2025:10:06:53 -0400] "GET /manga/btooom-chapter-26/ HTTP/1.1" 304 0 "https://w3.readbtooom.com/manga/btooom-chapter-25/" "Mozilla/5.0 (Windows NT 10.0; Win64; x64) AppleWebKit/537.36 (KHTML, like Gecko) Chrome/135.0.0.0 Safari/537.36"
162.0.232.193 - - [08/Jun/2025:10:06:53 -0400] "POST /wp-cron.php?doing_wp_cron=1749391613.7179019451141357421875 HTTP/1.1" 200 0 "-" "WordPress/6.4.5; https://w3.readbtooom.com"
2a09:bac1:7a80:50::245:97 - - [08/Jun/2025:10:06:53 -0400] "POST /wp-admin/admin-ajax.php HTTP/1.1" 200 69 "https://w3.readbtooom.com/manga/btooom-chapter-26/" "Mozilla/5.0 (Windows NT 10.0; Win64; x64) AppleWebKit/537.36 (KHTML, like Gecko) Chrome/135.0.0.0 Safari/537.36"
2a09:bac1:7a80:50::245:97 - - [08/Jun/2025:10:06:59 -0400] "GET /manga/btooom-chapter-25/ HTTP/1.1" 304 0 "https://w3.readbtooom.com/manga/btooom-chapter-26/" "Mozilla/5.0 (Windows NT 10.0; Win64; x64) AppleWebKit/537.36 (KHTML, like Gecko) Chrome/135.0.0.0 Safari/537.36"
2a09:bac1:7a80:50::245:97 - - [08/Jun/2025:10:07:00 -0400] "GET /manga/btooom-chapter-27/ HTTP/1.1" 200 21742 "https://w3.readbtooom.com/manga/btooom-chapter-26/" "Mozilla/5.0 (Windows NT 10.0; Win64; x64) AppleWebKit/537.36 (KHTML, like Gecko) Chrome/135.0.0.0 Safari/537.36"
2001:44c8:6512:6efc:4485:5dff:feb7:3fae - - [08/Jun/2025:10:07:00 -0400] "GET /tag/btooom-manga/ HTTP/1.1" 301 0 "https://w3.readbtooom.com/manga/btooom-chapter-16/" "Mozilla/5.0 (Linux; Android 10; K) AppleWebKit/537.36 (KHTML, like Gecko) Chrome/137.0.0.0 Mobile Safari/537.36"
2a09:bac1:7a80:50::245:97 - - [08/Jun/2025:10:07:00 -0400] "GET /manga/btooom-chapter-27/ HTTP/1.1" 304 0 "https://w3.readbtooom.com/manga/btooom-chapter-26/" "Mozilla/5.0 (Windows NT 10.0; Win64; x64) AppleWebKit/537.36 (KHTML, like Gecko) Chrome/135.0.0.0 Safari/537.36"
2001:44c8:6512:6efc:4485:5dff:feb7:3fae - - [08/Jun/2025:10:07:01 -0400] "GET /manga/btooom-chapter-17/ HTTP/1.1" 200 22529 "https://w3.readbtooom.com/manga/btooom-chapter-16/" "Mozilla/5.0 (Linux; Android 10; K) AppleWebKit/537.36 (KHTML, like Gecko) Chrome/137.0.0.0 Mobile Safari/537.36"
2001:44c8:6512:6efc:4485:5dff:feb7:3fae - - [08/Jun/2025:10:07:02 -0400] "GET /manga/btooom-chapter-17/ HTTP/1.1" 304 0 "https://w3.readbtooom.com/manga/btooom-chapter-16/" "Mozilla/5.0 (Linux; Android 10; K) AppleWebKit/537.36 (KHTML, like Gecko) Chrome/137.0.0.0 Mobile Safari/537.36"
2001:44c8:6512:6efc:4485:5dff:feb7:3fae - - [08/Jun/2025:10:07:02 -0400] "GET / HTTP/1.1" 200 18608 "https://w3.readbtooom.com/" "Mozilla/5.0 (Linux; Android 10; K) AppleWebKit/537.36 (KHTML, like Gecko) Chrome/137.0.0.0 Mobile Safari/537.36"
2001:44c8:6512:6efc:4485:5dff:feb7:3fae - - [08/Jun/2025:10:07:09 -0400] "GET /manga/btooom-chapter-18/ HTTP/1.1" 200 22872 "https://w3.readbtooom.com/manga/btooom-chapter-17/" "Mozilla/5.0 (Linux; Android 10; K) AppleWebKit/537.36 (KHTML, like Gecko) Chrome/137.0.0.0 Mobile Safari/537.36"
2a09:bac1:7a80:50::245:97 - - [08/Jun/2025:10:07:14 -0400] "GET /manga/btooom-chapter-28/ HTTP/1.1" 200 22682 "https://w3.readbtooom.com/manga/btooom-chapter-27/" "Mozilla/5.0 (Windows NT 10.0; Win64; x64) AppleWebKit/537.36 (KHTML, like Gecko) Chrome/135.0.0.0 Safari/537.36"
2a09:bac1:7a80:50::245:97 - - [08/Jun/2025:10:07:14 -0400] "GET /manga/btooom-chapter-28/ HTTP/1.1" 304 0 "https://w3.readbtooom.com/manga/btooom-chapter-27/" "Mozilla/5.0 (Windows NT 10.0; Win64; x64) AppleWebKit/537.36 (KHTML, like Gecko) Chrome/135.0.0.0 Safari/537.36"
2a09:bac1:7a80:50::245:97 - - [08/Jun/2025:10:07:36 -0400] "GET /manga/btooom-chapter-27/ HTTP/1.1" 304 0 "https://w3.readbtooom.com/manga/btooom-chapter-28/" "Mozilla/5.0 (Windows NT 10.0; Win64; x64) AppleWebKit/537.36 (KHTML, like Gecko) Chrome/135.0.0.0 Safari/537.36"
2a09:bac1:7a80:50::245:97 - - [08/Jun/2025:10:07:36 -0400] "GET /manga/btooom-chapter-29/ HTTP/1.1" 304 0 "https://w3.readbtooom.com/manga/btooom-chapter-28/" "Mozilla/5.0 (Windows NT 10.0; Win64; x64) AppleWebKit/537.36 (KHTML, like Gecko) Chrome/135.0.0.0 Safari/537.36"
2a09:bac1:7a80:50::245:97 - - [08/Jun/2025:10:07:37 -0400] "GET /manga/btooom-chapter-29/ HTTP/1.1" 304 0 "https://w3.readbtooom.com/manga/btooom-chapter-28/" "Mozilla/5.0 (Windows NT 10.0; Win64; x64) AppleWebKit/537.36 (KHTML, like Gecko) Chrome/135.0.0.0 Safari/537.36"
2a09:bac1:7a80:50::245:97 - - [08/Jun/2025:10:07:49 -0400] "GET /manga/btooom-chapter-30/ HTTP/1.1" 200 21911 "https://w3.readbtooom.com/manga/btooom-chapter-29/" "Mozilla/5.0 (Windows NT 10.0; Win64; x64) AppleWebKit/537.36 (KHTML, like Gecko) Chrome/135.0.0.0 Safari/537.36"
2a09:bac1:7a80:50::245:97 - - [08/Jun/2025:10:07:49 -0400] "GET /manga/btooom-chapter-28/ HTTP/1.1" 304 0 "https://w3.readbtooom.com/manga/btooom-chapter-29/" "Mozilla/5.0 (Windows NT 10.0; Win64; x64) AppleWebKit/537.36 (KHTML, like Gecko) Chrome/135.0.0.0 Safari/537.36"
2a09:bac1:7a80:50::245:97 - - [08/Jun/2025:10:07:50 -0400] "GET /manga/btooom-chapter-30/ HTTP/1.1" 304 0 "https://w3.readbtooom.com/manga/btooom-chapter-29/" "Mozilla/5.0 (Windows NT 10.0; Win64; x64) AppleWebKit/537.36 (KHTML, like Gecko) Chrome/135.0.0.0 Safari/537.36"
2001:44c8:6512:6efc:4485:5dff:feb7:3fae - - [08/Jun/2025:10:07:51 -0400] "GET /manga/btooom-chapter-19/ HTTP/1.1" 200 23280 "https://w3.readbtooom.com/manga/btooom-chapter-18/" "Mozilla/5.0 (Linux; Android 10; K) AppleWebKit/537.36 (KHTML, like Gecko) Chrome/137.0.0.0 Mobile Safari/537.36"
2001:44c8:6512:6efc:4485:5dff:feb7:3fae - - [08/Jun/2025:10:07:52 -0400] "GET /manga/btooom-chapter-19/ HTTP/1.1" 304 0 "https://w3.readbtooom.com/manga/btooom-chapter-18/" "Mozilla/5.0 (Linux; Android 10; K) AppleWebKit/537.36 (KHTML, like Gecko) Chrome/137.0.0.0 Mobile Safari/537.36"
2a09:bac1:7a80:50::245:97 - - [08/Jun/2025:10:07:59 -0400] "GET /manga/btooom-chapter-31/ HTTP/1.1" 200 22672 "https://w3.readbtooom.com/manga/btooom-chapter-30/" "Mozilla/5.0 (Windows NT 10.0; Win64; x64) AppleWebKit/537.36 (KHTML, like Gecko) Chrome/135.0.0.0 Safari/537.36"
2a09:bac1:7a80:50::245:97 - - [08/Jun/2025:10:08:00 -0400] "GET /manga/btooom-chapter-31/ HTTP/1.1" 304 0 "https://w3.readbtooom.com/manga/btooom-chapter-30/" "Mozilla/5.0 (Windows NT 10.0; Win64; x64) AppleWebKit/537.36 (KHTML, like Gecko) Chrome/135.0.0.0 Safari/537.36"
162.0.232.193 - - [08/Jun/2025:10:08:00 -0400] "POST /wp-cron.php?doing_wp_cron=1749391680.6266419887542724609375 HTTP/1.1" 200 0 "-" "WordPress/6.4.5; https://w3.readbtooom.com"
2a09:bac1:7a80:50::245:97 - - [08/Jun/2025:10:08:00 -0400] "POST /wp-admin/admin-ajax.php HTTP/1.1" 200 69 "https://w3.readbtooom.com/manga/btooom-chapter-31/" "Mozilla/5.0 (Windows NT 10.0; Win64; x64) AppleWebKit/537.36 (KHTML, like Gecko) Chrome/135.0.0.0 Safari/537.36"
2001:44c8:6512:6efc:4485:5dff:feb7:3fae - - [08/Jun/2025:10:08:06 -0400] "GET /manga/btooom-chapter-20/ HTTP/1.1" 200 23283 "https://w3.readbtooom.com/manga/btooom-chapter-19/" "Mozilla/5.0 (Linux; Android 10; K) AppleWebKit/537.36 (KHTML, like Gecko) Chrome/137.0.0.0 Mobile Safari/537.36"
2001:44c8:6512:6efc:4485:5dff:feb7:3fae - - [08/Jun/2025:10:08:06 -0400] "GET /manga/btooom-chapter-20/ HTTP/1.1" 304 0 "https://w3.readbtooom.com/manga/btooom-chapter-19/" "Mozilla/5.0 (Linux; Android 10; K) AppleWebKit/537.36 (KHTML, like Gecko) Chrome/137.0.0.0 Mobile Safari/537.36"
2001:44c8:6512:6efc:4485:5dff:feb7:3fae - - [08/Jun/2025:10:08:07 -0400] "POST /wp-admin/admin-ajax.php HTTP/1.1" 200 69 "https://w3.readbtooom.com/manga/btooom-chapter-20/" "Mozilla/5.0 (Linux; Android 10; K) AppleWebKit/537.36 (KHTML, like Gecko) Chrome/137.0.0.0 Mobile Safari/537.36"
2001:44c8:6512:6efc:4485:5dff:feb7:3fae - - [08/Jun/2025:10:08:11 -0400] "GET /manga/btooom-chapter-21/ HTTP/1.1" 200 23553 "https://w3.readbtooom.com/manga/btooom-chapter-20/" "Mozilla/5.0 (Linux; Android 10; K) AppleWebKit/537.36 (KHTML, like Gecko) Chrome/137.0.0.0 Mobile Safari/537.36"
2001:44c8:6512:6efc:4485:5dff:feb7:3fae - - [08/Jun/2025:10:08:12 -0400] "POST /wp-admin/admin-ajax.php HTTP/1.1" 200 69 "https://w3.readbtooom.com/manga/btooom-chapter-21/" "Mozilla/5.0 (Linux; Android 10; K) AppleWebKit/537.36 (KHTML, like Gecko) Chrome/137.0.0.0 Mobile Safari/537.36"
2a09:bac1:7a80:50::245:97 - - [08/Jun/2025:10:08:17 -0400] "GET /manga/btooom-chapter-32/ HTTP/1.1" 200 24456 "https://w3.readbtooom.com/manga/btooom-chapter-31/" "Mozilla/5.0 (Windows NT 10.0; Win64; x64) AppleWebKit/537.36 (KHTML, like Gecko) Chrome/135.0.0.0 Safari/537.36"
2a09:bac1:7a80:50::245:97 - - [08/Jun/2025:10:08:17 -0400] "GET /manga/btooom-chapter-32/ HTTP/1.1" 304 0 "https://w3.readbtooom.com/manga/btooom-chapter-31/" "Mozilla/5.0 (Windows NT 10.0; Win64; x64) AppleWebKit/537.36 (KHTML, like Gecko) Chrome/135.0.0.0 Safari/537.36"
2a09:bac1:7a80:50::245:97 - - [08/Jun/2025:10:08:18 -0400] "POST /wp-admin/admin-ajax.php HTTP/1.1" 200 69 "https://w3.readbtooom.com/manga/btooom-chapter-32/" "Mozilla/5.0 (Windows NT 10.0; Win64; x64) AppleWebKit/537.36 (KHTML, like Gecko) Chrome/135.0.0.0 Safari/537.36"
2001:44c8:6512:6efc:4485:5dff:feb7:3fae - - [08/Jun/2025:10:08:23 -0400] "GET /tag/masashi-miyamoto/ HTTP/1.1" 301 0 "https://w3.readbtooom.com/manga/btooom-chapter-21/" "Mozilla/5.0 (Linux; Android 10; K) AppleWebKit/537.36 (KHTML, like Gecko) Chrome/137.0.0.0 Mobile Safari/537.36"
2001:44c8:6512:6efc:4485:5dff:feb7:3fae - - [08/Jun/2025:10:08:23 -0400] "GET / HTTP/1.1" 304 0 "https://w3.readbtooom.com/" "Mozilla/5.0 (Linux; Android 10; K) AppleWebKit/537.36 (KHTML, like Gecko) Chrome/137.0.0.0 Mobile Safari/537.36"
2001:44c8:6512:6efc:4485:5dff:feb7:3fae - - [08/Jun/2025:10:08:24 -0400] "GET /manga/btooom-chapter-20/ HTTP/1.1" 304 0 "https://w3.readbtooom.com/manga/btooom-chapter-21/" "Mozilla/5.0 (Linux; Android 10; K) AppleWebKit/537.36 (KHTML, like Gecko) Chrome/137.0.0.0 Mobile Safari/537.36"
2001:44c8:6512:6efc:4485:5dff:feb7:3fae - - [08/Jun/2025:10:08:26 -0400] "GET /manga/btooom-chapter-22/ HTTP/1.1" 200 24031 "https://w3.readbtooom.com/manga/btooom-chapter-21/" "Mozilla/5.0 (Linux; Android 10; K) AppleWebKit/537.36 (KHTML, like Gecko) Chrome/137.0.0.0 Mobile Safari/537.36"
2001:44c8:6512:6efc:4485:5dff:feb7:3fae - - [08/Jun/2025:10:08:27 -0400] "GET /manga/btooom-chapter-22/ HTTP/1.1" 304 0 "https://w3.readbtooom.com/manga/btooom-chapter-21/" "Mozilla/5.0 (Linux; Android 10; K) AppleWebKit/537.36 (KHTML, like Gecko) Chrome/137.0.0.0 Mobile Safari/537.36"
2001:44c8:6512:6efc:4485:5dff:feb7:3fae - - [08/Jun/2025:10:08:27 -0400] "POST /wp-admin/admin-ajax.php HTTP/1.1" 200 69 "https://w3.readbtooom.com/manga/btooom-chapter-22/" "Mozilla/5.0 (Linux; Android 10; K) AppleWebKit/537.36 (KHTML, like Gecko) Chrome/137.0.0.0 Mobile Safari/537.36"
2a09:bac1:7a80:50::245:97 - - [08/Jun/2025:10:09:02 -0400] "GET /manga/btooom-chapter-33/ HTTP/1.1" 200 24226 "https://w3.readbtooom.com/manga/btooom-chapter-32/" "Mozilla/5.0 (Windows NT 10.0; Win64; x64) AppleWebKit/537.36 (KHTML, like Gecko) Chrome/135.0.0.0 Safari/537.36"
2a09:bac1:7a80:50::245:97 - - [08/Jun/2025:10:09:02 -0400] "GET /manga/btooom-chapter-33/ HTTP/1.1" 304 0 "https://w3.readbtooom.com/manga/btooom-chapter-32/" "Mozilla/5.0 (Windows NT 10.0; Win64; x64) AppleWebKit/537.36 (KHTML, like Gecko) Chrome/135.0.0.0 Safari/537.36"
2001:44c8:6512:6efc:4485:5dff:feb7:3fae - - [08/Jun/2025:10:09:10 -0400] "GET /manga/btooom-chapter-22-5/ HTTP/1.1" 200 19443 "https://w3.readbtooom.com/manga/btooom-chapter-22/" "Mozilla/5.0 (Linux; Android 10; K) AppleWebKit/537.36 (KHTML, like Gecko) Chrome/137.0.0.0 Mobile Safari/537.36"
2001:44c8:6512:6efc:4485:5dff:feb7:3fae - - [08/Jun/2025:10:09:11 -0400] "GET /manga/btooom-chapter-22-5/ HTTP/1.1" 304 0 "https://w3.readbtooom.com/manga/btooom-chapter-22/" "Mozilla/5.0 (Linux; Android 10; K) AppleWebKit/537.36 (KHTML, like Gecko) Chrome/137.0.0.0 Mobile Safari/537.36"
162.0.232.193 - - [08/Jun/2025:10:09:11 -0400] "POST /wp-cron.php?doing_wp_cron=1749391751.6524019241333007812500 HTTP/1.1" 200 0 "-" "WordPress/6.4.5; https://w3.readbtooom.com"
2001:44c8:6512:6efc:4485:5dff:feb7:3fae - - [08/Jun/2025:10:09:11 -0400] "POST /wp-admin/admin-ajax.php HTTP/1.1" 200 69 "https://w3.readbtooom.com/manga/btooom-chapter-22-5/" "Mozilla/5.0 (Linux; Android 10; K) AppleWebKit/537.36 (KHTML, like Gecko) Chrome/137.0.0.0 Mobile Safari/537.36"
2001:44c8:6512:6efc:4485:5dff:feb7:3fae - - [08/Jun/2025:10:09:16 -0400] "GET /manga/btooom-chapter-23/ HTTP/1.1" 200 24653 "https://w3.readbtooom.com/manga/btooom-chapter-22-5/" "Mozilla/5.0 (Linux; Android 10; K) AppleWebKit/537.36 (KHTML, like Gecko) Chrome/137.0.0.0 Mobile Safari/537.36"
2001:44c8:6512:6efc:4485:5dff:feb7:3fae - - [08/Jun/2025:10:09:17 -0400] "GET /manga/btooom-chapter-23/ HTTP/1.1" 304 0 "https://w3.readbtooom.com/manga/btooom-chapter-22-5/" "Mozilla/5.0 (Linux; Android 10; K) AppleWebKit/537.36 (KHTML, like Gecko) Chrome/137.0.0.0 Mobile Safari/537.36"
2001:44c8:6512:6efc:4485:5dff:feb7:3fae - - [08/Jun/2025:10:09:17 -0400] "POST /wp-admin/admin-ajax.php HTTP/1.1" 200 69 "https://w3.readbtooom.com/manga/btooom-chapter-23/" "Mozilla/5.0 (Linux; Android 10; K) AppleWebKit/537.36 (KHTML, like Gecko) Chrome/137.0.0.0 Mobile Safari/537.36"
2a09:bac1:7a80:50::245:97 - - [08/Jun/2025:10:09:51 -0400] "GET /manga/btooom-chapter-32/ HTTP/1.1" 304 0 "https://w3.readbtooom.com/manga/btooom-chapter-33/" "Mozilla/5.0 (Windows NT 10.0; Win64; x64) AppleWebKit/537.36 (KHTML, like Gecko) Chrome/135.0.0.0 Safari/537.36"
2a09:bac1:7a80:50::245:97 - - [08/Jun/2025:10:09:51 -0400] "GET /manga/btooom-chapter-34/ HTTP/1.1" 200 26817 "https://w3.readbtooom.com/manga/btooom-chapter-33/" "Mozilla/5.0 (Windows NT 10.0; Win64; x64) AppleWebKit/537.36 (KHTML, like Gecko) Chrome/135.0.0.0 Safari/537.36"
2001:44c8:6512:6efc:4485:5dff:feb7:3fae - - [08/Jun/2025:10:09:51 -0400] "GET /manga/btooom-chapter-24/ HTTP/1.1" 200 23262 "https://w3.readbtooom.com/manga/btooom-chapter-23/" "Mozilla/5.0 (Linux; Android 10; K) AppleWebKit/537.36 (KHTML, like Gecko) Chrome/137.0.0.0 Mobile Safari/537.36"
2a09:bac1:7a80:50::245:97 - - [08/Jun/2025:10:09:51 -0400] "GET /manga/btooom-chapter-34/ HTTP/1.1" 304 0 "https://w3.readbtooom.com/manga/btooom-chapter-33/" "Mozilla/5.0 (Windows NT 10.0; Win64; x64) AppleWebKit/537.36 (KHTML, like Gecko) Chrome/135.0.0.0 Safari/537.36"
162.0.232.193 - - [08/Jun/2025:10:09:51 -0400] "POST /wp-cron.php?doing_wp_cron=1749391791.8333220481872558593750 HTTP/1.1" 200 0 "-" "WordPress/6.4.5; https://w3.readbtooom.com"
2001:44c8:6512:6efc:4485:5dff:feb7:3fae - - [08/Jun/2025:10:09:51 -0400] "GET /manga/btooom-chapter-24/ HTTP/1.1" 304 0 "https://w3.readbtooom.com/manga/btooom-chapter-23/" "Mozilla/5.0 (Linux; Android 10; K) AppleWebKit/537.36 (KHTML, like Gecko) Chrome/137.0.0.0 Mobile Safari/537.36"
2a09:bac1:7a80:50::245:97 - - [08/Jun/2025:10:09:51 -0400] "POST /wp-admin/admin-ajax.php HTTP/1.1" 200 69 "https://w3.readbtooom.com/manga/btooom-chapter-34/" "Mozilla/5.0 (Windows NT 10.0; Win64; x64) AppleWebKit/537.36 (KHTML, like Gecko) Chrome/135.0.0.0 Safari/537.36"
2001:44c8:6512:6efc:4485:5dff:feb7:3fae - - [08/Jun/2025:10:09:52 -0400] "POST /wp-admin/admin-ajax.php HTTP/1.1" 200 69 "https://w3.readbtooom.com/manga/btooom-chapter-24/" "Mozilla/5.0 (Linux; Android 10; K) AppleWebKit/537.36 (KHTML, like Gecko) Chrome/137.0.0.0 Mobile Safari/537.36"
2001:44c8:6512:6efc:4485:5dff:feb7:3fae - - [08/Jun/2025:10:10:13 -0400] "GET /manga/btooom-chapter-25/ HTTP/1.1" 200 23083 "https://w3.readbtooom.com/manga/btooom-chapter-24/" "Mozilla/5.0 (Linux; Android 10; K) AppleWebKit/537.36 (KHTML, like Gecko) Chrome/137.0.0.0 Mobile Safari/537.36"
2001:44c8:6512:6efc:4485:5dff:feb7:3fae - - [08/Jun/2025:10:10:14 -0400] "GET /manga/btooom-chapter-25/ HTTP/1.1" 304 0 "https://w3.readbtooom.com/manga/btooom-chapter-24/" "Mozilla/5.0 (Linux; Android 10; K) AppleWebKit/537.36 (KHTML, like Gecko) Chrome/137.0.0.0 Mobile Safari/537.36"
2a09:bac1:7a80:50::245:97 - - [08/Jun/2025:10:10:16 -0400] "GET /manga/btooom-chapter-34/ HTTP/1.1" 304 0 "https://w3.readbtooom.com/manga/btooom-chapter-33/" "Mozilla/5.0 (Windows NT 10.0; Win64; x64) AppleWebKit/537.36 (KHTML, like Gecko) Chrome/135.0.0.0 Safari/537.36"
2a09:bac1:7a80:50::245:97 - - [08/Jun/2025:10:10:17 -0400] "POST /wp-admin/admin-ajax.php HTTP/1.1" 200 69 "https://w3.readbtooom.com/manga/btooom-chapter-34/" "Mozilla/5.0 (Windows NT 10.0; Win64; x64) AppleWebKit/537.36 (KHTML, like Gecko) Chrome/135.0.0.0 Safari/537.36"
2001:44c8:6512:6efc:4485:5dff:feb7:3fae - - [08/Jun/2025:10:10:19 -0400] "GET /manga/btooom-chapter-26/ HTTP/1.1" 200 22895 "https://w3.readbtooom.com/manga/btooom-chapter-25/" "Mozilla/5.0 (Linux; Android 10; K) AppleWebKit/537.36 (KHTML, like Gecko) Chrome/137.0.0.0 Mobile Safari/537.36"
2001:44c8:6512:6efc:4485:5dff:feb7:3fae - - [08/Jun/2025:10:10:20 -0400] "POST /wp-admin/admin-ajax.php HTTP/1.1" 200 69 "https://w3.readbtooom.com/manga/btooom-chapter-26/" "Mozilla/5.0 (Linux; Android 10; K) AppleWebKit/537.36 (KHTML, like Gecko) Chrome/137.0.0.0 Mobile Safari/537.36"
2001:44c8:6512:6efc:4485:5dff:feb7:3fae - - [08/Jun/2025:10:10:51 -0400] "GET /manga/btooom-chapter-27/ HTTP/1.1" 200 21742 "https://w3.readbtooom.com/manga/btooom-chapter-26/" "Mozilla/5.0 (Linux; Android 10; K) AppleWebKit/537.36 (KHTML, like Gecko) Chrome/137.0.0.0 Mobile Safari/537.36"
2001:44c8:6512:6efc:4485:5dff:feb7:3fae - - [08/Jun/2025:10:10:52 -0400] "GET /manga/btooom-chapter-27/ HTTP/1.1" 304 0 "https://w3.readbtooom.com/manga/btooom-chapter-26/" "Mozilla/5.0 (Linux; Android 10; K) AppleWebKit/537.36 (KHTML, like Gecko) Chrome/137.0.0.0 Mobile Safari/537.36"
2001:44c8:6512:6efc:4485:5dff:feb7:3fae - - [08/Jun/2025:10:11:06 -0400] "GET /manga/btooom-chapter-28/ HTTP/1.1" 200 22682 "https://w3.readbtooom.com/manga/btooom-chapter-27/" "Mozilla/5.0 (Linux; Android 10; K) AppleWebKit/537.36 (KHTML, like Gecko) Chrome/137.0.0.0 Mobile Safari/537.36"
2001:44c8:6512:6efc:4485:5dff:feb7:3fae - - [08/Jun/2025:10:11:07 -0400] "GET /manga/btooom-chapter-28/ HTTP/1.1" 304 0 "https://w3.readbtooom.com/manga/btooom-chapter-27/" "Mozilla/5.0 (Linux; Android 10; K) AppleWebKit/537.36 (KHTML, like Gecko) Chrome/137.0.0.0 Mobile Safari/537.36"
2001:44c8:6512:6efc:4485:5dff:feb7:3fae - - [08/Jun/2025:10:11:21 -0400] "GET /manga/btooom-chapter-29/ HTTP/1.1" 200 21727 "https://w3.readbtooom.com/manga/btooom-chapter-28/" "Mozilla/5.0 (Linux; Android 10; K) AppleWebKit/537.36 (KHTML, like Gecko) Chrome/137.0.0.0 Mobile Safari/537.36"
2001:44c8:6512:6efc:4485:5dff:feb7:3fae - - [08/Jun/2025:10:11:22 -0400] "GET /manga/btooom-chapter-29/ HTTP/1.1" 304 0 "https://w3.readbtooom.com/manga/btooom-chapter-28/" "Mozilla/5.0 (Linux; Android 10; K) AppleWebKit/537.36 (KHTML, like Gecko) Chrome/137.0.0.0 Mobile Safari/537.36"
2001:44c8:6512:6efc:4485:5dff:feb7:3fae - - [08/Jun/2025:10:11:33 -0400] "GET /manga/btooom-chapter-30/ HTTP/1.1" 200 21911 "https://w3.readbtooom.com/manga/btooom-chapter-29/" "Mozilla/5.0 (Linux; Android 10; K) AppleWebKit/537.36 (KHTML, like Gecko) Chrome/137.0.0.0 Mobile Safari/537.36"
2001:44c8:6512:6efc:4485:5dff:feb7:3fae - - [08/Jun/2025:10:11:34 -0400] "GET /manga/btooom-chapter-30/ HTTP/1.1" 304 0 "https://w3.readbtooom.com/manga/btooom-chapter-29/" "Mozilla/5.0 (Linux; Android 10; K) AppleWebKit/537.36 (KHTML, like Gecko) Chrome/137.0.0.0 Mobile Safari/537.36"
2001:44c8:6512:6efc:4485:5dff:feb7:3fae - - [08/Jun/2025:10:11:52 -0400] "GET /manga/btooom-chapter-29/ HTTP/1.1" 304 0 "https://w3.readbtooom.com/manga/btooom-chapter-30/" "Mozilla/5.0 (Linux; Android 10; K) AppleWebKit/537.36 (KHTML, like Gecko) Chrome/137.0.0.0 Mobile Safari/537.36"
2001:44c8:6512:6efc:4485:5dff:feb7:3fae - - [08/Jun/2025:10:11:52 -0400] "GET /tag/ryota-sakamoto/ HTTP/1.1" 301 0 "https://w3.readbtooom.com/manga/btooom-chapter-30/" "Mozilla/5.0 (Linux; Android 10; K) AppleWebKit/537.36 (KHTML, like Gecko) Chrome/137.0.0.0 Mobile Safari/537.36"
2001:44c8:6512:6efc:4485:5dff:feb7:3fae - - [08/Jun/2025:10:11:53 -0400] "GET / HTTP/1.1" 304 0 "https://w3.readbtooom.com/" "Mozilla/5.0 (Linux; Android 10; K) AppleWebKit/537.36 (KHTML, like Gecko) Chrome/137.0.0.0 Mobile Safari/537.36"
2001:44c8:6512:6efc:4485:5dff:feb7:3fae - - [08/Jun/2025:10:11:53 -0400] "GET /manga/btooom-chapter-31/ HTTP/1.1" 200 22672 "https://w3.readbtooom.com/manga/btooom-chapter-30/" "Mozilla/5.0 (Linux; Android 10; K) AppleWebKit/537.36 (KHTML, like Gecko) Chrome/137.0.0.0 Mobile Safari/537.36"
2001:44c8:6512:6efc:4485:5dff:feb7:3fae - - [08/Jun/2025:10:11:54 -0400] "GET /manga/btooom-chapter-31/ HTTP/1.1" 304 0 "https://w3.readbtooom.com/manga/btooom-chapter-30/" "Mozilla/5.0 (Linux; Android 10; K) AppleWebKit/537.36 (KHTML, like Gecko) Chrome/137.0.0.0 Mobile Safari/537.36"
162.0.232.193 - - [08/Jun/2025:10:11:55 -0400] "POST /wp-cron.php?doing_wp_cron=1749391915.0763509273529052734375 HTTP/1.1" 200 0 "-" "WordPress/6.4.5; https://w3.readbtooom.com"
2001:44c8:6512:6efc:4485:5dff:feb7:3fae - - [08/Jun/2025:10:11:54 -0400] "POST /wp-admin/admin-ajax.php HTTP/1.1" 200 69 "https://w3.readbtooom.com/manga/btooom-chapter-31/" "Mozilla/5.0 (Linux; Android 10; K) AppleWebKit/537.36 (KHTML, like Gecko) Chrome/137.0.0.0 Mobile Safari/537.36"
2001:44c8:6512:6efc:4485:5dff:feb7:3fae - - [08/Jun/2025:10:12:34 -0400] "GET / HTTP/1.1" 304 0 "https://w3.readbtooom.com/" "Mozilla/5.0 (Linux; Android 10; K) AppleWebKit/537.36 (KHTML, like Gecko) Chrome/137.0.0.0 Mobile Safari/537.36"
2001:44c8:6512:6efc:4485:5dff:feb7:3fae - - [08/Jun/2025:10:12:35 -0400] "GET /manga/btooom-chapter-32/ HTTP/1.1" 200 24456 "https://w3.readbtooom.com/manga/btooom-chapter-31/" "Mozilla/5.0 (Linux; Android 10; K) AppleWebKit/537.36 (KHTML, like Gecko) Chrome/137.0.0.0 Mobile Safari/537.36"
2001:44c8:6512:6efc:4485:5dff:feb7:3fae - - [08/Jun/2025:10:12:35 -0400] "GET /manga/btooom-chapter-32/ HTTP/1.1" 304 0 "https://w3.readbtooom.com/manga/btooom-chapter-31/" "Mozilla/5.0 (Linux; Android 10; K) AppleWebKit/537.36 (KHTML, like Gecko) Chrome/137.0.0.0 Mobile Safari/537.36"
162.0.232.193 - - [08/Jun/2025:10:12:36 -0400] "POST /wp-cron.php?doing_wp_cron=1749391956.0839838981628417968750 HTTP/1.1" 200 0 "-" "WordPress/6.4.5; https://w3.readbtooom.com"
2001:44c8:6512:6efc:4485:5dff:feb7:3fae - - [08/Jun/2025:10:12:35 -0400] "POST /wp-admin/admin-ajax.php HTTP/1.1" 200 69 "https://w3.readbtooom.com/manga/btooom-chapter-32/" "Mozilla/5.0 (Linux; Android 10; K) AppleWebKit/537.36 (KHTML, like Gecko) Chrome/137.0.0.0 Mobile Safari/537.36"
2001:44c8:6512:6efc:4485:5dff:feb7:3fae - - [08/Jun/2025:10:13:05 -0400] "GET /manga/btooom-chapter-33/ HTTP/1.1" 200 24226 "https://w3.readbtooom.com/manga/btooom-chapter-32/" "Mozilla/5.0 (Linux; Android 10; K) AppleWebKit/537.36 (KHTML, like Gecko) Chrome/137.0.0.0 Mobile Safari/537.36"
