162.0.232.193 - - [09/Jun/2025:02:13:37 -0400] "GET /wp-content/uploads/36f5b53d6c6d3d6b1e9dd0027baac2ed_1435.xml HTTP/1.1" 200 1028 "-" "Mozilla/5.0 (X11; Linux x86_64) AppleWebKit/537.36 (KHTML, like Gecko) Ubuntu Chromium/41.0.2272.76"
162.0.232.193 - - [09/Jun/2025:02:15:55 -0400] "POST /wp-cron.php?doing_wp_cron=1749449755.7220840454101562500000 HTTP/1.1" 200 0 "-" "WordPress/6.7.2; https://w4.junglejuicewebtoon.com"
51.222.253.17 - - [09/Jun/2025:02:15:54 -0400] "GET /manga1/jungle-juice-chapter-83/ HTTP/1.1" 200 10466 "-" "Mozilla/5.0 (compatible; AhrefsBot/7.0; +http://ahrefs.com/robot/)"
162.0.232.193 - - [09/Jun/2025:02:15:56 -0400] "POST /wp-admin/admin-ajax.php?action=async_litespeed&nonce=QzAXufnXJQo3QAt6lx6YyYo1JYVEGGIv&litespeed_type=imgoptm HTTP/1.1" 200 5 "-" "WordPress/6.7.2; https://w4.junglejuicewebtoon.com"
162.0.232.193 - - [09/Jun/2025:02:15:57 -0400] "GET /wp-content/uploads/36f5b53d6c6d3d6b1e9dd0027baac2ed_1435.xml HTTP/1.1" 200 1150 "-" "Mozilla/5.0 (X11; Linux x86_64) AppleWebKit/537.36 (KHTML, like Gecko) Ubuntu Chromium/41.0.2272.76"
162.0.232.193 - - [09/Jun/2025:02:22:59 -0400] "POST /wp-cron.php?doing_wp_cron=1749450178.8347649574279785156250 HTTP/1.1" 200 0 "-" "WordPress/6.7.2; https://w4.junglejuicewebtoon.com"
162.214.124.144 - - [09/Jun/2025:02:22:56 -0400] "POST /wp-login.php HTTP/1.1" 200 1992 "https://w4.junglejuicewebtoon.com" "Mozilla/5.0 (Windows NT 10.0; Win64; x64) AppleWebKit/537.36 (KHTML, like Gecko) Chrome/114.0.5735.199 Safari/537.36 Edg/114.0.1823.67"
162.0.232.193 - - [09/Jun/2025:02:23:02 -0400] "GET /wp-content/uploads/36f5b53d6c6d3d6b1e9dd0027baac2ed_1435.xml HTTP/1.1" 200 1150 "-" "Mozilla/5.0 (X11; Linux x86_64) AppleWebKit/537.36 (KHTML, like Gecko) Ubuntu Chromium/41.0.2272.76"
124.222.142.44 - - [09/Jun/2025:02:23:04 -0400] "GET / HTTP/1.1" 200 10328 "https://w3.junglejuicewebtoon.com/" "Mozilla/5.0 (iPhone; CPU iPhone OS 13_2_3 like Mac OS X) AppleWebKit/605.1.15 (KHTML, like Gecko) Version/13.0.3 Mobile/15E148 Safari/604.1"
216.244.66.247 - - [09/Jun/2025:02:27:54 -0400] "GET /robots.txt HTTP/1.1" 304 0 "-" "Mozilla/5.0 (compatible; DotBot/1.2; +https://opensiteexplorer.org/dotbot; [email protected])"
162.0.232.193 - - [09/Jun/2025:02:29:54 -0400] "POST /wp-cron.php?doing_wp_cron=1749450594.2772319316864013671875 HTTP/1.1" 200 0 "-" "WordPress/6.7.2; https://w4.junglejuicewebtoon.com"
162.0.232.193 - - [09/Jun/2025:02:29:54 -0400] "POST /wp-admin/admin-ajax.php?action=async_litespeed&nonce=RY2rabTMfLRm6kakTFizbjLlmoQTiCp8&litespeed_type=imgoptm HTTP/1.1" 200 5 "-" "WordPress/6.7.2; https://w4.junglejuicewebtoon.com"
66.249.79.238 - - [09/Jun/2025:02:29:52 -0400] "POST /wp-admin/admin-ajax.php HTTP/1.1" 200 69 "https://w4.junglejuicewebtoon.com/manga1/jungle-juice-chapter-110/" "Mozilla/5.0 (Linux; Android 6.0.1; Nexus 5X Build/MMB29P) AppleWebKit/537.36 (KHTML, like Gecko) Chrome/136.0.7103.92 Mobile Safari/537.36 (compatible; Googlebot/2.1; +http://www.google.com/bot.html)"
162.0.232.193 - - [09/Jun/2025:02:29:56 -0400] "GET /wp-content/uploads/36f5b53d6c6d3d6b1e9dd0027baac2ed_1435.xml HTTP/1.1" 200 1150 "-" "Mozilla/5.0 (X11; Linux x86_64) AppleWebKit/537.36 (KHTML, like Gecko) Ubuntu Chromium/41.0.2272.76"
162.0.232.193 - - [09/Jun/2025:02:33:35 -0400] "POST /wp-cron.php?doing_wp_cron=1749450815.5168240070343017578125 HTTP/1.1" 200 0 "-" "WordPress/6.7.2; https://w4.junglejuicewebtoon.com"
51.222.253.20 - - [09/Jun/2025:02:33:32 -0400] "GET /manga1/jungle-juice-chapter-92/ HTTP/1.1" 200 10675 "-" "Mozilla/5.0 (compatible; AhrefsBot/7.0; +http://ahrefs.com/robot/)"
162.0.232.193 - - [09/Jun/2025:02:33:38 -0400] "GET /wp-content/uploads/36f5b53d6c6d3d6b1e9dd0027baac2ed_1435.xml HTTP/1.1" 200 1028 "-" "Mozilla/5.0 (X11; Linux x86_64) AppleWebKit/537.36 (KHTML, like Gecko) Ubuntu Chromium/41.0.2272.76"
162.0.232.193 - - [09/Jun/2025:02:35:48 -0400] "POST /wp-cron.php?doing_wp_cron=1749450948.0692849159240722656250 HTTP/1.1" 200 0 "-" "WordPress/6.7.2; https://w4.junglejuicewebtoon.com"
162.0.232.193 - - [09/Jun/2025:02:35:48 -0400] "POST /wp-cron.php?doing_wp_cron=1749450948.0809779167175292968750 HTTP/1.1" 200 0 "-" "WordPress/6.7.2; https://w4.junglejuicewebtoon.com"
114.119.133.125 - - [09/Jun/2025:02:35:49 -0400] "GET / HTTP/1.1" 200 10328 "https://junglejuicewebtoon.com/tag/jungle-juice-characters/" "Mozilla/5.0 (Linux; Android 7.0;) AppleWebKit/537.36 (KHTML, like Gecko) Mobile Safari/537.36 (compatible; PetalBot;+https://webmaster.petalsearch.com/site/petalbot)"
162.0.232.193 - - [09/Jun/2025:02:35:49 -0400] "POST /wp-admin/admin-ajax.php?action=async_litespeed&nonce=SXDAZAHWR3ZGj5M32eCC2HXIjuaovXAf&litespeed_type=imgoptm HTTP/1.1" 200 5 "-" "WordPress/6.7.2; https://w4.junglejuicewebtoon.com"
162.0.232.193 - - [09/Jun/2025:02:35:51 -0400] "GET /wp-content/uploads/36f5b53d6c6d3d6b1e9dd0027baac2ed_1435.xml HTTP/1.1" 200 1150 "-" "Mozilla/5.0 (X11; Linux x86_64) AppleWebKit/537.36 (KHTML, like Gecko) Ubuntu Chromium/41.0.2272.76"
162.0.232.193 - - [09/Jun/2025:02:37:39 -0400] "POST /wp-cron.php?doing_wp_cron=1749451059.6511681079864501953125 HTTP/1.1" 200 0 "-" "WordPress/6.7.2; https://w4.junglejuicewebtoon.com"
192.254.172.150 - - [09/Jun/2025:02:37:38 -0400] "POST /wp-login.php HTTP/1.1" 200 1992 "https://w4.junglejuicewebtoon.com" "Mozilla/5.0 (Windows NT 10.0; Win64; x64; rv:126.0) Gecko/20100101 Firefox/126.0"
162.0.232.193 - - [09/Jun/2025:02:37:41 -0400] "GET /wp-content/uploads/36f5b53d6c6d3d6b1e9dd0027baac2ed_1435.xml HTTP/1.1" 200 1150 "-" "Mozilla/5.0 (X11; Linux x86_64) AppleWebKit/537.36 (KHTML, like Gecko) Ubuntu Chromium/41.0.2272.76"
162.0.232.193 - - [09/Jun/2025:02:38:59 -0400] "POST /wp-cron.php?doing_wp_cron=1749451139.2081489562988281250000 HTTP/1.1" 200 0 "-" "WordPress/6.7.2; https://w4.junglejuicewebtoon.com"
162.0.232.193 - - [09/Jun/2025:02:38:59 -0400] "POST /wp-admin/admin-ajax.php?action=async_litespeed&nonce=vEvLavQaGgPIM2uEVSvoC3W4zz1bqTid&litespeed_type=imgoptm HTTP/1.1" 200 5 "-" "WordPress/6.7.2; https://w4.junglejuicewebtoon.com"
47.128.97.245 - - [09/Jun/2025:02:39:00 -0400] "GET / HTTP/1.1" 200 10328 "-" "Mozilla/5.0 (Linux; Android 5.0) AppleWebKit/537.36 (KHTML, like Gecko) Mobile Safari/537.36 (compatible; Bytespider; [email protected])"
162.0.232.193 - - [09/Jun/2025:02:39:27 -0400] "POST /wp-cron.php?doing_wp_cron=1749451167.5826048851013183593750 HTTP/1.1" 200 0 "-" "WordPress/6.7.2; https://w4.junglejuicewebtoon.com"
162.0.232.193 - - [09/Jun/2025:02:39:29 -0400] "GET /wp-content/uploads/36f5b53d6c6d3d6b1e9dd0027baac2ed_1435.xml HTTP/1.1" 200 1150 "-" "Mozilla/5.0 (X11; Linux x86_64) AppleWebKit/537.36 (KHTML, like Gecko) Ubuntu Chromium/41.0.2272.76"
17.241.227.68 - - [09/Jun/2025:02:39:50 -0400] "GET /manga1/jungle-juice-chapter-17-2/ HTTP/1.1" 200 10329 "-" "Mozilla/5.0 (Macintosh; Intel Mac OS X 10_15_7) AppleWebKit/605.1.15 (KHTML, like Gecko) Version/17.4 Safari/605.1.15 (Applebot/0.1; +http://www.apple.com/go/applebot)"
85.208.96.211 - - [09/Jun/2025:02:44:48 -0400] "GET /robots.txt HTTP/1.1" 304 0 "-" "Mozilla/5.0 (compatible; SemrushBot/7~bl; +http://www.semrush.com/bot.html)"
185.191.171.9 - - [09/Jun/2025:02:44:49 -0400] "GET /category/jungle-juice-manga/page/5/ HTTP/1.1" 200 11924 "-" "Mozilla/5.0 (compatible; SemrushBot/7~bl; +http://www.semrush.com/bot.html)"
17.246.15.23 - - [09/Jun/2025:02:50:08 -0400] "GET /wp-content/themes/toivo-lite/js/responsive-nav.min.js?ver=1.2.0 HTTP/1.1" 304 0 "https://w4.junglejuicewebtoon.com/manga1/jungle-juice-chapter-17-2/" "Mozilla/5.0 (Macintosh; Intel Mac OS X 10_15_7) AppleWebKit/605.1.15 (KHTML, like Gecko) Version/17.4 Safari/605.1.15 (Applebot/0.1; +http://www.apple.com/go/applebot)"
162.0.232.193 - - [09/Jun/2025:02:50:10 -0400] "POST /wp-cron.php?doing_wp_cron=1749451809.9607360363006591796875 HTTP/1.1" 200 0 "-" "WordPress/6.7.2; https://w4.junglejuicewebtoon.com"
89.110.115.121 - - [09/Jun/2025:02:50:12 -0400] "GET / HTTP/1.1" 200 10328 "https://w3.junglejuicewebtoon.com/" "Mozilla/5.0 (Macintosh; Intel Mac OS X 10_15_7) AppleWebKit/537.36 (KHTML, like Gecko) Chrome/133.0.0.0 Safari/537.36"
162.0.232.193 - - [09/Jun/2025:02:50:12 -0400] "POST /wp-admin/admin-ajax.php?action=async_litespeed&nonce=3TKhUWM36pNRwuv5aXsPYPQfXrvJwkoV&litespeed_type=imgoptm HTTP/1.1" 200 5 "-" "WordPress/6.7.2; https://w4.junglejuicewebtoon.com"
89.110.115.121 - - [09/Jun/2025:02:50:13 -0400] "GET /comments/feed/ HTTP/1.1" 200 1189 "-" "Mozilla/5.0 (Macintosh; Intel Mac OS X 10_15_7) AppleWebKit/537.36 (KHTML, like Gecko) Chrome/133.0.0.0 Safari/537.36"
162.0.232.193 - - [09/Jun/2025:02:50:13 -0400] "GET /wp-content/uploads/36f5b53d6c6d3d6b1e9dd0027baac2ed_1435.xml HTTP/1.1" 200 1150 "-" "Mozilla/5.0 (X11; Linux x86_64) AppleWebKit/537.36 (KHTML, like Gecko) Ubuntu Chromium/41.0.2272.76"
162.0.232.193 - - [09/Jun/2025:02:52:16 -0400] "POST /wp-cron.php?doing_wp_cron=1749451936.4844999313354492187500 HTTP/1.1" 200 0 "-" "WordPress/6.7.2; https://w4.junglejuicewebtoon.com"
31.193.2.236 - - [09/Jun/2025:02:52:14 -0400] "POST /wp-login.php HTTP/1.1" 200 1992 "https://w4.junglejuicewebtoon.com" "Mozilla/5.0 (Windows NT 10.0; Win64; x64) AppleWebKit/537.36 (KHTML, like Gecko) Chrome/116.0.5845.96 Safari/537.36"
162.0.232.193 - - [09/Jun/2025:02:52:19 -0400] "GET /wp-content/uploads/36f5b53d6c6d3d6b1e9dd0027baac2ed_1435.xml HTTP/1.1" 200 1028 "-" "Mozilla/5.0 (X11; Linux x86_64) AppleWebKit/537.36 (KHTML, like Gecko) Ubuntu Chromium/41.0.2272.76"
162.0.232.193 - - [09/Jun/2025:03:01:32 -0400] "POST /wp-cron.php?doing_wp_cron=1749452492.4419660568237304687500 HTTP/1.1" 200 0 "-" "WordPress/6.7.2; https://w4.junglejuicewebtoon.com"
66.249.79.234 - - [09/Jun/2025:03:01:28 -0400] "GET /manga1/jungle-juice-chapter-46/ HTTP/1.1" 200 10339 "-" "Mozilla/5.0 (Linux; Android 6.0.1; Nexus 5X Build/MMB29P) AppleWebKit/537.36 (KHTML, like Gecko) Chrome/136.0.7103.113 Mobile Safari/537.36 (compatible; Googlebot/2.1; +http://www.google.com/bot.html)"
162.0.232.193 - - [09/Jun/2025:03:01:33 -0400] "POST /wp-admin/admin-ajax.php?action=async_litespeed&nonce=zVDAGeSiHnh5qmxoOeE6IuzxnMap4K8G&litespeed_type=imgoptm HTTP/1.1" 200 0 "-" "WordPress/6.7.2; https://w4.junglejuicewebtoon.com"
162.0.232.193 - - [09/Jun/2025:03:01:36 -0400] "GET /wp-content/uploads/36f5b53d6c6d3d6b1e9dd0027baac2ed_1435.xml HTTP/1.1" 200 1028 "-" "Mozilla/5.0 (X11; Linux x86_64) AppleWebKit/537.36 (KHTML, like Gecko) Ubuntu Chromium/41.0.2272.76"
114.119.137.38 - - [09/Jun/2025:03:06:00 -0400] "GET /category/manga/page/25/ HTTP/1.1" 404 1251 "https://w4.junglejuicewebtoon.com/category/manga/page/24/" "Mozilla/5.0 (Linux; Android 7.0;) AppleWebKit/537.36 (KHTML, like Gecko) Mobile Safari/537.36 (compatible; PetalBot;+https://webmaster.petalsearch.com/site/petalbot)"
192.187.120.74 - - [09/Jun/2025:03:06:08 -0400] "GET / HTTP/1.1" 200 1644 "-" "Mozilla/5.0 (Windows NT 10.0; Win64; x64) AppleWebKit/537.36 (KHTML, like Gecko) Chrome/113.0.0.0 Safari/537.36"
192.187.120.74 - - [09/Jun/2025:03:06:10 -0400] "GET / HTTP/1.1" 200 1644 "-" "Mozilla/5.0 (Windows NT 10.0; Win64; x64) AppleWebKit/537.36 (KHTML, like Gecko) Chrome/113.0.0.0 Safari/537.36"
162.0.232.193 - - [09/Jun/2025:03:06:52 -0400] "POST /wp-cron.php?doing_wp_cron=1749452812.5470139980316162109375 HTTP/1.1" 200 0 "-" "WordPress/6.7.2; https://w4.junglejuicewebtoon.com"
2a02:c207:2247:7448::1 - - [09/Jun/2025:03:06:50 -0400] "POST /xmlrpc.php HTTP/1.1" 200 186 "https://w4.junglejuicewebtoon.com" "Mozilla/5.0 (Windows NT 10.0; Win64; x64; rv:128.0) Gecko/20100101 Firefox/128.0"
2a02:c207:2247:7448::1 - - [09/Jun/2025:03:06:53 -0400] "POST /wp-login.php HTTP/1.1" 200 1992 "https://w4.junglejuicewebtoon.com" "Mozilla/5.0 (Macintosh; Intel Mac OS X 10_15_7; rv:128.0) Gecko/20100101 Firefox/128.0"
162.0.232.193 - - [09/Jun/2025:03:06:54 -0400] "POST /wp-admin/admin-ajax.php?action=async_litespeed&nonce=41VR99eSq82MT25XV3w6fjjy7VPkWrZA&litespeed_type=imgoptm HTTP/1.1" 200 5 "-" "WordPress/6.7.2; https://w4.junglejuicewebtoon.com"
162.0.232.193 - - [09/Jun/2025:03:06:56 -0400] "GET /wp-content/uploads/36f5b53d6c6d3d6b1e9dd0027baac2ed_1435.xml HTTP/1.1" 200 1150 "-" "Mozilla/5.0 (X11; Linux x86_64) AppleWebKit/537.36 (KHTML, like Gecko) Ubuntu Chromium/41.0.2272.76"
216.244.66.247 - - [09/Jun/2025:03:10:50 -0400] "GET /robots.txt HTTP/1.1" 404 1251 "-" "Mozilla/5.0 (compatible; DotBot/1.2; +https://opensiteexplorer.org/dotbot; [email protected])"
68.150.213.22 - - [09/Jun/2025:03:11:28 -0400] "GET /manga1/jungle-juice-chapter-148/ HTTP/1.1" 404 1251 "-" "Mozilla/5.0 (iPhone; CPU iPhone OS 18_5 like Mac OS X) AppleWebKit/605.1.15 (KHTML, like Gecko) Mobile/15E148"
68.150.213.22 - - [09/Jun/2025:03:12:31 -0400] "GET /manga1/jungle-juice-chapter-148/ HTTP/1.1" 404 1251 "https://w4.junglejuicewebtoon.com/manga1/jungle-juice-chapter-147/" "Mozilla/5.0 (iPhone; CPU iPhone OS 18_5 like Mac OS X) AppleWebKit/605.1.15 (KHTML, like Gecko) Version/18.5 Mobile/15E148 Safari/604.1"
68.150.213.22 - - [09/Jun/2025:03:12:31 -0400] "GET /favicon.ico HTTP/1.1" 404 1251 "https://w4.junglejuicewebtoon.com/manga1/jungle-juice-chapter-148/" "Mozilla/5.0 (iPhone; CPU iPhone OS 18_5 like Mac OS X) AppleWebKit/605.1.15 (KHTML, like Gecko) Version/18.5 Mobile/15E148 Safari/604.1"
162.0.232.193 - - [09/Jun/2025:03:16:37 -0400] "POST /wp-cron.php?doing_wp_cron=1749453396.9501509666442871093750 HTTP/1.1" 200 0 "-" "WordPress/6.7.2; https://w4.junglejuicewebtoon.com"
45.61.188.211 - - [09/Jun/2025:03:16:37 -0400] "GET /wp-login.php?redirect_to=https%3A%2F%2Fw3.junglejuicewebtoon.com%2Fwp-admin%2Fthemes.php&reauth=1 HTTP/1.1" 200 1857 "-" "python-requests/2.27.1"
45.61.188.211 - - [09/Jun/2025:03:16:39 -0400] "GET /wp-login.php?redirect_to=https%3A%2F%2Fw3.junglejuicewebtoon.com%2Fwp-admin%2Fplugin-install.php%3Ftab%3Dupload&reauth=1 HTTP/1.1" 200 1880 "-" "python-requests/2.27.1"
162.0.232.193 - - [09/Jun/2025:03:16:40 -0400] "GET /wp-content/uploads/36f5b53d6c6d3d6b1e9dd0027baac2ed_1435.xml HTTP/1.1" 200 1028 "-" "Mozilla/5.0 (X11; Linux x86_64) AppleWebKit/537.36 (KHTML, like Gecko) Ubuntu Chromium/41.0.2272.76"
162.0.232.193 - - [09/Jun/2025:03:19:29 -0400] "POST /wp-cron.php?doing_wp_cron=1749453568.9128329753875732421875 HTTP/1.1" 200 0 "-" "WordPress/6.7.2; https://w4.junglejuicewebtoon.com"
162.0.232.193 - - [09/Jun/2025:03:19:30 -0400] "POST /wp-admin/admin-ajax.php?action=async_litespeed&nonce=ap6mIn9TDNeDFcmwhvXYwOPcBkxdDTEb&litespeed_type=imgoptm HTTP/1.1" 200 5 "-" "WordPress/6.7.2; https://w4.junglejuicewebtoon.com"
162.0.232.193 - - [09/Jun/2025:03:19:32 -0400] "GET /wp-content/uploads/36f5b53d6c6d3d6b1e9dd0027baac2ed_1435.xml HTTP/1.1" 200 1150 "-" "Mozilla/5.0 (X11; Linux x86_64) AppleWebKit/537.36 (KHTML, like Gecko) Ubuntu Chromium/41.0.2272.76"
162.0.232.193 - - [09/Jun/2025:03:21:30 -0400] "POST /wp-cron.php?doing_wp_cron=1749453689.9419250488281250000000 HTTP/1.1" 200 0 "-" "WordPress/6.7.2; https://w4.junglejuicewebtoon.com"
103.72.97.210 - - [09/Jun/2025:03:21:28 -0400] "POST /xmlrpc.php HTTP/1.1" 200 186 "https://w4.junglejuicewebtoon.com" "Mozilla/5.0 (Macintosh; Intel Mac OS X 14_4_1) AppleWebKit/605.1.15 (KHTML, like Gecko) Version/17.3.1 Safari/605.1.15"
162.0.232.193 - - [09/Jun/2025:03:21:30 -0400] "POST /wp-admin/admin-ajax.php?action=async_litespeed&nonce=36yeUrzJBPb3mQycvuLcN1VQsVh7a6oJ&litespeed_type=imgoptm HTTP/1.1" 200 5 "-" "WordPress/6.7.2; https://w4.junglejuicewebtoon.com"
103.72.97.210 - - [09/Jun/2025:03:21:30 -0400] "POST /wp-login.php HTTP/1.1" 200 1992 "https://w4.junglejuicewebtoon.com" "Mozilla/5.0 (Macintosh; Intel Mac OS X 10_15_7) AppleWebKit/537.36 (KHTML, like Gecko) Chrome/116.0.5845.96 Safari/537.36"
162.0.232.193 - - [09/Jun/2025:03:21:32 -0400] "GET /wp-content/uploads/36f5b53d6c6d3d6b1e9dd0027baac2ed_1435.xml HTTP/1.1" 200 1150 "-" "Mozilla/5.0 (X11; Linux x86_64) AppleWebKit/537.36 (KHTML, like Gecko) Ubuntu Chromium/41.0.2272.76"
162.0.232.193 - - [09/Jun/2025:03:30:21 -0400] "POST /wp-cron.php?doing_wp_cron=1749454221.7159540653228759765625 HTTP/1.1" 200 0 "-" "WordPress/6.7.2; https://w4.junglejuicewebtoon.com"
162.0.232.193 - - [09/Jun/2025:03:30:23 -0400] "POST /wp-admin/admin-ajax.php?action=async_litespeed&nonce=D46LvQFeOQRKWmzUqKgDAFW28d3pp4si&litespeed_type=imgoptm HTTP/1.1" 200 5 "-" "WordPress/6.7.2; https://w4.junglejuicewebtoon.com"
162.0.232.193 - - [09/Jun/2025:03:30:25 -0400] "GET /wp-content/uploads/36f5b53d6c6d3d6b1e9dd0027baac2ed_1435.xml HTTP/1.1" 200 1150 "-" "Mozilla/5.0 (X11; Linux x86_64) AppleWebKit/537.36 (KHTML, like Gecko) Ubuntu Chromium/41.0.2272.76"
194.87.252.147 - - [09/Jun/2025:03:30:28 -0400] "POST /wp-login.php HTTP/1.1" 200 1991 "https://w3.junglejuicewebtoon.com/wp-login.php" "Mozilla/5.0 (X11; Ubuntu; Linux i686 on x86_64; rv:51.0) Gecko/20100101 Firefox/51.0"
194.87.252.147 - - [09/Jun/2025:03:30:29 -0400] "GET /wp-admin/plugins.php HTTP/1.1" 302 0 "https://w4.junglejuicewebtoon.com/wp-login.php" "Mozilla/5.0 (X11; Ubuntu; Linux i686 on x86_64; rv:51.0) Gecko/20100101 Firefox/51.0"
194.87.252.147 - - [09/Jun/2025:03:30:29 -0400] "GET /wp-login.php?redirect_to=https%3A%2F%2Fw4.junglejuicewebtoon.com%2Fwp-admin%2Fplugins.php&reauth=1 HTTP/1.1" 200 1856 "https://w4.junglejuicewebtoon.com/wp-login.php" "Mozilla/5.0 (X11; Ubuntu; Linux i686 on x86_64; rv:51.0) Gecko/20100101 Firefox/51.0"
66.249.79.237 - - [09/Jun/2025:03:33:27 -0400] "GET /manga1/jungle-juice-chapter-158/ HTTP/1.1" 404 1251 "-" "Mozilla/5.0 (Linux; Android 6.0.1; Nexus 5X Build/MMB29P) AppleWebKit/537.36 (KHTML, like Gecko) Chrome/136.0.7103.113 Mobile Safari/537.36 (compatible; Googlebot/2.1; +http://www.google.com/bot.html)"
162.0.232.193 - - [09/Jun/2025:03:36:22 -0400] "POST /wp-cron.php?doing_wp_cron=1749454582.3169839382171630859375 HTTP/1.1" 200 0 "-" "WordPress/6.7.2; https://w4.junglejuicewebtoon.com"
102.210.146.151 - - [09/Jun/2025:03:36:20 -0400] "POST /xmlrpc.php HTTP/1.1" 200 186 "https://w4.junglejuicewebtoon.com" "Mozilla/5.0 (Windows NT 10.0; Win64; x64; rv:126.0) Gecko/20100101 Firefox/126.0"
162.0.232.193 - - [09/Jun/2025:03:36:23 -0400] "POST /wp-admin/admin-ajax.php?action=async_litespeed&nonce=ewqXnWx6LJXdjz6MYfHGy7oDWiQmKuJp&litespeed_type=imgoptm HTTP/1.1" 200 5 "-" "WordPress/6.7.2; https://w4.junglejuicewebtoon.com"
102.210.146.151 - - [09/Jun/2025:03:36:23 -0400] "POST /wp-login.php HTTP/1.1" 200 1992 "https://w4.junglejuicewebtoon.com" "Mozilla/5.0 (Macintosh; Intel Mac OS X 10_15_7) AppleWebKit/537.36 (KHTML, like Gecko) Chrome/126.0.0.0 Safari/537.36"
162.0.232.193 - - [09/Jun/2025:03:36:25 -0400] "GET /wp-content/uploads/36f5b53d6c6d3d6b1e9dd0027baac2ed_1435.xml HTTP/1.1" 200 1150 "-" "Mozilla/5.0 (X11; Linux x86_64) AppleWebKit/537.36 (KHTML, like Gecko) Ubuntu Chromium/41.0.2272.76"
114.119.155.13 - - [09/Jun/2025:03:38:25 -0400] "GET /manga1/jungle-juice-chapter-149/ HTTP/1.1" 404 1251 "https://junglejuicewebtoon.com/jungle-juice-chapter-99/" "Mozilla/5.0 (Linux; Android 7.0;) AppleWebKit/537.36 (KHTML, like Gecko) Mobile Safari/537.36 (compatible; PetalBot;+https://webmaster.petalsearch.com/site/petalbot)"
114.119.136.160 - - [09/Jun/2025:03:40:25 -0400] "GET /category/jungle-juice-webtoon/page/16/ HTTP/1.1" 404 1251 "https://w4.junglejuicewebtoon.com/category/jungle-juice-webtoon/page/17/" "Mozilla/5.0 (Linux; Android 7.0;) AppleWebKit/537.36 (KHTML, like Gecko) Mobile Safari/537.36 (compatible; PetalBot;+https://webmaster.petalsearch.com/site/petalbot)"
85.208.96.211 - - [09/Jun/2025:03:51:15 -0400] "GET /manga1/jungle-juice-chapter-100-2/ HTTP/1.1" 404 1251 "-" "Mozilla/5.0 (compatible; SemrushBot/7~bl; +http://www.semrush.com/bot.html)"
162.0.232.193 - - [09/Jun/2025:03:51:51 -0400] "POST /wp-cron.php?doing_wp_cron=1749455511.0779380798339843750000 HTTP/1.1" 200 0 "-" "WordPress/6.7.2; https://w4.junglejuicewebtoon.com"
157.245.6.207 - - [09/Jun/2025:03:51:48 -0400] "POST /xmlrpc.php HTTP/1.1" 200 186 "https://w4.junglejuicewebtoon.com" "Mozilla/5.0 (Macintosh; Intel Mac OS X 10_15_7) AppleWebKit/537.36 (KHTML, like Gecko) Chrome/114.0.5735.134 Safari/537.36"
157.245.6.207 - - [09/Jun/2025:03:51:51 -0400] "POST /wp-login.php HTTP/1.1" 200 1992 "https://w4.junglejuicewebtoon.com" "Mozilla/5.0 (Windows NT 11.0; Win64; x64) AppleWebKit/537.36 (KHTML, like Gecko) Chrome/126.0.0.0 Safari/537.36"
162.0.232.193 - - [09/Jun/2025:03:51:51 -0400] "POST /wp-admin/admin-ajax.php?action=async_litespeed&nonce=xBtRtpy8gmNLM8vsHmGcGJQGmEIJQDM6&litespeed_type=imgoptm HTTP/1.1" 200 5 "-" "WordPress/6.7.2; https://w4.junglejuicewebtoon.com"
162.0.232.193 - - [09/Jun/2025:03:51:54 -0400] "GET /wp-content/uploads/36f5b53d6c6d3d6b1e9dd0027baac2ed_1435.xml HTTP/1.1" 200 1150 "-" "Mozilla/5.0 (X11; Linux x86_64) AppleWebKit/537.36 (KHTML, like Gecko) Ubuntu Chromium/41.0.2272.76"
114.119.137.38 - - [09/Jun/2025:03:51:59 -0400] "GET /manga1/jungle-juice-chapter-29/ HTTP/1.1" 404 1251 "https://junglejuicewebtoon.com/jungle-juice-chapter-99/" "Mozilla/5.0 (Linux; Android 7.0;) AppleWebKit/537.36 (KHTML, like Gecko) Mobile Safari/537.36 (compatible; PetalBot;+https://webmaster.petalsearch.com/site/petalbot)"
216.73.216.210 - - [09/Jun/2025:03:57:59 -0400] "GET /robots.txt HTTP/1.1" 404 1251 "-" "Mozilla/5.0 AppleWebKit/537.36 (KHTML, like Gecko; compatible; ClaudeBot/1.0; [email protected])"
216.73.216.210 - - [09/Jun/2025:03:57:59 -0400] "GET /sitemap_index.xml HTTP/1.1" 404 1251 "-" "Mozilla/5.0 AppleWebKit/537.36 (KHTML, like Gecko; compatible; ClaudeBot/1.0; [email protected])"
114.119.133.125 - - [09/Jun/2025:04:06:42 -0400] "GET /manga1/jungle-juice-chapter-46/ HTTP/1.1" 404 1251 "https://junglejuicewebtoon.com/jungle-juice-chapter-99/" "Mozilla/5.0 (Linux; Android 7.0;) AppleWebKit/537.36 (KHTML, like Gecko) Mobile Safari/537.36 (compatible; PetalBot;+https://webmaster.petalsearch.com/site/petalbot)"
162.0.232.193 - - [09/Jun/2025:04:07:17 -0400] "POST /wp-cron.php?doing_wp_cron=1749456437.0620119571685791015625 HTTP/1.1" 200 0 "-" "WordPress/6.7.2; https://w4.junglejuicewebtoon.com"
45.67.14.64 - - [09/Jun/2025:04:07:14 -0400] "POST /xmlrpc.php HTTP/1.1" 200 186 "https://w4.junglejuicewebtoon.com" "Mozilla/5.0 (Windows NT 10.0; Win64; x64) AppleWebKit/537.36 (KHTML, like Gecko) Chrome/113.0.5672.93 Safari/537.36"
45.67.14.64 - - [09/Jun/2025:04:07:18 -0400] "POST /wp-login.php HTTP/1.1" 200 1992 "https://w4.junglejuicewebtoon.com" "Mozilla/5.0 (Macintosh; Intel Mac OS X 10_15_7; rv:126.0) Gecko/20100101 Firefox/126.0"
162.0.232.193 - - [09/Jun/2025:04:07:19 -0400] "GET /wp-content/uploads/36f5b53d6c6d3d6b1e9dd0027baac2ed_1435.xml HTTP/1.1" 200 1150 "-" "Mozilla/5.0 (X11; Linux x86_64) AppleWebKit/537.36 (KHTML, like Gecko) Ubuntu Chromium/41.0.2272.76"
114.119.137.38 - - [09/Jun/2025:04:08:16 -0400] "GET /category/jungle-juice-manga/page/27/ HTTP/1.1" 404 1251 "https://w4.junglejuicewebtoon.com/category/jungle-juice-manga/page/28/" "Mozilla/5.0 (Linux; Android 7.0;) AppleWebKit/537.36 (KHTML, like Gecko) Mobile Safari/537.36 (compatible; PetalBot;+https://webmaster.petalsearch.com/site/petalbot)"
114.119.133.125 - - [09/Jun/2025:04:09:33 -0400] "GET /manga1/jungle-juice-chapter-103-2/ HTTP/1.1" 404 1251 "https://junglejuicewebtoon.com/jungle-juice-chapter-99/" "Mozilla/5.0 (Linux; Android 7.0;) AppleWebKit/537.36 (KHTML, like Gecko) Mobile Safari/537.36 (compatible; PetalBot;+https://webmaster.petalsearch.com/site/petalbot)"
184.73.167.217 - - [09/Jun/2025:04:13:45 -0400] "GET /author/admin/page/8/ HTTP/1.1" 404 1251 "-" "Mozilla/5.0 AppleWebKit/537.36 (KHTML, like Gecko; compatible; Amazonbot/0.1; +https://developer.amazon.com/support/amazonbot) Chrome/119.0.6045.214 Safari/537.36"
216.73.216.210 - - [09/Jun/2025:04:18:48 -0400] "GET /manga1/jungle-juice-chapter-127 HTTP/1.1" 404 1251 "-" "Mozilla/5.0 AppleWebKit/537.36 (KHTML, like Gecko; compatible; ClaudeBot/1.0; [email protected])"
114.119.133.138 - - [09/Jun/2025:04:28:57 -0400] "GET /manga1/jungle-juice-chapter-118-2/ HTTP/1.1" 404 1251 "https://junglejuicewebtoon.com/jungle-juice-chapter-99/" "Mozilla/5.0 (Linux; Android 7.0;) AppleWebKit/537.36 (KHTML, like Gecko) Mobile Safari/537.36 (compatible; PetalBot;+https://webmaster.petalsearch.com/site/petalbot)"
114.119.133.125 - - [09/Jun/2025:04:29:54 -0400] "GET /manga1/jungle-juice-chapter-115-2/ HTTP/1.1" 404 1251 "https://junglejuicewebtoon.com/jungle-juice-chapter-99/" "Mozilla/5.0 (Linux; Android 7.0;) AppleWebKit/537.36 (KHTML, like Gecko) Mobile Safari/537.36 (compatible; PetalBot;+https://webmaster.petalsearch.com/site/petalbot)"
162.0.232.193 - - [09/Jun/2025:04:30:50 -0400] "POST /wp-cron.php?doing_wp_cron=1749457850.6029829978942871093750 HTTP/1.1" 200 0 "-" "WordPress/6.7.2; https://w4.junglejuicewebtoon.com"
185.250.38.17 - - [09/Jun/2025:04:30:47 -0400] "POST /xmlrpc.php HTTP/1.1" 200 205 "-" "Mozilla/5.0 (X11; Ubuntu; Linux x86_64; rv:85.0) Gecko/20100101 Firefox/91.0"
162.0.232.193 - - [09/Jun/2025:04:30:51 -0400] "POST /wp-admin/admin-ajax.php?action=async_litespeed&nonce=YzycPPC00TORd5JcIaTz0zfQvWLAwZt8&litespeed_type=imgoptm HTTP/1.1" 200 5 "-" "WordPress/6.7.2; https://w4.junglejuicewebtoon.com"
162.0.232.193 - - [09/Jun/2025:04:30:53 -0400] "GET /wp-content/uploads/36f5b53d6c6d3d6b1e9dd0027baac2ed_1435.xml HTTP/1.1" 200 1150 "-" "Mozilla/5.0 (X11; Linux x86_64) AppleWebKit/537.36 (KHTML, like Gecko) Ubuntu Chromium/41.0.2272.76"
66.249.79.225 - - [09/Jun/2025:04:31:28 -0400] "GET /manga1/jungle-juice-chapter-131/ HTTP/1.1" 404 1251 "-" "Mozilla/5.0 (Linux; Android 6.0.1; Nexus 5X Build/MMB29P) AppleWebKit/537.36 (KHTML, like Gecko) Chrome/136.0.7103.113 Mobile Safari/537.36 (compatible; Googlebot/2.1; +http://www.google.com/bot.html)"
162.0.232.193 - - [09/Jun/2025:04:36:48 -0400] "POST /wp-cron.php?doing_wp_cron=1749458208.1621379852294921875000 HTTP/1.1" 200 0 "-" "WordPress/6.7.2; https://w4.junglejuicewebtoon.com"
78.135.87.2 - - [09/Jun/2025:04:36:44 -0400] "POST /xmlrpc.php HTTP/1.1" 200 186 "https://w4.junglejuicewebtoon.com" "Mozilla/5.0 (Macintosh; Intel Mac OS X 10_15_7; rv:125.0.1) Gecko/20100101 Firefox/125.0.1"
78.135.87.2 - - [09/Jun/2025:04:36:49 -0400] "POST /wp-login.php HTTP/1.1" 200 1992 "https://w4.junglejuicewebtoon.com" "Mozilla/5.0 (Windows NT 10.0; Win64; x64) AppleWebKit/537.36 (KHTML, like Gecko) Chrome/126.0.0.0 Safari/537.36 Edg/126.0.0.0"
162.0.232.193 - - [09/Jun/2025:04:36:51 -0400] "GET /wp-content/uploads/36f5b53d6c6d3d6b1e9dd0027baac2ed_1435.xml HTTP/1.1" 200 1150 "-" "Mozilla/5.0 (X11; Linux x86_64) AppleWebKit/537.36 (KHTML, like Gecko) Ubuntu Chromium/41.0.2272.76"
47.128.51.126 - - [09/Jun/2025:04:39:23 -0400] "GET /manga1/jungle-juice-chapter-10/ HTTP/1.1" 404 1251 "-" "Mozilla/5.0 (compatible; Bytespider; [email protected]) AppleWebKit/537.36 (KHTML, like Gecko) Chrome/70.0.0.0 Safari/537.36"
162.0.232.193 - - [09/Jun/2025:04:43:21 -0400] "POST /wp-cron.php?doing_wp_cron=1749458601.1059460639953613281250 HTTP/1.1" 200 0 "-" "WordPress/6.7.2; https://w4.junglejuicewebtoon.com"
173.201.180.192 - - [09/Jun/2025:04:43:18 -0400] "POST /xmlrpc.php HTTP/1.1" 200 205 "-" "Mozilla/5.0 (X11; Ubuntu; Linux x86_64; rv:85.0) Gecko/20100101 Firefox/91.0"
162.0.232.193 - - [09/Jun/2025:04:43:21 -0400] "POST /wp-admin/admin-ajax.php?action=async_litespeed&nonce=90EgKh3LxHl9k0BFbgO2q8Sv7E1Z9mYw&litespeed_type=imgoptm HTTP/1.1" 200 5 "-" "WordPress/6.7.2; https://w4.junglejuicewebtoon.com"
162.0.232.193 - - [09/Jun/2025:04:43:24 -0400] "GET /wp-content/uploads/36f5b53d6c6d3d6b1e9dd0027baac2ed_1435.xml HTTP/1.1" 200 1028 "-" "Mozilla/5.0 (X11; Linux x86_64) AppleWebKit/537.36 (KHTML, like Gecko) Ubuntu Chromium/41.0.2272.76"
114.119.157.54 - - [09/Jun/2025:04:47:08 -0400] "GET /manga1/jungle-juice-chapter-82-2/ HTTP/1.1" 404 1251 "https://junglejuicewebtoon.com/jungle-juice-chapter-99/" "Mozilla/5.0 (Linux; Android 7.0;) AppleWebKit/537.36 (KHTML, like Gecko) Mobile Safari/537.36 (compatible; PetalBot;+https://webmaster.petalsearch.com/site/petalbot)"
162.0.232.193 - - [09/Jun/2025:04:48:06 -0400] "POST /wp-cron.php?doing_wp_cron=1749458886.7243609428405761718750 HTTP/1.1" 200 0 "-" "WordPress/6.7.2; https://w4.junglejuicewebtoon.com"
162.0.232.193 - - [09/Jun/2025:04:48:08 -0400] "POST /wp-admin/admin-ajax.php?action=async_litespeed&nonce=yYmhjiP3iEY1V4qyfGtaBvm9bfwX4KDh&litespeed_type=imgoptm HTTP/1.1" 200 5 "-" "WordPress/6.7.2; https://w4.junglejuicewebtoon.com"
162.0.232.193 - - [09/Jun/2025:04:48:11 -0400] "GET /wp-content/uploads/36f5b53d6c6d3d6b1e9dd0027baac2ed_1435.xml HTTP/1.1" 200 1150 "-" "Mozilla/5.0 (X11; Linux x86_64) AppleWebKit/537.36 (KHTML, like Gecko) Ubuntu Chromium/41.0.2272.76"
114.119.155.13 - - [09/Jun/2025:04:49:06 -0400] "GET /manga1/jungle-juice-chapter-7-3/ HTTP/1.1" 404 1251 "https://junglejuicewebtoon.com/jungle-juice-chapter-99/" "Mozilla/5.0 (Linux; Android 7.0;) AppleWebKit/537.36 (KHTML, like Gecko) Mobile Safari/537.36 (compatible; PetalBot;+https://webmaster.petalsearch.com/site/petalbot)"
162.0.232.193 - - [09/Jun/2025:04:50:51 -0400] "POST /wp-cron.php?doing_wp_cron=1749459050.9806160926818847656250 HTTP/1.1" 200 0 "-" "WordPress/6.7.2; https://w4.junglejuicewebtoon.com"
162.0.232.193 - - [09/Jun/2025:04:50:54 -0400] "GET /wp-content/uploads/36f5b53d6c6d3d6b1e9dd0027baac2ed_1435.xml HTTP/1.1" 200 1150 "-" "Mozilla/5.0 (X11; Linux x86_64) AppleWebKit/537.36 (KHTML, like Gecko) Ubuntu Chromium/41.0.2272.76"
167.172.86.79 - - [09/Jun/2025:04:51:00 -0400] "GET /wp-login.php?redirect_to=https%3A%2F%2Fw3.junglejuicewebtoon.com%2Fwp-admin%2Fabout.php&reauth=1 HTTP/1.1" 200 1859 "-" "Mozlila/5.0 (Linux; Android 7.0; SM-G892A Bulid/NRD90M; wv) AppleWebKit/537.36 (KHTML, like Gecko) Version/4.0 Chrome/60.0.3112.107 Moblie Safari/537.36Team Anon Force"
162.0.232.193 - - [09/Jun/2025:04:51:52 -0400] "POST /wp-cron.php?doing_wp_cron=1749459112.5826458930969238281250 HTTP/1.1" 200 0 "-" "WordPress/6.7.2; https://w4.junglejuicewebtoon.com"
162.0.232.193 - - [09/Jun/2025:04:53:10 -0400] "POST /wp-cron.php?doing_wp_cron=1749459190.7991850376129150390625 HTTP/1.1" 200 0 "-" "WordPress/6.7.2; https://w4.junglejuicewebtoon.com"
162.0.232.193 - - [09/Jun/2025:04:53:11 -0400] "POST /wp-admin/admin-ajax.php?action=async_litespeed&nonce=SYBlZmM779tpyhh3q74CcGM9pDNmNGBv&litespeed_type=imgoptm HTTP/1.1" 200 5 "-" "WordPress/6.7.2; https://w4.junglejuicewebtoon.com"
162.0.232.193 - - [09/Jun/2025:04:53:13 -0400] "GET /wp-content/uploads/36f5b53d6c6d3d6b1e9dd0027baac2ed_1435.xml HTTP/1.1" 200 1150 "-" "Mozilla/5.0 (X11; Linux x86_64) AppleWebKit/537.36 (KHTML, like Gecko) Ubuntu Chromium/41.0.2272.76"
167.172.86.79 - - [09/Jun/2025:04:53:45 -0400] "GET /wp-login.php?redirect_to=https%3A%2F%2Fw3.junglejuicewebtoon.com%2Fwp-admin%2Fuser%2Fabout.php&reauth=1 HTTP/1.1" 200 1870 "-" "Mozlila/5.0 (Linux; Android 7.0; SM-G892A Bulid/NRD90M; wv) AppleWebKit/537.36 (KHTML, like Gecko) Version/4.0 Chrome/60.0.3112.107 Moblie Safari/537.36Team Anon Force"
162.0.232.193 - - [09/Jun/2025:04:54:23 -0400] "POST /wp-cron.php?doing_wp_cron=1749459263.4821860790252685546875 HTTP/1.1" 200 0 "-" "WordPress/6.7.2; https://w4.junglejuicewebtoon.com"
162.0.232.193 - - [09/Jun/2025:04:54:24 -0400] "POST /wp-admin/admin-ajax.php?action=async_litespeed&nonce=xIb7a3O7426jYjb7bkxq1pxnvXFnhjuW&litespeed_type=imgoptm HTTP/1.1" 200 5 "-" "WordPress/6.7.2; https://w4.junglejuicewebtoon.com"
162.0.232.193 - - [09/Jun/2025:04:54:33 -0400] "POST /wp-cron.php?doing_wp_cron=1749459273.4828391075134277343750 HTTP/1.1" 200 0 "-" "WordPress/6.7.2; https://w4.junglejuicewebtoon.com"
167.172.86.79 - - [09/Jun/2025:04:54:33 -0400] "GET /wp-login.php?redirect_to=https%3A%2F%2Fw3.junglejuicewebtoon.com%2Fwp-admin%2Fimages%2Fadmin.php&reauth=1 HTTP/1.1" 200 1866 "-" "Mozlila/5.0 (Linux; Android 7.0; SM-G892A Bulid/NRD90M; wv) AppleWebKit/537.36 (KHTML, like Gecko) Version/4.0 Chrome/60.0.3112.107 Moblie Safari/537.36Team Anon Force"
162.0.232.193 - - [09/Jun/2025:04:55:25 -0400] "POST /wp-cron.php?doing_wp_cron=1749459325.5953938961029052734375 HTTP/1.1" 200 0 "-" "WordPress/6.7.2; https://w4.junglejuicewebtoon.com"
162.0.232.193 - - [09/Jun/2025:04:55:26 -0400] "POST /wp-admin/admin-ajax.php?action=async_litespeed&nonce=prdvfsO3JijR9jovn5q8UjdxE346FVfb&litespeed_type=imgoptm HTTP/1.1" 200 5 "-" "WordPress/6.7.2; https://w4.junglejuicewebtoon.com"
162.0.232.193 - - [09/Jun/2025:04:55:28 -0400] "GET /wp-content/uploads/36f5b53d6c6d3d6b1e9dd0027baac2ed_1435.xml HTTP/1.1" 200 1150 "-" "Mozilla/5.0 (X11; Linux x86_64) AppleWebKit/537.36 (KHTML, like Gecko) Ubuntu Chromium/41.0.2272.76"
167.172.86.79 - - [09/Jun/2025:04:55:36 -0400] "GET /wp-login.php?redirect_to=https%3A%2F%2Fw3.junglejuicewebtoon.com%2Fwp-admin%2Fnetwork%2Fadmin.php&reauth=1 HTTP/1.1" 200 1864 "-" "Mozlila/5.0 (Linux; Android 7.0; SM-G892A Bulid/NRD90M; wv) AppleWebKit/537.36 (KHTML, like Gecko) Version/4.0 Chrome/60.0.3112.107 Moblie Safari/537.36Team Anon Force"
167.172.86.79 - - [09/Jun/2025:04:56:03 -0400] "GET /wp-login.php?redirect_to=https%3A%2F%2Fw3.junglejuicewebtoon.com%2Fwp-admin%2Fmaint%2Fatomlib.php&reauth=1 HTTP/1.1" 200 1867 "-" "Mozlila/5.0 (Linux; Android 7.0; SM-G892A Bulid/NRD90M; wv) AppleWebKit/537.36 (KHTML, like Gecko) Version/4.0 Chrome/60.0.3112.107 Moblie Safari/537.36Team Anon Force"
162.0.232.193 - - [09/Jun/2025:04:56:33 -0400] "POST /wp-cron.php?doing_wp_cron=1749459393.2801818847656250000000 HTTP/1.1" 200 0 "-" "WordPress/6.7.2; https://w4.junglejuicewebtoon.com"
162.0.232.193 - - [09/Jun/2025:04:56:33 -0400] "POST /wp-admin/admin-ajax.php?action=async_litespeed&nonce=CZ1dvZQWeVRuw0RjBV17b0TJTBScVePR&litespeed_type=imgoptm HTTP/1.1" 200 5 "-" "WordPress/6.7.2; https://w4.junglejuicewebtoon.com"
167.172.86.79 - - [09/Jun/2025:04:56:36 -0400] "GET /wp-login.php?redirect_to=https%3A%2F%2Fw3.junglejuicewebtoon.com%2Fwp-admin%2Fnetwork%2Findex.php&reauth=1 HTTP/1.1" 200 1862 "-" "Mozlila/5.0 (Linux; Android 7.0; SM-G892A Bulid/NRD90M; wv) AppleWebKit/537.36 (KHTML, like Gecko) Version/4.0 Chrome/60.0.3112.107 Moblie Safari/537.36Team Anon Force"
162.0.232.193 - - [09/Jun/2025:04:57:02 -0400] "POST /wp-cron.php?doing_wp_cron=1749459422.0501770973205566406250 HTTP/1.1" 200 0 "-" "WordPress/6.7.2; https://w4.junglejuicewebtoon.com"
139.59.147.218 - - [09/Jun/2025:04:57:01 -0400] "POST /xmlrpc.php HTTP/1.1" 200 205 "-" "Mozilla/5.0 (X11; Ubuntu; Linux x86_64; rv:85.0) Gecko/20100101 Firefox/91.0"
162.0.232.193 - - [09/Jun/2025:04:57:02 -0400] "POST /wp-admin/admin-ajax.php?action=async_litespeed&nonce=5Jh2H0WFHH5aXH0xNmkqPR6HqtmsNsMi&litespeed_type=imgoptm HTTP/1.1" 200 5 "-" "WordPress/6.7.2; https://w4.junglejuicewebtoon.com"
116.76.36.125 - - [09/Jun/2025:05:01:03 -0400] "GET /robots.txt HTTP/1.1" 404 1251 "-" "Mozilla/5.0 (Windows NT 10.0; WOW64) AppleWebKit/537.36 (KHTML, like Gecko) Chrome/48.0.4310.138 Safari/537.36 QIHU 360SE"
162.0.232.193 - - [09/Jun/2025:05:03:21 -0400] "POST /wp-cron.php?doing_wp_cron=1749459800.9476680755615234375000 HTTP/1.1" 200 0 "-" "WordPress/6.7.2; https://w4.junglejuicewebtoon.com"
162.0.232.193 - - [09/Jun/2025:05:03:25 -0400] "GET /wp-content/uploads/36f5b53d6c6d3d6b1e9dd0027baac2ed_1435.xml HTTP/1.1" 200 1028 "-" "Mozilla/5.0 (X11; Linux x86_64) AppleWebKit/537.36 (KHTML, like Gecko) Ubuntu Chromium/41.0.2272.76"
162.0.232.193 - - [09/Jun/2025:05:06:55 -0400] "POST /wp-cron.php?doing_wp_cron=1749460014.9757080078125000000000 HTTP/1.1" 200 0 "-" "WordPress/6.7.2; https://w4.junglejuicewebtoon.com"
160.30.113.129 - - [09/Jun/2025:05:06:52 -0400] "POST /xmlrpc.php HTTP/1.1" 200 186 "https://w4.junglejuicewebtoon.com" "Mozilla/5.0 (Macintosh; Intel Mac OS X 10_15_7; rv:126.0) Gecko/20100101 Firefox/126.0"
162.0.232.193 - - [09/Jun/2025:05:06:56 -0400] "POST /wp-admin/admin-ajax.php?action=async_litespeed&nonce=mrIhAMA9pcpg8Ag1oXCZ63JEMDfbx33z&litespeed_type=imgoptm HTTP/1.1" 200 5 "-" "WordPress/6.7.2; https://w4.junglejuicewebtoon.com"
160.30.113.129 - - [09/Jun/2025:05:06:56 -0400] "POST /wp-login.php HTTP/1.1" 200 1992 "https://w4.junglejuicewebtoon.com" "Mozilla/5.0 (Windows NT 11.0; Win64; x64; rv:126.0) Gecko/20100101 Firefox/126.0"
162.0.232.193 - - [09/Jun/2025:05:06:58 -0400] "GET /wp-content/uploads/36f5b53d6c6d3d6b1e9dd0027baac2ed_1435.xml HTTP/1.1" 200 1150 "-" "Mozilla/5.0 (X11; Linux x86_64) AppleWebKit/537.36 (KHTML, like Gecko) Ubuntu Chromium/41.0.2272.76"
51.222.253.13 - - [09/Jun/2025:05:09:59 -0400] "GET /manga1/jungle-juice-chapter-113-2/ HTTP/1.1" 404 1251 "-" "Mozilla/5.0 (compatible; AhrefsBot/7.0; +http://ahrefs.com/robot/)"
162.0.232.193 - - [09/Jun/2025:05:11:42 -0400] "POST /wp-cron.php?doing_wp_cron=1749460301.7203600406646728515625 HTTP/1.1" 200 0 "-" "WordPress/6.7.2; https://w4.junglejuicewebtoon.com"
2407:1c00:6300:e540:: - - [09/Jun/2025:05:11:36 -0400] "POST /xmlrpc.php HTTP/1.1" 200 205 "-" "Mozilla/5.0 (X11; Ubuntu; Linux x86_64; rv:85.0) Gecko/20100101 Firefox/91.0"
162.0.232.193 - - [09/Jun/2025:05:11:44 -0400] "GET /wp-content/uploads/36f5b53d6c6d3d6b1e9dd0027baac2ed_1435.xml HTTP/1.1" 200 1028 "-" "Mozilla/5.0 (X11; Linux x86_64) AppleWebKit/537.36 (KHTML, like Gecko) Ubuntu Chromium/41.0.2272.76"
17.241.75.129 - - [09/Jun/2025:05:12:27 -0400] "GET /manga1/jungle-juice-chapter-15/ HTTP/1.1" 404 1251 "-" "Mozilla/5.0 (Macintosh; Intel Mac OS X 10_15_7) AppleWebKit/605.1.15 (KHTML, like Gecko) Version/17.4 Safari/605.1.15 (Applebot/0.1; +http://www.apple.com/go/applebot)"
162.0.232.193 - - [09/Jun/2025:05:13:17 -0400] "POST /wp-cron.php?doing_wp_cron=1749460397.5925750732421875000000 HTTP/1.1" 200 0 "-" "WordPress/6.7.2; https://w4.junglejuicewebtoon.com"
162.0.232.193 - - [09/Jun/2025:05:13:21 -0400] "POST /wp-admin/admin-ajax.php?action=async_litespeed&nonce=uludSodLi2X8SkaCByNtWvz0GtiUdIIi&litespeed_type=imgoptm HTTP/1.1" 200 0 "-" "WordPress/6.7.2; https://w4.junglejuicewebtoon.com"
162.0.232.193 - - [09/Jun/2025:05:13:24 -0400] "GET /wp-content/uploads/36f5b53d6c6d3d6b1e9dd0027baac2ed_1435.xml HTTP/1.1" 200 1028 "-" "Mozilla/5.0 (X11; Linux x86_64) AppleWebKit/537.36 (KHTML, like Gecko) Ubuntu Chromium/41.0.2272.76"
216.244.66.247 - - [09/Jun/2025:05:20:10 -0400] "GET /robots.txt HTTP/1.1" 404 1251 "-" "Mozilla/5.0 (compatible; DotBot/1.2; +https://opensiteexplorer.org/dotbot; [email protected])"
162.0.232.193 - - [09/Jun/2025:05:21:54 -0400] "POST /wp-cron.php?doing_wp_cron=1749460914.0267260074615478515625 HTTP/1.1" 200 0 "-" "WordPress/6.7.2; https://w4.junglejuicewebtoon.com"
102.130.117.188 - - [09/Jun/2025:05:21:46 -0400] "POST /xmlrpc.php HTTP/1.1" 200 186 "https://w4.junglejuicewebtoon.com" "Mozilla/5.0 (Macintosh; Intel Mac OS X 10_15_7) AppleWebKit/537.36 (KHTML, like Gecko) Chrome/112.0.5615.138 Safari/537.36"
162.0.232.193 - - [09/Jun/2025:05:21:56 -0400] "POST /wp-admin/admin-ajax.php?action=async_litespeed&nonce=2erzQp5BLquQUOHGIYUpNUcdC8XfgXzz&litespeed_type=imgoptm HTTP/1.1" 200 0 "-" "WordPress/6.7.2; https://w4.junglejuicewebtoon.com"
162.0.232.193 - - [09/Jun/2025:05:21:58 -0400] "GET /wp-content/uploads/36f5b53d6c6d3d6b1e9dd0027baac2ed_1435.xml HTTP/1.1" 200 1150 "-" "Mozilla/5.0 (X11; Linux x86_64) AppleWebKit/537.36 (KHTML, like Gecko) Ubuntu Chromium/41.0.2272.76"
162.0.232.193 - - [09/Jun/2025:05:24:51 -0400] "POST /wp-cron.php?doing_wp_cron=1749461091.4476370811462402343750 HTTP/1.1" 200 0 "-" "WordPress/6.7.2; https://w4.junglejuicewebtoon.com"
162.0.232.193 - - [09/Jun/2025:05:24:55 -0400] "GET /wp-content/uploads/36f5b53d6c6d3d6b1e9dd0027baac2ed_1435.xml HTTP/1.1" 200 1028 "-" "Mozilla/5.0 (X11; Linux x86_64) AppleWebKit/537.36 (KHTML, like Gecko) Ubuntu Chromium/41.0.2272.76"
51.222.253.8 - - [09/Jun/2025:05:27:37 -0400] "GET /manga1/jungle-juice-chapter-67-2/ HTTP/1.1" 404 1251 "-" "Mozilla/5.0 (compatible; AhrefsBot/7.0; +http://ahrefs.com/robot/)"
162.0.232.193 - - [09/Jun/2025:05:29:07 -0400] "POST /wp-cron.php?doing_wp_cron=1749461347.1182758808135986328125 HTTP/1.1" 200 0 "-" "WordPress/6.7.2; https://w4.junglejuicewebtoon.com"
162.240.5.43 - - [09/Jun/2025:05:29:04 -0400] "POST /xmlrpc.php HTTP/1.1" 200 205 "-" "Mozilla/5.0 (X11; Ubuntu; Linux x86_64; rv:85.0) Gecko/20100101 Firefox/91.0"
162.0.232.193 - - [09/Jun/2025:05:29:07 -0400] "POST /wp-admin/admin-ajax.php?action=async_litespeed&nonce=wqPmFQ3jhz5mADjAo8gIjyvc8nlQg0mN&litespeed_type=imgoptm HTTP/1.1" 200 5 "-" "WordPress/6.7.2; https://w4.junglejuicewebtoon.com"
162.0.232.193 - - [09/Jun/2025:05:29:09 -0400] "GET /wp-content/uploads/36f5b53d6c6d3d6b1e9dd0027baac2ed_1435.xml HTTP/1.1" 200 1150 "-" "Mozilla/5.0 (X11; Linux x86_64) AppleWebKit/537.36 (KHTML, like Gecko) Ubuntu Chromium/41.0.2272.76"
162.0.232.193 - - [09/Jun/2025:05:33:06 -0400] "POST /wp-cron.php?doing_wp_cron=1749461586.1728620529174804687500 HTTP/1.1" 200 0 "-" "WordPress/6.7.2; https://w4.junglejuicewebtoon.com"
162.0.232.193 - - [09/Jun/2025:05:33:10 -0400] "GET /wp-content/uploads/36f5b53d6c6d3d6b1e9dd0027baac2ed_1435.xml HTTP/1.1" 200 1150 "-" "Mozilla/5.0 (X11; Linux x86_64) AppleWebKit/537.36 (KHTML, like Gecko) Ubuntu Chromium/41.0.2272.76"
162.0.232.193 - - [09/Jun/2025:05:34:13 -0400] "POST /wp-cron.php?doing_wp_cron=1749461652.8148870468139648437500 HTTP/1.1" 200 0 "-" "WordPress/6.7.2; https://w4.junglejuicewebtoon.com"
162.0.232.193 - - [09/Jun/2025:05:34:13 -0400] "POST /wp-admin/admin-ajax.php?action=async_litespeed&nonce=cYahvWIsl1M0LJMTRCBX3UaWEuxk8VhU&litespeed_type=imgoptm HTTP/1.1" 200 5 "-" "WordPress/6.7.2; https://w4.junglejuicewebtoon.com"
43.166.136.153 - - [09/Jun/2025:05:34:18 -0400] "GET /wp-login.php?redirect_to=https%3A%2F%2Fw3.junglejuicewebtoon.com%2Fwp-admin%2F&reauth=1 HTTP/1.1" 200 1854 "https://w3.junglejuicewebtoon.com/wp-admin/" "Mozilla/5.0 (iPhone; CPU iPhone OS 13_2_3 like Mac OS X) AppleWebKit/605.1.15 (KHTML, like Gecko) Version/13.0.3 Mobile/15E148 Safari/604.1"
162.0.232.193 - - [09/Jun/2025:05:36:39 -0400] "POST /wp-cron.php?doing_wp_cron=1749461799.3327460289001464843750 HTTP/1.1" 200 0 "-" "WordPress/6.7.2; https://w4.junglejuicewebtoon.com"
188.165.54.175 - - [09/Jun/2025:05:36:36 -0400] "POST /xmlrpc.php HTTP/1.1" 200 186 "https://w4.junglejuicewebtoon.com" "Mozilla/5.0 (Macintosh; Intel Mac OS X 13_3) AppleWebKit/537.36 (KHTML, like Gecko) Chrome/126.0.0.0 Safari/537.36 Edg/126.0.0.0"
162.0.232.193 - - [09/Jun/2025:05:36:40 -0400] "POST /wp-admin/admin-ajax.php?action=async_litespeed&nonce=4IlP2pe53HcVfpVxwkjMsmGu2mVTYkBN&litespeed_type=imgoptm HTTP/1.1" 200 5 "-" "WordPress/6.7.2; https://w4.junglejuicewebtoon.com"
188.165.54.175 - - [09/Jun/2025:05:36:40 -0400] "POST /wp-login.php HTTP/1.1" 200 1992 "https://w4.junglejuicewebtoon.com" "Mozilla/5.0 (Macintosh; Intel Mac OS X 10_15_7) AppleWebKit/537.36 (KHTML, like Gecko) Chrome/126.0.0.0 Safari/537.36"
162.0.232.193 - - [09/Jun/2025:05:36:42 -0400] "GET /wp-content/uploads/36f5b53d6c6d3d6b1e9dd0027baac2ed_1435.xml HTTP/1.1" 200 1150 "-" "Mozilla/5.0 (X11; Linux x86_64) AppleWebKit/537.36 (KHTML, like Gecko) Ubuntu Chromium/41.0.2272.76"
51.222.253.13 - - [09/Jun/2025:05:42:33 -0400] "GET /manga1/jungle-juice-chapter-83-5/ HTTP/1.1" 404 1251 "-" "Mozilla/5.0 (compatible; AhrefsBot/7.0; +http://ahrefs.com/robot/)"
52.204.253.129 - - [09/Jun/2025:05:42:41 -0400] "GET /category/manga/ HTTP/1.1" 404 1251 "-" "Mozilla/5.0 AppleWebKit/537.36 (KHTML, like Gecko; compatible; Amazonbot/0.1; +https://developer.amazon.com/support/amazonbot) Chrome/119.0.6045.214 Safari/537.36"
162.0.232.193 - - [09/Jun/2025:05:43:11 -0400] "POST /wp-cron.php?doing_wp_cron=1749462191.1803219318389892578125 HTTP/1.1" 200 0 "-" "WordPress/6.7.2; https://w4.junglejuicewebtoon.com"
103.42.58.99 - - [09/Jun/2025:05:43:05 -0400] "POST /xmlrpc.php HTTP/1.1" 200 205 "-" "Mozilla/5.0 (X11; U; Linux i686; en-US; rv:96.0) Gecko/20071914 Firefox/96.0"
162.0.232.193 - - [09/Jun/2025:05:43:12 -0400] "POST /wp-admin/admin-ajax.php?action=async_litespeed&nonce=cIVPByBsiym5PajzfBqCEt7w0JcXqL2i&litespeed_type=imgoptm HTTP/1.1" 200 0 "-" "WordPress/6.7.2; https://w4.junglejuicewebtoon.com"
162.0.232.193 - - [09/Jun/2025:05:43:16 -0400] "GET /wp-content/uploads/36f5b53d6c6d3d6b1e9dd0027baac2ed_1435.xml HTTP/1.1" 200 1028 "-" "Mozilla/5.0 (X11; Linux x86_64) AppleWebKit/537.36 (KHTML, like Gecko) Ubuntu Chromium/41.0.2272.76"
49.51.39.209 - - [09/Jun/2025:05:48:23 -0400] "GET / HTTP/1.1" 200 1671 "http://w4.junglejuicewebtoon.com" "Mozilla/5.0 (iPhone; CPU iPhone OS 13_2_3 like Mac OS X) AppleWebKit/605.1.15 (KHTML, like Gecko) Version/13.0.3 Mobile/15E148 Safari/604.1"
42.117.128.44 - - [09/Jun/2025:05:52:01 -0400] "POST /xmlrpc.php HTTP/1.1" 200 0 "https://w4.junglejuicewebtoon.com" "Mozilla/5.0 (Windows NT 10.0; Win64; x64) AppleWebKit/537.36 (KHTML, like Gecko) Chrome/113.0.5672.126 Safari/537.36 Edg/113.0.1774.50"
162.0.232.193 - - [09/Jun/2025:05:52:06 -0400] "POST /wp-cron.php?doing_wp_cron=1749462725.9107809066772460937500 HTTP/1.1" 200 0 "-" "WordPress/6.7.2; https://w4.junglejuicewebtoon.com"
162.0.232.193 - - [09/Jun/2025:05:52:08 -0400] "GET /wp-content/uploads/36f5b53d6c6d3d6b1e9dd0027baac2ed_1435.xml HTTP/1.1" 200 1150 "-" "Mozilla/5.0 (X11; Linux x86_64) AppleWebKit/537.36 (KHTML, like Gecko) Ubuntu Chromium/41.0.2272.76"
162.0.232.193 - - [09/Jun/2025:05:53:30 -0400] "POST /wp-cron.php?doing_wp_cron=1749462810.1244740486145019531250 HTTP/1.1" 200 0 "-" "WordPress/6.7.2; https://w4.junglejuicewebtoon.com"
162.0.232.193 - - [09/Jun/2025:05:53:30 -0400] "POST /wp-admin/admin-ajax.php?action=async_litespeed&nonce=tyktxeDx1AtJpOzUafiqCQ16dpYqcv5F&litespeed_type=imgoptm HTTP/1.1" 200 5 "-" "WordPress/6.7.2; https://w4.junglejuicewebtoon.com"
212.34.154.131 - - [09/Jun/2025:05:53:33 -0400] "GET /wp-admin/load-styles.php?c=1&dir=ltr&load%5Bchunk_0%5D=dashicons,buttons,forms,l10n,login&ver=6.7.2 HTTP/1.1" 200 45466 "-" "Mozilla/5.0 (Macintosh; Intel Mac OS X 10_15_7) AppleWebKit/537.36 (KHTML, like Gecko) Chrome/133.0.0.0 Safari/537.36"
212.34.154.131 - - [09/Jun/2025:05:53:33 -0400] "GET /wp-login.php?action=lostpassword HTTP/1.1" 200 1096 "-" "Mozilla/5.0 (Macintosh; Intel Mac OS X 10_15_7) AppleWebKit/537.36 (KHTML, like Gecko) Chrome/133.0.0.0 Safari/537.36"
213.155.62.50 - - [09/Jun/2025:05:53:34 -0400] "POST /wp-login.php?action=lostpassword HTTP/1.1" 200 1199 "-" "Mozilla/5.0 (Macintosh; Intel Mac OS X 10_15_7) AppleWebKit/537.36 (KHTML, like Gecko) Chrome/133.0.0.0 Safari/537.36"
213.155.62.50 - - [09/Jun/2025:05:53:36 -0400] "POST /wp-login.php?action=lostpassword HTTP/1.1" 200 1170 "-" "Mozilla/5.0 (Windows NT 10.0; Win64; x64) AppleWebKit/537.36 (KHTML, like Gecko) Chrome/120.0.0.0 Safari/537.36"
212.34.154.131 - - [09/Jun/2025:05:53:39 -0400] "GET /wp-login.php?action=register HTTP/1.1" 302 0 "https://w3.junglejuicewebtoon.com/wp-signup.php" "Mozilla/5.0 (Macintosh; Intel Mac OS X 10_15_7) AppleWebKit/537.36 (KHTML, like Gecko) Chrome/133.0.0.0 Safari/537.36"
162.0.232.193 - - [09/Jun/2025:05:53:43 -0400] "POST /wp-cron.php?doing_wp_cron=1749462823.1742050647735595703125 HTTP/1.1" 200 0 "-" "WordPress/6.7.2; https://w4.junglejuicewebtoon.com"
212.34.154.131 - - [09/Jun/2025:05:53:42 -0400] "GET /wp-login.php?registration=disabled HTTP/1.1" 200 1922 "https://w4.junglejuicewebtoon.com/wp-login.php?action=register" "Mozilla/5.0 (Macintosh; Intel Mac OS X 10_15_7) AppleWebKit/537.36 (KHTML, like Gecko) Chrome/133.0.0.0 Safari/537.36"
162.0.232.193 - - [09/Jun/2025:05:53:43 -0400] "POST /wp-admin/admin-ajax.php?action=async_litespeed&nonce=XnWBJJ0IPDPanGAwStssdG0jD1Et4XfF&litespeed_type=imgoptm HTTP/1.1" 200 5 "-" "WordPress/6.7.2; https://w4.junglejuicewebtoon.com"
51.222.253.11 - - [09/Jun/2025:05:59:57 -0400] "GET /manga1/jungle-juice-chapter-112-2/ HTTP/1.1" 404 1251 "-" "Mozilla/5.0 (compatible; AhrefsBot/7.0; +http://ahrefs.com/robot/)"
162.0.232.193 - - [09/Jun/2025:06:00:23 -0400] "POST /wp-cron.php?doing_wp_cron=1749463222.6047050952911376953125 HTTP/1.1" 200 0 "-" "WordPress/6.7.2; https://w4.junglejuicewebtoon.com"
103.142.27.55 - - [09/Jun/2025:06:00:17 -0400] "POST /xmlrpc.php HTTP/1.1" 200 205 "-" "Mozilla/5.0 (X11; Ubuntu; Linux x86_64; rv:85.0) Gecko/20100101 Firefox/91.0"
162.0.232.193 - - [09/Jun/2025:06:00:28 -0400] "GET /wp-content/uploads/36f5b53d6c6d3d6b1e9dd0027baac2ed_1435.xml HTTP/1.1" 200 1028 "-" "Mozilla/5.0 (X11; Linux x86_64) AppleWebKit/537.36 (KHTML, like Gecko) Ubuntu Chromium/41.0.2272.76"
162.0.232.193 - - [09/Jun/2025:06:03:15 -0400] "POST /wp-cron.php?doing_wp_cron=1749463394.8702640533447265625000 HTTP/1.1" 200 0 "-" "WordPress/6.7.2; https://w4.junglejuicewebtoon.com"
43.166.253.94 - - [09/Jun/2025:06:03:10 -0400] "GET /wp-admin/ HTTP/1.1" 302 0 "-" "Mozilla/5.0 (iPhone; CPU iPhone OS 13_2_3 like Mac OS X) AppleWebKit/605.1.15 (KHTML, like Gecko) Version/13.0.3 Mobile/15E148 Safari/604.1"
162.0.232.193 - - [09/Jun/2025:06:03:15 -0400] "POST /wp-admin/admin-ajax.php?action=async_litespeed&nonce=7aKnvkzQDxi53F0qYRIjU319ZU4MYySM&litespeed_type=imgoptm HTTP/1.1" 200 5 "-" "WordPress/6.7.2; https://w4.junglejuicewebtoon.com"
43.166.253.94 - - [09/Jun/2025:06:03:16 -0400] "GET /wp-login.php?redirect_to=https%3A%2F%2Fw4.junglejuicewebtoon.com%2Fwp-admin%2F&reauth=1 HTTP/1.1" 200 1851 "https://w4.junglejuicewebtoon.com/wp-admin/" "Mozilla/5.0 (iPhone; CPU iPhone OS 13_2_3 like Mac OS X) AppleWebKit/605.1.15 (KHTML, like Gecko) Version/13.0.3 Mobile/15E148 Safari/604.1"
162.0.232.193 - - [09/Jun/2025:06:03:17 -0400] "GET /wp-content/uploads/36f5b53d6c6d3d6b1e9dd0027baac2ed_1435.xml HTTP/1.1" 200 1150 "-" "Mozilla/5.0 (X11; Linux x86_64) AppleWebKit/537.36 (KHTML, like Gecko) Ubuntu Chromium/41.0.2272.76"
2600:1012:b365:1b8a:7188:d138:bd35:8255 - - [09/Jun/2025:06:03:31 -0400] "GET /manga1/jungle-juice-chapter-162/ HTTP/1.1" 404 1251 "-" "Mozilla/5.0 (iPhone; CPU iPhone OS 18_5 like Mac OS X) AppleWebKit/605.1.15 (KHTML, like Gecko) Mobile/15E148"
