2600:1012:b365:1b8a:7188:d138:bd35:8255 - - [09/Jun/2025:06:03:45 -0400] "GET /manga1/jungle-juice-chapter-162/ HTTP/1.1" 404 1251 "https://w4.junglejuicewebtoon.com/manga1/jungle-juice-chapter-161/" "Mozilla/5.0 (iPhone; CPU iPhone OS 18_5 like Mac OS X) AppleWebKit/605.1.15 (KHTML, like Gecko) Version/18.5 Mobile/15E148 Safari/604.1"
2600:1012:b365:1b8a:7188:d138:bd35:8255 - - [09/Jun/2025:06:03:45 -0400] "GET /favicon.ico HTTP/1.1" 404 1251 "https://w4.junglejuicewebtoon.com/manga1/jungle-juice-chapter-162/" "Mozilla/5.0 (iPhone; CPU iPhone OS 18_5 like Mac OS X) AppleWebKit/605.1.15 (KHTML, like Gecko) Version/18.5 Mobile/15E148 Safari/604.1"
2600:1012:b365:1b8a:7188:d138:bd35:8255 - - [09/Jun/2025:06:03:46 -0400] "GET /manga1/jungle-juice-chapter-162/ HTTP/1.1" 404 1251 "https://w4.junglejuicewebtoon.com/manga1/jungle-juice-chapter-161/" "Mozilla/5.0 (iPhone; CPU iPhone OS 18_5 like Mac OS X) AppleWebKit/605.1.15 (KHTML, like Gecko) Version/18.5 Mobile/15E148 Safari/604.1"
2600:1012:b365:1b8a:7188:d138:bd35:8255 - - [09/Jun/2025:06:03:46 -0400] "GET /manga1/jungle-juice-chapter-162/ HTTP/1.1" 404 1251 "https://w4.junglejuicewebtoon.com/manga1/jungle-juice-chapter-161/" "Mozilla/5.0 (iPhone; CPU iPhone OS 18_5 like Mac OS X) AppleWebKit/605.1.15 (KHTML, like Gecko) Version/18.5 Mobile/15E148 Safari/604.1"
2600:1012:b365:1b8a:7188:d138:bd35:8255 - - [09/Jun/2025:06:03:47 -0400] "GET /manga1/jungle-juice-chapter-161/ HTTP/1.1" 404 1251 "https://w4.junglejuicewebtoon.com/manga1/jungle-juice-chapter-160/" "Mozilla/5.0 (iPhone; CPU iPhone OS 18_5 like Mac OS X) AppleWebKit/605.1.15 (KHTML, like Gecko) Version/18.5 Mobile/15E148 Safari/604.1"
2600:1012:b365:1b8a:7188:d138:bd35:8255 - - [09/Jun/2025:06:03:48 -0400] "GET /manga1/jungle-juice-chapter-162/ HTTP/1.1" 404 1251 "https://w4.junglejuicewebtoon.com/manga1/jungle-juice-chapter-161/" "Mozilla/5.0 (iPhone; CPU iPhone OS 18_5 like Mac OS X) AppleWebKit/605.1.15 (KHTML, like Gecko) Version/18.5 Mobile/15E148 Safari/604.1"
2600:1012:b365:1b8a:7188:d138:bd35:8255 - - [09/Jun/2025:06:03:48 -0400] "GET /manga1/jungle-juice-chapter-162/ HTTP/1.1" 404 1251 "https://w4.junglejuicewebtoon.com/manga1/jungle-juice-chapter-161/" "Mozilla/5.0 (iPhone; CPU iPhone OS 18_5 like Mac OS X) AppleWebKit/605.1.15 (KHTML, like Gecko) Version/18.5 Mobile/15E148 Safari/604.1"
2600:1012:b365:1b8a:7188:d138:bd35:8255 - - [09/Jun/2025:06:03:52 -0400] "GET /manga1/jungle-juice-chapter-162/ HTTP/1.1" 404 1251 "-" "Mozilla/5.0 (iPhone; CPU iPhone OS 18_5 like Mac OS X) AppleWebKit/605.1.15 (KHTML, like Gecko) Version/18.5 Mobile/15E148 Safari/604.1"
216.244.66.247 - - [09/Jun/2025:06:05:31 -0400] "GET /robots.txt HTTP/1.1" 404 1251 "-" "Mozilla/5.0 (compatible; DotBot/1.2; +https://opensiteexplorer.org/dotbot; [email protected])"
162.0.232.193 - - [09/Jun/2025:06:07:12 -0400] "POST /wp-cron.php?doing_wp_cron=1749463632.1339209079742431640625 HTTP/1.1" 200 0 "-" "WordPress/6.7.2; https://w4.junglejuicewebtoon.com"
51.81.207.12 - - [09/Jun/2025:06:07:09 -0400] "POST /xmlrpc.php HTTP/1.1" 200 186 "https://w4.junglejuicewebtoon.com" "Mozilla/5.0 (Windows NT 10.0; Win64; x64; rv:126.0) Gecko/20100101 Firefox/126.0"
51.81.207.12 - - [09/Jun/2025:06:07:12 -0400] "POST /wp-login.php HTTP/1.1" 200 1992 "https://w4.junglejuicewebtoon.com" "Mozilla/5.0 (Macintosh; Intel Mac OS X 10_15_7) AppleWebKit/537.36 (KHTML, like Gecko) Chrome/114.0.5735.134 Safari/537.36"
162.0.232.193 - - [09/Jun/2025:06:07:12 -0400] "POST /wp-admin/admin-ajax.php?action=async_litespeed&nonce=qRwbkDzCwPazK5uwxOV9ogBBjBNvVrmm&litespeed_type=imgoptm HTTP/1.1" 200 5 "-" "WordPress/6.7.2; https://w4.junglejuicewebtoon.com"
162.0.232.193 - - [09/Jun/2025:06:07:14 -0400] "GET /wp-content/uploads/36f5b53d6c6d3d6b1e9dd0027baac2ed_1435.xml HTTP/1.1" 200 1150 "-" "Mozilla/5.0 (X11; Linux x86_64) AppleWebKit/537.36 (KHTML, like Gecko) Ubuntu Chromium/41.0.2272.76"
114.119.136.160 - - [09/Jun/2025:06:08:55 -0400] "GET /manga1/jungle-juice-chapter-131/ HTTP/1.1" 404 1251 "https://junglejuicewebtoon.com/category/jungle-juice-manhwa/page/2/" "Mozilla/5.0 (Linux; Android 7.0;) AppleWebKit/537.36 (KHTML, like Gecko) Mobile Safari/537.36 (compatible; PetalBot;+https://webmaster.petalsearch.com/site/petalbot)"
43.173.1.69 - - [09/Jun/2025:06:11:59 -0400] "GET /wp-admin/load-styles.php?c=1&dir=ltr&load%5Bchunk_0%5D=dashicons,buttons,forms,l10n,login&ver=6.7.2 HTTP/1.1" 200 45466 "-" "Mozilla/5.0 (iPhone; CPU iPhone OS 13_2_3 like Mac OS X) AppleWebKit/605.1.15 (KHTML, like Gecko) Version/13.0.3 Mobile/15E148 Safari/604.1"
51.222.253.12 - - [09/Jun/2025:06:14:00 -0400] "GET /manga1/jungle-juice-chapter-93/ HTTP/1.1" 404 1251 "-" "Mozilla/5.0 (compatible; AhrefsBot/7.0; +http://ahrefs.com/robot/)"
162.0.232.193 - - [09/Jun/2025:06:17:43 -0400] "POST /wp-cron.php?doing_wp_cron=1749464263.3131320476531982421875 HTTP/1.1" 200 0 "-" "WordPress/6.7.2; https://w4.junglejuicewebtoon.com"
2a01:4f8:10a:4595::2 - - [09/Jun/2025:06:17:40 -0400] "POST /xmlrpc.php HTTP/1.1" 200 205 "-" "Mozilla/5.0 (X11; Ubuntu; Linux x86_64; rv:85.0) Gecko/20100101 Firefox/91.0"
162.0.232.193 - - [09/Jun/2025:06:17:46 -0400] "GET /wp-content/uploads/36f5b53d6c6d3d6b1e9dd0027baac2ed_1435.xml HTTP/1.1" 200 1028 "-" "Mozilla/5.0 (X11; Linux x86_64) AppleWebKit/537.36 (KHTML, like Gecko) Ubuntu Chromium/41.0.2272.76"
162.0.232.193 - - [09/Jun/2025:06:19:00 -0400] "POST /wp-cron.php?doing_wp_cron=1749464340.2481949329376220703125 HTTP/1.1" 200 0 "-" "WordPress/6.7.2; https://w4.junglejuicewebtoon.com"
162.0.232.193 - - [09/Jun/2025:06:19:01 -0400] "POST /wp-admin/admin-ajax.php?action=async_litespeed&nonce=UychC9ghbuohjMLbZyrQ788V165BL7KO&litespeed_type=imgoptm HTTP/1.1" 200 5 "-" "WordPress/6.7.2; https://w4.junglejuicewebtoon.com"
162.0.232.193 - - [09/Jun/2025:06:21:40 -0400] "POST /wp-cron.php?doing_wp_cron=1749464499.8859550952911376953125 HTTP/1.1" 200 0 "-" "WordPress/6.7.2; https://w4.junglejuicewebtoon.com"
162.0.232.193 - - [09/Jun/2025:06:21:45 -0400] "GET /wp-content/uploads/36f5b53d6c6d3d6b1e9dd0027baac2ed_1435.xml HTTP/1.1" 200 1028 "-" "Mozilla/5.0 (X11; Linux x86_64) AppleWebKit/537.36 (KHTML, like Gecko) Ubuntu Chromium/41.0.2272.76"
220.158.234.201 - - [09/Jun/2025:06:22:28 -0400] "POST /xmlrpc.php HTTP/1.1" 200 186 "https://w4.junglejuicewebtoon.com" "Mozilla/5.0 (Windows NT 10.0; Win64; x64) AppleWebKit/537.36 (KHTML, like Gecko) Chrome/115.0.5790.171 Safari/537.36 Edg/115.0.1901.203"
220.158.234.201 - - [09/Jun/2025:06:22:29 -0400] "POST /wp-login.php HTTP/1.1" 200 1992 "https://w4.junglejuicewebtoon.com" "Mozilla/5.0 (Macintosh; Intel Mac OS X 10_15_7; rv:126.0) Gecko/20100101 Firefox/126.0"
43.155.129.131 - - [09/Jun/2025:06:22:39 -0400] "GET /wp-admin/load-scripts.php?c=1&load%5Bchunk_0%5D=clipboard,jquery-core,jquery-migrate,zxcvbn-async,wp-hooks&ver=6.7.2 HTTP/1.1" 200 39842 "-" "Mozilla/5.0 (iPhone; CPU iPhone OS 13_2_3 like Mac OS X) AppleWebKit/605.1.15 (KHTML, like Gecko) Version/13.0.3 Mobile/15E148 Safari/604.1"
51.222.253.13 - - [09/Jun/2025:06:32:27 -0400] "GET /manga1/jungle-juice-chapter-68-2/ HTTP/1.1" 404 1251 "-" "Mozilla/5.0 (compatible; AhrefsBot/7.0; +http://ahrefs.com/robot/)"
162.0.232.193 - - [09/Jun/2025:06:34:01 -0400] "POST /wp-cron.php?doing_wp_cron=1749465241.4626588821411132812500 HTTP/1.1" 200 0 "-" "WordPress/6.7.2; https://w4.junglejuicewebtoon.com"
43.130.100.35 - - [09/Jun/2025:06:33:56 -0400] "GET /wp-login.php HTTP/1.1" 200 1851 "-" "Mozilla/5.0 (iPhone; CPU iPhone OS 13_2_3 like Mac OS X) AppleWebKit/605.1.15 (KHTML, like Gecko) Version/13.0.3 Mobile/15E148 Safari/604.1"
162.0.232.193 - - [09/Jun/2025:06:34:02 -0400] "POST /wp-admin/admin-ajax.php?action=async_litespeed&nonce=xGOQynBPzbMcbxAnrdVq93WKADqfb3xT&litespeed_type=imgoptm HTTP/1.1" 200 0 "-" "WordPress/6.7.2; https://w4.junglejuicewebtoon.com"
162.0.232.193 - - [09/Jun/2025:06:34:05 -0400] "GET /wp-content/uploads/36f5b53d6c6d3d6b1e9dd0027baac2ed_1435.xml HTTP/1.1" 200 1150 "-" "Mozilla/5.0 (X11; Linux x86_64) AppleWebKit/537.36 (KHTML, like Gecko) Ubuntu Chromium/41.0.2272.76"
162.0.232.193 - - [09/Jun/2025:06:36:19 -0400] "POST /wp-cron.php?doing_wp_cron=1749465379.1868960857391357421875 HTTP/1.1" 200 0 "-" "WordPress/6.7.2; https://w4.junglejuicewebtoon.com"
216.37.42.34 - - [09/Jun/2025:06:36:15 -0400] "POST /xmlrpc.php HTTP/1.1" 200 205 "-" "Mozilla/5.0 (X11; Ubuntu; Linux x86_64; rv:85.0) Gecko/20100101 Firefox/91.0"
162.0.232.193 - - [09/Jun/2025:06:36:21 -0400] "GET /wp-content/uploads/36f5b53d6c6d3d6b1e9dd0027baac2ed_1435.xml HTTP/1.1" 200 1150 "-" "Mozilla/5.0 (X11; Linux x86_64) AppleWebKit/537.36 (KHTML, like Gecko) Ubuntu Chromium/41.0.2272.76"
162.0.232.193 - - [09/Jun/2025:06:37:49 -0400] "POST /wp-cron.php?doing_wp_cron=1749465469.2955839633941650390625 HTTP/1.1" 200 0 "-" "WordPress/6.7.2; https://w4.junglejuicewebtoon.com"
198.27.67.210 - - [09/Jun/2025:06:37:46 -0400] "POST /xmlrpc.php HTTP/1.1" 200 186 "https://w4.junglejuicewebtoon.com" "Mozilla/5.0 (Macintosh; Intel Mac OS X 13.3; rv:126.0) Gecko/20100101 Firefox/126.0"
198.27.67.210 - - [09/Jun/2025:06:37:50 -0400] "POST /wp-login.php HTTP/1.1" 200 1992 "https://w4.junglejuicewebtoon.com" "Mozilla/5.0 (Macintosh; Intel Mac OS X 14_4_1) AppleWebKit/605.1.15 (KHTML, like Gecko) Version/17.3.1 Safari/605.1.15"
162.0.232.193 - - [09/Jun/2025:06:37:50 -0400] "POST /wp-admin/admin-ajax.php?action=async_litespeed&nonce=pAeyMjk42GSQ6hmjlZZpzcbyjlg7HLHV&litespeed_type=imgoptm HTTP/1.1" 200 5 "-" "WordPress/6.7.2; https://w4.junglejuicewebtoon.com"
162.0.232.193 - - [09/Jun/2025:06:37:52 -0400] "GET /wp-content/uploads/36f5b53d6c6d3d6b1e9dd0027baac2ed_1435.xml HTTP/1.1" 200 1150 "-" "Mozilla/5.0 (X11; Linux x86_64) AppleWebKit/537.36 (KHTML, like Gecko) Ubuntu Chromium/41.0.2272.76"
162.0.232.193 - - [09/Jun/2025:06:40:46 -0400] "POST /wp-cron.php?doing_wp_cron=1749465646.4390940666198730468750 HTTP/1.1" 200 0 "-" "WordPress/6.7.2; https://w4.junglejuicewebtoon.com"
162.0.232.193 - - [09/Jun/2025:06:40:50 -0400] "GET /wp-content/uploads/36f5b53d6c6d3d6b1e9dd0027baac2ed_1435.xml HTTP/1.1" 200 1150 "-" "Mozilla/5.0 (X11; Linux x86_64) AppleWebKit/537.36 (KHTML, like Gecko) Ubuntu Chromium/41.0.2272.76"
194.87.252.147 - - [09/Jun/2025:06:40:52 -0400] "POST /wp-login.php HTTP/1.1" 200 1991 "https://w3.junglejuicewebtoon.com/wp-login.php" "Mozilla/5.0 (X11; Ubuntu; Linux i686 on x86_64; rv:46.0) Gecko/20100101 Firefox/46.0"
194.87.252.147 - - [09/Jun/2025:06:40:53 -0400] "GET /wp-admin/plugins.php HTTP/1.1" 302 0 "https://w4.junglejuicewebtoon.com/wp-login.php" "Mozilla/5.0 (X11; Ubuntu; Linux i686 on x86_64; rv:46.0) Gecko/20100101 Firefox/46.0"
194.87.252.147 - - [09/Jun/2025:06:40:54 -0400] "GET /wp-login.php?redirect_to=https%3A%2F%2Fw4.junglejuicewebtoon.com%2Fwp-admin%2Fplugins.php&reauth=1 HTTP/1.1" 200 1856 "https://w4.junglejuicewebtoon.com/wp-login.php" "Mozilla/5.0 (X11; Ubuntu; Linux i686 on x86_64; rv:46.0) Gecko/20100101 Firefox/46.0"
43.157.168.43 - - [09/Jun/2025:06:42:24 -0400] "GET /wp-config-sample.php HTTP/1.1" 500 905 "-" "Mozilla/5.0 (iPhone; CPU iPhone OS 13_2_3 like Mac OS X) AppleWebKit/605.1.15 (KHTML, like Gecko) Version/13.0.3 Mobile/15E148 Safari/604.1"
2a02:c7c:c122:b700:a8ec:d26e:37c:8e4e - - [09/Jun/2025:06:45:55 -0400] "GET /manga1/jungle-juice-chapter-161/ HTTP/1.1" 404 1251 "https://w4.junglejuicewebtoon.com/manga1/jungle-juice-chapter-160/" "Mozilla/5.0 (Linux; Android 10; K) AppleWebKit/537.36 (KHTML, like Gecko) Chrome/137.0.0.0 Mobile Safari/537.36"
2a02:c7c:c122:b700:a8ec:d26e:37c:8e4e - - [09/Jun/2025:06:45:56 -0400] "GET /favicon.ico HTTP/1.1" 404 1251 "https://w4.junglejuicewebtoon.com/manga1/jungle-juice-chapter-161/" "Mozilla/5.0 (Linux; Android 10; K) AppleWebKit/537.36 (KHTML, like Gecko) Chrome/137.0.0.0 Mobile Safari/537.36"
51.222.253.2 - - [09/Jun/2025:06:46:43 -0400] "GET /sitemap_index.xml HTTP/1.1" 404 1251 "-" "Mozilla/5.0 (compatible; AhrefsBot/7.0; +http://ahrefs.com/robot/)"
162.0.232.193 - - [09/Jun/2025:06:53:16 -0400] "POST /wp-cron.php?doing_wp_cron=1749466396.4545199871063232421875 HTTP/1.1" 200 0 "-" "WordPress/6.7.2; https://w4.junglejuicewebtoon.com"
43.135.133.241 - - [09/Jun/2025:06:53:13 -0400] "GET /wp-login.php?action=lostpassword HTTP/1.1" 200 1096 "-" "Mozilla/5.0 (iPhone; CPU iPhone OS 13_2_3 like Mac OS X) AppleWebKit/605.1.15 (KHTML, like Gecko) Version/13.0.3 Mobile/15E148 Safari/604.1"
162.0.232.193 - - [09/Jun/2025:06:53:17 -0400] "POST /wp-admin/admin-ajax.php?action=async_litespeed&nonce=cyYSPuwsmAzDzVxDJ6RmH2GwnrX4L5dD&litespeed_type=imgoptm HTTP/1.1" 200 5 "-" "WordPress/6.7.2; https://w4.junglejuicewebtoon.com"
162.0.232.193 - - [09/Jun/2025:06:53:19 -0400] "GET /wp-content/uploads/36f5b53d6c6d3d6b1e9dd0027baac2ed_1435.xml HTTP/1.1" 200 1150 "-" "Mozilla/5.0 (X11; Linux x86_64) AppleWebKit/537.36 (KHTML, like Gecko) Ubuntu Chromium/41.0.2272.76"
188.165.54.175 - - [09/Jun/2025:06:53:22 -0400] "POST /xmlrpc.php HTTP/1.1" 200 186 "https://w4.junglejuicewebtoon.com" "Mozilla/5.0 (Macintosh; Intel Mac OS X 10_15_7) AppleWebKit/537.36 (KHTML, like Gecko) Chrome/114.0.5735.134 Safari/537.36"
188.165.54.175 - - [09/Jun/2025:06:53:23 -0400] "POST /wp-login.php HTTP/1.1" 200 1992 "https://w4.junglejuicewebtoon.com" "Mozilla/5.0 (Macintosh; Intel Mac OS X 10_15_7) AppleWebKit/537.36 (KHTML, like Gecko) Chrome/114.0.5735.134 Safari/537.36"
162.0.232.193 - - [09/Jun/2025:06:55:56 -0400] "POST /wp-cron.php?doing_wp_cron=1749466555.9892280101776123046875 HTTP/1.1" 200 0 "-" "WordPress/6.7.2; https://w4.junglejuicewebtoon.com"
213.155.227.119 - - [09/Jun/2025:06:55:51 -0400] "POST /xmlrpc.php HTTP/1.1" 200 205 "-" "Mozilla/5.0 (X11; Ubuntu; Linux x86_64; rv:85.0) Gecko/20100101 Firefox/91.0"
162.0.232.193 - - [09/Jun/2025:06:55:57 -0400] "POST /wp-admin/admin-ajax.php?action=async_litespeed&nonce=XQGph449iOHlSqFBWSgitAUnHxX36W0j&litespeed_type=imgoptm HTTP/1.1" 200 0 "-" "WordPress/6.7.2; https://w4.junglejuicewebtoon.com"
162.0.232.193 - - [09/Jun/2025:06:56:00 -0400] "GET /wp-content/uploads/36f5b53d6c6d3d6b1e9dd0027baac2ed_1435.xml HTTP/1.1" 200 1028 "-" "Mozilla/5.0 (X11; Linux x86_64) AppleWebKit/537.36 (KHTML, like Gecko) Ubuntu Chromium/41.0.2272.76"
2403:6200:8852:1e1b:b1c3:6a03:806f:22e9 - - [09/Jun/2025:06:56:51 -0400] "POST /wp-admin/admin-ajax.php HTTP/1.1" 200 69 "https://w4.junglejuicewebtoon.com/manga1/jungle-juice-chapter-162/" "Mozilla/5.0 (Linux; Android 10; K) AppleWebKit/537.36 (KHTML, like Gecko) SamsungBrowser/28.0 Chrome/130.0.0.0 Mobile Safari/537.36"
2403:6200:8852:1e1b:b1c3:6a03:806f:22e9 - - [09/Jun/2025:06:57:21 -0400] "GET /manga1/jungle-juice-chapter-162/ HTTP/1.1" 404 1251 "-" "Mozilla/5.0 (Windows NT 6.1; WOW64) AppleWebKit/537.36 (KHTML, like Gecko) Chrome/51.0.2704.103 Safari/537.36"
2403:6200:8852:1e1b:b1c3:6a03:806f:22e9 - - [09/Jun/2025:06:57:33 -0400] "GET /manga1/jungle-juice-chapter-162/ HTTP/1.1" 404 1251 "-" "WhatsApp/3.0.0.0 A"
162.0.232.193 - - [09/Jun/2025:06:57:35 -0400] "POST /wp-cron.php?doing_wp_cron=1749466655.0032279491424560546875 HTTP/1.1" 200 0 "-" "WordPress/6.7.2; https://w4.junglejuicewebtoon.com"
162.0.232.193 - - [09/Jun/2025:06:57:37 -0400] "GET /wp-content/uploads/36f5b53d6c6d3d6b1e9dd0027baac2ed_1435.xml HTTP/1.1" 200 1150 "-" "Mozilla/5.0 (X11; Linux x86_64) AppleWebKit/537.36 (KHTML, like Gecko) Ubuntu Chromium/41.0.2272.76"
17.241.75.118 - - [09/Jun/2025:07:02:22 -0400] "GET /manga1/jungle-juice-chapter-123/ HTTP/1.1" 404 1251 "-" "Mozilla/5.0 (Macintosh; Intel Mac OS X 10_15_7) AppleWebKit/605.1.15 (KHTML, like Gecko) Version/17.4 Safari/605.1.15 (Applebot/0.1; +http://www.apple.com/go/applebot)"
51.222.253.8 - - [09/Jun/2025:07:05:30 -0400] "GET /manga1/jungle-juice-chapter-115-2/ HTTP/1.1" 404 1251 "-" "Mozilla/5.0 (compatible; AhrefsBot/7.0; +http://ahrefs.com/robot/)"
162.0.232.193 - - [09/Jun/2025:07:07:05 -0400] "POST /wp-cron.php?doing_wp_cron=1749467224.7073209285736083984375 HTTP/1.1" 200 0 "-" "WordPress/6.7.2; https://w4.junglejuicewebtoon.com"
162.0.232.193 - - [09/Jun/2025:07:07:07 -0400] "POST /wp-admin/admin-ajax.php?action=async_litespeed&nonce=05bLI6nzTlKSD2IjWOXvNrk1Vhedq2k9&litespeed_type=imgoptm HTTP/1.1" 200 5 "-" "WordPress/6.7.2; https://w4.junglejuicewebtoon.com"
162.0.232.193 - - [09/Jun/2025:07:07:09 -0400] "GET /wp-content/uploads/36f5b53d6c6d3d6b1e9dd0027baac2ed_1435.xml HTTP/1.1" 200 1150 "-" "Mozilla/5.0 (X11; Linux x86_64) AppleWebKit/537.36 (KHTML, like Gecko) Ubuntu Chromium/41.0.2272.76"
162.0.232.193 - - [09/Jun/2025:07:08:53 -0400] "POST /wp-cron.php?doing_wp_cron=1749467333.2359468936920166015625 HTTP/1.1" 200 0 "-" "WordPress/6.7.2; https://w4.junglejuicewebtoon.com"
185.199.236.107 - - [09/Jun/2025:07:08:51 -0400] "POST /xmlrpc.php HTTP/1.1" 200 186 "https://w4.junglejuicewebtoon.com" "Mozilla/5.0 (Macintosh; Intel Mac OS X 14_6) AppleWebKit/605.1.15 (KHTML, like Gecko) Version/17.5 Safari/605.1.15"
185.199.236.107 - - [09/Jun/2025:07:08:54 -0400] "POST /wp-login.php HTTP/1.1" 200 1992 "https://w4.junglejuicewebtoon.com" "Mozilla/5.0 (Windows NT 10.0; Win64; x64; rv:126.0) Gecko/20100101 Firefox/126.0"
162.0.232.193 - - [09/Jun/2025:07:08:55 -0400] "GET /wp-content/uploads/36f5b53d6c6d3d6b1e9dd0027baac2ed_1435.xml HTTP/1.1" 200 1150 "-" "Mozilla/5.0 (X11; Linux x86_64) AppleWebKit/537.36 (KHTML, like Gecko) Ubuntu Chromium/41.0.2272.76"
66.249.79.236 - - [09/Jun/2025:07:09:24 -0400] "GET /robots.txt HTTP/1.1" 404 1251 "-" "Mozilla/5.0 (compatible; Googlebot/2.1; +http://www.google.com/bot.html)"
196.251.70.244 - - [09/Jun/2025:07:13:45 -0400] "GET /wp-content/plugins/fix/up.php HTTP/1.1" 200 0 "-" "Mozilla/5.0"
162.0.232.193 - - [09/Jun/2025:07:16:18 -0400] "POST /wp-cron.php?doing_wp_cron=1749467778.8006110191345214843750 HTTP/1.1" 200 0 "-" "WordPress/6.7.2; https://w4.junglejuicewebtoon.com"
198.50.241.247 - - [09/Jun/2025:07:16:15 -0400] "POST /xmlrpc.php HTTP/1.1" 200 205 "-" "Mozilla/5.0 (X11; Ubuntu; Linux x86_64; rv:85.0) Gecko/20100101 Firefox/91.0"
162.0.232.193 - - [09/Jun/2025:07:16:19 -0400] "POST /wp-admin/admin-ajax.php?action=async_litespeed&nonce=kwSnamlVpNL737CbvRc0n3FS7f4b6ZGb&litespeed_type=imgoptm HTTP/1.1" 200 5 "-" "WordPress/6.7.2; https://w4.junglejuicewebtoon.com"
162.0.232.193 - - [09/Jun/2025:07:16:21 -0400] "GET /wp-content/uploads/36f5b53d6c6d3d6b1e9dd0027baac2ed_1435.xml HTTP/1.1" 200 1028 "-" "Mozilla/5.0 (X11; Linux x86_64) AppleWebKit/537.36 (KHTML, like Gecko) Ubuntu Chromium/41.0.2272.76"
162.0.232.193 - - [09/Jun/2025:07:21:05 -0400] "POST /wp-cron.php?doing_wp_cron=1749468064.9797430038452148437500 HTTP/1.1" 200 0 "-" "WordPress/6.7.2; https://w4.junglejuicewebtoon.com"
162.0.232.193 - - [09/Jun/2025:07:21:07 -0400] "POST /wp-admin/admin-ajax.php?action=async_litespeed&nonce=0XrbUZybakGKow9tJVYLHd2OG5RAQ7nl&litespeed_type=imgoptm HTTP/1.1" 200 5 "-" "WordPress/6.7.2; https://w4.junglejuicewebtoon.com"
162.0.232.193 - - [09/Jun/2025:07:21:09 -0400] "GET /wp-content/uploads/36f5b53d6c6d3d6b1e9dd0027baac2ed_1435.xml HTTP/1.1" 200 1150 "-" "Mozilla/5.0 (X11; Linux x86_64) AppleWebKit/537.36 (KHTML, like Gecko) Ubuntu Chromium/41.0.2272.76"
167.172.86.79 - - [09/Jun/2025:07:21:12 -0400] "GET /wp-login.php?redirect_to=https%3A%2F%2Fw3.junglejuicewebtoon.com%2Fwp-admin%2Fnetwork%2F&reauth=1 HTTP/1.1" 200 1859 "-" "Mozlila/5.0 (Linux; Android 7.0; SM-G892A Bulid/NRD90M; wv) AppleWebKit/537.36 (KHTML, like Gecko) Version/4.0 Chrome/60.0.3112.107 Moblie Safari/537.36Team Anon Force"
51.222.253.3 - - [09/Jun/2025:07:21:52 -0400] "GET /manga1/jungle-juice-chapter-66-2/ HTTP/1.1" 404 1251 "-" "Mozilla/5.0 (compatible; AhrefsBot/7.0; +http://ahrefs.com/robot/)"
216.244.66.247 - - [09/Jun/2025:07:35:20 -0400] "GET /robots.txt HTTP/1.1" 404 1251 "-" "Mozilla/5.0 (compatible; DotBot/1.2; +https://opensiteexplorer.org/dotbot; [email protected])"
17.241.227.33 - - [09/Jun/2025:07:35:34 -0400] "GET /manga1/jungle-juice-chapter-81/ HTTP/1.1" 404 1251 "-" "Mozilla/5.0 (Macintosh; Intel Mac OS X 10_15_7) AppleWebKit/605.1.15 (KHTML, like Gecko) Version/17.4 Safari/605.1.15 (Applebot/0.1; +http://www.apple.com/go/applebot)"
162.0.232.193 - - [09/Jun/2025:07:37:24 -0400] "POST /wp-cron.php?doing_wp_cron=1749469043.9063858985900878906250 HTTP/1.1" 200 0 "-" "WordPress/6.7.2; https://w4.junglejuicewebtoon.com"
62.171.175.117 - - [09/Jun/2025:07:37:20 -0400] "POST /xmlrpc.php HTTP/1.1" 200 205 "-" "Mozilla/5.0 (X11; Ubuntu; Linux x86_64; rv:85.0) Gecko/20100101 Firefox/91.0"
162.0.232.193 - - [09/Jun/2025:07:37:25 -0400] "GET /wp-content/uploads/36f5b53d6c6d3d6b1e9dd0027baac2ed_1435.xml HTTP/1.1" 200 1150 "-" "Mozilla/5.0 (X11; Linux x86_64) AppleWebKit/537.36 (KHTML, like Gecko) Ubuntu Chromium/41.0.2272.76"
162.0.232.193 - - [09/Jun/2025:07:39:28 -0400] "POST /wp-cron.php?doing_wp_cron=1749469168.6549060344696044921875 HTTP/1.1" 200 0 "-" "WordPress/6.7.2; https://w4.junglejuicewebtoon.com"
162.0.232.193 - - [09/Jun/2025:07:39:30 -0400] "POST /wp-admin/admin-ajax.php?action=async_litespeed&nonce=ixKz7ysHLsLTqm1C8En20LU8R0ua9lE7&litespeed_type=imgoptm HTTP/1.1" 200 5 "-" "WordPress/6.7.2; https://w4.junglejuicewebtoon.com"
162.0.232.193 - - [09/Jun/2025:07:39:33 -0400] "GET /wp-content/uploads/36f5b53d6c6d3d6b1e9dd0027baac2ed_1435.xml HTTP/1.1" 200 1028 "-" "Mozilla/5.0 (X11; Linux x86_64) AppleWebKit/537.36 (KHTML, like Gecko) Ubuntu Chromium/41.0.2272.76"
196.251.70.244 - - [09/Jun/2025:07:40:37 -0400] "GET /wp-content/plugins/fix/up.php HTTP/1.1" 200 0 "-" "Mozilla/5.0 (Windows NT 10.0; Win64; x64) AppleWebKit/537.36 (KHTML, like Gecko) Chrome/85.0.4183.102 Safari/537.36"
196.251.70.244 - - [09/Jun/2025:07:40:37 -0400] "GET /wp-content/themes/seotheme/db.php?u HTTP/1.1" 200 0 "www.google.com" "Mozlila/5.0 (Linux; Android 7.0; SM-G892A Bulid/NRD90M; wv) AppleWebKit/537.36 (KHTML, like Gecko) Version/4.0 Chrome/60.0.3112.107 Moblie Safari/537.36"
196.251.70.244 - - [09/Jun/2025:07:40:37 -0400] "POST /wp-plain.php HTTP/1.1" 404 1251 "www.google.com" "Mozilla/5.0 (Linux; Android 7.0; SM-G892A Bulid/NRD90M; wv) AppleWebKit/537.36 (KHTML, like Gecko) Version/4.0 Chrome/60.0.3112.107 Moblie Safari/537.36"
196.251.70.244 - - [09/Jun/2025:07:40:37 -0400] "POST /ALFA_DATA/alfacgiapi/perl.alfa HTTP/1.1" 404 1251 "www.google.com" "Mozlila/5.0 (Linux; Android 7.0; SM-G892A Bulid/NRD90M; wv) AppleWebKit/537.36 (KHTML, like Gecko) Version/4.0 Chrome/60.0.3112.107 Moblie Safari/537.36"
196.251.70.244 - - [09/Jun/2025:07:40:37 -0400] "GET / HTTP/1.1" 200 1703 "-" "Mozlila/5.0 (Linux; Android 7.0; SM-G892A Bulid/NRD90M; wv) AppleWebKit/537.36 (KHTML, like Gecko) Version/4.0 Chrome/60.0.3112.107 Moblie Safari/537.36"
196.251.70.244 - - [09/Jun/2025:07:40:37 -0400] "GET /wp-content/themes/seotheme/db.php?u HTTP/1.1" 200 0 "www.google.com" "Mozlila/5.0 (Linux; Android 7.0; SM-G892A Bulid/NRD90M; wv) AppleWebKit/537.36 (KHTML, like Gecko) Version/4.0 Chrome/60.0.3112.107 Moblie Safari/537.36"
196.251.70.244 - - [09/Jun/2025:07:40:37 -0400] "GET /yhbcjisj.php?Fox=d3wL7 HTTP/1.1" 404 1251 "www.google.com" "Mozilla/5.0 (Linux; Android 7.0; SM-G892A Bulid/NRD90M; wv) AppleWebKit/537.36 (KHTML, like Gecko) Version/4.0 Chrome/60.0.3112.107 Moblie Safari/537.36"
196.251.70.244 - - [09/Jun/2025:07:40:37 -0400] "POST /alfacgiapi/perl.alfa HTTP/1.1" 404 1251 "www.google.com" "Mozlila/5.0 (Linux; Android 7.0; SM-G892A Bulid/NRD90M; wv) AppleWebKit/537.36 (KHTML, like Gecko) Version/4.0 Chrome/60.0.3112.107 Moblie Safari/537.36"
196.251.70.244 - - [09/Jun/2025:07:40:37 -0400] "GET /wp-content/plugins/apikey/apikey.php?test=hello HTTP/1.1" 200 0 "-" "Mozlila/5.0 (Linux; Android 7.0; SM-G892A Bulid/NRD90M; wv) AppleWebKit/537.36 (KHTML, like Gecko) Version/4.0 Chrome/60.0.3112.107 Moblie Safari/537.36"
196.251.70.244 - - [09/Jun/2025:07:40:38 -0400] "GET /plugins/content/apismtp/apismtp.php?test=hello HTTP/1.1" 404 1251 "-" "Mozlila/5.0 (Linux; Android 7.0; SM-G892A Bulid/NRD90M; wv) AppleWebKit/537.36 (KHTML, like Gecko) Version/4.0 Chrome/60.0.3112.107 Moblie Safari/537.36"
196.251.70.244 - - [09/Jun/2025:07:40:38 -0400] "GET /wp-content/plugins/apikey/apikey.php.suspected?test=hello HTTP/1.1" 200 0 "-" "Mozlila/5.0 (Linux; Android 7.0; SM-G892A Bulid/NRD90M; wv) AppleWebKit/537.36 (KHTML, like Gecko) Version/4.0 Chrome/60.0.3112.107 Moblie Safari/537.36"
196.251.70.244 - - [09/Jun/2025:07:40:38 -0400] "GET /plugins/content/apismtp/apismtp.php.suspected?test=hello HTTP/1.1" 404 1251 "-" "Mozlila/5.0 (Linux; Android 7.0; SM-G892A Bulid/NRD90M; wv) AppleWebKit/537.36 (KHTML, like Gecko) Version/4.0 Chrome/60.0.3112.107 Moblie Safari/537.36"
114.119.155.13 - - [09/Jun/2025:07:46:24 -0400] "GET /manga1/jungle-juice-chapter-3-2/ HTTP/1.1" 404 1251 "https://junglejuicewebtoon.com/jungle-juice-chapter-99/" "Mozilla/5.0 (Linux; Android 7.0;) AppleWebKit/537.36 (KHTML, like Gecko) Mobile Safari/537.36 (compatible; PetalBot;+https://webmaster.petalsearch.com/site/petalbot)"
51.222.253.11 - - [09/Jun/2025:07:49:44 -0400] "GET /manga1/jungle-juice-chapter-145/ HTTP/1.1" 404 1251 "-" "Mozilla/5.0 (compatible; AhrefsBot/7.0; +http://ahrefs.com/robot/)"
162.0.232.193 - - [09/Jun/2025:07:55:20 -0400] "POST /wp-cron.php?doing_wp_cron=1749470120.5019280910491943359375 HTTP/1.1" 200 0 "-" "WordPress/6.7.2; https://w4.junglejuicewebtoon.com"
2600:3c00::f03c:93ff:fe5a:c926 - - [09/Jun/2025:07:55:17 -0400] "POST /xmlrpc.php HTTP/1.1" 200 186 "https://w4.junglejuicewebtoon.com" "Mozilla/5.0 (Macintosh; Intel Mac OS X 10_15_7) AppleWebKit/537.36 (KHTML, like Gecko) Chrome/113.0.5672.93 Safari/537.36"
2600:3c00::f03c:93ff:fe5a:c926 - - [09/Jun/2025:07:55:21 -0400] "POST /wp-login.php HTTP/1.1" 200 1992 "https://w4.junglejuicewebtoon.com" "Mozilla/5.0 (Macintosh; Intel Mac OS X 13_3) AppleWebKit/537.36 (KHTML, like Gecko) Chrome/126.0.0.0 Safari/537.36"
162.0.232.193 - - [09/Jun/2025:07:55:20 -0400] "POST /wp-admin/admin-ajax.php?action=async_litespeed&nonce=nh8requAHRUaa1qAGcfSCBSGRMEYyXfU&litespeed_type=imgoptm HTTP/1.1" 200 5 "-" "WordPress/6.7.2; https://w4.junglejuicewebtoon.com"
162.0.232.193 - - [09/Jun/2025:07:55:23 -0400] "GET /wp-content/uploads/36f5b53d6c6d3d6b1e9dd0027baac2ed_1435.xml HTTP/1.1" 200 1150 "-" "Mozilla/5.0 (X11; Linux x86_64) AppleWebKit/537.36 (KHTML, like Gecko) Ubuntu Chromium/41.0.2272.76"
162.0.232.193 - - [09/Jun/2025:07:59:30 -0400] "POST /wp-cron.php?doing_wp_cron=1749470370.0464930534362792968750 HTTP/1.1" 200 0 "-" "WordPress/6.7.2; https://w4.junglejuicewebtoon.com"
209.97.162.13 - - [09/Jun/2025:07:59:27 -0400] "POST /xmlrpc.php HTTP/1.1" 200 205 "-" "Mozilla/5.0 (X11; Ubuntu; Linux x86_64; rv:85.0) Gecko/20100101 Firefox/91.0"
162.0.232.193 - - [09/Jun/2025:07:59:30 -0400] "POST /wp-admin/admin-ajax.php?action=async_litespeed&nonce=falY1Ejd5pS01XHUukZLFbbBKDrksFYK&litespeed_type=imgoptm HTTP/1.1" 200 5 "-" "WordPress/6.7.2; https://w4.junglejuicewebtoon.com"
162.0.232.193 - - [09/Jun/2025:07:59:32 -0400] "GET /wp-content/uploads/36f5b53d6c6d3d6b1e9dd0027baac2ed_1435.xml HTTP/1.1" 200 1150 "-" "Mozilla/5.0 (X11; Linux x86_64) AppleWebKit/537.36 (KHTML, like Gecko) Ubuntu Chromium/41.0.2272.76"
162.0.232.193 - - [09/Jun/2025:08:03:13 -0400] "POST /wp-cron.php?doing_wp_cron=1749470593.0091180801391601562500 HTTP/1.1" 200 0 "-" "WordPress/6.7.2; https://w4.junglejuicewebtoon.com"
162.0.232.193 - - [09/Jun/2025:08:03:14 -0400] "POST /wp-admin/admin-ajax.php?action=async_litespeed&nonce=qUx3vwM8xwgC5SlO6qHMnSeoABF0HIPC&litespeed_type=imgoptm HTTP/1.1" 200 5 "-" "WordPress/6.7.2; https://w4.junglejuicewebtoon.com"
162.0.232.193 - - [09/Jun/2025:08:03:16 -0400] "GET /wp-content/uploads/36f5b53d6c6d3d6b1e9dd0027baac2ed_1435.xml HTTP/1.1" 200 1150 "-" "Mozilla/5.0 (X11; Linux x86_64) AppleWebKit/537.36 (KHTML, like Gecko) Ubuntu Chromium/41.0.2272.76"
51.222.253.7 - - [09/Jun/2025:08:03:37 -0400] "GET /manga1/jungle-juice-chapter-84/ HTTP/1.1" 404 1251 "-" "Mozilla/5.0 (compatible; AhrefsBot/7.0; +http://ahrefs.com/robot/)"
85.208.96.209 - - [09/Jun/2025:08:05:02 -0400] "GET /robots.txt HTTP/1.1" 404 1251 "-" "Mozilla/5.0 (compatible; SemrushBot/7~bl; +http://www.semrush.com/bot.html)"
85.208.96.199 - - [09/Jun/2025:08:05:02 -0400] "GET /category/jungle-juice-manga/page/20/ HTTP/1.1" 404 1251 "-" "Mozilla/5.0 (compatible; SemrushBot/7~bl; +http://www.semrush.com/bot.html)"
170.39.218.62 - - [09/Jun/2025:08:05:33 -0400] "GET /wp-content/themes/toivo-lite/js/responsive-nav.min.js?ver=1.2.0 HTTP/1.1" 304 0 "-" "Mozilla/5.0 (Macintosh; Intel Mac OS X 10_15_7) AppleWebKit/537.36 Chrome/120.0.0.0"
162.0.232.193 - - [09/Jun/2025:08:10:55 -0400] "POST /wp-cron.php?doing_wp_cron=1749471054.7193250656127929687500 HTTP/1.1" 200 0 "-" "WordPress/6.7.2; https://w4.junglejuicewebtoon.com"
222.255.214.45 - - [09/Jun/2025:08:10:50 -0400] "POST /xmlrpc.php HTTP/1.1" 200 186 "https://w4.junglejuicewebtoon.com" "Mozilla/5.0 (Macintosh; Intel Mac OS X 13_3) AppleWebKit/537.36 (KHTML, like Gecko) Chrome/126.0.0.0 Safari/537.36"
162.0.232.193 - - [09/Jun/2025:08:10:55 -0400] "POST /wp-admin/admin-ajax.php?action=async_litespeed&nonce=drF9HOirY1VBpegjeedG00UaxtUdAP2f&litespeed_type=imgoptm HTTP/1.1" 200 5 "-" "WordPress/6.7.2; https://w4.junglejuicewebtoon.com"
222.255.214.45 - - [09/Jun/2025:08:10:56 -0400] "POST /wp-login.php HTTP/1.1" 200 1993 "https://w4.junglejuicewebtoon.com" "Mozilla/5.0 (Macintosh; Intel Mac OS X 13.3; rv:126.0) Gecko/20100101 Firefox/126.0"
162.0.232.193 - - [09/Jun/2025:08:10:58 -0400] "GET /wp-content/uploads/36f5b53d6c6d3d6b1e9dd0027baac2ed_1435.xml HTTP/1.1" 200 1028 "-" "Mozilla/5.0 (X11; Linux x86_64) AppleWebKit/537.36 (KHTML, like Gecko) Ubuntu Chromium/41.0.2272.76"
162.0.232.193 - - [09/Jun/2025:08:17:23 -0400] "POST /wp-cron.php?doing_wp_cron=1749471442.9830400943756103515625 HTTP/1.1" 200 0 "-" "WordPress/6.7.2; https://w4.junglejuicewebtoon.com"
162.0.232.193 - - [09/Jun/2025:08:17:26 -0400] "GET /wp-content/uploads/36f5b53d6c6d3d6b1e9dd0027baac2ed_1435.xml HTTP/1.1" 200 1150 "-" "Mozilla/5.0 (X11; Linux x86_64) AppleWebKit/537.36 (KHTML, like Gecko) Ubuntu Chromium/41.0.2272.76"
51.222.253.4 - - [09/Jun/2025:08:17:40 -0400] "GET /category/jungle-juice-manga/page/2/ HTTP/1.1" 404 1251 "-" "Mozilla/5.0 (compatible; AhrefsBot/7.0; +http://ahrefs.com/robot/)"
35.173.18.61 - - [09/Jun/2025:08:19:41 -0400] "GET /category/jungle-juice-manhwa/page/6/ HTTP/1.1" 404 1251 "-" "Mozilla/5.0 AppleWebKit/537.36 (KHTML, like Gecko; compatible; Amazonbot/0.1; +https://developer.amazon.com/support/amazonbot) Chrome/119.0.6045.214 Safari/537.36"
162.0.232.193 - - [09/Jun/2025:08:23:45 -0400] "POST /wp-cron.php?doing_wp_cron=1749471824.9720590114593505859375 HTTP/1.1" 200 0 "-" "WordPress/6.7.2; https://w4.junglejuicewebtoon.com"
2001:41d0:336:ce00:: - - [09/Jun/2025:08:23:42 -0400] "POST /xmlrpc.php HTTP/1.1" 200 205 "-" "Mozilla/5.0 (X11; Ubuntu; Linux x86_64; rv:85.0) Gecko/20100101 Firefox/91.0"
162.0.232.193 - - [09/Jun/2025:08:23:45 -0400] "POST /wp-admin/admin-ajax.php?action=async_litespeed&nonce=ycLv8EeTYUl0PrxDofeDV0NLtrWcnSTW&litespeed_type=imgoptm HTTP/1.1" 200 5 "-" "WordPress/6.7.2; https://w4.junglejuicewebtoon.com"
162.0.232.193 - - [09/Jun/2025:08:23:48 -0400] "GET /wp-content/uploads/36f5b53d6c6d3d6b1e9dd0027baac2ed_1435.xml HTTP/1.1" 200 1028 "-" "Mozilla/5.0 (X11; Linux x86_64) AppleWebKit/537.36 (KHTML, like Gecko) Ubuntu Chromium/41.0.2272.76"
162.0.232.193 - - [09/Jun/2025:08:26:10 -0400] "POST /wp-cron.php?doing_wp_cron=1749471970.1317679882049560546875 HTTP/1.1" 200 0 "-" "WordPress/6.7.2; https://w4.junglejuicewebtoon.com"
186.209.113.104 - - [09/Jun/2025:08:26:08 -0400] "POST /xmlrpc.php HTTP/1.1" 200 186 "https://w4.junglejuicewebtoon.com" "Mozilla/5.0 (Macintosh; Intel Mac OS X 10_15_7) AppleWebKit/537.36 (KHTML, like Gecko) Chrome/112.0.5615.138 Safari/537.36"
186.209.113.104 - - [09/Jun/2025:08:26:11 -0400] "POST /wp-login.php HTTP/1.1" 200 1993 "https://w4.junglejuicewebtoon.com" "Mozilla/5.0 (Windows NT 10.0; Win64; x64) AppleWebKit/537.36 (KHTML, like Gecko) Chrome/126.0.0.0 Safari/537.36 Edg/126.0.0.0"
162.0.232.193 - - [09/Jun/2025:08:26:12 -0400] "GET /wp-content/uploads/36f5b53d6c6d3d6b1e9dd0027baac2ed_1435.xml HTTP/1.1" 200 1028 "-" "Mozilla/5.0 (X11; Linux x86_64) AppleWebKit/537.36 (KHTML, like Gecko) Ubuntu Chromium/41.0.2272.76"
51.222.253.7 - - [09/Jun/2025:08:32:47 -0400] "GET /manga1/jungle-juice-chapter-114-2/ HTTP/1.1" 404 1251 "-" "Mozilla/5.0 (compatible; AhrefsBot/7.0; +http://ahrefs.com/robot/)"
104.210.140.134 - - [09/Jun/2025:08:33:29 -0400] "GET /robots.txt HTTP/1.1" 404 1251 "-" "Mozilla/5.0 (Macintosh; Intel Mac OS X 10_15_7) AppleWebKit/537.36 (KHTML, like Gecko) Chrome/131.0.0.0 Safari/537.36; compatible; OAI-SearchBot/1.0; +https://openai.com/searchbot"
104.210.140.134 - - [09/Jun/2025:08:33:29 -0400] "GET /robots.txt HTTP/1.1" 404 1251 "-" "Mozilla/5.0 (Macintosh; Intel Mac OS X 10_15_7) AppleWebKit/537.36 (KHTML, like Gecko) Chrome/131.0.0.0 Safari/537.36; compatible; OAI-SearchBot/1.0; +https://openai.com/searchbot"
162.0.232.193 - - [09/Jun/2025:08:34:46 -0400] "POST /wp-admin/admin-ajax.php?action=async_litespeed&nonce=2vYM3yz32eu7YO24GaHmsFtLwffA8f0E&litespeed_type=imgoptm HTTP/1.1" 200 0 "-" "WordPress/6.7.2; https://w4.junglejuicewebtoon.com"
162.0.232.193 - - [09/Jun/2025:08:34:48 -0400] "GET /wp-content/uploads/36f5b53d6c6d3d6b1e9dd0027baac2ed_1435.xml HTTP/1.1" 200 1150 "-" "Mozilla/5.0 (X11; Linux x86_64) AppleWebKit/537.36 (KHTML, like Gecko) Ubuntu Chromium/41.0.2272.76"
162.0.232.193 - - [09/Jun/2025:08:39:36 -0400] "POST /wp-cron.php?doing_wp_cron=1749472776.8037528991699218750000 HTTP/1.1" 200 0 "-" "WordPress/6.7.2; https://w4.junglejuicewebtoon.com"
2604:a880:400:d1::899:4001 - - [09/Jun/2025:08:39:35 -0400] "POST /xmlrpc.php HTTP/1.1" 200 186 "https://w4.junglejuicewebtoon.com" "Mozilla/5.0 (Windows NT 10.0; Win64; x64) AppleWebKit/537.36 (KHTML, like Gecko) Chrome/115.0.5790.171 Safari/537.36 Edg/115.0.1901.203"
2604:a880:400:d1::899:4001 - - [09/Jun/2025:08:39:37 -0400] "POST /wp-login.php HTTP/1.1" 200 1993 "https://w4.junglejuicewebtoon.com" "Mozilla/5.0 (Macintosh; Intel Mac OS X 14_6) AppleWebKit/605.1.15 (KHTML, like Gecko) Version/17.5 Safari/605.1.15"
162.0.232.193 - - [09/Jun/2025:08:39:39 -0400] "GET /wp-content/uploads/36f5b53d6c6d3d6b1e9dd0027baac2ed_1435.xml HTTP/1.1" 200 1028 "-" "Mozilla/5.0 (X11; Linux x86_64) AppleWebKit/537.36 (KHTML, like Gecko) Ubuntu Chromium/41.0.2272.76"
51.222.253.13 - - [09/Jun/2025:08:48:40 -0400] "GET /manga1/jungle-juice-chapter-90/ HTTP/1.1" 404 1251 "-" "Mozilla/5.0 (compatible; AhrefsBot/7.0; +http://ahrefs.com/robot/)"
162.0.232.193 - - [09/Jun/2025:08:49:51 -0400] "POST /wp-cron.php?doing_wp_cron=1749473390.7871570587158203125000 HTTP/1.1" 200 0 "-" "WordPress/6.7.2; https://w4.junglejuicewebtoon.com"
198.50.241.247 - - [09/Jun/2025:08:49:46 -0400] "POST /xmlrpc.php HTTP/1.1" 200 205 "-" "Mozilla/5.0 (X11; Ubuntu; Linux x86_64; rv:85.0) Gecko/20100101 Firefox/91.0"
162.0.232.193 - - [09/Jun/2025:08:49:51 -0400] "POST /wp-admin/admin-ajax.php?action=async_litespeed&nonce=8KmHAndq3Yp0LmiSIPw4Qehed52j2dNN&litespeed_type=imgoptm HTTP/1.1" 200 0 "-" "WordPress/6.7.2; https://w4.junglejuicewebtoon.com"
162.0.232.193 - - [09/Jun/2025:08:49:54 -0400] "GET /wp-content/uploads/36f5b53d6c6d3d6b1e9dd0027baac2ed_1435.xml HTTP/1.1" 200 1028 "-" "Mozilla/5.0 (X11; Linux x86_64) AppleWebKit/537.36 (KHTML, like Gecko) Ubuntu Chromium/41.0.2272.76"
162.0.232.193 - - [09/Jun/2025:08:53:08 -0400] "POST /wp-cron.php?doing_wp_cron=1749473588.5289371013641357421875 HTTP/1.1" 200 0 "-" "WordPress/6.7.2; https://w4.junglejuicewebtoon.com"
43.153.113.127 - - [09/Jun/2025:08:53:11 -0400] "GET /wp-login.php?redirect_to=https%3A%2F%2Fwww.junglejuicewebtoon.com%2Fwp-admin%2F&reauth=1 HTTP/1.1" 200 1855 "https://www.junglejuicewebtoon.com/wp-admin/" "Mozilla/5.0 (iPhone; CPU iPhone OS 13_2_3 like Mac OS X) AppleWebKit/605.1.15 (KHTML, like Gecko) Version/13.0.3 Mobile/15E148 Safari/604.1"
162.0.232.193 - - [09/Jun/2025:08:53:12 -0400] "GET /wp-content/uploads/36f5b53d6c6d3d6b1e9dd0027baac2ed_1435.xml HTTP/1.1" 200 1028 "-" "Mozilla/5.0 (X11; Linux x86_64) AppleWebKit/537.36 (KHTML, like Gecko) Ubuntu Chromium/41.0.2272.76"
103.186.185.28 - - [09/Jun/2025:08:53:24 -0400] "POST /xmlrpc.php HTTP/1.1" 200 186 "https://w4.junglejuicewebtoon.com" "Mozilla/5.0 (Windows NT 10.0; Win64; x64) AppleWebKit/537.36 (KHTML, like Gecko) Chrome/115.0.5790.102 Safari/537.36"
103.186.185.28 - - [09/Jun/2025:08:53:26 -0400] "POST /wp-login.php HTTP/1.1" 200 1993 "https://w4.junglejuicewebtoon.com" "Mozilla/5.0 (Windows NT 10.0; Win64; x64) AppleWebKit/537.36 (KHTML, like Gecko) Chrome/126.0.0.0 Safari/537.36"
162.0.232.193 - - [09/Jun/2025:08:54:36 -0400] "POST /wp-cron.php?doing_wp_cron=1749473675.9162409305572509765625 HTTP/1.1" 200 0 "-" "WordPress/6.7.2; https://w4.junglejuicewebtoon.com"
162.0.232.193 - - [09/Jun/2025:08:54:36 -0400] "POST /wp-admin/admin-ajax.php?action=async_litespeed&nonce=rMAcMV5Yy5G5iBGmkzdHM7ysIuyYcDJB&litespeed_type=imgoptm HTTP/1.1" 200 5 "-" "WordPress/6.7.2; https://w4.junglejuicewebtoon.com"
162.0.232.193 - - [09/Jun/2025:08:59:36 -0400] "POST /wp-cron.php?doing_wp_cron=1749473976.5388720035552978515625 HTTP/1.1" 200 0 "-" "WordPress/6.7.2; https://w4.junglejuicewebtoon.com"
162.0.232.193 - - [09/Jun/2025:08:59:38 -0400] "POST /wp-admin/admin-ajax.php?action=async_litespeed&nonce=zNQQLhTGr4ghZiXHfjpL5bDHMBr3nX3h&litespeed_type=imgoptm HTTP/1.1" 200 5 "-" "WordPress/6.7.2; https://w4.junglejuicewebtoon.com"
94.103.88.24 - - [09/Jun/2025:08:59:39 -0400] "GET /wp-admin/load-styles.php?c=1&dir=ltr&load%5Bchunk_0%5D=dashicons,buttons,forms,l10n,login&ver=6.7.2 HTTP/1.1" 200 45466 "-" "Mozilla/5.0 (Macintosh; Intel Mac OS X 10_15_7) AppleWebKit/537.36 (KHTML, like Gecko) Chrome/133.0.0.0 Safari/537.36"
162.0.232.193 - - [09/Jun/2025:08:59:40 -0400] "GET /wp-content/uploads/36f5b53d6c6d3d6b1e9dd0027baac2ed_1435.xml HTTP/1.1" 200 1150 "-" "Mozilla/5.0 (X11; Linux x86_64) AppleWebKit/537.36 (KHTML, like Gecko) Ubuntu Chromium/41.0.2272.76"
94.103.88.24 - - [09/Jun/2025:08:59:40 -0400] "GET /wp-login.php?action=lostpassword HTTP/1.1" 200 1096 "-" "Mozilla/5.0 (Macintosh; Intel Mac OS X 10_15_7) AppleWebKit/537.36 (KHTML, like Gecko) Chrome/133.0.0.0 Safari/537.36"
103.106.192.93 - - [09/Jun/2025:08:59:42 -0400] "POST /wp-login.php?action=lostpassword HTTP/1.1" 200 1201 "-" "Mozilla/5.0 (Macintosh; Intel Mac OS X 10_15_7) AppleWebKit/537.36 (KHTML, like Gecko) Chrome/133.0.0.0 Safari/537.36"
103.106.192.93 - - [09/Jun/2025:08:59:44 -0400] "POST /wp-login.php?action=lostpassword HTTP/1.1" 200 1170 "-" "Mozilla/5.0 (Windows NT 10.0; Win64; x64) AppleWebKit/537.36 (KHTML, like Gecko) Chrome/120.0.0.0 Safari/537.36"
94.103.88.24 - - [09/Jun/2025:08:59:47 -0400] "GET /wp-login.php?action=register HTTP/1.1" 302 0 "https://w3.junglejuicewebtoon.com/wp-signup.php" "Mozilla/5.0 (Macintosh; Intel Mac OS X 10_15_7) AppleWebKit/537.36 (KHTML, like Gecko) Chrome/133.0.0.0 Safari/537.36"
94.103.88.24 - - [09/Jun/2025:08:59:48 -0400] "GET /wp-login.php?registration=disabled HTTP/1.1" 200 1923 "https://w4.junglejuicewebtoon.com/wp-login.php?action=register" "Mozilla/5.0 (Macintosh; Intel Mac OS X 10_15_7) AppleWebKit/537.36 (KHTML, like Gecko) Chrome/133.0.0.0 Safari/537.36"
162.0.232.193 - - [09/Jun/2025:09:03:11 -0400] "POST /wp-cron.php?doing_wp_cron=1749474190.9974200725555419921875 HTTP/1.1" 200 0 "-" "WordPress/6.7.2; https://w4.junglejuicewebtoon.com"
162.0.232.193 - - [09/Jun/2025:09:03:13 -0400] "POST /wp-admin/admin-ajax.php?action=async_litespeed&nonce=0wYlG3AQz3j9pNuZfxYlNiHykh8fcmmZ&litespeed_type=imgoptm HTTP/1.1" 200 5 "-" "WordPress/6.7.2; https://w4.junglejuicewebtoon.com"
162.0.232.193 - - [09/Jun/2025:09:03:16 -0400] "GET /wp-content/uploads/36f5b53d6c6d3d6b1e9dd0027baac2ed_1435.xml HTTP/1.1" 200 1150 "-" "Mozilla/5.0 (X11; Linux x86_64) AppleWebKit/537.36 (KHTML, like Gecko) Ubuntu Chromium/41.0.2272.76"
216.244.66.247 - - [09/Jun/2025:09:04:55 -0400] "GET /robots.txt HTTP/1.1" 404 1251 "-" "Mozilla/5.0 (compatible; DotBot/1.2; +https://opensiteexplorer.org/dotbot; [email protected])"
51.222.253.13 - - [09/Jun/2025:09:05:27 -0400] "GET /category/jungle-juice-webtoon/page/26/ HTTP/1.1" 404 1251 "-" "Mozilla/5.0 (compatible; AhrefsBot/7.0; +http://ahrefs.com/robot/)"
2a03:2880:f800:14:: - - [09/Jun/2025:09:06:00 -0400] "GET /sitemap_index.xml HTTP/1.1" 404 1251 "-" "meta-externalagent/1.1 (+https://developers.facebook.com/docs/sharing/webmasters/crawler)"
216.73.216.210 - - [09/Jun/2025:09:06:25 -0400] "GET /robots.txt HTTP/1.1" 404 1251 "-" "Mozilla/5.0 AppleWebKit/537.36 (KHTML, like Gecko; compatible; ClaudeBot/1.0; [email protected])"
216.73.216.210 - - [09/Jun/2025:09:06:25 -0400] "GET /sitemap_index.xml HTTP/1.1" 404 1251 "-" "Mozilla/5.0 AppleWebKit/537.36 (KHTML, like Gecko; compatible; ClaudeBot/1.0; [email protected])"
114.119.133.138 - - [09/Jun/2025:09:08:03 -0400] "GET /manga1/jungle-juice-chapter-140/ HTTP/1.1" 404 1251 "https://junglejuicewebtoon.com/jungle-juice-chapter-99/" "Mozilla/5.0 (Linux; Android 7.0;) AppleWebKit/537.36 (KHTML, like Gecko) Mobile Safari/537.36 (compatible; PetalBot;+https://webmaster.petalsearch.com/site/petalbot)"
162.0.232.193 - - [09/Jun/2025:09:09:18 -0400] "POST /wp-cron.php?doing_wp_cron=1749474558.5799629688262939453125 HTTP/1.1" 200 0 "-" "WordPress/6.7.2; https://w4.junglejuicewebtoon.com"
43.231.112.138 - - [09/Jun/2025:09:09:16 -0400] "POST /xmlrpc.php HTTP/1.1" 200 186 "https://w4.junglejuicewebtoon.com" "Mozilla/5.0 (Macintosh; Intel Mac OS X 10_15_7) AppleWebKit/537.36 (KHTML, like Gecko) Chrome/116.0.5845.96 Safari/537.36"
162.0.232.193 - - [09/Jun/2025:09:09:19 -0400] "POST /wp-admin/admin-ajax.php?action=async_litespeed&nonce=maLUQn4QkfkUsSfkDVFygzRavIjn33NV&litespeed_type=imgoptm HTTP/1.1" 200 5 "-" "WordPress/6.7.2; https://w4.junglejuicewebtoon.com"
43.231.112.138 - - [09/Jun/2025:09:09:19 -0400] "POST /wp-login.php HTTP/1.1" 200 1993 "https://w4.junglejuicewebtoon.com" "Mozilla/5.0 (Windows NT 10.0; Win64; x64; rv:129.0) Gecko/20100101 Firefox/129.0"
162.0.232.193 - - [09/Jun/2025:09:09:22 -0400] "GET /wp-content/uploads/36f5b53d6c6d3d6b1e9dd0027baac2ed_1435.xml HTTP/1.1" 200 1028 "-" "Mozilla/5.0 (X11; Linux x86_64) AppleWebKit/537.36 (KHTML, like Gecko) Ubuntu Chromium/41.0.2272.76"
47.128.97.43 - - [09/Jun/2025:09:11:28 -0400] "GET /manga1/jungle-juice-chapter-3-2/ HTTP/1.1" 404 1251 "-" "Mozilla/5.0 (Linux; Android 5.0) AppleWebKit/537.36 (KHTML, like Gecko) Mobile Safari/537.36 (compatible; Bytespider; [email protected])"
162.0.232.193 - - [09/Jun/2025:09:15:59 -0400] "POST /wp-cron.php?doing_wp_cron=1749474959.0325350761413574218750 HTTP/1.1" 200 0 "-" "WordPress/6.7.2; https://w4.junglejuicewebtoon.com"
162.241.174.216 - - [09/Jun/2025:09:15:55 -0400] "POST /xmlrpc.php HTTP/1.1" 200 205 "-" "Mozilla/5.0 (X11; Ubuntu; Linux x86_64; rv:85.0) Gecko/20100101 Firefox/91.0"
162.0.232.193 - - [09/Jun/2025:09:15:59 -0400] "POST /wp-admin/admin-ajax.php?action=async_litespeed&nonce=9WnG82KWxvUxZK77YDV1r7nFv7Do0DeD&litespeed_type=imgoptm HTTP/1.1" 200 5 "-" "WordPress/6.7.2; https://w4.junglejuicewebtoon.com"
162.0.232.193 - - [09/Jun/2025:09:16:01 -0400] "GET /wp-content/uploads/36f5b53d6c6d3d6b1e9dd0027baac2ed_1435.xml HTTP/1.1" 200 1150 "-" "Mozilla/5.0 (X11; Linux x86_64) AppleWebKit/537.36 (KHTML, like Gecko) Ubuntu Chromium/41.0.2272.76"
34.227.156.153 - - [09/Jun/2025:09:17:18 -0400] "GET /category/jungle-juice-manga/page/9/ HTTP/1.1" 404 1251 "-" "Mozilla/5.0 AppleWebKit/537.36 (KHTML, like Gecko; compatible; Amazonbot/0.1; +https://developer.amazon.com/support/amazonbot) Chrome/119.0.6045.214 Safari/537.36"
51.222.253.19 - - [09/Jun/2025:09:19:24 -0400] "GET /category/jungle-juice-manhwa/page/18/ HTTP/1.1" 404 1251 "-" "Mozilla/5.0 (compatible; AhrefsBot/7.0; +http://ahrefs.com/robot/)"
114.119.133.138 - - [09/Jun/2025:09:23:09 -0400] "GET /manga1/jungle-juice-chapter-142/ HTTP/1.1" 404 1251 "https://junglejuicewebtoon.com/jungle-juice-chapter-99/" "Mozilla/5.0 (Linux; Android 7.0;) AppleWebKit/537.36 (KHTML, like Gecko) Mobile Safari/537.36 (compatible; PetalBot;+https://webmaster.petalsearch.com/site/petalbot)"
162.0.232.193 - - [09/Jun/2025:09:25:01 -0400] "POST /wp-cron.php?doing_wp_cron=1749475500.9872479438781738281250 HTTP/1.1" 200 0 "-" "WordPress/6.7.2; https://w4.junglejuicewebtoon.com"
66.29.137.129 - - [09/Jun/2025:09:24:57 -0400] "POST /xmlrpc.php HTTP/1.1" 200 186 "https://w4.junglejuicewebtoon.com" "Mozilla/5.0 (Windows NT 11.0; Win64; x64; rv:126.0) Gecko/20100101 Firefox/126.0"
162.0.232.193 - - [09/Jun/2025:09:25:06 -0400] "GET /wp-content/uploads/36f5b53d6c6d3d6b1e9dd0027baac2ed_1435.xml HTTP/1.1" 200 1028 "-" "Mozilla/5.0 (X11; Linux x86_64) AppleWebKit/537.36 (KHTML, like Gecko) Ubuntu Chromium/41.0.2272.76"
66.29.137.129 - - [09/Jun/2025:09:25:05 -0400] "POST /wp-login.php HTTP/1.1" 200 1993 "https://w4.junglejuicewebtoon.com" "Mozilla/5.0 (Macintosh; Intel Mac OS X 10_15_7; rv:126.0) Gecko/20100101 Firefox/126.0"
17.241.227.142 - - [09/Jun/2025:09:26:48 -0400] "GET /manga1/jungle-juice-chapter-93-2/ HTTP/1.1" 404 1251 "-" "Mozilla/5.0 (Macintosh; Intel Mac OS X 10_15_7) AppleWebKit/605.1.15 (KHTML, like Gecko) Version/17.4 Safari/605.1.15 (Applebot/0.1; +http://www.apple.com/go/applebot)"
162.0.232.193 - - [09/Jun/2025:09:32:10 -0400] "POST /wp-cron.php?doing_wp_cron=1749475930.4564449787139892578125 HTTP/1.1" 200 0 "-" "WordPress/6.7.2; https://w4.junglejuicewebtoon.com"
162.0.232.193 - - [09/Jun/2025:09:32:12 -0400] "POST /wp-admin/admin-ajax.php?action=async_litespeed&nonce=TRm4A0a3G7DgaTS0X1RyA0bX5O70Nqo4&litespeed_type=imgoptm HTTP/1.1" 200 5 "-" "WordPress/6.7.2; https://w4.junglejuicewebtoon.com"
162.0.232.193 - - [09/Jun/2025:09:32:15 -0400] "GET /wp-content/uploads/36f5b53d6c6d3d6b1e9dd0027baac2ed_1435.xml HTTP/1.1" 200 1028 "-" "Mozilla/5.0 (X11; Linux x86_64) AppleWebKit/537.36 (KHTML, like Gecko) Ubuntu Chromium/41.0.2272.76"
51.222.253.1 - - [09/Jun/2025:09:33:51 -0400] "GET /manga1/jungle-juice-chapter-85/ HTTP/1.1" 404 1251 "-" "Mozilla/5.0 (compatible; AhrefsBot/7.0; +http://ahrefs.com/robot/)"
162.0.232.193 - - [09/Jun/2025:09:43:06 -0400] "POST /wp-cron.php?doing_wp_cron=1749476586.1133029460906982421875 HTTP/1.1" 200 0 "-" "WordPress/6.7.2; https://w4.junglejuicewebtoon.com"
103.150.197.114 - - [09/Jun/2025:09:43:02 -0400] "POST /xmlrpc.php HTTP/1.1" 200 205 "-" "Mozilla/5.0 (X11; Ubuntu; Linux x86_64; rv:85.0) Gecko/20100101 Firefox/91.0"
162.0.232.193 - - [09/Jun/2025:09:43:09 -0400] "GET /wp-content/uploads/36f5b53d6c6d3d6b1e9dd0027baac2ed_1435.xml HTTP/1.1" 200 1028 "-" "Mozilla/5.0 (X11; Linux x86_64) AppleWebKit/537.36 (KHTML, like Gecko) Ubuntu Chromium/41.0.2272.76"
114.119.142.125 - - [09/Jun/2025:09:44:22 -0400] "GET /manga1/jungle-juice-chapter-94/ HTTP/1.1" 404 1251 "https://junglejuicewebtoon.com/jungle-juice-chapter-99/" "Mozilla/5.0 (Linux; Android 7.0;) AppleWebKit/537.36 (KHTML, like Gecko) Mobile Safari/537.36 (compatible; PetalBot;+https://webmaster.petalsearch.com/site/petalbot)"
114.119.142.125 - - [09/Jun/2025:09:45:48 -0400] "GET /manga1/jungle-juice-chapter-115/ HTTP/1.1" 404 1251 "https://w4.junglejuicewebtoon.com/manga1/jungle-juice-chapter-114/" "Mozilla/5.0 (Linux; Android 7.0;) AppleWebKit/537.36 (KHTML, like Gecko) Mobile Safari/537.36 (compatible; PetalBot;+https://webmaster.petalsearch.com/site/petalbot)"
51.222.253.7 - - [09/Jun/2025:09:46:34 -0400] "GET /manga1/jungle-juice-chapter-86/ HTTP/1.1" 404 1251 "-" "Mozilla/5.0 (compatible; AhrefsBot/7.0; +http://ahrefs.com/robot/)"
162.0.232.193 - - [09/Jun/2025:09:46:37 -0400] "POST /wp-cron.php?doing_wp_cron=1749476796.9729330539703369140625 HTTP/1.1" 200 0 "-" "WordPress/6.7.2; https://w4.junglejuicewebtoon.com"
162.0.232.193 - - [09/Jun/2025:09:46:39 -0400] "POST /wp-admin/admin-ajax.php?action=async_litespeed&nonce=RDczKhRwwzEelybEtx7Ucef6kxt72rL5&litespeed_type=imgoptm HTTP/1.1" 200 5 "-" "WordPress/6.7.2; https://w4.junglejuicewebtoon.com"
162.0.232.193 - - [09/Jun/2025:09:46:41 -0400] "GET /wp-content/uploads/36f5b53d6c6d3d6b1e9dd0027baac2ed_1435.xml HTTP/1.1" 200 1150 "-" "Mozilla/5.0 (X11; Linux x86_64) AppleWebKit/537.36 (KHTML, like Gecko) Ubuntu Chromium/41.0.2272.76"
114.119.142.125 - - [09/Jun/2025:09:50:33 -0400] "GET /manga1/jungle-juice-chapter-154/ HTTP/1.1" 404 1251 "https://junglejuicewebtoon.com/jungle-juice-chapter-99/" "Mozilla/5.0 (Linux; Android 7.0;) AppleWebKit/537.36 (KHTML, like Gecko) Mobile Safari/537.36 (compatible; PetalBot;+https://webmaster.petalsearch.com/site/petalbot)"
216.244.66.247 - - [09/Jun/2025:09:50:59 -0400] "GET /robots.txt HTTP/1.1" 404 1251 "-" "Mozilla/5.0 (compatible; DotBot/1.2; +https://opensiteexplorer.org/dotbot; [email protected])"
114.119.154.6 - - [09/Jun/2025:09:51:32 -0400] "GET /category/manga/page/3/ HTTP/1.1" 404 1251 "https://w4.junglejuicewebtoon.com/category/manga/page/2/" "Mozilla/5.0 (Linux; Android 7.0;) AppleWebKit/537.36 (KHTML, like Gecko) Mobile Safari/537.36 (compatible; PetalBot;+https://webmaster.petalsearch.com/site/petalbot)"
162.0.232.193 - - [09/Jun/2025:09:55:52 -0400] "POST /wp-cron.php?doing_wp_cron=1749477352.2876899242401123046875 HTTP/1.1" 200 0 "-" "WordPress/6.7.2; https://w4.junglejuicewebtoon.com"
67.205.59.102 - - [09/Jun/2025:09:55:50 -0400] "POST /xmlrpc.php HTTP/1.1" 200 186 "https://w4.junglejuicewebtoon.com" "Mozilla/5.0 (Windows NT 10.0; Win64; x64) AppleWebKit/537.36 (KHTML, like Gecko) Chrome/114.0.5735.199 Safari/537.36 Edg/114.0.1823.67"
67.205.59.102 - - [09/Jun/2025:09:55:53 -0400] "POST /wp-login.php HTTP/1.1" 200 1993 "https://w4.junglejuicewebtoon.com" "Mozilla/5.0 (Windows NT 10.0; Win64; x64; rv:127.0) Gecko/20100101 Firefox/127.0"
162.0.232.193 - - [09/Jun/2025:09:55:53 -0400] "POST /wp-admin/admin-ajax.php?action=async_litespeed&nonce=n1Kie5jx0w4aAJTIUgw0B7y1PhQc8lVc&litespeed_type=imgoptm HTTP/1.1" 200 5 "-" "WordPress/6.7.2; https://w4.junglejuicewebtoon.com"
