52.164.217.9 - - [08/Jun/2025:06:15:36 -0400] "GET /wp-login.php?redirect_to=https%3A%2F%2Fw3.junglejuicewebtoon.com%2Fwp-admin%2Fnetwork%2Findex.php&reauth=1 HTTP/1.1" 200 1862 "-" "-"
162.0.232.193 - - [08/Jun/2025:06:15:43 -0400] "POST /wp-cron.php?doing_wp_cron=1749377743.1126968860626220703125 HTTP/1.1" 200 0 "-" "WordPress/6.7.2; https://w4.junglejuicewebtoon.com"
162.0.232.193 - - [08/Jun/2025:06:15:43 -0400] "POST /wp-admin/admin-ajax.php?action=async_litespeed&nonce=KkB1NjOXpvaUruQPTjF3dghHBOZDPMAr&litespeed_type=imgoptm HTTP/1.1" 200 5 "-" "WordPress/6.7.2; https://w4.junglejuicewebtoon.com"
162.0.232.193 - - [08/Jun/2025:06:17:05 -0400] "POST /wp-cron.php?doing_wp_cron=1749377825.6516289710998535156250 HTTP/1.1" 200 0 "-" "WordPress/6.7.2; https://w4.junglejuicewebtoon.com"
47.128.48.233 - - [08/Jun/2025:06:17:07 -0400] "GET / HTTP/1.1" 200 10328 "-" "Mozilla/5.0 (Linux; Android 5.0) AppleWebKit/537.36 (KHTML, like Gecko) Mobile Safari/537.36 (compatible; Bytespider; [email protected])"
162.0.232.193 - - [08/Jun/2025:06:17:08 -0400] "GET /wp-content/uploads/36f5b53d6c6d3d6b1e9dd0027baac2ed_1435.xml HTTP/1.1" 200 1150 "-" "Mozilla/5.0 (X11; Linux x86_64) AppleWebKit/537.36 (KHTML, like Gecko) Ubuntu Chromium/41.0.2272.76"
162.0.232.193 - - [08/Jun/2025:06:18:09 -0400] "POST /wp-cron.php?doing_wp_cron=1749377889.1665821075439453125000 HTTP/1.1" 200 0 "-" "WordPress/6.7.2; https://w4.junglejuicewebtoon.com"
44.223.232.55 - - [08/Jun/2025:06:18:09 -0400] "GET /author/admin/page/7/ HTTP/1.1" 200 12005 "-" "Mozilla/5.0 AppleWebKit/537.36 (KHTML, like Gecko; compatible; Amazonbot/0.1; +https://developer.amazon.com/support/amazonbot) Chrome/119.0.6045.214 Safari/537.36"
162.0.232.193 - - [08/Jun/2025:06:18:09 -0400] "POST /wp-admin/admin-ajax.php?action=async_litespeed&nonce=GmuDdbYE1vMqsSQ8sLjoYWDpq2eziy99&litespeed_type=imgoptm HTTP/1.1" 200 5 "-" "WordPress/6.7.2; https://w4.junglejuicewebtoon.com"
162.0.232.193 - - [08/Jun/2025:06:18:39 -0400] "POST /wp-cron.php?doing_wp_cron=1749377919.1559629440307617187500 HTTP/1.1" 200 0 "-" "WordPress/6.7.2; https://w4.junglejuicewebtoon.com"
114.119.157.54 - - [08/Jun/2025:06:18:39 -0400] "GET /manga1/jungle-juice-chapter-94-2/ HTTP/1.1" 200 10614 "https://junglejuicewebtoon.com/tag/volume/" "Mozilla/5.0 (Linux; Android 7.0;) AppleWebKit/537.36 (KHTML, like Gecko) Mobile Safari/537.36 (compatible; PetalBot;+https://webmaster.petalsearch.com/site/petalbot)"
162.0.232.193 - - [08/Jun/2025:06:18:42 -0400] "GET /wp-content/uploads/36f5b53d6c6d3d6b1e9dd0027baac2ed_1435.xml HTTP/1.1" 200 1150 "-" "Mozilla/5.0 (X11; Linux x86_64) AppleWebKit/537.36 (KHTML, like Gecko) Ubuntu Chromium/41.0.2272.76"
81.88.53.143 - - [08/Jun/2025:06:18:59 -0400] "POST /xmlrpc.php HTTP/1.1" 200 186 "https://w4.junglejuicewebtoon.com" "Mozilla/5.0 (Macintosh; Intel Mac OS X 10.15; rv:126.0) Gecko/20100101 Firefox/126.0"
81.88.53.143 - - [08/Jun/2025:06:19:00 -0400] "POST /wp-login.php HTTP/1.1" 200 1993 "https://w4.junglejuicewebtoon.com" "Mozilla/5.0 (Windows NT 11.0; Win64; x64) AppleWebKit/537.36 (KHTML, like Gecko) Chrome/126.0.0.0 Safari/537.36"
162.0.232.193 - - [08/Jun/2025:06:21:58 -0400] "POST /wp-cron.php?doing_wp_cron=1749378118.1547229290008544921875 HTTP/1.1" 200 0 "-" "WordPress/6.7.2; https://w4.junglejuicewebtoon.com"
196.251.84.251 - - [08/Jun/2025:06:21:59 -0400] "GET / HTTP/1.1" 200 10328 "-" "Mozilla/5.0 (Windows NT 10.0; Win64; x64) AppleWebKit/537.36 (KHTML, like Gecko) Chrome/85.0.4183.102 Safari/537.36"
162.0.232.193 - - [08/Jun/2025:06:21:59 -0400] "POST /wp-admin/admin-ajax.php?action=async_litespeed&nonce=UXqTTXyhK0YHKSDYGIo4RJ95Dc3yQiIG&litespeed_type=imgoptm HTTP/1.1" 200 5 "-" "WordPress/6.7.2; https://w4.junglejuicewebtoon.com"
162.0.232.193 - - [08/Jun/2025:06:22:01 -0400] "GET /wp-content/uploads/36f5b53d6c6d3d6b1e9dd0027baac2ed_1435.xml HTTP/1.1" 200 1150 "-" "Mozilla/5.0 (X11; Linux x86_64) AppleWebKit/537.36 (KHTML, like Gecko) Ubuntu Chromium/41.0.2272.76"
43.135.133.194 - - [08/Jun/2025:06:23:52 -0400] "GET /tag/jungle-juice-webtoon/ HTTP/1.1" 301 0 "-" "Mozilla/5.0 (iPhone; CPU iPhone OS 13_2_3 like Mac OS X) AppleWebKit/605.1.15 (KHTML, like Gecko) Version/13.0.3 Mobile/15E148 Safari/604.1"
162.0.232.193 - - [08/Jun/2025:06:24:04 -0400] "POST /wp-cron.php?doing_wp_cron=1749378244.8391690254211425781250 HTTP/1.1" 200 0 "-" "WordPress/6.7.2; https://w4.junglejuicewebtoon.com"
162.0.232.193 - - [08/Jun/2025:06:24:07 -0400] "GET /wp-content/uploads/36f5b53d6c6d3d6b1e9dd0027baac2ed_1435.xml HTTP/1.1" 200 1028 "-" "Mozilla/5.0 (X11; Linux x86_64) AppleWebKit/537.36 (KHTML, like Gecko) Ubuntu Chromium/41.0.2272.76"
43.135.133.194 - - [08/Jun/2025:06:24:10 -0400] "GET / HTTP/1.1" 200 10328 "https://w3.junglejuicewebtoon.com/" "Mozilla/5.0 (iPhone; CPU iPhone OS 13_2_3 like Mac OS X) AppleWebKit/605.1.15 (KHTML, like Gecko) Version/13.0.3 Mobile/15E148 Safari/604.1"
162.0.232.193 - - [08/Jun/2025:06:25:06 -0400] "POST /wp-cron.php?doing_wp_cron=1749378306.4627239704132080078125 HTTP/1.1" 200 0 "-" "WordPress/6.7.2; https://w4.junglejuicewebtoon.com"
162.0.232.193 - - [08/Jun/2025:06:25:06 -0400] "POST /wp-admin/admin-ajax.php?action=async_litespeed&nonce=Z7VA3EOJI9Wbv7Djk4jOGyY8V1mhy1sP&litespeed_type=imgoptm HTTP/1.1" 200 5 "-" "WordPress/6.7.2; https://w4.junglejuicewebtoon.com"
47.128.36.216 - - [08/Jun/2025:06:25:08 -0400] "GET / HTTP/1.1" 200 10328 "-" "Mozilla/5.0 (Linux; Android 5.0) AppleWebKit/537.36 (KHTML, like Gecko) Mobile Safari/537.36 (compatible; Bytespider; [email protected])"
162.0.232.193 - - [08/Jun/2025:06:37:07 -0400] "POST /wp-cron.php?doing_wp_cron=1749379027.8474810123443603515625 HTTP/1.1" 200 0 "-" "WordPress/6.7.2; https://w4.junglejuicewebtoon.com"
162.0.232.193 - - [08/Jun/2025:06:37:09 -0400] "GET /wp-content/uploads/36f5b53d6c6d3d6b1e9dd0027baac2ed_1435.xml HTTP/1.1" 200 1150 "-" "Mozilla/5.0 (X11; Linux x86_64) AppleWebKit/537.36 (KHTML, like Gecko) Ubuntu Chromium/41.0.2272.76"
43.152.72.244 - - [08/Jun/2025:06:32:42 -0400] "GET /manga1/jungle-juice-chapter-66-2/ HTTP/1.1" 200 10597 "-" "Mozilla/5.0 (iPhone; CPU iPhone OS 13_2_3 like Mac OS X) AppleWebKit/605.1.15 (KHTML, like Gecko) Version/13.0.3 Mobile/15E148 Safari/604.1"
162.0.232.193 - - [08/Jun/2025:06:33:08 -0400] "POST /wp-cron.php?doing_wp_cron=1749378788.2782349586486816406250 HTTP/1.1" 200 0 "-" "WordPress/6.7.2; https://w4.junglejuicewebtoon.com"
162.0.232.193 - - [08/Jun/2025:06:33:11 -0400] "GET /wp-content/uploads/36f5b53d6c6d3d6b1e9dd0027baac2ed_1435.xml HTTP/1.1" 200 1150 "-" "Mozilla/5.0 (X11; Linux x86_64) AppleWebKit/537.36 (KHTML, like Gecko) Ubuntu Chromium/41.0.2272.76"
52.178.176.182 - - [08/Jun/2025:06:33:49 -0400] "GET /wp-login.php?redirect_to=https%3A%2F%2Fw3.junglejuicewebtoon.com%2Fwp-admin%2Fusers.php&reauth=1 HTTP/1.1" 200 1858 "-" "-"
52.178.176.182 - - [08/Jun/2025:06:33:53 -0400] "GET /wp-login.php?redirect_to=https%3A%2F%2Fw3.junglejuicewebtoon.com%2Fwp-admin%2Fnetwork%2Findex.php&reauth=1 HTTP/1.1" 200 1862 "-" "-"
162.0.232.193 - - [08/Jun/2025:06:34:54 -0400] "POST /wp-cron.php?doing_wp_cron=1749378893.8989369869232177734375 HTTP/1.1" 200 0 "-" "WordPress/6.7.2; https://w4.junglejuicewebtoon.com"
162.0.232.193 - - [08/Jun/2025:06:34:54 -0400] "POST /wp-admin/admin-ajax.php?action=async_litespeed&nonce=VkVDzZ4jQkh2QKvB7argIwr8OxYalCgH&litespeed_type=imgoptm HTTP/1.1" 200 5 "-" "WordPress/6.7.2; https://w4.junglejuicewebtoon.com"
43.157.147.3 - - [08/Jun/2025:06:34:55 -0400] "GET / HTTP/1.1" 200 10328 "https://www.junglejuicewebtoon.com/" "Mozilla/5.0 (iPhone; CPU iPhone OS 13_2_3 like Mac OS X) AppleWebKit/605.1.15 (KHTML, like Gecko) Version/13.0.3 Mobile/15E148 Safari/604.1"
162.0.232.193 - - [08/Jun/2025:06:34:56 -0400] "GET /wp-content/uploads/36f5b53d6c6d3d6b1e9dd0027baac2ed_1435.xml HTTP/1.1" 200 1150 "-" "Mozilla/5.0 (X11; Linux x86_64) AppleWebKit/537.36 (KHTML, like Gecko) Ubuntu Chromium/41.0.2272.76"
162.0.232.193 - - [08/Jun/2025:06:36:12 -0400] "POST /wp-cron.php?doing_wp_cron=1749378972.0095040798187255859375 HTTP/1.1" 200 0 "-" "WordPress/6.7.2; https://w4.junglejuicewebtoon.com"
159.198.79.246 - - [08/Jun/2025:06:36:11 -0400] "POST /xmlrpc.php HTTP/1.1" 200 205 "-" "Mozilla/5.0 (X11; Ubuntu; Linux x86_64; rv:85.0) Gecko/20100101 Firefox/91.0"
162.0.232.193 - - [08/Jun/2025:06:36:12 -0400] "POST /wp-admin/admin-ajax.php?action=async_litespeed&nonce=EyA6lszAMW4jdF9QnZdJXW1DbRcdAoQR&litespeed_type=imgoptm HTTP/1.1" 200 5 "-" "WordPress/6.7.2; https://w4.junglejuicewebtoon.com"
162.0.232.193 - - [08/Jun/2025:06:40:15 -0400] "POST /wp-cron.php?doing_wp_cron=1749379215.0890960693359375000000 HTTP/1.1" 200 0 "-" "WordPress/6.7.2; https://w4.junglejuicewebtoon.com"
162.0.232.193 - - [08/Jun/2025:06:40:15 -0400] "POST /wp-admin/admin-ajax.php?action=async_litespeed&nonce=nd9afxbtbDep8B8EgE0g3OCz7NT1LsOO&litespeed_type=imgoptm HTTP/1.1" 200 5 "-" "WordPress/6.7.2; https://w4.junglejuicewebtoon.com"
66.249.70.64 - - [08/Jun/2025:06:40:13 -0400] "POST /wp-admin/admin-ajax.php HTTP/1.1" 200 69 "https://w4.junglejuicewebtoon.com/manga1/jungle-juice-chapter-10-2/" "Mozilla/5.0 (Linux; Android 6.0.1; Nexus 5X Build/MMB29P) AppleWebKit/537.36 (KHTML, like Gecko) Chrome/136.0.7103.92 Mobile Safari/537.36 (compatible; Googlebot/2.1; +http://www.google.com/bot.html)"
162.0.232.193 - - [08/Jun/2025:06:40:18 -0400] "GET /wp-content/uploads/36f5b53d6c6d3d6b1e9dd0027baac2ed_1435.xml HTTP/1.1" 200 1150 "-" "Mozilla/5.0 (X11; Linux x86_64) AppleWebKit/537.36 (KHTML, like Gecko) Ubuntu Chromium/41.0.2272.76"
2a0a:4cc0:c0:6444:48b4:c8ff:fea6:ae8d - - [08/Jun/2025:06:40:32 -0400] "POST /xmlrpc.php HTTP/1.1" 200 186 "https://w4.junglejuicewebtoon.com" "Mozilla/5.0 (Windows NT 10.0; Win64; x64; rv:126.0) Gecko/20100101 Firefox/126.0"
2a0a:4cc0:c0:6444:48b4:c8ff:fea6:ae8d - - [08/Jun/2025:06:40:32 -0400] "POST /wp-login.php HTTP/1.1" 200 1993 "https://w4.junglejuicewebtoon.com" "Mozilla/5.0 (Windows NT 10.0; Win64; x64) AppleWebKit/537.36 (KHTML, like Gecko) Chrome/115.0.5790.102 Safari/537.36"
162.0.232.193 - - [08/Jun/2025:06:42:13 -0400] "POST /wp-cron.php?doing_wp_cron=1749379333.3472580909729003906250 HTTP/1.1" 200 0 "-" "WordPress/6.7.2; https://w4.junglejuicewebtoon.com"
43.133.253.253 - - [08/Jun/2025:06:42:11 -0400] "GET /manga1/jungle-juice-chapter-63-2/feed/ HTTP/1.1" 200 421 "-" "Mozilla/5.0 (iPhone; CPU iPhone OS 13_2_3 like Mac OS X) AppleWebKit/605.1.15 (KHTML, like Gecko) Version/13.0.3 Mobile/15E148 Safari/604.1"
162.0.232.193 - - [08/Jun/2025:06:42:13 -0400] "POST /wp-admin/admin-ajax.php?action=async_litespeed&nonce=sjSVfgalZ0hVFhW9j3kb8tUTo8indO72&litespeed_type=imgoptm HTTP/1.1" 200 5 "-" "WordPress/6.7.2; https://w4.junglejuicewebtoon.com"
162.0.232.193 - - [08/Jun/2025:06:42:15 -0400] "GET /wp-content/uploads/36f5b53d6c6d3d6b1e9dd0027baac2ed_1435.xml HTTP/1.1" 200 1150 "-" "Mozilla/5.0 (X11; Linux x86_64) AppleWebKit/537.36 (KHTML, like Gecko) Ubuntu Chromium/41.0.2272.76"
162.0.232.193 - - [08/Jun/2025:06:53:01 -0400] "POST /wp-cron.php?doing_wp_cron=1749379981.6701459884643554687500 HTTP/1.1" 200 0 "-" "WordPress/6.7.2; https://w4.junglejuicewebtoon.com"
170.106.160.90 - - [08/Jun/2025:06:52:59 -0400] "GET /wp-json/oembed/1.0/embed?url=https%3A%2F%2Fw4.junglejuicewebtoon.com%2Fmanga1%2Fjungle-juice-chapter-63-2%2F HTTP/1.1" 200 2539 "-" "Mozilla/5.0 (iPhone; CPU iPhone OS 13_2_3 like Mac OS X) AppleWebKit/605.1.15 (KHTML, like Gecko) Version/13.0.3 Mobile/15E148 Safari/604.1"
162.0.232.193 - - [08/Jun/2025:06:53:03 -0400] "GET /wp-content/uploads/36f5b53d6c6d3d6b1e9dd0027baac2ed_1435.xml HTTP/1.1" 200 1150 "-" "Mozilla/5.0 (X11; Linux x86_64) AppleWebKit/537.36 (KHTML, like Gecko) Ubuntu Chromium/41.0.2272.76"
162.0.232.193 - - [08/Jun/2025:06:54:49 -0400] "POST /wp-cron.php?doing_wp_cron=1749380089.6687860488891601562500 HTTP/1.1" 200 0 "-" "WordPress/6.7.2; https://w4.junglejuicewebtoon.com"
162.0.232.193 - - [08/Jun/2025:06:54:51 -0400] "POST /wp-admin/admin-ajax.php?action=async_litespeed&nonce=tCd3AvFlIH0QPgcNY5S7Yh8HSGoDXYSz&litespeed_type=imgoptm HTTP/1.1" 200 5 "-" "WordPress/6.7.2; https://w4.junglejuicewebtoon.com"
162.0.232.193 - - [08/Jun/2025:06:54:53 -0400] "GET /wp-content/uploads/36f5b53d6c6d3d6b1e9dd0027baac2ed_1435.xml HTTP/1.1" 200 1150 "-" "Mozilla/5.0 (X11; Linux x86_64) AppleWebKit/537.36 (KHTML, like Gecko) Ubuntu Chromium/41.0.2272.76"
162.0.232.193 - - [08/Jun/2025:06:56:54 -0400] "POST /wp-cron.php?doing_wp_cron=1749380214.8163769245147705078125 HTTP/1.1" 200 0 "-" "WordPress/6.7.2; https://w4.junglejuicewebtoon.com"
162.0.232.193 - - [08/Jun/2025:06:56:54 -0400] "POST /wp-cron.php?doing_wp_cron=1749380214.8163199424743652343750 HTTP/1.1" 200 0 "-" "WordPress/6.7.2; https://w4.junglejuicewebtoon.com"
162.0.232.193 - - [08/Jun/2025:06:56:58 -0400] "GET /wp-content/uploads/36f5b53d6c6d3d6b1e9dd0027baac2ed_1435.xml HTTP/1.1" 200 1028 "-" "Mozilla/5.0 (X11; Linux x86_64) AppleWebKit/537.36 (KHTML, like Gecko) Ubuntu Chromium/41.0.2272.76"
185.177.72.179 - - [08/Jun/2025:06:57:45 -0400] "GET / HTTP/1.1" 200 10328 "-" "Mozilla/5.0 (Windows NT 10.0; Win64; x64) AppleWebKit/537.36 (KHTML, like Gecko) Chrome/91.0.4472.124 Safari/537.36"
162.0.232.193 - - [08/Jun/2025:06:58:47 -0400] "POST /wp-cron.php?doing_wp_cron=1749380327.7342329025268554687500 HTTP/1.1" 200 0 "-" "WordPress/6.7.2; https://w4.junglejuicewebtoon.com"
162.0.232.193 - - [08/Jun/2025:06:58:49 -0400] "POST /wp-admin/admin-ajax.php?action=async_litespeed&nonce=wNWWILyLwIG96v07PbNhJdTbxxyWPjGY&litespeed_type=imgoptm HTTP/1.1" 200 5 "-" "WordPress/6.7.2; https://w4.junglejuicewebtoon.com"
162.0.232.193 - - [08/Jun/2025:06:58:51 -0400] "GET /wp-content/uploads/36f5b53d6c6d3d6b1e9dd0027baac2ed_1435.xml HTTP/1.1" 200 1150 "-" "Mozilla/5.0 (X11; Linux x86_64) AppleWebKit/537.36 (KHTML, like Gecko) Ubuntu Chromium/41.0.2272.76"
162.0.232.193 - - [08/Jun/2025:07:01:35 -0400] "POST /wp-cron.php?doing_wp_cron=1749380495.7735519409179687500000 HTTP/1.1" 200 0 "-" "WordPress/6.7.2; https://w4.junglejuicewebtoon.com"
43.155.27.244 - - [08/Jun/2025:07:01:34 -0400] "GET /wp-json/oembed/1.0/embed?url=https%3A%2F%2Fw4.junglejuicewebtoon.com%2Fmanga1%2Fjungle-juice-chapter-54%2F HTTP/1.1" 200 2555 "-" "Mozilla/5.0 (iPhone; CPU iPhone OS 13_2_3 like Mac OS X) AppleWebKit/605.1.15 (KHTML, like Gecko) Version/13.0.3 Mobile/15E148 Safari/604.1"
162.0.232.193 - - [08/Jun/2025:07:01:37 -0400] "GET /wp-content/uploads/36f5b53d6c6d3d6b1e9dd0027baac2ed_1435.xml HTTP/1.1" 200 1150 "-" "Mozilla/5.0 (X11; Linux x86_64) AppleWebKit/537.36 (KHTML, like Gecko) Ubuntu Chromium/41.0.2272.76"
94.231.103.89 - - [08/Jun/2025:07:02:14 -0400] "POST /xmlrpc.php HTTP/1.1" 200 186 "https://w4.junglejuicewebtoon.com" "Mozilla/5.0 (Windows NT 10.0; Win64; x64; rv:125.0.1) Gecko/20100101 Firefox/125.0.1"
94.231.103.89 - - [08/Jun/2025:07:02:14 -0400] "POST /wp-login.php HTTP/1.1" 200 1993 "https://w4.junglejuicewebtoon.com" "Mozilla/5.0 (Macintosh; Intel Mac OS X 14_4_1) AppleWebKit/605.1.15 (KHTML, like Gecko) Version/17.3.1 Safari/605.1.15"
162.0.232.193 - - [08/Jun/2025:07:05:33 -0400] "POST /wp-cron.php?doing_wp_cron=1749380733.4844388961791992187500 HTTP/1.1" 200 0 "-" "WordPress/6.7.2; https://w4.junglejuicewebtoon.com"
141.94.192.177 - - [08/Jun/2025:07:05:31 -0400] "POST /xmlrpc.php HTTP/1.1" 200 205 "-" "Mozilla/5.0 (X11; Ubuntu; Linux x86_64; rv:85.0) Gecko/20100101 Firefox/91.0"
162.0.232.193 - - [08/Jun/2025:07:05:34 -0400] "POST /wp-admin/admin-ajax.php?action=async_litespeed&nonce=Y971db44dJQ6ZCUJdBa0dd27bdS5vo7c&litespeed_type=imgoptm HTTP/1.1" 200 5 "-" "WordPress/6.7.2; https://w4.junglejuicewebtoon.com"
162.0.232.193 - - [08/Jun/2025:07:05:36 -0400] "GET /wp-content/uploads/36f5b53d6c6d3d6b1e9dd0027baac2ed_1435.xml HTTP/1.1" 200 1150 "-" "Mozilla/5.0 (X11; Linux x86_64) AppleWebKit/537.36 (KHTML, like Gecko) Ubuntu Chromium/41.0.2272.76"
162.0.232.193 - - [08/Jun/2025:07:10:30 -0400] "POST /wp-cron.php?doing_wp_cron=1749381030.3351149559020996093750 HTTP/1.1" 200 0 "-" "WordPress/6.7.2; https://w4.junglejuicewebtoon.com"
43.153.102.138 - - [08/Jun/2025:07:10:28 -0400] "GET /?p=1500 HTTP/1.1" 301 0 "-" "Mozilla/5.0 (iPhone; CPU iPhone OS 13_2_3 like Mac OS X) AppleWebKit/605.1.15 (KHTML, like Gecko) Version/13.0.3 Mobile/15E148 Safari/604.1"
162.0.232.193 - - [08/Jun/2025:07:10:30 -0400] "POST /wp-admin/admin-ajax.php?action=async_litespeed&nonce=dv3ph5Z5sJfZpmuXi5gLZ8eaJYZmaQCk&litespeed_type=imgoptm HTTP/1.1" 200 5 "-" "WordPress/6.7.2; https://w4.junglejuicewebtoon.com"
162.0.232.193 - - [08/Jun/2025:07:10:32 -0400] "GET /wp-content/uploads/36f5b53d6c6d3d6b1e9dd0027baac2ed_1435.xml HTTP/1.1" 200 1150 "-" "Mozilla/5.0 (X11; Linux x86_64) AppleWebKit/537.36 (KHTML, like Gecko) Ubuntu Chromium/41.0.2272.76"
43.153.102.138 - - [08/Jun/2025:07:10:33 -0400] "GET /manga1/jungle-juice-chapter-54/ HTTP/1.1" 200 10443 "https://w4.junglejuicewebtoon.com/?p=1500" "Mozilla/5.0 (iPhone; CPU iPhone OS 13_2_3 like Mac OS X) AppleWebKit/605.1.15 (KHTML, like Gecko) Version/13.0.3 Mobile/15E148 Safari/604.1"
162.0.232.193 - - [08/Jun/2025:07:13:00 -0400] "POST /wp-cron.php?doing_wp_cron=1749381180.6191830635070800781250 HTTP/1.1" 200 0 "-" "WordPress/6.7.2; https://w4.junglejuicewebtoon.com"
162.0.232.193 - - [08/Jun/2025:07:13:02 -0400] "POST /wp-admin/admin-ajax.php?action=async_litespeed&nonce=4Ynmnhh67pC2YYixTFHxiKloONkhN8nc&litespeed_type=imgoptm HTTP/1.1" 200 5 "-" "WordPress/6.7.2; https://w4.junglejuicewebtoon.com"
162.0.232.193 - - [08/Jun/2025:07:13:04 -0400] "GET /wp-content/uploads/36f5b53d6c6d3d6b1e9dd0027baac2ed_1435.xml HTTP/1.1" 200 1150 "-" "Mozilla/5.0 (X11; Linux x86_64) AppleWebKit/537.36 (KHTML, like Gecko) Ubuntu Chromium/41.0.2272.76"
162.0.232.193 - - [08/Jun/2025:07:20:57 -0400] "POST /wp-cron.php?doing_wp_cron=1749381656.9898769855499267578125 HTTP/1.1" 200 0 "-" "WordPress/6.7.2; https://w4.junglejuicewebtoon.com"
47.128.27.212 - - [08/Jun/2025:07:20:58 -0400] "GET / HTTP/1.1" 200 10328 "-" "Mozilla/5.0 (Linux; Android 5.0) AppleWebKit/537.36 (KHTML, like Gecko) Mobile Safari/537.36 (compatible; Bytespider; [email protected])"
162.0.232.193 - - [08/Jun/2025:07:21:00 -0400] "GET /wp-content/uploads/36f5b53d6c6d3d6b1e9dd0027baac2ed_1435.xml HTTP/1.1" 200 1150 "-" "Mozilla/5.0 (X11; Linux x86_64) AppleWebKit/537.36 (KHTML, like Gecko) Ubuntu Chromium/41.0.2272.76"
162.0.232.193 - - [08/Jun/2025:07:22:54 -0400] "POST /wp-cron.php?doing_wp_cron=1749381774.0025510787963867187500 HTTP/1.1" 200 0 "-" "WordPress/6.7.2; https://w4.junglejuicewebtoon.com"
43.130.12.43 - - [08/Jun/2025:07:22:52 -0400] "GET /manga1/jungle-juice-chapter-36/ HTTP/1.1" 200 10397 "-" "Mozilla/5.0 (iPhone; CPU iPhone OS 13_2_3 like Mac OS X) AppleWebKit/605.1.15 (KHTML, like Gecko) Version/13.0.3 Mobile/15E148 Safari/604.1"
162.0.232.193 - - [08/Jun/2025:07:22:54 -0400] "POST /wp-admin/admin-ajax.php?action=async_litespeed&nonce=efNZsiYBAbqN1qi4f42aOfW5fadRJgw2&litespeed_type=imgoptm HTTP/1.1" 200 5 "-" "WordPress/6.7.2; https://w4.junglejuicewebtoon.com"
162.0.232.193 - - [08/Jun/2025:07:22:56 -0400] "GET /wp-content/uploads/36f5b53d6c6d3d6b1e9dd0027baac2ed_1435.xml HTTP/1.1" 200 1150 "-" "Mozilla/5.0 (X11; Linux x86_64) AppleWebKit/537.36 (KHTML, like Gecko) Ubuntu Chromium/41.0.2272.76"
162.0.232.193 - - [08/Jun/2025:07:23:56 -0400] "POST /wp-cron.php?doing_wp_cron=1749381836.3055050373077392578125 HTTP/1.1" 200 0 "-" "WordPress/6.7.2; https://w4.junglejuicewebtoon.com"
195.7.5.237 - - [08/Jun/2025:07:23:56 -0400] "POST /xmlrpc.php HTTP/1.1" 200 186 "https://w4.junglejuicewebtoon.com" "Mozilla/5.0 (Windows NT 10.0; Win64; x64) AppleWebKit/537.36 (KHTML, like Gecko) Chrome/112.0.5615.138 Safari/537.36 Edg/112.0.1722.68"
162.0.232.193 - - [08/Jun/2025:07:23:56 -0400] "POST /wp-admin/admin-ajax.php?action=async_litespeed&nonce=ZerNacrGcPbGRYCuhIVIgeAeKa18IHaj&litespeed_type=imgoptm HTTP/1.1" 200 5 "-" "WordPress/6.7.2; https://w4.junglejuicewebtoon.com"
195.7.5.237 - - [08/Jun/2025:07:23:57 -0400] "POST /wp-login.php HTTP/1.1" 200 1993 "https://w4.junglejuicewebtoon.com" "Mozilla/5.0 (Macintosh; Intel Mac OS X 10_15_7) AppleWebKit/537.36 (KHTML, like Gecko) Chrome/112.0.5615.138 Safari/537.36"
162.0.232.193 - - [08/Jun/2025:07:28:57 -0400] "POST /wp-cron.php?doing_wp_cron=1749382137.7010180950164794921875 HTTP/1.1" 200 0 "-" "WordPress/6.7.2; https://w4.junglejuicewebtoon.com"
47.128.55.175 - - [08/Jun/2025:07:28:59 -0400] "GET / HTTP/1.1" 200 10328 "-" "Mozilla/5.0 (Linux; Android 5.0) AppleWebKit/537.36 (KHTML, like Gecko) Mobile Safari/537.36 (compatible; Bytespider; [email protected])"
162.0.232.193 - - [08/Jun/2025:07:29:00 -0400] "GET /wp-content/uploads/36f5b53d6c6d3d6b1e9dd0027baac2ed_1435.xml HTTP/1.1" 200 1028 "-" "Mozilla/5.0 (X11; Linux x86_64) AppleWebKit/537.36 (KHTML, like Gecko) Ubuntu Chromium/41.0.2272.76"
196.251.81.91 - - [08/Jun/2025:07:29:20 -0400] "GET /wp-content/plugins/WordPressCore/include.php HTTP/1.1" 301 0 "-" "Mozlila/5.0 (Linux; Android 7.0; SM-G892A Bulid/NRD90M; wv) AppleWebKit/537.36 (KHTML, like Gecko) Version/4.0 Chrome/60.0.3112.107 Moblie Safari/537.36"
196.251.81.91 - - [08/Jun/2025:07:29:25 -0400] "GET / HTTP/1.1" 200 10328 "-" "Mozlila/5.0 (Linux; Android 7.0; SM-G892A Bulid/NRD90M; wv) AppleWebKit/537.36 (KHTML, like Gecko) Version/4.0 Chrome/60.0.3112.107 Moblie Safari/537.36"
196.251.81.91 - - [08/Jun/2025:07:29:25 -0400] "GET /wp-content/plugins/WordPressCore/include.php HTTP/1.1" 301 0 "-" "Mozlila/5.0 (Linux; Android 7.0; SM-G892A Bulid/NRD90M; wv) AppleWebKit/537.36 (KHTML, like Gecko) Version/4.0 Chrome/60.0.3112.107 Moblie Safari/537.36"
196.251.81.91 - - [08/Jun/2025:07:29:27 -0400] "GET / HTTP/1.1" 200 10328 "-" "Mozlila/5.0 (Linux; Android 7.0; SM-G892A Bulid/NRD90M; wv) AppleWebKit/537.36 (KHTML, like Gecko) Version/4.0 Chrome/60.0.3112.107 Moblie Safari/537.36"
114.119.157.54 - - [08/Jun/2025:07:29:42 -0400] "GET / HTTP/1.1" 200 10328 "https://junglejuicewebtoon.com/tag/jungle-juice-characters/" "Mozilla/5.0 (Linux; Android 7.0;) AppleWebKit/537.36 (KHTML, like Gecko) Mobile Safari/537.36 (compatible; PetalBot;+https://webmaster.petalsearch.com/site/petalbot)"
162.0.232.193 - - [08/Jun/2025:07:32:24 -0400] "POST /wp-cron.php?doing_wp_cron=1749382344.4546170234680175781250 HTTP/1.1" 200 0 "-" "WordPress/6.7.2; https://w4.junglejuicewebtoon.com"
43.135.172.89 - - [08/Jun/2025:07:32:22 -0400] "GET /manga1/jungle-juice-chapter-33/ HTTP/1.1" 200 10893 "-" "Mozilla/5.0 (iPhone; CPU iPhone OS 13_2_3 like Mac OS X) AppleWebKit/605.1.15 (KHTML, like Gecko) Version/13.0.3 Mobile/15E148 Safari/604.1"
162.0.232.193 - - [08/Jun/2025:07:32:24 -0400] "POST /wp-admin/admin-ajax.php?action=async_litespeed&nonce=gHgJG8uhla4bgHpZBPTF7PKXJZyM3yN5&litespeed_type=imgoptm HTTP/1.1" 200 5 "-" "WordPress/6.7.2; https://w4.junglejuicewebtoon.com"
162.0.232.193 - - [08/Jun/2025:07:32:26 -0400] "GET /wp-content/uploads/36f5b53d6c6d3d6b1e9dd0027baac2ed_1435.xml HTTP/1.1" 200 1150 "-" "Mozilla/5.0 (X11; Linux x86_64) AppleWebKit/537.36 (KHTML, like Gecko) Ubuntu Chromium/41.0.2272.76"
162.0.232.193 - - [08/Jun/2025:07:35:11 -0400] "POST /wp-cron.php?doing_wp_cron=1749382511.4131810665130615234375 HTTP/1.1" 200 0 "-" "WordPress/6.7.2; https://w4.junglejuicewebtoon.com"
162.0.232.193 - - [08/Jun/2025:07:35:13 -0400] "POST /wp-admin/admin-ajax.php?action=async_litespeed&nonce=azk2XhWUjdD4uETDuDw3zkrfzTC2zGRS&litespeed_type=imgoptm HTTP/1.1" 200 5 "-" "WordPress/6.7.2; https://w4.junglejuicewebtoon.com"
162.0.232.193 - - [08/Jun/2025:07:35:15 -0400] "GET /wp-content/uploads/36f5b53d6c6d3d6b1e9dd0027baac2ed_1435.xml HTTP/1.1" 200 1028 "-" "Mozilla/5.0 (X11; Linux x86_64) AppleWebKit/537.36 (KHTML, like Gecko) Ubuntu Chromium/41.0.2272.76"
162.0.232.193 - - [08/Jun/2025:07:36:13 -0400] "POST /wp-cron.php?doing_wp_cron=1749382573.3044400215148925781250 HTTP/1.1" 200 0 "-" "WordPress/6.7.2; https://w4.junglejuicewebtoon.com"
162.0.232.193 - - [08/Jun/2025:07:36:13 -0400] "POST /wp-admin/admin-ajax.php?action=async_litespeed&nonce=sgWfUQ49SShQDMytbpWLxl3WSumQ6Ubm&litespeed_type=imgoptm HTTP/1.1" 200 5 "-" "WordPress/6.7.2; https://w4.junglejuicewebtoon.com"
162.0.232.193 - - [08/Jun/2025:07:37:17 -0400] "POST /wp-cron.php?doing_wp_cron=1749382636.9652090072631835937500 HTTP/1.1" 200 0 "-" "WordPress/6.7.2; https://w4.junglejuicewebtoon.com"
162.0.232.193 - - [08/Jun/2025:07:37:20 -0400] "GET /wp-content/uploads/36f5b53d6c6d3d6b1e9dd0027baac2ed_1435.xml HTTP/1.1" 200 1150 "-" "Mozilla/5.0 (X11; Linux x86_64) AppleWebKit/537.36 (KHTML, like Gecko) Ubuntu Chromium/41.0.2272.76"
162.0.232.193 - - [08/Jun/2025:07:41:42 -0400] "POST /wp-cron.php?doing_wp_cron=1749382902.7820630073547363281250 HTTP/1.1" 200 0 "-" "WordPress/6.7.2; https://w4.junglejuicewebtoon.com"
43.166.237.57 - - [08/Jun/2025:07:41:40 -0400] "GET /manga1/jungle-juice-chapter-53/ HTTP/1.1" 200 10498 "-" "Mozilla/5.0 (iPhone; CPU iPhone OS 13_2_3 like Mac OS X) AppleWebKit/605.1.15 (KHTML, like Gecko) Version/13.0.3 Mobile/15E148 Safari/604.1"
162.0.232.193 - - [08/Jun/2025:07:41:43 -0400] "POST /wp-admin/admin-ajax.php?action=async_litespeed&nonce=perN1XQnSaQZyTtgJ5couVqXc3LROypU&litespeed_type=imgoptm HTTP/1.1" 200 5 "-" "WordPress/6.7.2; https://w4.junglejuicewebtoon.com"
162.0.232.193 - - [08/Jun/2025:07:41:45 -0400] "GET /wp-content/uploads/36f5b53d6c6d3d6b1e9dd0027baac2ed_1435.xml HTTP/1.1" 200 1028 "-" "Mozilla/5.0 (X11; Linux x86_64) AppleWebKit/537.36 (KHTML, like Gecko) Ubuntu Chromium/41.0.2272.76"
162.0.232.193 - - [08/Jun/2025:07:42:42 -0400] "POST /wp-cron.php?doing_wp_cron=1749382962.8995499610900878906250 HTTP/1.1" 200 0 "-" "WordPress/6.7.2; https://w4.junglejuicewebtoon.com"
162.0.232.193 - - [08/Jun/2025:07:42:43 -0400] "POST /wp-admin/admin-ajax.php?action=async_litespeed&nonce=wukhsvf0xqUWGiKgw640xz12YR5XZ7EJ&litespeed_type=imgoptm HTTP/1.1" 200 5 "-" "WordPress/6.7.2; https://w4.junglejuicewebtoon.com"
185.247.137.151 - - [08/Jun/2025:07:43:06 -0400] "GET / HTTP/1.1" 200 10328 "https://www.junglejuicewebtoon.com/" "Mozilla/5.0 (compatible; InternetMeasurement/1.0; +https://internet-measurement.com/)"
185.247.137.218 - - [08/Jun/2025:07:43:08 -0400] "GET /favicon.ico HTTP/1.1" 302 0 "-" "Mozilla/5.0 (compatible; InternetMeasurement/1.0; +https://internet-measurement.com/)"
162.0.232.193 - - [08/Jun/2025:07:44:15 -0400] "POST /wp-cron.php?doing_wp_cron=1749383055.3491709232330322265625 HTTP/1.1" 200 0 "-" "WordPress/6.7.2; https://w4.junglejuicewebtoon.com"
66.249.70.67 - - [08/Jun/2025:07:44:13 -0400] "GET /manga1/chapter-18/ HTTP/1.1" 200 9487 "-" "Mozilla/5.0 (Linux; Android 6.0.1; Nexus 5X Build/MMB29P) AppleWebKit/537.36 (KHTML, like Gecko) Chrome/136.0.7103.113 Mobile Safari/537.36 (compatible; Googlebot/2.1; +http://www.google.com/bot.html)"
162.0.232.193 - - [08/Jun/2025:07:44:17 -0400] "GET /wp-content/uploads/36f5b53d6c6d3d6b1e9dd0027baac2ed_1435.xml HTTP/1.1" 200 1150 "-" "Mozilla/5.0 (X11; Linux x86_64) AppleWebKit/537.36 (KHTML, like Gecko) Ubuntu Chromium/41.0.2272.76"
162.0.232.193 - - [08/Jun/2025:07:45:37 -0400] "POST /wp-cron.php?doing_wp_cron=1749383137.7420830726623535156250 HTTP/1.1" 200 0 "-" "WordPress/6.7.2; https://w4.junglejuicewebtoon.com"
217.182.158.226 - - [08/Jun/2025:07:45:37 -0400] "POST /xmlrpc.php HTTP/1.1" 200 186 "https://w4.junglejuicewebtoon.com" "Mozilla/5.0 (Windows NT 10.0; Win64; x64) AppleWebKit/537.36 (KHTML, like Gecko) Chrome/115.0.5790.102 Safari/537.36"
162.0.232.193 - - [08/Jun/2025:07:45:38 -0400] "POST /wp-admin/admin-ajax.php?action=async_litespeed&nonce=YTtbP8LQHg3QsWjbrLq8QmwYFRNIClMb&litespeed_type=imgoptm HTTP/1.1" 200 5 "-" "WordPress/6.7.2; https://w4.junglejuicewebtoon.com"
217.182.158.226 - - [08/Jun/2025:07:45:38 -0400] "POST /wp-login.php HTTP/1.1" 200 1993 "https://w4.junglejuicewebtoon.com" "Mozilla/5.0 (Macintosh; Intel Mac OS X 10_15_7) AppleWebKit/537.36 (KHTML, like Gecko) Chrome/113.0.5672.93 Safari/537.36"
2602:fe45:a01:6eff:4572:e38:5fc:53ff - - [08/Jun/2025:07:51:34 -0400] "GET /wp-content/plugins/simple-social-buttons/assets/js/frontend-blocks.js?ver=5.3.1 HTTP/1.1" 304 0 "https://w4.junglejuicewebtoon.com/manga1/jungle-juice-chapter-160/" "Mozilla/5.0 (Linux; Android 10; K) AppleWebKit/537.36 (KHTML, like Gecko) Chrome/136.0.0.0 Mobile Safari/537.36"
162.0.232.193 - - [08/Jun/2025:07:51:37 -0400] "POST /wp-cron.php?doing_wp_cron=1749383497.2903010845184326171875 HTTP/1.1" 200 0 "-" "WordPress/6.7.2; https://w4.junglejuicewebtoon.com"
162.0.232.193 - - [08/Jun/2025:07:51:37 -0400] "POST /wp-admin/admin-ajax.php?action=async_litespeed&nonce=Jt9Xw5T3OpKJlxCSnMRmsg9m1SjWda0B&litespeed_type=imgoptm HTTP/1.1" 200 5 "-" "WordPress/6.7.2; https://w4.junglejuicewebtoon.com"
2602:fe45:a01:6eff:4572:e38:5fc:53ff - - [08/Jun/2025:07:51:35 -0400] "POST /wp-admin/admin-ajax.php HTTP/1.1" 200 69 "https://w4.junglejuicewebtoon.com/manga1/jungle-juice-chapter-160/" "Mozilla/5.0 (Linux; Android 10; K) AppleWebKit/537.36 (KHTML, like Gecko) Chrome/136.0.0.0 Mobile Safari/537.36"
162.0.232.193 - - [08/Jun/2025:07:51:39 -0400] "GET /wp-content/uploads/36f5b53d6c6d3d6b1e9dd0027baac2ed_1435.xml HTTP/1.1" 200 1028 "-" "Mozilla/5.0 (X11; Linux x86_64) AppleWebKit/537.36 (KHTML, like Gecko) Ubuntu Chromium/41.0.2272.76"
170.106.35.153 - - [08/Jun/2025:07:52:05 -0400] "GET /manga1/jungle-juice-chapter-54/feed/ HTTP/1.1" 200 420 "-" "Mozilla/5.0 (iPhone; CPU iPhone OS 13_2_3 like Mac OS X) AppleWebKit/605.1.15 (KHTML, like Gecko) Version/13.0.3 Mobile/15E148 Safari/604.1"
162.0.232.193 - - [08/Jun/2025:07:53:00 -0400] "POST /wp-cron.php?doing_wp_cron=1749383579.9915759563446044921875 HTTP/1.1" 200 0 "-" "WordPress/6.7.2; https://w4.junglejuicewebtoon.com"
34.168.56.111 - - [08/Jun/2025:07:52:59 -0400] "GET /wp-login.php HTTP/1.1" 200 1851 "-" "Mozilla/5.0 (X11; Ubuntu; Linux x86_64; rv:85.0) Gecko/20100101 Firefox/91.0"
34.168.56.111 - - [08/Jun/2025:07:53:00 -0400] "POST /wp-login.php HTTP/1.1" 200 2008 "-" "Mozilla/5.0 (X11; Ubuntu; Linux x86_64; rv:85.0) Gecko/20100101 Firefox/91.0"
162.0.232.193 - - [08/Jun/2025:07:53:00 -0400] "POST /wp-admin/admin-ajax.php?action=async_litespeed&nonce=1mmRvpvjcNAZflrFfmeaSXpxOwU5fm8P&litespeed_type=imgoptm HTTP/1.1" 200 5 "-" "WordPress/6.7.2; https://w4.junglejuicewebtoon.com"
162.0.232.193 - - [08/Jun/2025:07:53:20 -0400] "POST /wp-cron.php?doing_wp_cron=1749383600.5024790763854980468750 HTTP/1.1" 200 0 "-" "WordPress/6.7.2; https://w4.junglejuicewebtoon.com"
66.249.70.67 - - [08/Jun/2025:07:53:20 -0400] "GET /manga1/jungle-juice-chapter-18/ HTTP/1.1" 200 10356 "-" "Mozilla/5.0 (Linux; Android 6.0.1; Nexus 5X Build/MMB29P) AppleWebKit/537.36 (KHTML, like Gecko) Chrome/136.0.7103.113 Mobile Safari/537.36 (compatible; Googlebot/2.1; +http://www.google.com/bot.html)"
162.0.232.193 - - [08/Jun/2025:07:53:22 -0400] "GET /wp-content/uploads/36f5b53d6c6d3d6b1e9dd0027baac2ed_1435.xml HTTP/1.1" 200 1150 "-" "Mozilla/5.0 (X11; Linux x86_64) AppleWebKit/537.36 (KHTML, like Gecko) Ubuntu Chromium/41.0.2272.76"
114.119.136.160 - - [08/Jun/2025:07:55:47 -0400] "GET /tag/jungle-juice-manga/ HTTP/1.1" 301 0 "https://w4.junglejuicewebtoon.com/manga1/jungle-juice-chapter-83-2/" "Mozilla/5.0 (Linux; Android 7.0;) AppleWebKit/537.36 (KHTML, like Gecko) Mobile Safari/537.36 (compatible; PetalBot;+https://webmaster.petalsearch.com/site/petalbot)"
162.0.232.193 - - [08/Jun/2025:07:55:51 -0400] "POST /wp-cron.php?doing_wp_cron=1749383751.4775691032409667968750 HTTP/1.1" 200 0 "-" "WordPress/6.7.2; https://w4.junglejuicewebtoon.com"
162.0.232.193 - - [08/Jun/2025:07:55:51 -0400] "POST /wp-admin/admin-ajax.php?action=async_litespeed&nonce=ue9w3ZUKdW3u4rzrqBplGjAIe0wyF8EQ&litespeed_type=imgoptm HTTP/1.1" 200 5 "-" "WordPress/6.7.2; https://w4.junglejuicewebtoon.com"
114.119.136.160 - - [08/Jun/2025:07:55:52 -0400] "GET / HTTP/1.1" 200 10328 "https://w4.junglejuicewebtoon.com/manga1/jungle-juice-chapter-83-2/" "Mozilla/5.0 (Linux; Android 7.0;) AppleWebKit/537.36 (KHTML, like Gecko) Mobile Safari/537.36 (compatible; PetalBot;+https://webmaster.petalsearch.com/site/petalbot)"
162.0.232.193 - - [08/Jun/2025:07:55:53 -0400] "GET /wp-content/uploads/36f5b53d6c6d3d6b1e9dd0027baac2ed_1435.xml HTTP/1.1" 200 1150 "-" "Mozilla/5.0 (X11; Linux x86_64) AppleWebKit/537.36 (KHTML, like Gecko) Ubuntu Chromium/41.0.2272.76"
162.0.232.193 - - [08/Jun/2025:08:00:59 -0400] "POST /wp-cron.php?doing_wp_cron=1749384059.7698020935058593750000 HTTP/1.1" 200 0 "-" "WordPress/6.7.2; https://w4.junglejuicewebtoon.com"
162.0.232.193 - - [08/Jun/2025:08:01:03 -0400] "GET /wp-content/uploads/36f5b53d6c6d3d6b1e9dd0027baac2ed_1435.xml HTTP/1.1" 200 1150 "-" "Mozilla/5.0 (X11; Linux x86_64) AppleWebKit/537.36 (KHTML, like Gecko) Ubuntu Chromium/41.0.2272.76"
43.135.133.194 - - [08/Jun/2025:08:02:51 -0400] "GET /manga1/jungle-juice-chapter-54/ HTTP/1.1" 200 10443 "-" "Mozilla/5.0 (iPhone; CPU iPhone OS 13_2_3 like Mac OS X) AppleWebKit/605.1.15 (KHTML, like Gecko) Version/13.0.3 Mobile/15E148 Safari/604.1"
196.251.118.195 - - [08/Jun/2025:08:03:13 -0400] "GET / HTTP/1.1" 200 10328 "-" "Mozlila/5.0 (Linux; Android 7.0; SM-G892A Bulid/NRD90M; wv) AppleWebKit/537.36 (KHTML, like Gecko) Version/4.0 Chrome/60.0.3112.107 Moblie Safari/537.36"
162.0.232.193 - - [08/Jun/2025:08:03:15 -0400] "POST /wp-cron.php?doing_wp_cron=1749384194.8466849327087402343750 HTTP/1.1" 200 0 "-" "WordPress/6.7.2; https://w4.junglejuicewebtoon.com"
162.0.232.193 - - [08/Jun/2025:08:03:15 -0400] "POST /wp-cron.php?doing_wp_cron=1749384194.8397550582885742187500 HTTP/1.1" 200 0 "-" "WordPress/6.7.2; https://w4.junglejuicewebtoon.com"
162.0.232.193 - - [08/Jun/2025:08:03:15 -0400] "POST /wp-cron.php?doing_wp_cron=1749384194.8344919681549072265625 HTTP/1.1" 200 0 "-" "WordPress/6.7.2; https://w4.junglejuicewebtoon.com"
162.0.232.193 - - [08/Jun/2025:08:03:15 -0400] "POST /wp-cron.php?doing_wp_cron=1749384194.8392469882965087890625 HTTP/1.1" 200 0 "-" "WordPress/6.7.2; https://w4.junglejuicewebtoon.com"
162.0.232.193 - - [08/Jun/2025:08:03:15 -0400] "POST /wp-cron.php?doing_wp_cron=1749384194.8344929218292236328125 HTTP/1.1" 200 0 "-" "WordPress/6.7.2; https://w4.junglejuicewebtoon.com"
196.251.118.195 - - [08/Jun/2025:08:03:13 -0400] "GET /wp-content/plugins/apikey/apikey.php?test=hello HTTP/1.1" 301 0 "-" "Mozlila/5.0 (Linux; Android 7.0; SM-G892A Bulid/NRD90M; wv) AppleWebKit/537.36 (KHTML, like Gecko) Version/4.0 Chrome/60.0.3112.107 Moblie Safari/537.36"
196.251.118.195 - - [08/Jun/2025:08:03:13 -0400] "GET /wp-content/themes/seotheme/db.php?u HTTP/1.1" 301 0 "www.google.com" "Mozlila/5.0 (Linux; Android 7.0; SM-G892A Bulid/NRD90M; wv) AppleWebKit/537.36 (KHTML, like Gecko) Version/4.0 Chrome/60.0.3112.107 Moblie Safari/537.36"
196.251.118.195 - - [08/Jun/2025:08:03:13 -0400] "POST /wp-plain.php HTTP/1.1" 301 0 "www.google.com" "Mozilla/5.0 (Linux; Android 7.0; SM-G892A Bulid/NRD90M; wv) AppleWebKit/537.36 (KHTML, like Gecko) Version/4.0 Chrome/60.0.3112.107 Moblie Safari/537.36"
196.251.118.195 - - [08/Jun/2025:08:03:13 -0400] "POST /ALFA_DATA/alfacgiapi/perl.alfa HTTP/1.1" 301 0 "www.google.com" "Mozlila/5.0 (Linux; Android 7.0; SM-G892A Bulid/NRD90M; wv) AppleWebKit/537.36 (KHTML, like Gecko) Version/4.0 Chrome/60.0.3112.107 Moblie Safari/537.36"
196.251.118.195 - - [08/Jun/2025:08:03:13 -0400] "GET /wp-content/plugins/fix/up.php HTTP/1.1" 301 0 "-" "Mozilla/5.0 (Windows NT 10.0; Win64; x64) AppleWebKit/537.36 (KHTML, like Gecko) Chrome/85.0.4183.102 Safari/537.36"
162.0.232.193 - - [08/Jun/2025:08:03:15 -0400] "POST /wp-admin/admin-ajax.php?action=async_litespeed&nonce=42u3Z5g8as5PhRKiHD6lneFnhfWt1qPz&litespeed_type=imgoptm HTTP/1.1" 200 5 "-" "WordPress/6.7.2; https://w4.junglejuicewebtoon.com"
196.251.118.195 - - [08/Jun/2025:08:03:17 -0400] "GET / HTTP/1.1" 200 10328 "-" "Mozlila/5.0 (Linux; Android 7.0; SM-G892A Bulid/NRD90M; wv) AppleWebKit/537.36 (KHTML, like Gecko) Version/4.0 Chrome/60.0.3112.107 Moblie Safari/537.36"
196.251.118.195 - - [08/Jun/2025:08:03:17 -0400] "GET / HTTP/1.1" 200 10328 "www.google.com" "Mozlila/5.0 (Linux; Android 7.0; SM-G892A Bulid/NRD90M; wv) AppleWebKit/537.36 (KHTML, like Gecko) Version/4.0 Chrome/60.0.3112.107 Moblie Safari/537.36"
162.0.232.193 - - [08/Jun/2025:08:03:17 -0400] "GET /wp-content/uploads/36f5b53d6c6d3d6b1e9dd0027baac2ed_1435.xml HTTP/1.1" 200 1150 "-" "Mozilla/5.0 (X11; Linux x86_64) AppleWebKit/537.36 (KHTML, like Gecko) Ubuntu Chromium/41.0.2272.76"
196.251.118.195 - - [08/Jun/2025:08:03:17 -0400] "GET /wp-content/themes/seotheme/db.php?u HTTP/1.1" 301 0 "www.google.com" "Mozlila/5.0 (Linux; Android 7.0; SM-G892A Bulid/NRD90M; wv) AppleWebKit/537.36 (KHTML, like Gecko) Version/4.0 Chrome/60.0.3112.107 Moblie Safari/537.36"
196.251.118.195 - - [08/Jun/2025:08:03:17 -0400] "GET /plugins/content/apismtp/apismtp.php?test=hello HTTP/1.1" 301 0 "-" "Mozlila/5.0 (Linux; Android 7.0; SM-G892A Bulid/NRD90M; wv) AppleWebKit/537.36 (KHTML, like Gecko) Version/4.0 Chrome/60.0.3112.107 Moblie Safari/537.36"
196.251.118.195 - - [08/Jun/2025:08:03:17 -0400] "POST /alfacgiapi/perl.alfa HTTP/1.1" 301 0 "www.google.com" "Mozlila/5.0 (Linux; Android 7.0; SM-G892A Bulid/NRD90M; wv) AppleWebKit/537.36 (KHTML, like Gecko) Version/4.0 Chrome/60.0.3112.107 Moblie Safari/537.36"
196.251.118.195 - - [08/Jun/2025:08:03:17 -0400] "GET / HTTP/1.1" 200 10328 "www.google.com" "Mozlila/5.0 (Linux; Android 7.0; SM-G892A Bulid/NRD90M; wv) AppleWebKit/537.36 (KHTML, like Gecko) Version/4.0 Chrome/60.0.3112.107 Moblie Safari/537.36"
196.251.118.195 - - [08/Jun/2025:08:03:17 -0400] "GET / HTTP/1.1" 200 10328 "-" "Mozlila/5.0 (Linux; Android 7.0; SM-G892A Bulid/NRD90M; wv) AppleWebKit/537.36 (KHTML, like Gecko) Version/4.0 Chrome/60.0.3112.107 Moblie Safari/537.36"
196.251.118.195 - - [08/Jun/2025:08:03:18 -0400] "GET /wp-content/plugins/apikey/apikey.php.suspected?test=hello HTTP/1.1" 301 0 "-" "Mozlila/5.0 (Linux; Android 7.0; SM-G892A Bulid/NRD90M; wv) AppleWebKit/537.36 (KHTML, like Gecko) Version/4.0 Chrome/60.0.3112.107 Moblie Safari/537.36"
196.251.118.195 - - [08/Jun/2025:08:03:18 -0400] "GET / HTTP/1.1" 200 10328 "-" "Mozlila/5.0 (Linux; Android 7.0; SM-G892A Bulid/NRD90M; wv) AppleWebKit/537.36 (KHTML, like Gecko) Version/4.0 Chrome/60.0.3112.107 Moblie Safari/537.36"
196.251.118.195 - - [08/Jun/2025:08:03:18 -0400] "GET /plugins/content/apismtp/apismtp.php.suspected?test=hello HTTP/1.1" 301 0 "-" "Mozlila/5.0 (Linux; Android 7.0; SM-G892A Bulid/NRD90M; wv) AppleWebKit/537.36 (KHTML, like Gecko) Version/4.0 Chrome/60.0.3112.107 Moblie Safari/537.36"
196.251.118.195 - - [08/Jun/2025:08:03:19 -0400] "GET / HTTP/1.1" 200 10328 "-" "Mozlila/5.0 (Linux; Android 7.0; SM-G892A Bulid/NRD90M; wv) AppleWebKit/537.36 (KHTML, like Gecko) Version/4.0 Chrome/60.0.3112.107 Moblie Safari/537.36"
52.5.242.243 - - [08/Jun/2025:08:04:01 -0400] "GET /manga1/jungle-juice-chapter-39/ HTTP/1.1" 200 10443 "-" "Mozilla/5.0 AppleWebKit/537.36 (KHTML, like Gecko; compatible; Amazonbot/0.1; +https://developer.amazon.com/support/amazonbot) Chrome/119.0.6045.214 Safari/537.36"
162.0.232.193 - - [08/Jun/2025:08:07:58 -0400] "POST /wp-cron.php?doing_wp_cron=1749384478.2001149654388427734375 HTTP/1.1" 200 0 "-" "WordPress/6.7.2; https://w4.junglejuicewebtoon.com"
212.227.26.126 - - [08/Jun/2025:08:07:56 -0400] "POST /xmlrpc.php HTTP/1.1" 200 186 "https://w4.junglejuicewebtoon.com" "Mozilla/5.0 (Macintosh; Intel Mac OS X 10_15_7) AppleWebKit/537.36 (KHTML, like Gecko) Chrome/115.0.5790.102 Safari/537.36"
162.0.232.193 - - [08/Jun/2025:08:07:58 -0400] "POST /wp-admin/admin-ajax.php?action=async_litespeed&nonce=a5QPrc8IXx4FeoH7axzEcuuMNDEBuSln&litespeed_type=imgoptm HTTP/1.1" 200 5 "-" "WordPress/6.7.2; https://w4.junglejuicewebtoon.com"
212.227.26.126 - - [08/Jun/2025:08:07:59 -0400] "POST /wp-login.php HTTP/1.1" 200 1992 "https://w4.junglejuicewebtoon.com" "Mozilla/5.0 (Windows NT 10.0; Win64; x64) AppleWebKit/537.36 (KHTML, like Gecko) Chrome/115.0.5790.171 Safari/537.36 Edg/115.0.1901.203"
162.0.232.193 - - [08/Jun/2025:08:08:01 -0400] "GET /wp-content/uploads/36f5b53d6c6d3d6b1e9dd0027baac2ed_1435.xml HTTP/1.1" 200 1028 "-" "Mozilla/5.0 (X11; Linux x86_64) AppleWebKit/537.36 (KHTML, like Gecko) Ubuntu Chromium/41.0.2272.76"
162.0.232.193 - - [08/Jun/2025:08:09:11 -0400] "POST /wp-cron.php?doing_wp_cron=1749384550.9407560825347900390625 HTTP/1.1" 200 0 "-" "WordPress/6.7.2; https://w4.junglejuicewebtoon.com"
162.0.232.193 - - [08/Jun/2025:08:09:11 -0400] "POST /wp-admin/admin-ajax.php?action=async_litespeed&nonce=kXkDo0pG6SVo47kICXmg0mpJCIAn904h&litespeed_type=imgoptm HTTP/1.1" 200 5 "-" "WordPress/6.7.2; https://w4.junglejuicewebtoon.com"
162.0.232.193 - - [08/Jun/2025:08:09:15 -0400] "POST /wp-cron.php?doing_wp_cron=1749384555.5919029712677001953125 HTTP/1.1" 200 0 "-" "WordPress/6.7.2; https://w4.junglejuicewebtoon.com"
18.217.149.209 - - [08/Jun/2025:08:09:18 -0400] "GET / HTTP/1.1" 200 10328 "-" "Mozilla/5.0 (X11; Ubuntu; Linux i686; rv:28.0) Gecko/20100101 Firefox/28.0"
196.251.86.133 - - [08/Jun/2025:08:10:15 -0400] "GET /wp-content/plugins/fix/up.php HTTP/1.1" 301 0 "-" "Mozilla/5.0 (Windows NT 10.0; Win64; x64) AppleWebKit/537.36 (KHTML, like Gecko) Chrome/85.0.4183.102 Safari/537.36"
196.251.86.133 - - [08/Jun/2025:08:10:15 -0400] "GET /wp-content/themes/seotheme/db.php?u HTTP/1.1" 301 0 "www.google.com" "Mozlila/5.0 (Linux; Android 7.0; SM-G892A Bulid/NRD90M; wv) AppleWebKit/537.36 (KHTML, like Gecko) Version/4.0 Chrome/60.0.3112.107 Moblie Safari/537.36"
196.251.86.133 - - [08/Jun/2025:08:10:15 -0400] "GET / HTTP/1.1" 200 10328 "-" "Mozlila/5.0 (Linux; Android 7.0; SM-G892A Bulid/NRD90M; wv) AppleWebKit/537.36 (KHTML, like Gecko) Version/4.0 Chrome/60.0.3112.107 Moblie Safari/537.36"
196.251.86.133 - - [08/Jun/2025:08:10:15 -0400] "POST /wp-plain.php HTTP/1.1" 301 0 "www.google.com" "Mozilla/5.0 (Linux; Android 7.0; SM-G892A Bulid/NRD90M; wv) AppleWebKit/537.36 (KHTML, like Gecko) Version/4.0 Chrome/60.0.3112.107 Moblie Safari/537.36"
162.0.232.193 - - [08/Jun/2025:08:10:16 -0400] "POST /wp-cron.php?doing_wp_cron=1749384615.9065179824829101562500 HTTP/1.1" 200 0 "-" "WordPress/6.7.2; https://w4.junglejuicewebtoon.com"
196.251.86.133 - - [08/Jun/2025:08:10:15 -0400] "POST /ALFA_DATA/alfacgiapi/perl.alfa HTTP/1.1" 301 0 "www.google.com" "Mozlila/5.0 (Linux; Android 7.0; SM-G892A Bulid/NRD90M; wv) AppleWebKit/537.36 (KHTML, like Gecko) Version/4.0 Chrome/60.0.3112.107 Moblie Safari/537.36"
196.251.86.133 - - [08/Jun/2025:08:10:16 -0400] "GET /wp-content/plugins/apikey/apikey.php?test=hello HTTP/1.1" 301 0 "-" "Mozlila/5.0 (Linux; Android 7.0; SM-G892A Bulid/NRD90M; wv) AppleWebKit/537.36 (KHTML, like Gecko) Version/4.0 Chrome/60.0.3112.107 Moblie Safari/537.36"
162.0.232.193 - - [08/Jun/2025:08:10:16 -0400] "POST /wp-admin/admin-ajax.php?action=async_litespeed&nonce=NPogusd76HVDjMRxSvxOkyHGmQzfFAHr&litespeed_type=imgoptm HTTP/1.1" 200 5 "-" "WordPress/6.7.2; https://w4.junglejuicewebtoon.com"
196.251.86.133 - - [08/Jun/2025:08:10:17 -0400] "GET / HTTP/1.1" 200 10328 "www.google.com" "Mozlila/5.0 (Linux; Android 7.0; SM-G892A Bulid/NRD90M; wv) AppleWebKit/537.36 (KHTML, like Gecko) Version/4.0 Chrome/60.0.3112.107 Moblie Safari/537.36"
196.251.86.133 - - [08/Jun/2025:08:10:18 -0400] "GET /wp-content/themes/seotheme/db.php?u HTTP/1.1" 301 0 "www.google.com" "Mozlila/5.0 (Linux; Android 7.0; SM-G892A Bulid/NRD90M; wv) AppleWebKit/537.36 (KHTML, like Gecko) Version/4.0 Chrome/60.0.3112.107 Moblie Safari/537.36"
196.251.86.133 - - [08/Jun/2025:08:10:18 -0400] "GET / HTTP/1.1" 200 10328 "-" "Mozlila/5.0 (Linux; Android 7.0; SM-G892A Bulid/NRD90M; wv) AppleWebKit/537.36 (KHTML, like Gecko) Version/4.0 Chrome/60.0.3112.107 Moblie Safari/537.36"
196.251.86.133 - - [08/Jun/2025:08:10:18 -0400] "POST /alfacgiapi/perl.alfa HTTP/1.1" 301 0 "www.google.com" "Mozlila/5.0 (Linux; Android 7.0; SM-G892A Bulid/NRD90M; wv) AppleWebKit/537.36 (KHTML, like Gecko) Version/4.0 Chrome/60.0.3112.107 Moblie Safari/537.36"
196.251.86.133 - - [08/Jun/2025:08:10:18 -0400] "GET /plugins/content/apismtp/apismtp.php?test=hello HTTP/1.1" 301 0 "-" "Mozlila/5.0 (Linux; Android 7.0; SM-G892A Bulid/NRD90M; wv) AppleWebKit/537.36 (KHTML, like Gecko) Version/4.0 Chrome/60.0.3112.107 Moblie Safari/537.36"
162.0.232.193 - - [08/Jun/2025:08:10:18 -0400] "GET /wp-content/uploads/36f5b53d6c6d3d6b1e9dd0027baac2ed_1435.xml HTTP/1.1" 200 1150 "-" "Mozilla/5.0 (X11; Linux x86_64) AppleWebKit/537.36 (KHTML, like Gecko) Ubuntu Chromium/41.0.2272.76"
196.251.86.133 - - [08/Jun/2025:08:10:18 -0400] "GET / HTTP/1.1" 200 10328 "www.google.com" "Mozlila/5.0 (Linux; Android 7.0; SM-G892A Bulid/NRD90M; wv) AppleWebKit/537.36 (KHTML, like Gecko) Version/4.0 Chrome/60.0.3112.107 Moblie Safari/537.36"
196.251.86.133 - - [08/Jun/2025:08:10:19 -0400] "GET / HTTP/1.1" 200 10328 "-" "Mozlila/5.0 (Linux; Android 7.0; SM-G892A Bulid/NRD90M; wv) AppleWebKit/537.36 (KHTML, like Gecko) Version/4.0 Chrome/60.0.3112.107 Moblie Safari/537.36"
196.251.86.133 - - [08/Jun/2025:08:10:19 -0400] "GET /wp-content/plugins/apikey/apikey.php.suspected?test=hello HTTP/1.1" 301 0 "-" "Mozlila/5.0 (Linux; Android 7.0; SM-G892A Bulid/NRD90M; wv) AppleWebKit/537.36 (KHTML, like Gecko) Version/4.0 Chrome/60.0.3112.107 Moblie Safari/537.36"
196.251.86.133 - - [08/Jun/2025:08:10:20 -0400] "GET / HTTP/1.1" 200 10328 "-" "Mozlila/5.0 (Linux; Android 7.0; SM-G892A Bulid/NRD90M; wv) AppleWebKit/537.36 (KHTML, like Gecko) Version/4.0 Chrome/60.0.3112.107 Moblie Safari/537.36"
196.251.86.133 - - [08/Jun/2025:08:10:20 -0400] "GET /plugins/content/apismtp/apismtp.php.suspected?test=hello HTTP/1.1" 301 0 "-" "Mozlila/5.0 (Linux; Android 7.0; SM-G892A Bulid/NRD90M; wv) AppleWebKit/537.36 (KHTML, like Gecko) Version/4.0 Chrome/60.0.3112.107 Moblie Safari/537.36"
196.251.86.133 - - [08/Jun/2025:08:10:21 -0400] "GET / HTTP/1.1" 200 10328 "-" "Mozlila/5.0 (Linux; Android 7.0; SM-G892A Bulid/NRD90M; wv) AppleWebKit/537.36 (KHTML, like Gecko) Version/4.0 Chrome/60.0.3112.107 Moblie Safari/537.36"
101.33.55.204 - - [08/Jun/2025:08:12:02 -0400] "GET /manga1/jungle-juice-chapter-54/ HTTP/1.1" 200 10443 "-" "Mozilla/5.0 (iPhone; CPU iPhone OS 13_2_3 like Mac OS X) AppleWebKit/605.1.15 (KHTML, like Gecko) Version/13.0.3 Mobile/15E148 Safari/604.1"
162.0.232.193 - - [08/Jun/2025:08:17:19 -0400] "POST /wp-cron.php?doing_wp_cron=1749385038.7880458831787109375000 HTTP/1.1" 200 0 "-" "WordPress/6.7.2; https://w4.junglejuicewebtoon.com"
114.119.154.6 - - [08/Jun/2025:08:17:17 -0400] "GET /manga1/jungle-juice-chapter-87/ HTTP/1.1" 200 10712 "https://junglejuicewebtoon.com/tag/volume/" "Mozilla/5.0 (Linux; Android 7.0;) AppleWebKit/537.36 (KHTML, like Gecko) Mobile Safari/537.36 (compatible; PetalBot;+https://webmaster.petalsearch.com/site/petalbot)"
162.0.232.193 - - [08/Jun/2025:08:17:19 -0400] "POST /wp-admin/admin-ajax.php?action=async_litespeed&nonce=aQ8vCWFKD0BlwLcwrii6Fy0Xt0tf4839&litespeed_type=imgoptm HTTP/1.1" 200 5 "-" "WordPress/6.7.2; https://w4.junglejuicewebtoon.com"
162.0.232.193 - - [08/Jun/2025:08:17:21 -0400] "GET /wp-content/uploads/36f5b53d6c6d3d6b1e9dd0027baac2ed_1435.xml HTTP/1.1" 200 1150 "-" "Mozilla/5.0 (X11; Linux x86_64) AppleWebKit/537.36 (KHTML, like Gecko) Ubuntu Chromium/41.0.2272.76"
162.0.232.193 - - [08/Jun/2025:08:18:40 -0400] "POST /wp-cron.php?doing_wp_cron=1749385120.3845651149749755859375 HTTP/1.1" 200 0 "-" "WordPress/6.7.2; https://w4.junglejuicewebtoon.com"
114.119.133.138 - - [08/Jun/2025:08:18:40 -0400] "GET /manga1/jungle-juice-chapter-123-2/ HTTP/1.1" 200 10711 "https://junglejuicewebtoon.com/tag/volume/" "Mozilla/5.0 (Linux; Android 7.0;) AppleWebKit/537.36 (KHTML, like Gecko) Mobile Safari/537.36 (compatible; PetalBot;+https://webmaster.petalsearch.com/site/petalbot)"
162.0.232.193 - - [08/Jun/2025:08:18:40 -0400] "POST /wp-admin/admin-ajax.php?action=async_litespeed&nonce=NChUwk3eDKZnY90dYLTMLeLtTcXEHZq2&litespeed_type=imgoptm HTTP/1.1" 200 5 "-" "WordPress/6.7.2; https://w4.junglejuicewebtoon.com"
162.0.232.193 - - [08/Jun/2025:08:19:25 -0400] "POST /wp-cron.php?doing_wp_cron=1749385165.5029819011688232421875 HTTP/1.1" 200 0 "-" "WordPress/6.7.2; https://w4.junglejuicewebtoon.com"
162.0.232.193 - - [08/Jun/2025:08:19:26 -0400] "POST /wp-admin/admin-ajax.php?action=async_litespeed&nonce=TafRQzEGA3tDSMnZhJFaBW1SSV5foRoq&litespeed_type=imgoptm HTTP/1.1" 200 5 "-" "WordPress/6.7.2; https://w4.junglejuicewebtoon.com"
162.0.232.193 - - [08/Jun/2025:08:19:28 -0400] "GET /wp-content/uploads/36f5b53d6c6d3d6b1e9dd0027baac2ed_1435.xml HTTP/1.1" 200 1150 "-" "Mozilla/5.0 (X11; Linux x86_64) AppleWebKit/537.36 (KHTML, like Gecko) Ubuntu Chromium/41.0.2272.76"
162.0.232.193 - - [08/Jun/2025:08:21:21 -0400] "POST /wp-cron.php?doing_wp_cron=1749385281.0531280040740966796875 HTTP/1.1" 200 0 "-" "WordPress/6.7.2; https://w4.junglejuicewebtoon.com"
43.135.186.135 - - [08/Jun/2025:08:21:23 -0400] "GET / HTTP/1.1" 200 10328 "https://w3.junglejuicewebtoon.com/" "Mozilla/5.0 (iPhone; CPU iPhone OS 13_2_3 like Mac OS X) AppleWebKit/605.1.15 (KHTML, like Gecko) Version/13.0.3 Mobile/15E148 Safari/604.1"
162.0.232.193 - - [08/Jun/2025:08:21:23 -0400] "POST /wp-admin/admin-ajax.php?action=async_litespeed&nonce=vQSIz3AnOuearqLQxvNHnSco7yMcpb4Z&litespeed_type=imgoptm HTTP/1.1" 200 5 "-" "WordPress/6.7.2; https://w4.junglejuicewebtoon.com"
162.0.232.193 - - [08/Jun/2025:08:21:24 -0400] "GET /wp-content/uploads/36f5b53d6c6d3d6b1e9dd0027baac2ed_1435.xml HTTP/1.1" 200 1150 "-" "Mozilla/5.0 (X11; Linux x86_64) AppleWebKit/537.36 (KHTML, like Gecko) Ubuntu Chromium/41.0.2272.76"
216.73.216.101 - - [08/Jun/2025:08:22:36 -0400] "GET /robots.txt HTTP/1.1" 304 0 "-" "Mozilla/5.0 AppleWebKit/537.36 (KHTML, like Gecko; compatible; ClaudeBot/1.0; [email protected])"
162.0.232.193 - - [08/Jun/2025:08:22:36 -0400] "POST /wp-cron.php?doing_wp_cron=1749385356.5193529129028320312500 HTTP/1.1" 200 0 "-" "WordPress/6.7.2; https://w4.junglejuicewebtoon.com"
