162.0.232.193 - - [08/Jun/2025:15:50:30 -0400] "POST /wp-cron.php?doing_wp_cron=1749412230.2114949226379394531250 HTTP/1.1" 200 0 "-" "WordPress/6.7.2; https://w4.junglejuicewebtoon.com"
162.0.232.193 - - [08/Jun/2025:15:50:45 -0400] "POST /wp-cron.php?doing_wp_cron=1749412245.7278690338134765625000 HTTP/1.1" 200 0 "-" "WordPress/6.7.2; https://w4.junglejuicewebtoon.com"
162.0.232.193 - - [08/Jun/2025:15:50:46 -0400] "POST /wp-admin/admin-ajax.php?action=async_litespeed&nonce=BkWjiGYJaegzlChU32BhHwAY0rcnQOQR&litespeed_type=imgoptm HTTP/1.1" 200 5 "-" "WordPress/6.7.2; https://w4.junglejuicewebtoon.com"
34.236.185.101 - - [08/Jun/2025:15:50:57 -0400] "GET /category/jungle-juice/page/23/ HTTP/1.1" 200 11181 "-" "Mozilla/5.0 AppleWebKit/537.36 (KHTML, like Gecko; compatible; Amazonbot/0.1; +https://developer.amazon.com/support/amazonbot) Chrome/119.0.6045.214 Safari/537.36"
162.0.232.193 - - [08/Jun/2025:15:51:15 -0400] "POST /wp-cron.php?doing_wp_cron=1749412275.2208259105682373046875 HTTP/1.1" 200 0 "-" "WordPress/6.7.2; https://w4.junglejuicewebtoon.com"
162.0.232.193 - - [08/Jun/2025:15:51:17 -0400] "GET /wp-content/uploads/36f5b53d6c6d3d6b1e9dd0027baac2ed_1435.xml HTTP/1.1" 200 1150 "-" "Mozilla/5.0 (X11; Linux x86_64) AppleWebKit/537.36 (KHTML, like Gecko) Ubuntu Chromium/41.0.2272.76"
85.208.96.195 - - [08/Jun/2025:15:51:53 -0400] "GET /robots.txt HTTP/1.1" 304 0 "-" "Mozilla/5.0 (compatible; SemrushBot/7~bl; +http://www.semrush.com/bot.html)"
85.208.96.203 - - [08/Jun/2025:15:51:53 -0400] "GET /manga1/jungle-juice-chapter-32/ HTTP/1.1" 200 10511 "-" "Mozilla/5.0 (compatible; SemrushBot/7~bl; +http://www.semrush.com/bot.html)"
162.0.232.193 - - [08/Jun/2025:15:52:16 -0400] "POST /wp-cron.php?doing_wp_cron=1749412336.0455889701843261718750 HTTP/1.1" 200 0 "-" "WordPress/6.7.2; https://w4.junglejuicewebtoon.com"
162.0.232.193 - - [08/Jun/2025:15:52:16 -0400] "POST /wp-admin/admin-ajax.php?action=async_litespeed&nonce=0paEaA1nDKXM9XGBkoE4BpwjupgOsu0c&litespeed_type=imgoptm HTTP/1.1" 200 5 "-" "WordPress/6.7.2; https://w4.junglejuicewebtoon.com"
162.0.232.193 - - [08/Jun/2025:15:52:30 -0400] "POST /wp-cron.php?doing_wp_cron=1749412350.5165779590606689453125 HTTP/1.1" 200 0 "-" "WordPress/6.7.2; https://w4.junglejuicewebtoon.com"
114.119.133.125 - - [08/Jun/2025:15:52:34 -0400] "GET /manga1/jungle-juice-chapter-69-2/ HTTP/1.1" 200 10595 "http://junglejuicewebtoon.com/" "Mozilla/5.0 (Linux; Android 7.0;) AppleWebKit/537.36 (KHTML, like Gecko) Mobile Safari/537.36 (compatible; PetalBot;+https://webmaster.petalsearch.com/site/petalbot)"
162.0.232.193 - - [08/Jun/2025:15:52:46 -0400] "POST /wp-cron.php?doing_wp_cron=1749412365.9401218891143798828125 HTTP/1.1" 200 0 "-" "WordPress/6.7.2; https://w4.junglejuicewebtoon.com"
162.0.232.193 - - [08/Jun/2025:15:52:46 -0400] "POST /wp-admin/admin-ajax.php?action=async_litespeed&nonce=9IwYGwZXbW77AkjXVvVs1xpDmVmwnNPd&litespeed_type=imgoptm HTTP/1.1" 200 5 "-" "WordPress/6.7.2; https://w4.junglejuicewebtoon.com"
162.0.232.193 - - [08/Jun/2025:15:53:16 -0400] "POST /wp-cron.php?doing_wp_cron=1749412395.9046289920806884765625 HTTP/1.1" 200 0 "-" "WordPress/6.7.2; https://w4.junglejuicewebtoon.com"
162.0.232.193 - - [08/Jun/2025:15:53:17 -0400] "GET /wp-content/uploads/36f5b53d6c6d3d6b1e9dd0027baac2ed_1435.xml HTTP/1.1" 200 1150 "-" "Mozilla/5.0 (X11; Linux x86_64) AppleWebKit/537.36 (KHTML, like Gecko) Ubuntu Chromium/41.0.2272.76"
162.0.232.193 - - [08/Jun/2025:15:54:31 -0400] "POST /wp-cron.php?doing_wp_cron=1749412470.8726379871368408203125 HTTP/1.1" 200 0 "-" "WordPress/6.7.2; https://w4.junglejuicewebtoon.com"
162.0.232.193 - - [08/Jun/2025:15:54:31 -0400] "POST /wp-admin/admin-ajax.php?action=async_litespeed&nonce=01kbhy77b00GcKJ6SbgLwi0kbrHQ3Dxg&litespeed_type=imgoptm HTTP/1.1" 200 5 "-" "WordPress/6.7.2; https://w4.junglejuicewebtoon.com"
162.0.232.193 - - [08/Jun/2025:15:54:45 -0400] "POST /wp-cron.php?doing_wp_cron=1749412485.4402859210968017578125 HTTP/1.1" 200 0 "-" "WordPress/6.7.2; https://w4.junglejuicewebtoon.com"
162.0.232.193 - - [08/Jun/2025:15:54:46 -0400] "POST /wp-admin/admin-ajax.php?action=async_litespeed&nonce=RgFj7Zcz0nMebYorARNVC7RlmbUp7aIf&litespeed_type=imgoptm HTTP/1.1" 200 5 "-" "WordPress/6.7.2; https://w4.junglejuicewebtoon.com"
162.0.232.193 - - [08/Jun/2025:15:55:15 -0400] "POST /wp-cron.php?doing_wp_cron=1749412515.2114439010620117187500 HTTP/1.1" 200 0 "-" "WordPress/6.7.2; https://w4.junglejuicewebtoon.com"
162.0.232.193 - - [08/Jun/2025:15:55:17 -0400] "GET /wp-content/uploads/36f5b53d6c6d3d6b1e9dd0027baac2ed_1435.xml HTTP/1.1" 200 1150 "-" "Mozilla/5.0 (X11; Linux x86_64) AppleWebKit/537.36 (KHTML, like Gecko) Ubuntu Chromium/41.0.2272.76"
162.0.232.193 - - [08/Jun/2025:15:56:15 -0400] "POST /wp-cron.php?doing_wp_cron=1749412575.7030620574951171875000 HTTP/1.1" 200 0 "-" "WordPress/6.7.2; https://w4.junglejuicewebtoon.com"
162.0.232.193 - - [08/Jun/2025:15:56:16 -0400] "POST /wp-admin/admin-ajax.php?action=async_litespeed&nonce=exWcweegWDmct3dO48zrEBZSsB2MGVcS&litespeed_type=imgoptm HTTP/1.1" 200 5 "-" "WordPress/6.7.2; https://w4.junglejuicewebtoon.com"
162.0.232.193 - - [08/Jun/2025:15:56:30 -0400] "POST /wp-cron.php?doing_wp_cron=1749412590.3004250526428222656250 HTTP/1.1" 200 0 "-" "WordPress/6.7.2; https://w4.junglejuicewebtoon.com"
162.0.232.193 - - [08/Jun/2025:15:56:46 -0400] "POST /wp-cron.php?doing_wp_cron=1749412606.0036039352416992187500 HTTP/1.1" 200 0 "-" "WordPress/6.7.2; https://w4.junglejuicewebtoon.com"
162.0.232.193 - - [08/Jun/2025:15:56:46 -0400] "POST /wp-admin/admin-ajax.php?action=async_litespeed&nonce=UVY0W8u3a4z9wl45X2SyCH97EFAxoFSn&litespeed_type=imgoptm HTTP/1.1" 200 5 "-" "WordPress/6.7.2; https://w4.junglejuicewebtoon.com"
162.0.232.193 - - [08/Jun/2025:15:57:16 -0400] "POST /wp-cron.php?doing_wp_cron=1749412636.0644929409027099609375 HTTP/1.1" 200 0 "-" "WordPress/6.7.2; https://w4.junglejuicewebtoon.com"
162.0.232.193 - - [08/Jun/2025:15:57:19 -0400] "GET /wp-content/uploads/36f5b53d6c6d3d6b1e9dd0027baac2ed_1435.xml HTTP/1.1" 200 1150 "-" "Mozilla/5.0 (X11; Linux x86_64) AppleWebKit/537.36 (KHTML, like Gecko) Ubuntu Chromium/41.0.2272.76"
162.0.232.193 - - [08/Jun/2025:15:58:30 -0400] "POST /wp-cron.php?doing_wp_cron=1749412710.1545929908752441406250 HTTP/1.1" 200 0 "-" "WordPress/6.7.2; https://w4.junglejuicewebtoon.com"
162.0.232.193 - - [08/Jun/2025:15:58:30 -0400] "POST /wp-admin/admin-ajax.php?action=async_litespeed&nonce=UUHKmcE2mTAlSskxZsr0BT2Owy9KPrw9&litespeed_type=imgoptm HTTP/1.1" 200 5 "-" "WordPress/6.7.2; https://w4.junglejuicewebtoon.com"
162.0.232.193 - - [08/Jun/2025:15:58:46 -0400] "POST /wp-cron.php?doing_wp_cron=1749412726.0855000019073486328125 HTTP/1.1" 200 0 "-" "WordPress/6.7.2; https://w4.junglejuicewebtoon.com"
162.0.232.193 - - [08/Jun/2025:15:58:46 -0400] "POST /wp-admin/admin-ajax.php?action=async_litespeed&nonce=GUCIIutFXV05GuXYqQ0XPugADhD4Xcuk&litespeed_type=imgoptm HTTP/1.1" 200 5 "-" "WordPress/6.7.2; https://w4.junglejuicewebtoon.com"
162.0.232.193 - - [08/Jun/2025:15:59:16 -0400] "POST /wp-cron.php?doing_wp_cron=1749412756.0139780044555664062500 HTTP/1.1" 200 0 "-" "WordPress/6.7.2; https://w4.junglejuicewebtoon.com"
162.0.232.193 - - [08/Jun/2025:15:59:17 -0400] "GET /wp-content/uploads/36f5b53d6c6d3d6b1e9dd0027baac2ed_1435.xml HTTP/1.1" 200 1150 "-" "Mozilla/5.0 (X11; Linux x86_64) AppleWebKit/537.36 (KHTML, like Gecko) Ubuntu Chromium/41.0.2272.76"
216.73.216.101 - - [08/Jun/2025:15:59:30 -0400] "GET /sitemap_index.xml HTTP/1.1" 200 333 "-" "Mozilla/5.0 AppleWebKit/537.36 (KHTML, like Gecko; compatible; ClaudeBot/1.0; [email protected])"
162.0.232.193 - - [08/Jun/2025:16:00:30 -0400] "POST /wp-cron.php?doing_wp_cron=1749412830.0931720733642578125000 HTTP/1.1" 200 0 "-" "WordPress/6.7.2; https://w4.junglejuicewebtoon.com"
162.0.232.193 - - [08/Jun/2025:16:00:30 -0400] "POST /wp-admin/admin-ajax.php?action=async_litespeed&nonce=LcapR93XljQPfVJ6SuO7tIYg3tqjFkmv&litespeed_type=imgoptm HTTP/1.1" 200 5 "-" "WordPress/6.7.2; https://w4.junglejuicewebtoon.com"
162.0.232.193 - - [08/Jun/2025:16:00:45 -0400] "POST /wp-cron.php?doing_wp_cron=1749412845.6514370441436767578125 HTTP/1.1" 200 0 "-" "WordPress/6.7.2; https://w4.junglejuicewebtoon.com"
162.0.232.193 - - [08/Jun/2025:16:00:46 -0400] "POST /wp-admin/admin-ajax.php?action=async_litespeed&nonce=blmAbtigVVlDJid2oK9jUS8RutpjAT7o&litespeed_type=imgoptm HTTP/1.1" 200 5 "-" "WordPress/6.7.2; https://w4.junglejuicewebtoon.com"
162.0.232.193 - - [08/Jun/2025:16:01:16 -0400] "POST /wp-cron.php?doing_wp_cron=1749412875.7134070396423339843750 HTTP/1.1" 200 0 "-" "WordPress/6.7.2; https://w4.junglejuicewebtoon.com"
162.0.232.193 - - [08/Jun/2025:16:01:18 -0400] "GET /wp-content/uploads/36f5b53d6c6d3d6b1e9dd0027baac2ed_1435.xml HTTP/1.1" 200 1150 "-" "Mozilla/5.0 (X11; Linux x86_64) AppleWebKit/537.36 (KHTML, like Gecko) Ubuntu Chromium/41.0.2272.76"
162.0.232.193 - - [08/Jun/2025:16:02:15 -0400] "POST /wp-cron.php?doing_wp_cron=1749412935.8071529865264892578125 HTTP/1.1" 200 0 "-" "WordPress/6.7.2; https://w4.junglejuicewebtoon.com"
162.0.232.193 - - [08/Jun/2025:16:02:16 -0400] "POST /wp-admin/admin-ajax.php?action=async_litespeed&nonce=W6EZAfEDIftnO9Cp5rfQHMVYAnWJApg9&litespeed_type=imgoptm HTTP/1.1" 200 5 "-" "WordPress/6.7.2; https://w4.junglejuicewebtoon.com"
162.0.232.193 - - [08/Jun/2025:16:02:30 -0400] "POST /wp-cron.php?doing_wp_cron=1749412950.3383409976959228515625 HTTP/1.1" 200 0 "-" "WordPress/6.7.2; https://w4.junglejuicewebtoon.com"
162.0.232.193 - - [08/Jun/2025:16:02:46 -0400] "POST /wp-cron.php?doing_wp_cron=1749412966.0281970500946044921875 HTTP/1.1" 200 0 "-" "WordPress/6.7.2; https://w4.junglejuicewebtoon.com"
162.0.232.193 - - [08/Jun/2025:16:02:46 -0400] "POST /wp-admin/admin-ajax.php?action=async_litespeed&nonce=WfYv8UI3mnMllpe2DvJk9P14A1rdnVNE&litespeed_type=imgoptm HTTP/1.1" 200 5 "-" "WordPress/6.7.2; https://w4.junglejuicewebtoon.com"
162.0.232.193 - - [08/Jun/2025:16:03:15 -0400] "POST /wp-cron.php?doing_wp_cron=1749412995.3331289291381835937500 HTTP/1.1" 200 0 "-" "WordPress/6.7.2; https://w4.junglejuicewebtoon.com"
162.0.232.193 - - [08/Jun/2025:16:03:16 -0400] "GET /wp-content/uploads/36f5b53d6c6d3d6b1e9dd0027baac2ed_1435.xml HTTP/1.1" 200 1150 "-" "Mozilla/5.0 (X11; Linux x86_64) AppleWebKit/537.36 (KHTML, like Gecko) Ubuntu Chromium/41.0.2272.76"
162.0.232.193 - - [08/Jun/2025:16:04:30 -0400] "POST /wp-cron.php?doing_wp_cron=1749413070.4880020618438720703125 HTTP/1.1" 200 0 "-" "WordPress/6.7.2; https://w4.junglejuicewebtoon.com"
162.0.232.193 - - [08/Jun/2025:16:04:31 -0400] "POST /wp-admin/admin-ajax.php?action=async_litespeed&nonce=b7daCkD2SBEDLPQ3J8M3wUI53cjG2xQw&litespeed_type=imgoptm HTTP/1.1" 200 5 "-" "WordPress/6.7.2; https://w4.junglejuicewebtoon.com"
162.0.232.193 - - [08/Jun/2025:16:04:45 -0400] "POST /wp-cron.php?doing_wp_cron=1749413085.0879619121551513671875 HTTP/1.1" 200 0 "-" "WordPress/6.7.2; https://w4.junglejuicewebtoon.com"
162.0.232.193 - - [08/Jun/2025:16:04:45 -0400] "POST /wp-admin/admin-ajax.php?action=async_litespeed&nonce=92wkoYgQtexRYOfONiPlSYpLrLCoOCTu&litespeed_type=imgoptm HTTP/1.1" 200 5 "-" "WordPress/6.7.2; https://w4.junglejuicewebtoon.com"
162.0.232.193 - - [08/Jun/2025:16:05:15 -0400] "POST /wp-cron.php?doing_wp_cron=1749413115.8992509841918945312500 HTTP/1.1" 200 0 "-" "WordPress/6.7.2; https://w4.junglejuicewebtoon.com"
162.0.232.193 - - [08/Jun/2025:16:05:17 -0400] "GET /wp-content/uploads/36f5b53d6c6d3d6b1e9dd0027baac2ed_1435.xml HTTP/1.1" 200 1150 "-" "Mozilla/5.0 (X11; Linux x86_64) AppleWebKit/537.36 (KHTML, like Gecko) Ubuntu Chromium/41.0.2272.76"
162.0.232.193 - - [08/Jun/2025:16:06:30 -0400] "POST /wp-cron.php?doing_wp_cron=1749413190.1261389255523681640625 HTTP/1.1" 200 0 "-" "WordPress/6.7.2; https://w4.junglejuicewebtoon.com"
114.119.136.160 - - [08/Jun/2025:16:06:30 -0400] "GET /manga1/jungle-juice-chapter-71/ HTTP/1.1" 200 10394 "http://junglejuicewebtoon.com/" "Mozilla/5.0 (Linux; Android 7.0;) AppleWebKit/537.36 (KHTML, like Gecko) Mobile Safari/537.36 (compatible; PetalBot;+https://webmaster.petalsearch.com/site/petalbot)"
162.0.232.193 - - [08/Jun/2025:16:06:30 -0400] "POST /wp-admin/admin-ajax.php?action=async_litespeed&nonce=mim67fMz4Y6CzFfpaDf6fnrMiBUSEe1d&litespeed_type=imgoptm HTTP/1.1" 200 5 "-" "WordPress/6.7.2; https://w4.junglejuicewebtoon.com"
43.156.204.134 - - [08/Jun/2025:16:06:30 -0400] "GET /wp-json/wp/v2/posts/1864 HTTP/1.1" 200 54723 "-" "Mozilla/5.0 (iPhone; CPU iPhone OS 13_2_3 like Mac OS X) AppleWebKit/605.1.15 (KHTML, like Gecko) Version/13.0.3 Mobile/15E148 Safari/604.1"
162.0.232.193 - - [08/Jun/2025:16:06:45 -0400] "POST /wp-cron.php?doing_wp_cron=1749413205.8245029449462890625000 HTTP/1.1" 200 0 "-" "WordPress/6.7.2; https://w4.junglejuicewebtoon.com"
162.0.232.193 - - [08/Jun/2025:16:06:46 -0400] "POST /wp-admin/admin-ajax.php?action=async_litespeed&nonce=965lxQAf7E9Dk0xLqXndRPk0KOL0ZDS3&litespeed_type=imgoptm HTTP/1.1" 200 5 "-" "WordPress/6.7.2; https://w4.junglejuicewebtoon.com"
162.0.232.193 - - [08/Jun/2025:16:07:15 -0400] "POST /wp-cron.php?doing_wp_cron=1749413235.5814769268035888671875 HTTP/1.1" 200 0 "-" "WordPress/6.7.2; https://w4.junglejuicewebtoon.com"
162.0.232.193 - - [08/Jun/2025:16:07:18 -0400] "GET /wp-content/uploads/36f5b53d6c6d3d6b1e9dd0027baac2ed_1435.xml HTTP/1.1" 200 1028 "-" "Mozilla/5.0 (X11; Linux x86_64) AppleWebKit/537.36 (KHTML, like Gecko) Ubuntu Chromium/41.0.2272.76"
162.0.232.193 - - [08/Jun/2025:16:08:31 -0400] "POST /wp-cron.php?doing_wp_cron=1749413310.9781799316406250000000 HTTP/1.1" 200 0 "-" "WordPress/6.7.2; https://w4.junglejuicewebtoon.com"
162.0.232.193 - - [08/Jun/2025:16:08:31 -0400] "POST /wp-admin/admin-ajax.php?action=async_litespeed&nonce=dNWRYMJTeeUFYqbbfBoHF0AG968WBwTE&litespeed_type=imgoptm HTTP/1.1" 200 5 "-" "WordPress/6.7.2; https://w4.junglejuicewebtoon.com"
162.0.232.193 - - [08/Jun/2025:16:08:45 -0400] "POST /wp-cron.php?doing_wp_cron=1749413325.6319510936737060546875 HTTP/1.1" 200 0 "-" "WordPress/6.7.2; https://w4.junglejuicewebtoon.com"
162.0.232.193 - - [08/Jun/2025:16:08:46 -0400] "POST /wp-admin/admin-ajax.php?action=async_litespeed&nonce=XwWFrr8dortnbxogYNjoTlD4bSz83J0G&litespeed_type=imgoptm HTTP/1.1" 200 5 "-" "WordPress/6.7.2; https://w4.junglejuicewebtoon.com"
162.0.232.193 - - [08/Jun/2025:16:09:15 -0400] "POST /wp-cron.php?doing_wp_cron=1749413355.6619360446929931640625 HTTP/1.1" 200 0 "-" "WordPress/6.7.2; https://w4.junglejuicewebtoon.com"
162.0.232.193 - - [08/Jun/2025:16:09:17 -0400] "GET /wp-content/uploads/36f5b53d6c6d3d6b1e9dd0027baac2ed_1435.xml HTTP/1.1" 200 1150 "-" "Mozilla/5.0 (X11; Linux x86_64) AppleWebKit/537.36 (KHTML, like Gecko) Ubuntu Chromium/41.0.2272.76"
17.241.75.199 - - [08/Jun/2025:16:10:21 -0400] "GET /manga1/jungle-juice-chapter-126-2/ HTTP/1.1" 200 10535 "-" "Mozilla/5.0 (Macintosh; Intel Mac OS X 10_15_7) AppleWebKit/605.1.15 (KHTML, like Gecko) Version/17.4 Safari/605.1.15 (Applebot/0.1; +http://www.apple.com/go/applebot)"
162.0.232.193 - - [08/Jun/2025:16:10:30 -0400] "POST /wp-cron.php?doing_wp_cron=1749413430.7813069820404052734375 HTTP/1.1" 200 0 "-" "WordPress/6.7.2; https://w4.junglejuicewebtoon.com"
162.0.232.193 - - [08/Jun/2025:16:10:31 -0400] "POST /wp-admin/admin-ajax.php?action=async_litespeed&nonce=WrKUITYV5JxXKWBkS07XTtwFBBZFNCZh&litespeed_type=imgoptm HTTP/1.1" 200 5 "-" "WordPress/6.7.2; https://w4.junglejuicewebtoon.com"
162.0.232.193 - - [08/Jun/2025:16:10:45 -0400] "POST /wp-cron.php?doing_wp_cron=1749413445.3867158889770507812500 HTTP/1.1" 200 0 "-" "WordPress/6.7.2; https://w4.junglejuicewebtoon.com"
162.0.232.193 - - [08/Jun/2025:16:10:46 -0400] "POST /wp-admin/admin-ajax.php?action=async_litespeed&nonce=geNYbwjH4lbppP60svPYVfVDQyOK7rfp&litespeed_type=imgoptm HTTP/1.1" 200 5 "-" "WordPress/6.7.2; https://w4.junglejuicewebtoon.com"
162.0.232.193 - - [08/Jun/2025:16:11:15 -0400] "POST /wp-cron.php?doing_wp_cron=1749413475.4479420185089111328125 HTTP/1.1" 200 0 "-" "WordPress/6.7.2; https://w4.junglejuicewebtoon.com"
162.0.232.193 - - [08/Jun/2025:16:11:17 -0400] "GET /wp-content/uploads/36f5b53d6c6d3d6b1e9dd0027baac2ed_1435.xml HTTP/1.1" 200 1150 "-" "Mozilla/5.0 (X11; Linux x86_64) AppleWebKit/537.36 (KHTML, like Gecko) Ubuntu Chromium/41.0.2272.76"
216.244.66.247 - - [08/Jun/2025:16:11:50 -0400] "GET /robots.txt HTTP/1.1" 304 0 "-" "Mozilla/5.0 (compatible; DotBot/1.2; +https://opensiteexplorer.org/dotbot; [email protected])"
162.0.232.193 - - [08/Jun/2025:16:12:30 -0400] "POST /wp-cron.php?doing_wp_cron=1749413550.4917678833007812500000 HTTP/1.1" 200 0 "-" "WordPress/6.7.2; https://w4.junglejuicewebtoon.com"
162.0.232.193 - - [08/Jun/2025:16:12:30 -0400] "POST /wp-admin/admin-ajax.php?action=async_litespeed&nonce=Iw3trwkuyYCHT2OgCVwyGp8mN8krok22&litespeed_type=imgoptm HTTP/1.1" 200 5 "-" "WordPress/6.7.2; https://w4.junglejuicewebtoon.com"
162.0.232.193 - - [08/Jun/2025:16:12:46 -0400] "POST /wp-cron.php?doing_wp_cron=1749413565.9896481037139892578125 HTTP/1.1" 200 0 "-" "WordPress/6.7.2; https://w4.junglejuicewebtoon.com"
162.0.232.193 - - [08/Jun/2025:16:12:46 -0400] "POST /wp-admin/admin-ajax.php?action=async_litespeed&nonce=9v93qt7PM7m7gz3gh3n4zGgGPcdw1AW3&litespeed_type=imgoptm HTTP/1.1" 200 5 "-" "WordPress/6.7.2; https://w4.junglejuicewebtoon.com"
162.0.232.193 - - [08/Jun/2025:16:13:16 -0400] "POST /wp-cron.php?doing_wp_cron=1749413595.9902429580688476562500 HTTP/1.1" 200 0 "-" "WordPress/6.7.2; https://w4.junglejuicewebtoon.com"
162.0.232.193 - - [08/Jun/2025:16:13:17 -0400] "GET /wp-content/uploads/36f5b53d6c6d3d6b1e9dd0027baac2ed_1435.xml HTTP/1.1" 200 1150 "-" "Mozilla/5.0 (X11; Linux x86_64) AppleWebKit/537.36 (KHTML, like Gecko) Ubuntu Chromium/41.0.2272.76"
162.0.232.193 - - [08/Jun/2025:16:14:30 -0400] "POST /wp-cron.php?doing_wp_cron=1749413670.7555699348449707031250 HTTP/1.1" 200 0 "-" "WordPress/6.7.2; https://w4.junglejuicewebtoon.com"
162.0.232.193 - - [08/Jun/2025:16:14:31 -0400] "POST /wp-admin/admin-ajax.php?action=async_litespeed&nonce=qNuU2BTebQvDftb5mXicInkQkrtDwgC3&litespeed_type=imgoptm HTTP/1.1" 200 5 "-" "WordPress/6.7.2; https://w4.junglejuicewebtoon.com"
162.0.232.193 - - [08/Jun/2025:16:14:45 -0400] "POST /wp-cron.php?doing_wp_cron=1749413685.2259190082550048828125 HTTP/1.1" 200 0 "-" "WordPress/6.7.2; https://w4.junglejuicewebtoon.com"
162.0.232.193 - - [08/Jun/2025:16:14:45 -0400] "POST /wp-admin/admin-ajax.php?action=async_litespeed&nonce=7agCrWM9Z6sDcSNEyRLkhnziI9bTctYd&litespeed_type=imgoptm HTTP/1.1" 200 5 "-" "WordPress/6.7.2; https://w4.junglejuicewebtoon.com"
43.153.35.128 - - [08/Jun/2025:16:14:48 -0400] "GET /tag/jungle-juice-novel/ HTTP/1.1" 301 0 "-" "Mozilla/5.0 (iPhone; CPU iPhone OS 13_2_3 like Mac OS X) AppleWebKit/605.1.15 (KHTML, like Gecko) Version/13.0.3 Mobile/15E148 Safari/604.1"
43.153.35.128 - - [08/Jun/2025:16:14:59 -0400] "GET / HTTP/1.1" 200 10328 "https://w3.junglejuicewebtoon.com/" "Mozilla/5.0 (iPhone; CPU iPhone OS 13_2_3 like Mac OS X) AppleWebKit/605.1.15 (KHTML, like Gecko) Version/13.0.3 Mobile/15E148 Safari/604.1"
162.0.232.193 - - [08/Jun/2025:16:15:15 -0400] "POST /wp-cron.php?doing_wp_cron=1749413715.1249430179595947265625 HTTP/1.1" 200 0 "-" "WordPress/6.7.2; https://w4.junglejuicewebtoon.com"
162.0.232.193 - - [08/Jun/2025:16:15:16 -0400] "GET /wp-content/uploads/36f5b53d6c6d3d6b1e9dd0027baac2ed_1435.xml HTTP/1.1" 200 1150 "-" "Mozilla/5.0 (X11; Linux x86_64) AppleWebKit/537.36 (KHTML, like Gecko) Ubuntu Chromium/41.0.2272.76"
162.0.232.193 - - [08/Jun/2025:16:16:16 -0400] "POST /wp-cron.php?doing_wp_cron=1749413775.7613379955291748046875 HTTP/1.1" 200 0 "-" "WordPress/6.7.2; https://w4.junglejuicewebtoon.com"
162.0.232.193 - - [08/Jun/2025:16:16:16 -0400] "POST /wp-admin/admin-ajax.php?action=async_litespeed&nonce=W3nIcUmZgFrmdE1eERoR6DuVLNOcuqTx&litespeed_type=imgoptm HTTP/1.1" 200 5 "-" "WordPress/6.7.2; https://w4.junglejuicewebtoon.com"
162.0.232.193 - - [08/Jun/2025:16:16:30 -0400] "POST /wp-cron.php?doing_wp_cron=1749413790.5017759799957275390625 HTTP/1.1" 200 0 "-" "WordPress/6.7.2; https://w4.junglejuicewebtoon.com"
162.0.232.193 - - [08/Jun/2025:16:16:45 -0400] "POST /wp-cron.php?doing_wp_cron=1749413805.0976920127868652343750 HTTP/1.1" 200 0 "-" "WordPress/6.7.2; https://w4.junglejuicewebtoon.com"
162.0.232.193 - - [08/Jun/2025:16:16:45 -0400] "POST /wp-admin/admin-ajax.php?action=async_litespeed&nonce=x6RhcdAaQf7us4fRecDvZCtt9A0CZhMZ&litespeed_type=imgoptm HTTP/1.1" 200 5 "-" "WordPress/6.7.2; https://w4.junglejuicewebtoon.com"
162.0.232.193 - - [08/Jun/2025:16:17:15 -0400] "POST /wp-cron.php?doing_wp_cron=1749413835.1099300384521484375000 HTTP/1.1" 200 0 "-" "WordPress/6.7.2; https://w4.junglejuicewebtoon.com"
162.0.232.193 - - [08/Jun/2025:16:17:17 -0400] "GET /wp-content/uploads/36f5b53d6c6d3d6b1e9dd0027baac2ed_1435.xml HTTP/1.1" 200 1150 "-" "Mozilla/5.0 (X11; Linux x86_64) AppleWebKit/537.36 (KHTML, like Gecko) Ubuntu Chromium/41.0.2272.76"
162.0.232.193 - - [08/Jun/2025:16:25:35 -0400] "POST /wp-cron.php?doing_wp_cron=1749414335.4480690956115722656250 HTTP/1.1" 200 0 "-" "WordPress/6.7.2; https://w4.junglejuicewebtoon.com"
162.0.232.193 - - [08/Jun/2025:16:25:37 -0400] "POST /wp-admin/admin-ajax.php?action=async_litespeed&nonce=26b9jP03irQZe8TN4b99UjG7qRZxBnmP&litespeed_type=imgoptm HTTP/1.1" 200 5 "-" "WordPress/6.7.2; https://w4.junglejuicewebtoon.com"
162.0.232.193 - - [08/Jun/2025:16:25:39 -0400] "GET /wp-content/uploads/36f5b53d6c6d3d6b1e9dd0027baac2ed_1435.xml HTTP/1.1" 200 1150 "-" "Mozilla/5.0 (X11; Linux x86_64) AppleWebKit/537.36 (KHTML, like Gecko) Ubuntu Chromium/41.0.2272.76"
104.210.140.129 - - [08/Jun/2025:16:30:59 -0400] "GET /robots.txt HTTP/1.1" 200 121 "-" "Mozilla/5.0 (Macintosh; Intel Mac OS X 10_15_7) AppleWebKit/537.36 (KHTML, like Gecko) Chrome/131.0.0.0 Safari/537.36; compatible; OAI-SearchBot/1.0; +https://openai.com/searchbot"
162.0.232.193 - - [08/Jun/2025:16:31:13 -0400] "POST /wp-cron.php?doing_wp_cron=1749414673.4995939731597900390625 HTTP/1.1" 200 0 "-" "WordPress/6.7.2; https://w4.junglejuicewebtoon.com"
114.119.142.125 - - [08/Jun/2025:16:31:11 -0400] "GET /manga1/jungle-juice-chapter-75-2/ HTTP/1.1" 200 10616 "http://junglejuicewebtoon.com/" "Mozilla/5.0 (Linux; Android 7.0;) AppleWebKit/537.36 (KHTML, like Gecko) Mobile Safari/537.36 (compatible; PetalBot;+https://webmaster.petalsearch.com/site/petalbot)"
2600:387:5:80d::4c - - [08/Jun/2025:16:31:13 -0400] "GET / HTTP/1.1" 200 10328 "-" "Mozilla/5.0 (iPhone; CPU iPhone OS 18_5 like Mac OS X) AppleWebKit/605.1.15 (KHTML, like Gecko) Version/18.5 Mobile/15E148 Safari/604.1"
162.0.232.193 - - [08/Jun/2025:16:31:13 -0400] "POST /wp-admin/admin-ajax.php?action=async_litespeed&nonce=LJYaDy8gdinZ1Pw9JZ1aues1t9u86nSp&litespeed_type=imgoptm HTTP/1.1" 200 5 "-" "WordPress/6.7.2; https://w4.junglejuicewebtoon.com"
2600:387:5:80d::4c - - [08/Jun/2025:16:31:14 -0400] "GET /wp-includes/js/jquery/jquery.min.js?ver=3.7.1 HTTP/1.1" 200 29744 "https://w4.junglejuicewebtoon.com/" "Mozilla/5.0 (iPhone; CPU iPhone OS 18_5 like Mac OS X) AppleWebKit/605.1.15 (KHTML, like Gecko) Version/18.5 Mobile/15E148 Safari/604.1"
2600:387:5:80d::4c - - [08/Jun/2025:16:31:14 -0400] "GET /wp-includes/js/jquery/jquery-migrate.min.js?ver=3.4.1 HTTP/1.1" 304 0 "https://w4.junglejuicewebtoon.com/" "Mozilla/5.0 (iPhone; CPU iPhone OS 18_5 like Mac OS X) AppleWebKit/605.1.15 (KHTML, like Gecko) Version/18.5 Mobile/15E148 Safari/604.1"
2600:387:5:80d::4c - - [08/Jun/2025:16:31:14 -0400] "GET /wp-content/themes/toivo-lite/js/settings.min.js?ver=1.2.0 HTTP/1.1" 304 0 "https://w4.junglejuicewebtoon.com/" "Mozilla/5.0 (iPhone; CPU iPhone OS 18_5 like Mac OS X) AppleWebKit/605.1.15 (KHTML, like Gecko) Version/18.5 Mobile/15E148 Safari/604.1"
2600:387:5:80d::4c - - [08/Jun/2025:16:31:14 -0400] "GET /wp-content/uploads/2024/02/81yoNOPfHkL._AC_UF10001000_QL80_.jpg HTTP/1.1" 200 113317 "https://w4.junglejuicewebtoon.com/" "Mozilla/5.0 (iPhone; CPU iPhone OS 18_5 like Mac OS X) AppleWebKit/605.1.15 (KHTML, like Gecko) Version/18.5 Mobile/15E148 Safari/604.1"
2600:387:5:80d::4c - - [08/Jun/2025:16:31:14 -0400] "GET /wp-content/themes/toivo-lite/js/responsive-nav.min.js?ver=1.2.0 HTTP/1.1" 304 0 "https://w4.junglejuicewebtoon.com/" "Mozilla/5.0 (iPhone; CPU iPhone OS 18_5 like Mac OS X) AppleWebKit/605.1.15 (KHTML, like Gecko) Version/18.5 Mobile/15E148 Safari/604.1"
2600:387:5:80d::4c - - [08/Jun/2025:16:31:14 -0400] "GET /wp-content/themes/toivo-lite/fonts/genericons/genericons/genericons.min.css?ver=3.3 HTTP/1.1" 200 15959 "https://w4.junglejuicewebtoon.com/" "Mozilla/5.0 (iPhone; CPU iPhone OS 18_5 like Mac OS X) AppleWebKit/605.1.15 (KHTML, like Gecko) Version/18.5 Mobile/15E148 Safari/604.1"
2600:387:5:80d::4c - - [08/Jun/2025:16:31:14 -0400] "GET /wp-content/plugins/simple-social-buttons/assets/js/frontend-blocks.js?ver=5.3.1 HTTP/1.1" 304 0 "https://w4.junglejuicewebtoon.com/" "Mozilla/5.0 (iPhone; CPU iPhone OS 18_5 like Mac OS X) AppleWebKit/605.1.15 (KHTML, like Gecko) Version/18.5 Mobile/15E148 Safari/604.1"
2600:387:5:80d::4c - - [08/Jun/2025:16:31:14 -0400] "GET /wp-content/themes/toivo-lite/js/functions.min.js?ver=1.2.0 HTTP/1.1" 304 0 "https://w4.junglejuicewebtoon.com/" "Mozilla/5.0 (iPhone; CPU iPhone OS 18_5 like Mac OS X) AppleWebKit/605.1.15 (KHTML, like Gecko) Version/18.5 Mobile/15E148 Safari/604.1"
2600:387:5:80d::4c - - [08/Jun/2025:16:31:14 -0400] "GET /wp-content/plugins/simple-social-buttons/assets/js/front.js?ver=5.3.1 HTTP/1.1" 304 0 "https://w4.junglejuicewebtoon.com/" "Mozilla/5.0 (iPhone; CPU iPhone OS 18_5 like Mac OS X) AppleWebKit/605.1.15 (KHTML, like Gecko) Version/18.5 Mobile/15E148 Safari/604.1"
2600:387:5:80d::4c - - [08/Jun/2025:16:31:14 -0400] "GET /wp-content/plugins/links-auto-replacer/public/js/lar-public.js?ver=2.0.0 HTTP/1.1" 304 0 "https://w4.junglejuicewebtoon.com/" "Mozilla/5.0 (iPhone; CPU iPhone OS 18_5 like Mac OS X) AppleWebKit/605.1.15 (KHTML, like Gecko) Version/18.5 Mobile/15E148 Safari/604.1"
2600:387:5:80d::4c - - [08/Jun/2025:16:31:14 -0400] "GET /wp-includes/css/dist/block-library/style.min.css?ver=6.7.2 HTTP/1.1" 200 14225 "https://w4.junglejuicewebtoon.com/" "Mozilla/5.0 (iPhone; CPU iPhone OS 18_5 like Mac OS X) AppleWebKit/605.1.15 (KHTML, like Gecko) Version/18.5 Mobile/15E148 Safari/604.1"
2600:387:5:80d::4c - - [08/Jun/2025:16:31:14 -0400] "GET /wp-content/plugins/comic-easel/js/keynav.js HTTP/1.1" 304 0 "https://w4.junglejuicewebtoon.com/" "Mozilla/5.0 (iPhone; CPU iPhone OS 18_5 like Mac OS X) AppleWebKit/605.1.15 (KHTML, like Gecko) Version/18.5 Mobile/15E148 Safari/604.1"
2600:387:5:80d::4c - - [08/Jun/2025:16:31:14 -0400] "GET /wp-content/uploads/2024/02/Jungle_Juice_Webtoon_Infobox.png HTTP/1.1" 200 742626 "https://w4.junglejuicewebtoon.com/" "Mozilla/5.0 (iPhone; CPU iPhone OS 18_5 like Mac OS X) AppleWebKit/605.1.15 (KHTML, like Gecko) Version/18.5 Mobile/15E148 Safari/604.1"
162.0.232.193 - - [08/Jun/2025:16:31:16 -0400] "GET /wp-content/uploads/36f5b53d6c6d3d6b1e9dd0027baac2ed_1435.xml HTTP/1.1" 200 1150 "-" "Mozilla/5.0 (X11; Linux x86_64) AppleWebKit/537.36 (KHTML, like Gecko) Ubuntu Chromium/41.0.2272.76"
2600:387:5:80d::4c - - [08/Jun/2025:16:31:19 -0400] "GET /manga1/jungle-juice-chapter-162/ HTTP/1.1" 200 10560 "https://w4.junglejuicewebtoon.com/" "Mozilla/5.0 (iPhone; CPU iPhone OS 18_5 like Mac OS X) AppleWebKit/605.1.15 (KHTML, like Gecko) Version/18.5 Mobile/15E148 Safari/604.1"
2600:387:5:80d::4c - - [08/Jun/2025:16:31:20 -0400] "GET /wp-content/plugins/disqus-comment-system/public/js/comment_count.js?ver=3.1.2 HTTP/1.1" 304 0 "https://w4.junglejuicewebtoon.com/manga1/jungle-juice-chapter-162/" "Mozilla/5.0 (iPhone; CPU iPhone OS 18_5 like Mac OS X) AppleWebKit/605.1.15 (KHTML, like Gecko) Version/18.5 Mobile/15E148 Safari/604.1"
2600:387:5:80d::4c - - [08/Jun/2025:16:31:20 -0400] "GET /wp-includes/js/comment-reply.min.js?ver=6.7.2 HTTP/1.1" 304 0 "https://w4.junglejuicewebtoon.com/manga1/jungle-juice-chapter-162/" "Mozilla/5.0 (iPhone; CPU iPhone OS 18_5 like Mac OS X) AppleWebKit/605.1.15 (KHTML, like Gecko) Version/18.5 Mobile/15E148 Safari/604.1"
2600:387:5:80d::4c - - [08/Jun/2025:16:31:20 -0400] "GET /wp-content/plugins/wp-automatic/js/main-front.js?ver=6.7.2 HTTP/1.1" 304 0 "https://w4.junglejuicewebtoon.com/manga1/jungle-juice-chapter-162/" "Mozilla/5.0 (iPhone; CPU iPhone OS 18_5 like Mac OS X) AppleWebKit/605.1.15 (KHTML, like Gecko) Version/18.5 Mobile/15E148 Safari/604.1"
2600:387:5:80d::4c - - [08/Jun/2025:16:31:20 -0400] "GET /wp-content/plugins/disqus-comment-system/public/js/comment_embed.js?ver=3.1.2 HTTP/1.1" 304 0 "https://w4.junglejuicewebtoon.com/manga1/jungle-juice-chapter-162/" "Mozilla/5.0 (iPhone; CPU iPhone OS 18_5 like Mac OS X) AppleWebKit/605.1.15 (KHTML, like Gecko) Version/18.5 Mobile/15E148 Safari/604.1"
2600:387:5:80d::4c - - [08/Jun/2025:16:31:20 -0400] "GET /wp-content/plugins/wp-automatic/css/wp-automatic.css?ver=1.0.0 HTTP/1.1" 200 537 "https://w4.junglejuicewebtoon.com/manga1/jungle-juice-chapter-162/" "Mozilla/5.0 (iPhone; CPU iPhone OS 18_5 like Mac OS X) AppleWebKit/605.1.15 (KHTML, like Gecko) Version/18.5 Mobile/15E148 Safari/604.1"
2600:387:5:80d::4c - - [08/Jun/2025:16:31:20 -0400] "GET /wp-content/plugins/simple-social-buttons/assets/fonts/ssb-icon.ttf?eahqa2 HTTP/1.1" 304 0 "https://w4.junglejuicewebtoon.com/" "Mozilla/5.0 (iPhone; CPU iPhone OS 18_5 like Mac OS X) AppleWebKit/605.1.15 (KHTML, like Gecko) Version/18.5 Mobile/15E148 Safari/604.1"
34.195.25.237 - - [08/Jun/2025:16:31:21 -0400] "GET /ads.txt HTTP/1.1" 301 0 "-" "DisqusAdstxtCrawler/0.1 (+https://help.disqus.com/en/articles/1765357-ads-txt-implementation-guide)"
2600:387:5:80d::4c - - [08/Jun/2025:16:31:20 -0400] "POST /wp-admin/admin-ajax.php HTTP/1.1" 200 69 "https://w4.junglejuicewebtoon.com/manga1/jungle-juice-chapter-162/" "Mozilla/5.0 (iPhone; CPU iPhone OS 18_5 like Mac OS X) AppleWebKit/605.1.15 (KHTML, like Gecko) Version/18.5 Mobile/15E148 Safari/604.1"
34.195.25.237 - - [08/Jun/2025:16:31:21 -0400] "GET / HTTP/1.1" 200 10328 "-" "DisqusAdstxtCrawler/0.1 (+https://help.disqus.com/en/articles/1765357-ads-txt-implementation-guide)"
2.58.56.244 - - [08/Jun/2025:16:31:21 -0400] "GET / HTTP/1.1" 200 10328 "binance.com" "Mozilla/5.0 (Windows NT 10.0; Win64; x64) AppleWebKit/537.36 (KHTML, like Gecko) Chrome/90.0.4430.85 Safari/537.36"
2600:387:5:80d::4c - - [08/Jun/2025:16:31:29 -0400] "GET /wp-content/uploads/2024/02/cropped-thumbnail_jungle_juice-192x192.jpg HTTP/1.1" 200 12030 "https://w4.junglejuicewebtoon.com/manga1/jungle-juice-chapter-162/" "Mozilla/5.0 (iPhone; CPU iPhone OS 18_5 like Mac OS X) AppleWebKit/605.1.15 (KHTML, like Gecko) Version/18.5 Mobile/15E148 Safari/604.1"
2.58.56.244 - - [08/Jun/2025:16:31:29 -0400] "GET /wp-login.php?redirect_to=https%3A%2F%2Fw3.junglejuicewebtoon.com%2Fwp-admin%2Fnetwork%2F&reauth=1 HTTP/1.1" 200 1860 "binance.com" "Mozilla/5.0 (Windows NT 10.0; Win64; x64) AppleWebKit/537.36 (KHTML, like Gecko) Chrome/90.0.4430.85 Safari/537.36"
2.58.56.244 - - [08/Jun/2025:16:31:31 -0400] "GET /wp-login.php?redirect_to=https%3A%2F%2Fw3.junglejuicewebtoon.com%2Fwp-admin%2Fuser%2F&reauth=1 HTTP/1.1" 200 1866 "binance.com" "Mozilla/5.0 (Windows NT 10.0; Win64; x64) AppleWebKit/537.36 (KHTML, like Gecko) Chrome/90.0.4430.85 Safari/537.36"
2.58.56.244 - - [08/Jun/2025:16:31:40 -0400] "GET / HTTP/1.1" 200 10328 "binance.com" "Mozilla/5.0 (Windows NT 10.0; Win64; x64) AppleWebKit/537.36 (KHTML, like Gecko) Chrome/90.0.4430.85 Safari/537.36"
162.0.232.193 - - [08/Jun/2025:16:32:49 -0400] "POST /wp-cron.php?doing_wp_cron=1749414769.1597509384155273437500 HTTP/1.1" 200 0 "-" "WordPress/6.7.2; https://w4.junglejuicewebtoon.com"
162.0.232.193 - - [08/Jun/2025:16:32:49 -0400] "POST /wp-admin/admin-ajax.php?action=async_litespeed&nonce=lpKRim83AFnKDkGMT9EdHd0w1NVn8kyT&litespeed_type=imgoptm HTTP/1.1" 200 5 "-" "WordPress/6.7.2; https://w4.junglejuicewebtoon.com"
114.119.154.6 - - [08/Jun/2025:16:32:49 -0400] "GET / HTTP/1.1" 200 10328 "https://junglejuicewebtoon.com/manga/jungle-juice-chapter-14/" "Mozilla/5.0 (Linux; Android 7.0;) AppleWebKit/537.36 (KHTML, like Gecko) Mobile Safari/537.36 (compatible; PetalBot;+https://webmaster.petalsearch.com/site/petalbot)"
162.0.232.193 - - [08/Jun/2025:16:32:51 -0400] "GET /wp-content/uploads/36f5b53d6c6d3d6b1e9dd0027baac2ed_1435.xml HTTP/1.1" 200 1150 "-" "Mozilla/5.0 (X11; Linux x86_64) AppleWebKit/537.36 (KHTML, like Gecko) Ubuntu Chromium/41.0.2272.76"
162.0.232.193 - - [08/Jun/2025:16:35:37 -0400] "POST /wp-cron.php?doing_wp_cron=1749414936.8780269622802734375000 HTTP/1.1" 200 0 "-" "WordPress/6.7.2; https://w4.junglejuicewebtoon.com"
2.58.56.244 - - [08/Jun/2025:16:35:39 -0400] "GET / HTTP/1.1" 200 10328 "binance.com" "Mozilla/5.0 (Windows NT 10.0; Win64; x64) AppleWebKit/537.36 (KHTML, like Gecko) Chrome/90.0.4430.85 Safari/537.36"
162.0.232.193 - - [08/Jun/2025:16:35:41 -0400] "GET /wp-content/uploads/36f5b53d6c6d3d6b1e9dd0027baac2ed_1435.xml HTTP/1.1" 200 1150 "-" "Mozilla/5.0 (X11; Linux x86_64) AppleWebKit/537.36 (KHTML, like Gecko) Ubuntu Chromium/41.0.2272.76"
2.58.56.244 - - [08/Jun/2025:16:35:59 -0400] "GET / HTTP/1.1" 200 10328 "binance.com" "Mozilla/5.0 (Windows NT 10.0; Win64; x64) AppleWebKit/537.36 (KHTML, like Gecko) Chrome/90.0.4430.85 Safari/537.36"
162.0.232.193 - - [08/Jun/2025:16:45:26 -0400] "POST /wp-cron.php?doing_wp_cron=1749415526.1810259819030761718750 HTTP/1.1" 200 0 "-" "WordPress/6.7.2; https://w4.junglejuicewebtoon.com"
2a09:bac2:b1e3:188c::272:59 - - [08/Jun/2025:16:45:27 -0400] "GET / HTTP/1.1" 200 10328 "-" "Mozilla/5.0 (iPhone; CPU iPhone OS 18_5 like Mac OS X) AppleWebKit/605.1.15 (KHTML, like Gecko) Version/18.5 Mobile/15E148 Safari/604.1"
2a09:bac2:b1e3:188c::272:59 - - [08/Jun/2025:16:45:27 -0400] "GET /wp-content/themes/toivo-lite/js/settings.min.js?ver=1.2.0 HTTP/1.1" 304 0 "https://w4.junglejuicewebtoon.com/" "Mozilla/5.0 (iPhone; CPU iPhone OS 18_5 like Mac OS X) AppleWebKit/605.1.15 (KHTML, like Gecko) Version/18.5 Mobile/15E148 Safari/604.1"
2a09:bac2:b1e3:188c::272:59 - - [08/Jun/2025:16:45:27 -0400] "GET /wp-content/plugins/simple-social-buttons/assets/js/front.js?ver=5.3.1 HTTP/1.1" 304 0 "https://w4.junglejuicewebtoon.com/" "Mozilla/5.0 (iPhone; CPU iPhone OS 18_5 like Mac OS X) AppleWebKit/605.1.15 (KHTML, like Gecko) Version/18.5 Mobile/15E148 Safari/604.1"
2a09:bac2:b1e3:188c::272:59 - - [08/Jun/2025:16:45:27 -0400] "GET /wp-content/plugins/comic-easel/js/keynav.js HTTP/1.1" 304 0 "https://w4.junglejuicewebtoon.com/" "Mozilla/5.0 (iPhone; CPU iPhone OS 18_5 like Mac OS X) AppleWebKit/605.1.15 (KHTML, like Gecko) Version/18.5 Mobile/15E148 Safari/604.1"
2a09:bac2:b1e3:188c::272:59 - - [08/Jun/2025:16:45:27 -0400] "GET /wp-includes/js/jquery/jquery.min.js?ver=3.7.1 HTTP/1.1" 304 0 "https://w4.junglejuicewebtoon.com/" "Mozilla/5.0 (iPhone; CPU iPhone OS 18_5 like Mac OS X) AppleWebKit/605.1.15 (KHTML, like Gecko) Version/18.5 Mobile/15E148 Safari/604.1"
2a09:bac2:b1e3:188c::272:59 - - [08/Jun/2025:16:45:27 -0400] "GET /wp-content/themes/toivo-lite/js/responsive-nav.min.js?ver=1.2.0 HTTP/1.1" 304 0 "https://w4.junglejuicewebtoon.com/" "Mozilla/5.0 (iPhone; CPU iPhone OS 18_5 like Mac OS X) AppleWebKit/605.1.15 (KHTML, like Gecko) Version/18.5 Mobile/15E148 Safari/604.1"
2a09:bac2:b1e3:188c::272:59 - - [08/Jun/2025:16:45:27 -0400] "GET /wp-includes/js/jquery/jquery-migrate.min.js?ver=3.4.1 HTTP/1.1" 304 0 "https://w4.junglejuicewebtoon.com/" "Mozilla/5.0 (iPhone; CPU iPhone OS 18_5 like Mac OS X) AppleWebKit/605.1.15 (KHTML, like Gecko) Version/18.5 Mobile/15E148 Safari/604.1"
2a09:bac2:b1e3:188c::272:59 - - [08/Jun/2025:16:45:27 -0400] "GET /wp-content/plugins/links-auto-replacer/public/js/lar-public.js?ver=2.0.0 HTTP/1.1" 304 0 "https://w4.junglejuicewebtoon.com/" "Mozilla/5.0 (iPhone; CPU iPhone OS 18_5 like Mac OS X) AppleWebKit/605.1.15 (KHTML, like Gecko) Version/18.5 Mobile/15E148 Safari/604.1"
2a09:bac2:b1e3:188c::272:59 - - [08/Jun/2025:16:45:27 -0400] "GET /wp-content/plugins/simple-social-buttons/assets/js/frontend-blocks.js?ver=5.3.1 HTTP/1.1" 304 0 "https://w4.junglejuicewebtoon.com/" "Mozilla/5.0 (iPhone; CPU iPhone OS 18_5 like Mac OS X) AppleWebKit/605.1.15 (KHTML, like Gecko) Version/18.5 Mobile/15E148 Safari/604.1"
2a09:bac2:b1e3:188c::272:59 - - [08/Jun/2025:16:45:27 -0400] "GET /wp-content/themes/toivo-lite/js/functions.min.js?ver=1.2.0 HTTP/1.1" 304 0 "https://w4.junglejuicewebtoon.com/" "Mozilla/5.0 (iPhone; CPU iPhone OS 18_5 like Mac OS X) AppleWebKit/605.1.15 (KHTML, like Gecko) Version/18.5 Mobile/15E148 Safari/604.1"
162.0.232.193 - - [08/Jun/2025:16:45:27 -0400] "POST /wp-admin/admin-ajax.php?action=async_litespeed&nonce=KYzLYk968d75d9USqKljNrZgAcaX2L9t&litespeed_type=imgoptm HTTP/1.1" 200 5 "-" "WordPress/6.7.2; https://w4.junglejuicewebtoon.com"
162.0.232.193 - - [08/Jun/2025:16:45:30 -0400] "GET /wp-content/uploads/36f5b53d6c6d3d6b1e9dd0027baac2ed_1435.xml HTTP/1.1" 200 1028 "-" "Mozilla/5.0 (X11; Linux x86_64) AppleWebKit/537.36 (KHTML, like Gecko) Ubuntu Chromium/41.0.2272.76"
162.0.232.193 - - [08/Jun/2025:16:47:47 -0400] "POST /wp-cron.php?doing_wp_cron=1749415666.7920949459075927734375 HTTP/1.1" 200 0 "-" "WordPress/6.7.2; https://w4.junglejuicewebtoon.com"
162.0.232.193 - - [08/Jun/2025:16:47:49 -0400] "POST /wp-admin/admin-ajax.php?action=async_litespeed&nonce=60MSzeJwGCST67phl7KnYa1vwPTNwKua&litespeed_type=imgoptm HTTP/1.1" 200 5 "-" "WordPress/6.7.2; https://w4.junglejuicewebtoon.com"
162.0.232.193 - - [08/Jun/2025:16:47:50 -0400] "GET /wp-content/uploads/36f5b53d6c6d3d6b1e9dd0027baac2ed_1435.xml HTTP/1.1" 200 1150 "-" "Mozilla/5.0 (X11; Linux x86_64) AppleWebKit/537.36 (KHTML, like Gecko) Ubuntu Chromium/41.0.2272.76"
162.0.232.193 - - [08/Jun/2025:16:51:53 -0400] "POST /wp-cron.php?doing_wp_cron=1749415912.9259009361267089843750 HTTP/1.1" 200 0 "-" "WordPress/6.7.2; https://w4.junglejuicewebtoon.com"
134.17.14.12 - - [08/Jun/2025:16:51:51 -0400] "GET /style2.php HTTP/1.1" 301 0 "-" "Mozilla/4.0 (compatible; MSIE 6.0; Windows NT 5.1; SV1)"
162.0.232.193 - - [08/Jun/2025:16:51:54 -0400] "GET /wp-content/uploads/36f5b53d6c6d3d6b1e9dd0027baac2ed_1435.xml HTTP/1.1" 200 1150 "-" "Mozilla/5.0 (X11; Linux x86_64) AppleWebKit/537.36 (KHTML, like Gecko) Ubuntu Chromium/41.0.2272.76"
134.17.14.12 - - [08/Jun/2025:16:51:57 -0400] "GET / HTTP/1.1" 200 10328 "-" "Mozilla/4.0 (compatible; MSIE 6.0; Windows NT 5.1; SV1)"
162.0.232.193 - - [08/Jun/2025:16:53:29 -0400] "POST /wp-cron.php?doing_wp_cron=1749416009.0012919902801513671875 HTTP/1.1" 200 0 "-" "WordPress/6.7.2; https://w4.junglejuicewebtoon.com"
66.249.79.236 - - [08/Jun/2025:16:53:30 -0400] "GET /wp-includes/js/jquery/jquery.min.js?ver=3.7.1 HTTP/1.1" 200 29744 "https://w3.junglejuicewebtoon.com/" "Mozilla/5.0 (Linux; Android 6.0.1; Nexus 5X Build/MMB29P) AppleWebKit/537.36 (KHTML, like Gecko) Chrome/136.0.7103.92 Mobile Safari/537.36 (compatible; Googlebot/2.1; +http://www.google.com/bot.html)"
66.249.79.234 - - [08/Jun/2025:16:53:30 -0400] "GET /wp-content/plugins/simple-social-buttons/assets/js/frontend-blocks.js?ver=5.3.1 HTTP/1.1" 200 0 "https://w3.junglejuicewebtoon.com/" "Mozilla/5.0 (Linux; Android 6.0.1; Nexus 5X Build/MMB29P) AppleWebKit/537.36 (KHTML, like Gecko) Chrome/136.0.7103.92 Mobile Safari/537.36 (compatible; Googlebot/2.1; +http://www.google.com/bot.html)"
162.0.232.193 - - [08/Jun/2025:16:53:30 -0400] "POST /wp-admin/admin-ajax.php?action=async_litespeed&nonce=Y4hBofOP32suKjoCzjTbDMN2v5O4LKfK&litespeed_type=imgoptm HTTP/1.1" 200 5 "-" "WordPress/6.7.2; https://w4.junglejuicewebtoon.com"
162.0.232.193 - - [08/Jun/2025:16:53:32 -0400] "GET /wp-content/uploads/36f5b53d6c6d3d6b1e9dd0027baac2ed_1435.xml HTTP/1.1" 200 1150 "-" "Mozilla/5.0 (X11; Linux x86_64) AppleWebKit/537.36 (KHTML, like Gecko) Ubuntu Chromium/41.0.2272.76"
216.244.66.247 - - [08/Jun/2025:16:54:54 -0400] "GET /robots.txt HTTP/1.1" 304 0 "-" "Mozilla/5.0 (compatible; DotBot/1.2; +https://opensiteexplorer.org/dotbot; [email protected])"
162.0.232.193 - - [08/Jun/2025:16:57:34 -0400] "POST /wp-cron.php?doing_wp_cron=1749416254.7087790966033935546875 HTTP/1.1" 200 0 "-" "WordPress/6.7.2; https://w4.junglejuicewebtoon.com"
114.119.133.138 - - [08/Jun/2025:16:57:33 -0400] "GET /manga1/jungle-juice-chapter-27-2/ HTTP/1.1" 200 10727 "http://junglejuicewebtoon.com/" "Mozilla/5.0 (Linux; Android 7.0;) AppleWebKit/537.36 (KHTML, like Gecko) Mobile Safari/537.36 (compatible; PetalBot;+https://webmaster.petalsearch.com/site/petalbot)"
162.0.232.193 - - [08/Jun/2025:16:57:35 -0400] "POST /wp-admin/admin-ajax.php?action=async_litespeed&nonce=bTnyia5MUo8weabXdEoJozoT0nhnuBAg&litespeed_type=imgoptm HTTP/1.1" 200 5 "-" "WordPress/6.7.2; https://w4.junglejuicewebtoon.com"
162.0.232.193 - - [08/Jun/2025:16:57:38 -0400] "GET /wp-content/uploads/36f5b53d6c6d3d6b1e9dd0027baac2ed_1435.xml HTTP/1.1" 200 1150 "-" "Mozilla/5.0 (X11; Linux x86_64) AppleWebKit/537.36 (KHTML, like Gecko) Ubuntu Chromium/41.0.2272.76"
2600:387:5:80d::4c - - [08/Jun/2025:16:59:51 -0400] "GET /favicon.ico HTTP/1.1" 302 0 "-" "NetworkingExtension/8621.2.5.10.10 Network/4277.122.6 iOS/18.5"
2600:387:5:80d::4c - - [08/Jun/2025:16:59:51 -0400] "GET /wp-content/uploads/2024/02/cropped-thumbnail_jungle_juice-32x32.jpg HTTP/1.1" 304 0 "-" "NetworkingExtension/8621.2.5.10.10 Network/4277.122.6 iOS/18.5"
2600:387:5:80d::4c - - [08/Jun/2025:16:59:51 -0400] "GET / HTTP/1.1" 200 10328 "-" "Mozilla/5.0 (Macintosh; Intel Mac OS X 10_11_1) AppleWebKit/601.2.4 (KHTML, like Gecko) Version/9.0.1 Safari/601.2.4 facebookexternalhit/1.1 Facebot Twitterbot/1.0"
2600:387:5:80d::4c - - [08/Jun/2025:16:59:52 -0400] "GET /wp-content/uploads/2024/02/cropped-thumbnail_jungle_juice-192x192.jpg HTTP/1.1" 200 12030 "-" "NetworkingExtension/8621.2.5.10.10 Network/4277.122.6 iOS/18.5"
2600:387:5:80d::4c - - [08/Jun/2025:16:59:52 -0400] "GET /wp-content/uploads/2024/02/cropped-thumbnail_jungle_juice-180x180.jpg HTTP/1.1" 200 11045 "-" "NetworkingExtension/8621.2.5.10.10 Network/4277.122.6 iOS/18.5"
162.0.232.193 - - [08/Jun/2025:16:59:52 -0400] "POST /wp-cron.php?doing_wp_cron=1749416392.6994719505310058593750 HTTP/1.1" 200 0 "-" "WordPress/6.7.2; https://w4.junglejuicewebtoon.com"
162.0.232.193 - - [08/Jun/2025:16:59:52 -0400] "POST /wp-cron.php?doing_wp_cron=1749416392.7000060081481933593750 HTTP/1.1" 200 0 "-" "WordPress/6.7.2; https://w4.junglejuicewebtoon.com"
2600:387:5:80d::4c - - [08/Jun/2025:16:59:51 -0400] "GET /apple-touch-icon.png HTTP/1.1" 301 0 "-" "NetworkingExtension/8621.2.5.10.10 Network/4277.122.6 iOS/18.5"
2600:387:5:80d::4c - - [08/Jun/2025:16:59:51 -0400] "GET /apple-touch-icon-precomposed.png HTTP/1.1" 301 0 "-" "NetworkingExtension/8621.2.5.10.10 Network/4277.122.6 iOS/18.5"
162.0.232.193 - - [08/Jun/2025:16:59:53 -0400] "POST /wp-admin/admin-ajax.php?action=async_litespeed&nonce=P0UDd7WI1UGfi4FWGRbrEx9PDJv4kdcT&litespeed_type=imgoptm HTTP/1.1" 200 5 "-" "WordPress/6.7.2; https://w4.junglejuicewebtoon.com"
162.0.232.193 - - [08/Jun/2025:16:59:54 -0400] "GET /wp-content/uploads/36f5b53d6c6d3d6b1e9dd0027baac2ed_1435.xml HTTP/1.1" 200 1150 "-" "Mozilla/5.0 (X11; Linux x86_64) AppleWebKit/537.36 (KHTML, like Gecko) Ubuntu Chromium/41.0.2272.76"
2600:387:5:80d::4c - - [08/Jun/2025:16:59:55 -0400] "GET / HTTP/1.1" 200 10328 "-" "NetworkingExtension/8621.2.5.10.10 Network/4277.122.6 iOS/18.5"
2600:387:5:80d::4c - - [08/Jun/2025:16:59:55 -0400] "GET / HTTP/1.1" 200 10328 "-" "NetworkingExtension/8621.2.5.10.10 Network/4277.122.6 iOS/18.5"
162.0.232.193 - - [08/Jun/2025:17:13:04 -0400] "POST /wp-cron.php?doing_wp_cron=1749417184.6201601028442382812500 HTTP/1.1" 200 0 "-" "WordPress/6.7.2; https://w4.junglejuicewebtoon.com"
2a02:247a:26d:1000::1 - - [08/Jun/2025:17:13:05 -0400] "GET / HTTP/1.1" 200 10328 "-" "Mozilla/5.0 (Windows NT 10.0; Win64; x64) AppleWebKit/537.36 (KHTML, like Gecko) Chrome/91.0.4472.114 Safari/537.36 Edg/91.0.864.54"
162.0.232.193 - - [08/Jun/2025:17:13:08 -0400] "GET /wp-content/uploads/36f5b53d6c6d3d6b1e9dd0027baac2ed_1435.xml HTTP/1.1" 200 1028 "-" "Mozilla/5.0 (X11; Linux x86_64) AppleWebKit/537.36 (KHTML, like Gecko) Ubuntu Chromium/41.0.2272.76"
162.0.232.193 - - [08/Jun/2025:17:24:39 -0400] "POST /wp-cron.php?doing_wp_cron=1749417879.7781569957733154296875 HTTP/1.1" 200 0 "-" "WordPress/6.7.2; https://w4.junglejuicewebtoon.com"
162.0.232.193 - - [08/Jun/2025:17:24:41 -0400] "POST /wp-admin/admin-ajax.php?action=async_litespeed&nonce=HNSHXt3f3MsnhZEK9du5xtZv0TSooJxE&litespeed_type=imgoptm HTTP/1.1" 200 5 "-" "WordPress/6.7.2; https://w4.junglejuicewebtoon.com"
162.0.232.193 - - [08/Jun/2025:17:24:44 -0400] "GET /wp-content/uploads/36f5b53d6c6d3d6b1e9dd0027baac2ed_1435.xml HTTP/1.1" 200 1150 "-" "Mozilla/5.0 (X11; Linux x86_64) AppleWebKit/537.36 (KHTML, like Gecko) Ubuntu Chromium/41.0.2272.76"
162.0.232.193 - - [08/Jun/2025:17:28:10 -0400] "POST /wp-cron.php?doing_wp_cron=1749418090.6124579906463623046875 HTTP/1.1" 200 0 "-" "WordPress/6.7.2; https://w4.junglejuicewebtoon.com"
194.87.252.147 - - [08/Jun/2025:17:28:12 -0400] "GET / HTTP/1.1" 200 10328 "-" "Mozilla/5.0 (Macintosh; Intel Mac OS X 10_9_2) AppleWebKit/537.36 (KHTML, like Gecko) Chrome/55.0.2907.17 Safari/537.36"
194.87.252.147 - - [08/Jun/2025:17:28:13 -0400] "POST /wp-content/plugins/wp-automatic/inc/csv.php HTTP/1.1" 403 1242 "https://w4.junglejuicewebtoon.com/" "Mozilla/5.0 (Macintosh; Intel Mac OS X 10_9_2) AppleWebKit/537.36 (KHTML, like Gecko) Chrome/55.0.2907.17 Safari/537.36"
162.0.232.193 - - [08/Jun/2025:17:28:12 -0400] "POST /wp-admin/admin-ajax.php?action=async_litespeed&nonce=LjFWgRKJO42N1PN7uC1k5Y1cFp9OOPiU&litespeed_type=imgoptm HTTP/1.1" 200 5 "-" "WordPress/6.7.2; https://w4.junglejuicewebtoon.com"
162.0.232.193 - - [08/Jun/2025:17:28:15 -0400] "GET /wp-content/uploads/36f5b53d6c6d3d6b1e9dd0027baac2ed_1435.xml HTTP/1.1" 200 1028 "-" "Mozilla/5.0 (X11; Linux x86_64) AppleWebKit/537.36 (KHTML, like Gecko) Ubuntu Chromium/41.0.2272.76"
194.87.252.147 - - [08/Jun/2025:17:28:40 -0400] "POST /wp-content/plugins/wp-automatic/inc/csv.php945545372186.php HTTP/1.1" 403 1242 "https://w4.junglejuicewebtoon.com/wp-content/plugins/wp-automatic/inc/csv.php" "Mozilla/5.0 (Macintosh; Intel Mac OS X 10_9_2) AppleWebKit/537.36 (KHTML, like Gecko) Chrome/55.0.2907.17 Safari/537.36"
194.87.252.147 - - [08/Jun/2025:17:28:41 -0400] "POST /wp-content/plugins/wp-automatic/inc/csv.php945545372186.php HTTP/1.1" 403 1242 "https://w4.junglejuicewebtoon.com/wp-content/plugins/wp-automatic/inc/csv.php945545372186.php" "Mozilla/5.0 (Macintosh; Intel Mac OS X 10_9_2) AppleWebKit/537.36 (KHTML, like Gecko) Chrome/55.0.2907.17 Safari/537.36"
194.87.252.147 - xtw18387d0dc [08/Jun/2025:17:28:41 -0400] "GET /wp-json/wp/v2/settings HTTP/1.1" 401 98 "https://w4.junglejuicewebtoon.com/wp-content/plugins/wp-automatic/inc/csv.php945545372186.php" "Mozilla/5.0 (Macintosh; Intel Mac OS X 10_9_2) AppleWebKit/537.36 (KHTML, like Gecko) Chrome/55.0.2907.17 Safari/537.36"
162.0.232.193 - - [08/Jun/2025:17:34:38 -0400] "POST /wp-cron.php?doing_wp_cron=1749418478.2851879596710205078125 HTTP/1.1" 200 0 "-" "WordPress/6.7.2; https://w4.junglejuicewebtoon.com"
47.128.36.33 - - [08/Jun/2025:17:34:40 -0400] "GET / HTTP/1.1" 200 10328 "-" "Mozilla/5.0 (Linux; Android 5.0) AppleWebKit/537.36 (KHTML, like Gecko) Mobile Safari/537.36 (compatible; Bytespider; [email protected])"
162.0.232.193 - - [08/Jun/2025:17:34:42 -0400] "GET /wp-content/uploads/36f5b53d6c6d3d6b1e9dd0027baac2ed_1435.xml HTTP/1.1" 200 1028 "-" "Mozilla/5.0 (X11; Linux x86_64) AppleWebKit/537.36 (KHTML, like Gecko) Ubuntu Chromium/41.0.2272.76"
162.0.232.193 - - [08/Jun/2025:17:36:08 -0400] "POST /wp-cron.php?doing_wp_cron=1749418568.6479990482330322265625 HTTP/1.1" 200 0 "-" "WordPress/6.7.2; https://w4.junglejuicewebtoon.com"
2a03:2880:f800:18:: - - [08/Jun/2025:17:36:07 -0400] "GET /category/manga/page/30/ HTTP/1.1" 200 12939 "-" "meta-externalagent/1.1 (+https://developers.facebook.com/docs/sharing/webmasters/crawler)"
162.0.232.193 - - [08/Jun/2025:17:36:09 -0400] "POST /wp-admin/admin-ajax.php?action=async_litespeed&nonce=6W0Bl85buzfq0DSMos7s0yEbyj8kPAGC&litespeed_type=imgoptm HTTP/1.1" 200 5 "-" "WordPress/6.7.2; https://w4.junglejuicewebtoon.com"
162.0.232.193 - - [08/Jun/2025:17:38:38 -0400] "POST /wp-cron.php?doing_wp_cron=1749418718.3317110538482666015625 HTTP/1.1" 200 0 "-" "WordPress/6.7.2; https://w4.junglejuicewebtoon.com"
47.128.115.39 - - [08/Jun/2025:17:38:40 -0400] "GET / HTTP/1.1" 200 10328 "-" "Mozilla/5.0 (Linux; Android 5.0) AppleWebKit/537.36 (KHTML, like Gecko) Mobile Safari/537.36 (compatible; Bytespider; [email protected])"
162.0.232.193 - - [08/Jun/2025:17:38:41 -0400] "GET /wp-content/uploads/36f5b53d6c6d3d6b1e9dd0027baac2ed_1435.xml HTTP/1.1" 200 1150 "-" "Mozilla/5.0 (X11; Linux x86_64) AppleWebKit/537.36 (KHTML, like Gecko) Ubuntu Chromium/41.0.2272.76"
2607:fb91:309f:e21:45bd:d42a:de1c:5ef7 - - [08/Jun/2025:17:41:02 -0400] "GET /manga1/jungle-juice-chapter-162/ HTTP/1.1" 200 10560 "https://w4.junglejuicewebtoon.com/manga1/jungle-juice-chapter-161/" "Mozilla/5.0 (iPhone; CPU iPhone OS 18_5_0 like Mac OS X) AppleWebKit/605.1.15 (KHTML, like Gecko) EdgiOS/136.0.3240.91 Version/18.0 Mobile/15E148 Safari/604.1"
2607:fb91:309f:e21:45bd:d42a:de1c:5ef7 - - [08/Jun/2025:17:41:06 -0400] "GET /wp-content/themes/toivo-lite/fonts/genericons/genericons/Genericons.svg HTTP/1.1" 200 23714 "https://w4.junglejuicewebtoon.com/manga1/jungle-juice-chapter-162/" "Mozilla/5.0 (iPhone; CPU iPhone OS 18_5_0 like Mac OS X) AppleWebKit/605.1.15 (KHTML, like Gecko) EdgiOS/136.0.3240.91 Version/18.0 Mobile/15E148 Safari/604.1"
162.0.232.193 - - [08/Jun/2025:17:41:08 -0400] "POST /wp-cron.php?doing_wp_cron=1749418868.5732839107513427734375 HTTP/1.1" 200 0 "-" "WordPress/6.7.2; https://w4.junglejuicewebtoon.com"
