175.30.48.29 - - [08/Jun/2025:20:20:32 -0400] "GET /wp-content/uploads/2024/02/cropped-thumbnail_jungle_juice-32x32.jpg HTTP/1.1" 200 869 "-" "Mozilla/5.0 (Windows NT 10.0; Win64; x64) Chrome/120.0.0.0"
175.30.48.29 - - [08/Jun/2025:20:20:35 -0400] "GET / HTTP/1.1" 200 10328 "-" "Mozilla/5.0 (Windows NT 10.0; Win64; x64) Chrome/120.0.0.0"
175.30.48.29 - - [08/Jun/2025:20:20:41 -0400] "GET / HTTP/1.1" 200 10328 "-" "Mozilla/5.0 (Windows NT 10.0; Win64; x64) Chrome/120.0.0.0"
175.30.48.29 - - [08/Jun/2025:20:20:49 -0400] "GET / HTTP/1.1" 200 10328 "-" "Mozilla/5.0 (Windows NT 10.0; Win64; x64) Chrome/120.0.0.0"
162.0.232.193 - - [08/Jun/2025:20:21:03 -0400] "POST /wp-cron.php?doing_wp_cron=1749428462.9774799346923828125000 HTTP/1.1" 200 0 "-" "WordPress/6.7.2; https://w4.junglejuicewebtoon.com"
162.0.232.193 - - [08/Jun/2025:20:21:03 -0400] "POST /wp-admin/admin-ajax.php?action=async_litespeed&nonce=hqaZel9F8P5bhIsYIxBrmViPfICxWM2Y&litespeed_type=imgoptm HTTP/1.1" 200 5 "-" "WordPress/6.7.2; https://w4.junglejuicewebtoon.com"
218.104.149.233 - - [08/Jun/2025:20:21:04 -0400] "GET / HTTP/1.1" 200 10328 "-" "Mozilla/5.0 (Windows NT 10.0; Win64; x64) Chrome/120.0.0.0"
218.104.149.233 - - [08/Jun/2025:20:21:05 -0400] "GET / HTTP/1.1" 200 10328 "-" "Mozilla/5.0 (Windows NT 10.0; Win64; x64) Chrome/120.0.0.0"
218.104.149.233 - - [08/Jun/2025:20:21:06 -0400] "GET / HTTP/1.1" 200 10328 "-" "Mozilla/5.0 (Windows NT 10.0; Win64; x64) Chrome/120.0.0.0"
218.104.149.233 - - [08/Jun/2025:20:21:08 -0400] "GET / HTTP/1.1" 200 10328 "-" "Mozilla/5.0 (Windows NT 10.0; Win64; x64) Chrome/120.0.0.0"
218.104.149.233 - - [08/Jun/2025:20:21:10 -0400] "GET / HTTP/1.1" 200 10328 "-" "Mozilla/5.0 (Windows NT 10.0; Win64; x64) Chrome/120.0.0.0"
218.104.149.233 - - [08/Jun/2025:20:21:12 -0400] "GET / HTTP/1.1" 200 10328 "-" "Mozilla/5.0 (Windows NT 10.0; Win64; x64) Chrome/120.0.0.0"
218.104.149.233 - - [08/Jun/2025:20:21:13 -0400] "GET / HTTP/1.1" 200 10328 "-" "Mozilla/5.0 (Windows NT 10.0; Win64; x64) Chrome/120.0.0.0"
218.104.149.233 - - [08/Jun/2025:20:21:15 -0400] "GET / HTTP/1.1" 200 10328 "-" "Mozilla/5.0 (Windows NT 10.0; Win64; x64) Chrome/120.0.0.0"
218.104.149.233 - - [08/Jun/2025:20:21:17 -0400] "GET / HTTP/1.1" 200 10328 "-" "Mozilla/5.0 (Windows NT 10.0; Win64; x64) Chrome/120.0.0.0"
218.104.149.233 - - [08/Jun/2025:20:21:19 -0400] "GET / HTTP/1.1" 200 10328 "-" "Mozilla/5.0 (Windows NT 10.0; Win64; x64) Chrome/120.0.0.0"
218.104.149.233 - - [08/Jun/2025:20:21:21 -0400] "GET / HTTP/1.1" 200 10328 "-" "Mozilla/5.0 (Windows NT 10.0; Win64; x64) Chrome/120.0.0.0"
162.0.232.193 - - [08/Jun/2025:20:21:23 -0400] "POST /wp-cron.php?doing_wp_cron=1749428483.0328960418701171875000 HTTP/1.1" 200 0 "-" "WordPress/6.7.2; https://w4.junglejuicewebtoon.com"
43.153.71.12 - - [08/Jun/2025:20:21:22 -0400] "GET /wp-json/oembed/1.0/embed?url=https%3A%2F%2Fw4.junglejuicewebtoon.com%2Fmanga1%2Fjungle-juice-chapter-27-2%2F HTTP/1.1" 200 2539 "-" "Mozilla/5.0 (iPhone; CPU iPhone OS 13_2_3 like Mac OS X) AppleWebKit/605.1.15 (KHTML, like Gecko) Version/13.0.3 Mobile/15E148 Safari/604.1"
218.104.149.233 - - [08/Jun/2025:20:21:23 -0400] "GET / HTTP/1.1" 200 10328 "-" "Mozilla/5.0 (Windows NT 10.0; Win64; x64) Chrome/120.0.0.0"
218.104.149.233 - - [08/Jun/2025:20:21:25 -0400] "GET / HTTP/1.1" 200 10328 "-" "Mozilla/5.0 (Windows NT 10.0; Win64; x64) Chrome/120.0.0.0"
218.104.149.233 - - [08/Jun/2025:20:21:28 -0400] "GET / HTTP/1.1" 200 10328 "-" "Mozilla/5.0 (Windows NT 10.0; Win64; x64) Chrome/120.0.0.0"
162.0.232.193 - - [08/Jun/2025:20:21:29 -0400] "POST /wp-cron.php?doing_wp_cron=1749428489.8728260993957519531250 HTTP/1.1" 200 0 "-" "WordPress/6.7.2; https://w4.junglejuicewebtoon.com"
218.104.149.233 - - [08/Jun/2025:20:21:31 -0400] "GET / HTTP/1.1" 200 10328 "-" "Mozilla/5.0 (Windows NT 10.0; Win64; x64) Chrome/120.0.0.0"
218.104.149.32 - - [08/Jun/2025:20:21:43 -0400] "GET / HTTP/1.1" 200 10328 "-" "Mozilla/5.0 (Windows NT 10.0; Win64; x64) Chrome/120.0.0.0"
218.104.149.32 - - [08/Jun/2025:20:21:44 -0400] "GET / HTTP/1.1" 200 10328 "-" "Mozilla/5.0 (Windows NT 10.0; Win64; x64) Chrome/120.0.0.0"
162.0.232.193 - - [08/Jun/2025:20:30:27 -0400] "POST /wp-cron.php?doing_wp_cron=1749429027.1963109970092773437500 HTTP/1.1" 200 0 "-" "WordPress/6.7.2; https://w4.junglejuicewebtoon.com"
162.0.232.193 - - [08/Jun/2025:20:30:28 -0400] "POST /wp-admin/admin-ajax.php?action=async_litespeed&nonce=tyNGDdh3ICL9GfN1ax4w164fhirdOSQl&litespeed_type=imgoptm HTTP/1.1" 200 5 "-" "WordPress/6.7.2; https://w4.junglejuicewebtoon.com"
162.0.232.193 - - [08/Jun/2025:20:30:30 -0400] "GET /wp-content/uploads/36f5b53d6c6d3d6b1e9dd0027baac2ed_1435.xml HTTP/1.1" 200 1150 "-" "Mozilla/5.0 (X11; Linux x86_64) AppleWebKit/537.36 (KHTML, like Gecko) Ubuntu Chromium/41.0.2272.76"
162.0.232.193 - - [08/Jun/2025:20:39:26 -0400] "POST /wp-cron.php?doing_wp_cron=1749429565.8630349636077880859375 HTTP/1.1" 200 0 "-" "WordPress/6.7.2; https://w4.junglejuicewebtoon.com"
66.249.79.225 - - [08/Jun/2025:20:39:24 -0400] "GET /manga1/jungle-juice-chapter-75/ HTTP/1.1" 200 10387 "-" "Mozilla/5.0 (Linux; Android 6.0.1; Nexus 5X Build/MMB29P) AppleWebKit/537.36 (KHTML, like Gecko) Chrome/136.0.7103.113 Mobile Safari/537.36 (compatible; Googlebot/2.1; +http://www.google.com/bot.html)"
162.0.232.193 - - [08/Jun/2025:20:39:26 -0400] "POST /wp-admin/admin-ajax.php?action=async_litespeed&nonce=T5WgUwoEyXaJ9vCgoQdDb5ywTCXVhc3p&litespeed_type=imgoptm HTTP/1.1" 200 5 "-" "WordPress/6.7.2; https://w4.junglejuicewebtoon.com"
162.0.232.193 - - [08/Jun/2025:20:39:28 -0400] "GET /wp-content/uploads/36f5b53d6c6d3d6b1e9dd0027baac2ed_1435.xml HTTP/1.1" 200 1150 "-" "Mozilla/5.0 (X11; Linux x86_64) AppleWebKit/537.36 (KHTML, like Gecko) Ubuntu Chromium/41.0.2272.76"
162.0.232.193 - - [08/Jun/2025:20:40:45 -0400] "POST /wp-cron.php?doing_wp_cron=1749429645.4355449676513671875000 HTTP/1.1" 200 0 "-" "WordPress/6.7.2; https://w4.junglejuicewebtoon.com"
162.0.232.193 - - [08/Jun/2025:20:40:46 -0400] "POST /wp-admin/admin-ajax.php?action=async_litespeed&nonce=gGmrUED0XcjPwiC1DZ6a7ADfXcsPO8Pu&litespeed_type=imgoptm HTTP/1.1" 200 5 "-" "WordPress/6.7.2; https://w4.junglejuicewebtoon.com"
43.135.183.82 - - [08/Jun/2025:20:41:05 -0400] "GET /wp-json/wp/v2/posts/1694 HTTP/1.1" 200 21059 "-" "Mozilla/5.0 (iPhone; CPU iPhone OS 13_2_3 like Mac OS X) AppleWebKit/605.1.15 (KHTML, like Gecko) Version/13.0.3 Mobile/15E148 Safari/604.1"
162.0.232.193 - - [08/Jun/2025:20:43:04 -0400] "POST /wp-cron.php?doing_wp_cron=1749429784.1008269786834716796875 HTTP/1.1" 200 0 "-" "WordPress/6.7.2; https://w4.junglejuicewebtoon.com"
47.128.114.201 - - [08/Jun/2025:20:43:06 -0400] "GET / HTTP/1.1" 200 10328 "-" "Mozilla/5.0 (Linux; Android 5.0) AppleWebKit/537.36 (KHTML, like Gecko) Mobile Safari/537.36 (compatible; Bytespider; [email protected])"
162.0.232.193 - - [08/Jun/2025:20:43:07 -0400] "GET /wp-content/uploads/36f5b53d6c6d3d6b1e9dd0027baac2ed_1435.xml HTTP/1.1" 200 1150 "-" "Mozilla/5.0 (X11; Linux x86_64) AppleWebKit/537.36 (KHTML, like Gecko) Ubuntu Chromium/41.0.2272.76"
162.0.232.193 - - [08/Jun/2025:20:48:52 -0400] "POST /wp-cron.php?doing_wp_cron=1749430132.7275710105895996093750 HTTP/1.1" 200 0 "-" "WordPress/6.7.2; https://w4.junglejuicewebtoon.com"
52.178.180.235 - - [08/Jun/2025:20:48:54 -0400] "GET /wp-login.php?redirect_to=https%3A%2F%2Fw3.junglejuicewebtoon.com%2Fwp-admin%2Fnetwork%2F&reauth=1 HTTP/1.1" 200 1859 "-" "-"
162.0.232.193 - - [08/Jun/2025:20:48:54 -0400] "POST /wp-admin/admin-ajax.php?action=async_litespeed&nonce=yzDGl8swv7LQhsUTZW7w8fQqsURitXpK&litespeed_type=imgoptm HTTP/1.1" 200 5 "-" "WordPress/6.7.2; https://w4.junglejuicewebtoon.com"
52.178.180.235 - - [08/Jun/2025:20:48:55 -0400] "GET /wp-login.php?redirect_to=https%3A%2F%2Fw3.junglejuicewebtoon.com%2Fwp-admin%2Fuser%2F&reauth=1 HTTP/1.1" 200 1864 "-" "-"
162.0.232.193 - - [08/Jun/2025:20:48:56 -0400] "GET /wp-content/uploads/36f5b53d6c6d3d6b1e9dd0027baac2ed_1435.xml HTTP/1.1" 200 1150 "-" "Mozilla/5.0 (X11; Linux x86_64) AppleWebKit/537.36 (KHTML, like Gecko) Ubuntu Chromium/41.0.2272.76"
52.178.180.235 - - [08/Jun/2025:20:48:56 -0400] "GET /wp-login.php?redirect_to=https%3A%2F%2Fw3.junglejuicewebtoon.com%2Fwp-admin%2F&reauth=1 HTTP/1.1" 200 1854 "-" "-"
162.0.232.193 - - [08/Jun/2025:20:51:05 -0400] "POST /wp-cron.php?doing_wp_cron=1749430264.9903979301452636718750 HTTP/1.1" 200 0 "-" "WordPress/6.7.2; https://w4.junglejuicewebtoon.com"
47.128.119.136 - - [08/Jun/2025:20:51:06 -0400] "GET / HTTP/1.1" 200 10328 "-" "Mozilla/5.0 (Linux; Android 5.0) AppleWebKit/537.36 (KHTML, like Gecko) Mobile Safari/537.36 (compatible; Bytespider; [email protected])"
162.0.232.193 - - [08/Jun/2025:20:51:08 -0400] "GET /wp-content/uploads/36f5b53d6c6d3d6b1e9dd0027baac2ed_1435.xml HTTP/1.1" 200 1150 "-" "Mozilla/5.0 (X11; Linux x86_64) AppleWebKit/537.36 (KHTML, like Gecko) Ubuntu Chromium/41.0.2272.76"
43.159.139.164 - - [08/Jun/2025:20:51:09 -0400] "GET /manga1/jungle-juice-chapter-120-2/ HTTP/1.1" 200 11028 "-" "Mozilla/5.0 (iPhone; CPU iPhone OS 13_2_3 like Mac OS X) AppleWebKit/605.1.15 (KHTML, like Gecko) Version/13.0.3 Mobile/15E148 Safari/604.1"
162.0.232.193 - - [08/Jun/2025:20:55:06 -0400] "POST /wp-cron.php?doing_wp_cron=1749430506.1389501094818115234375 HTTP/1.1" 200 0 "-" "WordPress/6.7.2; https://w4.junglejuicewebtoon.com"
47.128.53.103 - - [08/Jun/2025:20:55:08 -0400] "GET / HTTP/1.1" 200 10328 "-" "Mozilla/5.0 (Linux; Android 5.0) AppleWebKit/537.36 (KHTML, like Gecko) Mobile Safari/537.36 (compatible; Bytespider; [email protected])"
162.0.232.193 - - [08/Jun/2025:20:55:08 -0400] "POST /wp-admin/admin-ajax.php?action=async_litespeed&nonce=yOdTEPhIePtAP9x3gmmSF9GL8LST0wrr&litespeed_type=imgoptm HTTP/1.1" 200 5 "-" "WordPress/6.7.2; https://w4.junglejuicewebtoon.com"
162.0.232.193 - - [08/Jun/2025:20:55:10 -0400] "GET /wp-content/uploads/36f5b53d6c6d3d6b1e9dd0027baac2ed_1435.xml HTTP/1.1" 200 1028 "-" "Mozilla/5.0 (X11; Linux x86_64) AppleWebKit/537.36 (KHTML, like Gecko) Ubuntu Chromium/41.0.2272.76"
162.0.232.193 - - [08/Jun/2025:20:57:29 -0400] "POST /wp-cron.php?doing_wp_cron=1749430649.0686690807342529296875 HTTP/1.1" 200 0 "-" "WordPress/6.7.2; https://w4.junglejuicewebtoon.com"
43.167.232.38 - - [08/Jun/2025:20:57:30 -0400] "GET / HTTP/1.1" 200 10328 "https://w3.junglejuicewebtoon.com/" "Mozilla/5.0 (iPhone; CPU iPhone OS 13_2_3 like Mac OS X) AppleWebKit/605.1.15 (KHTML, like Gecko) Version/13.0.3 Mobile/15E148 Safari/604.1"
162.0.232.193 - - [08/Jun/2025:20:57:32 -0400] "GET /wp-content/uploads/36f5b53d6c6d3d6b1e9dd0027baac2ed_1435.xml HTTP/1.1" 200 1028 "-" "Mozilla/5.0 (X11; Linux x86_64) AppleWebKit/537.36 (KHTML, like Gecko) Ubuntu Chromium/41.0.2272.76"
162.0.232.193 - - [08/Jun/2025:20:59:46 -0400] "POST /wp-cron.php?doing_wp_cron=1749430785.7774760723114013671875 HTTP/1.1" 200 0 "-" "WordPress/6.7.2; https://w4.junglejuicewebtoon.com"
162.0.232.193 - - [08/Jun/2025:20:59:47 -0400] "POST /wp-admin/admin-ajax.php?action=async_litespeed&nonce=QKJ6oVYrL1bQ6fseb0ElQJ9NJ6Z1Mn02&litespeed_type=imgoptm HTTP/1.1" 200 5 "-" "WordPress/6.7.2; https://w4.junglejuicewebtoon.com"
162.0.232.193 - - [08/Jun/2025:20:59:50 -0400] "GET /wp-content/uploads/36f5b53d6c6d3d6b1e9dd0027baac2ed_1435.xml HTTP/1.1" 200 1028 "-" "Mozilla/5.0 (X11; Linux x86_64) AppleWebKit/537.36 (KHTML, like Gecko) Ubuntu Chromium/41.0.2272.76"
162.0.232.193 - - [08/Jun/2025:21:02:17 -0400] "POST /wp-cron.php?doing_wp_cron=1749430937.1653790473937988281250 HTTP/1.1" 200 0 "-" "WordPress/6.7.2; https://w4.junglejuicewebtoon.com"
170.83.49.7 - - [08/Jun/2025:21:02:18 -0400] "GET / HTTP/1.1" 200 10328 "https://w3.junglejuicewebtoon.com/" "Mozilla/5.0 (Windows NT 10.0; Win64; x64)"
162.0.232.193 - - [08/Jun/2025:21:02:20 -0400] "GET /wp-content/uploads/36f5b53d6c6d3d6b1e9dd0027baac2ed_1435.xml HTTP/1.1" 200 1150 "-" "Mozilla/5.0 (X11; Linux x86_64) AppleWebKit/537.36 (KHTML, like Gecko) Ubuntu Chromium/41.0.2272.76"
162.0.232.193 - - [08/Jun/2025:21:08:18 -0400] "POST /wp-cron.php?doing_wp_cron=1749431298.3775479793548583984375 HTTP/1.1" 200 0 "-" "WordPress/6.7.2; https://w4.junglejuicewebtoon.com"
162.0.232.193 - - [08/Jun/2025:21:08:20 -0400] "POST /wp-admin/admin-ajax.php?action=async_litespeed&nonce=LQaWe2mik0cZPiQtfmkPnshqynbB9dvU&litespeed_type=imgoptm HTTP/1.1" 200 5 "-" "WordPress/6.7.2; https://w4.junglejuicewebtoon.com"
162.0.232.193 - - [08/Jun/2025:21:08:22 -0400] "GET /wp-content/uploads/36f5b53d6c6d3d6b1e9dd0027baac2ed_1435.xml HTTP/1.1" 200 1028 "-" "Mozilla/5.0 (X11; Linux x86_64) AppleWebKit/537.36 (KHTML, like Gecko) Ubuntu Chromium/41.0.2272.76"
114.119.137.38 - - [08/Jun/2025:21:08:35 -0400] "GET /manga1/jungle-juice-chapter-131-2/ HTTP/1.1" 200 10494 "http://junglejuicewebtoon.com/" "Mozilla/5.0 (Linux; Android 7.0;) AppleWebKit/537.36 (KHTML, like Gecko) Mobile Safari/537.36 (compatible; PetalBot;+https://webmaster.petalsearch.com/site/petalbot)"
162.0.232.193 - - [08/Jun/2025:21:10:37 -0400] "POST /wp-cron.php?doing_wp_cron=1749431436.9509639739990234375000 HTTP/1.1" 200 0 "-" "WordPress/6.7.2; https://w4.junglejuicewebtoon.com"
103.154.184.168 - - [08/Jun/2025:21:10:35 -0400] "POST /wp-login.php HTTP/1.1" 200 1992 "https://w4.junglejuicewebtoon.com" "Mozilla/5.0 (Macintosh; Intel Mac OS X 10_15_7; rv:129.0) Gecko/20100101 Firefox/129.0"
162.0.232.193 - - [08/Jun/2025:21:10:37 -0400] "POST /wp-admin/admin-ajax.php?action=async_litespeed&nonce=fJZ7htofGmSqPfwHz4y2oJnlGaERGQZS&litespeed_type=imgoptm HTTP/1.1" 200 5 "-" "WordPress/6.7.2; https://w4.junglejuicewebtoon.com"
162.0.232.193 - - [08/Jun/2025:21:10:39 -0400] "GET /wp-content/uploads/36f5b53d6c6d3d6b1e9dd0027baac2ed_1435.xml HTTP/1.1" 200 1028 "-" "Mozilla/5.0 (X11; Linux x86_64) AppleWebKit/537.36 (KHTML, like Gecko) Ubuntu Chromium/41.0.2272.76"
162.0.232.193 - - [08/Jun/2025:21:12:11 -0400] "POST /wp-cron.php?doing_wp_cron=1749431531.4091660976409912109375 HTTP/1.1" 200 0 "-" "WordPress/6.7.2; https://w4.junglejuicewebtoon.com"
162.0.232.193 - - [08/Jun/2025:21:12:13 -0400] "POST /wp-admin/admin-ajax.php?action=async_litespeed&nonce=rb1ar9VRl8fIWgLOR3ruFuCzx8TXEIJM&litespeed_type=imgoptm HTTP/1.1" 200 5 "-" "WordPress/6.7.2; https://w4.junglejuicewebtoon.com"
162.0.232.193 - - [08/Jun/2025:21:12:15 -0400] "GET /wp-content/uploads/36f5b53d6c6d3d6b1e9dd0027baac2ed_1435.xml HTTP/1.1" 200 1150 "-" "Mozilla/5.0 (X11; Linux x86_64) AppleWebKit/537.36 (KHTML, like Gecko) Ubuntu Chromium/41.0.2272.76"
162.0.232.193 - - [08/Jun/2025:21:15:36 -0400] "POST /wp-cron.php?doing_wp_cron=1749431736.6819748878479003906250 HTTP/1.1" 200 0 "-" "WordPress/6.7.2; https://w4.junglejuicewebtoon.com"
162.0.232.193 - - [08/Jun/2025:21:15:40 -0400] "GET /wp-content/uploads/36f5b53d6c6d3d6b1e9dd0027baac2ed_1435.xml HTTP/1.1" 200 1028 "-" "Mozilla/5.0 (X11; Linux x86_64) AppleWebKit/537.36 (KHTML, like Gecko) Ubuntu Chromium/41.0.2272.76"
49.51.233.46 - - [08/Jun/2025:21:21:36 -0400] "GET /manga1/jungle-juice-chapter-21-2/ HTTP/1.1" 200 11087 "-" "Mozilla/5.0 (iPhone; CPU iPhone OS 13_2_3 like Mac OS X) AppleWebKit/605.1.15 (KHTML, like Gecko) Version/13.0.3 Mobile/15E148 Safari/604.1"
162.0.232.193 - - [08/Jun/2025:21:24:01 -0400] "POST /wp-cron.php?doing_wp_cron=1749432241.6956949234008789062500 HTTP/1.1" 200 0 "-" "WordPress/6.7.2; https://w4.junglejuicewebtoon.com"
162.0.232.193 - - [08/Jun/2025:21:24:03 -0400] "POST /wp-admin/admin-ajax.php?action=async_litespeed&nonce=tcNnNQFrJqmQnDA7MVs8c3fZ1BeeqROj&litespeed_type=imgoptm HTTP/1.1" 200 5 "-" "WordPress/6.7.2; https://w4.junglejuicewebtoon.com"
162.0.232.193 - - [08/Jun/2025:21:24:05 -0400] "GET /wp-content/uploads/36f5b53d6c6d3d6b1e9dd0027baac2ed_1435.xml HTTP/1.1" 200 1150 "-" "Mozilla/5.0 (X11; Linux x86_64) AppleWebKit/537.36 (KHTML, like Gecko) Ubuntu Chromium/41.0.2272.76"
103.186.185.28 - - [08/Jun/2025:21:24:19 -0400] "POST /wp-login.php HTTP/1.1" 200 1992 "https://w4.junglejuicewebtoon.com" "Mozilla/5.0 (Macintosh; Intel Mac OS X 10_15_7; rv:126.0) Gecko/20100101 Firefox/126.0"
66.249.79.231 - - [08/Jun/2025:21:34:07 -0400] "GET /robots.txt HTTP/1.1" 304 0 "-" "Mozilla/5.0 (compatible; Googlebot/2.1; +http://www.google.com/bot.html)"
162.0.232.193 - - [08/Jun/2025:21:34:10 -0400] "POST /wp-cron.php?doing_wp_cron=1749432850.2763469219207763671875 HTTP/1.1" 200 0 "-" "WordPress/6.7.2; https://w4.junglejuicewebtoon.com"
66.249.79.233 - - [08/Jun/2025:21:34:07 -0400] "POST /wp-admin/admin-ajax.php HTTP/1.1" 200 69 "https://w4.junglejuicewebtoon.com/manga1/jungle-juice-chapter-37/" "Mozilla/5.0 (Linux; Android 6.0.1; Nexus 5X Build/MMB29P) AppleWebKit/537.36 (KHTML, like Gecko) Chrome/136.0.7103.92 Mobile Safari/537.36 (compatible; Googlebot/2.1; +http://www.google.com/bot.html)"
162.0.232.193 - - [08/Jun/2025:21:34:12 -0400] "GET /wp-content/uploads/36f5b53d6c6d3d6b1e9dd0027baac2ed_1435.xml HTTP/1.1" 200 1028 "-" "Mozilla/5.0 (X11; Linux x86_64) AppleWebKit/537.36 (KHTML, like Gecko) Ubuntu Chromium/41.0.2272.76"
162.0.232.193 - - [08/Jun/2025:21:36:39 -0400] "POST /wp-cron.php?doing_wp_cron=1749432999.0179870128631591796875 HTTP/1.1" 200 0 "-" "WordPress/6.7.2; https://w4.junglejuicewebtoon.com"
103.161.172.148 - - [08/Jun/2025:21:36:37 -0400] "POST /wp-login.php HTTP/1.1" 200 1992 "https://w4.junglejuicewebtoon.com" "Mozilla/5.0 (Macintosh; Intel Mac OS X 13_3) AppleWebKit/537.36 (KHTML, like Gecko) Chrome/126.0.0.0 Safari/537.36 Edg/126.0.0.0"
162.0.232.193 - - [08/Jun/2025:21:36:39 -0400] "POST /wp-admin/admin-ajax.php?action=async_litespeed&nonce=XRoxyZj84MeizRwnHOcTRN8MGhGy9w0c&litespeed_type=imgoptm HTTP/1.1" 200 5 "-" "WordPress/6.7.2; https://w4.junglejuicewebtoon.com"
162.0.232.193 - - [08/Jun/2025:21:36:41 -0400] "GET /wp-content/uploads/36f5b53d6c6d3d6b1e9dd0027baac2ed_1435.xml HTTP/1.1" 200 1150 "-" "Mozilla/5.0 (X11; Linux x86_64) AppleWebKit/537.36 (KHTML, like Gecko) Ubuntu Chromium/41.0.2272.76"
170.106.161.78 - - [08/Jun/2025:21:42:17 -0400] "GET /manga1/jungle-juice-chapter-120-2/ HTTP/1.1" 200 11028 "http://w4.junglejuicewebtoon.com/manga1/jungle-juice-chapter-120-2/" "Mozilla/5.0 (iPhone; CPU iPhone OS 13_2_3 like Mac OS X) AppleWebKit/605.1.15 (KHTML, like Gecko) Version/13.0.3 Mobile/15E148 Safari/604.1"
162.0.232.193 - - [08/Jun/2025:21:42:28 -0400] "POST /wp-cron.php?doing_wp_cron=1749433347.6629741191864013671875 HTTP/1.1" 200 0 "-" "WordPress/6.7.2; https://w4.junglejuicewebtoon.com"
47.128.97.215 - - [08/Jun/2025:21:42:29 -0400] "GET / HTTP/1.1" 200 10328 "-" "Mozilla/5.0 (Linux; Android 5.0) AppleWebKit/537.36 (KHTML, like Gecko) Mobile Safari/537.36 (compatible; Bytespider; [email protected])"
162.0.232.193 - - [08/Jun/2025:21:42:29 -0400] "POST /wp-admin/admin-ajax.php?action=async_litespeed&nonce=K5eMav01NNsOMZRYmq0Mk9pZGB8aw2MT&litespeed_type=imgoptm HTTP/1.1" 200 5 "-" "WordPress/6.7.2; https://w4.junglejuicewebtoon.com"
162.0.232.193 - - [08/Jun/2025:21:42:32 -0400] "GET /wp-content/uploads/36f5b53d6c6d3d6b1e9dd0027baac2ed_1435.xml HTTP/1.1" 200 1150 "-" "Mozilla/5.0 (X11; Linux x86_64) AppleWebKit/537.36 (KHTML, like Gecko) Ubuntu Chromium/41.0.2272.76"
162.0.232.193 - - [08/Jun/2025:21:50:01 -0400] "POST /wp-cron.php?doing_wp_cron=1749433801.3274779319763183593750 HTTP/1.1" 200 0 "-" "WordPress/6.7.2; https://w4.junglejuicewebtoon.com"
162.0.232.193 - - [08/Jun/2025:21:50:04 -0400] "POST /wp-admin/admin-ajax.php?action=async_litespeed&nonce=x8Ctq7nuGPlgQhaDI0gk036MneKerhEH&litespeed_type=imgoptm HTTP/1.1" 200 5 "-" "WordPress/6.7.2; https://w4.junglejuicewebtoon.com"
162.0.232.193 - - [08/Jun/2025:21:50:06 -0400] "GET /wp-content/uploads/36f5b53d6c6d3d6b1e9dd0027baac2ed_1435.xml HTTP/1.1" 200 1150 "-" "Mozilla/5.0 (X11; Linux x86_64) AppleWebKit/537.36 (KHTML, like Gecko) Ubuntu Chromium/41.0.2272.76"
47.128.42.143 - - [08/Jun/2025:21:50:28 -0400] "GET / HTTP/1.1" 200 10328 "-" "Mozilla/5.0 (Linux; Android 5.0) AppleWebKit/537.36 (KHTML, like Gecko) Mobile Safari/537.36 (compatible; Bytespider; [email protected])"
159.65.121.128 - - [08/Jun/2025:21:50:30 -0400] "POST /wp-login.php HTTP/1.1" 200 1992 "https://w4.junglejuicewebtoon.com" "Mozilla/5.0 (Windows NT 10.0; Win64; x64) AppleWebKit/537.36 (KHTML, like Gecko) Chrome/115.0.5790.102 Safari/537.36"
43.156.156.96 - - [08/Jun/2025:21:50:42 -0400] "GET /wp-json/oembed/1.0/embed?url=https%3A%2F%2Fw4.junglejuicewebtoon.com%2Fmanga1%2Fjungle-juice-chapter-120-2%2F&format=xml HTTP/1.1" 200 1186 "-" "Mozilla/5.0 (iPhone; CPU iPhone OS 13_2_3 like Mac OS X) AppleWebKit/605.1.15 (KHTML, like Gecko) Version/13.0.3 Mobile/15E148 Safari/604.1"
216.73.216.101 - - [08/Jun/2025:21:52:56 -0400] "GET /robots.txt HTTP/1.1" 304 0 "-" "Mozilla/5.0 AppleWebKit/537.36 (KHTML, like Gecko; compatible; ClaudeBot/1.0; [email protected])"
162.0.232.193 - - [08/Jun/2025:21:52:58 -0400] "POST /wp-cron.php?doing_wp_cron=1749433978.5401949882507324218750 HTTP/1.1" 200 0 "-" "WordPress/6.7.2; https://w4.junglejuicewebtoon.com"
216.73.216.101 - - [08/Jun/2025:21:52:56 -0400] "GET /sitemap_index.xml HTTP/1.1" 200 333 "-" "Mozilla/5.0 AppleWebKit/537.36 (KHTML, like Gecko; compatible; ClaudeBot/1.0; [email protected])"
162.0.232.193 - - [08/Jun/2025:21:53:01 -0400] "GET /wp-content/uploads/36f5b53d6c6d3d6b1e9dd0027baac2ed_1435.xml HTTP/1.1" 200 1028 "-" "Mozilla/5.0 (X11; Linux x86_64) AppleWebKit/537.36 (KHTML, like Gecko) Ubuntu Chromium/41.0.2272.76"
162.0.232.193 - - [08/Jun/2025:21:55:19 -0400] "POST /wp-cron.php?doing_wp_cron=1749434119.0297939777374267578125 HTTP/1.1" 200 0 "-" "WordPress/6.7.2; https://w4.junglejuicewebtoon.com"
162.0.232.193 - - [08/Jun/2025:21:55:21 -0400] "POST /wp-admin/admin-ajax.php?action=async_litespeed&nonce=GQU1DkpjUbVWNSRFkOK5oekUBebAJa0h&litespeed_type=imgoptm HTTP/1.1" 200 5 "-" "WordPress/6.7.2; https://w4.junglejuicewebtoon.com"
162.0.232.193 - - [08/Jun/2025:21:55:23 -0400] "GET /wp-content/uploads/36f5b53d6c6d3d6b1e9dd0027baac2ed_1435.xml HTTP/1.1" 200 1150 "-" "Mozilla/5.0 (X11; Linux x86_64) AppleWebKit/537.36 (KHTML, like Gecko) Ubuntu Chromium/41.0.2272.76"
170.106.192.208 - - [08/Jun/2025:22:01:54 -0400] "GET /manga1/jungle-juice-chapter-122/ HTTP/1.1" 200 10430 "-" "Mozilla/5.0 (iPhone; CPU iPhone OS 13_2_3 like Mac OS X) AppleWebKit/605.1.15 (KHTML, like Gecko) Version/13.0.3 Mobile/15E148 Safari/604.1"
162.0.232.193 - - [08/Jun/2025:22:01:54 -0400] "POST /wp-cron.php?doing_wp_cron=1749434514.6818768978118896484375 HTTP/1.1" 200 0 "-" "WordPress/6.7.2; https://w4.junglejuicewebtoon.com"
194.87.252.147 - - [08/Jun/2025:22:01:55 -0400] "GET / HTTP/1.1" 200 10328 "-" "Mozilla/5.0 (Macintosh; Intel Mac OS X 10.8; rv:51.0) Gecko/20100101 Firefox/51.0"
194.87.252.147 - - [08/Jun/2025:22:01:56 -0400] "POST /wp-content/plugins/wp-automatic/inc/csv.php HTTP/1.1" 403 1242 "https://w4.junglejuicewebtoon.com/" "Mozilla/5.0 (Macintosh; Intel Mac OS X 10.8; rv:51.0) Gecko/20100101 Firefox/51.0"
162.0.232.193 - - [08/Jun/2025:22:01:56 -0400] "POST /wp-admin/admin-ajax.php?action=async_litespeed&nonce=tjlNxZl0zgeSVOhvbNXp5HDSxZqQjh8L&litespeed_type=imgoptm HTTP/1.1" 200 5 "-" "WordPress/6.7.2; https://w4.junglejuicewebtoon.com"
194.87.252.147 - - [08/Jun/2025:22:01:57 -0400] "POST /wp-content/plugins/wp-automatic/inc/csv.php HTTP/1.1" 200 26 "https://w4.junglejuicewebtoon.com/wp-content/plugins/wp-automatic/inc/csv.php" "Mozilla/5.0 (Macintosh; Intel Mac OS X 10.8; rv:51.0) Gecko/20100101 Firefox/51.0"
194.87.252.147 - - [08/Jun/2025:22:01:57 -0400] "POST /wp-content/plugins/wp-automatic/inc/csv.php HTTP/1.1" 200 26 "https://w4.junglejuicewebtoon.com/wp-content/plugins/wp-automatic/inc/csv.php" "Mozilla/5.0 (Macintosh; Intel Mac OS X 10.8; rv:51.0) Gecko/20100101 Firefox/51.0"
194.87.252.147 - - [08/Jun/2025:22:01:58 -0400] "POST /wp-content/plugins/wp-automatic/inc/csv.php HTTP/1.1" 200 52 "https://w4.junglejuicewebtoon.com/wp-content/plugins/wp-automatic/inc/csv.php" "Mozilla/5.0 (Macintosh; Intel Mac OS X 10.8; rv:51.0) Gecko/20100101 Firefox/51.0"
162.0.232.193 - - [08/Jun/2025:22:01:59 -0400] "GET /wp-content/uploads/36f5b53d6c6d3d6b1e9dd0027baac2ed_1435.xml HTTP/1.1" 200 1028 "-" "Mozilla/5.0 (X11; Linux x86_64) AppleWebKit/537.36 (KHTML, like Gecko) Ubuntu Chromium/41.0.2272.76"
194.87.252.147 - - [08/Jun/2025:22:01:59 -0400] "POST /wp-content/plugins/wp-automatic/inc/csv.php HTTP/1.1" 200 52 "https://w4.junglejuicewebtoon.com/wp-content/plugins/wp-automatic/inc/csv.php" "Mozilla/5.0 (Macintosh; Intel Mac OS X 10.8; rv:51.0) Gecko/20100101 Firefox/51.0"
194.87.252.147 - - [08/Jun/2025:22:01:59 -0400] "POST /wp-content/plugins/wp-automatic/inc/csv.php945545372186.php HTTP/1.1" 403 1242 "https://w4.junglejuicewebtoon.com/wp-content/plugins/wp-automatic/inc/csv.php" "Mozilla/5.0 (Macintosh; Intel Mac OS X 10.8; rv:51.0) Gecko/20100101 Firefox/51.0"
194.87.252.147 - - [08/Jun/2025:22:02:00 -0400] "POST /wp-content/plugins/wp-automatic/inc/csv.php945545372186.php HTTP/1.1" 301 0 "https://w4.junglejuicewebtoon.com/wp-content/plugins/wp-automatic/inc/csv.php945545372186.php" "Mozilla/5.0 (Macintosh; Intel Mac OS X 10.8; rv:51.0) Gecko/20100101 Firefox/51.0"
194.87.252.147 - - [08/Jun/2025:22:02:01 -0400] "GET / HTTP/1.1" 200 10328 "https://w4.junglejuicewebtoon.com/wp-content/plugins/wp-automatic/inc/csv.php945545372186.php" "Mozilla/5.0 (Macintosh; Intel Mac OS X 10.8; rv:51.0) Gecko/20100101 Firefox/51.0"
194.87.252.147 - - [08/Jun/2025:22:02:02 -0400] "POST /wp-content/plugins/wp-automatic/inc/csv.php945545372186.php HTTP/1.1" 301 0 "https://w4.junglejuicewebtoon.com/" "Mozilla/5.0 (Macintosh; Intel Mac OS X 10.8; rv:51.0) Gecko/20100101 Firefox/51.0"
194.87.252.147 - - [08/Jun/2025:22:02:02 -0400] "GET / HTTP/1.1" 200 10328 "https://w4.junglejuicewebtoon.com/" "Mozilla/5.0 (Macintosh; Intel Mac OS X 10.8; rv:51.0) Gecko/20100101 Firefox/51.0"
194.87.252.147 - - [08/Jun/2025:22:02:03 -0400] "POST /wp-content/plugins/wp-automatic/inc/csv.php945545372186.php HTTP/1.1" 301 0 "https://w4.junglejuicewebtoon.com/" "Mozilla/5.0 (Macintosh; Intel Mac OS X 10.8; rv:51.0) Gecko/20100101 Firefox/51.0"
194.87.252.147 - - [08/Jun/2025:22:02:04 -0400] "GET / HTTP/1.1" 200 10328 "https://w4.junglejuicewebtoon.com/" "Mozilla/5.0 (Macintosh; Intel Mac OS X 10.8; rv:51.0) Gecko/20100101 Firefox/51.0"
194.87.252.147 - - [08/Jun/2025:22:02:04 -0400] "POST /wp-content/plugins/wp-automatic/inc/csv.php945545372186.php HTTP/1.1" 301 0 "https://w4.junglejuicewebtoon.com/" "Mozilla/5.0 (Macintosh; Intel Mac OS X 10.8; rv:51.0) Gecko/20100101 Firefox/51.0"
194.87.252.147 - - [08/Jun/2025:22:02:05 -0400] "GET / HTTP/1.1" 200 10328 "https://w4.junglejuicewebtoon.com/" "Mozilla/5.0 (Macintosh; Intel Mac OS X 10.8; rv:51.0) Gecko/20100101 Firefox/51.0"
194.87.252.147 - - [08/Jun/2025:22:02:06 -0400] "GET /wp-login.php HTTP/1.1" 200 1851 "https://w4.junglejuicewebtoon.com/" "Mozilla/5.0 (Macintosh; Intel Mac OS X 10.8; rv:51.0) Gecko/20100101 Firefox/51.0"
194.87.252.147 - - [08/Jun/2025:22:02:07 -0400] "POST /wp-login.php HTTP/1.1" 200 2012 "https://w4.junglejuicewebtoon.com/wp-login.php" "Mozilla/5.0 (Macintosh; Intel Mac OS X 10.8; rv:51.0) Gecko/20100101 Firefox/51.0"
194.87.252.147 - - [08/Jun/2025:22:02:08 -0400] "GET /wp-admin/plugins.php HTTP/1.1" 302 0 "https://w4.junglejuicewebtoon.com/wp-login.php" "Mozilla/5.0 (Macintosh; Intel Mac OS X 10.8; rv:51.0) Gecko/20100101 Firefox/51.0"
194.87.252.147 - - [08/Jun/2025:22:02:08 -0400] "GET /wp-login.php?redirect_to=https%3A%2F%2Fw4.junglejuicewebtoon.com%2Fwp-admin%2Fplugins.php&reauth=1 HTTP/1.1" 200 1856 "https://w4.junglejuicewebtoon.com/wp-login.php" "Mozilla/5.0 (Macintosh; Intel Mac OS X 10.8; rv:51.0) Gecko/20100101 Firefox/51.0"
162.0.232.193 - - [08/Jun/2025:22:03:18 -0400] "POST /wp-cron.php?doing_wp_cron=1749434598.7332038879394531250000 HTTP/1.1" 200 0 "-" "WordPress/6.7.2; https://w4.junglejuicewebtoon.com"
162.0.232.193 - - [08/Jun/2025:22:03:19 -0400] "POST /wp-admin/admin-ajax.php?action=async_litespeed&nonce=mcfKaGGwtpUUNW2Is6v4ppqjP8Lq5MzD&litespeed_type=imgoptm HTTP/1.1" 200 5 "-" "WordPress/6.7.2; https://w4.junglejuicewebtoon.com"
162.0.232.193 - - [08/Jun/2025:22:04:34 -0400] "POST /wp-cron.php?doing_wp_cron=1749434674.1337230205535888671875 HTTP/1.1" 200 0 "-" "WordPress/6.7.2; https://w4.junglejuicewebtoon.com"
162.240.232.97 - - [08/Jun/2025:22:04:34 -0400] "POST /wp-login.php HTTP/1.1" 200 1992 "https://w4.junglejuicewebtoon.com" "Mozilla/5.0 (Windows NT 10.0; Win64; x64; rv:129.0) Gecko/20100101 Firefox/129.0"
162.0.232.193 - - [08/Jun/2025:22:04:34 -0400] "POST /wp-admin/admin-ajax.php?action=async_litespeed&nonce=UNyPJYTpDEbrZ4aZPdnZ3gwxvHUWGkkh&litespeed_type=imgoptm HTTP/1.1" 200 5 "-" "WordPress/6.7.2; https://w4.junglejuicewebtoon.com"
162.0.232.193 - - [08/Jun/2025:22:04:36 -0400] "GET /wp-content/uploads/36f5b53d6c6d3d6b1e9dd0027baac2ed_1435.xml HTTP/1.1" 200 1150 "-" "Mozilla/5.0 (X11; Linux x86_64) AppleWebKit/537.36 (KHTML, like Gecko) Ubuntu Chromium/41.0.2272.76"
162.0.232.193 - - [08/Jun/2025:22:06:38 -0400] "POST /wp-cron.php?doing_wp_cron=1749434798.6131401062011718750000 HTTP/1.1" 200 0 "-" "WordPress/6.7.2; https://w4.junglejuicewebtoon.com"
43.159.145.149 - - [08/Jun/2025:22:06:39 -0400] "GET / HTTP/1.1" 200 10328 "https://www.junglejuicewebtoon.com/" "Mozilla/5.0 (iPhone; CPU iPhone OS 13_2_3 like Mac OS X) AppleWebKit/605.1.15 (KHTML, like Gecko) Version/13.0.3 Mobile/15E148 Safari/604.1"
162.0.232.193 - - [08/Jun/2025:22:06:40 -0400] "POST /wp-admin/admin-ajax.php?action=async_litespeed&nonce=x5S8VapzZamkCVS1G0D9BuuV8ziyBpMk&litespeed_type=imgoptm HTTP/1.1" 200 5 "-" "WordPress/6.7.2; https://w4.junglejuicewebtoon.com"
162.0.232.193 - - [08/Jun/2025:22:06:43 -0400] "GET /wp-content/uploads/36f5b53d6c6d3d6b1e9dd0027baac2ed_1435.xml HTTP/1.1" 200 1028 "-" "Mozilla/5.0 (X11; Linux x86_64) AppleWebKit/537.36 (KHTML, like Gecko) Ubuntu Chromium/41.0.2272.76"
154.3.62.15 - - [08/Jun/2025:22:06:52 -0400] "GET / HTTP/1.1" 200 10328 "-" "Mozilla/5.0 (compatible; MixrankBot; [email protected])"
66.249.79.231 - - [08/Jun/2025:22:09:24 -0400] "GET /manga1/jungle-juice-chapter-80/ HTTP/1.1" 200 10379 "-" "Mozilla/5.0 (Linux; Android 6.0.1; Nexus 5X Build/MMB29P) AppleWebKit/537.36 (KHTML, like Gecko) Chrome/136.0.7103.113 Mobile Safari/537.36 (compatible; Googlebot/2.1; +http://www.google.com/bot.html)"
43.167.157.80 - - [08/Jun/2025:22:09:54 -0400] "GET /manga1/jungle-juice-chapter-120-2/ HTTP/1.1" 200 11028 "-" "Mozilla/5.0 (iPhone; CPU iPhone OS 13_2_3 like Mac OS X) AppleWebKit/605.1.15 (KHTML, like Gecko) Version/13.0.3 Mobile/15E148 Safari/604.1"
58.136.61.42 - - [08/Jun/2025:22:12:42 -0400] "GET /manga1/jungle-juice-chapter-162/ HTTP/1.1" 200 10560 "https://w4.junglejuicewebtoon.com/manga1/jungle-juice-chapter-161/" "Mozilla/5.0 (Linux; Android 10; K) AppleWebKit/537.36 (KHTML, like Gecko) Chrome/133.0.0.0 Mobile Safari/537.36 ABB/133.0.6943.51"
58.136.61.42 - - [08/Jun/2025:22:12:43 -0400] "GET /wp-content/plugins/simple-social-buttons/assets/js/frontend-blocks.js?ver=5.3.1 HTTP/1.1" 200 0 "https://w4.junglejuicewebtoon.com/manga1/jungle-juice-chapter-162/" "Mozilla/5.0 (Linux; Android 10; K) AppleWebKit/537.36 (KHTML, like Gecko) Chrome/133.0.0.0 Mobile Safari/537.36 ABB/133.0.6943.51"
58.136.61.42 - - [08/Jun/2025:22:12:43 -0400] "GET /wp-includes/js/jquery/jquery.min.js?ver=3.7.1 HTTP/1.1" 200 29744 "https://w4.junglejuicewebtoon.com/manga1/jungle-juice-chapter-162/" "Mozilla/5.0 (Linux; Android 10; K) AppleWebKit/537.36 (KHTML, like Gecko) Chrome/133.0.0.0 Mobile Safari/537.36 ABB/133.0.6943.51"
58.136.61.42 - - [08/Jun/2025:22:12:43 -0400] "GET /wp-content/plugins/wp-automatic/js/main-front.js?ver=6.7.2 HTTP/1.1" 200 316 "https://w4.junglejuicewebtoon.com/manga1/jungle-juice-chapter-162/" "Mozilla/5.0 (Linux; Android 10; K) AppleWebKit/537.36 (KHTML, like Gecko) Chrome/133.0.0.0 Mobile Safari/537.36 ABB/133.0.6943.51"
58.136.61.42 - - [08/Jun/2025:22:12:43 -0400] "GET /wp-content/plugins/links-auto-replacer/public/js/lar-public.js?ver=2.0.0 HTTP/1.1" 200 393 "https://w4.junglejuicewebtoon.com/manga1/jungle-juice-chapter-162/" "Mozilla/5.0 (Linux; Android 10; K) AppleWebKit/537.36 (KHTML, like Gecko) Chrome/133.0.0.0 Mobile Safari/537.36 ABB/133.0.6943.51"
58.136.61.42 - - [08/Jun/2025:22:12:43 -0400] "GET /wp-content/plugins/simple-social-buttons/assets/js/front.js?ver=5.3.1 HTTP/1.1" 200 1932 "https://w4.junglejuicewebtoon.com/manga1/jungle-juice-chapter-162/" "Mozilla/5.0 (Linux; Android 10; K) AppleWebKit/537.36 (KHTML, like Gecko) Chrome/133.0.0.0 Mobile Safari/537.36 ABB/133.0.6943.51"
58.136.61.42 - - [08/Jun/2025:22:12:43 -0400] "GET /wp-includes/js/jquery/jquery-migrate.min.js?ver=3.4.1 HTTP/1.1" 200 4678 "https://w4.junglejuicewebtoon.com/manga1/jungle-juice-chapter-162/" "Mozilla/5.0 (Linux; Android 10; K) AppleWebKit/537.36 (KHTML, like Gecko) Chrome/133.0.0.0 Mobile Safari/537.36 ABB/133.0.6943.51"
58.136.61.42 - - [08/Jun/2025:22:12:44 -0400] "GET /wp-content/themes/toivo-lite/js/functions.min.js?ver=1.2.0 HTTP/1.1" 200 593 "https://w4.junglejuicewebtoon.com/manga1/jungle-juice-chapter-162/" "Mozilla/5.0 (Linux; Android 10; K) AppleWebKit/537.36 (KHTML, like Gecko) Chrome/133.0.0.0 Mobile Safari/537.36 ABB/133.0.6943.51"
58.136.61.42 - - [08/Jun/2025:22:12:44 -0400] "GET /wp-content/plugins/disqus-comment-system/public/js/comment_count.js?ver=3.1.2 HTTP/1.1" 200 354 "https://w4.junglejuicewebtoon.com/manga1/jungle-juice-chapter-162/" "Mozilla/5.0 (Linux; Android 10; K) AppleWebKit/537.36 (KHTML, like Gecko) Chrome/133.0.0.0 Mobile Safari/537.36 ABB/133.0.6943.51"
58.136.61.42 - - [08/Jun/2025:22:12:44 -0400] "GET /wp-content/plugins/disqus-comment-system/public/js/comment_embed.js?ver=3.1.2 HTTP/1.1" 200 653 "https://w4.junglejuicewebtoon.com/manga1/jungle-juice-chapter-162/" "Mozilla/5.0 (Linux; Android 10; K) AppleWebKit/537.36 (KHTML, like Gecko) Chrome/133.0.0.0 Mobile Safari/537.36 ABB/133.0.6943.51"
58.136.61.42 - - [08/Jun/2025:22:12:44 -0400] "GET /wp-content/themes/toivo-lite/js/settings.min.js?ver=1.2.0 HTTP/1.1" 200 307 "https://w4.junglejuicewebtoon.com/manga1/jungle-juice-chapter-162/" "Mozilla/5.0 (Linux; Android 10; K) AppleWebKit/537.36 (KHTML, like Gecko) Chrome/133.0.0.0 Mobile Safari/537.36 ABB/133.0.6943.51"
58.136.61.42 - - [08/Jun/2025:22:12:44 -0400] "GET /wp-content/themes/toivo-lite/js/responsive-nav.min.js?ver=1.2.0 HTTP/1.1" 200 2102 "https://w4.junglejuicewebtoon.com/manga1/jungle-juice-chapter-162/" "Mozilla/5.0 (Linux; Android 10; K) AppleWebKit/537.36 (KHTML, like Gecko) Chrome/133.0.0.0 Mobile Safari/537.36 ABB/133.0.6943.51"
58.136.61.42 - - [08/Jun/2025:22:12:44 -0400] "GET /wp-content/plugins/comic-easel/js/keynav.js HTTP/1.1" 200 302 "https://w4.junglejuicewebtoon.com/manga1/jungle-juice-chapter-162/" "Mozilla/5.0 (Linux; Android 10; K) AppleWebKit/537.36 (KHTML, like Gecko) Chrome/133.0.0.0 Mobile Safari/537.36 ABB/133.0.6943.51"
58.136.61.42 - - [08/Jun/2025:22:12:44 -0400] "GET /wp-includes/js/comment-reply.min.js?ver=6.7.2 HTTP/1.1" 200 1247 "https://w4.junglejuicewebtoon.com/manga1/jungle-juice-chapter-162/" "Mozilla/5.0 (Linux; Android 10; K) AppleWebKit/537.36 (KHTML, like Gecko) Chrome/133.0.0.0 Mobile Safari/537.36 ABB/133.0.6943.51"
162.0.232.193 - - [08/Jun/2025:22:12:46 -0400] "POST /wp-cron.php?doing_wp_cron=1749435166.7672319412231445312500 HTTP/1.1" 200 0 "-" "WordPress/6.7.2; https://w4.junglejuicewebtoon.com"
162.0.232.193 - - [08/Jun/2025:22:12:47 -0400] "POST /wp-admin/admin-ajax.php?action=async_litespeed&nonce=eEp02orEGwMn76Z50T58N2LtViOihXXW&litespeed_type=imgoptm HTTP/1.1" 200 5 "-" "WordPress/6.7.2; https://w4.junglejuicewebtoon.com"
58.136.61.42 - - [08/Jun/2025:22:12:44 -0400] "POST /wp-admin/admin-ajax.php HTTP/1.1" 200 69 "https://w4.junglejuicewebtoon.com/manga1/jungle-juice-chapter-162/" "Mozilla/5.0 (Linux; Android 10; K) AppleWebKit/537.36 (KHTML, like Gecko) Chrome/133.0.0.0 Mobile Safari/537.36 ABB/133.0.6943.51"
162.0.232.193 - - [08/Jun/2025:22:12:49 -0400] "GET /wp-content/uploads/36f5b53d6c6d3d6b1e9dd0027baac2ed_1435.xml HTTP/1.1" 200 1150 "-" "Mozilla/5.0 (X11; Linux x86_64) AppleWebKit/537.36 (KHTML, like Gecko) Ubuntu Chromium/41.0.2272.76"
162.0.232.193 - - [08/Jun/2025:22:15:54 -0400] "POST /wp-cron.php?doing_wp_cron=1749435354.6985349655151367187500 HTTP/1.1" 200 0 "-" "WordPress/6.7.2; https://w4.junglejuicewebtoon.com"
47.128.21.193 - - [08/Jun/2025:22:15:56 -0400] "GET / HTTP/1.1" 200 10328 "-" "Mozilla/5.0 (Linux; Android 5.0) AppleWebKit/537.36 (KHTML, like Gecko) Mobile Safari/537.36 (compatible; Bytespider; [email protected])"
162.0.232.193 - - [08/Jun/2025:22:15:57 -0400] "GET /wp-content/uploads/36f5b53d6c6d3d6b1e9dd0027baac2ed_1435.xml HTTP/1.1" 200 1150 "-" "Mozilla/5.0 (X11; Linux x86_64) AppleWebKit/537.36 (KHTML, like Gecko) Ubuntu Chromium/41.0.2272.76"
162.0.232.193 - - [08/Jun/2025:22:19:24 -0400] "POST /wp-cron.php?doing_wp_cron=1749435564.4325010776519775390625 HTTP/1.1" 200 0 "-" "WordPress/6.7.2; https://w4.junglejuicewebtoon.com"
45.67.14.64 - - [08/Jun/2025:22:19:23 -0400] "POST /wp-login.php HTTP/1.1" 200 1992 "https://w4.junglejuicewebtoon.com" "Mozilla/5.0 (Windows NT 10.0; Win64; x64; rv:127.0) Gecko/20100101 Firefox/127.0"
162.0.232.193 - - [08/Jun/2025:22:19:24 -0400] "POST /wp-admin/admin-ajax.php?action=async_litespeed&nonce=lUIQBmJJVgVLcPr0VuCCvLBGLVu9iqXa&litespeed_type=imgoptm HTTP/1.1" 200 5 "-" "WordPress/6.7.2; https://w4.junglejuicewebtoon.com"
162.0.232.193 - - [08/Jun/2025:22:19:26 -0400] "GET /wp-content/uploads/36f5b53d6c6d3d6b1e9dd0027baac2ed_1435.xml HTTP/1.1" 200 1150 "-" "Mozilla/5.0 (X11; Linux x86_64) AppleWebKit/537.36 (KHTML, like Gecko) Ubuntu Chromium/41.0.2272.76"
162.0.232.193 - - [08/Jun/2025:22:20:46 -0400] "POST /wp-cron.php?doing_wp_cron=1749435645.9735391139984130859375 HTTP/1.1" 200 0 "-" "WordPress/6.7.2; https://w4.junglejuicewebtoon.com"
162.0.232.193 - - [08/Jun/2025:22:20:46 -0400] "POST /wp-admin/admin-ajax.php?action=async_litespeed&nonce=o0jxkmZGnYaAAC2lSXui11Zz6pdQYdfq&litespeed_type=imgoptm HTTP/1.1" 200 5 "-" "WordPress/6.7.2; https://w4.junglejuicewebtoon.com"
43.153.71.12 - - [08/Jun/2025:22:20:52 -0400] "GET /wp-json/wp/v2/posts/1782 HTTP/1.1" 200 23489 "-" "Mozilla/5.0 (iPhone; CPU iPhone OS 13_2_3 like Mac OS X) AppleWebKit/605.1.15 (KHTML, like Gecko) Version/13.0.3 Mobile/15E148 Safari/604.1"
162.0.232.193 - - [08/Jun/2025:22:25:22 -0400] "POST /wp-cron.php?doing_wp_cron=1749435922.0338439941406250000000 HTTP/1.1" 200 0 "-" "WordPress/6.7.2; https://w4.junglejuicewebtoon.com"
173.208.148.34 - - [08/Jun/2025:22:25:22 -0400] "GET / HTTP/1.1" 200 10328 "-" "Mozilla/5.0 (Windows NT 10.0; Win64; x64) AppleWebKit/537.36 (KHTML, like Gecko) Chrome/91.0.4472.106 Safari/537.36"
173.208.148.34 - - [08/Jun/2025:22:25:22 -0400] "GET / HTTP/1.1" 200 10328 "-" "Mozilla/5.0 (compatible; Googlebot/2.1; +http://www.google.com/bot.html)"
162.0.232.193 - - [08/Jun/2025:22:25:25 -0400] "GET /wp-content/uploads/36f5b53d6c6d3d6b1e9dd0027baac2ed_1435.xml HTTP/1.1" 200 1150 "-" "Mozilla/5.0 (X11; Linux x86_64) AppleWebKit/537.36 (KHTML, like Gecko) Ubuntu Chromium/41.0.2272.76"
162.0.232.193 - - [08/Jun/2025:22:31:05 -0400] "POST /wp-cron.php?doing_wp_cron=1749436265.6426339149475097656250 HTTP/1.1" 200 0 "-" "WordPress/6.7.2; https://w4.junglejuicewebtoon.com"
43.135.139.165 - - [08/Jun/2025:22:31:04 -0400] "GET /manga1/jungle-juice-chapter-119-2/ HTTP/1.1" 200 11049 "-" "Mozilla/5.0 (iPhone; CPU iPhone OS 13_2_3 like Mac OS X) AppleWebKit/605.1.15 (KHTML, like Gecko) Version/13.0.3 Mobile/15E148 Safari/604.1"
162.0.232.193 - - [08/Jun/2025:22:31:06 -0400] "POST /wp-admin/admin-ajax.php?action=async_litespeed&nonce=WObyPmw30AfzDQf5BaHSkYWwBlGqqwyY&litespeed_type=imgoptm HTTP/1.1" 200 5 "-" "WordPress/6.7.2; https://w4.junglejuicewebtoon.com"
162.0.232.193 - - [08/Jun/2025:22:31:08 -0400] "GET /wp-content/uploads/36f5b53d6c6d3d6b1e9dd0027baac2ed_1435.xml HTTP/1.1" 200 1150 "-" "Mozilla/5.0 (X11; Linux x86_64) AppleWebKit/537.36 (KHTML, like Gecko) Ubuntu Chromium/41.0.2272.76"
162.0.232.193 - - [08/Jun/2025:22:33:20 -0400] "POST /wp-cron.php?doing_wp_cron=1749436400.4416050910949707031250 HTTP/1.1" 200 0 "-" "WordPress/6.7.2; https://w4.junglejuicewebtoon.com"
2a01:4f9:3081:3fc7::2 - - [08/Jun/2025:22:33:18 -0400] "POST /wp-login.php HTTP/1.1" 200 1992 "https://w4.junglejuicewebtoon.com" "Mozilla/5.0 (Macintosh; Intel Mac OS X 10_15_7) AppleWebKit/537.36 (KHTML, like Gecko) Chrome/113.0.5672.93 Safari/537.36"
162.0.232.193 - - [08/Jun/2025:22:33:22 -0400] "GET /wp-content/uploads/36f5b53d6c6d3d6b1e9dd0027baac2ed_1435.xml HTTP/1.1" 200 1150 "-" "Mozilla/5.0 (X11; Linux x86_64) AppleWebKit/537.36 (KHTML, like Gecko) Ubuntu Chromium/41.0.2272.76"
162.0.232.193 - - [08/Jun/2025:22:40:49 -0400] "POST /wp-cron.php?doing_wp_cron=1749436849.6960480213165283203125 HTTP/1.1" 200 0 "-" "WordPress/6.7.2; https://w4.junglejuicewebtoon.com"
43.153.87.54 - - [08/Jun/2025:22:40:48 -0400] "GET /wp-json/oembed/1.0/embed?url=https%3A%2F%2Fw4.junglejuicewebtoon.com%2Fmanga1%2Fjungle-juice-chapter-120-2%2F HTTP/1.1" 200 2546 "-" "Mozilla/5.0 (iPhone; CPU iPhone OS 13_2_3 like Mac OS X) AppleWebKit/605.1.15 (KHTML, like Gecko) Version/13.0.3 Mobile/15E148 Safari/604.1"
162.0.232.193 - - [08/Jun/2025:22:40:50 -0400] "POST /wp-admin/admin-ajax.php?action=async_litespeed&nonce=chhMZgdxtHhQtb0dCIGlO83VuDcFqrlF&litespeed_type=imgoptm HTTP/1.1" 200 5 "-" "WordPress/6.7.2; https://w4.junglejuicewebtoon.com"
162.0.232.193 - - [08/Jun/2025:22:40:51 -0400] "GET /wp-content/uploads/36f5b53d6c6d3d6b1e9dd0027baac2ed_1435.xml HTTP/1.1" 200 1150 "-" "Mozilla/5.0 (X11; Linux x86_64) AppleWebKit/537.36 (KHTML, like Gecko) Ubuntu Chromium/41.0.2272.76"
162.0.232.193 - - [08/Jun/2025:22:46:47 -0400] "POST /wp-cron.php?doing_wp_cron=1749437206.9286909103393554687500 HTTP/1.1" 200 0 "-" "WordPress/6.7.2; https://w4.junglejuicewebtoon.com"
162.214.124.144 - - [08/Jun/2025:22:46:45 -0400] "POST /wp-login.php HTTP/1.1" 200 1992 "https://w4.junglejuicewebtoon.com" "Mozilla/5.0 (Windows NT 10.0; Win64; x64; rv:129.0) Gecko/20100101 Firefox/129.0"
162.0.232.193 - - [08/Jun/2025:22:46:49 -0400] "GET /wp-content/uploads/36f5b53d6c6d3d6b1e9dd0027baac2ed_1435.xml HTTP/1.1" 200 1150 "-" "Mozilla/5.0 (X11; Linux x86_64) AppleWebKit/537.36 (KHTML, like Gecko) Ubuntu Chromium/41.0.2272.76"
162.0.232.193 - - [08/Jun/2025:22:51:55 -0400] "POST /wp-cron.php?doing_wp_cron=1749437515.4697160720825195312500 HTTP/1.1" 200 0 "-" "WordPress/6.7.2; https://w4.junglejuicewebtoon.com"
43.130.57.76 - - [08/Jun/2025:22:51:53 -0400] "GET /manga1/jungle-juice-chapter-120-2/embed/ HTTP/1.1" 200 6297 "-" "Mozilla/5.0 (iPhone; CPU iPhone OS 13_2_3 like Mac OS X) AppleWebKit/605.1.15 (KHTML, like Gecko) Version/13.0.3 Mobile/15E148 Safari/604.1"
162.0.232.193 - - [08/Jun/2025:22:51:55 -0400] "POST /wp-admin/admin-ajax.php?action=async_litespeed&nonce=plGP4IU4QGherw6CX7l8gPcspe8Fl7Uh&litespeed_type=imgoptm HTTP/1.1" 200 5 "-" "WordPress/6.7.2; https://w4.junglejuicewebtoon.com"
162.0.232.193 - - [08/Jun/2025:22:51:57 -0400] "GET /wp-content/uploads/36f5b53d6c6d3d6b1e9dd0027baac2ed_1435.xml HTTP/1.1" 200 1150 "-" "Mozilla/5.0 (X11; Linux x86_64) AppleWebKit/537.36 (KHTML, like Gecko) Ubuntu Chromium/41.0.2272.76"
162.0.232.193 - - [08/Jun/2025:22:53:21 -0400] "POST /wp-cron.php?doing_wp_cron=1749437601.7541720867156982421875 HTTP/1.1" 200 0 "-" "WordPress/6.7.2; https://w4.junglejuicewebtoon.com"
66.249.79.225 - - [08/Jun/2025:22:53:23 -0400] "GET /wp-content/plugins/wp-automatic/css/wp-automatic.css?ver=1.0.0 HTTP/1.1" 200 537 "https://w3.junglejuicewebtoon.com/" "Mozilla/5.0 (Linux; Android 6.0.1; Nexus 5X Build/MMB29P) AppleWebKit/537.36 (KHTML, like Gecko) Chrome/136.0.7103.92 Mobile Safari/537.36 (compatible; Googlebot/2.1; +http://www.google.com/bot.html)"
162.0.232.193 - - [08/Jun/2025:22:53:23 -0400] "POST /wp-admin/admin-ajax.php?action=async_litespeed&nonce=XMF0LQOIH9u097fKpdxivtG0YEWkS4RF&litespeed_type=imgoptm HTTP/1.1" 200 5 "-" "WordPress/6.7.2; https://w4.junglejuicewebtoon.com"
66.249.79.226 - - [08/Jun/2025:22:53:24 -0400] "GET /wp-content/plugins/comic-easel/js/keynav.js HTTP/1.1" 200 302 "https://w3.junglejuicewebtoon.com/" "Mozilla/5.0 (Linux; Android 6.0.1; Nexus 5X Build/MMB29P) AppleWebKit/537.36 (KHTML, like Gecko) Chrome/136.0.7103.92 Mobile Safari/537.36 (compatible; Googlebot/2.1; +http://www.google.com/bot.html)"
162.0.232.193 - - [08/Jun/2025:22:59:53 -0400] "POST /wp-cron.php?doing_wp_cron=1749437993.6919078826904296875000 HTTP/1.1" 200 0 "-" "WordPress/6.7.2; https://w4.junglejuicewebtoon.com"
162.62.213.165 - - [08/Jun/2025:22:59:52 -0400] "GET /wp-json/oembed/1.0/embed?url=https%3A%2F%2Fw4.junglejuicewebtoon.com%2Fmanga1%2Fjungle-juice-chapter-122%2F&format=xml HTTP/1.1" 200 1180 "-" "Mozilla/5.0 (iPhone; CPU iPhone OS 13_2_3 like Mac OS X) AppleWebKit/605.1.15 (KHTML, like Gecko) Version/13.0.3 Mobile/15E148 Safari/604.1"
162.0.232.193 - - [08/Jun/2025:22:59:54 -0400] "POST /wp-admin/admin-ajax.php?action=async_litespeed&nonce=LbunUDl6hY7wPjDKhJ00PJGsPkluYSOf&litespeed_type=imgoptm HTTP/1.1" 200 5 "-" "WordPress/6.7.2; https://w4.junglejuicewebtoon.com"
162.0.232.193 - - [08/Jun/2025:22:59:56 -0400] "GET /wp-content/uploads/36f5b53d6c6d3d6b1e9dd0027baac2ed_1435.xml HTTP/1.1" 200 1028 "-" "Mozilla/5.0 (X11; Linux x86_64) AppleWebKit/537.36 (KHTML, like Gecko) Ubuntu Chromium/41.0.2272.76"
114.119.133.138 - - [08/Jun/2025:23:00:56 -0400] "GET /category/jungle-juice-webtoon/page/26/ HTTP/1.1" 200 10939 "https://w4.junglejuicewebtoon.com/category/jungle-juice-webtoon/page/27/" "Mozilla/5.0 (Linux; Android 7.0;) AppleWebKit/537.36 (KHTML, like Gecko) Mobile Safari/537.36 (compatible; PetalBot;+https://webmaster.petalsearch.com/site/petalbot)"
162.0.232.193 - - [08/Jun/2025:23:00:57 -0400] "POST /wp-cron.php?doing_wp_cron=1749438057.2591900825500488281250 HTTP/1.1" 200 0 "-" "WordPress/6.7.2; https://w4.junglejuicewebtoon.com"
2604:a880:400:d1:0:1:345e:5001 - - [08/Jun/2025:23:00:57 -0400] "POST /wp-login.php HTTP/1.1" 200 1992 "https://w4.junglejuicewebtoon.com" "Mozilla/5.0 (Macintosh; Intel Mac OS X 10_15_7) AppleWebKit/537.36 (KHTML, like Gecko) Chrome/112.0.5615.138 Safari/537.36"
162.0.232.193 - - [08/Jun/2025:23:00:57 -0400] "POST /wp-admin/admin-ajax.php?action=async_litespeed&nonce=VdOU8hoIExNDlFoFXxyrfpLJTHjUL9Ru&litespeed_type=imgoptm HTTP/1.1" 200 5 "-" "WordPress/6.7.2; https://w4.junglejuicewebtoon.com"
162.0.232.193 - - [08/Jun/2025:23:02:37 -0400] "POST /wp-cron.php?doing_wp_cron=1749438156.8959410190582275390625 HTTP/1.1" 200 0 "-" "WordPress/6.7.2; https://w4.junglejuicewebtoon.com"
162.0.232.193 - - [08/Jun/2025:23:02:40 -0400] "GET /wp-content/uploads/36f5b53d6c6d3d6b1e9dd0027baac2ed_1435.xml HTTP/1.1" 200 1150 "-" "Mozilla/5.0 (X11; Linux x86_64) AppleWebKit/537.36 (KHTML, like Gecko) Ubuntu Chromium/41.0.2272.76"
162.0.232.193 - - [08/Jun/2025:23:11:47 -0400] "POST /wp-cron.php?doing_wp_cron=1749438706.8996109962463378906250 HTTP/1.1" 200 0 "-" "WordPress/6.7.2; https://w4.junglejuicewebtoon.com"
43.130.74.193 - - [08/Jun/2025:23:11:44 -0400] "GET /manga1/jungle-juice-chapter-145/ HTTP/1.1" 200 10748 "-" "Mozilla/5.0 (iPhone; CPU iPhone OS 13_2_3 like Mac OS X) AppleWebKit/605.1.15 (KHTML, like Gecko) Version/13.0.3 Mobile/15E148 Safari/604.1"
162.0.232.193 - - [08/Jun/2025:23:11:47 -0400] "POST /wp-admin/admin-ajax.php?action=async_litespeed&nonce=SV7Wbm5u0DRoSvp1nr2VaApU6ZUL7Ac3&litespeed_type=imgoptm HTTP/1.1" 200 5 "-" "WordPress/6.7.2; https://w4.junglejuicewebtoon.com"
162.0.232.193 - - [08/Jun/2025:23:11:49 -0400] "GET /wp-content/uploads/36f5b53d6c6d3d6b1e9dd0027baac2ed_1435.xml HTTP/1.1" 200 1150 "-" "Mozilla/5.0 (X11; Linux x86_64) AppleWebKit/537.36 (KHTML, like Gecko) Ubuntu Chromium/41.0.2272.76"
162.0.232.193 - - [08/Jun/2025:23:15:12 -0400] "POST /wp-cron.php?doing_wp_cron=1749438912.2177910804748535156250 HTTP/1.1" 200 0 "-" "WordPress/6.7.2; https://w4.junglejuicewebtoon.com"
2600:1900:0:2d03::1b00 - - [08/Jun/2025:23:15:13 -0400] "GET / HTTP/1.1" 200 10328 "-" "IAB-Tech-Lab"
162.0.232.193 - - [08/Jun/2025:23:15:15 -0400] "GET /wp-content/uploads/36f5b53d6c6d3d6b1e9dd0027baac2ed_1435.xml HTTP/1.1" 200 1150 "-" "Mozilla/5.0 (X11; Linux x86_64) AppleWebKit/537.36 (KHTML, like Gecko) Ubuntu Chromium/41.0.2272.76"
51.178.45.73 - - [08/Jun/2025:23:15:21 -0400] "POST /wp-login.php HTTP/1.1" 200 1992 "https://w4.junglejuicewebtoon.com" "Mozilla/5.0 (Windows NT 10.0; Win64; x64; rv:126.0) Gecko/20100101 Firefox/126.0"
162.0.232.193 - - [08/Jun/2025:23:17:37 -0400] "POST /wp-cron.php?doing_wp_cron=1749439057.4096159934997558593750 HTTP/1.1" 200 0 "-" "WordPress/6.7.2; https://w4.junglejuicewebtoon.com"
52.169.53.20 - - [08/Jun/2025:23:17:39 -0400] "GET /wp-login.php?action=register HTTP/1.1" 302 0 "-" "-"
52.169.53.20 - - [08/Jun/2025:23:17:39 -0400] "GET /wp-login.php?registration=disabled HTTP/1.1" 200 1922 "-" "-"
162.0.232.193 - - [08/Jun/2025:23:17:39 -0400] "POST /wp-admin/admin-ajax.php?action=async_litespeed&nonce=b1k1qh70uxpccZmwcMy8aYryi8p94ZHh&litespeed_type=imgoptm HTTP/1.1" 200 5 "-" "WordPress/6.7.2; https://w4.junglejuicewebtoon.com"
52.169.53.20 - - [08/Jun/2025:23:17:41 -0400] "GET /wp-login.php?action=register HTTP/1.1" 302 0 "-" "-"
162.0.232.193 - - [08/Jun/2025:23:17:41 -0400] "GET /wp-content/uploads/36f5b53d6c6d3d6b1e9dd0027baac2ed_1435.xml HTTP/1.1" 200 1150 "-" "Mozilla/5.0 (X11; Linux x86_64) AppleWebKit/537.36 (KHTML, like Gecko) Ubuntu Chromium/41.0.2272.76"
52.169.53.20 - - [08/Jun/2025:23:17:41 -0400] "GET /wp-login.php?registration=disabled HTTP/1.1" 200 1922 "-" "-"
114.119.133.125 - - [08/Jun/2025:23:18:24 -0400] "GET /manga1/jungle-juice-chapter-30-2/ HTTP/1.1" 200 10540 "https://w4.junglejuicewebtoon.com/category/manga/page/14/" "Mozilla/5.0 (Linux; Android 7.0;) AppleWebKit/537.36 (KHTML, like Gecko) Mobile Safari/537.36 (compatible; PetalBot;+https://webmaster.petalsearch.com/site/petalbot)"
