Current File : /home/honehdyv/access-logs/w4.junglejuicewebtoon.com-ssl_log
162.0.232.193 - - [08/Jun/2025:04:37:26 -0400] "POST /wp-cron.php?doing_wp_cron=1749371845.9134430885314941406250 HTTP/1.1" 200 0 "-" "WordPress/6.7.2; https://w4.junglejuicewebtoon.com"
162.0.232.193 - - [08/Jun/2025:04:37:26 -0400] "POST /wp-cron.php?doing_wp_cron=1749371845.9132299423217773437500 HTTP/1.1" 200 0 "-" "WordPress/6.7.2; https://w4.junglejuicewebtoon.com"
162.0.232.193 - - [08/Jun/2025:04:37:26 -0400] "POST /wp-cron.php?doing_wp_cron=1749371845.9131679534912109375000 HTTP/1.1" 200 0 "-" "WordPress/6.7.2; https://w4.junglejuicewebtoon.com"
216.244.66.247 - - [08/Jun/2025:04:37:23 -0400] "GET /robots.txt HTTP/1.1" 200 121 "-" "Mozilla/5.0 (compatible; DotBot/1.2; +https://opensiteexplorer.org/dotbot; [email protected])"
162.0.232.193 - - [08/Jun/2025:04:37:27 -0400] "GET /wp-content/uploads/36f5b53d6c6d3d6b1e9dd0027baac2ed_1435.xml HTTP/1.1" 200 1150 "-" "Mozilla/5.0 (X11; Linux x86_64) AppleWebKit/537.36 (KHTML, like Gecko) Ubuntu Chromium/41.0.2272.76"
185.117.225.206 - - [08/Jun/2025:04:37:47 -0400] "GET / HTTP/1.1" 200 10328 "-" "Mozilla/5.0 (compatible; BitSightBot/1.0)"
185.117.225.206 - - [08/Jun/2025:04:37:49 -0400] "GET /wp-includes/js/jquery/jquery-migrate.min.js?ver=3.4.1 HTTP/1.1" 304 0 "https://w4.junglejuicewebtoon.com/" "Mozilla/5.0 (compatible; BitSightBot/1.0)"
185.117.225.206 - - [08/Jun/2025:04:37:49 -0400] "GET /wp-includes/js/jquery/jquery.min.js?ver=3.7.1 HTTP/1.1" 304 0 "https://w4.junglejuicewebtoon.com/" "Mozilla/5.0 (compatible; BitSightBot/1.0)"
185.117.225.206 - - [08/Jun/2025:04:37:49 -0400] "GET /wp-content/plugins/links-auto-replacer/public/js/lar-public.js?ver=2.0.0 HTTP/1.1" 304 0 "https://w4.junglejuicewebtoon.com/" "Mozilla/5.0 (compatible; BitSightBot/1.0)"
185.117.225.206 - - [08/Jun/2025:04:37:49 -0400] "GET /wp-content/plugins/simple-social-buttons/assets/js/front.js?ver=5.3.1 HTTP/1.1" 304 0 "https://w4.junglejuicewebtoon.com/" "Mozilla/5.0 (compatible; BitSightBot/1.0)"
185.117.225.206 - - [08/Jun/2025:04:37:49 -0400] "GET /wp-content/plugins/comic-easel/js/keynav.js HTTP/1.1" 304 0 "https://w4.junglejuicewebtoon.com/" "Mozilla/5.0 (compatible; BitSightBot/1.0)"
185.117.225.206 - - [08/Jun/2025:04:37:49 -0400] "GET /wp-content/plugins/simple-social-buttons/assets/js/frontend-blocks.js?ver=5.3.1 HTTP/1.1" 304 0 "https://w4.junglejuicewebtoon.com/" "Mozilla/5.0 (compatible; BitSightBot/1.0)"
185.117.225.206 - - [08/Jun/2025:04:37:49 -0400] "GET /wp-content/themes/toivo-lite/js/responsive-nav.min.js?ver=1.2.0 HTTP/1.1" 304 0 "https://w4.junglejuicewebtoon.com/" "Mozilla/5.0 (compatible; BitSightBot/1.0)"
185.117.225.206 - - [08/Jun/2025:04:37:49 -0400] "GET /wp-content/themes/toivo-lite/js/settings.min.js?ver=1.2.0 HTTP/1.1" 304 0 "https://w4.junglejuicewebtoon.com/" "Mozilla/5.0 (compatible; BitSightBot/1.0)"
185.117.225.206 - - [08/Jun/2025:04:37:49 -0400] "GET /wp-content/themes/toivo-lite/js/functions.min.js?ver=1.2.0 HTTP/1.1" 304 0 "https://w4.junglejuicewebtoon.com/" "Mozilla/5.0 (compatible; BitSightBot/1.0)"
185.117.225.206 - - [08/Jun/2025:04:37:50 -0400] "GET /wp-includes/js/wp-emoji-release.min.js?ver=6.7.2 HTTP/1.1" 200 4676 "https://w4.junglejuicewebtoon.com/" "Mozilla/5.0 (compatible; BitSightBot/1.0)"
162.0.232.193 - - [08/Jun/2025:04:41:18 -0400] "POST /wp-cron.php?doing_wp_cron=1749372078.0908010005950927734375 HTTP/1.1" 200 0 "-" "WordPress/6.7.2; https://w4.junglejuicewebtoon.com"
43.153.96.79 - - [08/Jun/2025:04:41:16 -0400] "GET /manga1/jungle-juice-chapter-66-2/ HTTP/1.1" 200 10597 "-" "Mozilla/5.0 (iPhone; CPU iPhone OS 13_2_3 like Mac OS X) AppleWebKit/605.1.15 (KHTML, like Gecko) Version/13.0.3 Mobile/15E148 Safari/604.1"
162.0.232.193 - - [08/Jun/2025:04:41:18 -0400] "POST /wp-admin/admin-ajax.php?action=async_litespeed&nonce=4MSWhWfrkm0RN8sNV1Y7a2FL0gx6A3AC&litespeed_type=imgoptm HTTP/1.1" 200 5 "-" "WordPress/6.7.2; https://w4.junglejuicewebtoon.com"
162.0.232.193 - - [08/Jun/2025:04:41:20 -0400] "GET /wp-content/uploads/36f5b53d6c6d3d6b1e9dd0027baac2ed_1435.xml HTTP/1.1" 200 1150 "-" "Mozilla/5.0 (X11; Linux x86_64) AppleWebKit/537.36 (KHTML, like Gecko) Ubuntu Chromium/41.0.2272.76"
110.249.201.121 - - [08/Jun/2025:04:42:43 -0400] "GET / HTTP/1.1" 200 10328 "-" "Mozilla/5.0 (Linux; Android 5.0) AppleWebKit/537.36 (KHTML, like Gecko) Mobile Safari/537.36 (compatible; Bytespider; https://zhanzhang.toutiao.com/)"
110.249.201.121 - - [08/Jun/2025:04:42:44 -0400] "GET /wp-content/plugins/simple-social-buttons/assets/css/front.css?ver=5.3.1 HTTP/1.1" 200 10295 "https://w4.junglejuicewebtoon.com/" "Mozilla/5.0 (Linux; Android 5.0) AppleWebKit/537.36 (KHTML, like Gecko) Mobile Safari/537.36 (compatible; Bytespider; https://zhanzhang.toutiao.com/)"
110.249.201.121 - - [08/Jun/2025:04:42:45 -0400] "GET /wp-includes/js/jquery/jquery-migrate.min.js?ver=3.4.1 HTTP/1.1" 200 4678 "https://w4.junglejuicewebtoon.com/" "Mozilla/5.0 (Linux; Android 5.0) AppleWebKit/537.36 (KHTML, like Gecko) Mobile Safari/537.36 (compatible; Bytespider; https://zhanzhang.toutiao.com/)"
110.249.201.121 - - [08/Jun/2025:04:42:45 -0400] "GET /wp-includes/js/jquery/jquery.min.js?ver=3.7.1 HTTP/1.1" 200 29744 "https://w4.junglejuicewebtoon.com/" "Mozilla/5.0 (Linux; Android 5.0) AppleWebKit/537.36 (KHTML, like Gecko) Mobile Safari/537.36 (compatible; Bytespider; https://zhanzhang.toutiao.com/)"
110.249.201.121 - - [08/Jun/2025:04:42:45 -0400] "GET /wp-includes/css/dist/block-library/style.min.css?ver=6.7.2 HTTP/1.1" 200 14225 "https://w4.junglejuicewebtoon.com/" "Mozilla/5.0 (Linux; Android 5.0) AppleWebKit/537.36 (KHTML, like Gecko) Mobile Safari/537.36 (compatible; Bytespider; https://zhanzhang.toutiao.com/)"
110.249.201.121 - - [08/Jun/2025:04:42:45 -0400] "GET /wp-content/plugins/links-auto-replacer/public/js/lar-public.js?ver=2.0.0 HTTP/1.1" 200 393 "https://w4.junglejuicewebtoon.com/" "Mozilla/5.0 (Linux; Android 5.0) AppleWebKit/537.36 (KHTML, like Gecko) Mobile Safari/537.36 (compatible; Bytespider; https://zhanzhang.toutiao.com/)"
110.249.201.121 - - [08/Jun/2025:04:42:45 -0400] "GET /wp-content/plugins/simple-social-buttons/assets/js/frontend-blocks.js?ver=5.3.1 HTTP/1.1" 200 0 "https://w4.junglejuicewebtoon.com/" "Mozilla/5.0 (Linux; Android 5.0) AppleWebKit/537.36 (KHTML, like Gecko) Mobile Safari/537.36 (compatible; Bytespider; https://zhanzhang.toutiao.com/)"
110.249.201.121 - - [08/Jun/2025:04:42:45 -0400] "GET /wp-content/plugins/simple-social-buttons/assets/js/front.js?ver=5.3.1 HTTP/1.1" 200 1932 "https://w4.junglejuicewebtoon.com/" "Mozilla/5.0 (Linux; Android 5.0) AppleWebKit/537.36 (KHTML, like Gecko) Mobile Safari/537.36 (compatible; Bytespider; https://zhanzhang.toutiao.com/)"
110.249.201.121 - - [08/Jun/2025:04:42:45 -0400] "GET /wp-content/themes/toivo-lite/style.css?ver=1.2.0 HTTP/1.1" 200 13718 "https://w4.junglejuicewebtoon.com/" "Mozilla/5.0 (Linux; Android 5.0) AppleWebKit/537.36 (KHTML, like Gecko) Mobile Safari/537.36 (compatible; Bytespider; https://zhanzhang.toutiao.com/)"
110.249.201.121 - - [08/Jun/2025:04:42:45 -0400] "GET /wp-content/themes/toivo-lite/fonts/genericons/genericons/genericons.min.css?ver=3.3 HTTP/1.1" 200 15959 "https://w4.junglejuicewebtoon.com/" "Mozilla/5.0 (Linux; Android 5.0) AppleWebKit/537.36 (KHTML, like Gecko) Mobile Safari/537.36 (compatible; Bytespider; https://zhanzhang.toutiao.com/)"
110.249.201.121 - - [08/Jun/2025:04:42:45 -0400] "GET /wp-content/plugins/widgets-on-pages/public/css/widgets-on-pages-public.css?ver=1.4.0 HTTP/1.1" 200 83 "https://w4.junglejuicewebtoon.com/" "Mozilla/5.0 (Linux; Android 5.0) AppleWebKit/537.36 (KHTML, like Gecko) Mobile Safari/537.36 (compatible; Bytespider; https://zhanzhang.toutiao.com/)"
110.249.201.121 - - [08/Jun/2025:04:42:45 -0400] "GET /wp-content/plugins/comic-easel/css/comiceasel.css?ver=6.7.2 HTTP/1.1" 200 1273 "https://w4.junglejuicewebtoon.com/" "Mozilla/5.0 (Linux; Android 5.0) AppleWebKit/537.36 (KHTML, like Gecko) Mobile Safari/537.36 (compatible; Bytespider; https://zhanzhang.toutiao.com/)"
110.249.201.121 - - [08/Jun/2025:04:42:45 -0400] "GET /wp-content/uploads/2024/02/81yoNOPfHkL._AC_UF10001000_QL80_.jpg HTTP/1.1" 200 113317 "https://w4.junglejuicewebtoon.com/" "Mozilla/5.0 (Linux; Android 5.0) AppleWebKit/537.36 (KHTML, like Gecko) Mobile Safari/537.36 (compatible; Bytespider; https://zhanzhang.toutiao.com/)"
110.249.201.121 - - [08/Jun/2025:04:42:45 -0400] "GET /wp-content/plugins/comic-easel/js/keynav.js HTTP/1.1" 200 302 "https://w4.junglejuicewebtoon.com/" "Mozilla/5.0 (Linux; Android 5.0) AppleWebKit/537.36 (KHTML, like Gecko) Mobile Safari/537.36 (compatible; Bytespider; https://zhanzhang.toutiao.com/)"
110.249.201.121 - - [08/Jun/2025:04:42:46 -0400] "GET /wp-content/themes/toivo-lite/js/responsive-nav.min.js?ver=1.2.0 HTTP/1.1" 200 2102 "https://w4.junglejuicewebtoon.com/" "Mozilla/5.0 (Linux; Android 5.0) AppleWebKit/537.36 (KHTML, like Gecko) Mobile Safari/537.36 (compatible; Bytespider; https://zhanzhang.toutiao.com/)"
110.249.201.121 - - [08/Jun/2025:04:42:46 -0400] "GET /wp-content/themes/toivo-lite/js/settings.min.js?ver=1.2.0 HTTP/1.1" 200 307 "https://w4.junglejuicewebtoon.com/" "Mozilla/5.0 (Linux; Android 5.0) AppleWebKit/537.36 (KHTML, like Gecko) Mobile Safari/537.36 (compatible; Bytespider; https://zhanzhang.toutiao.com/)"
110.249.201.121 - - [08/Jun/2025:04:42:46 -0400] "GET /wp-content/themes/toivo-lite/js/functions.min.js?ver=1.2.0 HTTP/1.1" 200 593 "https://w4.junglejuicewebtoon.com/" "Mozilla/5.0 (Linux; Android 5.0) AppleWebKit/537.36 (KHTML, like Gecko) Mobile Safari/537.36 (compatible; Bytespider; https://zhanzhang.toutiao.com/)"
110.249.201.121 - - [08/Jun/2025:04:42:46 -0400] "GET /wp-content/uploads/2024/02/Jungle_Juice_Webtoon_Infobox.png HTTP/1.1" 200 742626 "https://w4.junglejuicewebtoon.com/" "Mozilla/5.0 (Linux; Android 5.0) AppleWebKit/537.36 (KHTML, like Gecko) Mobile Safari/537.36 (compatible; Bytespider; https://zhanzhang.toutiao.com/)"
111.225.148.38 - - [08/Jun/2025:04:43:15 -0400] "GET /robots.txt HTTP/1.1" 200 121 "-" "Mozilla/5.0 (Linux; Android 5.0) AppleWebKit/537.36 (KHTML, like Gecko) Mobile Safari/537.36 (compatible; Bytespider; https://zhanzhang.toutiao.com/)"
162.0.232.193 - - [08/Jun/2025:04:43:55 -0400] "POST /wp-cron.php?doing_wp_cron=1749372235.2593479156494140625000 HTTP/1.1" 200 0 "-" "WordPress/6.7.2; https://w4.junglejuicewebtoon.com"
162.0.232.193 - - [08/Jun/2025:04:43:56 -0400] "POST /wp-admin/admin-ajax.php?action=async_litespeed&nonce=PPCPJBayATwXBhztlLGMjeSoJeV8qKIZ&litespeed_type=imgoptm HTTP/1.1" 200 5 "-" "WordPress/6.7.2; https://w4.junglejuicewebtoon.com"
162.0.232.193 - - [08/Jun/2025:04:43:58 -0400] "GET /wp-content/uploads/36f5b53d6c6d3d6b1e9dd0027baac2ed_1435.xml HTTP/1.1" 200 1150 "-" "Mozilla/5.0 (X11; Linux x86_64) AppleWebKit/537.36 (KHTML, like Gecko) Ubuntu Chromium/41.0.2272.76"
66.249.70.68 - - [08/Jun/2025:04:44:13 -0400] "GET /manga1/jungle-juice-chapter-77/ HTTP/1.1" 200 10412 "-" "Mozilla/5.0 (Linux; Android 6.0.1; Nexus 5X Build/MMB29P) AppleWebKit/537.36 (KHTML, like Gecko) Chrome/136.0.7103.113 Mobile Safari/537.36 (compatible; Googlebot/2.1; +http://www.google.com/bot.html)"
162.0.232.193 - - [08/Jun/2025:04:46:24 -0400] "POST /wp-cron.php?doing_wp_cron=1749372384.8644459247589111328125 HTTP/1.1" 200 0 "-" "WordPress/6.7.2; https://w4.junglejuicewebtoon.com"
87.236.176.128 - - [08/Jun/2025:04:46:25 -0400] "GET / HTTP/1.1" 200 10328 "https://www.junglejuicewebtoon.com/" "Mozilla/5.0 (compatible; InternetMeasurement/1.0; +https://internet-measurement.com/)"
185.247.137.164 - - [08/Jun/2025:04:46:26 -0400] "GET /favicon.ico HTTP/1.1" 302 0 "-" "Mozilla/5.0 (compatible; InternetMeasurement/1.0; +https://internet-measurement.com/)"
162.0.232.193 - - [08/Jun/2025:04:46:28 -0400] "GET /wp-content/uploads/36f5b53d6c6d3d6b1e9dd0027baac2ed_1435.xml HTTP/1.1" 200 1150 "-" "Mozilla/5.0 (X11; Linux x86_64) AppleWebKit/537.36 (KHTML, like Gecko) Ubuntu Chromium/41.0.2272.76"
162.0.232.193 - - [08/Jun/2025:04:47:41 -0400] "POST /wp-cron.php?doing_wp_cron=1749372461.6097888946533203125000 HTTP/1.1" 200 0 "-" "WordPress/6.7.2; https://w4.junglejuicewebtoon.com"
114.119.133.138 - - [08/Jun/2025:04:47:39 -0400] "GET /manga1/jungle-juice-chapter-108/ HTTP/1.1" 200 10442 "https://w4.junglejuicewebtoon.com/category/manga/page/20/" "Mozilla/5.0 (Linux; Android 7.0;) AppleWebKit/537.36 (KHTML, like Gecko) Mobile Safari/537.36 (compatible; PetalBot;+https://webmaster.petalsearch.com/site/petalbot)"
162.0.232.193 - - [08/Jun/2025:04:47:41 -0400] "POST /wp-admin/admin-ajax.php?action=async_litespeed&nonce=QVa9n8wmlVJG5o2EfDzjmCUl4OjuBCO9&litespeed_type=imgoptm HTTP/1.1" 200 5 "-" "WordPress/6.7.2; https://w4.junglejuicewebtoon.com"
162.0.232.193 - - [08/Jun/2025:04:49:35 -0400] "POST /wp-cron.php?doing_wp_cron=1749372575.3736729621887207031250 HTTP/1.1" 200 0 "-" "WordPress/6.7.2; https://w4.junglejuicewebtoon.com"
2a03:2880:f800:1:: - - [08/Jun/2025:04:49:33 -0400] "GET /manga1/jungle-juice-chapter-151/ HTTP/1.1" 200 10279 "-" "meta-externalagent/1.1 (+https://developers.facebook.com/docs/sharing/webmasters/crawler)"
162.0.232.193 - - [08/Jun/2025:04:49:35 -0400] "POST /wp-admin/admin-ajax.php?action=async_litespeed&nonce=YHhVwPonAHpM0tLndxvo9cugdkQcOoHt&litespeed_type=imgoptm HTTP/1.1" 200 5 "-" "WordPress/6.7.2; https://w4.junglejuicewebtoon.com"
162.0.232.193 - - [08/Jun/2025:04:49:37 -0400] "GET /wp-content/uploads/36f5b53d6c6d3d6b1e9dd0027baac2ed_1435.xml HTTP/1.1" 200 1150 "-" "Mozilla/5.0 (X11; Linux x86_64) AppleWebKit/537.36 (KHTML, like Gecko) Ubuntu Chromium/41.0.2272.76"
162.0.232.193 - - [08/Jun/2025:04:50:36 -0400] "POST /wp-cron.php?doing_wp_cron=1749372636.2316179275512695312500 HTTP/1.1" 200 0 "-" "WordPress/6.7.2; https://w4.junglejuicewebtoon.com"
162.0.232.193 - - [08/Jun/2025:04:50:36 -0400] "POST /wp-admin/admin-ajax.php?action=async_litespeed&nonce=eH5Fzz9ZIchjTGTCeNJ42VzsyfmWp6HY&litespeed_type=imgoptm HTTP/1.1" 200 5 "-" "WordPress/6.7.2; https://w4.junglejuicewebtoon.com"
162.0.232.193 - - [08/Jun/2025:04:50:43 -0400] "POST /wp-cron.php?doing_wp_cron=1749372643.2535779476165771484375 HTTP/1.1" 200 0 "-" "WordPress/6.7.2; https://w4.junglejuicewebtoon.com"
162.0.232.193 - - [08/Jun/2025:04:50:43 -0400] "POST /wp-admin/admin-ajax.php?action=async_litespeed&nonce=lUyCpfSKKruAxZ5Y3LuhOWreYAFtR4A2&litespeed_type=imgoptm HTTP/1.1" 200 5 "-" "WordPress/6.7.2; https://w4.junglejuicewebtoon.com"
34.168.56.111 - - [08/Jun/2025:04:50:52 -0400] "POST /xmlrpc.php HTTP/1.1" 200 205 "-" "Mozilla/5.0 (X11; Ubuntu; Linux x86_64; rv:85.0) Gecko/20100101 Firefox/91.0"
162.0.232.193 - - [08/Jun/2025:04:51:22 -0400] "POST /wp-cron.php?doing_wp_cron=1749372682.6801381111145019531250 HTTP/1.1" 200 0 "-" "WordPress/6.7.2; https://w4.junglejuicewebtoon.com"
43.157.158.178 - - [08/Jun/2025:04:51:22 -0400] "GET /manga1/jungle-juice-chapter-63-2/ HTTP/1.1" 200 10773 "-" "Mozilla/5.0 (iPhone; CPU iPhone OS 13_2_3 like Mac OS X) AppleWebKit/605.1.15 (KHTML, like Gecko) Version/13.0.3 Mobile/15E148 Safari/604.1"
162.0.232.193 - - [08/Jun/2025:04:51:24 -0400] "GET /wp-content/uploads/36f5b53d6c6d3d6b1e9dd0027baac2ed_1435.xml HTTP/1.1" 200 1150 "-" "Mozilla/5.0 (X11; Linux x86_64) AppleWebKit/537.36 (KHTML, like Gecko) Ubuntu Chromium/41.0.2272.76"
162.0.232.193 - - [08/Jun/2025:04:53:04 -0400] "POST /wp-cron.php?doing_wp_cron=1749372784.0935730934143066406250 HTTP/1.1" 200 0 "-" "WordPress/6.7.2; https://w4.junglejuicewebtoon.com"
103.253.20.138 - - [08/Jun/2025:04:53:02 -0400] "POST /xmlrpc.php HTTP/1.1" 200 186 "https://w4.junglejuicewebtoon.com" "Mozilla/5.0 (Macintosh; Intel Mac OS X 10_15_7; rv:129.0) Gecko/20100101 Firefox/129.0"
162.0.232.193 - - [08/Jun/2025:04:53:04 -0400] "POST /wp-admin/admin-ajax.php?action=async_litespeed&nonce=137igCYBuroDFEyjxDzabideLlV9krOz&litespeed_type=imgoptm HTTP/1.1" 200 5 "-" "WordPress/6.7.2; https://w4.junglejuicewebtoon.com"
103.253.20.138 - - [08/Jun/2025:04:53:05 -0400] "POST /wp-login.php HTTP/1.1" 200 1993 "https://w4.junglejuicewebtoon.com" "Mozilla/5.0 (Windows NT 10.0; Win64; x64; rv:128.0) Gecko/20100101 Firefox/128.0"
162.0.232.193 - - [08/Jun/2025:04:53:06 -0400] "GET /wp-content/uploads/36f5b53d6c6d3d6b1e9dd0027baac2ed_1435.xml HTTP/1.1" 200 1150 "-" "Mozilla/5.0 (X11; Linux x86_64) AppleWebKit/537.36 (KHTML, like Gecko) Ubuntu Chromium/41.0.2272.76"
162.0.232.193 - - [08/Jun/2025:04:55:38 -0400] "POST /wp-cron.php?doing_wp_cron=1749372938.2934811115264892578125 HTTP/1.1" 200 0 "-" "WordPress/6.7.2; https://w4.junglejuicewebtoon.com"
162.0.232.193 - - [08/Jun/2025:04:55:41 -0400] "GET /wp-content/uploads/36f5b53d6c6d3d6b1e9dd0027baac2ed_1435.xml HTTP/1.1" 200 1150 "-" "Mozilla/5.0 (X11; Linux x86_64) AppleWebKit/537.36 (KHTML, like Gecko) Ubuntu Chromium/41.0.2272.76"
162.0.232.193 - - [08/Jun/2025:05:00:17 -0400] "POST /wp-cron.php?doing_wp_cron=1749373216.9921820163726806640625 HTTP/1.1" 200 0 "-" "WordPress/6.7.2; https://w4.junglejuicewebtoon.com"
47.128.63.200 - - [08/Jun/2025:05:00:15 -0400] "GET /manga1/jungle-juice-chapter-10/ HTTP/1.1" 200 10437 "-" "Mozilla/5.0 (compatible; Bytespider; [email protected]) AppleWebKit/537.36 (KHTML, like Gecko) Chrome/70.0.0.0 Safari/537.36"
162.0.232.193 - - [08/Jun/2025:05:00:17 -0400] "POST /wp-admin/admin-ajax.php?action=async_litespeed&nonce=ct4HklMjbMa4GdSaR0RK3bKjcoXR9hQm&litespeed_type=imgoptm HTTP/1.1" 200 5 "-" "WordPress/6.7.2; https://w4.junglejuicewebtoon.com"
162.0.232.193 - - [08/Jun/2025:05:00:19 -0400] "GET /wp-content/uploads/36f5b53d6c6d3d6b1e9dd0027baac2ed_1435.xml HTTP/1.1" 200 1150 "-" "Mozilla/5.0 (X11; Linux x86_64) AppleWebKit/537.36 (KHTML, like Gecko) Ubuntu Chromium/41.0.2272.76"
162.0.232.193 - - [08/Jun/2025:05:01:56 -0400] "POST /wp-cron.php?doing_wp_cron=1749373316.0557160377502441406250 HTTP/1.1" 200 0 "-" "WordPress/6.7.2; https://w4.junglejuicewebtoon.com"
43.166.226.186 - - [08/Jun/2025:05:01:54 -0400] "GET /manga1/jungle-juice-chapter-111-2/ HTTP/1.1" 200 10490 "-" "Mozilla/5.0 (iPhone; CPU iPhone OS 13_2_3 like Mac OS X) AppleWebKit/605.1.15 (KHTML, like Gecko) Version/13.0.3 Mobile/15E148 Safari/604.1"
162.0.232.193 - - [08/Jun/2025:05:01:56 -0400] "POST /wp-admin/admin-ajax.php?action=async_litespeed&nonce=nV5zUwDsRMKd0BwmSAUyFZJu3MtgZzb5&litespeed_type=imgoptm HTTP/1.1" 200 5 "-" "WordPress/6.7.2; https://w4.junglejuicewebtoon.com"
162.0.232.193 - - [08/Jun/2025:05:01:58 -0400] "GET /wp-content/uploads/36f5b53d6c6d3d6b1e9dd0027baac2ed_1435.xml HTTP/1.1" 200 1150 "-" "Mozilla/5.0 (X11; Linux x86_64) AppleWebKit/537.36 (KHTML, like Gecko) Ubuntu Chromium/41.0.2272.76"
162.0.232.193 - - [08/Jun/2025:05:05:44 -0400] "POST /wp-cron.php?doing_wp_cron=1749373544.1481060981750488281250 HTTP/1.1" 200 0 "-" "WordPress/6.7.2; https://w4.junglejuicewebtoon.com"
114.119.133.125 - - [08/Jun/2025:05:05:42 -0400] "GET /manga1/jungle-juice-chapter-49/ HTTP/1.1" 200 10537 "https://junglejuicewebtoon.com/tag/volume/" "Mozilla/5.0 (Linux; Android 7.0;) AppleWebKit/537.36 (KHTML, like Gecko) Mobile Safari/537.36 (compatible; PetalBot;+https://webmaster.petalsearch.com/site/petalbot)"
162.0.232.193 - - [08/Jun/2025:05:05:46 -0400] "GET /wp-content/uploads/36f5b53d6c6d3d6b1e9dd0027baac2ed_1435.xml HTTP/1.1" 200 1028 "-" "Mozilla/5.0 (X11; Linux x86_64) AppleWebKit/537.36 (KHTML, like Gecko) Ubuntu Chromium/41.0.2272.76"
106.119.167.146 - - [08/Jun/2025:05:06:08 -0400] "GET / HTTP/1.1" 200 10328 "https://www.junglejuicewebtoon.com/" "Mozilla/5.0 (iPhone; CPU iPhone OS 13_2_3 like Mac OS X) AppleWebKit/605.1.15 (KHTML, like Gecko) Version/13.0.3 Mobile/15E148 Safari/604.1"
162.0.232.193 - - [08/Jun/2025:05:07:30 -0400] "POST /wp-cron.php?doing_wp_cron=1749373650.3224859237670898437500 HTTP/1.1" 200 0 "-" "WordPress/6.7.2; https://w4.junglejuicewebtoon.com"
47.128.16.140 - - [08/Jun/2025:05:07:31 -0400] "GET / HTTP/1.1" 200 10328 "-" "Mozilla/5.0 (Linux; Android 5.0) AppleWebKit/537.36 (KHTML, like Gecko) Mobile Safari/537.36 (compatible; TikTokSpider; [email protected])"
162.0.232.193 - - [08/Jun/2025:05:07:32 -0400] "POST /wp-admin/admin-ajax.php?action=async_litespeed&nonce=jyrG6gaL6gfu5fVP59XQKF6O60pZGPL6&litespeed_type=imgoptm HTTP/1.1" 200 5 "-" "WordPress/6.7.2; https://w4.junglejuicewebtoon.com"
162.0.232.193 - - [08/Jun/2025:05:07:34 -0400] "GET /wp-content/uploads/36f5b53d6c6d3d6b1e9dd0027baac2ed_1435.xml HTTP/1.1" 200 1150 "-" "Mozilla/5.0 (X11; Linux x86_64) AppleWebKit/537.36 (KHTML, like Gecko) Ubuntu Chromium/41.0.2272.76"
43.135.144.81 - - [08/Jun/2025:05:09:41 -0400] "GET / HTTP/1.1" 200 10328 "http://w4.junglejuicewebtoon.com" "Mozilla/5.0 (iPhone; CPU iPhone OS 13_2_3 like Mac OS X) AppleWebKit/605.1.15 (KHTML, like Gecko) Version/13.0.3 Mobile/15E148 Safari/604.1"
162.0.232.193 - - [08/Jun/2025:05:10:55 -0400] "POST /wp-cron.php?doing_wp_cron=1749373855.0663599967956542968750 HTTP/1.1" 200 0 "-" "WordPress/6.7.2; https://w4.junglejuicewebtoon.com"
43.157.179.227 - - [08/Jun/2025:05:10:53 -0400] "GET /wp-json/oembed/1.0/embed?url=https%3A%2F%2Fw4.junglejuicewebtoon.com%2Fmanga1%2Fjungle-juice-chapter-94-2%2F&format=xml HTTP/1.1" 200 1186 "-" "Mozilla/5.0 (iPhone; CPU iPhone OS 13_2_3 like Mac OS X) AppleWebKit/605.1.15 (KHTML, like Gecko) Version/13.0.3 Mobile/15E148 Safari/604.1"
162.0.232.193 - - [08/Jun/2025:05:10:55 -0400] "POST /wp-admin/admin-ajax.php?action=async_litespeed&nonce=wQrl68j8Q1dKPw8Dj6AJZ1IakdU2zJTw&litespeed_type=imgoptm HTTP/1.1" 200 5 "-" "WordPress/6.7.2; https://w4.junglejuicewebtoon.com"
162.0.232.193 - - [08/Jun/2025:05:10:58 -0400] "GET /wp-content/uploads/36f5b53d6c6d3d6b1e9dd0027baac2ed_1435.xml HTTP/1.1" 200 1150 "-" "Mozilla/5.0 (X11; Linux x86_64) AppleWebKit/537.36 (KHTML, like Gecko) Ubuntu Chromium/41.0.2272.76"
66.249.70.71 - - [08/Jun/2025:05:11:46 -0400] "GET /manga1/jungle-juice-chapter-54-2/ HTTP/1.1" 200 10812 "-" "Mozilla/5.0 (Linux; Android 6.0.1; Nexus 5X Build/MMB29P) AppleWebKit/537.36 (KHTML, like Gecko) Chrome/136.0.7103.113 Mobile Safari/537.36 (compatible; GoogleOther)"
162.0.232.193 - - [08/Jun/2025:05:14:22 -0400] "POST /wp-cron.php?doing_wp_cron=1749374062.6127068996429443359375 HTTP/1.1" 200 0 "-" "WordPress/6.7.2; https://w4.junglejuicewebtoon.com"
82.156.199.117 - - [08/Jun/2025:05:14:21 -0400] "POST /xmlrpc.php HTTP/1.1" 200 186 "https://w4.junglejuicewebtoon.com" "Mozilla/5.0 (Macintosh; Intel Mac OS X 10_15_7) AppleWebKit/537.36 (KHTML, like Gecko) Chrome/112.0.5615.138 Safari/537.36"
82.156.199.117 - - [08/Jun/2025:05:14:24 -0400] "POST /wp-login.php HTTP/1.1" 200 1993 "https://w4.junglejuicewebtoon.com" "Mozilla/5.0 (Macintosh; Intel Mac OS X 10_15_7) AppleWebKit/537.36 (KHTML, like Gecko) Chrome/114.0.5735.134 Safari/537.36"
162.0.232.193 - - [08/Jun/2025:05:14:24 -0400] "GET /wp-content/uploads/36f5b53d6c6d3d6b1e9dd0027baac2ed_1435.xml HTTP/1.1" 200 1150 "-" "Mozilla/5.0 (X11; Linux x86_64) AppleWebKit/537.36 (KHTML, like Gecko) Ubuntu Chromium/41.0.2272.76"
162.0.232.193 - - [08/Jun/2025:05:17:49 -0400] "POST /wp-cron.php?doing_wp_cron=1749374269.6741819381713867187500 HTTP/1.1" 200 0 "-" "WordPress/6.7.2; https://w4.junglejuicewebtoon.com"
87.236.176.132 - - [08/Jun/2025:05:17:50 -0400] "GET / HTTP/1.1" 200 10328 "https://www.junglejuicewebtoon.com/" "Mozilla/5.0 (compatible; InternetMeasurement/1.0; +https://internet-measurement.com/)"
162.0.232.193 - - [08/Jun/2025:05:17:51 -0400] "POST /wp-admin/admin-ajax.php?action=async_litespeed&nonce=M8PAZ4Nu5swpnmq5vp0H2Mx5WrqXC2Y5&litespeed_type=imgoptm HTTP/1.1" 200 5 "-" "WordPress/6.7.2; https://w4.junglejuicewebtoon.com"
87.236.176.96 - - [08/Jun/2025:05:17:51 -0400] "GET /favicon.ico HTTP/1.1" 302 0 "-" "Mozilla/5.0 (compatible; InternetMeasurement/1.0; +https://internet-measurement.com/)"
162.0.232.193 - - [08/Jun/2025:05:17:55 -0400] "GET /wp-content/uploads/36f5b53d6c6d3d6b1e9dd0027baac2ed_1435.xml HTTP/1.1" 200 1028 "-" "Mozilla/5.0 (X11; Linux x86_64) AppleWebKit/537.36 (KHTML, like Gecko) Ubuntu Chromium/41.0.2272.76"
216.73.216.101 - - [08/Jun/2025:05:18:01 -0400] "GET /robots.txt HTTP/1.1" 200 121 "-" "Mozilla/5.0 AppleWebKit/537.36 (KHTML, like Gecko; compatible; ClaudeBot/1.0; [email protected])"
216.73.216.101 - - [08/Jun/2025:05:18:02 -0400] "GET /category/jungle-juice-manga/page/19 HTTP/1.1" 301 0 "-" "Mozilla/5.0 AppleWebKit/537.36 (KHTML, like Gecko; compatible; ClaudeBot/1.0; [email protected])"
216.73.216.101 - - [08/Jun/2025:05:18:02 -0400] "GET /category/jungle-juice-manga/page/19/ HTTP/1.1" 200 11498 "https://w4.junglejuicewebtoon.com/category/jungle-juice-manga/page/19" "Mozilla/5.0 AppleWebKit/537.36 (KHTML, like Gecko; compatible; ClaudeBot/1.0; [email protected])"
162.0.232.193 - - [08/Jun/2025:05:20:03 -0400] "POST /wp-cron.php?doing_wp_cron=1749374403.7498869895935058593750 HTTP/1.1" 200 0 "-" "WordPress/6.7.2; https://w4.junglejuicewebtoon.com"
47.128.126.225 - - [08/Jun/2025:05:20:06 -0400] "GET / HTTP/1.1" 200 10328 "-" "Mozilla/5.0 (Linux; Android 5.0) AppleWebKit/537.36 (KHTML, like Gecko) Mobile Safari/537.36 (compatible; Bytespider; [email protected])"
162.0.232.193 - - [08/Jun/2025:05:20:07 -0400] "GET /wp-content/uploads/36f5b53d6c6d3d6b1e9dd0027baac2ed_1435.xml HTTP/1.1" 200 1150 "-" "Mozilla/5.0 (X11; Linux x86_64) AppleWebKit/537.36 (KHTML, like Gecko) Ubuntu Chromium/41.0.2272.76"
162.0.232.193 - - [08/Jun/2025:05:22:24 -0400] "POST /wp-cron.php?doing_wp_cron=1749374544.5015599727630615234375 HTTP/1.1" 200 0 "-" "WordPress/6.7.2; https://w4.junglejuicewebtoon.com"
43.153.123.4 - - [08/Jun/2025:05:22:22 -0400] "GET /?p=1813 HTTP/1.1" 301 0 "-" "Mozilla/5.0 (iPhone; CPU iPhone OS 13_2_3 like Mac OS X) AppleWebKit/605.1.15 (KHTML, like Gecko) Version/13.0.3 Mobile/15E148 Safari/604.1"
162.0.232.193 - - [08/Jun/2025:05:22:24 -0400] "POST /wp-admin/admin-ajax.php?action=async_litespeed&nonce=zCdStwSRXIitMEqc9ZMT2ZeaBbPLgNFH&litespeed_type=imgoptm HTTP/1.1" 200 5 "-" "WordPress/6.7.2; https://w4.junglejuicewebtoon.com"
43.153.123.4 - - [08/Jun/2025:05:22:26 -0400] "GET /manga1/jungle-juice-chapter-89-2/ HTTP/1.1" 200 10718 "https://w4.junglejuicewebtoon.com/?p=1813" "Mozilla/5.0 (iPhone; CPU iPhone OS 13_2_3 like Mac OS X) AppleWebKit/605.1.15 (KHTML, like Gecko) Version/13.0.3 Mobile/15E148 Safari/604.1"
162.0.232.193 - - [08/Jun/2025:05:22:27 -0400] "GET /wp-content/uploads/36f5b53d6c6d3d6b1e9dd0027baac2ed_1435.xml HTTP/1.1" 200 1028 "-" "Mozilla/5.0 (X11; Linux x86_64) AppleWebKit/537.36 (KHTML, like Gecko) Ubuntu Chromium/41.0.2272.76"
114.119.157.54 - - [08/Jun/2025:05:22:34 -0400] "GET /category/jungle-juice-manga/page/20/ HTTP/1.1" 200 11535 "https://w4.junglejuicewebtoon.com/category/jungle-juice-manga/page/19/" "Mozilla/5.0 (Linux; Android 7.0;) AppleWebKit/537.36 (KHTML, like Gecko) Mobile Safari/537.36 (compatible; PetalBot;+https://webmaster.petalsearch.com/site/petalbot)"
162.0.232.193 - - [08/Jun/2025:05:28:04 -0400] "POST /wp-cron.php?doing_wp_cron=1749374884.2983338832855224609375 HTTP/1.1" 200 0 "-" "WordPress/6.7.2; https://w4.junglejuicewebtoon.com"
47.128.126.238 - - [08/Jun/2025:05:28:06 -0400] "GET / HTTP/1.1" 200 10328 "-" "Mozilla/5.0 (Linux; Android 5.0) AppleWebKit/537.36 (KHTML, like Gecko) Mobile Safari/537.36 (compatible; Bytespider; [email protected])"
162.0.232.193 - - [08/Jun/2025:05:28:06 -0400] "POST /wp-admin/admin-ajax.php?action=async_litespeed&nonce=VSPfNMaTyIGW8DGmWTo9lFS6JPRRly0B&litespeed_type=imgoptm HTTP/1.1" 200 5 "-" "WordPress/6.7.2; https://w4.junglejuicewebtoon.com"
162.0.232.193 - - [08/Jun/2025:05:28:08 -0400] "GET /wp-content/uploads/36f5b53d6c6d3d6b1e9dd0027baac2ed_1435.xml HTTP/1.1" 200 1150 "-" "Mozilla/5.0 (X11; Linux x86_64) AppleWebKit/537.36 (KHTML, like Gecko) Ubuntu Chromium/41.0.2272.76"
43.130.15.147 - - [08/Jun/2025:05:32:04 -0400] "GET /manga1/jungle-juice-chapter-66-2/ HTTP/1.1" 200 10597 "-" "Mozilla/5.0 (iPhone; CPU iPhone OS 13_2_3 like Mac OS X) AppleWebKit/605.1.15 (KHTML, like Gecko) Version/13.0.3 Mobile/15E148 Safari/604.1"
162.0.232.193 - - [08/Jun/2025:05:32:04 -0400] "POST /wp-cron.php?doing_wp_cron=1749375124.8202219009399414062500 HTTP/1.1" 200 0 "-" "WordPress/6.7.2; https://w4.junglejuicewebtoon.com"
47.128.34.210 - - [08/Jun/2025:05:32:06 -0400] "GET / HTTP/1.1" 200 10328 "-" "Mozilla/5.0 (Linux; Android 5.0) AppleWebKit/537.36 (KHTML, like Gecko) Mobile Safari/537.36 (compatible; Bytespider; [email protected])"
162.0.232.193 - - [08/Jun/2025:05:32:08 -0400] "GET /wp-content/uploads/36f5b53d6c6d3d6b1e9dd0027baac2ed_1435.xml HTTP/1.1" 200 1028 "-" "Mozilla/5.0 (X11; Linux x86_64) AppleWebKit/537.36 (KHTML, like Gecko) Ubuntu Chromium/41.0.2272.76"
162.0.232.193 - - [08/Jun/2025:05:36:00 -0400] "POST /wp-cron.php?doing_wp_cron=1749375359.9006969928741455078125 HTTP/1.1" 200 0 "-" "WordPress/6.7.2; https://w4.junglejuicewebtoon.com"
95.188.65.216 - - [08/Jun/2025:05:35:58 -0400] "POST /xmlrpc.php HTTP/1.1" 200 186 "https://w4.junglejuicewebtoon.com" "Mozilla/5.0 (Macintosh; Intel Mac OS X 10_15_7) AppleWebKit/537.36 (KHTML, like Gecko) Chrome/113.0.5672.93 Safari/537.36"
162.0.232.193 - - [08/Jun/2025:05:36:00 -0400] "POST /wp-admin/admin-ajax.php?action=async_litespeed&nonce=gq2gg4pbdjJx7EyWDb6TK7wVvuIVXmiV&litespeed_type=imgoptm HTTP/1.1" 200 5 "-" "WordPress/6.7.2; https://w4.junglejuicewebtoon.com"
95.188.65.216 - - [08/Jun/2025:05:36:01 -0400] "POST /wp-login.php HTTP/1.1" 200 1993 "https://w4.junglejuicewebtoon.com" "Mozilla/5.0 (Macintosh; Intel Mac OS X 10_15_7; rv:128.0) Gecko/20100101 Firefox/128.0"
162.0.232.193 - - [08/Jun/2025:05:36:02 -0400] "GET /wp-content/uploads/36f5b53d6c6d3d6b1e9dd0027baac2ed_1435.xml HTTP/1.1" 200 1150 "-" "Mozilla/5.0 (X11; Linux x86_64) AppleWebKit/537.36 (KHTML, like Gecko) Ubuntu Chromium/41.0.2272.76"
216.244.66.247 - - [08/Jun/2025:05:38:20 -0400] "GET /robots.txt HTTP/1.1" 200 121 "-" "Mozilla/5.0 (compatible; DotBot/1.2; +https://opensiteexplorer.org/dotbot; [email protected])"
162.0.232.193 - - [08/Jun/2025:05:41:42 -0400] "POST /wp-cron.php?doing_wp_cron=1749375702.2193861007690429687500 HTTP/1.1" 200 0 "-" "WordPress/6.7.2; https://w4.junglejuicewebtoon.com"
43.167.239.66 - - [08/Jun/2025:05:41:40 -0400] "GET /wp-json/oembed/1.0/embed?url=https%3A%2F%2Fw4.junglejuicewebtoon.com%2Fmanga1%2Fjungle-juice-chapter-66-2%2F HTTP/1.1" 200 2539 "-" "Mozilla/5.0 (iPhone; CPU iPhone OS 13_2_3 like Mac OS X) AppleWebKit/605.1.15 (KHTML, like Gecko) Version/13.0.3 Mobile/15E148 Safari/604.1"
162.0.232.193 - - [08/Jun/2025:05:41:44 -0400] "GET /wp-content/uploads/36f5b53d6c6d3d6b1e9dd0027baac2ed_1435.xml HTTP/1.1" 200 1028 "-" "Mozilla/5.0 (X11; Linux x86_64) AppleWebKit/537.36 (KHTML, like Gecko) Ubuntu Chromium/41.0.2272.76"
46.32.231.116 - - [08/Jun/2025:05:41:47 -0400] "POST /xmlrpc.php HTTP/1.1" 200 205 "-" "Mozilla/5.0 (X11; Ubuntu; Linux x86_64; rv:85.0) Gecko/20100101 Firefox/91.0"
66.249.70.71 - - [08/Jun/2025:05:43:10 -0400] "GET /robots.txt HTTP/1.1" 200 121 "-" "Mozilla/5.0 (compatible; Googlebot/2.1; +http://www.google.com/bot.html)"
162.0.232.193 - - [08/Jun/2025:05:43:12 -0400] "POST /wp-cron.php?doing_wp_cron=1749375792.5131480693817138671875 HTTP/1.1" 200 0 "-" "WordPress/6.7.2; https://w4.junglejuicewebtoon.com"
162.0.232.193 - - [08/Jun/2025:05:43:12 -0400] "POST /wp-admin/admin-ajax.php?action=async_litespeed&nonce=nPmGHA443QR9L8FqRb0lSPePtJpVgUKw&litespeed_type=imgoptm HTTP/1.1" 200 5 "-" "WordPress/6.7.2; https://w4.junglejuicewebtoon.com"
66.249.70.71 - - [08/Jun/2025:05:43:10 -0400] "POST /wp-admin/admin-ajax.php HTTP/1.1" 200 69 "https://w4.junglejuicewebtoon.com/manga1/jungle-juice-chapter-10/" "Mozilla/5.0 (Linux; Android 6.0.1; Nexus 5X Build/MMB29P) AppleWebKit/537.36 (KHTML, like Gecko) Chrome/136.0.7103.92 Mobile Safari/537.36 (compatible; Googlebot/2.1; +http://www.google.com/bot.html)"
162.0.232.193 - - [08/Jun/2025:05:43:14 -0400] "GET /wp-content/uploads/36f5b53d6c6d3d6b1e9dd0027baac2ed_1435.xml HTTP/1.1" 200 1150 "-" "Mozilla/5.0 (X11; Linux x86_64) AppleWebKit/537.36 (KHTML, like Gecko) Ubuntu Chromium/41.0.2272.76"
114.119.137.38 - - [08/Jun/2025:05:44:09 -0400] "GET /manga1/jungle-juice-chapter-73/ HTTP/1.1" 200 10401 "https://w4.junglejuicewebtoon.com/category/jungle-juice/page/21/" "Mozilla/5.0 (Linux; Android 7.0;) AppleWebKit/537.36 (KHTML, like Gecko) Mobile Safari/537.36 (compatible; PetalBot;+https://webmaster.petalsearch.com/site/petalbot)"
162.0.232.193 - - [08/Jun/2025:05:44:23 -0400] "POST /wp-cron.php?doing_wp_cron=1749375863.2408070564270019531250 HTTP/1.1" 200 0 "-" "WordPress/6.7.2; https://w4.junglejuicewebtoon.com"
162.0.232.193 - - [08/Jun/2025:05:44:23 -0400] "POST /wp-admin/admin-ajax.php?action=async_litespeed&nonce=jw182hJKYtyzGZeDFwXA0cb4r872BOVE&litespeed_type=imgoptm HTTP/1.1" 200 5 "-" "WordPress/6.7.2; https://w4.junglejuicewebtoon.com"
194.87.252.147 - - [08/Jun/2025:05:44:24 -0400] "GET / HTTP/1.1" 200 10328 "-" "Mozilla/5.0 (Windows NT 6.3) AppleWebKit/537.36 (KHTML, like Gecko) Chrome/56.0.2928.91 Safari/537.36"
194.87.252.147 - - [08/Jun/2025:05:44:25 -0400] "POST /wp-content/plugins/wp-automatic/inc/csv.php HTTP/1.1" 403 1242 "https://w4.junglejuicewebtoon.com/" "Mozilla/5.0 (Windows NT 6.3) AppleWebKit/537.36 (KHTML, like Gecko) Chrome/56.0.2928.91 Safari/537.36"
194.87.252.147 - - [08/Jun/2025:05:44:25 -0400] "POST /wp-content/plugins/wp-automatic/inc/csv.php945545372186.php HTTP/1.1" 403 1242 "https://w4.junglejuicewebtoon.com/wp-content/plugins/wp-automatic/inc/csv.php" "Mozilla/5.0 (Windows NT 6.3) AppleWebKit/537.36 (KHTML, like Gecko) Chrome/56.0.2928.91 Safari/537.36"
194.87.252.147 - - [08/Jun/2025:05:44:26 -0400] "POST /wp-content/plugins/wp-automatic/inc/csv.php945545372186.php HTTP/1.1" 403 1242 "https://w4.junglejuicewebtoon.com/wp-content/plugins/wp-automatic/inc/csv.php945545372186.php" "Mozilla/5.0 (Windows NT 6.3) AppleWebKit/537.36 (KHTML, like Gecko) Chrome/56.0.2928.91 Safari/537.36"
162.0.232.193 - - [08/Jun/2025:05:44:27 -0400] "POST /wp-cron.php?doing_wp_cron=1749375867.5493800640106201171875 HTTP/1.1" 200 0 "-" "WordPress/6.7.2; https://w4.junglejuicewebtoon.com"
194.87.252.147 - xtw18387151d [08/Jun/2025:05:44:27 -0400] "GET /wp-json/wp/v2/settings HTTP/1.1" 401 98 "https://w4.junglejuicewebtoon.com/wp-content/plugins/wp-automatic/inc/csv.php945545372186.php" "Mozilla/5.0 (Windows NT 6.3) AppleWebKit/537.36 (KHTML, like Gecko) Chrome/56.0.2928.91 Safari/537.36"
162.0.232.193 - - [08/Jun/2025:05:46:42 -0400] "POST /wp-cron.php?doing_wp_cron=1749376002.8597729206085205078125 HTTP/1.1" 200 0 "-" "WordPress/6.7.2; https://w4.junglejuicewebtoon.com"
114.119.133.125 - - [08/Jun/2025:05:46:41 -0400] "GET /category/jungle-juice-webtoon/page/25/ HTTP/1.1" 200 11268 "https://w4.junglejuicewebtoon.com/category/jungle-juice-webtoon/page/26/" "Mozilla/5.0 (Linux; Android 7.0;) AppleWebKit/537.36 (KHTML, like Gecko) Mobile Safari/537.36 (compatible; PetalBot;+https://webmaster.petalsearch.com/site/petalbot)"
162.0.232.193 - - [08/Jun/2025:05:46:43 -0400] "POST /wp-admin/admin-ajax.php?action=async_litespeed&nonce=993lgkIn6DtTFLYY09h5yHlmNUANW5N3&litespeed_type=imgoptm HTTP/1.1" 200 5 "-" "WordPress/6.7.2; https://w4.junglejuicewebtoon.com"
162.0.232.193 - - [08/Jun/2025:05:46:44 -0400] "GET /wp-content/uploads/36f5b53d6c6d3d6b1e9dd0027baac2ed_1435.xml HTTP/1.1" 200 1150 "-" "Mozilla/5.0 (X11; Linux x86_64) AppleWebKit/537.36 (KHTML, like Gecko) Ubuntu Chromium/41.0.2272.76"
162.0.232.193 - - [08/Jun/2025:05:48:04 -0400] "POST /wp-cron.php?doing_wp_cron=1749376084.7194690704345703125000 HTTP/1.1" 200 0 "-" "WordPress/6.7.2; https://w4.junglejuicewebtoon.com"
162.0.232.193 - - [08/Jun/2025:05:48:05 -0400] "POST /wp-admin/admin-ajax.php?action=async_litespeed&nonce=w5PKFqyDQuTE8iBhgVVYC6V96Ej47hOF&litespeed_type=imgoptm HTTP/1.1" 200 5 "-" "WordPress/6.7.2; https://w4.junglejuicewebtoon.com"
114.119.154.6 - - [08/Jun/2025:05:48:06 -0400] "GET / HTTP/1.1" 200 10328 "https://junglejuicewebtoon.com/jungle-juice-chapter-54/" "Mozilla/5.0 (Linux; Android 7.0;) AppleWebKit/537.36 (KHTML, like Gecko) Mobile Safari/537.36 (compatible; PetalBot;+https://webmaster.petalsearch.com/site/petalbot)"
162.0.232.193 - - [08/Jun/2025:05:49:46 -0400] "POST /wp-cron.php?doing_wp_cron=1749376186.6687700748443603515625 HTTP/1.1" 200 0 "-" "WordPress/6.7.2; https://w4.junglejuicewebtoon.com"
54.197.178.107 - - [08/Jun/2025:05:49:44 -0400] "GET /category/jungle-juice-manga/page/8/ HTTP/1.1" 200 11985 "-" "Mozilla/5.0 AppleWebKit/537.36 (KHTML, like Gecko; compatible; Amazonbot/0.1; +https://developer.amazon.com/support/amazonbot) Chrome/119.0.6045.214 Safari/537.36"
162.0.232.193 - - [08/Jun/2025:05:49:48 -0400] "GET /wp-content/uploads/36f5b53d6c6d3d6b1e9dd0027baac2ed_1435.xml HTTP/1.1" 200 1150 "-" "Mozilla/5.0 (X11; Linux x86_64) AppleWebKit/537.36 (KHTML, like Gecko) Ubuntu Chromium/41.0.2272.76"
162.0.232.193 - - [08/Jun/2025:05:51:59 -0400] "POST /wp-cron.php?doing_wp_cron=1749376319.2042350769042968750000 HTTP/1.1" 200 0 "-" "WordPress/6.7.2; https://w4.junglejuicewebtoon.com"
114.119.155.13 - - [08/Jun/2025:05:52:01 -0400] "GET / HTTP/1.1" 200 10328 "https://junglejuicewebtoon.com/tag/jungle-juice-characters/" "Mozilla/5.0 (Linux; Android 7.0;) AppleWebKit/537.36 (KHTML, like Gecko) Mobile Safari/537.36 (compatible; PetalBot;+https://webmaster.petalsearch.com/site/petalbot)"
162.0.232.193 - - [08/Jun/2025:05:52:01 -0400] "POST /wp-admin/admin-ajax.php?action=async_litespeed&nonce=Gyv6vzDm0qFlqXrkRsF9V30ja7clLv0D&litespeed_type=imgoptm HTTP/1.1" 200 5 "-" "WordPress/6.7.2; https://w4.junglejuicewebtoon.com"
162.0.232.193 - - [08/Jun/2025:05:52:03 -0400] "GET /wp-content/uploads/36f5b53d6c6d3d6b1e9dd0027baac2ed_1435.xml HTTP/1.1" 200 1028 "-" "Mozilla/5.0 (X11; Linux x86_64) AppleWebKit/537.36 (KHTML, like Gecko) Ubuntu Chromium/41.0.2272.76"
43.166.244.192 - - [08/Jun/2025:05:52:34 -0400] "GET /?p=1839 HTTP/1.1" 301 0 "-" "Mozilla/5.0 (iPhone; CPU iPhone OS 13_2_3 like Mac OS X) AppleWebKit/605.1.15 (KHTML, like Gecko) Version/13.0.3 Mobile/15E148 Safari/604.1"
43.166.244.192 - - [08/Jun/2025:05:52:39 -0400] "GET /manga1/jungle-juice-chapter-63-2/ HTTP/1.1" 200 10773 "https://w4.junglejuicewebtoon.com/?p=1839" "Mozilla/5.0 (iPhone; CPU iPhone OS 13_2_3 like Mac OS X) AppleWebKit/605.1.15 (KHTML, like Gecko) Version/13.0.3 Mobile/15E148 Safari/604.1"
162.0.232.193 - - [08/Jun/2025:05:57:12 -0400] "POST /wp-cron.php?doing_wp_cron=1749376632.3790409564971923828125 HTTP/1.1" 200 0 "-" "WordPress/6.7.2; https://w4.junglejuicewebtoon.com"
170.83.49.7 - - [08/Jun/2025:05:57:13 -0400] "GET / HTTP/1.1" 200 10328 "https://w3.junglejuicewebtoon.com/" "Mozilla/5.0 (Windows NT 10.0; Win64; x64)"
162.0.232.193 - - [08/Jun/2025:05:57:15 -0400] "GET /wp-content/uploads/36f5b53d6c6d3d6b1e9dd0027baac2ed_1435.xml HTTP/1.1" 200 1150 "-" "Mozilla/5.0 (X11; Linux x86_64) AppleWebKit/537.36 (KHTML, like Gecko) Ubuntu Chromium/41.0.2272.76"
45.148.96.51 - - [08/Jun/2025:05:57:18 -0400] "POST /xmlrpc.php HTTP/1.1" 200 186 "https://w4.junglejuicewebtoon.com" "Mozilla/5.0 (Windows NT 10.0; Win64; x64; rv:128.0) Gecko/20100101 Firefox/128.0"
45.148.96.51 - - [08/Jun/2025:05:57:19 -0400] "POST /wp-login.php HTTP/1.1" 200 1993 "https://w4.junglejuicewebtoon.com" "Mozilla/5.0 (Windows NT 10.0; Win64; x64; rv:125.0.1) Gecko/20100101 Firefox/125.0.1"
43.130.110.130 - - [08/Jun/2025:05:57:45 -0400] "GET / HTTP/1.1" 200 10328 "https://w3.junglejuicewebtoon.com/" "Mozilla/5.0 (iPhone; CPU iPhone OS 13_2_3 like Mac OS X) AppleWebKit/605.1.15 (KHTML, like Gecko) Version/13.0.3 Mobile/15E148 Safari/604.1"
162.0.232.193 - - [08/Jun/2025:05:58:24 -0400] "POST /wp-cron.php?doing_wp_cron=1749376704.1657950878143310546875 HTTP/1.1" 200 0 "-" "WordPress/6.7.2; https://w4.junglejuicewebtoon.com"
162.0.232.193 - - [08/Jun/2025:05:58:24 -0400] "POST /wp-admin/admin-ajax.php?action=async_litespeed&nonce=w9KN3AGkXZQ7gKJ6WTx74ayXABDPhBTX&litespeed_type=imgoptm HTTP/1.1" 200 5 "-" "WordPress/6.7.2; https://w4.junglejuicewebtoon.com"
162.0.232.193 - - [08/Jun/2025:05:58:49 -0400] "POST /wp-cron.php?doing_wp_cron=1749376729.3663759231567382812500 HTTP/1.1" 200 0 "-" "WordPress/6.7.2; https://w4.junglejuicewebtoon.com"
162.0.232.193 - - [08/Jun/2025:05:58:49 -0400] "POST /wp-admin/admin-ajax.php?action=async_litespeed&nonce=o6c7DV929PAfX2KhLhRKMfgMVJQswQjT&litespeed_type=imgoptm HTTP/1.1" 200 5 "-" "WordPress/6.7.2; https://w4.junglejuicewebtoon.com"
66.249.70.64 - - [08/Jun/2025:05:58:49 -0400] "POST /wp-admin/admin-ajax.php HTTP/1.1" 200 69 "https://w4.junglejuicewebtoon.com/manga1/jungle-juice-chapter-54-2/" "Mozilla/5.0 (Linux; Android 6.0.1; Nexus 5X Build/MMB29P) AppleWebKit/537.36 (KHTML, like Gecko) Chrome/136.0.7103.92 Mobile Safari/537.36 (compatible; Googlebot/2.1; +http://www.google.com/bot.html)"
162.62.231.139 - - [08/Jun/2025:06:01:17 -0400] "GET /manga1/jungle-juice-chapter-111-2/ HTTP/1.1" 200 10490 "-" "Mozilla/5.0 (iPhone; CPU iPhone OS 13_2_3 like Mac OS X) AppleWebKit/605.1.15 (KHTML, like Gecko) Version/13.0.3 Mobile/15E148 Safari/604.1"
162.0.232.193 - - [08/Jun/2025:06:03:35 -0400] "POST /wp-cron.php?doing_wp_cron=1749377014.9337170124053955078125 HTTP/1.1" 200 0 "-" "WordPress/6.7.2; https://w4.junglejuicewebtoon.com"
5.9.120.100 - - [08/Jun/2025:06:03:35 -0400] "GET /robots.txt HTTP/1.1" 200 121 "-" "Mozilla/5.0 (compatible; BLEXBot/1.0; +https://help.seranking.com/en/blex-crawler)"
162.0.232.193 - - [08/Jun/2025:06:03:38 -0400] "GET /wp-content/uploads/36f5b53d6c6d3d6b1e9dd0027baac2ed_1435.xml HTTP/1.1" 200 1150 "-" "Mozilla/5.0 (X11; Linux x86_64) AppleWebKit/537.36 (KHTML, like Gecko) Ubuntu Chromium/41.0.2272.76"
162.0.232.193 - - [08/Jun/2025:06:05:58 -0400] "POST /wp-cron.php?doing_wp_cron=1749377158.1393818855285644531250 HTTP/1.1" 200 0 "-" "WordPress/6.7.2; https://w4.junglejuicewebtoon.com"
5.9.120.100 - - [08/Jun/2025:06:05:59 -0400] "GET / HTTP/1.1" 200 10328 "-" "Mozilla/5.0 (compatible; BLEXBot/1.0; +https://help.seranking.com/en/blex-crawler)"
162.0.232.193 - - [08/Jun/2025:06:06:00 -0400] "POST /wp-admin/admin-ajax.php?action=async_litespeed&nonce=dZ5bW5cYb1yPXc0r5lpgXQDRsmPKtQ1t&litespeed_type=imgoptm HTTP/1.1" 200 5 "-" "WordPress/6.7.2; https://w4.junglejuicewebtoon.com"
162.0.232.193 - - [08/Jun/2025:06:06:02 -0400] "GET /wp-content/uploads/36f5b53d6c6d3d6b1e9dd0027baac2ed_1435.xml HTTP/1.1" 200 1150 "-" "Mozilla/5.0 (X11; Linux x86_64) AppleWebKit/537.36 (KHTML, like Gecko) Ubuntu Chromium/41.0.2272.76"
162.0.232.193 - - [08/Jun/2025:06:07:13 -0400] "POST /wp-cron.php?doing_wp_cron=1749377232.9359829425811767578125 HTTP/1.1" 200 0 "-" "WordPress/6.7.2; https://w4.junglejuicewebtoon.com"
162.0.232.193 - - [08/Jun/2025:06:07:13 -0400] "POST /wp-admin/admin-ajax.php?action=async_litespeed&nonce=dvRKLjg74fOOk61rxopWd8zjLbkNOq4A&litespeed_type=imgoptm HTTP/1.1" 200 5 "-" "WordPress/6.7.2; https://w4.junglejuicewebtoon.com"
5.9.120.100 - - [08/Jun/2025:06:07:13 -0400] "GET / HTTP/1.1" 200 10328 "-" "Mozilla/5.0 (compatible; BLEXBot/1.0; +https://help.seranking.com/en/blex-crawler)"
162.0.232.193 - - [08/Jun/2025:06:07:18 -0400] "POST /wp-cron.php?doing_wp_cron=1749377238.1681010723114013671875 HTTP/1.1" 200 0 "-" "WordPress/6.7.2; https://w4.junglejuicewebtoon.com"
5.9.120.100 - - [08/Jun/2025:06:07:18 -0400] "GET / HTTP/1.1" 200 10328 "-" "Mozilla/5.0 (compatible; BLEXBot/1.0; +https://help.seranking.com/en/blex-crawler)"
5.9.120.100 - - [08/Jun/2025:06:07:22 -0400] "GET / HTTP/1.1" 200 10328 "-" "Mozilla/5.0 (compatible; BLEXBot/1.0; +https://help.seranking.com/en/blex-crawler)"
162.0.232.193 - - [08/Jun/2025:06:08:16 -0400] "POST /wp-cron.php?doing_wp_cron=1749377296.7878549098968505859375 HTTP/1.1" 200 0 "-" "WordPress/6.7.2; https://w4.junglejuicewebtoon.com"
14.225.205.165 - - [08/Jun/2025:06:08:16 -0400] "POST /xmlrpc.php HTTP/1.1" 200 205 "-" "Mozilla/5.0 (X11; Ubuntu; Linux x86_64; rv:85.0) Gecko/20100101 Firefox/91.0"
162.0.232.193 - - [08/Jun/2025:06:08:17 -0400] "POST /wp-admin/admin-ajax.php?action=async_litespeed&nonce=xeAeUd7FU6HABDqm7rrBS2MhEVwGWLDU&litespeed_type=imgoptm HTTP/1.1" 200 5 "-" "WordPress/6.7.2; https://w4.junglejuicewebtoon.com"
162.0.232.193 - - [08/Jun/2025:06:08:19 -0400] "GET /wp-content/uploads/36f5b53d6c6d3d6b1e9dd0027baac2ed_1435.xml HTTP/1.1" 200 1150 "-" "Mozilla/5.0 (X11; Linux x86_64) AppleWebKit/537.36 (KHTML, like Gecko) Ubuntu Chromium/41.0.2272.76"
5.9.120.100 - - [08/Jun/2025:06:09:02 -0400] "GET / HTTP/1.1" 200 10328 "-" "Mozilla/5.0 (compatible; BLEXBot/1.0; +https://help.seranking.com/en/blex-crawler)"
5.9.120.100 - - [08/Jun/2025:06:09:07 -0400] "GET / HTTP/1.1" 200 10328 "-" "Mozilla/5.0 (compatible; BLEXBot/1.0; +https://help.seranking.com/en/blex-crawler)"
162.0.232.193 - - [08/Jun/2025:06:10:07 -0400] "POST /wp-cron.php?doing_wp_cron=1749377406.9618709087371826171875 HTTP/1.1" 200 0 "-" "WordPress/6.7.2; https://w4.junglejuicewebtoon.com"
5.9.120.100 - - [08/Jun/2025:06:10:07 -0400] "GET / HTTP/1.1" 200 10328 "-" "Mozilla/5.0 (compatible; BLEXBot/1.0; +https://help.seranking.com/en/blex-crawler)"
162.0.232.193 - - [08/Jun/2025:06:10:09 -0400] "POST /wp-admin/admin-ajax.php?action=async_litespeed&nonce=j7pRgMWiiBk8f2Y8eze4gJJf6JCg1jFA&litespeed_type=imgoptm HTTP/1.1" 200 5 "-" "WordPress/6.7.2; https://w4.junglejuicewebtoon.com"
162.0.232.193 - - [08/Jun/2025:06:10:11 -0400] "GET /wp-content/uploads/36f5b53d6c6d3d6b1e9dd0027baac2ed_1435.xml HTTP/1.1" 200 1028 "-" "Mozilla/5.0 (X11; Linux x86_64) AppleWebKit/537.36 (KHTML, like Gecko) Ubuntu Chromium/41.0.2272.76"
5.9.120.100 - - [08/Jun/2025:06:10:19 -0400] "GET / HTTP/1.1" 200 10328 "-" "Mozilla/5.0 (compatible; BLEXBot/1.0; +https://help.seranking.com/en/blex-crawler)"
43.133.220.37 - - [08/Jun/2025:06:10:43 -0400] "GET /manga1/jungle-juice-chapter-54/ HTTP/1.1" 200 10443 "-" "Mozilla/5.0 (iPhone; CPU iPhone OS 13_2_3 like Mac OS X) AppleWebKit/605.1.15 (KHTML, like Gecko) Version/13.0.3 Mobile/15E148 Safari/604.1"
5.9.120.100 - - [08/Jun/2025:06:10:53 -0400] "GET / HTTP/1.1" 200 10328 "-" "Mozilla/5.0 (compatible; BLEXBot/1.0; +https://help.seranking.com/en/blex-crawler)"
5.9.120.100 - - [08/Jun/2025:06:10:57 -0400] "GET / HTTP/1.1" 200 10328 "-" "Mozilla/5.0 (compatible; BLEXBot/1.0; +https://help.seranking.com/en/blex-crawler)"
162.0.232.193 - - [08/Jun/2025:06:12:15 -0400] "POST /wp-cron.php?doing_wp_cron=1749377535.0996069908142089843750 HTTP/1.1" 200 0 "-" "WordPress/6.7.2; https://w4.junglejuicewebtoon.com"
66.249.70.71 - - [08/Jun/2025:06:12:13 -0400] "GET /manga1/jungle-juice-chapter-10-2/ HTTP/1.1" 200 10891 "-" "Mozilla/5.0 (Linux; Android 6.0.1; Nexus 5X Build/MMB29P) AppleWebKit/537.36 (KHTML, like Gecko) Chrome/136.0.7103.113 Mobile Safari/537.36 (compatible; GoogleOther)"
162.0.232.193 - - [08/Jun/2025:06:12:16 -0400] "GET /wp-content/uploads/36f5b53d6c6d3d6b1e9dd0027baac2ed_1435.xml HTTP/1.1" 200 1150 "-" "Mozilla/5.0 (X11; Linux x86_64) AppleWebKit/537.36 (KHTML, like Gecko) Ubuntu Chromium/41.0.2272.76"
5.9.120.100 - - [08/Jun/2025:06:12:32 -0400] "GET / HTTP/1.1" 200 10328 "-" "Mozilla/5.0 (compatible; BLEXBot/1.0; +https://help.seranking.com/en/blex-crawler)"
5.9.120.100 - - [08/Jun/2025:06:12:46 -0400] "GET / HTTP/1.1" 200 10328 "-" "Mozilla/5.0 (compatible; BLEXBot/1.0; +https://help.seranking.com/en/blex-crawler)"
5.9.120.100 - - [08/Jun/2025:06:13:26 -0400] "GET / HTTP/1.1" 200 10328 "-" "Mozilla/5.0 (compatible; BLEXBot/1.0; +https://help.seranking.com/en/blex-crawler)"
5.9.120.100 - - [08/Jun/2025:06:13:29 -0400] "GET / HTTP/1.1" 200 10328 "-" "Mozilla/5.0 (compatible; BLEXBot/1.0; +https://help.seranking.com/en/blex-crawler)"
162.0.232.193 - - [08/Jun/2025:06:14:04 -0400] "POST /wp-cron.php?doing_wp_cron=1749377644.7057549953460693359375 HTTP/1.1" 200 0 "-" "WordPress/6.7.2; https://w4.junglejuicewebtoon.com"
5.9.120.100 - - [08/Jun/2025:06:14:05 -0400] "GET / HTTP/1.1" 200 10328 "-" "Mozilla/5.0 (compatible; BLEXBot/1.0; +https://help.seranking.com/en/blex-crawler)"
162.0.232.193 - - [08/Jun/2025:06:14:06 -0400] "POST /wp-admin/admin-ajax.php?action=async_litespeed&nonce=qB04BUYcjI8cxSLEc5BsClFunnpxaIWi&litespeed_type=imgoptm HTTP/1.1" 200 5 "-" "WordPress/6.7.2; https://w4.junglejuicewebtoon.com"
162.0.232.193 - - [08/Jun/2025:06:14:08 -0400] "GET /wp-content/uploads/36f5b53d6c6d3d6b1e9dd0027baac2ed_1435.xml HTTP/1.1" 200 1028 "-" "Mozilla/5.0 (X11; Linux x86_64) AppleWebKit/537.36 (KHTML, like Gecko) Ubuntu Chromium/41.0.2272.76"
66.249.70.65 - - [08/Jun/2025:06:14:13 -0400] "GET /manga1/jungle-juice-chapter-13/ HTTP/1.1" 200 10344 "-" "Mozilla/5.0 (Linux; Android 6.0.1; Nexus 5X Build/MMB29P) AppleWebKit/537.36 (KHTML, like Gecko) Chrome/136.0.7103.113 Mobile Safari/537.36 (compatible; Googlebot/2.1; +http://www.google.com/bot.html)"
5.9.120.100 - - [08/Jun/2025:06:14:38 -0400] "GET / HTTP/1.1" 200 10328 "-" "Mozilla/5.0 (compatible; BLEXBot/1.0; +https://help.seranking.com/en/blex-crawler)"
162.0.232.193 - - [08/Jun/2025:06:15:04 -0400] "POST /wp-cron.php?doing_wp_cron=1749377704.7270948886871337890625 HTTP/1.1" 200 0 "-" "WordPress/6.7.2; https://w4.junglejuicewebtoon.com"
162.0.232.193 - - [08/Jun/2025:06:15:04 -0400] "POST /wp-admin/admin-ajax.php?action=async_litespeed&nonce=d8UA1LH174IXqWwFClTbc23ZbGdQeKmy&litespeed_type=imgoptm HTTP/1.1" 200 5 "-" "WordPress/6.7.2; https://w4.junglejuicewebtoon.com"
162.0.232.193 - - [08/Jun/2025:06:15:14 -0400] "POST /wp-cron.php?doing_wp_cron=1749377714.1140859127044677734375 HTTP/1.1" 200 0 "-" "WordPress/6.7.2; https://w4.junglejuicewebtoon.com"
162.0.232.193 - - [08/Jun/2025:06:15:27 -0400] "POST /wp-cron.php?doing_wp_cron=1749377727.0497949123382568359375 HTTP/1.1" 200 0 "-" "WordPress/6.7.2; https://w4.junglejuicewebtoon.com"
52.164.217.9 - - [08/Jun/2025:06:15:32 -0400] "GET /wp-login.php?redirect_to=https%3A%2F%2Fw3.junglejuicewebtoon.com%2Fwp-admin%2Fusers.php&reauth=1 HTTP/1.1" 200 1858 "-" "-"
