162.0.232.193 - - [08/Jun/2025:17:41:09 -0400] "POST /wp-admin/admin-ajax.php?action=async_litespeed&nonce=nL3TbOpR6kqlUtWGPNVitakRbd02jIBg&litespeed_type=imgoptm HTTP/1.1" 200 5 "-" "WordPress/6.7.2; https://w4.junglejuicewebtoon.com"
2607:fb91:309f:e21:45bd:d42a:de1c:5ef7 - - [08/Jun/2025:17:41:07 -0400] "POST /wp-admin/admin-ajax.php HTTP/1.1" 200 69 "https://w4.junglejuicewebtoon.com/manga1/jungle-juice-chapter-162/" "Mozilla/5.0 (iPhone; CPU iPhone OS 18_5_0 like Mac OS X) AppleWebKit/605.1.15 (KHTML, like Gecko) EdgiOS/136.0.3240.91 Version/18.0 Mobile/15E148 Safari/604.1"
162.0.232.193 - - [08/Jun/2025:17:41:10 -0400] "GET /wp-content/uploads/36f5b53d6c6d3d6b1e9dd0027baac2ed_1435.xml HTTP/1.1" 200 1150 "-" "Mozilla/5.0 (X11; Linux x86_64) AppleWebKit/537.36 (KHTML, like Gecko) Ubuntu Chromium/41.0.2272.76"
162.0.232.193 - - [08/Jun/2025:17:42:38 -0400] "POST /wp-cron.php?doing_wp_cron=1749418958.4212400913238525390625 HTTP/1.1" 200 0 "-" "WordPress/6.7.2; https://w4.junglejuicewebtoon.com"
47.128.28.169 - - [08/Jun/2025:17:42:40 -0400] "GET / HTTP/1.1" 200 10328 "-" "Mozilla/5.0 (Linux; Android 5.0) AppleWebKit/537.36 (KHTML, like Gecko) Mobile Safari/537.36 (compatible; Bytespider; [email protected])"
162.0.232.193 - - [08/Jun/2025:17:42:51 -0400] "GET /wp-content/uploads/36f5b53d6c6d3d6b1e9dd0027baac2ed_1435.xml HTTP/1.1" 200 1028 "-" "Mozilla/5.0 (X11; Linux x86_64) AppleWebKit/537.36 (KHTML, like Gecko) Ubuntu Chromium/41.0.2272.76"
162.0.232.193 - - [08/Jun/2025:17:48:07 -0400] "POST /wp-cron.php?doing_wp_cron=1749419286.8176450729370117187500 HTTP/1.1" 200 0 "-" "WordPress/6.7.2; https://w4.junglejuicewebtoon.com"
2a03:2880:f800:1d:: - - [08/Jun/2025:17:48:05 -0400] "GET /wp-json/wp/v2/posts/2029 HTTP/1.1" 200 16872 "-" "meta-externalagent/1.1 (+https://developers.facebook.com/docs/sharing/webmasters/crawler)"
162.0.232.193 - - [08/Jun/2025:17:48:07 -0400] "POST /wp-admin/admin-ajax.php?action=async_litespeed&nonce=HChlHqZ59e0rwpo1cHy67bAF0U9v0ytx&litespeed_type=imgoptm HTTP/1.1" 200 5 "-" "WordPress/6.7.2; https://w4.junglejuicewebtoon.com"
162.0.232.193 - - [08/Jun/2025:17:48:09 -0400] "GET /wp-content/uploads/36f5b53d6c6d3d6b1e9dd0027baac2ed_1435.xml HTTP/1.1" 200 1028 "-" "Mozilla/5.0 (X11; Linux x86_64) AppleWebKit/537.36 (KHTML, like Gecko) Ubuntu Chromium/41.0.2272.76"
162.0.232.193 - - [08/Jun/2025:18:00:15 -0400] "POST /wp-cron.php?doing_wp_cron=1749420015.3558459281921386718750 HTTP/1.1" 200 0 "-" "WordPress/6.7.2; https://w4.junglejuicewebtoon.com"
162.0.232.193 - - [08/Jun/2025:18:00:19 -0400] "GET /wp-content/uploads/36f5b53d6c6d3d6b1e9dd0027baac2ed_1435.xml HTTP/1.1" 200 1150 "-" "Mozilla/5.0 (X11; Linux x86_64) AppleWebKit/537.36 (KHTML, like Gecko) Ubuntu Chromium/41.0.2272.76"
114.119.157.54 - - [08/Jun/2025:18:02:00 -0400] "GET /manga1/jungle-juice-chapter-15/ HTTP/1.1" 200 10726 "http://junglejuicewebtoon.com/" "Mozilla/5.0 (Linux; Android 7.0;) AppleWebKit/537.36 (KHTML, like Gecko) Mobile Safari/537.36 (compatible; PetalBot;+https://webmaster.petalsearch.com/site/petalbot)"
162.0.232.193 - - [08/Jun/2025:18:09:33 -0400] "POST /wp-cron.php?doing_wp_cron=1749420573.1788699626922607421875 HTTP/1.1" 200 0 "-" "WordPress/6.7.2; https://w4.junglejuicewebtoon.com"
47.128.55.111 - - [08/Jun/2025:18:09:35 -0400] "GET / HTTP/1.1" 200 10328 "-" "Mozilla/5.0 (Linux; Android 5.0) AppleWebKit/537.36 (KHTML, like Gecko) Mobile Safari/537.36 (compatible; Bytespider; [email protected])"
162.0.232.193 - - [08/Jun/2025:18:09:35 -0400] "POST /wp-admin/admin-ajax.php?action=async_litespeed&nonce=cYSC5PzjTeWGP2UGex1K56bNrtPsKknw&litespeed_type=imgoptm HTTP/1.1" 200 5 "-" "WordPress/6.7.2; https://w4.junglejuicewebtoon.com"
162.0.232.193 - - [08/Jun/2025:18:09:37 -0400] "GET /wp-content/uploads/36f5b53d6c6d3d6b1e9dd0027baac2ed_1435.xml HTTP/1.1" 200 1150 "-" "Mozilla/5.0 (X11; Linux x86_64) AppleWebKit/537.36 (KHTML, like Gecko) Ubuntu Chromium/41.0.2272.76"
162.0.232.193 - - [08/Jun/2025:18:13:58 -0400] "POST /wp-cron.php?doing_wp_cron=1749420838.7017738819122314453125 HTTP/1.1" 200 0 "-" "WordPress/6.7.2; https://w4.junglejuicewebtoon.com"
114.119.155.13 - - [08/Jun/2025:18:13:57 -0400] "GET /manga1/jungle-juice-chapter-42-2/ HTTP/1.1" 200 10509 "http://junglejuicewebtoon.com/" "Mozilla/5.0 (Linux; Android 7.0;) AppleWebKit/537.36 (KHTML, like Gecko) Mobile Safari/537.36 (compatible; PetalBot;+https://webmaster.petalsearch.com/site/petalbot)"
162.0.232.193 - - [08/Jun/2025:18:13:59 -0400] "POST /wp-admin/admin-ajax.php?action=async_litespeed&nonce=T2fVxy04T3yR45Q9RbxoNW6WdLlXHZ04&litespeed_type=imgoptm HTTP/1.1" 200 5 "-" "WordPress/6.7.2; https://w4.junglejuicewebtoon.com"
162.0.232.193 - - [08/Jun/2025:18:14:01 -0400] "GET /wp-content/uploads/36f5b53d6c6d3d6b1e9dd0027baac2ed_1435.xml HTTP/1.1" 200 1150 "-" "Mozilla/5.0 (X11; Linux x86_64) AppleWebKit/537.36 (KHTML, like Gecko) Ubuntu Chromium/41.0.2272.76"
162.0.232.193 - - [08/Jun/2025:18:16:47 -0400] "POST /wp-cron.php?doing_wp_cron=1749421007.4455399513244628906250 HTTP/1.1" 200 0 "-" "WordPress/6.7.2; https://w4.junglejuicewebtoon.com"
114.119.155.13 - - [08/Jun/2025:18:16:49 -0400] "GET / HTTP/1.1" 200 10328 "https://junglejuicewebtoon.com/tag/jungle-juice-characters/" "Mozilla/5.0 (Linux; Android 7.0;) AppleWebKit/537.36 (KHTML, like Gecko) Mobile Safari/537.36 (compatible; PetalBot;+https://webmaster.petalsearch.com/site/petalbot)"
162.0.232.193 - - [08/Jun/2025:18:16:50 -0400] "GET /wp-content/uploads/36f5b53d6c6d3d6b1e9dd0027baac2ed_1435.xml HTTP/1.1" 200 1150 "-" "Mozilla/5.0 (X11; Linux x86_64) AppleWebKit/537.36 (KHTML, like Gecko) Ubuntu Chromium/41.0.2272.76"
216.73.216.101 - - [08/Jun/2025:18:17:12 -0400] "GET /robots.txt HTTP/1.1" 304 0 "-" "Mozilla/5.0 AppleWebKit/537.36 (KHTML, like Gecko; compatible; ClaudeBot/1.0; [email protected])"
216.73.216.101 - - [08/Jun/2025:18:17:12 -0400] "GET /sitemap_index.xml HTTP/1.1" 200 333 "-" "Mozilla/5.0 AppleWebKit/537.36 (KHTML, like Gecko; compatible; ClaudeBot/1.0; [email protected])"
47.128.51.179 - - [08/Jun/2025:18:17:34 -0400] "GET / HTTP/1.1" 200 10328 "-" "Mozilla/5.0 (Linux; Android 5.0) AppleWebKit/537.36 (KHTML, like Gecko) Mobile Safari/537.36 (compatible; Bytespider; [email protected])"
162.0.232.193 - - [08/Jun/2025:18:24:02 -0400] "POST /wp-cron.php?doing_wp_cron=1749421442.3732829093933105468750 HTTP/1.1" 200 0 "-" "WordPress/6.7.2; https://w4.junglejuicewebtoon.com"
194.87.252.147 - - [08/Jun/2025:18:24:04 -0400] "GET / HTTP/1.1" 200 10328 "-" "Mozilla/5.0 (Windows NT 6.2; Trident/7.0; rv:11.0) like Gecko"
194.87.252.147 - - [08/Jun/2025:18:24:05 -0400] "POST /wp-content/plugins/wp-automatic/inc/csv.php HTTP/1.1" 200 26 "https://w4.junglejuicewebtoon.com/" "Mozilla/5.0 (Windows NT 6.2; Trident/7.0; rv:11.0) like Gecko"
162.0.232.193 - - [08/Jun/2025:18:24:05 -0400] "POST /wp-admin/admin-ajax.php?action=async_litespeed&nonce=2ykpUxVi3v0W8AULEHh1gkB2ccqHTheW&litespeed_type=imgoptm HTTP/1.1" 200 5 "-" "WordPress/6.7.2; https://w4.junglejuicewebtoon.com"
162.0.232.193 - - [08/Jun/2025:18:24:08 -0400] "GET /wp-content/uploads/36f5b53d6c6d3d6b1e9dd0027baac2ed_1435.xml HTTP/1.1" 200 1150 "-" "Mozilla/5.0 (X11; Linux x86_64) AppleWebKit/537.36 (KHTML, like Gecko) Ubuntu Chromium/41.0.2272.76"
216.244.66.247 - - [08/Jun/2025:18:24:20 -0400] "GET /robots.txt HTTP/1.1" 200 121 "-" "Mozilla/5.0 (compatible; DotBot/1.2; +https://opensiteexplorer.org/dotbot; [email protected])"
194.87.252.147 - - [08/Jun/2025:18:24:25 -0400] "POST /wp-content/plugins/wp-automatic/inc/csv.php HTTP/1.1" 200 26 "https://w4.junglejuicewebtoon.com/wp-content/plugins/wp-automatic/inc/csv.php" "Mozilla/5.0 (Windows NT 6.2; Trident/7.0; rv:11.0) like Gecko"
194.87.252.147 - - [08/Jun/2025:18:24:26 -0400] "POST /wp-content/plugins/wp-automatic/inc/csv.php HTTP/1.1" 200 26 "https://w4.junglejuicewebtoon.com/wp-content/plugins/wp-automatic/inc/csv.php" "Mozilla/5.0 (Windows NT 6.2; Trident/7.0; rv:11.0) like Gecko"
194.87.252.147 - - [08/Jun/2025:18:24:26 -0400] "POST /wp-content/plugins/wp-automatic/inc/csv.php HTTP/1.1" 200 26 "https://w4.junglejuicewebtoon.com/wp-content/plugins/wp-automatic/inc/csv.php" "Mozilla/5.0 (Windows NT 6.2; Trident/7.0; rv:11.0) like Gecko"
194.87.252.147 - - [08/Jun/2025:18:24:27 -0400] "POST /wp-content/plugins/wp-automatic/inc/csv.php945545372186.php HTTP/1.1" 301 0 "https://w4.junglejuicewebtoon.com/wp-content/plugins/wp-automatic/inc/csv.php" "Mozilla/5.0 (Windows NT 6.2; Trident/7.0; rv:11.0) like Gecko"
194.87.252.147 - - [08/Jun/2025:18:24:28 -0400] "GET / HTTP/1.1" 200 10328 "https://w4.junglejuicewebtoon.com/wp-content/plugins/wp-automatic/inc/csv.php" "Mozilla/5.0 (Windows NT 6.2; Trident/7.0; rv:11.0) like Gecko"
194.87.252.147 - - [08/Jun/2025:18:24:29 -0400] "POST /wp-content/plugins/wp-automatic/inc/csv.php945545372186.php HTTP/1.1" 301 0 "https://w4.junglejuicewebtoon.com/" "Mozilla/5.0 (Windows NT 6.2; Trident/7.0; rv:11.0) like Gecko"
194.87.252.147 - - [08/Jun/2025:18:24:29 -0400] "GET / HTTP/1.1" 200 10328 "https://w4.junglejuicewebtoon.com/" "Mozilla/5.0 (Windows NT 6.2; Trident/7.0; rv:11.0) like Gecko"
194.87.252.147 - - [08/Jun/2025:18:24:30 -0400] "POST /wp-content/plugins/wp-automatic/inc/csv.php945545372186.php HTTP/1.1" 301 0 "https://w4.junglejuicewebtoon.com/" "Mozilla/5.0 (Windows NT 6.2; Trident/7.0; rv:11.0) like Gecko"
194.87.252.147 - - [08/Jun/2025:18:24:31 -0400] "GET / HTTP/1.1" 200 10328 "https://w4.junglejuicewebtoon.com/" "Mozilla/5.0 (Windows NT 6.2; Trident/7.0; rv:11.0) like Gecko"
194.87.252.147 - - [08/Jun/2025:18:24:31 -0400] "POST /wp-content/plugins/wp-automatic/inc/csv.php945545372186.php HTTP/1.1" 301 0 "https://w4.junglejuicewebtoon.com/" "Mozilla/5.0 (Windows NT 6.2; Trident/7.0; rv:11.0) like Gecko"
194.87.252.147 - - [08/Jun/2025:18:24:32 -0400] "GET / HTTP/1.1" 200 10328 "https://w4.junglejuicewebtoon.com/" "Mozilla/5.0 (Windows NT 6.2; Trident/7.0; rv:11.0) like Gecko"
194.87.252.147 - - [08/Jun/2025:18:24:32 -0400] "GET /wp-login.php HTTP/1.1" 200 1851 "https://w4.junglejuicewebtoon.com/" "Mozilla/5.0 (Windows NT 6.2; Trident/7.0; rv:11.0) like Gecko"
194.87.252.147 - - [08/Jun/2025:18:24:33 -0400] "POST /wp-login.php HTTP/1.1" 200 2012 "https://w4.junglejuicewebtoon.com/wp-login.php" "Mozilla/5.0 (Windows NT 6.2; Trident/7.0; rv:11.0) like Gecko"
194.87.252.147 - - [08/Jun/2025:18:24:34 -0400] "GET /wp-admin/plugins.php HTTP/1.1" 302 0 "https://w4.junglejuicewebtoon.com/wp-login.php" "Mozilla/5.0 (Windows NT 6.2; Trident/7.0; rv:11.0) like Gecko"
194.87.252.147 - - [08/Jun/2025:18:24:34 -0400] "GET /wp-login.php?redirect_to=https%3A%2F%2Fw4.junglejuicewebtoon.com%2Fwp-admin%2Fplugins.php&reauth=1 HTTP/1.1" 200 1857 "https://w4.junglejuicewebtoon.com/wp-login.php" "Mozilla/5.0 (Windows NT 6.2; Trident/7.0; rv:11.0) like Gecko"
162.0.232.193 - - [08/Jun/2025:18:36:55 -0400] "POST /wp-cron.php?doing_wp_cron=1749422215.5564119815826416015625 HTTP/1.1" 200 0 "-" "WordPress/6.7.2; https://w4.junglejuicewebtoon.com"
114.119.155.13 - - [08/Jun/2025:18:36:54 -0400] "GET /manga1/jungle-juice-chapter-99/ HTTP/1.1" 200 10453 "http://junglejuicewebtoon.com/" "Mozilla/5.0 (Linux; Android 7.0;) AppleWebKit/537.36 (KHTML, like Gecko) Mobile Safari/537.36 (compatible; PetalBot;+https://webmaster.petalsearch.com/site/petalbot)"
162.0.232.193 - - [08/Jun/2025:18:36:57 -0400] "GET /wp-content/uploads/36f5b53d6c6d3d6b1e9dd0027baac2ed_1435.xml HTTP/1.1" 200 1150 "-" "Mozilla/5.0 (X11; Linux x86_64) AppleWebKit/537.36 (KHTML, like Gecko) Ubuntu Chromium/41.0.2272.76"
43.165.65.75 - - [08/Jun/2025:18:37:13 -0400] "GET / HTTP/1.1" 200 10328 "https://w3.junglejuicewebtoon.com/" "Mozilla/5.0 (iPhone; CPU iPhone OS 13_2_3 like Mac OS X) AppleWebKit/605.1.15 (KHTML, like Gecko) Version/13.0.3 Mobile/15E148 Safari/604.1"
114.119.154.6 - - [08/Jun/2025:18:37:52 -0400] "GET /category/jungle-juice/page/19/ HTTP/1.1" 200 11454 "https://w4.junglejuicewebtoon.com/category/jungle-juice/page/18/" "Mozilla/5.0 (Linux; Android 7.0;) AppleWebKit/537.36 (KHTML, like Gecko) Mobile Safari/537.36 (compatible; PetalBot;+https://webmaster.petalsearch.com/site/petalbot)"
162.0.232.193 - - [08/Jun/2025:18:39:35 -0400] "POST /wp-cron.php?doing_wp_cron=1749422375.7542340755462646484375 HTTP/1.1" 200 0 "-" "WordPress/6.7.2; https://w4.junglejuicewebtoon.com"
162.0.232.193 - - [08/Jun/2025:18:39:37 -0400] "POST /wp-admin/admin-ajax.php?action=async_litespeed&nonce=GhwMKr8GZbU2N4Ldqklhf54pm1SlKvaG&litespeed_type=imgoptm HTTP/1.1" 200 5 "-" "WordPress/6.7.2; https://w4.junglejuicewebtoon.com"
162.0.232.193 - - [08/Jun/2025:18:39:40 -0400] "GET /wp-content/uploads/36f5b53d6c6d3d6b1e9dd0027baac2ed_1435.xml HTTP/1.1" 200 1150 "-" "Mozilla/5.0 (X11; Linux x86_64) AppleWebKit/537.36 (KHTML, like Gecko) Ubuntu Chromium/41.0.2272.76"
162.0.232.193 - - [08/Jun/2025:18:45:54 -0400] "POST /wp-cron.php?doing_wp_cron=1749422754.3603270053863525390625 HTTP/1.1" 200 0 "-" "WordPress/6.7.2; https://w4.junglejuicewebtoon.com"
162.0.232.193 - - [08/Jun/2025:18:45:55 -0400] "POST /wp-admin/admin-ajax.php?action=async_litespeed&nonce=9Tkqb6oVVYywTc9qBp72bD6cLYraroeB&litespeed_type=imgoptm HTTP/1.1" 200 5 "-" "WordPress/6.7.2; https://w4.junglejuicewebtoon.com"
162.0.232.193 - - [08/Jun/2025:18:45:59 -0400] "GET /wp-content/uploads/36f5b53d6c6d3d6b1e9dd0027baac2ed_1435.xml HTTP/1.1" 200 1150 "-" "Mozilla/5.0 (X11; Linux x86_64) AppleWebKit/537.36 (KHTML, like Gecko) Ubuntu Chromium/41.0.2272.76"
162.0.232.193 - - [08/Jun/2025:18:49:54 -0400] "POST /wp-cron.php?doing_wp_cron=1749422994.0996320247650146484375 HTTP/1.1" 200 0 "-" "WordPress/6.7.2; https://w4.junglejuicewebtoon.com"
162.0.232.193 - - [08/Jun/2025:18:49:58 -0400] "GET /wp-content/uploads/36f5b53d6c6d3d6b1e9dd0027baac2ed_1435.xml HTTP/1.1" 200 1150 "-" "Mozilla/5.0 (X11; Linux x86_64) AppleWebKit/537.36 (KHTML, like Gecko) Ubuntu Chromium/41.0.2272.76"
43.135.144.126 - - [08/Jun/2025:18:50:44 -0400] "GET /manga1/jungle-juice-chapter-55-2/ HTTP/1.1" 200 10819 "-" "Mozilla/5.0 (iPhone; CPU iPhone OS 13_2_3 like Mac OS X) AppleWebKit/605.1.15 (KHTML, like Gecko) Version/13.0.3 Mobile/15E148 Safari/604.1"
162.0.232.193 - - [08/Jun/2025:18:51:56 -0400] "POST /wp-cron.php?doing_wp_cron=1749423116.8365468978881835937500 HTTP/1.1" 200 0 "-" "WordPress/6.7.2; https://w4.junglejuicewebtoon.com"
114.119.154.6 - - [08/Jun/2025:18:51:56 -0400] "GET /manga1/jungle-juice-chapter-98/ HTTP/1.1" 200 10497 "http://junglejuicewebtoon.com/" "Mozilla/5.0 (Linux; Android 7.0;) AppleWebKit/537.36 (KHTML, like Gecko) Mobile Safari/537.36 (compatible; PetalBot;+https://webmaster.petalsearch.com/site/petalbot)"
162.0.232.193 - - [08/Jun/2025:18:51:57 -0400] "POST /wp-admin/admin-ajax.php?action=async_litespeed&nonce=PvOiOsGMU7YXskbyOI3VxgghtQEuLxuN&litespeed_type=imgoptm HTTP/1.1" 200 5 "-" "WordPress/6.7.2; https://w4.junglejuicewebtoon.com"
162.0.232.193 - - [08/Jun/2025:18:51:59 -0400] "GET /wp-content/uploads/36f5b53d6c6d3d6b1e9dd0027baac2ed_1435.xml HTTP/1.1" 200 1150 "-" "Mozilla/5.0 (X11; Linux x86_64) AppleWebKit/537.36 (KHTML, like Gecko) Ubuntu Chromium/41.0.2272.76"
162.0.232.193 - - [08/Jun/2025:18:53:36 -0400] "POST /wp-cron.php?doing_wp_cron=1749423216.1792230606079101562500 HTTP/1.1" 200 0 "-" "WordPress/6.7.2; https://w4.junglejuicewebtoon.com"
114.119.157.54 - - [08/Jun/2025:18:53:34 -0400] "GET /category/jungle-juice-manga/page/26/ HTTP/1.1" 200 10938 "https://w4.junglejuicewebtoon.com/category/jungle-juice-manga/page/25/" "Mozilla/5.0 (Linux; Android 7.0;) AppleWebKit/537.36 (KHTML, like Gecko) Mobile Safari/537.36 (compatible; PetalBot;+https://webmaster.petalsearch.com/site/petalbot)"
162.0.232.193 - - [08/Jun/2025:18:53:37 -0400] "GET /wp-content/uploads/36f5b53d6c6d3d6b1e9dd0027baac2ed_1435.xml HTTP/1.1" 200 1150 "-" "Mozilla/5.0 (X11; Linux x86_64) AppleWebKit/537.36 (KHTML, like Gecko) Ubuntu Chromium/41.0.2272.76"
114.119.133.138 - - [08/Jun/2025:18:55:19 -0400] "GET /author/admin/ HTTP/1.1" 200 11404 "https://w4.junglejuicewebtoon.com/category/jungle-juice-webtoon/page/17/" "Mozilla/5.0 (Linux; Android 7.0;) AppleWebKit/537.36 (KHTML, like Gecko) Mobile Safari/537.36 (compatible; PetalBot;+https://webmaster.petalsearch.com/site/petalbot)"
162.0.232.193 - - [08/Jun/2025:19:00:00 -0400] "POST /wp-cron.php?doing_wp_cron=1749423600.4518120288848876953125 HTTP/1.1" 200 0 "-" "WordPress/6.7.2; https://w4.junglejuicewebtoon.com"
43.167.157.80 - - [08/Jun/2025:18:59:59 -0400] "GET /manga1/jungle-juice-chapter-50-2/ HTTP/1.1" 200 10821 "-" "Mozilla/5.0 (iPhone; CPU iPhone OS 13_2_3 like Mac OS X) AppleWebKit/605.1.15 (KHTML, like Gecko) Version/13.0.3 Mobile/15E148 Safari/604.1"
162.0.232.193 - - [08/Jun/2025:19:00:01 -0400] "POST /wp-admin/admin-ajax.php?action=async_litespeed&nonce=PajsaqgWNVA00ZQCFjorP5fX7lLqNMRZ&litespeed_type=imgoptm HTTP/1.1" 200 5 "-" "WordPress/6.7.2; https://w4.junglejuicewebtoon.com"
162.0.232.193 - - [08/Jun/2025:19:00:03 -0400] "GET /wp-content/uploads/36f5b53d6c6d3d6b1e9dd0027baac2ed_1435.xml HTTP/1.1" 200 1028 "-" "Mozilla/5.0 (X11; Linux x86_64) AppleWebKit/537.36 (KHTML, like Gecko) Ubuntu Chromium/41.0.2272.76"
216.244.66.247 - - [08/Jun/2025:19:02:31 -0400] "GET /category/jungle-juice-webtoon/ HTTP/1.1" 200 12397 "-" "Mozilla/5.0 (compatible; DotBot/1.2; +https://opensiteexplorer.org/dotbot; [email protected])"
162.0.232.193 - - [08/Jun/2025:19:05:11 -0400] "POST /wp-cron.php?doing_wp_cron=1749423911.0963449478149414062500 HTTP/1.1" 200 0 "-" "WordPress/6.7.2; https://w4.junglejuicewebtoon.com"
162.0.232.193 - - [08/Jun/2025:19:05:14 -0400] "GET /wp-content/uploads/36f5b53d6c6d3d6b1e9dd0027baac2ed_1435.xml HTTP/1.1" 200 1150 "-" "Mozilla/5.0 (X11; Linux x86_64) AppleWebKit/537.36 (KHTML, like Gecko) Ubuntu Chromium/41.0.2272.76"
216.244.66.247 - - [08/Jun/2025:19:08:27 -0400] "GET /robots.txt HTTP/1.1" 304 0 "-" "Mozilla/5.0 (compatible; DotBot/1.2; +https://opensiteexplorer.org/dotbot; [email protected])"
162.0.232.193 - - [08/Jun/2025:19:09:10 -0400] "POST /wp-cron.php?doing_wp_cron=1749424149.8583920001983642578125 HTTP/1.1" 200 0 "-" "WordPress/6.7.2; https://w4.junglejuicewebtoon.com"
114.119.155.13 - - [08/Jun/2025:19:09:08 -0400] "GET /manga1/jungle-juice-chapter-4/ HTTP/1.1" 200 10450 "http://junglejuicewebtoon.com/" "Mozilla/5.0 (Linux; Android 7.0;) AppleWebKit/537.36 (KHTML, like Gecko) Mobile Safari/537.36 (compatible; PetalBot;+https://webmaster.petalsearch.com/site/petalbot)"
162.0.232.193 - - [08/Jun/2025:19:09:10 -0400] "POST /wp-admin/admin-ajax.php?action=async_litespeed&nonce=xdvohkIg8Ckcehk67VPaagT2bbp2k8jG&litespeed_type=imgoptm HTTP/1.1" 200 5 "-" "WordPress/6.7.2; https://w4.junglejuicewebtoon.com"
162.0.232.193 - - [08/Jun/2025:19:09:12 -0400] "GET /wp-content/uploads/36f5b53d6c6d3d6b1e9dd0027baac2ed_1435.xml HTTP/1.1" 200 1150 "-" "Mozilla/5.0 (X11; Linux x86_64) AppleWebKit/537.36 (KHTML, like Gecko) Ubuntu Chromium/41.0.2272.76"
66.249.79.224 - - [08/Jun/2025:19:09:24 -0400] "GET /manga1/jungle-juice-chapter-161/ HTTP/1.1" 200 10612 "-" "Mozilla/5.0 (Linux; Android 6.0.1; Nexus 5X Build/MMB29P) AppleWebKit/537.36 (KHTML, like Gecko) Chrome/136.0.7103.113 Mobile Safari/537.36 (compatible; Googlebot/2.1; +http://www.google.com/bot.html)"
66.249.79.225 - - [08/Jun/2025:19:09:26 -0400] "POST /wp-admin/admin-ajax.php HTTP/1.1" 200 69 "https://w4.junglejuicewebtoon.com/manga1/jungle-juice-chapter-161/" "Mozilla/5.0 (Linux; Android 6.0.1; Nexus 5X Build/MMB29P) AppleWebKit/537.36 (KHTML, like Gecko) Chrome/136.0.7103.92 Mobile Safari/537.36 (compatible; Googlebot/2.1; +http://www.google.com/bot.html)"
162.0.232.193 - - [08/Jun/2025:19:10:20 -0400] "POST /wp-cron.php?doing_wp_cron=1749424220.1985809803009033203125 HTTP/1.1" 200 0 "-" "WordPress/6.7.2; https://w4.junglejuicewebtoon.com"
170.106.140.110 - - [08/Jun/2025:19:10:20 -0400] "GET /manga1/jungle-juice-chapter-39-2/ HTTP/1.1" 200 10901 "-" "Mozilla/5.0 (iPhone; CPU iPhone OS 13_2_3 like Mac OS X) AppleWebKit/605.1.15 (KHTML, like Gecko) Version/13.0.3 Mobile/15E148 Safari/604.1"
162.0.232.193 - - [08/Jun/2025:19:10:21 -0400] "POST /wp-admin/admin-ajax.php?action=async_litespeed&nonce=rDH2tpLTt6iYIstORZmVNgpF28yQCPda&litespeed_type=imgoptm HTTP/1.1" 200 5 "-" "WordPress/6.7.2; https://w4.junglejuicewebtoon.com"
162.0.232.193 - - [08/Jun/2025:19:10:48 -0400] "POST /wp-cron.php?doing_wp_cron=1749424248.8318369388580322265625 HTTP/1.1" 200 0 "-" "WordPress/6.7.2; https://w4.junglejuicewebtoon.com"
114.119.133.138 - - [08/Jun/2025:19:10:48 -0400] "GET /category/jungle-juice-manhwa/page/16/ HTTP/1.1" 200 11332 "https://w4.junglejuicewebtoon.com/category/jungle-juice-manhwa/page/15/" "Mozilla/5.0 (Linux; Android 7.0;) AppleWebKit/537.36 (KHTML, like Gecko) Mobile Safari/537.36 (compatible; PetalBot;+https://webmaster.petalsearch.com/site/petalbot)"
162.0.232.193 - - [08/Jun/2025:19:10:49 -0400] "POST /wp-admin/admin-ajax.php?action=async_litespeed&nonce=f3g1BP7ScVJ17DbBVf7lOaujG02W82yZ&litespeed_type=imgoptm HTTP/1.1" 200 5 "-" "WordPress/6.7.2; https://w4.junglejuicewebtoon.com"
162.0.232.193 - - [08/Jun/2025:19:12:35 -0400] "POST /wp-cron.php?doing_wp_cron=1749424355.4480800628662109375000 HTTP/1.1" 200 0 "-" "WordPress/6.7.2; https://w4.junglejuicewebtoon.com"
17.241.227.163 - - [08/Jun/2025:19:12:34 -0400] "GET /manga1/jungle-juice-chapter-65/ HTTP/1.1" 200 10395 "-" "Mozilla/5.0 (Macintosh; Intel Mac OS X 10_15_7) AppleWebKit/605.1.15 (KHTML, like Gecko) Version/17.4 Safari/605.1.15 (Applebot/0.1; +http://www.apple.com/go/applebot)"
162.0.232.193 - - [08/Jun/2025:19:12:37 -0400] "GET /wp-content/uploads/36f5b53d6c6d3d6b1e9dd0027baac2ed_1435.xml HTTP/1.1" 200 1150 "-" "Mozilla/5.0 (X11; Linux x86_64) AppleWebKit/537.36 (KHTML, like Gecko) Ubuntu Chromium/41.0.2272.76"
162.0.232.193 - - [08/Jun/2025:19:14:15 -0400] "POST /wp-cron.php?doing_wp_cron=1749424455.3139510154724121093750 HTTP/1.1" 200 0 "-" "WordPress/6.7.2; https://w4.junglejuicewebtoon.com"
162.0.232.193 - - [08/Jun/2025:19:14:17 -0400] "POST /wp-admin/admin-ajax.php?action=async_litespeed&nonce=HqKxk3b2lz065bsAqmS5iQnA9ozPvA0j&litespeed_type=imgoptm HTTP/1.1" 200 5 "-" "WordPress/6.7.2; https://w4.junglejuicewebtoon.com"
162.0.232.193 - - [08/Jun/2025:19:14:20 -0400] "GET /wp-content/uploads/36f5b53d6c6d3d6b1e9dd0027baac2ed_1435.xml HTTP/1.1" 200 1028 "-" "Mozilla/5.0 (X11; Linux x86_64) AppleWebKit/537.36 (KHTML, like Gecko) Ubuntu Chromium/41.0.2272.76"
43.135.172.89 - - [08/Jun/2025:19:21:25 -0400] "GET /manga1/jungle-juice-chapter-27-2/ HTTP/1.1" 200 10727 "-" "Mozilla/5.0 (iPhone; CPU iPhone OS 13_2_3 like Mac OS X) AppleWebKit/605.1.15 (KHTML, like Gecko) Version/13.0.3 Mobile/15E148 Safari/604.1"
170.39.218.62 - - [08/Jun/2025:19:23:47 -0400] "GET /wp-content/plugins/simple-social-buttons/assets/js/front.js?ver=5.3.1 HTTP/1.1" 200 1932 "-" "Mozilla/5.0 (Macintosh; Intel Mac OS X 10_15_7) AppleWebKit/537.36 Chrome/120.0.0.0"
114.119.142.125 - - [08/Jun/2025:19:25:54 -0400] "GET /manga1/jungle-juice-chapter-54/ HTTP/1.1" 200 10443 "http://junglejuicewebtoon.com/" "Mozilla/5.0 (Linux; Android 7.0;) AppleWebKit/537.36 (KHTML, like Gecko) Mobile Safari/537.36 (compatible; PetalBot;+https://webmaster.petalsearch.com/site/petalbot)"
17.22.245.157 - - [08/Jun/2025:19:30:34 -0400] "GET /robots.txt HTTP/1.1" 304 0 "-" "Mozilla/5.0 (Macintosh; Intel Mac OS X 10_15_7) AppleWebKit/605.1.15 (KHTML, like Gecko) Version/17.4 Safari/605.1.15 (Applebot/0.1; +http://www.apple.com/go/applebot)"
162.0.232.193 - - [08/Jun/2025:19:30:42 -0400] "POST /wp-cron.php?doing_wp_cron=1749425442.2591860294342041015625 HTTP/1.1" 200 0 "-" "WordPress/6.7.2; https://w4.junglejuicewebtoon.com"
216.73.216.101 - - [08/Jun/2025:19:30:40 -0400] "GET /category/jungle-juice-manga/page/16 HTTP/1.1" 301 0 "-" "Mozilla/5.0 AppleWebKit/537.36 (KHTML, like Gecko; compatible; ClaudeBot/1.0; [email protected])"
216.73.216.101 - - [08/Jun/2025:19:30:42 -0400] "GET /category/jungle-juice-manga/page/16/ HTTP/1.1" 200 11301 "https://w4.junglejuicewebtoon.com/category/jungle-juice-manga/page/16" "Mozilla/5.0 AppleWebKit/537.36 (KHTML, like Gecko; compatible; ClaudeBot/1.0; [email protected])"
162.0.232.193 - - [08/Jun/2025:19:30:42 -0400] "POST /wp-admin/admin-ajax.php?action=async_litespeed&nonce=N0TLCv4Oealpduv0xEx6aFe2L141UTmM&litespeed_type=imgoptm HTTP/1.1" 200 5 "-" "WordPress/6.7.2; https://w4.junglejuicewebtoon.com"
162.0.232.193 - - [08/Jun/2025:19:30:45 -0400] "GET /wp-content/uploads/36f5b53d6c6d3d6b1e9dd0027baac2ed_1435.xml HTTP/1.1" 200 1150 "-" "Mozilla/5.0 (X11; Linux x86_64) AppleWebKit/537.36 (KHTML, like Gecko) Ubuntu Chromium/41.0.2272.76"
17.22.245.157 - - [08/Jun/2025:19:30:46 -0400] "GET /wp-content/themes/toivo-lite/js/responsive-nav.min.js?ver=1.2.0 HTTP/1.1" 304 0 "https://w4.junglejuicewebtoon.com/manga1/jungle-juice-chapter-65/" "Mozilla/5.0 (Macintosh; Intel Mac OS X 10_15_7) AppleWebKit/605.1.15 (KHTML, like Gecko) Version/17.4 Safari/605.1.15 (Applebot/0.1; +http://www.apple.com/go/applebot)"
43.130.37.243 - - [08/Jun/2025:19:31:13 -0400] "GET /manga1/jungle-juice-chapter-21-2/ HTTP/1.1" 200 11087 "-" "Mozilla/5.0 (iPhone; CPU iPhone OS 13_2_3 like Mac OS X) AppleWebKit/605.1.15 (KHTML, like Gecko) Version/13.0.3 Mobile/15E148 Safari/604.1"
162.0.232.193 - - [08/Jun/2025:19:36:47 -0400] "POST /wp-cron.php?doing_wp_cron=1749425806.8948950767517089843750 HTTP/1.1" 200 0 "-" "WordPress/6.7.2; https://w4.junglejuicewebtoon.com"
104.199.113.207 - - [08/Jun/2025:19:36:47 -0400] "HEAD / HTTP/1.1" 200 0 "https://w3.junglejuicewebtoon.com/" "Mozilla/5.0 (Windows NT 10.0; Win64; x64) AppleWebKit/537.36 (KHTML, like Gecko) Chrome/74.0.3729.169 Safari/537.36"
104.199.113.207 - - [08/Jun/2025:19:36:48 -0400] "HEAD / HTTP/1.1" 200 0 "https://w3.junglejuicewebtoon.com/" "Mozilla/5.0 (Windows NT 10.0; Win64; x64) AppleWebKit/537.36 (KHTML, like Gecko) Chrome/74.0.3729.169 Safari/537.36"
104.199.113.207 - - [08/Jun/2025:19:36:48 -0400] "HEAD / HTTP/1.1" 200 0 "https://w3.junglejuicewebtoon.com/" "Mozilla/5.0 (Windows NT 10.0; Win64; x64) AppleWebKit/537.36 (KHTML, like Gecko) Chrome/74.0.3729.169 Safari/537.36"
104.199.113.207 - - [08/Jun/2025:19:36:49 -0400] "HEAD / HTTP/1.1" 200 0 "https://w3.junglejuicewebtoon.com/" "Mozilla/5.0 (Windows NT 10.0; Win64; x64) AppleWebKit/537.36 (KHTML, like Gecko) Chrome/74.0.3729.169 Safari/537.36"
162.0.232.193 - - [08/Jun/2025:19:36:48 -0400] "POST /wp-admin/admin-ajax.php?action=async_litespeed&nonce=zKMbGK11YcwmxTapPH124n6HohNMbgFa&litespeed_type=imgoptm HTTP/1.1" 200 5 "-" "WordPress/6.7.2; https://w4.junglejuicewebtoon.com"
104.199.113.207 - - [08/Jun/2025:19:36:49 -0400] "HEAD / HTTP/1.1" 200 0 "https://w3.junglejuicewebtoon.com/" "Mozilla/5.0 (Windows NT 10.0; Win64; x64) AppleWebKit/537.36 (KHTML, like Gecko) Chrome/74.0.3729.169 Safari/537.36"
104.199.113.207 - - [08/Jun/2025:19:36:50 -0400] "HEAD / HTTP/1.1" 200 0 "https://w3.junglejuicewebtoon.com/" "Mozilla/5.0 (Windows NT 10.0; Win64; x64) AppleWebKit/537.36 (KHTML, like Gecko) Chrome/74.0.3729.169 Safari/537.36"
104.199.113.207 - - [08/Jun/2025:19:36:50 -0400] "HEAD / HTTP/1.1" 200 0 "https://w3.junglejuicewebtoon.com/" "Mozilla/5.0 (Windows NT 10.0; Win64; x64) AppleWebKit/537.36 (KHTML, like Gecko) Chrome/74.0.3729.169 Safari/537.36"
162.0.232.193 - - [08/Jun/2025:19:36:50 -0400] "GET /wp-content/uploads/36f5b53d6c6d3d6b1e9dd0027baac2ed_1435.xml HTTP/1.1" 200 1150 "-" "Mozilla/5.0 (X11; Linux x86_64) AppleWebKit/537.36 (KHTML, like Gecko) Ubuntu Chromium/41.0.2272.76"
104.199.113.207 - - [08/Jun/2025:19:36:51 -0400] "HEAD / HTTP/1.1" 200 0 "https://w3.junglejuicewebtoon.com/" "Mozilla/5.0 (Windows NT 10.0; Win64; x64) AppleWebKit/537.36 (KHTML, like Gecko) Chrome/74.0.3729.169 Safari/537.36"
104.199.113.207 - - [08/Jun/2025:19:36:51 -0400] "HEAD / HTTP/1.1" 200 0 "https://w3.junglejuicewebtoon.com/" "Mozilla/5.0 (Windows NT 10.0; Win64; x64) AppleWebKit/537.36 (KHTML, like Gecko) Chrome/74.0.3729.169 Safari/537.36"
198.98.57.71 - - [08/Jun/2025:19:37:21 -0400] "GET /wp-login.php?redirect_to=https%3A%2F%2Fw3.junglejuicewebtoon.com%2Fwp-admin%2Fthemes.php&reauth=1 HTTP/1.1" 200 1858 "-" "python-requests/2.27.1"
198.98.57.71 - - [08/Jun/2025:19:37:22 -0400] "GET /wp-login.php?redirect_to=https%3A%2F%2Fw3.junglejuicewebtoon.com%2Fwp-admin%2Fplugin-install.php%3Ftab%3Dupload&reauth=1 HTTP/1.1" 200 1881 "-" "python-requests/2.27.1"
162.0.232.193 - - [08/Jun/2025:19:39:11 -0400] "POST /wp-cron.php?doing_wp_cron=1749425951.3572659492492675781250 HTTP/1.1" 200 0 "-" "WordPress/6.7.2; https://w4.junglejuicewebtoon.com"
47.128.127.2 - - [08/Jun/2025:19:39:13 -0400] "GET / HTTP/1.1" 200 10328 "-" "Mozilla/5.0 (Linux; Android 5.0) AppleWebKit/537.36 (KHTML, like Gecko) Mobile Safari/537.36 (compatible; Bytespider; [email protected])"
162.0.232.193 - - [08/Jun/2025:19:39:14 -0400] "GET /wp-content/uploads/36f5b53d6c6d3d6b1e9dd0027baac2ed_1435.xml HTTP/1.1" 200 1150 "-" "Mozilla/5.0 (X11; Linux x86_64) AppleWebKit/537.36 (KHTML, like Gecko) Ubuntu Chromium/41.0.2272.76"
216.244.66.247 - - [08/Jun/2025:19:39:36 -0400] "GET /category/jungle-juice-webtoon/page/23/ HTTP/1.1" 200 11221 "-" "Mozilla/5.0 (compatible; DotBot/1.2; +https://opensiteexplorer.org/dotbot; [email protected])"
162.0.232.193 - - [08/Jun/2025:19:42:42 -0400] "POST /wp-cron.php?doing_wp_cron=1749426162.4235429763793945312500 HTTP/1.1" 200 0 "-" "WordPress/6.7.2; https://w4.junglejuicewebtoon.com"
43.166.128.187 - - [08/Jun/2025:19:42:40 -0400] "GET /manga1/jungle-juice-chapter-128/ HTTP/1.1" 200 10917 "-" "Mozilla/5.0 (iPhone; CPU iPhone OS 13_2_3 like Mac OS X) AppleWebKit/605.1.15 (KHTML, like Gecko) Version/13.0.3 Mobile/15E148 Safari/604.1"
162.0.232.193 - - [08/Jun/2025:19:42:43 -0400] "POST /wp-admin/admin-ajax.php?action=async_litespeed&nonce=viP4DdQfHKw9PsGh7Ww9PsbQV9jvHR5b&litespeed_type=imgoptm HTTP/1.1" 200 5 "-" "WordPress/6.7.2; https://w4.junglejuicewebtoon.com"
162.0.232.193 - - [08/Jun/2025:19:42:45 -0400] "GET /wp-content/uploads/36f5b53d6c6d3d6b1e9dd0027baac2ed_1435.xml HTTP/1.1" 200 1150 "-" "Mozilla/5.0 (X11; Linux x86_64) AppleWebKit/537.36 (KHTML, like Gecko) Ubuntu Chromium/41.0.2272.76"
162.0.232.193 - - [08/Jun/2025:19:45:52 -0400] "POST /wp-cron.php?doing_wp_cron=1749426352.6426939964294433593750 HTTP/1.1" 200 0 "-" "WordPress/6.7.2; https://w4.junglejuicewebtoon.com"
216.73.216.101 - - [08/Jun/2025:19:45:51 -0400] "GET /category/jungle-juice-manga/page/14 HTTP/1.1" 301 0 "-" "Mozilla/5.0 AppleWebKit/537.36 (KHTML, like Gecko; compatible; ClaudeBot/1.0; [email protected])"
216.73.216.101 - - [08/Jun/2025:19:45:52 -0400] "GET /category/jungle-juice-manga/page/14/ HTTP/1.1" 200 11531 "https://w4.junglejuicewebtoon.com/category/jungle-juice-manga/page/14" "Mozilla/5.0 AppleWebKit/537.36 (KHTML, like Gecko; compatible; ClaudeBot/1.0; [email protected])"
162.0.232.193 - - [08/Jun/2025:19:45:53 -0400] "POST /wp-admin/admin-ajax.php?action=async_litespeed&nonce=uzS6dEinO5ZwBu6wxCfgYJ0rvQljUlO0&litespeed_type=imgoptm HTTP/1.1" 200 5 "-" "WordPress/6.7.2; https://w4.junglejuicewebtoon.com"
162.0.232.193 - - [08/Jun/2025:19:45:54 -0400] "GET /wp-content/uploads/36f5b53d6c6d3d6b1e9dd0027baac2ed_1435.xml HTTP/1.1" 200 1150 "-" "Mozilla/5.0 (X11; Linux x86_64) AppleWebKit/537.36 (KHTML, like Gecko) Ubuntu Chromium/41.0.2272.76"
162.0.232.193 - - [08/Jun/2025:19:47:12 -0400] "POST /wp-cron.php?doing_wp_cron=1749426431.9706749916076660156250 HTTP/1.1" 200 0 "-" "WordPress/6.7.2; https://w4.junglejuicewebtoon.com"
162.0.232.193 - - [08/Jun/2025:19:47:12 -0400] "POST /wp-admin/admin-ajax.php?action=async_litespeed&nonce=Bmb3rBwnnYj3ras0lTFFRgKZQmKimsuS&litespeed_type=imgoptm HTTP/1.1" 200 5 "-" "WordPress/6.7.2; https://w4.junglejuicewebtoon.com"
47.128.99.30 - - [08/Jun/2025:19:47:13 -0400] "GET / HTTP/1.1" 200 10328 "-" "Mozilla/5.0 (Linux; Android 5.0) AppleWebKit/537.36 (KHTML, like Gecko) Mobile Safari/537.36 (compatible; Bytespider; [email protected])"
162.0.232.193 - - [08/Jun/2025:19:47:37 -0400] "POST /wp-cron.php?doing_wp_cron=1749426457.5194919109344482421875 HTTP/1.1" 200 0 "-" "WordPress/6.7.2; https://w4.junglejuicewebtoon.com"
114.119.137.38 - - [08/Jun/2025:19:47:37 -0400] "GET /manga1/jungle-juice-chapter-57-2/ HTTP/1.1" 200 10421 "http://junglejuicewebtoon.com/" "Mozilla/5.0 (Linux; Android 7.0;) AppleWebKit/537.36 (KHTML, like Gecko) Mobile Safari/537.36 (compatible; PetalBot;+https://webmaster.petalsearch.com/site/petalbot)"
162.0.232.193 - - [08/Jun/2025:19:47:39 -0400] "GET /wp-content/uploads/36f5b53d6c6d3d6b1e9dd0027baac2ed_1435.xml HTTP/1.1" 200 1150 "-" "Mozilla/5.0 (X11; Linux x86_64) AppleWebKit/537.36 (KHTML, like Gecko) Ubuntu Chromium/41.0.2272.76"
162.0.232.193 - - [08/Jun/2025:19:49:00 -0400] "POST /wp-cron.php?doing_wp_cron=1749426540.2651939392089843750000 HTTP/1.1" 200 0 "-" "WordPress/6.7.2; https://w4.junglejuicewebtoon.com"
114.119.133.138 - - [08/Jun/2025:19:49:00 -0400] "GET /manga1/jungle-juice-chapter-43/ HTTP/1.1" 200 10384 "http://junglejuicewebtoon.com/" "Mozilla/5.0 (Linux; Android 7.0;) AppleWebKit/537.36 (KHTML, like Gecko) Mobile Safari/537.36 (compatible; PetalBot;+https://webmaster.petalsearch.com/site/petalbot)"
162.0.232.193 - - [08/Jun/2025:19:49:00 -0400] "POST /wp-admin/admin-ajax.php?action=async_litespeed&nonce=byO8wxYnBL55yUrcrqQO2w1jrXKAo8u0&litespeed_type=imgoptm HTTP/1.1" 200 5 "-" "WordPress/6.7.2; https://w4.junglejuicewebtoon.com"
162.0.232.193 - - [08/Jun/2025:19:49:24 -0400] "POST /wp-cron.php?doing_wp_cron=1749426564.0273199081420898437500 HTTP/1.1" 200 0 "-" "WordPress/6.7.2; https://w4.junglejuicewebtoon.com"
162.0.232.193 - - [08/Jun/2025:19:49:25 -0400] "GET /wp-content/uploads/36f5b53d6c6d3d6b1e9dd0027baac2ed_1435.xml HTTP/1.1" 200 1150 "-" "Mozilla/5.0 (X11; Linux x86_64) AppleWebKit/537.36 (KHTML, like Gecko) Ubuntu Chromium/41.0.2272.76"
124.156.225.181 - - [08/Jun/2025:19:49:40 -0400] "GET / HTTP/1.1" 200 10328 "http://w4.junglejuicewebtoon.com" "Mozilla/5.0 (iPhone; CPU iPhone OS 13_2_3 like Mac OS X) AppleWebKit/605.1.15 (KHTML, like Gecko) Version/13.0.3 Mobile/15E148 Safari/604.1"
162.0.232.193 - - [08/Jun/2025:19:50:36 -0400] "POST /wp-cron.php?doing_wp_cron=1749426636.3370070457458496093750 HTTP/1.1" 200 0 "-" "WordPress/6.7.2; https://w4.junglejuicewebtoon.com"
43.153.35.128 - - [08/Jun/2025:19:50:36 -0400] "GET /wp-admin/admin-ajax.php HTTP/1.1" 400 5 "-" "Mozilla/5.0 (iPhone; CPU iPhone OS 13_2_3 like Mac OS X) AppleWebKit/605.1.15 (KHTML, like Gecko) Version/13.0.3 Mobile/15E148 Safari/604.1"
162.0.232.193 - - [08/Jun/2025:19:50:36 -0400] "POST /wp-admin/admin-ajax.php?action=async_litespeed&nonce=JZCBYMkNyvoC0mHP3aGbJ07bOu5ZhLBs&litespeed_type=imgoptm HTTP/1.1" 200 5 "-" "WordPress/6.7.2; https://w4.junglejuicewebtoon.com"
162.0.232.193 - - [08/Jun/2025:19:51:12 -0400] "POST /wp-cron.php?doing_wp_cron=1749426672.3563759326934814453125 HTTP/1.1" 200 0 "-" "WordPress/6.7.2; https://w4.junglejuicewebtoon.com"
162.0.232.193 - - [08/Jun/2025:19:51:12 -0400] "POST /wp-admin/admin-ajax.php?action=async_litespeed&nonce=fsnq5ewcUxFOX1Jckf1uE5Jl5bQ2hrbf&litespeed_type=imgoptm HTTP/1.1" 200 5 "-" "WordPress/6.7.2; https://w4.junglejuicewebtoon.com"
47.128.39.8 - - [08/Jun/2025:19:51:14 -0400] "GET / HTTP/1.1" 200 10328 "-" "Mozilla/5.0 (Linux; Android 5.0) AppleWebKit/537.36 (KHTML, like Gecko) Mobile Safari/537.36 (compatible; Bytespider; [email protected])"
162.0.232.193 - - [08/Jun/2025:19:53:22 -0400] "POST /wp-cron.php?doing_wp_cron=1749426802.6200630664825439453125 HTTP/1.1" 200 0 "-" "WordPress/6.7.2; https://w4.junglejuicewebtoon.com"
162.0.232.193 - - [08/Jun/2025:19:53:25 -0400] "GET /wp-content/uploads/36f5b53d6c6d3d6b1e9dd0027baac2ed_1435.xml HTTP/1.1" 200 1150 "-" "Mozilla/5.0 (X11; Linux x86_64) AppleWebKit/537.36 (KHTML, like Gecko) Ubuntu Chromium/41.0.2272.76"
162.0.232.193 - - [08/Jun/2025:19:59:40 -0400] "POST /wp-cron.php?doing_wp_cron=1749427180.2320740222930908203125 HTTP/1.1" 200 0 "-" "WordPress/6.7.2; https://w4.junglejuicewebtoon.com"
170.106.193.108 - - [08/Jun/2025:19:59:38 -0400] "GET /wp-json/oembed/1.0/embed?url=https%3A%2F%2Fw4.junglejuicewebtoon.com%2Fmanga1%2Fjungle-juice-chapter-50-2%2F HTTP/1.1" 200 2539 "-" "Mozilla/5.0 (iPhone; CPU iPhone OS 13_2_3 like Mac OS X) AppleWebKit/605.1.15 (KHTML, like Gecko) Version/13.0.3 Mobile/15E148 Safari/604.1"
162.0.232.193 - - [08/Jun/2025:19:59:40 -0400] "POST /wp-admin/admin-ajax.php?action=async_litespeed&nonce=xeleE5hCQdNu9YLUgq03IROja2swAy6l&litespeed_type=imgoptm HTTP/1.1" 200 5 "-" "WordPress/6.7.2; https://w4.junglejuicewebtoon.com"
162.0.232.193 - - [08/Jun/2025:19:59:42 -0400] "GET /wp-content/uploads/36f5b53d6c6d3d6b1e9dd0027baac2ed_1435.xml HTTP/1.1" 200 1150 "-" "Mozilla/5.0 (X11; Linux x86_64) AppleWebKit/537.36 (KHTML, like Gecko) Ubuntu Chromium/41.0.2272.76"
162.0.232.193 - - [08/Jun/2025:20:05:38 -0400] "POST /wp-cron.php?doing_wp_cron=1749427538.0503780841827392578125 HTTP/1.1" 200 0 "-" "WordPress/6.7.2; https://w4.junglejuicewebtoon.com"
162.0.232.193 - - [08/Jun/2025:20:05:40 -0400] "POST /wp-admin/admin-ajax.php?action=async_litespeed&nonce=QDZbzoucu0deBUe17f5fdr9T9MX6HLgC&litespeed_type=imgoptm HTTP/1.1" 200 5 "-" "WordPress/6.7.2; https://w4.junglejuicewebtoon.com"
162.0.232.193 - - [08/Jun/2025:20:05:42 -0400] "GET /wp-content/uploads/36f5b53d6c6d3d6b1e9dd0027baac2ed_1435.xml HTTP/1.1" 200 1150 "-" "Mozilla/5.0 (X11; Linux x86_64) AppleWebKit/537.36 (KHTML, like Gecko) Ubuntu Chromium/41.0.2272.76"
162.0.232.193 - - [08/Jun/2025:20:06:40 -0400] "POST /wp-cron.php?doing_wp_cron=1749427600.2207789421081542968750 HTTP/1.1" 200 0 "-" "WordPress/6.7.2; https://w4.junglejuicewebtoon.com"
162.0.232.193 - - [08/Jun/2025:20:06:40 -0400] "POST /wp-admin/admin-ajax.php?action=async_litespeed&nonce=6R5r8Ab9QrvhgNYLi4wHTotbvFIONyFB&litespeed_type=imgoptm HTTP/1.1" 200 5 "-" "WordPress/6.7.2; https://w4.junglejuicewebtoon.com"
185.247.137.128 - - [08/Jun/2025:20:06:41 -0400] "GET / HTTP/1.1" 200 10328 "https://www.junglejuicewebtoon.com/" "Mozilla/5.0 (compatible; InternetMeasurement/1.0; +https://internet-measurement.com/)"
87.236.176.92 - - [08/Jun/2025:20:06:42 -0400] "GET /favicon.ico HTTP/1.1" 302 0 "-" "Mozilla/5.0 (compatible; InternetMeasurement/1.0; +https://internet-measurement.com/)"
162.0.232.193 - - [08/Jun/2025:20:07:10 -0400] "POST /wp-cron.php?doing_wp_cron=1749427630.4432060718536376953125 HTTP/1.1" 200 0 "-" "WordPress/6.7.2; https://w4.junglejuicewebtoon.com"
17.241.75.248 - - [08/Jun/2025:20:07:10 -0400] "GET /manga1/jungle-juice-chapter-122-2/ HTTP/1.1" 200 10530 "-" "Mozilla/5.0 (Macintosh; Intel Mac OS X 10_15_7) AppleWebKit/605.1.15 (KHTML, like Gecko) Version/17.4 Safari/605.1.15 (Applebot/0.1; +http://www.apple.com/go/applebot)"
162.0.232.193 - - [08/Jun/2025:20:07:10 -0400] "POST /wp-admin/admin-ajax.php?action=async_litespeed&nonce=IktI1hpqvu89TAeFR6m5grBF2CpEGoad&litespeed_type=imgoptm HTTP/1.1" 200 5 "-" "WordPress/6.7.2; https://w4.junglejuicewebtoon.com"
162.0.232.193 - - [08/Jun/2025:20:08:08 -0400] "POST /wp-cron.php?doing_wp_cron=1749427687.9235661029815673828125 HTTP/1.1" 200 0 "-" "WordPress/6.7.2; https://w4.junglejuicewebtoon.com"
114.119.136.160 - - [08/Jun/2025:20:08:07 -0400] "GET /manga1/jungle-juice-chapter-6-2/ HTTP/1.1" 200 10833 "http://junglejuicewebtoon.com/" "Mozilla/5.0 (Linux; Android 7.0;) AppleWebKit/537.36 (KHTML, like Gecko) Mobile Safari/537.36 (compatible; PetalBot;+https://webmaster.petalsearch.com/site/petalbot)"
162.0.232.193 - - [08/Jun/2025:20:08:09 -0400] "GET /wp-content/uploads/36f5b53d6c6d3d6b1e9dd0027baac2ed_1435.xml HTTP/1.1" 200 1150 "-" "Mozilla/5.0 (X11; Linux x86_64) AppleWebKit/537.36 (KHTML, like Gecko) Ubuntu Chromium/41.0.2272.76"
162.0.232.193 - - [08/Jun/2025:20:09:21 -0400] "POST /wp-cron.php?doing_wp_cron=1749427761.4721639156341552734375 HTTP/1.1" 200 0 "-" "WordPress/6.7.2; https://w4.junglejuicewebtoon.com"
114.119.136.160 - - [08/Jun/2025:20:09:21 -0400] "GET /manga1/jungle-juice-chapter-28-2/ HTTP/1.1" 200 10591 "http://junglejuicewebtoon.com/" "Mozilla/5.0 (Linux; Android 7.0;) AppleWebKit/537.36 (KHTML, like Gecko) Mobile Safari/537.36 (compatible; PetalBot;+https://webmaster.petalsearch.com/site/petalbot)"
162.0.232.193 - - [08/Jun/2025:20:09:21 -0400] "POST /wp-admin/admin-ajax.php?action=async_litespeed&nonce=TOzev4tTiPYZyLGCqz9Tyx7WZgPFgRhF&litespeed_type=imgoptm HTTP/1.1" 200 5 "-" "WordPress/6.7.2; https://w4.junglejuicewebtoon.com"
162.0.232.193 - - [08/Jun/2025:20:15:35 -0400] "POST /wp-cron.php?doing_wp_cron=1749428135.6134788990020751953125 HTTP/1.1" 200 0 "-" "WordPress/6.7.2; https://w4.junglejuicewebtoon.com"
43.153.113.127 - - [08/Jun/2025:20:15:33 -0400] "GET /manga1/jungle-juice-chapter-39-2/feed/ HTTP/1.1" 200 422 "-" "Mozilla/5.0 (iPhone; CPU iPhone OS 13_2_3 like Mac OS X) AppleWebKit/605.1.15 (KHTML, like Gecko) Version/13.0.3 Mobile/15E148 Safari/604.1"
162.0.232.193 - - [08/Jun/2025:20:15:36 -0400] "POST /wp-admin/admin-ajax.php?action=async_litespeed&nonce=uIn3Nwpm3Vxn542uZZ4iAjPWfaXsRRuc&litespeed_type=imgoptm HTTP/1.1" 200 5 "-" "WordPress/6.7.2; https://w4.junglejuicewebtoon.com"
162.0.232.193 - - [08/Jun/2025:20:15:37 -0400] "GET /wp-content/uploads/36f5b53d6c6d3d6b1e9dd0027baac2ed_1435.xml HTTP/1.1" 200 1150 "-" "Mozilla/5.0 (X11; Linux x86_64) AppleWebKit/537.36 (KHTML, like Gecko) Ubuntu Chromium/41.0.2272.76"
17.241.219.22 - - [08/Jun/2025:20:16:05 -0400] "GET /wp-content/themes/toivo-lite/js/settings.min.js?ver=1.2.0 HTTP/1.1" 200 307 "https://w4.junglejuicewebtoon.com/manga1/jungle-juice-chapter-122-2/" "Mozilla/5.0 (Macintosh; Intel Mac OS X 10_15_7) AppleWebKit/605.1.15 (KHTML, like Gecko) Version/17.4 Safari/605.1.15 (Applebot/0.1; +http://www.apple.com/go/applebot)"
17.241.75.181 - - [08/Jun/2025:20:16:05 -0400] "GET /wp-content/themes/toivo-lite/js/functions.min.js?ver=1.2.0 HTTP/1.1" 200 593 "https://w4.junglejuicewebtoon.com/manga1/jungle-juice-chapter-122-2/" "Mozilla/5.0 (Macintosh; Intel Mac OS X 10_15_7) AppleWebKit/605.1.15 (KHTML, like Gecko) Version/17.4 Safari/605.1.15 (Applebot/0.1; +http://www.apple.com/go/applebot)"
2.60.100.26 - - [08/Jun/2025:20:17:08 -0400] "GET / HTTP/1.1" 200 10328 "https://yandex.ru/" "Mozilla/5.0 (X11; Linux x86_64) AppleWebKit/537.36 (KHTML, like Gecko) Chrome/132.0.0.0 YaBrowser/25.2.0.0 Safari/537.36"
2.60.100.26 - - [08/Jun/2025:20:17:09 -0400] "GET /wp-includes/js/jquery/jquery-migrate.min.js?ver=3.4.1 HTTP/1.1" 200 4678 "https://w4.junglejuicewebtoon.com/" "Mozilla/5.0 (X11; Linux x86_64) AppleWebKit/537.36 (KHTML, like Gecko) Chrome/132.0.0.0 YaBrowser/25.2.0.0 Safari/537.36"
2.60.100.26 - - [08/Jun/2025:20:17:09 -0400] "GET /wp-includes/js/jquery/jquery.min.js?ver=3.7.1 HTTP/1.1" 200 29744 "https://w4.junglejuicewebtoon.com/" "Mozilla/5.0 (X11; Linux x86_64) AppleWebKit/537.36 (KHTML, like Gecko) Chrome/132.0.0.0 YaBrowser/25.2.0.0 Safari/537.36"
2.60.100.26 - - [08/Jun/2025:20:17:09 -0400] "GET /wp-content/plugins/simple-social-buttons/assets/css/front.css?ver=5.3.1 HTTP/1.1" 200 10295 "https://w4.junglejuicewebtoon.com/" "Mozilla/5.0 (X11; Linux x86_64) AppleWebKit/537.36 (KHTML, like Gecko) Chrome/132.0.0.0 YaBrowser/25.2.0.0 Safari/537.36"
2.60.100.26 - - [08/Jun/2025:20:17:09 -0400] "GET /wp-content/uploads/2024/02/Jungle_Juice_Webtoon_Infobox.png HTTP/1.1" 200 742626 "https://w4.junglejuicewebtoon.com/" "Mozilla/5.0 (X11; Linux x86_64) AppleWebKit/537.36 (KHTML, like Gecko) Chrome/132.0.0.0 YaBrowser/25.2.0.0 Safari/537.36"
2.60.100.26 - - [08/Jun/2025:20:17:09 -0400] "GET /wp-content/plugins/simple-social-buttons/assets/js/front.js?ver=5.3.1 HTTP/1.1" 200 1932 "https://w4.junglejuicewebtoon.com/" "Mozilla/5.0 (X11; Linux x86_64) AppleWebKit/537.36 (KHTML, like Gecko) Chrome/132.0.0.0 YaBrowser/25.2.0.0 Safari/537.36"
2.60.100.26 - - [08/Jun/2025:20:17:09 -0400] "GET /wp-content/plugins/links-auto-replacer/public/js/lar-public.js?ver=2.0.0 HTTP/1.1" 200 393 "https://w4.junglejuicewebtoon.com/" "Mozilla/5.0 (X11; Linux x86_64) AppleWebKit/537.36 (KHTML, like Gecko) Chrome/132.0.0.0 YaBrowser/25.2.0.0 Safari/537.36"
2.60.100.26 - - [08/Jun/2025:20:17:09 -0400] "GET /wp-content/uploads/2024/02/81yoNOPfHkL._AC_UF10001000_QL80_.jpg HTTP/1.1" 200 113317 "https://w4.junglejuicewebtoon.com/" "Mozilla/5.0 (X11; Linux x86_64) AppleWebKit/537.36 (KHTML, like Gecko) Chrome/132.0.0.0 YaBrowser/25.2.0.0 Safari/537.36"
2.60.100.26 - - [08/Jun/2025:20:17:09 -0400] "GET /wp-content/plugins/simple-social-buttons/assets/js/frontend-blocks.js?ver=5.3.1 HTTP/1.1" 304 0 "https://w4.junglejuicewebtoon.com/" "Mozilla/5.0 (X11; Linux x86_64) AppleWebKit/537.36 (KHTML, like Gecko) Chrome/132.0.0.0 YaBrowser/25.2.0.0 Safari/537.36"
2.60.100.26 - - [08/Jun/2025:20:17:09 -0400] "GET /wp-content/plugins/comic-easel/js/keynav.js HTTP/1.1" 304 0 "https://w4.junglejuicewebtoon.com/" "Mozilla/5.0 (X11; Linux x86_64) AppleWebKit/537.36 (KHTML, like Gecko) Chrome/132.0.0.0 YaBrowser/25.2.0.0 Safari/537.36"
2.60.100.26 - - [08/Jun/2025:20:17:09 -0400] "GET /wp-content/themes/toivo-lite/fonts/genericons/genericons/genericons.min.css?ver=3.3 HTTP/1.1" 200 15959 "https://w4.junglejuicewebtoon.com/" "Mozilla/5.0 (X11; Linux x86_64) AppleWebKit/537.36 (KHTML, like Gecko) Chrome/132.0.0.0 YaBrowser/25.2.0.0 Safari/537.36"
2.60.100.26 - - [08/Jun/2025:20:17:10 -0400] "GET /wp-content/themes/toivo-lite/js/responsive-nav.min.js?ver=1.2.0 HTTP/1.1" 304 0 "https://w4.junglejuicewebtoon.com/" "Mozilla/5.0 (X11; Linux x86_64) AppleWebKit/537.36 (KHTML, like Gecko) Chrome/132.0.0.0 YaBrowser/25.2.0.0 Safari/537.36"
2.60.100.26 - - [08/Jun/2025:20:17:10 -0400] "GET /wp-content/themes/toivo-lite/js/settings.min.js?ver=1.2.0 HTTP/1.1" 200 307 "https://w4.junglejuicewebtoon.com/" "Mozilla/5.0 (X11; Linux x86_64) AppleWebKit/537.36 (KHTML, like Gecko) Chrome/132.0.0.0 YaBrowser/25.2.0.0 Safari/537.36"
2.60.100.26 - - [08/Jun/2025:20:17:10 -0400] "GET /wp-content/themes/toivo-lite/js/functions.min.js?ver=1.2.0 HTTP/1.1" 200 593 "https://w4.junglejuicewebtoon.com/" "Mozilla/5.0 (X11; Linux x86_64) AppleWebKit/537.36 (KHTML, like Gecko) Chrome/132.0.0.0 YaBrowser/25.2.0.0 Safari/537.36"
2.60.100.26 - - [08/Jun/2025:20:17:11 -0400] "GET /wp-includes/js/wp-emoji-release.min.js?ver=6.7.2 HTTP/1.1" 200 4676 "https://w4.junglejuicewebtoon.com/" "Mozilla/5.0 (X11; Linux x86_64) AppleWebKit/537.36 (KHTML, like Gecko) Chrome/132.0.0.0 YaBrowser/25.2.0.0 Safari/537.36"
162.0.232.193 - - [08/Jun/2025:20:18:25 -0400] "POST /wp-cron.php?doing_wp_cron=1749428304.9234879016876220703125 HTTP/1.1" 200 0 "-" "WordPress/6.7.2; https://w4.junglejuicewebtoon.com"
162.0.232.193 - - [08/Jun/2025:20:18:26 -0400] "POST /wp-admin/admin-ajax.php?action=async_litespeed&nonce=Cc8Ogv4epXor5YjEs1o0eXerMnbu0Ls1&litespeed_type=imgoptm HTTP/1.1" 200 5 "-" "WordPress/6.7.2; https://w4.junglejuicewebtoon.com"
129.28.14.231 - - [08/Jun/2025:20:18:27 -0400] "GET / HTTP/1.1" 200 10328 "https://w3.junglejuicewebtoon.com/" "Mozilla/5.0 (iPhone; CPU iPhone OS 13_2_3 like Mac OS X) AppleWebKit/605.1.15 (KHTML, like Gecko) Version/13.0.3 Mobile/15E148 Safari/604.1"
162.0.232.193 - - [08/Jun/2025:20:18:30 -0400] "GET /wp-content/uploads/36f5b53d6c6d3d6b1e9dd0027baac2ed_1435.xml HTTP/1.1" 200 1150 "-" "Mozilla/5.0 (X11; Linux x86_64) AppleWebKit/537.36 (KHTML, like Gecko) Ubuntu Chromium/41.0.2272.76"
162.0.232.193 - - [08/Jun/2025:20:19:57 -0400] "POST /wp-cron.php?doing_wp_cron=1749428396.9817481040954589843750 HTTP/1.1" 200 0 "-" "WordPress/6.7.2; https://w4.junglejuicewebtoon.com"
36.32.3.201 - - [08/Jun/2025:20:19:58 -0400] "GET / HTTP/1.1" 200 10328 "-" "Mozilla/5.0 (Windows NT 10.0; Win64; x64) Chrome/120.0.0.0"
162.0.232.193 - - [08/Jun/2025:20:19:58 -0400] "POST /wp-admin/admin-ajax.php?action=async_litespeed&nonce=D8VvQb4fABGmf7Jgx1RS93d44LnFrWdq&litespeed_type=imgoptm HTTP/1.1" 200 5 "-" "WordPress/6.7.2; https://w4.junglejuicewebtoon.com"
36.32.3.201 - - [08/Jun/2025:20:19:59 -0400] "GET /wp-content/uploads/2024/02/cropped-thumbnail_jungle_juice-32x32.jpg HTTP/1.1" 200 869 "-" "Mozilla/5.0 (Windows NT 10.0; Win64; x64) Chrome/120.0.0.0"
36.32.3.201 - - [08/Jun/2025:20:19:59 -0400] "GET / HTTP/1.1" 200 10328 "-" "Mozilla/5.0 (Windows NT 10.0; Win64; x64) Chrome/120.0.0.0"
36.32.3.201 - - [08/Jun/2025:20:20:00 -0400] "GET / HTTP/1.1" 200 10328 "-" "Mozilla/5.0 (Windows NT 10.0; Win64; x64) Chrome/120.0.0.0"
162.0.232.193 - - [08/Jun/2025:20:20:01 -0400] "GET /wp-content/uploads/36f5b53d6c6d3d6b1e9dd0027baac2ed_1435.xml HTTP/1.1" 200 1150 "-" "Mozilla/5.0 (X11; Linux x86_64) AppleWebKit/537.36 (KHTML, like Gecko) Ubuntu Chromium/41.0.2272.76"
36.32.3.201 - - [08/Jun/2025:20:20:08 -0400] "GET / HTTP/1.1" 200 10328 "-" "Mozilla/5.0 (Windows NT 10.0; Win64; x64) Chrome/120.0.0.0"
175.30.48.29 - - [08/Jun/2025:20:20:11 -0400] "GET / HTTP/1.1" 200 10328 "-" "Mozilla/5.0 (Windows NT 10.0; Win64; x64) Chrome/120.0.0.0"
175.30.48.29 - - [08/Jun/2025:20:20:13 -0400] "GET / HTTP/1.1" 200 10328 "-" "Mozilla/5.0 (Windows NT 10.0; Win64; x64) Chrome/120.0.0.0"
175.30.48.29 - - [08/Jun/2025:20:20:13 -0400] "GET / HTTP/1.1" 200 10328 "-" "Mozilla/5.0 (Windows NT 10.0; Win64; x64) Chrome/120.0.0.0"
175.30.48.29 - - [08/Jun/2025:20:20:15 -0400] "GET / HTTP/1.1" 200 10328 "-" "Mozilla/5.0 (Windows NT 10.0; Win64; x64) Chrome/120.0.0.0"
175.30.48.29 - - [08/Jun/2025:20:20:16 -0400] "GET / HTTP/1.1" 200 10328 "-" "Mozilla/5.0 (Windows NT 10.0; Win64; x64) Chrome/120.0.0.0"
175.30.48.29 - - [08/Jun/2025:20:20:21 -0400] "GET / HTTP/1.1" 200 10328 "-" "Mozilla/5.0 (Windows NT 10.0; Win64; x64) Chrome/120.0.0.0"
175.30.48.29 - - [08/Jun/2025:20:20:25 -0400] "GET / HTTP/1.1" 200 10328 "-" "Mozilla/5.0 (Windows NT 10.0; Win64; x64) Chrome/120.0.0.0"
175.30.48.29 - - [08/Jun/2025:20:20:30 -0400] "GET / HTTP/1.1" 200 10328 "-" "Mozilla/5.0 (Windows NT 10.0; Win64; x64) Chrome/120.0.0.0"
