162.0.232.193 - - [08/Jun/2025:12:49:36 -0400] "POST /wp-admin/admin-ajax.php?action=async_litespeed&nonce=lcDbYJvzZUukRwJoxWx6yWnvqJbDrEdR&litespeed_type=imgoptm HTTP/1.1" 200 5 "-" "WordPress/6.7.2; https://w4.junglejuicewebtoon.com"
162.0.232.193 - - [08/Jun/2025:12:49:40 -0400] "GET /wp-content/uploads/36f5b53d6c6d3d6b1e9dd0027baac2ed_1435.xml HTTP/1.1" 200 1150 "-" "Mozilla/5.0 (X11; Linux x86_64) AppleWebKit/537.36 (KHTML, like Gecko) Ubuntu Chromium/41.0.2272.76"
196.251.83.161 - - [08/Jun/2025:12:50:32 -0400] "GET / HTTP/1.1" 200 10328 "-" "-"
162.0.232.193 - - [08/Jun/2025:12:50:33 -0400] "POST /wp-cron.php?doing_wp_cron=1749401433.1273479461669921875000 HTTP/1.1" 200 0 "-" "WordPress/6.7.2; https://w4.junglejuicewebtoon.com"
196.251.83.161 - - [08/Jun/2025:12:50:32 -0400] "GET /wp-admin/install.php HTTP/1.1" 200 447 "-" "-"
196.251.83.161 - - [08/Jun/2025:12:50:33 -0400] "GET /wp-admin/setup-config.php HTTP/1.1" 409 1041 "-" "-"
194.87.252.147 - - [08/Jun/2025:12:50:54 -0400] "GET / HTTP/1.1" 200 10328 "-" "Mozilla/5.0 (Windows NT 6.2; Win64; x64) AppleWebKit/537.36 (KHTML, like Gecko) Chrome/49.0.2634.44 Safari/537.36"
162.0.232.193 - - [08/Jun/2025:12:50:55 -0400] "POST /wp-cron.php?doing_wp_cron=1749401455.2685561180114746093750 HTTP/1.1" 200 0 "-" "WordPress/6.7.2; https://w4.junglejuicewebtoon.com"
194.87.252.147 - - [08/Jun/2025:12:50:55 -0400] "POST /wp-content/plugins/wp-automatic/inc/csv.php HTTP/1.1" 200 26 "https://w4.junglejuicewebtoon.com/" "Mozilla/5.0 (Windows NT 6.2; Win64; x64) AppleWebKit/537.36 (KHTML, like Gecko) Chrome/49.0.2634.44 Safari/537.36"
162.0.232.193 - - [08/Jun/2025:12:50:55 -0400] "POST /wp-admin/admin-ajax.php?action=async_litespeed&nonce=k8CYjuM50uprBZyhG816mPN43EeIylTi&litespeed_type=imgoptm HTTP/1.1" 200 5 "-" "WordPress/6.7.2; https://w4.junglejuicewebtoon.com"
194.87.252.147 - - [08/Jun/2025:12:50:55 -0400] "POST /wp-content/plugins/wp-automatic/inc/csv.php HTTP/1.1" 200 26 "https://w4.junglejuicewebtoon.com/wp-content/plugins/wp-automatic/inc/csv.php" "Mozilla/5.0 (Windows NT 6.2; Win64; x64) AppleWebKit/537.36 (KHTML, like Gecko) Chrome/49.0.2634.44 Safari/537.36"
194.87.252.147 - - [08/Jun/2025:12:50:56 -0400] "POST /wp-content/plugins/wp-automatic/inc/csv.php HTTP/1.1" 200 26 "https://w4.junglejuicewebtoon.com/wp-content/plugins/wp-automatic/inc/csv.php" "Mozilla/5.0 (Windows NT 6.2; Win64; x64) AppleWebKit/537.36 (KHTML, like Gecko) Chrome/49.0.2634.44 Safari/537.36"
194.87.252.147 - - [08/Jun/2025:12:50:56 -0400] "POST /wp-content/plugins/wp-automatic/inc/csv.php HTTP/1.1" 200 26 "https://w4.junglejuicewebtoon.com/wp-content/plugins/wp-automatic/inc/csv.php" "Mozilla/5.0 (Windows NT 6.2; Win64; x64) AppleWebKit/537.36 (KHTML, like Gecko) Chrome/49.0.2634.44 Safari/537.36"
194.87.252.147 - - [08/Jun/2025:12:50:57 -0400] "POST /wp-content/plugins/wp-automatic/inc/csv.php945545372186.php HTTP/1.1" 301 0 "https://w4.junglejuicewebtoon.com/wp-content/plugins/wp-automatic/inc/csv.php" "Mozilla/5.0 (Windows NT 6.2; Win64; x64) AppleWebKit/537.36 (KHTML, like Gecko) Chrome/49.0.2634.44 Safari/537.36"
194.87.252.147 - - [08/Jun/2025:12:50:57 -0400] "GET / HTTP/1.1" 200 10328 "https://w4.junglejuicewebtoon.com/wp-content/plugins/wp-automatic/inc/csv.php" "Mozilla/5.0 (Windows NT 6.2; Win64; x64) AppleWebKit/537.36 (KHTML, like Gecko) Chrome/49.0.2634.44 Safari/537.36"
194.87.252.147 - - [08/Jun/2025:12:50:58 -0400] "POST /wp-content/plugins/wp-automatic/inc/csv.php945545372186.php HTTP/1.1" 301 0 "https://w4.junglejuicewebtoon.com/" "Mozilla/5.0 (Windows NT 6.2; Win64; x64) AppleWebKit/537.36 (KHTML, like Gecko) Chrome/49.0.2634.44 Safari/537.36"
194.87.252.147 - - [08/Jun/2025:12:50:58 -0400] "GET / HTTP/1.1" 200 10328 "https://w4.junglejuicewebtoon.com/" "Mozilla/5.0 (Windows NT 6.2; Win64; x64) AppleWebKit/537.36 (KHTML, like Gecko) Chrome/49.0.2634.44 Safari/537.36"
194.87.252.147 - - [08/Jun/2025:12:50:59 -0400] "POST /wp-content/plugins/wp-automatic/inc/csv.php945545372186.php HTTP/1.1" 301 0 "https://w4.junglejuicewebtoon.com/" "Mozilla/5.0 (Windows NT 6.2; Win64; x64) AppleWebKit/537.36 (KHTML, like Gecko) Chrome/49.0.2634.44 Safari/537.36"
194.87.252.147 - - [08/Jun/2025:12:51:00 -0400] "GET / HTTP/1.1" 200 10328 "https://w4.junglejuicewebtoon.com/" "Mozilla/5.0 (Windows NT 6.2; Win64; x64) AppleWebKit/537.36 (KHTML, like Gecko) Chrome/49.0.2634.44 Safari/537.36"
194.87.252.147 - - [08/Jun/2025:12:51:00 -0400] "POST /wp-content/plugins/wp-automatic/inc/csv.php945545372186.php HTTP/1.1" 301 0 "https://w4.junglejuicewebtoon.com/" "Mozilla/5.0 (Windows NT 6.2; Win64; x64) AppleWebKit/537.36 (KHTML, like Gecko) Chrome/49.0.2634.44 Safari/537.36"
194.87.252.147 - - [08/Jun/2025:12:51:01 -0400] "GET / HTTP/1.1" 200 10328 "https://w4.junglejuicewebtoon.com/" "Mozilla/5.0 (Windows NT 6.2; Win64; x64) AppleWebKit/537.36 (KHTML, like Gecko) Chrome/49.0.2634.44 Safari/537.36"
194.87.252.147 - - [08/Jun/2025:12:51:01 -0400] "GET /wp-login.php HTTP/1.1" 200 1851 "https://w4.junglejuicewebtoon.com/" "Mozilla/5.0 (Windows NT 6.2; Win64; x64) AppleWebKit/537.36 (KHTML, like Gecko) Chrome/49.0.2634.44 Safari/537.36"
194.87.252.147 - - [08/Jun/2025:12:51:02 -0400] "POST /wp-login.php HTTP/1.1" 200 2011 "https://w4.junglejuicewebtoon.com/wp-login.php" "Mozilla/5.0 (Windows NT 6.2; Win64; x64) AppleWebKit/537.36 (KHTML, like Gecko) Chrome/49.0.2634.44 Safari/537.36"
194.87.252.147 - - [08/Jun/2025:12:51:02 -0400] "GET /wp-admin/plugins.php HTTP/1.1" 302 0 "https://w4.junglejuicewebtoon.com/wp-login.php" "Mozilla/5.0 (Windows NT 6.2; Win64; x64) AppleWebKit/537.36 (KHTML, like Gecko) Chrome/49.0.2634.44 Safari/537.36"
194.87.252.147 - - [08/Jun/2025:12:51:03 -0400] "GET /wp-login.php?redirect_to=https%3A%2F%2Fw4.junglejuicewebtoon.com%2Fwp-admin%2Fplugins.php&reauth=1 HTTP/1.1" 200 1857 "https://w4.junglejuicewebtoon.com/wp-login.php" "Mozilla/5.0 (Windows NT 6.2; Win64; x64) AppleWebKit/537.36 (KHTML, like Gecko) Chrome/49.0.2634.44 Safari/537.36"
162.0.232.193 - - [08/Jun/2025:12:53:03 -0400] "POST /wp-cron.php?doing_wp_cron=1749401582.9287719726562500000000 HTTP/1.1" 200 0 "-" "WordPress/6.7.2; https://w4.junglejuicewebtoon.com"
162.0.232.193 - - [08/Jun/2025:12:53:07 -0400] "GET /wp-content/uploads/36f5b53d6c6d3d6b1e9dd0027baac2ed_1435.xml HTTP/1.1" 200 1028 "-" "Mozilla/5.0 (X11; Linux x86_64) AppleWebKit/537.36 (KHTML, like Gecko) Ubuntu Chromium/41.0.2272.76"
2a03:2880:f800:8:: - - [08/Jun/2025:12:53:25 -0400] "GET /manga1/jungle-juice-chapter-89/ HTTP/1.1" 200 10633 "-" "meta-externalagent/1.1 (+https://developers.facebook.com/docs/sharing/webmasters/crawler)"
162.0.232.193 - - [08/Jun/2025:12:55:20 -0400] "POST /wp-cron.php?doing_wp_cron=1749401720.5413188934326171875000 HTTP/1.1" 200 0 "-" "WordPress/6.7.2; https://w4.junglejuicewebtoon.com"
43.159.128.237 - - [08/Jun/2025:12:55:18 -0400] "GET /wp-json/oembed/1.0/embed?url=https%3A%2F%2Fw4.junglejuicewebtoon.com%2Fmanga1%2Fjungle-juice-chapter-124-2%2F&format=xml HTTP/1.1" 200 1186 "-" "Mozilla/5.0 (iPhone; CPU iPhone OS 13_2_3 like Mac OS X) AppleWebKit/605.1.15 (KHTML, like Gecko) Version/13.0.3 Mobile/15E148 Safari/604.1"
162.0.232.193 - - [08/Jun/2025:12:55:20 -0400] "POST /wp-admin/admin-ajax.php?action=async_litespeed&nonce=1erUGv7jPBTKmqKpn4qLnkRGVlhZxlWF&litespeed_type=imgoptm HTTP/1.1" 200 5 "-" "WordPress/6.7.2; https://w4.junglejuicewebtoon.com"
162.0.232.193 - - [08/Jun/2025:12:55:23 -0400] "GET /wp-content/uploads/36f5b53d6c6d3d6b1e9dd0027baac2ed_1435.xml HTTP/1.1" 200 1150 "-" "Mozilla/5.0 (X11; Linux x86_64) AppleWebKit/537.36 (KHTML, like Gecko) Ubuntu Chromium/41.0.2272.76"
162.0.232.193 - - [08/Jun/2025:12:56:47 -0400] "POST /wp-cron.php?doing_wp_cron=1749401806.9877600669860839843750 HTTP/1.1" 200 0 "-" "WordPress/6.7.2; https://w4.junglejuicewebtoon.com"
185.177.72.16 - - [08/Jun/2025:12:56:48 -0400] "GET / HTTP/1.1" 200 10328 "https://w3.junglejuicewebtoon.com/" "Mozilla/5.0 (compatible; scanner/1.0)"
185.177.72.16 - - [08/Jun/2025:12:56:49 -0400] "GET / HTTP/1.1" 200 10328 "https://w3.junglejuicewebtoon.com/" "Mozilla/5.0 (compatible; scanner/1.0)"
162.0.232.193 - - [08/Jun/2025:12:56:48 -0400] "POST /wp-admin/admin-ajax.php?action=async_litespeed&nonce=0KTat9DVobYUV2n1CyNmxqGGxVmrfh0z&litespeed_type=imgoptm HTTP/1.1" 200 5 "-" "WordPress/6.7.2; https://w4.junglejuicewebtoon.com"
185.177.72.16 - - [08/Jun/2025:12:56:53 -0400] "GET / HTTP/1.1" 200 10328 "https://w3.junglejuicewebtoon.com/" "Mozilla/5.0 (compatible; scanner/1.0)"
185.177.72.16 - - [08/Jun/2025:12:56:53 -0400] "GET / HTTP/1.1" 200 10328 "https://w3.junglejuicewebtoon.com/" "Mozilla/5.0 (compatible; scanner/1.0)"
185.177.72.16 - - [08/Jun/2025:12:56:53 -0400] "GET / HTTP/1.1" 200 10328 "https://w3.junglejuicewebtoon.com/" "Mozilla/5.0 (compatible; scanner/1.0)"
185.177.72.16 - - [08/Jun/2025:12:56:54 -0400] "GET / HTTP/1.1" 200 10328 "https://w3.junglejuicewebtoon.com/" "Mozilla/5.0 (compatible; scanner/1.0)"
185.177.72.16 - - [08/Jun/2025:12:56:54 -0400] "GET / HTTP/1.1" 200 10328 "https://w3.junglejuicewebtoon.com/" "Mozilla/5.0 (compatible; scanner/1.0)"
185.177.72.16 - - [08/Jun/2025:12:56:54 -0400] "GET / HTTP/1.1" 200 10328 "https://w3.junglejuicewebtoon.com/" "Mozilla/5.0 (compatible; scanner/1.0)"
185.177.72.16 - - [08/Jun/2025:12:56:54 -0400] "GET / HTTP/1.1" 200 10328 "https://w3.junglejuicewebtoon.com/" "Mozilla/5.0 (compatible; scanner/1.0)"
185.177.72.16 - - [08/Jun/2025:12:56:54 -0400] "GET / HTTP/1.1" 200 10328 "https://w3.junglejuicewebtoon.com/" "Mozilla/5.0 (compatible; scanner/1.0)"
185.177.72.16 - - [08/Jun/2025:12:56:54 -0400] "GET / HTTP/1.1" 200 10328 "https://w3.junglejuicewebtoon.com/" "Mozilla/5.0 (compatible; scanner/1.0)"
162.0.232.193 - - [08/Jun/2025:13:00:31 -0400] "POST /wp-cron.php?doing_wp_cron=1749402030.8640360832214355468750 HTTP/1.1" 200 0 "-" "WordPress/6.7.2; https://w4.junglejuicewebtoon.com"
80.85.245.250 - - [08/Jun/2025:13:00:32 -0400] "GET / HTTP/1.1" 200 10328 "https://w3.junglejuicewebtoon.com/" "Mozilla/5.0 (Macintosh; Intel Mac OS X 10_15_7) AppleWebKit/537.36 (KHTML, like Gecko) Chrome/133.0.0.0 Safari/537.36"
80.85.245.250 - - [08/Jun/2025:13:00:33 -0400] "GET /comments/feed/ HTTP/1.1" 200 1189 "-" "Mozilla/5.0 (Macintosh; Intel Mac OS X 10_15_7) AppleWebKit/537.36 (KHTML, like Gecko) Chrome/133.0.0.0 Safari/537.36"
162.0.232.193 - - [08/Jun/2025:13:00:34 -0400] "GET /wp-content/uploads/36f5b53d6c6d3d6b1e9dd0027baac2ed_1435.xml HTTP/1.1" 200 1150 "-" "Mozilla/5.0 (X11; Linux x86_64) AppleWebKit/537.36 (KHTML, like Gecko) Ubuntu Chromium/41.0.2272.76"
216.48.182.182 - - [08/Jun/2025:13:00:39 -0400] "POST /xmlrpc.php HTTP/1.1" 200 205 "-" "Mozilla/5.0 (X11; U; Linux i686; en-US; rv:96.0) Gecko/20071914 Firefox/96.0"
162.0.232.193 - - [08/Jun/2025:13:05:06 -0400] "POST /wp-cron.php?doing_wp_cron=1749402305.8935110569000244140625 HTTP/1.1" 200 0 "-" "WordPress/6.7.2; https://w4.junglejuicewebtoon.com"
43.153.67.21 - - [08/Jun/2025:13:05:03 -0400] "GET /manga1/jungle-juice-chapter-28/embed/ HTTP/1.1" 200 6357 "-" "Mozilla/5.0 (iPhone; CPU iPhone OS 13_2_3 like Mac OS X) AppleWebKit/605.1.15 (KHTML, like Gecko) Version/13.0.3 Mobile/15E148 Safari/604.1"
162.0.232.193 - - [08/Jun/2025:13:05:06 -0400] "POST /wp-admin/admin-ajax.php?action=async_litespeed&nonce=bXLCHjUYiEWjYMsyO0xiE4jbB2EK1TNf&litespeed_type=imgoptm HTTP/1.1" 200 5 "-" "WordPress/6.7.2; https://w4.junglejuicewebtoon.com"
162.0.232.193 - - [08/Jun/2025:13:05:10 -0400] "GET /wp-content/uploads/36f5b53d6c6d3d6b1e9dd0027baac2ed_1435.xml HTTP/1.1" 200 1150 "-" "Mozilla/5.0 (X11; Linux x86_64) AppleWebKit/537.36 (KHTML, like Gecko) Ubuntu Chromium/41.0.2272.76"
162.0.232.193 - - [08/Jun/2025:13:08:31 -0400] "POST /wp-cron.php?doing_wp_cron=1749402511.2916851043701171875000 HTTP/1.1" 200 0 "-" "WordPress/6.7.2; https://w4.junglejuicewebtoon.com"
52.22.87.224 - - [08/Jun/2025:13:08:29 -0400] "GET /category/jungle-juice/page/7/ HTTP/1.1" 200 11798 "-" "Mozilla/5.0 AppleWebKit/537.36 (KHTML, like Gecko; compatible; Amazonbot/0.1; +https://developer.amazon.com/support/amazonbot) Chrome/119.0.6045.214 Safari/537.36"
162.0.232.193 - - [08/Jun/2025:13:08:33 -0400] "GET /wp-content/uploads/36f5b53d6c6d3d6b1e9dd0027baac2ed_1435.xml HTTP/1.1" 200 1150 "-" "Mozilla/5.0 (X11; Linux x86_64) AppleWebKit/537.36 (KHTML, like Gecko) Ubuntu Chromium/41.0.2272.76"
162.0.232.193 - - [08/Jun/2025:13:09:38 -0400] "POST /wp-cron.php?doing_wp_cron=1749402578.4230599403381347656250 HTTP/1.1" 200 0 "-" "WordPress/6.7.2; https://w4.junglejuicewebtoon.com"
162.0.232.193 - - [08/Jun/2025:13:09:38 -0400] "POST /wp-admin/admin-ajax.php?action=async_litespeed&nonce=VcIuYbRt0DekzbmYpxb2bgxyX3cRmQUo&litespeed_type=imgoptm HTTP/1.1" 200 5 "-" "WordPress/6.7.2; https://w4.junglejuicewebtoon.com"
162.0.232.193 - - [08/Jun/2025:13:09:51 -0400] "POST /wp-cron.php?doing_wp_cron=1749402590.8717279434204101562500 HTTP/1.1" 200 0 "-" "WordPress/6.7.2; https://w4.junglejuicewebtoon.com"
162.0.232.193 - - [08/Jun/2025:13:09:51 -0400] "POST /wp-admin/admin-ajax.php?action=async_litespeed&nonce=AFJHWPo3t3GPqTSYcqIXK1Uyv5IVm8lE&litespeed_type=imgoptm HTTP/1.1" 200 5 "-" "WordPress/6.7.2; https://w4.junglejuicewebtoon.com"
170.83.49.7 - - [08/Jun/2025:13:09:51 -0400] "GET / HTTP/1.1" 200 10328 "https://w3.junglejuicewebtoon.com/" "Mozilla/5.0 (Windows NT 10.0; Win64; x64)"
162.0.232.193 - - [08/Jun/2025:13:11:05 -0400] "POST /wp-cron.php?doing_wp_cron=1749402665.4014658927917480468750 HTTP/1.1" 200 0 "-" "WordPress/6.7.2; https://w4.junglejuicewebtoon.com"
162.0.232.193 - - [08/Jun/2025:13:11:07 -0400] "GET /wp-content/uploads/36f5b53d6c6d3d6b1e9dd0027baac2ed_1435.xml HTTP/1.1" 200 1150 "-" "Mozilla/5.0 (X11; Linux x86_64) AppleWebKit/537.36 (KHTML, like Gecko) Ubuntu Chromium/41.0.2272.76"
162.0.232.193 - - [08/Jun/2025:13:12:55 -0400] "POST /wp-cron.php?doing_wp_cron=1749402775.1503241062164306640625 HTTP/1.1" 200 0 "-" "WordPress/6.7.2; https://w4.junglejuicewebtoon.com"
162.0.232.193 - - [08/Jun/2025:13:12:57 -0400] "POST /wp-admin/admin-ajax.php?action=async_litespeed&nonce=0YH1lasrR6tUX4Y1lAkVdKoHyhNZ64FS&litespeed_type=imgoptm HTTP/1.1" 200 5 "-" "WordPress/6.7.2; https://w4.junglejuicewebtoon.com"
162.0.232.193 - - [08/Jun/2025:13:13:00 -0400] "GET /wp-content/uploads/36f5b53d6c6d3d6b1e9dd0027baac2ed_1435.xml HTTP/1.1" 200 1028 "-" "Mozilla/5.0 (X11; Linux x86_64) AppleWebKit/537.36 (KHTML, like Gecko) Ubuntu Chromium/41.0.2272.76"
162.0.232.193 - - [08/Jun/2025:13:14:22 -0400] "POST /wp-cron.php?doing_wp_cron=1749402862.0955390930175781250000 HTTP/1.1" 200 0 "-" "WordPress/6.7.2; https://w4.junglejuicewebtoon.com"
43.130.106.18 - - [08/Jun/2025:13:14:21 -0400] "GET /manga1/jungle-juice-chapter-20/embed/ HTTP/1.1" 200 6280 "-" "Mozilla/5.0 (iPhone; CPU iPhone OS 13_2_3 like Mac OS X) AppleWebKit/605.1.15 (KHTML, like Gecko) Version/13.0.3 Mobile/15E148 Safari/604.1"
162.0.232.193 - - [08/Jun/2025:13:14:22 -0400] "POST /wp-admin/admin-ajax.php?action=async_litespeed&nonce=Bpb6HvECqniEGLVclEKLTOwm9SUF3Wa0&litespeed_type=imgoptm HTTP/1.1" 200 5 "-" "WordPress/6.7.2; https://w4.junglejuicewebtoon.com"
162.0.232.193 - - [08/Jun/2025:13:15:09 -0400] "POST /wp-cron.php?doing_wp_cron=1749402909.7581338882446289062500 HTTP/1.1" 200 0 "-" "WordPress/6.7.2; https://w4.junglejuicewebtoon.com"
162.0.232.193 - - [08/Jun/2025:13:15:10 -0400] "POST /wp-admin/admin-ajax.php?action=async_litespeed&nonce=fYKJu6EXuUFlKd0Xr5jOntt2SAU2pha4&litespeed_type=imgoptm HTTP/1.1" 200 5 "-" "WordPress/6.7.2; https://w4.junglejuicewebtoon.com"
162.0.232.193 - - [08/Jun/2025:13:16:07 -0400] "POST /wp-cron.php?doing_wp_cron=1749402967.4446010589599609375000 HTTP/1.1" 200 0 "-" "WordPress/6.7.2; https://w4.junglejuicewebtoon.com"
141.95.53.61 - - [08/Jun/2025:13:16:07 -0400] "POST /xmlrpc.php HTTP/1.1" 200 205 "-" "Mozilla/5.0 (X11; Ubuntu; Linux x86_64; rv:85.0) Gecko/20100101 Firefox/91.0"
162.0.232.193 - - [08/Jun/2025:13:16:11 -0400] "GET /wp-content/uploads/36f5b53d6c6d3d6b1e9dd0027baac2ed_1435.xml HTTP/1.1" 200 1028 "-" "Mozilla/5.0 (X11; Linux x86_64) AppleWebKit/537.36 (KHTML, like Gecko) Ubuntu Chromium/41.0.2272.76"
162.0.232.193 - - [08/Jun/2025:13:19:27 -0400] "POST /wp-cron.php?doing_wp_cron=1749403166.8432509899139404296875 HTTP/1.1" 200 0 "-" "WordPress/6.7.2; https://w4.junglejuicewebtoon.com"
43.157.153.236 - - [08/Jun/2025:13:19:28 -0400] "GET / HTTP/1.1" 200 10328 "https://www.junglejuicewebtoon.com/" "Mozilla/5.0 (iPhone; CPU iPhone OS 13_2_3 like Mac OS X) AppleWebKit/605.1.15 (KHTML, like Gecko) Version/13.0.3 Mobile/15E148 Safari/604.1"
162.0.232.193 - - [08/Jun/2025:13:19:29 -0400] "POST /wp-admin/admin-ajax.php?action=async_litespeed&nonce=HLX4G1w762qfhewrboyZo05SN0ikfKv8&litespeed_type=imgoptm HTTP/1.1" 200 5 "-" "WordPress/6.7.2; https://w4.junglejuicewebtoon.com"
162.0.232.193 - - [08/Jun/2025:13:19:31 -0400] "GET /wp-content/uploads/36f5b53d6c6d3d6b1e9dd0027baac2ed_1435.xml HTTP/1.1" 200 1150 "-" "Mozilla/5.0 (X11; Linux x86_64) AppleWebKit/537.36 (KHTML, like Gecko) Ubuntu Chromium/41.0.2272.76"
162.0.232.193 - - [08/Jun/2025:13:20:45 -0400] "POST /wp-cron.php?doing_wp_cron=1749403245.6772649288177490234375 HTTP/1.1" 200 0 "-" "WordPress/6.7.2; https://w4.junglejuicewebtoon.com"
162.0.232.193 - - [08/Jun/2025:13:20:46 -0400] "POST /wp-admin/admin-ajax.php?action=async_litespeed&nonce=UkqH8zJIFhSZxQ8OWIErYLDEi1olFANp&litespeed_type=imgoptm HTTP/1.1" 200 5 "-" "WordPress/6.7.2; https://w4.junglejuicewebtoon.com"
162.0.232.193 - - [08/Jun/2025:13:22:31 -0400] "POST /wp-cron.php?doing_wp_cron=1749403351.5573151111602783203125 HTTP/1.1" 200 0 "-" "WordPress/6.7.2; https://w4.junglejuicewebtoon.com"
54.163.136.244 - - [08/Jun/2025:13:22:29 -0400] "GET /manga1/jungle-juice-chapter-158/ HTTP/1.1" 200 10356 "-" "Mozilla/5.0 AppleWebKit/537.36 (KHTML, like Gecko; compatible; Amazonbot/0.1; +https://developer.amazon.com/support/amazonbot) Chrome/119.0.6045.214 Safari/537.36"
34.204.150.196 - - [08/Jun/2025:13:22:29 -0400] "GET /category/manga/page/26/ HTTP/1.1" 200 11097 "-" "Mozilla/5.0 AppleWebKit/537.36 (KHTML, like Gecko; compatible; Amazonbot/0.1; +https://developer.amazon.com/support/amazonbot) Chrome/119.0.6045.214 Safari/537.36"
162.0.232.193 - - [08/Jun/2025:13:22:35 -0400] "GET /wp-content/uploads/36f5b53d6c6d3d6b1e9dd0027baac2ed_1435.xml HTTP/1.1" 200 1028 "-" "Mozilla/5.0 (X11; Linux x86_64) AppleWebKit/537.36 (KHTML, like Gecko) Ubuntu Chromium/41.0.2272.76"
43.163.206.70 - - [08/Jun/2025:13:24:06 -0400] "GET /manga1/jungle-juice-chapter-15/ HTTP/1.1" 200 10726 "-" "Mozilla/5.0 (iPhone; CPU iPhone OS 13_2_3 like Mac OS X) AppleWebKit/605.1.15 (KHTML, like Gecko) Version/13.0.3 Mobile/15E148 Safari/604.1"
162.0.232.193 - - [08/Jun/2025:13:24:47 -0400] "POST /wp-cron.php?doing_wp_cron=1749403487.2926270961761474609375 HTTP/1.1" 200 0 "-" "WordPress/6.7.2; https://w4.junglejuicewebtoon.com"
47.128.31.162 - - [08/Jun/2025:13:24:48 -0400] "GET / HTTP/1.1" 200 10328 "-" "Mozilla/5.0 (Linux; Android 5.0) AppleWebKit/537.36 (KHTML, like Gecko) Mobile Safari/537.36 (compatible; Bytespider; [email protected])"
162.0.232.193 - - [08/Jun/2025:13:24:49 -0400] "POST /wp-admin/admin-ajax.php?action=async_litespeed&nonce=LQSL5WVJp0kmg2g19CcDZ74zvsFGgeKM&litespeed_type=imgoptm HTTP/1.1" 200 5 "-" "WordPress/6.7.2; https://w4.junglejuicewebtoon.com"
162.0.232.193 - - [08/Jun/2025:13:24:52 -0400] "GET /wp-content/uploads/36f5b53d6c6d3d6b1e9dd0027baac2ed_1435.xml HTTP/1.1" 200 1150 "-" "Mozilla/5.0 (X11; Linux x86_64) AppleWebKit/537.36 (KHTML, like Gecko) Ubuntu Chromium/41.0.2272.76"
162.0.232.193 - - [08/Jun/2025:13:30:19 -0400] "POST /wp-cron.php?doing_wp_cron=1749403819.2343649864196777343750 HTTP/1.1" 200 0 "-" "WordPress/6.7.2; https://w4.junglejuicewebtoon.com"
162.0.232.193 - - [08/Jun/2025:13:30:22 -0400] "GET /wp-content/uploads/36f5b53d6c6d3d6b1e9dd0027baac2ed_1435.xml HTTP/1.1" 200 1150 "-" "Mozilla/5.0 (X11; Linux x86_64) AppleWebKit/537.36 (KHTML, like Gecko) Ubuntu Chromium/41.0.2272.76"
162.0.232.193 - - [08/Jun/2025:13:31:47 -0400] "POST /wp-cron.php?doing_wp_cron=1749403906.8771340847015380859375 HTTP/1.1" 200 0 "-" "WordPress/6.7.2; https://w4.junglejuicewebtoon.com"
104.248.45.30 - - [08/Jun/2025:13:31:45 -0400] "POST /xmlrpc.php HTTP/1.1" 200 205 "-" "Mozilla/5.0 (X11; Ubuntu; Linux x86_64; rv:85.0) Gecko/20100101 Firefox/91.0"
162.0.232.193 - - [08/Jun/2025:13:31:47 -0400] "POST /wp-admin/admin-ajax.php?action=async_litespeed&nonce=zpK8fHo14lR5Pwe0zYyI2DHNZH3ceWAp&litespeed_type=imgoptm HTTP/1.1" 200 5 "-" "WordPress/6.7.2; https://w4.junglejuicewebtoon.com"
162.0.232.193 - - [08/Jun/2025:13:32:44 -0400] "POST /wp-cron.php?doing_wp_cron=1749403963.8174519538879394531250 HTTP/1.1" 200 0 "-" "WordPress/6.7.2; https://w4.junglejuicewebtoon.com"
15.204.43.172 - - [08/Jun/2025:13:32:44 -0400] "GET / HTTP/1.1" 200 10328 "https://www.google.co.jp" "Mozilla/5.0 (Macintosh; Intel Mac OS X 13_3) AppleWebKit/537.36 (KHTML, like Gecko) Chrome/126.0.0.0 Safari/537.36"
15.204.43.172 - - [08/Jun/2025:13:32:44 -0400] "GET /index.php?author=1 HTTP/1.1" 301 0 "https://w4.junglejuicewebtoon.com" "Mozilla/5.0 (Windows NT 10.0; Win64; x64; rv:126.0) Gecko/20100101 Firefox/126.0"
15.204.43.172 - - [08/Jun/2025:13:32:44 -0400] "GET /author/admin/ HTTP/1.1" 200 11404 "https://w4.junglejuicewebtoon.com" "Mozilla/5.0 (Windows NT 10.0; Win64; x64; rv:126.0) Gecko/20100101 Firefox/126.0"
15.204.43.172 - - [08/Jun/2025:13:32:45 -0400] "GET /index.php?author=2 HTTP/1.1" 301 0 "https://w4.junglejuicewebtoon.com" "Mozilla/5.0 (Windows NT 10.0; Win64; x64; rv:126.0) Gecko/20100101 Firefox/126.0"
162.0.232.193 - - [08/Jun/2025:13:32:46 -0400] "GET /wp-content/uploads/36f5b53d6c6d3d6b1e9dd0027baac2ed_1435.xml HTTP/1.1" 200 1028 "-" "Mozilla/5.0 (X11; Linux x86_64) AppleWebKit/537.36 (KHTML, like Gecko) Ubuntu Chromium/41.0.2272.76"
15.204.43.172 - - [08/Jun/2025:13:32:46 -0400] "GET / HTTP/1.1" 200 10328 "https://w4.junglejuicewebtoon.com" "Mozilla/5.0 (Windows NT 10.0; Win64; x64; rv:126.0) Gecko/20100101 Firefox/126.0"
47.128.34.114 - - [08/Jun/2025:13:32:47 -0400] "GET / HTTP/1.1" 200 10328 "-" "Mozilla/5.0 (Linux; Android 5.0) AppleWebKit/537.36 (KHTML, like Gecko) Mobile Safari/537.36 (compatible; Bytespider; [email protected])"
15.204.43.172 - - [08/Jun/2025:13:32:46 -0400] "GET /index.php?author=3 HTTP/1.1" 301 0 "https://w4.junglejuicewebtoon.com" "Mozilla/5.0 (Macintosh; Intel Mac OS X 13_3) AppleWebKit/537.36 (KHTML, like Gecko) Chrome/126.0.0.0 Safari/537.36 Edg/126.0.0.0"
15.204.43.172 - - [08/Jun/2025:13:32:47 -0400] "GET / HTTP/1.1" 200 10328 "https://w4.junglejuicewebtoon.com" "Mozilla/5.0 (Macintosh; Intel Mac OS X 13_3) AppleWebKit/537.36 (KHTML, like Gecko) Chrome/126.0.0.0 Safari/537.36 Edg/126.0.0.0"
162.0.232.193 - - [08/Jun/2025:13:33:46 -0400] "POST /wp-cron.php?doing_wp_cron=1749404026.1572520732879638671875 HTTP/1.1" 200 0 "-" "WordPress/6.7.2; https://w4.junglejuicewebtoon.com"
43.157.149.188 - - [08/Jun/2025:13:33:45 -0400] "GET /manga1/jungle-juice-chapter-58-2/ HTTP/1.1" 200 10891 "-" "Mozilla/5.0 (iPhone; CPU iPhone OS 13_2_3 like Mac OS X) AppleWebKit/605.1.15 (KHTML, like Gecko) Version/13.0.3 Mobile/15E148 Safari/604.1"
162.0.232.193 - - [08/Jun/2025:13:33:46 -0400] "POST /wp-admin/admin-ajax.php?action=async_litespeed&nonce=vfGUN4Op1flyleIyEEC4ImVR7DlZmnbS&litespeed_type=imgoptm HTTP/1.1" 200 5 "-" "WordPress/6.7.2; https://w4.junglejuicewebtoon.com"
162.0.232.193 - - [08/Jun/2025:13:36:02 -0400] "POST /wp-cron.php?doing_wp_cron=1749404162.8198640346527099609375 HTTP/1.1" 200 0 "-" "WordPress/6.7.2; https://w4.junglejuicewebtoon.com"
194.87.252.147 - - [08/Jun/2025:13:36:03 -0400] "GET / HTTP/1.1" 200 10328 "-" "Mozilla/5.0 (X11; Ubuntu; Linux x86_64) AppleWebKit/537.36 (KHTML, like Gecko) Chrome/56.0.2950.7 Safari/537.36"
194.87.252.147 - - [08/Jun/2025:13:36:05 -0400] "POST /wp-content/plugins/wp-automatic/inc/csv.php HTTP/1.1" 403 1242 "https://w4.junglejuicewebtoon.com/" "Mozilla/5.0 (X11; Ubuntu; Linux x86_64) AppleWebKit/537.36 (KHTML, like Gecko) Chrome/56.0.2950.7 Safari/537.36"
194.87.252.147 - - [08/Jun/2025:13:36:05 -0400] "POST /wp-content/plugins/wp-automatic/inc/csv.php HTTP/1.1" 200 26 "https://w4.junglejuicewebtoon.com/wp-content/plugins/wp-automatic/inc/csv.php" "Mozilla/5.0 (X11; Ubuntu; Linux x86_64) AppleWebKit/537.36 (KHTML, like Gecko) Chrome/56.0.2950.7 Safari/537.36"
194.87.252.147 - - [08/Jun/2025:13:36:06 -0400] "POST /wp-content/plugins/wp-automatic/inc/csv.php HTTP/1.1" 200 26 "https://w4.junglejuicewebtoon.com/wp-content/plugins/wp-automatic/inc/csv.php" "Mozilla/5.0 (X11; Ubuntu; Linux x86_64) AppleWebKit/537.36 (KHTML, like Gecko) Chrome/56.0.2950.7 Safari/537.36"
162.0.232.193 - - [08/Jun/2025:13:36:06 -0400] "GET /wp-content/uploads/36f5b53d6c6d3d6b1e9dd0027baac2ed_1435.xml HTTP/1.1" 200 1150 "-" "Mozilla/5.0 (X11; Linux x86_64) AppleWebKit/537.36 (KHTML, like Gecko) Ubuntu Chromium/41.0.2272.76"
194.87.252.147 - - [08/Jun/2025:13:36:06 -0400] "POST /wp-content/plugins/wp-automatic/inc/csv.php HTTP/1.1" 200 26 "https://w4.junglejuicewebtoon.com/wp-content/plugins/wp-automatic/inc/csv.php" "Mozilla/5.0 (X11; Ubuntu; Linux x86_64) AppleWebKit/537.36 (KHTML, like Gecko) Chrome/56.0.2950.7 Safari/537.36"
194.87.252.147 - - [08/Jun/2025:13:36:07 -0400] "POST /wp-content/plugins/wp-automatic/inc/csv.php HTTP/1.1" 200 26 "https://w4.junglejuicewebtoon.com/wp-content/plugins/wp-automatic/inc/csv.php" "Mozilla/5.0 (X11; Ubuntu; Linux x86_64) AppleWebKit/537.36 (KHTML, like Gecko) Chrome/56.0.2950.7 Safari/537.36"
194.87.252.147 - - [08/Jun/2025:13:36:08 -0400] "POST /wp-content/plugins/wp-automatic/inc/csv.php945545372186.php HTTP/1.1" 403 1242 "https://w4.junglejuicewebtoon.com/wp-content/plugins/wp-automatic/inc/csv.php" "Mozilla/5.0 (X11; Ubuntu; Linux x86_64) AppleWebKit/537.36 (KHTML, like Gecko) Chrome/56.0.2950.7 Safari/537.36"
194.87.252.147 - - [08/Jun/2025:13:36:09 -0400] "POST /wp-content/plugins/wp-automatic/inc/csv.php945545372186.php HTTP/1.1" 301 0 "https://w4.junglejuicewebtoon.com/wp-content/plugins/wp-automatic/inc/csv.php945545372186.php" "Mozilla/5.0 (X11; Ubuntu; Linux x86_64) AppleWebKit/537.36 (KHTML, like Gecko) Chrome/56.0.2950.7 Safari/537.36"
194.87.252.147 - - [08/Jun/2025:13:36:10 -0400] "GET / HTTP/1.1" 200 10328 "https://w4.junglejuicewebtoon.com/wp-content/plugins/wp-automatic/inc/csv.php945545372186.php" "Mozilla/5.0 (X11; Ubuntu; Linux x86_64) AppleWebKit/537.36 (KHTML, like Gecko) Chrome/56.0.2950.7 Safari/537.36"
194.87.252.147 - - [08/Jun/2025:13:36:11 -0400] "POST /wp-content/plugins/wp-automatic/inc/csv.php945545372186.php HTTP/1.1" 301 0 "https://w4.junglejuicewebtoon.com/" "Mozilla/5.0 (X11; Ubuntu; Linux x86_64) AppleWebKit/537.36 (KHTML, like Gecko) Chrome/56.0.2950.7 Safari/537.36"
194.87.252.147 - - [08/Jun/2025:13:36:11 -0400] "GET / HTTP/1.1" 200 10328 "https://w4.junglejuicewebtoon.com/" "Mozilla/5.0 (X11; Ubuntu; Linux x86_64) AppleWebKit/537.36 (KHTML, like Gecko) Chrome/56.0.2950.7 Safari/537.36"
194.87.252.147 - - [08/Jun/2025:13:36:12 -0400] "POST /wp-content/plugins/wp-automatic/inc/csv.php945545372186.php HTTP/1.1" 301 0 "https://w4.junglejuicewebtoon.com/" "Mozilla/5.0 (X11; Ubuntu; Linux x86_64) AppleWebKit/537.36 (KHTML, like Gecko) Chrome/56.0.2950.7 Safari/537.36"
194.87.252.147 - - [08/Jun/2025:13:36:13 -0400] "GET / HTTP/1.1" 200 10328 "https://w4.junglejuicewebtoon.com/" "Mozilla/5.0 (X11; Ubuntu; Linux x86_64) AppleWebKit/537.36 (KHTML, like Gecko) Chrome/56.0.2950.7 Safari/537.36"
194.87.252.147 - - [08/Jun/2025:13:36:13 -0400] "POST /wp-content/plugins/wp-automatic/inc/csv.php945545372186.php HTTP/1.1" 301 0 "https://w4.junglejuicewebtoon.com/" "Mozilla/5.0 (X11; Ubuntu; Linux x86_64) AppleWebKit/537.36 (KHTML, like Gecko) Chrome/56.0.2950.7 Safari/537.36"
194.87.252.147 - - [08/Jun/2025:13:36:14 -0400] "GET / HTTP/1.1" 200 10328 "https://w4.junglejuicewebtoon.com/" "Mozilla/5.0 (X11; Ubuntu; Linux x86_64) AppleWebKit/537.36 (KHTML, like Gecko) Chrome/56.0.2950.7 Safari/537.36"
194.87.252.147 - - [08/Jun/2025:13:36:14 -0400] "GET /wp-login.php HTTP/1.1" 200 1851 "https://w4.junglejuicewebtoon.com/" "Mozilla/5.0 (X11; Ubuntu; Linux x86_64) AppleWebKit/537.36 (KHTML, like Gecko) Chrome/56.0.2950.7 Safari/537.36"
194.87.252.147 - - [08/Jun/2025:13:36:15 -0400] "POST /wp-login.php HTTP/1.1" 200 2011 "https://w4.junglejuicewebtoon.com/wp-login.php" "Mozilla/5.0 (X11; Ubuntu; Linux x86_64) AppleWebKit/537.36 (KHTML, like Gecko) Chrome/56.0.2950.7 Safari/537.36"
194.87.252.147 - - [08/Jun/2025:13:36:16 -0400] "GET /wp-admin/plugins.php HTTP/1.1" 302 0 "https://w4.junglejuicewebtoon.com/wp-login.php" "Mozilla/5.0 (X11; Ubuntu; Linux x86_64) AppleWebKit/537.36 (KHTML, like Gecko) Chrome/56.0.2950.7 Safari/537.36"
194.87.252.147 - - [08/Jun/2025:13:36:16 -0400] "GET /wp-login.php?redirect_to=https%3A%2F%2Fw4.junglejuicewebtoon.com%2Fwp-admin%2Fplugins.php&reauth=1 HTTP/1.1" 200 1857 "https://w4.junglejuicewebtoon.com/wp-login.php" "Mozilla/5.0 (X11; Ubuntu; Linux x86_64) AppleWebKit/537.36 (KHTML, like Gecko) Chrome/56.0.2950.7 Safari/537.36"
162.0.232.193 - - [08/Jun/2025:13:42:15 -0400] "POST /wp-cron.php?doing_wp_cron=1749404535.5825951099395751953125 HTTP/1.1" 200 0 "-" "WordPress/6.7.2; https://w4.junglejuicewebtoon.com"
162.0.232.193 - - [08/Jun/2025:13:42:17 -0400] "POST /wp-admin/admin-ajax.php?action=async_litespeed&nonce=EeYgrOZJaEjiArDox8KQ5Su0YIxoL6Sa&litespeed_type=imgoptm HTTP/1.1" 200 5 "-" "WordPress/6.7.2; https://w4.junglejuicewebtoon.com"
162.0.232.193 - - [08/Jun/2025:13:42:20 -0400] "GET /wp-content/uploads/36f5b53d6c6d3d6b1e9dd0027baac2ed_1435.xml HTTP/1.1" 200 1150 "-" "Mozilla/5.0 (X11; Linux x86_64) AppleWebKit/537.36 (KHTML, like Gecko) Ubuntu Chromium/41.0.2272.76"
114.119.133.125 - - [08/Jun/2025:13:42:31 -0400] "GET /manga1/jungle-juice-chapter-80/ HTTP/1.1" 200 10379 "http://junglejuicewebtoon.com/" "Mozilla/5.0 (Linux; Android 7.0;) AppleWebKit/537.36 (KHTML, like Gecko) Mobile Safari/537.36 (compatible; PetalBot;+https://webmaster.petalsearch.com/site/petalbot)"
162.0.232.193 - - [08/Jun/2025:13:44:40 -0400] "POST /wp-cron.php?doing_wp_cron=1749404680.0651929378509521484375 HTTP/1.1" 200 0 "-" "WordPress/6.7.2; https://w4.junglejuicewebtoon.com"
43.135.144.126 - - [08/Jun/2025:13:44:38 -0400] "GET /manga1/jungle-juice-chapter-56-2/ HTTP/1.1" 200 10798 "-" "Mozilla/5.0 (iPhone; CPU iPhone OS 13_2_3 like Mac OS X) AppleWebKit/605.1.15 (KHTML, like Gecko) Version/13.0.3 Mobile/15E148 Safari/604.1"
162.0.232.193 - - [08/Jun/2025:13:44:40 -0400] "POST /wp-admin/admin-ajax.php?action=async_litespeed&nonce=JtSpozmI69SexiO5pWKtWG5ClNk3UvkD&litespeed_type=imgoptm HTTP/1.1" 200 5 "-" "WordPress/6.7.2; https://w4.junglejuicewebtoon.com"
162.0.232.193 - - [08/Jun/2025:13:44:43 -0400] "GET /wp-content/uploads/36f5b53d6c6d3d6b1e9dd0027baac2ed_1435.xml HTTP/1.1" 200 1150 "-" "Mozilla/5.0 (X11; Linux x86_64) AppleWebKit/537.36 (KHTML, like Gecko) Ubuntu Chromium/41.0.2272.76"
162.0.232.193 - - [08/Jun/2025:13:46:46 -0400] "POST /wp-cron.php?doing_wp_cron=1749404805.9332470893859863281250 HTTP/1.1" 200 0 "-" "WordPress/6.7.2; https://w4.junglejuicewebtoon.com"
159.198.79.246 - - [08/Jun/2025:13:46:44 -0400] "POST /xmlrpc.php HTTP/1.1" 200 205 "-" "Mozilla/5.0 (X11; Ubuntu; Linux x86_64; rv:85.0) Gecko/20100101 Firefox/91.0"
162.0.232.193 - - [08/Jun/2025:13:46:47 -0400] "POST /wp-admin/admin-ajax.php?action=async_litespeed&nonce=gokZNa6Zv4MAabUZTSXhzJBM45CgmkIa&litespeed_type=imgoptm HTTP/1.1" 200 0 "-" "WordPress/6.7.2; https://w4.junglejuicewebtoon.com"
162.0.232.193 - - [08/Jun/2025:13:46:50 -0400] "GET /wp-content/uploads/36f5b53d6c6d3d6b1e9dd0027baac2ed_1435.xml HTTP/1.1" 200 1150 "-" "Mozilla/5.0 (X11; Linux x86_64) AppleWebKit/537.36 (KHTML, like Gecko) Ubuntu Chromium/41.0.2272.76"
162.0.232.193 - - [08/Jun/2025:13:47:47 -0400] "POST /wp-cron.php?doing_wp_cron=1749404867.4939980506896972656250 HTTP/1.1" 200 0 "-" "WordPress/6.7.2; https://w4.junglejuicewebtoon.com"
162.0.232.193 - - [08/Jun/2025:13:47:47 -0400] "POST /wp-admin/admin-ajax.php?action=async_litespeed&nonce=cG5AiY6dphKYkXaxAVAHvVHCUn3OBoZm&litespeed_type=imgoptm HTTP/1.1" 200 5 "-" "WordPress/6.7.2; https://w4.junglejuicewebtoon.com"
162.0.232.193 - - [08/Jun/2025:13:49:17 -0400] "POST /wp-cron.php?doing_wp_cron=1749404957.7735660076141357421875 HTTP/1.1" 200 0 "-" "WordPress/6.7.2; https://w4.junglejuicewebtoon.com"
162.0.232.193 - - [08/Jun/2025:13:49:22 -0400] "GET /wp-content/uploads/36f5b53d6c6d3d6b1e9dd0027baac2ed_1435.xml HTTP/1.1" 200 1028 "-" "Mozilla/5.0 (X11; Linux x86_64) AppleWebKit/537.36 (KHTML, like Gecko) Ubuntu Chromium/41.0.2272.76"
162.0.232.193 - - [08/Jun/2025:13:53:10 -0400] "POST /wp-cron.php?doing_wp_cron=1749405190.2567000389099121093750 HTTP/1.1" 200 0 "-" "WordPress/6.7.2; https://w4.junglejuicewebtoon.com"
43.167.245.18 - - [08/Jun/2025:13:53:06 -0400] "GET /manga1/jungle-juice-chapter-124-2/embed/ HTTP/1.1" 200 6297 "-" "Mozilla/5.0 (iPhone; CPU iPhone OS 13_2_3 like Mac OS X) AppleWebKit/605.1.15 (KHTML, like Gecko) Version/13.0.3 Mobile/15E148 Safari/604.1"
162.0.232.193 - - [08/Jun/2025:13:53:11 -0400] "POST /wp-admin/admin-ajax.php?action=async_litespeed&nonce=wqdVWNyRRW7LOyKJit012cX2hxmhe5OR&litespeed_type=imgoptm HTTP/1.1" 200 0 "-" "WordPress/6.7.2; https://w4.junglejuicewebtoon.com"
162.0.232.193 - - [08/Jun/2025:13:53:14 -0400] "GET /wp-content/uploads/36f5b53d6c6d3d6b1e9dd0027baac2ed_1435.xml HTTP/1.1" 200 1150 "-" "Mozilla/5.0 (X11; Linux x86_64) AppleWebKit/537.36 (KHTML, like Gecko) Ubuntu Chromium/41.0.2272.76"
66.249.79.224 - - [08/Jun/2025:13:53:20 -0400] "GET /manga1/jungle-juice-chapter-126-2/ HTTP/1.1" 200 10535 "-" "Mozilla/5.0 (Linux; Android 6.0.1; Nexus 5X Build/MMB29P) AppleWebKit/537.36 (KHTML, like Gecko) Chrome/136.0.7103.113 Mobile Safari/537.36 (compatible; Googlebot/2.1; +http://www.google.com/bot.html)"
162.0.232.193 - - [08/Jun/2025:13:55:24 -0400] "POST /wp-cron.php?doing_wp_cron=1749405323.8215119838714599609375 HTTP/1.1" 200 0 "-" "WordPress/6.7.2; https://w4.junglejuicewebtoon.com"
162.0.232.193 - - [08/Jun/2025:13:55:28 -0400] "GET /wp-content/uploads/36f5b53d6c6d3d6b1e9dd0027baac2ed_1435.xml HTTP/1.1" 200 1150 "-" "Mozilla/5.0 (X11; Linux x86_64) AppleWebKit/537.36 (KHTML, like Gecko) Ubuntu Chromium/41.0.2272.76"
162.0.232.193 - - [08/Jun/2025:13:57:20 -0400] "POST /wp-cron.php?doing_wp_cron=1749405440.0120151042938232421875 HTTP/1.1" 200 0 "-" "WordPress/6.7.2; https://w4.junglejuicewebtoon.com"
100.29.128.75 - - [08/Jun/2025:13:57:18 -0400] "GET /category/jungle-juice-webtoon/page/23/ HTTP/1.1" 200 11221 "-" "Mozilla/5.0 AppleWebKit/537.36 (KHTML, like Gecko; compatible; Amazonbot/0.1; +https://developer.amazon.com/support/amazonbot) Chrome/119.0.6045.214 Safari/537.36"
162.0.232.193 - - [08/Jun/2025:13:57:20 -0400] "POST /wp-admin/admin-ajax.php?action=async_litespeed&nonce=iLMZgSzunpywmxICvcCSKoIPKKywOYRj&litespeed_type=imgoptm HTTP/1.1" 200 5 "-" "WordPress/6.7.2; https://w4.junglejuicewebtoon.com"
162.0.232.193 - - [08/Jun/2025:13:57:23 -0400] "GET /wp-content/uploads/36f5b53d6c6d3d6b1e9dd0027baac2ed_1435.xml HTTP/1.1" 200 1028 "-" "Mozilla/5.0 (X11; Linux x86_64) AppleWebKit/537.36 (KHTML, like Gecko) Ubuntu Chromium/41.0.2272.76"
114.119.155.13 - - [08/Jun/2025:13:57:28 -0400] "GET /category/jungle-juice-manhwa/page/19/ HTTP/1.1" 200 11468 "https://w4.junglejuicewebtoon.com/category/jungle-juice-manhwa/page/18/" "Mozilla/5.0 (Linux; Android 7.0;) AppleWebKit/537.36 (KHTML, like Gecko) Mobile Safari/537.36 (compatible; PetalBot;+https://webmaster.petalsearch.com/site/petalbot)"
162.0.232.193 - - [08/Jun/2025:14:01:23 -0400] "POST /wp-cron.php?doing_wp_cron=1749405683.4538600444793701171875 HTTP/1.1" 200 0 "-" "WordPress/6.7.2; https://w4.junglejuicewebtoon.com"
167.71.222.191 - - [08/Jun/2025:14:01:21 -0400] "POST /xmlrpc.php HTTP/1.1" 200 205 "-" "Mozilla/5.0 (X11; Ubuntu; Linux x86_64; rv:85.0) Gecko/20100101 Firefox/91.0"
162.0.232.193 - - [08/Jun/2025:14:01:24 -0400] "POST /wp-admin/admin-ajax.php?action=async_litespeed&nonce=VzcX4EMqNmvt3md6OVkqpjdij4ZLZNUP&litespeed_type=imgoptm HTTP/1.1" 200 5 "-" "WordPress/6.7.2; https://w4.junglejuicewebtoon.com"
162.0.232.193 - - [08/Jun/2025:14:01:26 -0400] "GET /wp-content/uploads/36f5b53d6c6d3d6b1e9dd0027baac2ed_1435.xml HTTP/1.1" 200 1150 "-" "Mozilla/5.0 (X11; Linux x86_64) AppleWebKit/537.36 (KHTML, like Gecko) Ubuntu Chromium/41.0.2272.76"
162.0.232.193 - - [08/Jun/2025:14:05:47 -0400] "POST /wp-cron.php?doing_wp_cron=1749405947.3220479488372802734375 HTTP/1.1" 200 0 "-" "WordPress/6.7.2; https://w4.junglejuicewebtoon.com"
43.166.253.94 - - [08/Jun/2025:14:05:45 -0400] "GET /manga1/jungle-juice-chapter-140/ HTTP/1.1" 200 11902 "-" "Mozilla/5.0 (iPhone; CPU iPhone OS 13_2_3 like Mac OS X) AppleWebKit/605.1.15 (KHTML, like Gecko) Version/13.0.3 Mobile/15E148 Safari/604.1"
162.0.232.193 - - [08/Jun/2025:14:05:47 -0400] "POST /wp-admin/admin-ajax.php?action=async_litespeed&nonce=4KEzcuDkYj8rNrzIsaL0ap8BjJkqAzvz&litespeed_type=imgoptm HTTP/1.1" 200 5 "-" "WordPress/6.7.2; https://w4.junglejuicewebtoon.com"
162.0.232.193 - - [08/Jun/2025:14:05:49 -0400] "GET /wp-content/uploads/36f5b53d6c6d3d6b1e9dd0027baac2ed_1435.xml HTTP/1.1" 200 1150 "-" "Mozilla/5.0 (X11; Linux x86_64) AppleWebKit/537.36 (KHTML, like Gecko) Ubuntu Chromium/41.0.2272.76"
162.0.232.193 - - [08/Jun/2025:14:07:53 -0400] "POST /wp-cron.php?doing_wp_cron=1749406073.8391969203948974609375 HTTP/1.1" 200 0 "-" "WordPress/6.7.2; https://w4.junglejuicewebtoon.com"
66.249.79.236 - - [08/Jun/2025:14:07:51 -0400] "POST /wp-admin/admin-ajax.php HTTP/1.1" 200 69 "https://w4.junglejuicewebtoon.com/manga1/jungle-juice-chapter-68-2/" "Mozilla/5.0 (Linux; Android 6.0.1; Nexus 5X Build/MMB29P) AppleWebKit/537.36 (KHTML, like Gecko) Chrome/136.0.7103.92 Mobile Safari/537.36 (compatible; Googlebot/2.1; +http://www.google.com/bot.html)"
162.0.232.193 - - [08/Jun/2025:14:07:55 -0400] "GET /wp-content/uploads/36f5b53d6c6d3d6b1e9dd0027baac2ed_1435.xml HTTP/1.1" 200 1150 "-" "Mozilla/5.0 (X11; Linux x86_64) AppleWebKit/537.36 (KHTML, like Gecko) Ubuntu Chromium/41.0.2272.76"
114.119.137.38 - - [08/Jun/2025:14:08:42 -0400] "GET /category/manga/page/4/ HTTP/1.1" 200 11853 "https://w4.junglejuicewebtoon.com/category/manga/page/3/" "Mozilla/5.0 (Linux; Android 7.0;) AppleWebKit/537.36 (KHTML, like Gecko) Mobile Safari/537.36 (compatible; PetalBot;+https://webmaster.petalsearch.com/site/petalbot)"
162.0.232.193 - - [08/Jun/2025:14:08:55 -0400] "POST /wp-cron.php?doing_wp_cron=1749406135.4124460220336914062500 HTTP/1.1" 200 0 "-" "WordPress/6.7.2; https://w4.junglejuicewebtoon.com"
162.0.232.193 - - [08/Jun/2025:14:08:56 -0400] "POST /wp-admin/admin-ajax.php?action=async_litespeed&nonce=pR0I7fW5qIrCbGc2jhXRBTcU7Cxhgx4f&litespeed_type=imgoptm HTTP/1.1" 200 5 "-" "WordPress/6.7.2; https://w4.junglejuicewebtoon.com"
162.0.232.193 - - [08/Jun/2025:14:13:36 -0400] "POST /wp-cron.php?doing_wp_cron=1749406416.7673270702362060546875 HTTP/1.1" 200 0 "-" "WordPress/6.7.2; https://w4.junglejuicewebtoon.com"
43.159.152.187 - - [08/Jun/2025:14:13:35 -0400] "GET /manga1/jungle-juice-chapter-130/ HTTP/1.1" 200 10882 "-" "Mozilla/5.0 (iPhone; CPU iPhone OS 13_2_3 like Mac OS X) AppleWebKit/605.1.15 (KHTML, like Gecko) Version/13.0.3 Mobile/15E148 Safari/604.1"
162.0.232.193 - - [08/Jun/2025:14:13:38 -0400] "GET /wp-content/uploads/36f5b53d6c6d3d6b1e9dd0027baac2ed_1435.xml HTTP/1.1" 200 1150 "-" "Mozilla/5.0 (X11; Linux x86_64) AppleWebKit/537.36 (KHTML, like Gecko) Ubuntu Chromium/41.0.2272.76"
162.0.232.193 - - [08/Jun/2025:14:14:37 -0400] "POST /wp-cron.php?doing_wp_cron=1749406477.3968288898468017578125 HTTP/1.1" 200 0 "-" "WordPress/6.7.2; https://w4.junglejuicewebtoon.com"
162.0.232.193 - - [08/Jun/2025:14:14:37 -0400] "POST /wp-admin/admin-ajax.php?action=async_litespeed&nonce=lgcaqx84jAwDfMNvRECDiiLFIGNyINhO&litespeed_type=imgoptm HTTP/1.1" 200 5 "-" "WordPress/6.7.2; https://w4.junglejuicewebtoon.com"
162.0.232.193 - - [08/Jun/2025:14:18:35 -0400] "POST /wp-cron.php?doing_wp_cron=1749406715.2439711093902587890625 HTTP/1.1" 200 0 "-" "WordPress/6.7.2; https://w4.junglejuicewebtoon.com"
47.128.21.203 - - [08/Jun/2025:14:18:37 -0400] "GET / HTTP/1.1" 200 10328 "-" "Mozilla/5.0 (Linux; Android 5.0) AppleWebKit/537.36 (KHTML, like Gecko) Mobile Safari/537.36 (compatible; Bytespider; [email protected])"
162.0.232.193 - - [08/Jun/2025:14:18:37 -0400] "POST /wp-admin/admin-ajax.php?action=async_litespeed&nonce=Rwu5wDQ9VYOlDRd9fIMjuY3RLg9RLKii&litespeed_type=imgoptm HTTP/1.1" 200 5 "-" "WordPress/6.7.2; https://w4.junglejuicewebtoon.com"
162.0.232.193 - - [08/Jun/2025:14:18:39 -0400] "GET /wp-content/uploads/36f5b53d6c6d3d6b1e9dd0027baac2ed_1435.xml HTTP/1.1" 200 1150 "-" "Mozilla/5.0 (X11; Linux x86_64) AppleWebKit/537.36 (KHTML, like Gecko) Ubuntu Chromium/41.0.2272.76"
162.0.232.193 - - [08/Jun/2025:14:20:35 -0400] "POST /wp-cron.php?doing_wp_cron=1749406834.9187259674072265625000 HTTP/1.1" 200 0 "-" "WordPress/6.7.2; https://w4.junglejuicewebtoon.com"
162.0.232.193 - - [08/Jun/2025:14:20:37 -0400] "POST /wp-admin/admin-ajax.php?action=async_litespeed&nonce=0puJb0IRWhqfoOecG1xvVtIxgNWwzrwJ&litespeed_type=imgoptm HTTP/1.1" 200 5 "-" "WordPress/6.7.2; https://w4.junglejuicewebtoon.com"
162.0.232.193 - - [08/Jun/2025:14:20:39 -0400] "GET /wp-content/uploads/36f5b53d6c6d3d6b1e9dd0027baac2ed_1435.xml HTTP/1.1" 200 1028 "-" "Mozilla/5.0 (X11; Linux x86_64) AppleWebKit/537.36 (KHTML, like Gecko) Ubuntu Chromium/41.0.2272.76"
162.0.232.193 - - [08/Jun/2025:14:23:28 -0400] "POST /wp-cron.php?doing_wp_cron=1749407008.6260221004486083984375 HTTP/1.1" 200 0 "-" "WordPress/6.7.2; https://w4.junglejuicewebtoon.com"
43.153.10.13 - - [08/Jun/2025:14:23:27 -0400] "GET /wp-json/wp/v2/posts/1844 HTTP/1.1" 200 18811 "-" "Mozilla/5.0 (iPhone; CPU iPhone OS 13_2_3 like Mac OS X) AppleWebKit/605.1.15 (KHTML, like Gecko) Version/13.0.3 Mobile/15E148 Safari/604.1"
162.0.232.193 - - [08/Jun/2025:14:23:29 -0400] "POST /wp-admin/admin-ajax.php?action=async_litespeed&nonce=OavBLAYSZNuVu4hqFco03Ce30CfefuPG&litespeed_type=imgoptm HTTP/1.1" 200 5 "-" "WordPress/6.7.2; https://w4.junglejuicewebtoon.com"
162.0.232.193 - - [08/Jun/2025:14:23:30 -0400] "GET /wp-content/uploads/36f5b53d6c6d3d6b1e9dd0027baac2ed_1435.xml HTTP/1.1" 200 1150 "-" "Mozilla/5.0 (X11; Linux x86_64) AppleWebKit/537.36 (KHTML, like Gecko) Ubuntu Chromium/41.0.2272.76"
162.0.232.193 - - [08/Jun/2025:14:24:33 -0400] "POST /wp-cron.php?doing_wp_cron=1749407073.0961520671844482421875 HTTP/1.1" 200 0 "-" "WordPress/6.7.2; https://w4.junglejuicewebtoon.com"
162.0.232.193 - - [08/Jun/2025:14:24:33 -0400] "POST /wp-admin/admin-ajax.php?action=async_litespeed&nonce=LKS0wjcPUbw5bdEuMnQzMQqqfZKsMftM&litespeed_type=imgoptm HTTP/1.1" 200 5 "-" "WordPress/6.7.2; https://w4.junglejuicewebtoon.com"
162.0.232.193 - - [08/Jun/2025:14:25:04 -0400] "POST /wp-cron.php?doing_wp_cron=1749407104.7714540958404541015625 HTTP/1.1" 200 0 "-" "WordPress/6.7.2; https://w4.junglejuicewebtoon.com"
162.0.232.193 - - [08/Jun/2025:14:25:05 -0400] "POST /wp-admin/admin-ajax.php?action=async_litespeed&nonce=Q6CXCUcojuDPPmYSY8dm32ssN2U3r4Cv&litespeed_type=imgoptm HTTP/1.1" 200 5 "-" "WordPress/6.7.2; https://w4.junglejuicewebtoon.com"
140.143.98.18 - - [08/Jun/2025:14:25:06 -0400] "GET / HTTP/1.1" 200 10328 "https://w3.junglejuicewebtoon.com/" "Mozilla/5.0 (iPhone; CPU iPhone OS 13_2_3 like Mac OS X) AppleWebKit/605.1.15 (KHTML, like Gecko) Version/13.0.3 Mobile/15E148 Safari/604.1"
162.0.232.193 - - [08/Jun/2025:14:26:36 -0400] "POST /wp-cron.php?doing_wp_cron=1749407195.9784739017486572265625 HTTP/1.1" 200 0 "-" "WordPress/6.7.2; https://w4.junglejuicewebtoon.com"
47.128.125.27 - - [08/Jun/2025:14:26:37 -0400] "GET / HTTP/1.1" 200 10328 "-" "Mozilla/5.0 (Linux; Android 5.0) AppleWebKit/537.36 (KHTML, like Gecko) Mobile Safari/537.36 (compatible; Bytespider; [email protected])"
162.0.232.193 - - [08/Jun/2025:14:26:39 -0400] "GET /wp-content/uploads/36f5b53d6c6d3d6b1e9dd0027baac2ed_1435.xml HTTP/1.1" 200 1150 "-" "Mozilla/5.0 (X11; Linux x86_64) AppleWebKit/537.36 (KHTML, like Gecko) Ubuntu Chromium/41.0.2272.76"
162.0.232.193 - - [08/Jun/2025:14:28:02 -0400] "POST /wp-cron.php?doing_wp_cron=1749407282.4537799358367919921875 HTTP/1.1" 200 0 "-" "WordPress/6.7.2; https://w4.junglejuicewebtoon.com"
15.204.46.122 - - [08/Jun/2025:14:28:02 -0400] "GET / HTTP/1.1" 200 10328 "-" "Mozilla/5.0 (Windows NT 10.0; Win64; x64) AppleWebKit/537.36 (KHTML, like Gecko) Chrome/114.0.0.0 Safari/537.36"
162.0.232.193 - - [08/Jun/2025:14:28:04 -0400] "POST /wp-admin/admin-ajax.php?action=async_litespeed&nonce=IN3WxmsU0wkpoOQjLAJpojiEUAtfP6jH&litespeed_type=imgoptm HTTP/1.1" 200 5 "-" "WordPress/6.7.2; https://w4.junglejuicewebtoon.com"
162.0.232.193 - - [08/Jun/2025:14:29:31 -0400] "POST /wp-cron.php?doing_wp_cron=1749407371.0953240394592285156250 HTTP/1.1" 200 0 "-" "WordPress/6.7.2; https://w4.junglejuicewebtoon.com"
162.0.232.193 - - [08/Jun/2025:14:29:34 -0400] "GET /wp-content/uploads/36f5b53d6c6d3d6b1e9dd0027baac2ed_1435.xml HTTP/1.1" 200 1150 "-" "Mozilla/5.0 (X11; Linux x86_64) AppleWebKit/537.36 (KHTML, like Gecko) Ubuntu Chromium/41.0.2272.76"
196.251.86.200 - - [08/Jun/2025:14:30:15 -0400] "GET / HTTP/1.1" 200 10328 "-" "-"
162.0.232.193 - - [08/Jun/2025:14:30:17 -0400] "POST /wp-cron.php?doing_wp_cron=1749407416.7854540348052978515625 HTTP/1.1" 200 0 "-" "WordPress/6.7.2; https://w4.junglejuicewebtoon.com"
196.251.86.200 - - [08/Jun/2025:14:30:16 -0400] "GET /wp-admin/install.php HTTP/1.1" 200 447 "-" "-"
196.251.86.200 - - [08/Jun/2025:14:30:17 -0400] "GET /wp-admin/setup-config.php HTTP/1.1" 409 1041 "-" "-"
162.0.232.193 - - [08/Jun/2025:14:31:33 -0400] "POST /wp-cron.php?doing_wp_cron=1749407493.6127469539642333984375 HTTP/1.1" 200 0 "-" "WordPress/6.7.2; https://w4.junglejuicewebtoon.com"
162.0.232.193 - - [08/Jun/2025:14:31:34 -0400] "POST /wp-admin/admin-ajax.php?action=async_litespeed&nonce=aLdQQykGcDGwgHy6iIrGkrWu8h28R0Dv&litespeed_type=imgoptm HTTP/1.1" 200 5 "-" "WordPress/6.7.2; https://w4.junglejuicewebtoon.com"
162.0.232.193 - - [08/Jun/2025:14:31:36 -0400] "GET /wp-content/uploads/36f5b53d6c6d3d6b1e9dd0027baac2ed_1435.xml HTTP/1.1" 200 1150 "-" "Mozilla/5.0 (X11; Linux x86_64) AppleWebKit/537.36 (KHTML, like Gecko) Ubuntu Chromium/41.0.2272.76"
162.0.232.193 - - [08/Jun/2025:14:33:42 -0400] "POST /wp-cron.php?doing_wp_cron=1749407621.8890879154205322265625 HTTP/1.1" 200 0 "-" "WordPress/6.7.2; https://w4.junglejuicewebtoon.com"
162.0.232.193 - - [08/Jun/2025:14:33:43 -0400] "POST /wp-admin/admin-ajax.php?action=async_litespeed&nonce=1p1p4z0MUy7YJkyd6RIwxp4bMTfFmVSi&litespeed_type=imgoptm HTTP/1.1" 200 5 "-" "WordPress/6.7.2; https://w4.junglejuicewebtoon.com"
162.0.232.193 - - [08/Jun/2025:14:33:46 -0400] "GET /wp-content/uploads/36f5b53d6c6d3d6b1e9dd0027baac2ed_1435.xml HTTP/1.1" 200 1028 "-" "Mozilla/5.0 (X11; Linux x86_64) AppleWebKit/537.36 (KHTML, like Gecko) Ubuntu Chromium/41.0.2272.76"
162.62.132.25 - - [08/Jun/2025:14:33:58 -0400] "GET /wp-json/oembed/1.0/embed?url=https%3A%2F%2Fw4.junglejuicewebtoon.com%2Fmanga1%2Fjungle-juice-chapter-58-2%2F HTTP/1.1" 200 2539 "-" "Mozilla/5.0 (iPhone; CPU iPhone OS 13_2_3 like Mac OS X) AppleWebKit/605.1.15 (KHTML, like Gecko) Version/13.0.3 Mobile/15E148 Safari/604.1"
34.134.237.141 - - [08/Jun/2025:14:34:03 -0400] "GET / HTTP/1.1" 200 10328 "https://w3.junglejuicewebtoon.com/" "Mozilla/5.0 (compatible; CMS-Checker/1.0; +https://example.com)"
162.0.232.193 - - [08/Jun/2025:14:35:29 -0400] "POST /wp-cron.php?doing_wp_cron=1749407729.7487580776214599609375 HTTP/1.1" 200 0 "-" "WordPress/6.7.2; https://w4.junglejuicewebtoon.com"
185.247.137.65 - - [08/Jun/2025:14:35:30 -0400] "GET / HTTP/1.1" 200 10328 "https://www.junglejuicewebtoon.com/" "Mozilla/5.0 (compatible; InternetMeasurement/1.0; +https://internet-measurement.com/)"
185.247.137.183 - - [08/Jun/2025:14:35:31 -0400] "GET /favicon.ico HTTP/1.1" 302 0 "-" "Mozilla/5.0 (compatible; InternetMeasurement/1.0; +https://internet-measurement.com/)"
162.0.232.193 - - [08/Jun/2025:14:35:33 -0400] "GET /wp-content/uploads/36f5b53d6c6d3d6b1e9dd0027baac2ed_1435.xml HTTP/1.1" 200 1150 "-" "Mozilla/5.0 (X11; Linux x86_64) AppleWebKit/537.36 (KHTML, like Gecko) Ubuntu Chromium/41.0.2272.76"
216.73.216.101 - - [08/Jun/2025:14:36:11 -0400] "GET /robots.txt HTTP/1.1" 304 0 "-" "Mozilla/5.0 AppleWebKit/537.36 (KHTML, like Gecko; compatible; ClaudeBot/1.0; [email protected])"
216.73.216.101 - - [08/Jun/2025:14:36:12 -0400] "GET /category/jungle-juice-manga/page/17 HTTP/1.1" 301 0 "-" "Mozilla/5.0 AppleWebKit/537.36 (KHTML, like Gecko; compatible; ClaudeBot/1.0; [email protected])"
216.73.216.101 - - [08/Jun/2025:14:36:12 -0400] "GET /category/jungle-juice-manga/page/17/ HTTP/1.1" 200 11211 "https://w4.junglejuicewebtoon.com/category/jungle-juice-manga/page/17" "Mozilla/5.0 AppleWebKit/537.36 (KHTML, like Gecko; compatible; ClaudeBot/1.0; [email protected])"
162.0.232.193 - - [08/Jun/2025:14:39:03 -0400] "POST /wp-cron.php?doing_wp_cron=1749407943.5049009323120117187500 HTTP/1.1" 200 0 "-" "WordPress/6.7.2; https://w4.junglejuicewebtoon.com"
216.73.216.101 - - [08/Jun/2025:14:39:01 -0400] "GET /category/jungle-juice-manga/page/13 HTTP/1.1" 301 0 "-" "Mozilla/5.0 AppleWebKit/537.36 (KHTML, like Gecko; compatible; ClaudeBot/1.0; [email protected])"
162.0.232.193 - - [08/Jun/2025:14:39:04 -0400] "POST /wp-admin/admin-ajax.php?action=async_litespeed&nonce=bDz0yI5HmEQAOxdmwQhDvnzfJtQDE5Dp&litespeed_type=imgoptm HTTP/1.1" 200 5 "-" "WordPress/6.7.2; https://w4.junglejuicewebtoon.com"
216.73.216.101 - - [08/Jun/2025:14:39:04 -0400] "GET /category/jungle-juice-manga/page/13/ HTTP/1.1" 200 11274 "https://w4.junglejuicewebtoon.com/category/jungle-juice-manga/page/13" "Mozilla/5.0 AppleWebKit/537.36 (KHTML, like Gecko; compatible; ClaudeBot/1.0; [email protected])"
