216.73.216.101 - - [08/Jun/2025:08:22:36 -0400] "GET /sitemap_index.xml HTTP/1.1" 200 333 "-" "Mozilla/5.0 AppleWebKit/537.36 (KHTML, like Gecko; compatible; ClaudeBot/1.0; [email protected])"
162.0.232.193 - - [08/Jun/2025:08:22:36 -0400] "POST /wp-admin/admin-ajax.php?action=async_litespeed&nonce=DPWrcmkuBqNGP7bJ7QFjwBaIobEsT95a&litespeed_type=imgoptm HTTP/1.1" 200 5 "-" "WordPress/6.7.2; https://w4.junglejuicewebtoon.com"
162.0.232.193 - - [08/Jun/2025:08:25:36 -0400] "POST /wp-cron.php?doing_wp_cron=1749385536.4785430431365966796875 HTTP/1.1" 200 0 "-" "WordPress/6.7.2; https://w4.junglejuicewebtoon.com"
81.88.53.143 - - [08/Jun/2025:08:25:35 -0400] "POST /xmlrpc.php HTTP/1.1" 200 186 "https://w4.junglejuicewebtoon.com" "Mozilla/5.0 (Windows NT 11.0; Win64; x64) AppleWebKit/537.36 (KHTML, like Gecko) Chrome/126.0.0.0 Safari/537.36 Edg/126.0.0.0"
162.0.232.193 - - [08/Jun/2025:08:25:36 -0400] "POST /wp-admin/admin-ajax.php?action=async_litespeed&nonce=7O4I1NCwLjsZW0nW5lesjUgloFhzwhMF&litespeed_type=imgoptm HTTP/1.1" 200 5 "-" "WordPress/6.7.2; https://w4.junglejuicewebtoon.com"
81.88.53.143 - - [08/Jun/2025:08:25:37 -0400] "POST /wp-login.php HTTP/1.1" 200 2009 "https://w4.junglejuicewebtoon.com" "Mozilla/5.0 (Macintosh; Intel Mac OS X 10_15_7; rv:125.0.1) Gecko/20100101 Firefox/125.0.1"
162.0.232.193 - - [08/Jun/2025:08:25:38 -0400] "GET /wp-content/uploads/36f5b53d6c6d3d6b1e9dd0027baac2ed_1435.xml HTTP/1.1" 200 1150 "-" "Mozilla/5.0 (X11; Linux x86_64) AppleWebKit/537.36 (KHTML, like Gecko) Ubuntu Chromium/41.0.2272.76"
198.98.53.81 - - [08/Jun/2025:08:25:43 -0400] "GET /wp-login.php?redirect_to=https%3A%2F%2Fw3.junglejuicewebtoon.com%2Fwp-admin%2Fthemes.php&reauth=1 HTTP/1.1" 200 1858 "-" "python-requests/2.27.1"
198.98.53.81 - - [08/Jun/2025:08:25:43 -0400] "GET /wp-login.php?redirect_to=https%3A%2F%2Fw3.junglejuicewebtoon.com%2Fwp-admin%2Fplugin-install.php%3Ftab%3Dupload&reauth=1 HTTP/1.1" 200 1881 "-" "python-requests/2.27.1"
43.153.54.138 - - [08/Jun/2025:08:31:14 -0400] "GET /manga1/jungle-juice-chapter-33/ HTTP/1.1" 200 10893 "-" "Mozilla/5.0 (iPhone; CPU iPhone OS 13_2_3 like Mac OS X) AppleWebKit/605.1.15 (KHTML, like Gecko) Version/13.0.3 Mobile/15E148 Safari/604.1"
162.0.232.193 - - [08/Jun/2025:08:31:20 -0400] "POST /wp-cron.php?doing_wp_cron=1749385880.1901960372924804687500 HTTP/1.1" 200 0 "-" "WordPress/6.7.2; https://w4.junglejuicewebtoon.com"
194.87.252.147 - - [08/Jun/2025:08:31:21 -0400] "GET / HTTP/1.1" 200 10328 "-" "Mozilla/5.0 (Macintosh; Intel Mac OS X 10.12; rv:51.0) Gecko/20100101 Firefox/51.0"
194.87.252.147 - - [08/Jun/2025:08:31:22 -0400] "POST /wp-content/plugins/wp-automatic/inc/csv.php HTTP/1.1" 403 1242 "https://w4.junglejuicewebtoon.com/" "Mozilla/5.0 (Macintosh; Intel Mac OS X 10.12; rv:51.0) Gecko/20100101 Firefox/51.0"
162.0.232.193 - - [08/Jun/2025:08:31:22 -0400] "POST /wp-admin/admin-ajax.php?action=async_litespeed&nonce=GONk8lzUROPUzeBM12c5zBmIebj4X76N&litespeed_type=imgoptm HTTP/1.1" 200 5 "-" "WordPress/6.7.2; https://w4.junglejuicewebtoon.com"
194.87.252.147 - - [08/Jun/2025:08:31:23 -0400] "POST /wp-content/plugins/wp-automatic/inc/csv.php HTTP/1.1" 200 26 "https://w4.junglejuicewebtoon.com/wp-content/plugins/wp-automatic/inc/csv.php" "Mozilla/5.0 (Macintosh; Intel Mac OS X 10.12; rv:51.0) Gecko/20100101 Firefox/51.0"
194.87.252.147 - - [08/Jun/2025:08:31:23 -0400] "POST /wp-content/plugins/wp-automatic/inc/csv.php HTTP/1.1" 200 26 "https://w4.junglejuicewebtoon.com/wp-content/plugins/wp-automatic/inc/csv.php" "Mozilla/5.0 (Macintosh; Intel Mac OS X 10.12; rv:51.0) Gecko/20100101 Firefox/51.0"
162.0.232.193 - - [08/Jun/2025:08:31:24 -0400] "GET /wp-content/uploads/36f5b53d6c6d3d6b1e9dd0027baac2ed_1435.xml HTTP/1.1" 200 1150 "-" "Mozilla/5.0 (X11; Linux x86_64) AppleWebKit/537.36 (KHTML, like Gecko) Ubuntu Chromium/41.0.2272.76"
194.87.252.147 - - [08/Jun/2025:08:31:24 -0400] "POST /wp-content/plugins/wp-automatic/inc/csv.php HTTP/1.1" 200 52 "https://w4.junglejuicewebtoon.com/wp-content/plugins/wp-automatic/inc/csv.php" "Mozilla/5.0 (Macintosh; Intel Mac OS X 10.12; rv:51.0) Gecko/20100101 Firefox/51.0"
194.87.252.147 - - [08/Jun/2025:08:31:25 -0400] "POST /wp-content/plugins/wp-automatic/inc/csv.php HTTP/1.1" 200 52 "https://w4.junglejuicewebtoon.com/wp-content/plugins/wp-automatic/inc/csv.php" "Mozilla/5.0 (Macintosh; Intel Mac OS X 10.12; rv:51.0) Gecko/20100101 Firefox/51.0"
194.87.252.147 - - [08/Jun/2025:08:31:25 -0400] "POST /wp-content/plugins/wp-automatic/inc/csv.php945545372186.php HTTP/1.1" 403 1242 "https://w4.junglejuicewebtoon.com/wp-content/plugins/wp-automatic/inc/csv.php" "Mozilla/5.0 (Macintosh; Intel Mac OS X 10.12; rv:51.0) Gecko/20100101 Firefox/51.0"
194.87.252.147 - - [08/Jun/2025:08:31:26 -0400] "POST /wp-content/plugins/wp-automatic/inc/csv.php945545372186.php HTTP/1.1" 301 0 "https://w4.junglejuicewebtoon.com/wp-content/plugins/wp-automatic/inc/csv.php945545372186.php" "Mozilla/5.0 (Macintosh; Intel Mac OS X 10.12; rv:51.0) Gecko/20100101 Firefox/51.0"
194.87.252.147 - - [08/Jun/2025:08:31:26 -0400] "GET / HTTP/1.1" 200 10328 "https://w4.junglejuicewebtoon.com/wp-content/plugins/wp-automatic/inc/csv.php945545372186.php" "Mozilla/5.0 (Macintosh; Intel Mac OS X 10.12; rv:51.0) Gecko/20100101 Firefox/51.0"
194.87.252.147 - - [08/Jun/2025:08:31:27 -0400] "POST /wp-content/plugins/wp-automatic/inc/csv.php945545372186.php HTTP/1.1" 301 0 "https://w4.junglejuicewebtoon.com/" "Mozilla/5.0 (Macintosh; Intel Mac OS X 10.12; rv:51.0) Gecko/20100101 Firefox/51.0"
194.87.252.147 - - [08/Jun/2025:08:31:27 -0400] "GET / HTTP/1.1" 200 10328 "https://w4.junglejuicewebtoon.com/" "Mozilla/5.0 (Macintosh; Intel Mac OS X 10.12; rv:51.0) Gecko/20100101 Firefox/51.0"
194.87.252.147 - - [08/Jun/2025:08:31:28 -0400] "POST /wp-content/plugins/wp-automatic/inc/csv.php945545372186.php HTTP/1.1" 301 0 "https://w4.junglejuicewebtoon.com/" "Mozilla/5.0 (Macintosh; Intel Mac OS X 10.12; rv:51.0) Gecko/20100101 Firefox/51.0"
194.87.252.147 - - [08/Jun/2025:08:31:28 -0400] "GET / HTTP/1.1" 200 10328 "https://w4.junglejuicewebtoon.com/" "Mozilla/5.0 (Macintosh; Intel Mac OS X 10.12; rv:51.0) Gecko/20100101 Firefox/51.0"
194.87.252.147 - - [08/Jun/2025:08:31:29 -0400] "POST /wp-content/plugins/wp-automatic/inc/csv.php945545372186.php HTTP/1.1" 301 0 "https://w4.junglejuicewebtoon.com/" "Mozilla/5.0 (Macintosh; Intel Mac OS X 10.12; rv:51.0) Gecko/20100101 Firefox/51.0"
194.87.252.147 - - [08/Jun/2025:08:31:30 -0400] "GET / HTTP/1.1" 200 10328 "https://w4.junglejuicewebtoon.com/" "Mozilla/5.0 (Macintosh; Intel Mac OS X 10.12; rv:51.0) Gecko/20100101 Firefox/51.0"
194.87.252.147 - - [08/Jun/2025:08:31:30 -0400] "GET /wp-login.php HTTP/1.1" 200 1851 "https://w4.junglejuicewebtoon.com/" "Mozilla/5.0 (Macintosh; Intel Mac OS X 10.12; rv:51.0) Gecko/20100101 Firefox/51.0"
194.87.252.147 - - [08/Jun/2025:08:31:31 -0400] "POST /wp-login.php HTTP/1.1" 200 2012 "https://w4.junglejuicewebtoon.com/wp-login.php" "Mozilla/5.0 (Macintosh; Intel Mac OS X 10.12; rv:51.0) Gecko/20100101 Firefox/51.0"
194.87.252.147 - - [08/Jun/2025:08:31:32 -0400] "GET /wp-admin/plugins.php HTTP/1.1" 302 0 "https://w4.junglejuicewebtoon.com/wp-login.php" "Mozilla/5.0 (Macintosh; Intel Mac OS X 10.12; rv:51.0) Gecko/20100101 Firefox/51.0"
194.87.252.147 - - [08/Jun/2025:08:31:32 -0400] "GET /wp-login.php?redirect_to=https%3A%2F%2Fw4.junglejuicewebtoon.com%2Fwp-admin%2Fplugins.php&reauth=1 HTTP/1.1" 200 1857 "https://w4.junglejuicewebtoon.com/wp-login.php" "Mozilla/5.0 (Macintosh; Intel Mac OS X 10.12; rv:51.0) Gecko/20100101 Firefox/51.0"
162.0.232.193 - - [08/Jun/2025:08:32:36 -0400] "POST /wp-cron.php?doing_wp_cron=1749385956.2574779987335205078125 HTTP/1.1" 200 0 "-" "WordPress/6.7.2; https://w4.junglejuicewebtoon.com"
162.0.232.193 - - [08/Jun/2025:08:32:36 -0400] "POST /wp-admin/admin-ajax.php?action=async_litespeed&nonce=PRznqrYGzsXxlHdSjw1bPba3857GX210&litespeed_type=imgoptm HTTP/1.1" 200 5 "-" "WordPress/6.7.2; https://w4.junglejuicewebtoon.com"
162.0.232.193 - - [08/Jun/2025:08:32:43 -0400] "POST /wp-cron.php?doing_wp_cron=1749385963.1946220397949218750000 HTTP/1.1" 200 0 "-" "WordPress/6.7.2; https://w4.junglejuicewebtoon.com"
162.0.232.193 - - [08/Jun/2025:08:32:43 -0400] "POST /wp-admin/admin-ajax.php?action=async_litespeed&nonce=QdmOZWt71PQDr5Jx22FEn2c1tqmwCseY&litespeed_type=imgoptm HTTP/1.1" 200 5 "-" "WordPress/6.7.2; https://w4.junglejuicewebtoon.com"
162.0.232.193 - - [08/Jun/2025:08:33:14 -0400] "POST /wp-cron.php?doing_wp_cron=1749385994.3130509853363037109375 HTTP/1.1" 200 0 "-" "WordPress/6.7.2; https://w4.junglejuicewebtoon.com"
162.0.232.193 - - [08/Jun/2025:08:33:16 -0400] "GET /wp-content/uploads/36f5b53d6c6d3d6b1e9dd0027baac2ed_1435.xml HTTP/1.1" 200 1150 "-" "Mozilla/5.0 (X11; Linux x86_64) AppleWebKit/537.36 (KHTML, like Gecko) Ubuntu Chromium/41.0.2272.76"
52.169.53.20 - - [08/Jun/2025:08:33:39 -0400] "GET /wp-login.php?redirect_to=https%3A%2F%2Fw3.junglejuicewebtoon.com%2Fwp-admin%2Fusers.php&reauth=1 HTTP/1.1" 200 1859 "-" "-"
162.0.232.193 - - [08/Jun/2025:08:33:42 -0400] "POST /wp-cron.php?doing_wp_cron=1749386021.9232459068298339843750 HTTP/1.1" 200 0 "-" "WordPress/6.7.2; https://w4.junglejuicewebtoon.com"
52.169.238.212 - - [08/Jun/2025:08:33:42 -0400] "GET /wp-login.php?action=register HTTP/1.1" 302 0 "-" "-"
52.169.238.212 - - [08/Jun/2025:08:33:43 -0400] "GET /wp-login.php?registration=disabled HTTP/1.1" 200 1922 "-" "-"
52.169.53.20 - - [08/Jun/2025:08:33:48 -0400] "GET /wp-login.php?redirect_to=https%3A%2F%2Fw3.junglejuicewebtoon.com%2Fwp-admin%2Fnetwork%2Findex.php&reauth=1 HTTP/1.1" 200 1863 "-" "-"
52.169.238.212 - - [08/Jun/2025:08:33:49 -0400] "GET /wp-login.php?action=register HTTP/1.1" 302 0 "-" "-"
52.169.238.212 - - [08/Jun/2025:08:33:49 -0400] "GET /wp-login.php?registration=disabled HTTP/1.1" 200 1922 "-" "-"
162.0.232.193 - - [08/Jun/2025:08:34:24 -0400] "POST /wp-cron.php?doing_wp_cron=1749386064.3687000274658203125000 HTTP/1.1" 200 0 "-" "WordPress/6.7.2; https://w4.junglejuicewebtoon.com"
162.0.232.193 - - [08/Jun/2025:08:34:24 -0400] "POST /wp-admin/admin-ajax.php?action=async_litespeed&nonce=UxRXXEhmlLF1VZbIOt8RJtnL4BfIKHzP&litespeed_type=imgoptm HTTP/1.1" 200 5 "-" "WordPress/6.7.2; https://w4.junglejuicewebtoon.com"
162.0.232.193 - - [08/Jun/2025:08:34:27 -0400] "POST /wp-cron.php?doing_wp_cron=1749386067.1117939949035644531250 HTTP/1.1" 200 0 "-" "WordPress/6.7.2; https://w4.junglejuicewebtoon.com"
162.0.232.193 - - [08/Jun/2025:08:34:43 -0400] "POST /wp-cron.php?doing_wp_cron=1749386083.1375379562377929687500 HTTP/1.1" 200 0 "-" "WordPress/6.7.2; https://w4.junglejuicewebtoon.com"
52.169.238.212 - - [08/Jun/2025:08:34:42 -0400] "GET /wp-login.php?redirect_to=https%3A%2F%2Fw3.junglejuicewebtoon.com%2Fwp-admin%2Fusers.php&reauth=1 HTTP/1.1" 200 1859 "-" "-"
162.0.232.193 - - [08/Jun/2025:08:34:43 -0400] "POST /wp-admin/admin-ajax.php?action=async_litespeed&nonce=bxVOItLJplD8XFuKIqFWoEFWnXDUN7Xc&litespeed_type=imgoptm HTTP/1.1" 200 5 "-" "WordPress/6.7.2; https://w4.junglejuicewebtoon.com"
52.169.238.212 - - [08/Jun/2025:08:34:45 -0400] "GET /wp-login.php?redirect_to=https%3A%2F%2Fw3.junglejuicewebtoon.com%2Fwp-admin%2Fnetwork%2Findex.php&reauth=1 HTTP/1.1" 200 1863 "-" "-"
162.0.232.193 - - [08/Jun/2025:08:39:32 -0400] "POST /wp-cron.php?doing_wp_cron=1749386372.2207939624786376953125 HTTP/1.1" 200 0 "-" "WordPress/6.7.2; https://w4.junglejuicewebtoon.com"
216.73.216.101 - - [08/Jun/2025:08:39:30 -0400] "GET /category/jungle-juice-manga/page/18 HTTP/1.1" 301 0 "-" "Mozilla/5.0 AppleWebKit/537.36 (KHTML, like Gecko; compatible; ClaudeBot/1.0; [email protected])"
216.73.216.101 - - [08/Jun/2025:08:39:32 -0400] "GET /category/jungle-juice-manga/page/18/ HTTP/1.1" 200 11381 "https://w4.junglejuicewebtoon.com/category/jungle-juice-manga/page/18" "Mozilla/5.0 AppleWebKit/537.36 (KHTML, like Gecko; compatible; ClaudeBot/1.0; [email protected])"
162.0.232.193 - - [08/Jun/2025:08:39:33 -0400] "GET /wp-content/uploads/36f5b53d6c6d3d6b1e9dd0027baac2ed_1435.xml HTTP/1.1" 200 1150 "-" "Mozilla/5.0 (X11; Linux x86_64) AppleWebKit/537.36 (KHTML, like Gecko) Ubuntu Chromium/41.0.2272.76"
162.0.232.193 - - [08/Jun/2025:08:41:36 -0400] "POST /wp-cron.php?doing_wp_cron=1749386496.6698429584503173828125 HTTP/1.1" 200 0 "-" "WordPress/6.7.2; https://w4.junglejuicewebtoon.com"
162.0.232.193 - - [08/Jun/2025:08:41:39 -0400] "POST /wp-admin/admin-ajax.php?action=async_litespeed&nonce=AZpU1erjW4hVVtR1d4DXLUfOT3qxYg5A&litespeed_type=imgoptm HTTP/1.1" 200 5 "-" "WordPress/6.7.2; https://w4.junglejuicewebtoon.com"
162.0.232.193 - - [08/Jun/2025:08:41:42 -0400] "GET /wp-content/uploads/36f5b53d6c6d3d6b1e9dd0027baac2ed_1435.xml HTTP/1.1" 200 1028 "-" "Mozilla/5.0 (X11; Linux x86_64) AppleWebKit/537.36 (KHTML, like Gecko) Ubuntu Chromium/41.0.2272.76"
162.0.232.193 - - [08/Jun/2025:08:42:44 -0400] "POST /wp-cron.php?doing_wp_cron=1749386564.2441680431365966796875 HTTP/1.1" 200 0 "-" "WordPress/6.7.2; https://w4.junglejuicewebtoon.com"
43.130.31.17 - - [08/Jun/2025:08:42:44 -0400] "GET /manga1/jungle-juice-chapter-126/ HTTP/1.1" 200 10455 "-" "Mozilla/5.0 (iPhone; CPU iPhone OS 13_2_3 like Mac OS X) AppleWebKit/605.1.15 (KHTML, like Gecko) Version/13.0.3 Mobile/15E148 Safari/604.1"
162.0.232.193 - - [08/Jun/2025:08:42:44 -0400] "POST /wp-admin/admin-ajax.php?action=async_litespeed&nonce=iDJ1hu2cY4FH2gzvOioZ4TXhXWr1x23Y&litespeed_type=imgoptm HTTP/1.1" 200 5 "-" "WordPress/6.7.2; https://w4.junglejuicewebtoon.com"
162.0.232.193 - - [08/Jun/2025:08:45:36 -0400] "POST /wp-cron.php?doing_wp_cron=1749386735.9283339977264404296875 HTTP/1.1" 200 0 "-" "WordPress/6.7.2; https://w4.junglejuicewebtoon.com"
162.0.232.193 - - [08/Jun/2025:08:45:39 -0400] "GET /wp-content/uploads/36f5b53d6c6d3d6b1e9dd0027baac2ed_1435.xml HTTP/1.1" 200 1028 "-" "Mozilla/5.0 (X11; Linux x86_64) AppleWebKit/537.36 (KHTML, like Gecko) Ubuntu Chromium/41.0.2272.76"
162.0.232.193 - - [08/Jun/2025:08:47:30 -0400] "POST /wp-cron.php?doing_wp_cron=1749386850.0543510913848876953125 HTTP/1.1" 200 0 "-" "WordPress/6.7.2; https://w4.junglejuicewebtoon.com"
162.0.232.193 - - [08/Jun/2025:08:47:32 -0400] "POST /wp-admin/admin-ajax.php?action=async_litespeed&nonce=cdKgOngVyExKnbL7RQR0hUbFCgm06zy9&litespeed_type=imgoptm HTTP/1.1" 200 5 "-" "WordPress/6.7.2; https://w4.junglejuicewebtoon.com"
162.0.232.193 - - [08/Jun/2025:08:47:34 -0400] "GET /wp-content/uploads/36f5b53d6c6d3d6b1e9dd0027baac2ed_1435.xml HTTP/1.1" 200 1150 "-" "Mozilla/5.0 (X11; Linux x86_64) AppleWebKit/537.36 (KHTML, like Gecko) Ubuntu Chromium/41.0.2272.76"
52.169.46.15 - - [08/Jun/2025:08:47:34 -0400] "GET /wp-login.php?redirect_to=https%3A%2F%2Fw3.junglejuicewebtoon.com%2Fwp-admin%2Fusers.php&reauth=1 HTTP/1.1" 200 1859 "-" "-"
52.169.46.15 - - [08/Jun/2025:08:47:38 -0400] "GET /wp-login.php?redirect_to=https%3A%2F%2Fw3.junglejuicewebtoon.com%2Fwp-admin%2Fnetwork%2Findex.php&reauth=1 HTTP/1.1" 200 1863 "-" "-"
103.118.29.120 - - [08/Jun/2025:08:48:09 -0400] "POST /xmlrpc.php HTTP/1.1" 200 186 "https://w4.junglejuicewebtoon.com" "Mozilla/5.0 (Macintosh; Intel Mac OS X 10.15; rv:126.0) Gecko/20100101 Firefox/126.0"
103.118.29.120 - - [08/Jun/2025:08:48:10 -0400] "POST /wp-login.php HTTP/1.1" 200 2010 "https://w4.junglejuicewebtoon.com" "Mozilla/5.0 (Windows NT 10.0; Win64; x64) AppleWebKit/537.36 (KHTML, like Gecko) Chrome/115.0.5790.171 Safari/537.36 Edg/115.0.1901.203"
162.0.232.193 - - [08/Jun/2025:08:49:57 -0400] "POST /wp-cron.php?doing_wp_cron=1749386997.3813281059265136718750 HTTP/1.1" 200 0 "-" "WordPress/6.7.2; https://w4.junglejuicewebtoon.com"
162.0.232.193 - - [08/Jun/2025:08:49:58 -0400] "POST /wp-admin/admin-ajax.php?action=async_litespeed&nonce=Mo2mPWSpm049noyyfN4ZbLvsz3RsfG3v&litespeed_type=imgoptm HTTP/1.1" 200 5 "-" "WordPress/6.7.2; https://w4.junglejuicewebtoon.com"
162.0.232.193 - - [08/Jun/2025:08:50:01 -0400] "GET /wp-content/uploads/36f5b53d6c6d3d6b1e9dd0027baac2ed_1435.xml HTTP/1.1" 200 1028 "-" "Mozilla/5.0 (X11; Linux x86_64) AppleWebKit/537.36 (KHTML, like Gecko) Ubuntu Chromium/41.0.2272.76"
54.149.84.239 - - [08/Jun/2025:08:50:06 -0400] "GET /wp-login.php HTTP/1.1" 200 1851 "-" "Mozilla/5.0 (X11; Ubuntu; Linux x86_64; rv:85.0) Gecko/20100101 Firefox/91.0"
54.149.84.239 - - [08/Jun/2025:08:50:06 -0400] "POST /wp-login.php HTTP/1.1" 200 2010 "-" "Mozilla/5.0 (X11; Ubuntu; Linux x86_64; rv:85.0) Gecko/20100101 Firefox/91.0"
162.0.232.193 - - [08/Jun/2025:08:51:29 -0400] "POST /wp-cron.php?doing_wp_cron=1749387089.4574160575866699218750 HTTP/1.1" 200 0 "-" "WordPress/6.7.2; https://w4.junglejuicewebtoon.com"
114.119.133.138 - - [08/Jun/2025:08:51:28 -0400] "GET /manga1/jungle-juice-chapter-5/ HTTP/1.1" 200 10447 "https://junglejuicewebtoon.com/tag/volume/" "Mozilla/5.0 (Linux; Android 7.0;) AppleWebKit/537.36 (KHTML, like Gecko) Mobile Safari/537.36 (compatible; PetalBot;+https://webmaster.petalsearch.com/site/petalbot)"
162.0.232.193 - - [08/Jun/2025:08:51:35 -0400] "GET /wp-content/uploads/36f5b53d6c6d3d6b1e9dd0027baac2ed_1435.xml HTTP/1.1" 200 1150 "-" "Mozilla/5.0 (X11; Linux x86_64) AppleWebKit/537.36 (KHTML, like Gecko) Ubuntu Chromium/41.0.2272.76"
43.153.7.191 - - [08/Jun/2025:08:51:41 -0400] "GET /manga1/jungle-juice-chapter-125/ HTTP/1.1" 200 10431 "-" "Mozilla/5.0 (iPhone; CPU iPhone OS 13_2_3 like Mac OS X) AppleWebKit/605.1.15 (KHTML, like Gecko) Version/13.0.3 Mobile/15E148 Safari/604.1"
162.0.232.193 - - [08/Jun/2025:08:54:31 -0400] "POST /wp-cron.php?doing_wp_cron=1749387271.0503718852996826171875 HTTP/1.1" 200 0 "-" "WordPress/6.7.2; https://w4.junglejuicewebtoon.com"
162.0.232.193 - - [08/Jun/2025:08:54:32 -0400] "POST /wp-admin/admin-ajax.php?action=async_litespeed&nonce=InpVnRGROG1wjpHJdhbQ8BIWGE46YLLS&litespeed_type=imgoptm HTTP/1.1" 200 5 "-" "WordPress/6.7.2; https://w4.junglejuicewebtoon.com"
162.0.232.193 - - [08/Jun/2025:08:54:35 -0400] "GET /wp-content/uploads/36f5b53d6c6d3d6b1e9dd0027baac2ed_1435.xml HTTP/1.1" 200 1150 "-" "Mozilla/5.0 (X11; Linux x86_64) AppleWebKit/537.36 (KHTML, like Gecko) Ubuntu Chromium/41.0.2272.76"
47.128.126.206 - - [08/Jun/2025:08:55:11 -0400] "GET / HTTP/1.1" 200 10328 "-" "Mozilla/5.0 (Linux; Android 5.0) AppleWebKit/537.36 (KHTML, like Gecko) Mobile Safari/537.36 (compatible; Bytespider; [email protected])"
162.0.232.193 - - [08/Jun/2025:09:02:08 -0400] "POST /wp-cron.php?doing_wp_cron=1749387728.4174370765686035156250 HTTP/1.1" 200 0 "-" "WordPress/6.7.2; https://w4.junglejuicewebtoon.com"
43.166.129.247 - - [08/Jun/2025:09:02:06 -0400] "GET /manga1/jungle-juice-chapter-97/ HTTP/1.1" 200 11024 "-" "Mozilla/5.0 (iPhone; CPU iPhone OS 13_2_3 like Mac OS X) AppleWebKit/605.1.15 (KHTML, like Gecko) Version/13.0.3 Mobile/15E148 Safari/604.1"
162.0.232.193 - - [08/Jun/2025:09:02:08 -0400] "POST /wp-admin/admin-ajax.php?action=async_litespeed&nonce=6EXOoMYpG8aYBNHoTDIgi4D3DyCtXJ1F&litespeed_type=imgoptm HTTP/1.1" 200 5 "-" "WordPress/6.7.2; https://w4.junglejuicewebtoon.com"
162.0.232.193 - - [08/Jun/2025:09:02:11 -0400] "GET /wp-content/uploads/36f5b53d6c6d3d6b1e9dd0027baac2ed_1435.xml HTTP/1.1" 200 1150 "-" "Mozilla/5.0 (X11; Linux x86_64) AppleWebKit/537.36 (KHTML, like Gecko) Ubuntu Chromium/41.0.2272.76"
65.21.113.246 - - [08/Jun/2025:09:03:09 -0400] "GET /robots.txt HTTP/1.1" 304 0 "-" "Mozilla/5.0 (compatible; AwarioBot/1.0; +https://awario.com/bots.html)"
162.0.232.193 - - [08/Jun/2025:09:03:10 -0400] "POST /wp-cron.php?doing_wp_cron=1749387790.6962389945983886718750 HTTP/1.1" 200 0 "-" "WordPress/6.7.2; https://w4.junglejuicewebtoon.com"
65.21.113.246 - - [08/Jun/2025:09:03:10 -0400] "GET /author/admin/page/28/ HTTP/1.1" 200 11311 "-" "Mozilla/5.0 (compatible; AwarioBot/1.0; +https://awario.com/bots.html)"
162.0.232.193 - - [08/Jun/2025:09:03:11 -0400] "POST /wp-admin/admin-ajax.php?action=async_litespeed&nonce=sCJIpttSDCnkusPS46bSOYS604KF9NuL&litespeed_type=imgoptm HTTP/1.1" 200 5 "-" "WordPress/6.7.2; https://w4.junglejuicewebtoon.com"
65.21.113.246 - - [08/Jun/2025:09:03:12 -0400] "GET /author/admin/page/4/ HTTP/1.1" 200 12030 "-" "Mozilla/5.0 (compatible; AwarioBot/1.0; +https://awario.com/bots.html)"
47.128.62.235 - - [08/Jun/2025:09:03:14 -0400] "GET / HTTP/1.1" 200 10328 "-" "Mozilla/5.0 (Linux; Android 5.0) AppleWebKit/537.36 (KHTML, like Gecko) Mobile Safari/537.36 (compatible; Bytespider; [email protected])"
162.0.232.193 - - [08/Jun/2025:09:03:15 -0400] "POST /wp-cron.php?doing_wp_cron=1749387795.2194600105285644531250 HTTP/1.1" 200 0 "-" "WordPress/6.7.2; https://w4.junglejuicewebtoon.com"
65.21.113.246 - - [08/Jun/2025:09:03:15 -0400] "GET /category/jungle-juice-manga/page/25/ HTTP/1.1" 200 11261 "-" "Mozilla/5.0 (compatible; AwarioBot/1.0; +https://awario.com/bots.html)"
65.21.113.246 - - [08/Jun/2025:09:03:16 -0400] "GET /category/jungle-juice-manga/page/5/ HTTP/1.1" 200 11924 "-" "Mozilla/5.0 (compatible; AwarioBot/1.0; +https://awario.com/bots.html)"
65.21.113.246 - - [08/Jun/2025:09:03:18 -0400] "GET /category/jungle-juice-manhwa/page/25/ HTTP/1.1" 200 11315 "-" "Mozilla/5.0 (compatible; AwarioBot/1.0; +https://awario.com/bots.html)"
65.21.113.246 - - [08/Jun/2025:09:03:23 -0400] "GET /category/jungle-juice-manhwa/page/5/ HTTP/1.1" 200 11930 "-" "Mozilla/5.0 (compatible; AwarioBot/1.0; +https://awario.com/bots.html)"
65.21.113.246 - - [08/Jun/2025:09:03:25 -0400] "GET /category/jungle-juice-webtoon/page/26/ HTTP/1.1" 200 10939 "-" "Mozilla/5.0 (compatible; AwarioBot/1.0; +https://awario.com/bots.html)"
162.0.232.193 - - [08/Jun/2025:09:03:27 -0400] "POST /wp-cron.php?doing_wp_cron=1749387807.6111080646514892578125 HTTP/1.1" 200 0 "-" "WordPress/6.7.2; https://w4.junglejuicewebtoon.com"
65.21.113.246 - - [08/Jun/2025:09:03:27 -0400] "GET /category/jungle-juice-webtoon/page/4/ HTTP/1.1" 200 11733 "-" "Mozilla/5.0 (compatible; AwarioBot/1.0; +https://awario.com/bots.html)"
65.21.113.246 - - [08/Jun/2025:09:03:29 -0400] "GET /category/jungle-juice/page/26/ HTTP/1.1" 200 10886 "-" "Mozilla/5.0 (compatible; AwarioBot/1.0; +https://awario.com/bots.html)"
65.21.113.246 - - [08/Jun/2025:09:03:36 -0400] "GET /category/jungle-juice/page/4/ HTTP/1.1" 200 11721 "-" "Mozilla/5.0 (compatible; AwarioBot/1.0; +https://awario.com/bots.html)"
65.21.113.246 - - [08/Jun/2025:09:03:38 -0400] "GET /category/manga/page/28/ HTTP/1.1" 200 11128 "-" "Mozilla/5.0 (compatible; AwarioBot/1.0; +https://awario.com/bots.html)"
65.21.113.246 - - [08/Jun/2025:09:03:40 -0400] "GET /category/manga/page/4/ HTTP/1.1" 200 11853 "-" "Mozilla/5.0 (compatible; AwarioBot/1.0; +https://awario.com/bots.html)"
162.0.232.193 - - [08/Jun/2025:09:04:28 -0400] "POST /wp-cron.php?doing_wp_cron=1749387868.3561909198760986328125 HTTP/1.1" 200 0 "-" "WordPress/6.7.2; https://w4.junglejuicewebtoon.com"
216.73.216.101 - - [08/Jun/2025:09:04:28 -0400] "GET /category/jungle-juice-manga/page/12 HTTP/1.1" 301 0 "-" "Mozilla/5.0 AppleWebKit/537.36 (KHTML, like Gecko; compatible; ClaudeBot/1.0; [email protected])"
162.0.232.193 - - [08/Jun/2025:09:04:28 -0400] "POST /wp-admin/admin-ajax.php?action=async_litespeed&nonce=YJ8bNqjWrEaM212rvopfyhZdmXRs8oLi&litespeed_type=imgoptm HTTP/1.1" 200 5 "-" "WordPress/6.7.2; https://w4.junglejuicewebtoon.com"
216.73.216.101 - - [08/Jun/2025:09:04:28 -0400] "GET /category/jungle-juice-manga/page/12/ HTTP/1.1" 200 11626 "https://w4.junglejuicewebtoon.com/category/jungle-juice-manga/page/12" "Mozilla/5.0 AppleWebKit/537.36 (KHTML, like Gecko; compatible; ClaudeBot/1.0; [email protected])"
162.0.232.193 - - [08/Jun/2025:09:04:30 -0400] "GET /wp-content/uploads/36f5b53d6c6d3d6b1e9dd0027baac2ed_1435.xml HTTP/1.1" 200 1150 "-" "Mozilla/5.0 (X11; Linux x86_64) AppleWebKit/537.36 (KHTML, like Gecko) Ubuntu Chromium/41.0.2272.76"
162.0.232.193 - - [08/Jun/2025:09:06:19 -0400] "POST /wp-cron.php?doing_wp_cron=1749387979.1326019763946533203125 HTTP/1.1" 200 0 "-" "WordPress/6.7.2; https://w4.junglejuicewebtoon.com"
2a03:2880:f800:1d:: - - [08/Jun/2025:09:06:17 -0400] "GET /sitemap_index.xml HTTP/1.1" 200 333 "-" "meta-externalagent/1.1 (+https://developers.facebook.com/docs/sharing/webmasters/crawler)"
162.0.232.193 - - [08/Jun/2025:09:06:19 -0400] "POST /wp-admin/admin-ajax.php?action=async_litespeed&nonce=nQsZ9vIWFhD6qFqOa5KVppA54nWN43hr&litespeed_type=imgoptm HTTP/1.1" 200 5 "-" "WordPress/6.7.2; https://w4.junglejuicewebtoon.com"
162.0.232.193 - - [08/Jun/2025:09:06:21 -0400] "GET /wp-content/uploads/36f5b53d6c6d3d6b1e9dd0027baac2ed_1435.xml HTTP/1.1" 200 1150 "-" "Mozilla/5.0 (X11; Linux x86_64) AppleWebKit/537.36 (KHTML, like Gecko) Ubuntu Chromium/41.0.2272.76"
47.128.126.12 - - [08/Jun/2025:09:07:14 -0400] "GET / HTTP/1.1" 200 10328 "-" "Mozilla/5.0 (Linux; Android 5.0) AppleWebKit/537.36 (KHTML, like Gecko) Mobile Safari/537.36 (compatible; Bytespider; [email protected])"
162.0.232.193 - - [08/Jun/2025:09:08:25 -0400] "POST /wp-cron.php?doing_wp_cron=1749388105.3085310459136962890625 HTTP/1.1" 200 0 "-" "WordPress/6.7.2; https://w4.junglejuicewebtoon.com"
162.0.232.193 - - [08/Jun/2025:09:08:27 -0400] "POST /wp-admin/admin-ajax.php?action=async_litespeed&nonce=P4Q68dxvMIPUX9CJBCtvVdXkh3gVC5xp&litespeed_type=imgoptm HTTP/1.1" 200 5 "-" "WordPress/6.7.2; https://w4.junglejuicewebtoon.com"
162.0.232.193 - - [08/Jun/2025:09:08:29 -0400] "GET /wp-content/uploads/36f5b53d6c6d3d6b1e9dd0027baac2ed_1435.xml HTTP/1.1" 200 1150 "-" "Mozilla/5.0 (X11; Linux x86_64) AppleWebKit/537.36 (KHTML, like Gecko) Ubuntu Chromium/41.0.2272.76"
162.0.232.193 - - [08/Jun/2025:09:10:44 -0400] "POST /wp-cron.php?doing_wp_cron=1749388243.9981369972229003906250 HTTP/1.1" 200 0 "-" "WordPress/6.7.2; https://w4.junglejuicewebtoon.com"
114.119.133.125 - - [08/Jun/2025:09:10:42 -0400] "GET /manga1/jungle-juice-chapter-27/ HTTP/1.1" 200 10441 "https://junglejuicewebtoon.com/tag/volume/" "Mozilla/5.0 (Linux; Android 7.0;) AppleWebKit/537.36 (KHTML, like Gecko) Mobile Safari/537.36 (compatible; PetalBot;+https://webmaster.petalsearch.com/site/petalbot)"
162.0.232.193 - - [08/Jun/2025:09:10:44 -0400] "POST /wp-admin/admin-ajax.php?action=async_litespeed&nonce=1WUFyi5IAyAkcZZUpI4uxbVAVJhr5Xpv&litespeed_type=imgoptm HTTP/1.1" 200 5 "-" "WordPress/6.7.2; https://w4.junglejuicewebtoon.com"
162.0.232.193 - - [08/Jun/2025:09:10:46 -0400] "GET /wp-content/uploads/36f5b53d6c6d3d6b1e9dd0027baac2ed_1435.xml HTTP/1.1" 200 1028 "-" "Mozilla/5.0 (X11; Linux x86_64) AppleWebKit/537.36 (KHTML, like Gecko) Ubuntu Chromium/41.0.2272.76"
5.101.157.127 - - [08/Jun/2025:09:11:07 -0400] "POST /xmlrpc.php HTTP/1.1" 200 186 "https://w4.junglejuicewebtoon.com" "Mozilla/5.0 (Windows NT 10.0; Win64; x64; rv:128.0) Gecko/20100101 Firefox/128.0"
5.101.157.127 - - [08/Jun/2025:09:11:08 -0400] "POST /wp-login.php HTTP/1.1" 200 2006 "https://w4.junglejuicewebtoon.com" "Mozilla/5.0 (Windows NT 10.0; Win64; x64) AppleWebKit/537.36 (KHTML, like Gecko) Chrome/115.0.5790.102 Safari/537.36"
43.131.253.14 - - [08/Jun/2025:09:11:32 -0400] "GET /manga1/jungle-juice-chapter-94/ HTTP/1.1" 200 11068 "-" "Mozilla/5.0 (iPhone; CPU iPhone OS 13_2_3 like Mac OS X) AppleWebKit/605.1.15 (KHTML, like Gecko) Version/13.0.3 Mobile/15E148 Safari/604.1"
66.249.79.226 - - [08/Jun/2025:09:12:13 -0400] "GET /manga1/jungle-juice-chapter-10-2/ HTTP/1.1" 200 10891 "-" "Mozilla/5.0 (Linux; Android 6.0.1; Nexus 5X Build/MMB29P) AppleWebKit/537.36 (KHTML, like Gecko) Chrome/136.0.7103.113 Mobile Safari/537.36 (compatible; GoogleOther)"
66.249.79.224 - - [08/Jun/2025:09:12:14 -0400] "GET /manga1/jungle-juice-chapter-54-2/ HTTP/1.1" 200 10812 "-" "Mozilla/5.0 (Linux; Android 6.0.1; Nexus 5X Build/MMB29P) AppleWebKit/537.36 (KHTML, like Gecko) Chrome/136.0.7103.113 Mobile Safari/537.36 (compatible; GoogleOther)"
162.0.232.193 - - [08/Jun/2025:09:19:13 -0400] "POST /wp-cron.php?doing_wp_cron=1749388753.5001029968261718750000 HTTP/1.1" 200 0 "-" "WordPress/6.7.2; https://w4.junglejuicewebtoon.com"
162.0.232.193 - - [08/Jun/2025:09:19:16 -0400] "GET /wp-content/uploads/36f5b53d6c6d3d6b1e9dd0027baac2ed_1435.xml HTTP/1.1" 200 1150 "-" "Mozilla/5.0 (X11; Linux x86_64) AppleWebKit/537.36 (KHTML, like Gecko) Ubuntu Chromium/41.0.2272.76"
216.244.66.247 - - [08/Jun/2025:09:19:20 -0400] "GET /robots.txt HTTP/1.1" 200 121 "-" "Mozilla/5.0 (compatible; DotBot/1.2; +https://opensiteexplorer.org/dotbot; [email protected])"
34.226.89.140 - - [08/Jun/2025:09:20:13 -0400] "GET /category/jungle-juice-webtoon/page/7/ HTTP/1.1" 200 11815 "-" "Mozilla/5.0 AppleWebKit/537.36 (KHTML, like Gecko; compatible; Amazonbot/0.1; +https://developer.amazon.com/support/amazonbot) Chrome/119.0.6045.214 Safari/537.36"
66.249.79.238 - - [08/Jun/2025:09:21:09 -0400] "GET /wp-content/plugins/wp-automatic/js/main-front.js?ver=6.7.2 HTTP/1.1" 200 316 "https://w4.junglejuicewebtoon.com/manga1/jungle-juice-chapter-54-2/" "Mozilla/5.0 (Linux; Android 6.0.1; Nexus 5X Build/MMB29P) AppleWebKit/537.36 (KHTML, like Gecko) Chrome/136.0.7103.92 Mobile Safari/537.36 (compatible; Googlebot/2.1; +http://www.google.com/bot.html)"
66.249.79.224 - - [08/Jun/2025:09:21:09 -0400] "GET /wp-content/plugins/comic-easel/css/comiceasel.css?ver=6.7.2 HTTP/1.1" 200 1273 "https://w4.junglejuicewebtoon.com/manga1/jungle-juice-chapter-54-2/" "Mozilla/5.0 (Linux; Android 6.0.1; Nexus 5X Build/MMB29P) AppleWebKit/537.36 (KHTML, like Gecko) Chrome/136.0.7103.92 Mobile Safari/537.36 (compatible; Googlebot/2.1; +http://www.google.com/bot.html)"
162.0.232.193 - - [08/Jun/2025:09:21:10 -0400] "POST /wp-cron.php?doing_wp_cron=1749388869.9504110813140869140625 HTTP/1.1" 200 0 "-" "WordPress/6.7.2; https://w4.junglejuicewebtoon.com"
162.0.232.193 - - [08/Jun/2025:09:21:10 -0400] "POST /wp-admin/admin-ajax.php?action=async_litespeed&nonce=pXIGO4fQTempzMU1F8WxskRswGukttR4&litespeed_type=imgoptm HTTP/1.1" 200 5 "-" "WordPress/6.7.2; https://w4.junglejuicewebtoon.com"
66.249.79.225 - - [08/Jun/2025:09:21:09 -0400] "POST /wp-admin/admin-ajax.php HTTP/1.1" 200 69 "https://w4.junglejuicewebtoon.com/manga1/jungle-juice-chapter-54-2/" "Mozilla/5.0 (Linux; Android 6.0.1; Nexus 5X Build/MMB29P) AppleWebKit/537.36 (KHTML, like Gecko) Chrome/136.0.7103.92 Mobile Safari/537.36 (compatible; Googlebot/2.1; +http://www.google.com/bot.html)"
162.0.232.193 - - [08/Jun/2025:09:21:11 -0400] "GET /wp-content/uploads/36f5b53d6c6d3d6b1e9dd0027baac2ed_1435.xml HTTP/1.1" 200 1150 "-" "Mozilla/5.0 (X11; Linux x86_64) AppleWebKit/537.36 (KHTML, like Gecko) Ubuntu Chromium/41.0.2272.76"
101.33.66.34 - - [08/Jun/2025:09:21:50 -0400] "GET /manga1/jungle-juice-chapter-89/ HTTP/1.1" 200 10633 "-" "Mozilla/5.0 (iPhone; CPU iPhone OS 13_2_3 like Mac OS X) AppleWebKit/605.1.15 (KHTML, like Gecko) Version/13.0.3 Mobile/15E148 Safari/604.1"
162.0.232.193 - - [08/Jun/2025:09:24:59 -0400] "POST /wp-cron.php?doing_wp_cron=1749389099.0175390243530273437500 HTTP/1.1" 200 0 "-" "WordPress/6.7.2; https://w4.junglejuicewebtoon.com"
162.0.232.193 - - [08/Jun/2025:09:25:03 -0400] "GET /wp-content/uploads/36f5b53d6c6d3d6b1e9dd0027baac2ed_1435.xml HTTP/1.1" 200 1028 "-" "Mozilla/5.0 (X11; Linux x86_64) AppleWebKit/537.36 (KHTML, like Gecko) Ubuntu Chromium/41.0.2272.76"
162.0.232.193 - - [08/Jun/2025:09:26:29 -0400] "POST /wp-cron.php?doing_wp_cron=1749389189.2020530700683593750000 HTTP/1.1" 200 0 "-" "WordPress/6.7.2; https://w4.junglejuicewebtoon.com"
162.0.232.193 - - [08/Jun/2025:09:26:30 -0400] "POST /wp-admin/admin-ajax.php?action=async_litespeed&nonce=kZGN5pgnrzUO5EmVuDinfmCbMTN9owOc&litespeed_type=imgoptm HTTP/1.1" 200 5 "-" "WordPress/6.7.2; https://w4.junglejuicewebtoon.com"
162.0.232.193 - - [08/Jun/2025:09:26:32 -0400] "GET /wp-content/uploads/36f5b53d6c6d3d6b1e9dd0027baac2ed_1435.xml HTTP/1.1" 200 1150 "-" "Mozilla/5.0 (X11; Linux x86_64) AppleWebKit/537.36 (KHTML, like Gecko) Ubuntu Chromium/41.0.2272.76"
162.0.232.193 - - [08/Jun/2025:09:27:38 -0400] "POST /wp-cron.php?doing_wp_cron=1749389257.8922049999237060546875 HTTP/1.1" 200 0 "-" "WordPress/6.7.2; https://w4.junglejuicewebtoon.com"
114.119.133.125 - - [08/Jun/2025:09:27:37 -0400] "GET /author/admin/page/29/ HTTP/1.1" 200 10744 "https://w4.junglejuicewebtoon.com/author/admin/page/28/" "Mozilla/5.0 (Linux; Android 7.0;) AppleWebKit/537.36 (KHTML, like Gecko) Mobile Safari/537.36 (compatible; PetalBot;+https://webmaster.petalsearch.com/site/petalbot)"
162.0.232.193 - - [08/Jun/2025:09:27:38 -0400] "POST /wp-admin/admin-ajax.php?action=async_litespeed&nonce=5oFpO3x5C7G8o2LVvNzTnUR9a4rCw3Nz&litespeed_type=imgoptm HTTP/1.1" 200 5 "-" "WordPress/6.7.2; https://w4.junglejuicewebtoon.com"
162.0.232.193 - - [08/Jun/2025:09:29:12 -0400] "POST /wp-cron.php?doing_wp_cron=1749389352.6367180347442626953125 HTTP/1.1" 200 0 "-" "WordPress/6.7.2; https://w4.junglejuicewebtoon.com"
114.119.133.138 - - [08/Jun/2025:09:29:13 -0400] "GET / HTTP/1.1" 200 10328 "https://junglejuicewebtoon.com/manga/jungle-juice-chapter-14/" "Mozilla/5.0 (Linux; Android 7.0;) AppleWebKit/537.36 (KHTML, like Gecko) Mobile Safari/537.36 (compatible; PetalBot;+https://webmaster.petalsearch.com/site/petalbot)"
162.0.232.193 - - [08/Jun/2025:09:29:14 -0400] "POST /wp-admin/admin-ajax.php?action=async_litespeed&nonce=AjEqI7gJvy7sG9CzfBj6iptlD6FNblZZ&litespeed_type=imgoptm HTTP/1.1" 200 5 "-" "WordPress/6.7.2; https://w4.junglejuicewebtoon.com"
162.0.232.193 - - [08/Jun/2025:09:29:16 -0400] "GET /wp-content/uploads/36f5b53d6c6d3d6b1e9dd0027baac2ed_1435.xml HTTP/1.1" 200 1150 "-" "Mozilla/5.0 (X11; Linux x86_64) AppleWebKit/537.36 (KHTML, like Gecko) Ubuntu Chromium/41.0.2272.76"
162.0.232.193 - - [08/Jun/2025:09:31:31 -0400] "POST /wp-cron.php?doing_wp_cron=1749389491.2041890621185302734375 HTTP/1.1" 200 0 "-" "WordPress/6.7.2; https://w4.junglejuicewebtoon.com"
43.133.187.11 - - [08/Jun/2025:09:31:29 -0400] "GET /wp-json/wp/v2/posts/1602 HTTP/1.1" 200 22493 "-" "Mozilla/5.0 (iPhone; CPU iPhone OS 13_2_3 like Mac OS X) AppleWebKit/605.1.15 (KHTML, like Gecko) Version/13.0.3 Mobile/15E148 Safari/604.1"
162.0.232.193 - - [08/Jun/2025:09:31:31 -0400] "POST /wp-admin/admin-ajax.php?action=async_litespeed&nonce=HWaYyj41jTLx5YNhxwhrBUo7dPxEream&litespeed_type=imgoptm HTTP/1.1" 200 5 "-" "WordPress/6.7.2; https://w4.junglejuicewebtoon.com"
162.0.232.193 - - [08/Jun/2025:09:31:33 -0400] "GET /wp-content/uploads/36f5b53d6c6d3d6b1e9dd0027baac2ed_1435.xml HTTP/1.1" 200 1150 "-" "Mozilla/5.0 (X11; Linux x86_64) AppleWebKit/537.36 (KHTML, like Gecko) Ubuntu Chromium/41.0.2272.76"
162.0.232.193 - - [08/Jun/2025:09:33:15 -0400] "POST /wp-cron.php?doing_wp_cron=1749389595.5721650123596191406250 HTTP/1.1" 200 0 "-" "WordPress/6.7.2; https://w4.junglejuicewebtoon.com"
162.0.232.193 - - [08/Jun/2025:09:33:17 -0400] "POST /wp-admin/admin-ajax.php?action=async_litespeed&nonce=klDIHraJ64jbR7qdY8ZCPaKFyFNywPHG&litespeed_type=imgoptm HTTP/1.1" 200 5 "-" "WordPress/6.7.2; https://w4.junglejuicewebtoon.com"
162.0.232.193 - - [08/Jun/2025:09:33:19 -0400] "GET /wp-content/uploads/36f5b53d6c6d3d6b1e9dd0027baac2ed_1435.xml HTTP/1.1" 200 1150 "-" "Mozilla/5.0 (X11; Linux x86_64) AppleWebKit/537.36 (KHTML, like Gecko) Ubuntu Chromium/41.0.2272.76"
80.248.226.94 - - [08/Jun/2025:09:34:07 -0400] "POST /xmlrpc.php HTTP/1.1" 200 186 "https://w4.junglejuicewebtoon.com" "Mozilla/5.0 (Windows NT 10.0; Win64; x64) AppleWebKit/537.36 (KHTML, like Gecko) Chrome/115.0.5790.102 Safari/537.36"
80.248.226.94 - - [08/Jun/2025:09:34:08 -0400] "POST /wp-login.php HTTP/1.1" 200 1957 "https://w4.junglejuicewebtoon.com" "Mozilla/5.0 (Windows NT 10.0; Win64; x64) AppleWebKit/537.36 (KHTML, like Gecko) Chrome/115.0.5790.102 Safari/537.36"
162.0.232.193 - - [08/Jun/2025:09:38:46 -0400] "POST /wp-cron.php?doing_wp_cron=1749389926.6923329830169677734375 HTTP/1.1" 200 0 "-" "WordPress/6.7.2; https://w4.junglejuicewebtoon.com"
162.0.232.193 - - [08/Jun/2025:09:38:48 -0400] "POST /wp-admin/admin-ajax.php?action=async_litespeed&nonce=0kdUHqSLPilCYNwc2n9wQ19L4gG4UrKb&litespeed_type=imgoptm HTTP/1.1" 200 5 "-" "WordPress/6.7.2; https://w4.junglejuicewebtoon.com"
162.0.232.193 - - [08/Jun/2025:09:38:50 -0400] "GET /wp-content/uploads/36f5b53d6c6d3d6b1e9dd0027baac2ed_1435.xml HTTP/1.1" 200 1150 "-" "Mozilla/5.0 (X11; Linux x86_64) AppleWebKit/537.36 (KHTML, like Gecko) Ubuntu Chromium/41.0.2272.76"
125.23.86.26 - - [08/Jun/2025:09:53:14 -0400] "GET /wp-login.php HTTP/1.1" 200 1851 "-" "Mozilla/5.0 (X11; Ubuntu; Linux x86_64; rv:85.0) Gecko/20100101 Firefox/91.0"
162.0.232.193 - - [08/Jun/2025:09:53:15 -0400] "POST /wp-cron.php?doing_wp_cron=1749390795.7556860446929931640625 HTTP/1.1" 200 0 "-" "WordPress/6.7.2; https://w4.junglejuicewebtoon.com"
162.0.232.193 - - [08/Jun/2025:09:53:15 -0400] "POST /wp-cron.php?doing_wp_cron=1749390795.7557458877563476562500 HTTP/1.1" 200 0 "-" "WordPress/6.7.2; https://w4.junglejuicewebtoon.com"
125.23.86.26 - - [08/Jun/2025:09:53:15 -0400] "POST /wp-login.php HTTP/1.1" 200 2006 "-" "Mozilla/5.0 (X11; Ubuntu; Linux x86_64; rv:85.0) Gecko/20100101 Firefox/91.0"
35.169.102.85 - - [08/Jun/2025:09:53:13 -0400] "GET /category/manga/page/7/ HTTP/1.1" 200 11782 "-" "Mozilla/5.0 AppleWebKit/537.36 (KHTML, like Gecko; compatible; Amazonbot/0.1; +https://developer.amazon.com/support/amazonbot) Chrome/119.0.6045.214 Safari/537.36"
196.251.83.121 - - [08/Jun/2025:09:54:47 -0400] "HEAD / HTTP/1.1" 200 0 "-" "python-requests/2.32.3"
162.0.232.193 - - [08/Jun/2025:09:54:48 -0400] "POST /wp-cron.php?doing_wp_cron=1749390888.0919249057769775390625 HTTP/1.1" 200 0 "-" "WordPress/6.7.2; https://w4.junglejuicewebtoon.com"
196.251.83.121 - - [08/Jun/2025:09:54:47 -0400] "GET /wp-admin/ HTTP/1.1" 302 0 "www.google.com" "Mozilla/5.0 (compatible; Baiduspider/2.0; +http://www.baidu.com/search/spider.html)"
196.251.83.121 - - [08/Jun/2025:09:54:48 -0400] "GET /wp-login.php?redirect_to=https%3A%2F%2Fw4.junglejuicewebtoon.com%2Fwp-admin%2F&reauth=1 HTTP/1.1" 200 1852 "www.google.com" "Mozilla/5.0 (compatible; Baiduspider/2.0; +http://www.baidu.com/search/spider.html)"
162.0.232.193 - - [08/Jun/2025:09:54:48 -0400] "POST /wp-admin/admin-ajax.php?action=async_litespeed&nonce=9ovvTy6hSAvBdOvrOs0AaSCW6RBGdB1I&litespeed_type=imgoptm HTTP/1.1" 200 5 "-" "WordPress/6.7.2; https://w4.junglejuicewebtoon.com"
196.251.83.121 - - [08/Jun/2025:09:54:48 -0400] "HEAD / HTTP/1.1" 200 0 "-" "python-requests/2.32.3"
196.251.83.121 - - [08/Jun/2025:09:54:49 -0400] "GET /?rest_route=/wp/v2/users HTTP/1.1" 200 6326 "www.google.com" "Mozilla/5.0 (iPhone; CPU iPhone OS 16_0 like Mac OS X) AppleWebKit/605.1.15 (KHTML, like Gecko) Version/16.0 Mobile/15E148 Safari/604.1"
196.251.83.121 - - [08/Jun/2025:09:54:50 -0400] "POST /xmlrpc.php HTTP/1.1" 200 205 "www.google.com" "Mozilla/5.0 (X11; Linux x86_64; rv:114.0) Gecko/20100101 Firefox/114.0"
196.251.83.121 - - [08/Jun/2025:09:54:51 -0400] "POST /xmlrpc.php HTTP/1.1" 200 205 "www.google.com" "Mozilla/5.0 (Linux; Android 8.0; Nexus 5X) AppleWebKit/537.36 (KHTML, like Gecko) Chrome/62.0.3202.94 Mobile Safari/537.36"
196.251.83.121 - - [08/Jun/2025:09:54:52 -0400] "POST /xmlrpc.php HTTP/1.1" 200 205 "www.google.com" "Mozilla/5.0 (X11; Linux x86_64; rv:114.0) Gecko/20100101 Firefox/114.0"
196.251.83.121 - - [08/Jun/2025:09:54:53 -0400] "POST /xmlrpc.php HTTP/1.1" 200 205 "www.google.com" "Mozilla/5.0 (compatible; Yahoo! Slurp; http://help.yahoo.com/help/us/ysearch/slurp)"
196.251.83.121 - - [08/Jun/2025:09:54:54 -0400] "POST /xmlrpc.php HTTP/1.1" 200 205 "www.google.com" "Mozilla/5.0 (X11; Linux x86_64; rv:114.0) Gecko/20100101 Firefox/114.0"
196.251.83.121 - - [08/Jun/2025:09:54:55 -0400] "POST /xmlrpc.php HTTP/1.1" 200 205 "www.google.com" "Mozilla/5.0 (Linux; Android 13; Pixel 6 Pro) AppleWebKit/537.36 (KHTML, like Gecko) Chrome/114.0.0.0 Mobile Safari/537.36"
196.251.83.121 - - [08/Jun/2025:09:54:56 -0400] "POST /xmlrpc.php HTTP/1.1" 200 205 "www.google.com" "Mozilla/5.0 (Linux; Android 8.0; Nexus 5X) AppleWebKit/537.36 (KHTML, like Gecko) Chrome/62.0.3202.94 Mobile Safari/537.36"
196.251.83.121 - - [08/Jun/2025:09:54:59 -0400] "POST /xmlrpc.php HTTP/1.1" 200 205 "www.google.com" "Mozilla/5.0 (Macintosh; Intel Mac OS X 10.15; rv:114.0) Gecko/20100101 Firefox/114.0"
196.251.83.121 - - [08/Jun/2025:09:55:02 -0400] "POST /xmlrpc.php HTTP/1.1" 200 205 "www.google.com" "Mozilla/5.0 (Windows NT 10.0; Win64; x64) AppleWebKit/537.36 (KHTML, like Gecko) Chrome/91.0.4472.124 Safari/537.36 Edg/91.0.864.64"
196.251.83.121 - - [08/Jun/2025:09:55:05 -0400] "POST /xmlrpc.php HTTP/1.1" 200 205 "www.google.com" "Mozilla/5.0 (Macintosh; Intel Mac OS X 10_14_6) AppleWebKit/537.36 (KHTML, like Gecko) Chrome/78.0.3904.108 Safari/537.36"
196.251.83.121 - - [08/Jun/2025:09:55:10 -0400] "POST /xmlrpc.php HTTP/1.1" 200 205 "www.google.com" "Mozilla/5.0 (Macintosh; Intel Mac OS X 10_14_6) AppleWebKit/537.36 (KHTML, like Gecko) Chrome/78.0.3904.108 Safari/537.36"
196.251.83.121 - - [08/Jun/2025:09:55:16 -0400] "POST /xmlrpc.php HTTP/1.1" 200 205 "www.google.com" "Mozilla/5.0 (Macintosh; Intel Mac OS X 10_15_7) AppleWebKit/605.1.15 (KHTML, like Gecko) Version/14.0 Safari/605.1.15"
196.251.83.121 - - [08/Jun/2025:09:55:30 -0400] "POST /xmlrpc.php HTTP/1.1" 200 205 "www.google.com" "Mozilla/5.0 (Windows NT 6.3; Trident/7.0; rv:11.0) like Gecko"
162.0.232.193 - - [08/Jun/2025:09:56:01 -0400] "POST /wp-cron.php?doing_wp_cron=1749390961.0236840248107910156250 HTTP/1.1" 200 0 "-" "WordPress/6.7.2; https://w4.junglejuicewebtoon.com"
196.251.83.121 - - [08/Jun/2025:09:55:46 -0400] "POST /xmlrpc.php HTTP/1.1" 200 205 "www.google.com" "Mozilla/5.0 (X11; Linux x86_64) AppleWebKit/537.36 (KHTML, like Gecko) Chrome/114.0.0.0 Safari/537.36"
162.0.232.193 - - [08/Jun/2025:09:56:01 -0400] "POST /wp-admin/admin-ajax.php?action=async_litespeed&nonce=f9LuhdZJ7i5OughfDOd3ubPFyBHCV9Uv&litespeed_type=imgoptm HTTP/1.1" 200 5 "-" "WordPress/6.7.2; https://w4.junglejuicewebtoon.com"
162.0.232.193 - - [08/Jun/2025:09:56:16 -0400] "POST /wp-cron.php?doing_wp_cron=1749390976.0065689086914062500000 HTTP/1.1" 200 0 "-" "WordPress/6.7.2; https://w4.junglejuicewebtoon.com"
196.251.83.121 - - [08/Jun/2025:09:56:01 -0400] "POST /xmlrpc.php HTTP/1.1" 200 205 "www.google.com" "Googlebot/2.1 (+http://www.google.com/bot.html)"
162.0.232.193 - - [08/Jun/2025:09:56:30 -0400] "POST /wp-cron.php?doing_wp_cron=1749390990.1460270881652832031250 HTTP/1.1" 200 0 "-" "WordPress/6.7.2; https://w4.junglejuicewebtoon.com"
196.251.83.121 - - [08/Jun/2025:09:56:18 -0400] "POST /xmlrpc.php HTTP/1.1" 200 205 "www.google.com" "Mozilla/5.0 (iPhone; CPU iPhone OS 10_3 like Mac OS X) AppleWebKit/602.1.50 (KHTML, like Gecko) Version/10.0 Mobile/14E5239e Safari/602.1"
162.0.232.193 - - [08/Jun/2025:09:56:45 -0400] "POST /wp-cron.php?doing_wp_cron=1749391005.5412580966949462890625 HTTP/1.1" 200 0 "-" "WordPress/6.7.2; https://w4.junglejuicewebtoon.com"
196.251.83.121 - - [08/Jun/2025:09:56:31 -0400] "POST /xmlrpc.php HTTP/1.1" 200 205 "www.google.com" "Mozilla/5.0 (Linux; Android 10; Pixel 4) AppleWebKit/537.36 (KHTML, like Gecko) Chrome/91.0.4472.124 Mobile Safari/537.36"
162.0.232.193 - - [08/Jun/2025:09:56:46 -0400] "POST /wp-admin/admin-ajax.php?action=async_litespeed&nonce=6u66VTpsoz4U6xekEcVX4GG6ht2ClbbL&litespeed_type=imgoptm HTTP/1.1" 200 5 "-" "WordPress/6.7.2; https://w4.junglejuicewebtoon.com"
196.251.83.121 - - [08/Jun/2025:09:56:46 -0400] "POST /xmlrpc.php HTTP/1.1" 200 205 "www.google.com" "Mozilla/5.0 (Windows NT 10.0; Win64; x64) AppleWebKit/537.36 (KHTML, like Gecko) Chrome/91.0.4472.124 Safari/537.36 Edg/91.0.864.64"
162.0.232.193 - - [08/Jun/2025:09:57:15 -0400] "POST /wp-cron.php?doing_wp_cron=1749391035.3483641147613525390625 HTTP/1.1" 200 0 "-" "WordPress/6.7.2; https://w4.junglejuicewebtoon.com"
196.251.83.121 - - [08/Jun/2025:09:57:01 -0400] "POST /xmlrpc.php HTTP/1.1" 200 205 "www.google.com" "Mozilla/5.0 (Linux; Android 10; SM-A205U) AppleWebKit/537.36 (KHTML, like Gecko) Chrome/83.0.4103.106 Mobile Safari/537.36 EdgA/46.03.4.5155"
196.251.83.121 - - [08/Jun/2025:09:57:16 -0400] "POST /xmlrpc.php HTTP/1.1" 200 205 "www.google.com" "Mozilla/5.0 (Linux; Android 8.0; Nexus 5X) AppleWebKit/537.36 (KHTML, like Gecko) Chrome/62.0.3202.94 Mobile Safari/537.36"
196.251.83.121 - - [08/Jun/2025:09:57:31 -0400] "POST /xmlrpc.php HTTP/1.1" 200 205 "www.google.com" "Mozilla/5.0 (Macintosh; Intel Mac OS X 10_14_6) AppleWebKit/537.36 (KHTML, like Gecko) Chrome/78.0.3904.108 Safari/537.36"
196.251.83.121 - - [08/Jun/2025:09:57:46 -0400] "POST /xmlrpc.php HTTP/1.1" 200 205 "www.google.com" "Mozilla/5.0 (Linux; Android 10; Pixel 4) AppleWebKit/537.36 (KHTML, like Gecko) Chrome/91.0.4472.124 Mobile Safari/537.36"
162.0.232.193 - - [08/Jun/2025:09:58:15 -0400] "POST /wp-cron.php?doing_wp_cron=1749391095.5037419795989990234375 HTTP/1.1" 200 0 "-" "WordPress/6.7.2; https://w4.junglejuicewebtoon.com"
196.251.83.121 - - [08/Jun/2025:09:58:01 -0400] "POST /xmlrpc.php HTTP/1.1" 200 205 "www.google.com" "Mozilla/5.0 (Macintosh; Intel Mac OS X 10_15_7) AppleWebKit/605.1.15 (KHTML, like Gecko) Version/14.0 Safari/605.1.15"
162.0.232.193 - - [08/Jun/2025:09:58:16 -0400] "POST /wp-admin/admin-ajax.php?action=async_litespeed&nonce=8zQgERx5KMUdh1vRsNARloG0lRw6KewT&litespeed_type=imgoptm HTTP/1.1" 200 5 "-" "WordPress/6.7.2; https://w4.junglejuicewebtoon.com"
162.0.232.193 - - [08/Jun/2025:09:58:30 -0400] "POST /wp-cron.php?doing_wp_cron=1749391110.5084741115570068359375 HTTP/1.1" 200 0 "-" "WordPress/6.7.2; https://w4.junglejuicewebtoon.com"
196.251.83.121 - - [08/Jun/2025:09:58:16 -0400] "POST /xmlrpc.php HTTP/1.1" 200 205 "www.google.com" "Mozilla/5.0 (iPhone; CPU iPhone OS 16_0 like Mac OS X) AppleWebKit/605.1.15 (KHTML, like Gecko) Version/16.0 Mobile/15E148 Safari/604.1"
162.0.232.193 - - [08/Jun/2025:09:58:45 -0400] "POST /wp-cron.php?doing_wp_cron=1749391125.5049009323120117187500 HTTP/1.1" 200 0 "-" "WordPress/6.7.2; https://w4.junglejuicewebtoon.com"
196.251.83.121 - - [08/Jun/2025:09:58:31 -0400] "POST /xmlrpc.php HTTP/1.1" 200 205 "www.google.com" "Mozilla/5.0 (Macintosh; Intel Mac OS X 10_15_7) AppleWebKit/537.36 (KHTML, like Gecko) Chrome/91.0.4472.124 Safari/537.36"
162.0.232.193 - - [08/Jun/2025:09:58:46 -0400] "POST /wp-admin/admin-ajax.php?action=async_litespeed&nonce=TRpxMITUNp2B54X5SayBQnQYFITY08A6&litespeed_type=imgoptm HTTP/1.1" 200 5 "-" "WordPress/6.7.2; https://w4.junglejuicewebtoon.com"
196.251.83.121 - - [08/Jun/2025:09:58:46 -0400] "POST /xmlrpc.php HTTP/1.1" 200 205 "www.google.com" "Mozilla/5.0 (compatible; bingbot/2.0; +http://www.bing.com/bingbot.htm)"
162.0.232.193 - - [08/Jun/2025:09:59:15 -0400] "POST /wp-cron.php?doing_wp_cron=1749391155.2052800655364990234375 HTTP/1.1" 200 0 "-" "WordPress/6.7.2; https://w4.junglejuicewebtoon.com"
196.251.83.121 - - [08/Jun/2025:09:59:01 -0400] "POST /xmlrpc.php HTTP/1.1" 200 205 "www.google.com" "Mozilla/5.0 (Linux; Android 10; SM-A205U) AppleWebKit/537.36 (KHTML, like Gecko) Chrome/83.0.4103.106 Mobile Safari/537.36 EdgA/46.03.4.5155"
196.251.83.121 - - [08/Jun/2025:09:59:16 -0400] "POST /xmlrpc.php HTTP/1.1" 200 205 "www.google.com" "Mozilla/5.0 (Linux; Android 10; Pixel 4) AppleWebKit/537.36 (KHTML, like Gecko) Chrome/91.0.4472.124 Mobile Safari/537.36"
196.251.83.121 - - [08/Jun/2025:09:59:31 -0400] "POST /xmlrpc.php HTTP/1.1" 200 205 "www.google.com" "Mozilla/5.0 (Linux; Android 7.0; SM-G892A Build/NRD90M; wv) AppleWebKit/537.36 (KHTML, like Gecko) Version/4.0 Chrome/60.0.3112.107 Mobile Safari/537.36"
196.251.83.121 - - [08/Jun/2025:09:59:45 -0400] "POST /xmlrpc.php HTTP/1.1" 200 205 "www.google.com" "Mozilla/5.0 (Windows NT 10.0; Win64; x64) AppleWebKit/537.36 (KHTML, like Gecko) Chrome/91.0.4472.124 Safari/537.36 Brave/91.0.4472.124"
162.0.232.193 - - [08/Jun/2025:10:00:16 -0400] "POST /wp-cron.php?doing_wp_cron=1749391216.0704059600830078125000 HTTP/1.1" 200 0 "-" "WordPress/6.7.2; https://w4.junglejuicewebtoon.com"
196.251.83.121 - - [08/Jun/2025:10:00:01 -0400] "POST /xmlrpc.php HTTP/1.1" 200 205 "www.google.com" "Mozilla/5.0 (compatible; Baiduspider/2.0; +http://www.baidu.com/search/spider.html)"
162.0.232.193 - - [08/Jun/2025:10:00:16 -0400] "POST /wp-admin/admin-ajax.php?action=async_litespeed&nonce=UDRlDWzN1F89F6d3s9C1OpvuoA3cqrpX&litespeed_type=imgoptm HTTP/1.1" 200 5 "-" "WordPress/6.7.2; https://w4.junglejuicewebtoon.com"
162.0.232.193 - - [08/Jun/2025:10:00:30 -0400] "POST /wp-cron.php?doing_wp_cron=1749391230.1172690391540527343750 HTTP/1.1" 200 0 "-" "WordPress/6.7.2; https://w4.junglejuicewebtoon.com"
196.251.83.121 - - [08/Jun/2025:10:00:17 -0400] "POST /xmlrpc.php HTTP/1.1" 200 205 "www.google.com" "Mozilla/5.0 (iPhone; CPU iPhone OS 16_0 like Mac OS X) AppleWebKit/605.1.15 (KHTML, like Gecko) Version/16.0 Mobile/15E148 Safari/604.1"
162.0.232.193 - - [08/Jun/2025:10:00:45 -0400] "POST /wp-cron.php?doing_wp_cron=1749391245.5909049510955810546875 HTTP/1.1" 200 0 "-" "WordPress/6.7.2; https://w4.junglejuicewebtoon.com"
196.251.83.121 - - [08/Jun/2025:10:00:31 -0400] "POST /xmlrpc.php HTTP/1.1" 200 205 "www.google.com" "Mozilla/5.0 (X11; Linux x86_64; rv:114.0) Gecko/20100101 Firefox/114.0"
162.0.232.193 - - [08/Jun/2025:10:00:46 -0400] "POST /wp-admin/admin-ajax.php?action=async_litespeed&nonce=hQvr4hGK3kd8kAUEWvtiR9bd6cZaHs0G&litespeed_type=imgoptm HTTP/1.1" 200 5 "-" "WordPress/6.7.2; https://w4.junglejuicewebtoon.com"
196.251.83.121 - - [08/Jun/2025:10:00:46 -0400] "POST /xmlrpc.php HTTP/1.1" 200 205 "www.google.com" "Mozilla/5.0 (Macintosh; Intel Mac OS X 10_14_6) AppleWebKit/537.36 (KHTML, like Gecko) Chrome/78.0.3904.108 Safari/537.36"
162.0.232.193 - - [08/Jun/2025:10:01:16 -0400] "POST /wp-cron.php?doing_wp_cron=1749391276.0294570922851562500000 HTTP/1.1" 200 0 "-" "WordPress/6.7.2; https://w4.junglejuicewebtoon.com"
196.251.83.121 - - [08/Jun/2025:10:01:02 -0400] "POST /xmlrpc.php HTTP/1.1" 200 205 "www.google.com" "Mozilla/5.0 (Windows NT 10.0; Win64; x64; rv:114.0) Gecko/20100101 Firefox/114.0"
