162.0.232.193 - - [09/Jun/2025:09:55:57 -0400] "GET /wp-content/uploads/36f5b53d6c6d3d6b1e9dd0027baac2ed_1435.xml HTTP/1.1" 200 1028 "-" "Mozilla/5.0 (X11; Linux x86_64) AppleWebKit/537.36 (KHTML, like Gecko) Ubuntu Chromium/41.0.2272.76"
51.222.253.12 - - [09/Jun/2025:09:58:35 -0400] "GET /manga1/jungle-juice-chapter-65-2/ HTTP/1.1" 404 1251 "-" "Mozilla/5.0 (compatible; AhrefsBot/7.0; +http://ahrefs.com/robot/)"
114.119.154.6 - - [09/Jun/2025:10:05:29 -0400] "GET /manga1/jungle-juice-chapter-138/ HTTP/1.1" 404 1251 "https://junglejuicewebtoon.com/jungle-juice-chapter-99/" "Mozilla/5.0 (Linux; Android 7.0;) AppleWebKit/537.36 (KHTML, like Gecko) Mobile Safari/537.36 (compatible; PetalBot;+https://webmaster.petalsearch.com/site/petalbot)"
17.241.227.169 - - [09/Jun/2025:10:05:30 -0400] "GET /manga1/jungle-juice-chapter-83/ HTTP/1.1" 404 1251 "-" "Mozilla/5.0 (Macintosh; Intel Mac OS X 10_15_7) AppleWebKit/605.1.15 (KHTML, like Gecko) Version/17.4 Safari/605.1.15 (Applebot/0.1; +http://www.apple.com/go/applebot)"
51.222.253.9 - - [09/Jun/2025:10:10:38 -0400] "GET /manga1/jungle-juice-chapter-111-2/ HTTP/1.1" 404 1251 "-" "Mozilla/5.0 (compatible; AhrefsBot/7.0; +http://ahrefs.com/robot/)"
162.0.232.193 - - [09/Jun/2025:10:11:56 -0400] "POST /wp-cron.php?doing_wp_cron=1749478316.4722959995269775390625 HTTP/1.1" 200 0 "-" "WordPress/6.7.2; https://w4.junglejuicewebtoon.com"
2001:41d0:303:83d2::1 - - [09/Jun/2025:10:11:59 -0400] "GET /robots.txt HTTP/1.1" 404 1251 "-" "Mozilla/5.0 (compatible; MJ12bot/v1.4.8; http://mj12bot.com/)"
162.0.232.193 - - [09/Jun/2025:10:12:02 -0400] "POST /wp-cron.php?doing_wp_cron=1749478322.3179678916931152343750 HTTP/1.1" 200 0 "-" "WordPress/6.7.2; https://w4.junglejuicewebtoon.com"
2001:41d0:303:83d2::1 - - [09/Jun/2025:10:12:02 -0400] "GET /wp-login.php?action=register HTTP/1.1" 302 0 "-" "Mozilla/5.0 (compatible; MJ12bot/v1.4.8; http://mj12bot.com/)"
162.0.232.193 - - [09/Jun/2025:10:12:04 -0400] "GET /wp-content/uploads/36f5b53d6c6d3d6b1e9dd0027baac2ed_1435.xml HTTP/1.1" 200 1150 "-" "Mozilla/5.0 (X11; Linux x86_64) AppleWebKit/537.36 (KHTML, like Gecko) Ubuntu Chromium/41.0.2272.76"
2001:41d0:303:83d2::1 - - [09/Jun/2025:10:12:05 -0400] "GET /wp-login.php?registration=disabled HTTP/1.1" 200 1923 "-" "Mozilla/5.0 (compatible; MJ12bot/v1.4.8; http://mj12bot.com/)"
141.94.192.177 - - [09/Jun/2025:10:12:05 -0400] "POST /xmlrpc.php HTTP/1.1" 200 205 "-" "Mozilla/5.0 (X11; Ubuntu; Linux x86_64; rv:85.0) Gecko/20100101 Firefox/91.0"
2001:41d0:303:83d2::1 - - [09/Jun/2025:10:12:13 -0400] "GET /wp-login.php?redirect_to=https%3A%2F%2Fw3.junglejuicewebtoon.com%2Fwp-admin%2F&reauth=1 HTTP/1.1" 200 1854 "-" "Mozilla/5.0 (compatible; MJ12bot/v1.4.8; http://mj12bot.com/)"
65.21.113.246 - - [09/Jun/2025:10:12:26 -0400] "GET /robots.txt HTTP/1.1" 404 1251 "-" "Mozilla/5.0 (compatible; AwarioBot/1.0; +https://awario.com/bots.html)"
65.21.113.246 - - [09/Jun/2025:10:12:27 -0400] "GET /author/admin/page/27/ HTTP/1.1" 404 1251 "-" "Mozilla/5.0 (compatible; AwarioBot/1.0; +https://awario.com/bots.html)"
65.21.113.246 - - [09/Jun/2025:10:12:29 -0400] "GET /author/admin/page/5/ HTTP/1.1" 404 1251 "-" "Mozilla/5.0 (compatible; AwarioBot/1.0; +https://awario.com/bots.html)"
65.21.113.246 - - [09/Jun/2025:10:12:32 -0400] "GET /category/jungle-juice-manga/page/24/ HTTP/1.1" 404 1251 "-" "Mozilla/5.0 (compatible; AwarioBot/1.0; +https://awario.com/bots.html)"
65.21.113.246 - - [09/Jun/2025:10:12:34 -0400] "GET /category/jungle-juice-manga/page/6/ HTTP/1.1" 404 1251 "-" "Mozilla/5.0 (compatible; AwarioBot/1.0; +https://awario.com/bots.html)"
65.21.113.246 - - [09/Jun/2025:10:12:37 -0400] "GET /category/jungle-juice-manhwa/page/24/ HTTP/1.1" 404 1251 "-" "Mozilla/5.0 (compatible; AwarioBot/1.0; +https://awario.com/bots.html)"
65.21.113.246 - - [09/Jun/2025:10:12:41 -0400] "GET /category/jungle-juice-manhwa/page/6/ HTTP/1.1" 404 1251 "-" "Mozilla/5.0 (compatible; AwarioBot/1.0; +https://awario.com/bots.html)"
65.21.113.246 - - [09/Jun/2025:10:12:44 -0400] "GET /category/jungle-juice-webtoon/page/25/ HTTP/1.1" 404 1251 "-" "Mozilla/5.0 (compatible; AwarioBot/1.0; +https://awario.com/bots.html)"
65.21.113.246 - - [09/Jun/2025:10:12:46 -0400] "GET /category/jungle-juice-webtoon/page/5/ HTTP/1.1" 404 1251 "-" "Mozilla/5.0 (compatible; AwarioBot/1.0; +https://awario.com/bots.html)"
65.21.113.246 - - [09/Jun/2025:10:12:49 -0400] "GET /category/jungle-juice/page/25/ HTTP/1.1" 404 1251 "-" "Mozilla/5.0 (compatible; AwarioBot/1.0; +https://awario.com/bots.html)"
65.21.113.246 - - [09/Jun/2025:10:12:52 -0400] "GET /category/jungle-juice/page/5/ HTTP/1.1" 404 1251 "-" "Mozilla/5.0 (compatible; AwarioBot/1.0; +https://awario.com/bots.html)"
65.21.113.246 - - [09/Jun/2025:10:12:54 -0400] "GET /category/manga/page/27/ HTTP/1.1" 404 1251 "-" "Mozilla/5.0 (compatible; AwarioBot/1.0; +https://awario.com/bots.html)"
65.21.113.246 - - [09/Jun/2025:10:12:57 -0400] "GET /category/manga/page/5/ HTTP/1.1" 404 1251 "-" "Mozilla/5.0 (compatible; AwarioBot/1.0; +https://awario.com/bots.html)"
2001:41d0:303:83d2::1 - - [09/Jun/2025:10:13:01 -0400] "GET /wp-login.php?action=register HTTP/1.1" 302 0 "-" "Mozilla/5.0 (compatible; MJ12bot/v1.4.8; http://mj12bot.com/)"
162.0.232.193 - - [09/Jun/2025:10:13:06 -0400] "POST /wp-cron.php?doing_wp_cron=1749478386.6218450069427490234375 HTTP/1.1" 200 0 "-" "WordPress/6.7.2; https://w4.junglejuicewebtoon.com"
2001:41d0:303:83d2::1 - - [09/Jun/2025:10:13:06 -0400] "GET /wp-login.php?registration=disabled HTTP/1.1" 200 1923 "-" "Mozilla/5.0 (compatible; MJ12bot/v1.4.8; http://mj12bot.com/)"
162.0.232.193 - - [09/Jun/2025:10:13:07 -0400] "POST /wp-admin/admin-ajax.php?action=async_litespeed&nonce=3PoLN4LD0TacDrXRfKCsAdKsDocNe7W2&litespeed_type=imgoptm HTTP/1.1" 200 0 "-" "WordPress/6.7.2; https://w4.junglejuicewebtoon.com"
47.128.17.186 - - [09/Jun/2025:10:19:49 -0400] "GET /manga1/jungle-juice-chapter-35/ HTTP/1.1" 404 1251 "-" "Mozilla/5.0 (compatible; Bytespider; [email protected]) AppleWebKit/537.36 (KHTML, like Gecko) Chrome/70.0.0.0 Safari/537.36"
162.0.232.193 - - [09/Jun/2025:10:22:15 -0400] "POST /wp-cron.php?doing_wp_cron=1749478935.5234498977661132812500 HTTP/1.1" 200 0 "-" "WordPress/6.7.2; https://w4.junglejuicewebtoon.com"
66.249.74.106 - - [09/Jun/2025:10:22:11 -0400] "POST /wp-admin/admin-ajax.php HTTP/1.1" 200 69 "https://w4.junglejuicewebtoon.com/manga1/jungle-juice-chapter-14-2/" "Mozilla/5.0 (Linux; Android 6.0.1; Nexus 5X Build/MMB29P) AppleWebKit/537.36 (KHTML, like Gecko) Chrome/136.0.7103.92 Mobile Safari/537.36 (compatible; Googlebot/2.1; +http://www.google.com/bot.html)"
162.0.232.193 - - [09/Jun/2025:10:22:18 -0400] "GET /wp-content/uploads/36f5b53d6c6d3d6b1e9dd0027baac2ed_1435.xml HTTP/1.1" 200 1028 "-" "Mozilla/5.0 (X11; Linux x86_64) AppleWebKit/537.36 (KHTML, like Gecko) Ubuntu Chromium/41.0.2272.76"
162.0.232.193 - - [09/Jun/2025:10:23:47 -0400] "POST /wp-cron.php?doing_wp_cron=1749479027.2290010452270507812500 HTTP/1.1" 200 0 "-" "WordPress/6.7.2; https://w4.junglejuicewebtoon.com"
162.0.232.193 - - [09/Jun/2025:10:23:49 -0400] "POST /wp-admin/admin-ajax.php?action=async_litespeed&nonce=nOIbdgMpM55EUyq2oZIRfGV3SEdVBlmG&litespeed_type=imgoptm HTTP/1.1" 200 5 "-" "WordPress/6.7.2; https://w4.junglejuicewebtoon.com"
162.0.232.193 - - [09/Jun/2025:10:23:51 -0400] "GET /wp-content/uploads/36f5b53d6c6d3d6b1e9dd0027baac2ed_1435.xml HTTP/1.1" 200 1150 "-" "Mozilla/5.0 (X11; Linux x86_64) AppleWebKit/537.36 (KHTML, like Gecko) Ubuntu Chromium/41.0.2272.76"
51.222.253.9 - - [09/Jun/2025:10:25:04 -0400] "GET /category/jungle-juice-webtoon/page/18/ HTTP/1.1" 404 1251 "-" "Mozilla/5.0 (compatible; AhrefsBot/7.0; +http://ahrefs.com/robot/)"
162.0.232.193 - - [09/Jun/2025:10:28:06 -0400] "POST /wp-cron.php?doing_wp_cron=1749479285.8224530220031738281250 HTTP/1.1" 200 0 "-" "WordPress/6.7.2; https://w4.junglejuicewebtoon.com"
212.227.26.126 - - [09/Jun/2025:10:28:03 -0400] "POST /xmlrpc.php HTTP/1.1" 200 186 "https://w4.junglejuicewebtoon.com" "Mozilla/5.0 (Macintosh; Intel Mac OS X 10_15_7) AppleWebKit/537.36 (KHTML, like Gecko) Chrome/113.0.5672.93 Safari/537.36"
212.227.26.126 - - [09/Jun/2025:10:28:07 -0400] "POST /wp-login.php HTTP/1.1" 200 1993 "https://w4.junglejuicewebtoon.com" "Mozilla/5.0 (Macintosh; Intel Mac OS X 10_15_7) AppleWebKit/537.36 (KHTML, like Gecko) Chrome/116.0.5845.96 Safari/537.36"
162.0.232.193 - - [09/Jun/2025:10:28:09 -0400] "GET /wp-content/uploads/36f5b53d6c6d3d6b1e9dd0027baac2ed_1435.xml HTTP/1.1" 200 1028 "-" "Mozilla/5.0 (X11; Linux x86_64) AppleWebKit/537.36 (KHTML, like Gecko) Ubuntu Chromium/41.0.2272.76"
162.0.232.193 - - [09/Jun/2025:10:31:34 -0400] "POST /wp-cron.php?doing_wp_cron=1749479493.9700570106506347656250 HTTP/1.1" 200 0 "-" "WordPress/6.7.2; https://w4.junglejuicewebtoon.com"
40.69.47.193 - - [09/Jun/2025:10:31:35 -0400] "GET /wp-login.php?redirect_to=https%3A%2F%2Fw3.junglejuicewebtoon.com%2Fwp-admin%2Foptions.php&reauth=1 HTTP/1.1" 200 1858 "-" "-"
162.0.232.193 - - [09/Jun/2025:10:31:36 -0400] "POST /wp-admin/admin-ajax.php?action=async_litespeed&nonce=fIkEuRdOvmvqfRptePmu73sGwZGV8wOo&litespeed_type=imgoptm HTTP/1.1" 200 5 "-" "WordPress/6.7.2; https://w4.junglejuicewebtoon.com"
162.0.232.193 - - [09/Jun/2025:10:31:39 -0400] "GET /wp-content/uploads/36f5b53d6c6d3d6b1e9dd0027baac2ed_1435.xml HTTP/1.1" 200 1028 "-" "Mozilla/5.0 (X11; Linux x86_64) AppleWebKit/537.36 (KHTML, like Gecko) Ubuntu Chromium/41.0.2272.76"
40.69.47.193 - - [09/Jun/2025:10:31:40 -0400] "GET /wp-login.php?redirect_to=https%3A%2F%2Fw3.junglejuicewebtoon.com%2Fwp-admin%2Fcss%2Fcolors%2Fblue%2Findex.php%2F&reauth=1 HTTP/1.1" 200 1872 "-" "-"
40.69.47.193 - - [09/Jun/2025:10:31:40 -0400] "GET /wp-login.php?redirect_to=https%3A%2F%2Fw3.junglejuicewebtoon.com%2Fwp-admin%2Fmaint%2Fabout.php&reauth=1 HTTP/1.1" 200 1870 "-" "-"
40.69.47.193 - - [09/Jun/2025:10:31:45 -0400] "GET /wp-login.php?redirect_to=https%3A%2F%2Fw3.junglejuicewebtoon.com%2Fwp-admin%2Fcss%2Fcolors%2Fblue%2Fadmin.php&reauth=1 HTTP/1.1" 200 1869 "-" "-"
40.69.47.193 - - [09/Jun/2025:10:31:47 -0400] "GET /wp-login.php?redirect_to=https%3A%2F%2Fw3.junglejuicewebtoon.com%2Fwp-admin%2Fuser%2Findex.php&reauth=1 HTTP/1.1" 200 1866 "-" "-"
40.69.47.193 - - [09/Jun/2025:10:31:52 -0400] "GET /wp-login.php?redirect_to=https%3A%2F%2Fw3.junglejuicewebtoon.com%2Fwp-admin%2Ffile.php&reauth=1 HTTP/1.1" 200 1860 "-" "-"
40.69.47.193 - - [09/Jun/2025:10:31:54 -0400] "GET /wp-login.php?redirect_to=https%3A%2F%2Fw3.junglejuicewebtoon.com%2Fwp-admin%2Fcss%2Findex.php&reauth=1 HTTP/1.1" 200 1864 "-" "-"
40.69.47.193 - - [09/Jun/2025:10:31:55 -0400] "GET /wp-login.php?redirect_to=https%3A%2F%2Fw3.junglejuicewebtoon.com%2Fwp-admin%2Fjs%2Findex.php&reauth=1 HTTP/1.1" 200 1857 "-" "-"
40.69.47.193 - - [09/Jun/2025:10:31:57 -0400] "GET /wp-login.php?redirect_to=https%3A%2F%2Fw3.junglejuicewebtoon.com%2Fwp-admin%2Fadmin.php&reauth=1 HTTP/1.1" 200 1859 "-" "-"
40.69.47.193 - - [09/Jun/2025:10:32:00 -0400] "GET /wp-login.php?redirect_to=https%3A%2F%2Fw3.junglejuicewebtoon.com%2Fwp-admin%2Fcss%2Fcolors%2Findex.php&reauth=1 HTTP/1.1" 200 1870 "-" "-"
40.69.47.193 - - [09/Jun/2025:10:32:10 -0400] "GET /wp-login.php?redirect_to=https%3A%2F%2Fw3.junglejuicewebtoon.com%2Fwp-admin%2Fnetwork%2Fadmin.php&reauth=1 HTTP/1.1" 200 1865 "-" "-"
40.69.47.193 - - [09/Jun/2025:10:32:14 -0400] "GET /wp-login.php?redirect_to=https%3A%2F%2Fw3.junglejuicewebtoon.com%2Fwp-admin%2Fcss%2Fadmin.php&reauth=1 HTTP/1.1" 200 1865 "-" "-"
40.69.47.193 - - [09/Jun/2025:10:32:17 -0400] "GET /wp-login.php?redirect_to=https%3A%2F%2Fw3.junglejuicewebtoon.com%2Fwp-admin%2Fimages%2Findex.php&reauth=1 HTTP/1.1" 200 1864 "-" "-"
40.69.47.193 - - [09/Jun/2025:10:32:18 -0400] "GET /wp-login.php?redirect_to=https%3A%2F%2Fw3.junglejuicewebtoon.com%2Fwp-admin%2Fpages.php&reauth=1 HTTP/1.1" 200 1858 "-" "-"
40.69.47.193 - - [09/Jun/2025:10:32:20 -0400] "GET /wp-login.php?redirect_to=https%3A%2F%2Fw3.junglejuicewebtoon.com%2Fwp-admin%2Fcss%2Fcolors%2Fabout.php&reauth=1 HTTP/1.1" 200 1874 "-" "-"
40.69.47.193 - - [09/Jun/2025:10:32:21 -0400] "GET /wp-login.php?redirect_to=https%3A%2F%2Fw3.junglejuicewebtoon.com%2Fwp-admin%2Fincludes%2Fabout.php&reauth=1 HTTP/1.1" 200 1865 "-" "-"
40.69.47.193 - - [09/Jun/2025:10:32:23 -0400] "GET /wp-login.php?redirect_to=https%3A%2F%2Fw3.junglejuicewebtoon.com%2Fwp-admin%2Fcss%2Fabout.php&reauth=1 HTTP/1.1" 200 1868 "-" "-"
40.69.47.193 - - [09/Jun/2025:10:32:24 -0400] "GET /wp-login.php?redirect_to=https%3A%2F%2Fw3.junglejuicewebtoon.com%2Fwp-admin%2Fimages%2Fadmin.php&reauth=1 HTTP/1.1" 200 1866 "-" "-"
40.69.47.193 - - [09/Jun/2025:10:32:26 -0400] "GET /wp-login.php?redirect_to=https%3A%2F%2Fw3.junglejuicewebtoon.com%2Fwp-admin%2Fimages%2Fabout.php&reauth=1 HTTP/1.1" 200 1868 "-" "-"
40.69.47.193 - - [09/Jun/2025:10:32:27 -0400] "GET /wp-login.php?redirect_to=https%3A%2F%2Fw3.junglejuicewebtoon.com%2Fwp-admin%2Fcss%2Fcolors%2Fcoffee%2Findex.php&reauth=1 HTTP/1.1" 200 1871 "-" "-"
40.69.47.193 - - [09/Jun/2025:10:32:28 -0400] "GET /wp-login.php?redirect_to=https%3A%2F%2Fw3.junglejuicewebtoon.com%2Fwp-admin%2Fclasswithtostring.php&reauth=1 HTTP/1.1" 200 1878 "-" "-"
40.69.47.193 - - [09/Jun/2025:10:32:30 -0400] "GET /wp-login.php?redirect_to=https%3A%2F%2Fw3.junglejuicewebtoon.com%2Fwp-admin%2Fjs%2Fabout.php&reauth=1 HTTP/1.1" 200 1861 "-" "-"
40.69.47.193 - - [09/Jun/2025:10:32:32 -0400] "GET /wp-login.php?redirect_to=https%3A%2F%2Fw3.junglejuicewebtoon.com%2Fwp-admin%2Fmaint%2Findex.php&reauth=1 HTTP/1.1" 200 1867 "-" "-"
162.0.232.193 - - [09/Jun/2025:10:32:37 -0400] "POST /wp-cron.php?doing_wp_cron=1749479557.5763990879058837890625 HTTP/1.1" 200 0 "-" "WordPress/6.7.2; https://w4.junglejuicewebtoon.com"
40.69.47.193 - - [09/Jun/2025:10:32:37 -0400] "GET /wp-login.php?redirect_to=https%3A%2F%2Fw3.junglejuicewebtoon.com%2Fwp-admin%2Fautoload_classmap.php&reauth=1 HTTP/1.1" 200 1876 "-" "-"
162.0.232.193 - - [09/Jun/2025:10:32:38 -0400] "POST /wp-admin/admin-ajax.php?action=async_litespeed&nonce=r9rV4n3loKDzohWbPJTjJx0iJXRwfnp6&litespeed_type=imgoptm HTTP/1.1" 200 5 "-" "WordPress/6.7.2; https://w4.junglejuicewebtoon.com"
40.69.47.193 - - [09/Jun/2025:10:32:38 -0400] "GET /wp-login.php?redirect_to=https%3A%2F%2Fw3.junglejuicewebtoon.com%2Fwp-admin%2Fimages%2Fcloud.php&reauth=1 HTTP/1.1" 200 1868 "-" "-"
40.69.47.193 - - [09/Jun/2025:10:32:39 -0400] "GET /wp-login.php?redirect_to=https%3A%2F%2Fw3.junglejuicewebtoon.com%2Fwp-admin%2Fjs%2Fautoload_classmap.php&reauth=1 HTTP/1.1" 200 1871 "-" "-"
40.69.47.193 - - [09/Jun/2025:10:32:40 -0400] "GET /wp-login.php?action=register HTTP/1.1" 302 0 "-" "-"
40.69.47.193 - - [09/Jun/2025:10:32:41 -0400] "GET /wp-login.php?registration=disabled HTTP/1.1" 200 1923 "-" "-"
162.0.232.193 - - [09/Jun/2025:10:32:43 -0400] "POST /wp-cron.php?doing_wp_cron=1749479563.2306950092315673828125 HTTP/1.1" 200 0 "-" "WordPress/6.7.2; https://w4.junglejuicewebtoon.com"
40.69.47.193 - - [09/Jun/2025:10:32:43 -0400] "GET /wp-login.php?redirect_to=https%3A%2F%2Fw3.junglejuicewebtoon.com%2Fwp-admin%2Fuser%2Fxmrlpc.php&reauth=1 HTTP/1.1" 200 1869 "-" "-"
162.0.232.193 - - [09/Jun/2025:10:32:43 -0400] "POST /wp-admin/admin-ajax.php?action=async_litespeed&nonce=EwsUO8kWwLhD9dP2ckQMEumXBZrRQc32&litespeed_type=imgoptm HTTP/1.1" 200 5 "-" "WordPress/6.7.2; https://w4.junglejuicewebtoon.com"
40.69.47.193 - - [09/Jun/2025:10:32:49 -0400] "GET /wp-login.php?redirect_to=https%3A%2F%2Fw3.junglejuicewebtoon.com%2Fwp-admin%2Fcss%2Fcolors%2Fblue%2Fabout.php&reauth=1 HTTP/1.1" 200 1873 "-" "-"
40.69.47.193 - - [09/Jun/2025:10:32:51 -0400] "GET /wp-login.php?redirect_to=https%3A%2F%2Fw3.junglejuicewebtoon.com%2Fwp-admin%2Fcss%2Fcolors%2Fmidnight%2Fcolors.php&reauth=1 HTTP/1.1" 200 1879 "-" "-"
40.69.47.193 - - [09/Jun/2025:10:32:55 -0400] "GET /wp-login.php?redirect_to=https%3A%2F%2Fw3.junglejuicewebtoon.com%2Fwp-admin%2Fnetwork%2Findex.php&reauth=1 HTTP/1.1" 200 1862 "-" "-"
17.241.227.135 - - [09/Jun/2025:10:37:08 -0400] "GET /manga1/jungle-juice-chapter-53-2/ HTTP/1.1" 404 1251 "-" "Mozilla/5.0 (Macintosh; Intel Mac OS X 10_15_7) AppleWebKit/605.1.15 (KHTML, like Gecko) Version/17.4 Safari/605.1.15 (Applebot/0.1; +http://www.apple.com/go/applebot)"
51.222.253.8 - - [09/Jun/2025:10:37:25 -0400] "GET /category/jungle-juice/page/18/ HTTP/1.1" 404 1251 "-" "Mozilla/5.0 (compatible; AhrefsBot/7.0; +http://ahrefs.com/robot/)"
162.0.232.193 - - [09/Jun/2025:10:42:46 -0400] "POST /wp-cron.php?doing_wp_cron=1749480166.6379809379577636718750 HTTP/1.1" 200 0 "-" "WordPress/6.7.2; https://w4.junglejuicewebtoon.com"
2400:d860:0:7:20c:29ff:feea:d438 - - [09/Jun/2025:10:42:42 -0400] "POST /xmlrpc.php HTTP/1.1" 200 205 "-" "Mozilla/5.0 (X11; Ubuntu; Linux x86_64; rv:85.0) Gecko/20100101 Firefox/91.0"
162.0.232.193 - - [09/Jun/2025:10:42:48 -0400] "GET /wp-content/uploads/36f5b53d6c6d3d6b1e9dd0027baac2ed_1435.xml HTTP/1.1" 200 1150 "-" "Mozilla/5.0 (X11; Linux x86_64) AppleWebKit/537.36 (KHTML, like Gecko) Ubuntu Chromium/41.0.2272.76"
89.117.19.179 - - [09/Jun/2025:10:43:40 -0400] "POST /xmlrpc.php HTTP/1.1" 200 186 "https://w4.junglejuicewebtoon.com" "Mozilla/5.0 (Windows NT 11.0; Win64; x64) AppleWebKit/537.36 (KHTML, like Gecko) Chrome/126.0.0.0 Safari/537.36"
89.117.19.179 - - [09/Jun/2025:10:43:41 -0400] "POST /wp-login.php HTTP/1.1" 200 1993 "https://w4.junglejuicewebtoon.com" "Mozilla/5.0 (Windows NT 10.0; Win64; x64) AppleWebKit/537.36 (KHTML, like Gecko) Chrome/116.0.5845.96 Safari/537.36"
196.251.86.200 - - [09/Jun/2025:10:45:16 -0400] "GET /wp-content/plugins/WordPressCore/include.php HTTP/1.1" 200 0 "-" "Mozlila/5.0 (Linux; Android 7.0; SM-G892A Bulid/NRD90M; wv) AppleWebKit/537.36 (KHTML, like Gecko) Version/4.0 Chrome/60.0.3112.107 Moblie Safari/537.36"
196.251.86.200 - - [09/Jun/2025:10:45:24 -0400] "GET /wp-content/plugins/WordPressCore/include.php HTTP/1.1" 200 0 "-" "Mozlila/5.0 (Linux; Android 7.0; SM-G892A Bulid/NRD90M; wv) AppleWebKit/537.36 (KHTML, like Gecko) Version/4.0 Chrome/60.0.3112.107 Moblie Safari/537.36"
51.222.253.13 - - [09/Jun/2025:10:47:56 -0400] "GET /category/jungle-juice-manhwa/page/19/ HTTP/1.1" 404 1251 "-" "Mozilla/5.0 (compatible; AhrefsBot/7.0; +http://ahrefs.com/robot/)"
85.208.96.200 - - [09/Jun/2025:10:48:33 -0400] "GET /robots.txt HTTP/1.1" 404 1251 "-" "Mozilla/5.0 (compatible; SemrushBot/7~bl; +http://www.semrush.com/bot.html)"
85.208.96.204 - - [09/Jun/2025:10:48:34 -0400] "GET /manga1/jungle-juice-chapter-63/ HTTP/1.1" 404 1251 "-" "Mozilla/5.0 (compatible; SemrushBot/7~bl; +http://www.semrush.com/bot.html)"
114.119.136.160 - - [09/Jun/2025:10:53:25 -0400] "GET /category/manga/page/16/ HTTP/1.1" 404 1251 "https://w4.junglejuicewebtoon.com/category/manga/page/17/" "Mozilla/5.0 (Linux; Android 7.0;) AppleWebKit/537.36 (KHTML, like Gecko) Mobile Safari/537.36 (compatible; PetalBot;+https://webmaster.petalsearch.com/site/petalbot)"
114.119.133.138 - - [09/Jun/2025:10:55:00 -0400] "GET /category/jungle-juice-manhwa/page/8/ HTTP/1.1" 404 1251 "https://w4.junglejuicewebtoon.com/category/jungle-juice-manhwa/page/9/" "Mozilla/5.0 (Linux; Android 7.0;) AppleWebKit/537.36 (KHTML, like Gecko) Mobile Safari/537.36 (compatible; PetalBot;+https://webmaster.petalsearch.com/site/petalbot)"
114.119.133.125 - - [09/Jun/2025:10:57:36 -0400] "GET /manga1/jungle-juice-chapter-157/ HTTP/1.1" 404 1251 "https://junglejuicewebtoon.com/jungle-juice-chapter-69/" "Mozilla/5.0 (Linux; Android 7.0;) AppleWebKit/537.36 (KHTML, like Gecko) Mobile Safari/537.36 (compatible; PetalBot;+https://webmaster.petalsearch.com/site/petalbot)"
162.0.232.193 - - [09/Jun/2025:11:01:40 -0400] "POST /wp-cron.php?doing_wp_cron=1749481300.1269619464874267578125 HTTP/1.1" 200 0 "-" "WordPress/6.7.2; https://w4.junglejuicewebtoon.com"
162.0.232.193 - - [09/Jun/2025:11:01:42 -0400] "POST /wp-admin/admin-ajax.php?action=async_litespeed&nonce=sdYE7ekkgeM9aYIFgkGFZcFesSQ38mlK&litespeed_type=imgoptm HTTP/1.1" 200 0 "-" "WordPress/6.7.2; https://w4.junglejuicewebtoon.com"
162.0.232.193 - - [09/Jun/2025:11:01:45 -0400] "GET /wp-content/uploads/36f5b53d6c6d3d6b1e9dd0027baac2ed_1435.xml HTTP/1.1" 200 1028 "-" "Mozilla/5.0 (X11; Linux x86_64) AppleWebKit/537.36 (KHTML, like Gecko) Ubuntu Chromium/41.0.2272.76"
51.222.253.6 - - [09/Jun/2025:11:02:29 -0400] "GET /manga1/jungle-juice-chapter-91/ HTTP/1.1" 404 1251 "-" "Mozilla/5.0 (compatible; AhrefsBot/7.0; +http://ahrefs.com/robot/)"
114.119.154.6 - - [09/Jun/2025:11:10:02 -0400] "GET /manga1/jungle-juice-chapter-154/ HTTP/1.1" 404 1251 "https://junglejuicewebtoon.com/jungle-juice-chapter-69/" "Mozilla/5.0 (Linux; Android 7.0;) AppleWebKit/537.36 (KHTML, like Gecko) Mobile Safari/537.36 (compatible; PetalBot;+https://webmaster.petalsearch.com/site/petalbot)"
185.191.171.17 - - [09/Jun/2025:11:10:57 -0400] "GET /author/admin/page/29/ HTTP/1.1" 404 1251 "-" "Mozilla/5.0 (compatible; SemrushBot/7~bl; +http://www.semrush.com/bot.html)"
114.119.137.38 - - [09/Jun/2025:11:14:58 -0400] "GET /manga1/jungle-juice-chapter-140/ HTTP/1.1" 404 1251 "https://junglejuicewebtoon.com/jungle-juice-chapter-69/" "Mozilla/5.0 (Linux; Android 7.0;) AppleWebKit/537.36 (KHTML, like Gecko) Mobile Safari/537.36 (compatible; PetalBot;+https://webmaster.petalsearch.com/site/petalbot)"
51.222.253.14 - - [09/Jun/2025:11:15:51 -0400] "GET /manga1/jungle-juice-chapter-69-2/ HTTP/1.1" 404 1251 "-" "Mozilla/5.0 (compatible; AhrefsBot/7.0; +http://ahrefs.com/robot/)"
114.119.137.38 - - [09/Jun/2025:11:15:57 -0400] "GET /category/manga/page/17/ HTTP/1.1" 404 1251 "https://w4.junglejuicewebtoon.com/category/manga/page/18/" "Mozilla/5.0 (Linux; Android 7.0;) AppleWebKit/537.36 (KHTML, like Gecko) Mobile Safari/537.36 (compatible; PetalBot;+https://webmaster.petalsearch.com/site/petalbot)"
162.0.232.193 - - [09/Jun/2025:11:16:31 -0400] "POST /wp-cron.php?doing_wp_cron=1749482191.4235320091247558593750 HTTP/1.1" 200 0 "-" "WordPress/6.7.2; https://w4.junglejuicewebtoon.com"
87.248.139.173 - - [09/Jun/2025:11:16:27 -0400] "POST /xmlrpc.php HTTP/1.1" 200 186 "https://w4.junglejuicewebtoon.com" "Mozilla/5.0 (Windows NT 10.0; Win64; x64) AppleWebKit/537.36 (KHTML, like Gecko) Chrome/114.0.5735.199 Safari/537.36 Edg/114.0.1823.67"
162.0.232.193 - - [09/Jun/2025:11:16:32 -0400] "POST /wp-admin/admin-ajax.php?action=async_litespeed&nonce=i8h7azrupQoFgwlTIW59rpnrBUkwGfCZ&litespeed_type=imgoptm HTTP/1.1" 200 5 "-" "WordPress/6.7.2; https://w4.junglejuicewebtoon.com"
87.248.139.173 - - [09/Jun/2025:11:16:33 -0400] "POST /wp-login.php HTTP/1.1" 200 1993 "https://w4.junglejuicewebtoon.com" "Mozilla/5.0 (Macintosh; Intel Mac OS X 14.5) AppleWebKit/618.3.5 (KHTML, like Gecko) Version/17.4 Safari/618.3.5"
162.0.232.193 - - [09/Jun/2025:11:16:34 -0400] "GET /wp-content/uploads/36f5b53d6c6d3d6b1e9dd0027baac2ed_1435.xml HTTP/1.1" 200 1150 "-" "Mozilla/5.0 (X11; Linux x86_64) AppleWebKit/537.36 (KHTML, like Gecko) Ubuntu Chromium/41.0.2272.76"
114.119.133.138 - - [09/Jun/2025:11:17:11 -0400] "GET /category/jungle-juice-webtoon/page/23/ HTTP/1.1" 404 1251 "https://w4.junglejuicewebtoon.com/category/jungle-juice-webtoon/page/24/" "Mozilla/5.0 (Linux; Android 7.0;) AppleWebKit/537.36 (KHTML, like Gecko) Mobile Safari/537.36 (compatible; PetalBot;+https://webmaster.petalsearch.com/site/petalbot)"
114.119.157.54 - - [09/Jun/2025:11:18:26 -0400] "GET /category/jungle-juice-webtoon/page/4/ HTTP/1.1" 404 1251 "https://w4.junglejuicewebtoon.com/category/jungle-juice-webtoon/page/3/" "Mozilla/5.0 (Linux; Android 7.0;) AppleWebKit/537.36 (KHTML, like Gecko) Mobile Safari/537.36 (compatible; PetalBot;+https://webmaster.petalsearch.com/site/petalbot)"
114.119.137.38 - - [09/Jun/2025:11:19:29 -0400] "GET /manga1/jungle-juice-chapter-94/ HTTP/1.1" 404 1251 "https://junglejuicewebtoon.com/jungle-juice-chapter-69/" "Mozilla/5.0 (Linux; Android 7.0;) AppleWebKit/537.36 (KHTML, like Gecko) Mobile Safari/537.36 (compatible; PetalBot;+https://webmaster.petalsearch.com/site/petalbot)"
114.119.155.13 - - [09/Jun/2025:11:20:51 -0400] "GET /manga1/jungle-juice-chapter-134/ HTTP/1.1" 404 1251 "https://junglejuicewebtoon.com/jungle-juice-chapter-69/" "Mozilla/5.0 (Linux; Android 7.0;) AppleWebKit/537.36 (KHTML, like Gecko) Mobile Safari/537.36 (compatible; PetalBot;+https://webmaster.petalsearch.com/site/petalbot)"
114.119.133.138 - - [09/Jun/2025:11:21:51 -0400] "GET /category/jungle-juice-manga/page/21/ HTTP/1.1" 404 1251 "https://w4.junglejuicewebtoon.com/category/jungle-juice-manga/page/20/" "Mozilla/5.0 (Linux; Android 7.0;) AppleWebKit/537.36 (KHTML, like Gecko) Mobile Safari/537.36 (compatible; PetalBot;+https://webmaster.petalsearch.com/site/petalbot)"
114.119.133.125 - - [09/Jun/2025:11:22:46 -0400] "GET /category/jungle-juice-manga/page/13/ HTTP/1.1" 404 1251 "https://w4.junglejuicewebtoon.com/category/jungle-juice-manga/page/14/" "Mozilla/5.0 (Linux; Android 7.0;) AppleWebKit/537.36 (KHTML, like Gecko) Mobile Safari/537.36 (compatible; PetalBot;+https://webmaster.petalsearch.com/site/petalbot)"
114.119.136.160 - - [09/Jun/2025:11:24:55 -0400] "GET /category/jungle-juice-webtoon/page/5/ HTTP/1.1" 404 1251 "https://w4.junglejuicewebtoon.com/category/jungle-juice-webtoon/page/5/" "Mozilla/5.0 (Linux; Android 7.0;) AppleWebKit/537.36 (KHTML, like Gecko) Mobile Safari/537.36 (compatible; PetalBot;+https://webmaster.petalsearch.com/site/petalbot)"
51.222.253.5 - - [09/Jun/2025:11:28:38 -0400] "GET /manga1/jungle-juice-chapter-64-2/ HTTP/1.1" 404 1251 "-" "Mozilla/5.0 (compatible; AhrefsBot/7.0; +http://ahrefs.com/robot/)"
162.0.232.193 - - [09/Jun/2025:11:29:45 -0400] "POST /wp-cron.php?doing_wp_cron=1749482985.3097119331359863281250 HTTP/1.1" 200 0 "-" "WordPress/6.7.2; https://w4.junglejuicewebtoon.com"
162.0.232.193 - - [09/Jun/2025:11:29:47 -0400] "POST /wp-admin/admin-ajax.php?action=async_litespeed&nonce=xxPqYTXRjeEkHlDvXoR2Opj51LApLseq&litespeed_type=imgoptm HTTP/1.1" 200 0 "-" "WordPress/6.7.2; https://w4.junglejuicewebtoon.com"
162.0.232.193 - - [09/Jun/2025:11:29:50 -0400] "GET /wp-content/uploads/36f5b53d6c6d3d6b1e9dd0027baac2ed_1435.xml HTTP/1.1" 200 1150 "-" "Mozilla/5.0 (X11; Linux x86_64) AppleWebKit/537.36 (KHTML, like Gecko) Ubuntu Chromium/41.0.2272.76"
17.241.227.47 - - [09/Jun/2025:11:31:10 -0400] "GET /manga1/jungle-juice-chapter-56-2/ HTTP/1.1" 404 1251 "-" "Mozilla/5.0 (Macintosh; Intel Mac OS X 10_15_7) AppleWebKit/605.1.15 (KHTML, like Gecko) Version/17.4 Safari/605.1.15 (Applebot/0.1; +http://www.apple.com/go/applebot)"
216.244.66.247 - - [09/Jun/2025:11:35:48 -0400] "GET /robots.txt HTTP/1.1" 404 1251 "-" "Mozilla/5.0 (compatible; DotBot/1.2; +https://opensiteexplorer.org/dotbot; [email protected])"
114.119.133.138 - - [09/Jun/2025:11:38:49 -0400] "GET /manga1/jungle-juice-chapter-8-3/ HTTP/1.1" 404 1251 "https://junglejuicewebtoon.com/jungle-juice-chapter-69/" "Mozilla/5.0 (Linux; Android 7.0;) AppleWebKit/537.36 (KHTML, like Gecko) Mobile Safari/537.36 (compatible; PetalBot;+https://webmaster.petalsearch.com/site/petalbot)"
51.222.253.5 - - [09/Jun/2025:11:40:07 -0400] "GET /category/jungle-juice/page/19/ HTTP/1.1" 404 1251 "-" "Mozilla/5.0 (compatible; AhrefsBot/7.0; +http://ahrefs.com/robot/)"
162.0.232.193 - - [09/Jun/2025:11:40:31 -0400] "POST /wp-cron.php?doing_wp_cron=1749483630.8410589694976806640625 HTTP/1.1" 200 0 "-" "WordPress/6.7.2; https://w4.junglejuicewebtoon.com"
194.87.252.147 - - [09/Jun/2025:11:40:32 -0400] "POST /wp-login.php HTTP/1.1" 200 1991 "https://w3.junglejuicewebtoon.com/wp-login.php" "Mozilla/5.0 (Macintosh; Intel Mac OS X 10_9_2) AppleWebKit/537.36 (KHTML, like Gecko) Chrome/54.0.2856.27 Safari/537.36"
194.87.252.147 - - [09/Jun/2025:11:40:33 -0400] "GET /wp-admin/plugins.php HTTP/1.1" 302 0 "https://w4.junglejuicewebtoon.com/wp-login.php" "Mozilla/5.0 (Macintosh; Intel Mac OS X 10_9_2) AppleWebKit/537.36 (KHTML, like Gecko) Chrome/54.0.2856.27 Safari/537.36"
194.87.252.147 - - [09/Jun/2025:11:40:34 -0400] "GET /wp-login.php?redirect_to=https%3A%2F%2Fw4.junglejuicewebtoon.com%2Fwp-admin%2Fplugins.php&reauth=1 HTTP/1.1" 200 1859 "https://w4.junglejuicewebtoon.com/wp-login.php" "Mozilla/5.0 (Macintosh; Intel Mac OS X 10_9_2) AppleWebKit/537.36 (KHTML, like Gecko) Chrome/54.0.2856.27 Safari/537.36"
162.0.232.193 - - [09/Jun/2025:11:40:35 -0400] "GET /wp-content/uploads/36f5b53d6c6d3d6b1e9dd0027baac2ed_1435.xml HTTP/1.1" 200 1028 "-" "Mozilla/5.0 (X11; Linux x86_64) AppleWebKit/537.36 (KHTML, like Gecko) Ubuntu Chromium/41.0.2272.76"
162.0.232.193 - - [09/Jun/2025:11:44:47 -0400] "POST /wp-cron.php?doing_wp_cron=1749483887.2500360012054443359375 HTTP/1.1" 200 0 "-" "WordPress/6.7.2; https://w4.junglejuicewebtoon.com"
162.0.232.193 - - [09/Jun/2025:11:44:49 -0400] "POST /wp-admin/admin-ajax.php?action=async_litespeed&nonce=9XQBD36fSdwoGhZuy3zJICoCXtuXoiWY&litespeed_type=imgoptm HTTP/1.1" 200 5 "-" "WordPress/6.7.2; https://w4.junglejuicewebtoon.com"
162.0.232.193 - - [09/Jun/2025:11:44:51 -0400] "GET /wp-content/uploads/36f5b53d6c6d3d6b1e9dd0027baac2ed_1435.xml HTTP/1.1" 200 1150 "-" "Mozilla/5.0 (X11; Linux x86_64) AppleWebKit/537.36 (KHTML, like Gecko) Ubuntu Chromium/41.0.2272.76"
198.98.57.71 - - [09/Jun/2025:11:45:36 -0400] "GET /wp-login.php?redirect_to=https%3A%2F%2Fw3.junglejuicewebtoon.com%2Fwp-admin%2Fthemes.php&reauth=1 HTTP/1.1" 200 1857 "-" "python-requests/2.27.1"
162.0.232.193 - - [09/Jun/2025:11:47:44 -0400] "POST /wp-cron.php?doing_wp_cron=1749484063.9006490707397460937500 HTTP/1.1" 200 0 "-" "WordPress/6.7.2; https://w4.junglejuicewebtoon.com"
62.72.45.71 - - [09/Jun/2025:11:47:42 -0400] "POST /xmlrpc.php HTTP/1.1" 200 205 "-" "Mozilla/5.0 (X11; Ubuntu; Linux x86_64; rv:85.0) Gecko/20100101 Firefox/91.0"
162.0.232.193 - - [09/Jun/2025:11:47:45 -0400] "GET /wp-content/uploads/36f5b53d6c6d3d6b1e9dd0027baac2ed_1435.xml HTTP/1.1" 200 1150 "-" "Mozilla/5.0 (X11; Linux x86_64) AppleWebKit/537.36 (KHTML, like Gecko) Ubuntu Chromium/41.0.2272.76"
17.241.219.145 - - [09/Jun/2025:11:51:35 -0400] "GET /manga1/jungle-juice-chapter-51-2/ HTTP/1.1" 404 1251 "-" "Mozilla/5.0 (Macintosh; Intel Mac OS X 10_15_7) AppleWebKit/605.1.15 (KHTML, like Gecko) Version/17.4 Safari/605.1.15 (Applebot/0.1; +http://www.apple.com/go/applebot)"
51.222.253.10 - - [09/Jun/2025:11:52:44 -0400] "GET /category/jungle-juice-webtoon/page/19/ HTTP/1.1" 404 1251 "-" "Mozilla/5.0 (compatible; AhrefsBot/7.0; +http://ahrefs.com/robot/)"
162.0.232.193 - - [09/Jun/2025:12:01:22 -0400] "POST /wp-admin/admin-ajax.php?action=async_litespeed&nonce=8DEkzbxQUu0hvjKxcKEl7kQMU7tPPsIE&litespeed_type=imgoptm HTTP/1.1" 200 0 "-" "WordPress/6.7.2; https://w4.junglejuicewebtoon.com"
162.0.232.193 - - [09/Jun/2025:12:01:25 -0400] "GET /wp-content/uploads/36f5b53d6c6d3d6b1e9dd0027baac2ed_1435.xml HTTP/1.1" 200 1028 "-" "Mozilla/5.0 (X11; Linux x86_64) AppleWebKit/537.36 (KHTML, like Gecko) Ubuntu Chromium/41.0.2272.76"
17.241.75.105 - - [09/Jun/2025:12:02:46 -0400] "GET /manga1/jungle-juice-chapter-90-2/ HTTP/1.1" 404 1251 "-" "Mozilla/5.0 (Macintosh; Intel Mac OS X 10_15_7) AppleWebKit/605.1.15 (KHTML, like Gecko) Version/17.4 Safari/605.1.15 (Applebot/0.1; +http://www.apple.com/go/applebot)"
51.222.253.5 - - [09/Jun/2025:12:03:16 -0400] "GET /category/jungle-juice-manga/page/7/ HTTP/1.1" 404 1251 "-" "Mozilla/5.0 (compatible; AhrefsBot/7.0; +http://ahrefs.com/robot/)"
216.244.66.247 - - [09/Jun/2025:12:05:08 -0400] "GET /manga1/jungle-juice-chapter-137/ HTTP/1.1" 404 1251 "-" "Mozilla/5.0 (compatible; DotBot/1.2; +https://opensiteexplorer.org/dotbot; [email protected])"
162.0.232.193 - - [09/Jun/2025:12:06:19 -0400] "POST /wp-cron.php?doing_wp_cron=1749485179.6481180191040039062500 HTTP/1.1" 200 0 "-" "WordPress/6.7.2; https://w4.junglejuicewebtoon.com"
220.158.234.201 - - [09/Jun/2025:12:06:17 -0400] "POST /xmlrpc.php HTTP/1.1" 200 186 "https://w4.junglejuicewebtoon.com" "Mozilla/5.0 (Macintosh; Intel Mac OS X 13_3) AppleWebKit/537.36 (KHTML, like Gecko) Chrome/126.0.0.0 Safari/537.36 Edg/126.0.0.0"
162.0.232.193 - - [09/Jun/2025:12:06:20 -0400] "POST /wp-admin/admin-ajax.php?action=async_litespeed&nonce=nggH4ExqioL09qSl44FJNgSmlQlhLe3e&litespeed_type=imgoptm HTTP/1.1" 200 5 "-" "WordPress/6.7.2; https://w4.junglejuicewebtoon.com"
220.158.234.201 - - [09/Jun/2025:12:06:20 -0400] "POST /wp-login.php HTTP/1.1" 200 1993 "https://w4.junglejuicewebtoon.com" "Mozilla/5.0 (Windows NT 10.0; Win64; x64) AppleWebKit/537.36 (KHTML, like Gecko) Chrome/113.0.5672.93 Safari/537.36"
162.0.232.193 - - [09/Jun/2025:12:06:22 -0400] "GET /wp-content/uploads/36f5b53d6c6d3d6b1e9dd0027baac2ed_1435.xml HTTP/1.1" 200 1150 "-" "Mozilla/5.0 (X11; Linux x86_64) AppleWebKit/537.36 (KHTML, like Gecko) Ubuntu Chromium/41.0.2272.76"
162.0.232.193 - - [09/Jun/2025:12:11:29 -0400] "POST /wp-cron.php?doing_wp_cron=1749485489.3486568927764892578125 HTTP/1.1" 200 0 "-" "WordPress/6.7.2; https://w4.junglejuicewebtoon.com"
162.0.232.193 - - [09/Jun/2025:12:11:31 -0400] "POST /wp-admin/admin-ajax.php?action=async_litespeed&nonce=YT7ki46I6i2I8uJpOV0ZvMicUflsCv0k&litespeed_type=imgoptm HTTP/1.1" 200 5 "-" "WordPress/6.7.2; https://w4.junglejuicewebtoon.com"
162.0.232.193 - - [09/Jun/2025:12:11:34 -0400] "GET /wp-content/uploads/36f5b53d6c6d3d6b1e9dd0027baac2ed_1435.xml HTTP/1.1" 200 1028 "-" "Mozilla/5.0 (X11; Linux x86_64) AppleWebKit/537.36 (KHTML, like Gecko) Ubuntu Chromium/41.0.2272.76"
51.222.253.11 - - [09/Jun/2025:12:15:21 -0400] "GET /manga1/jungle-juice-chapter-70-2/ HTTP/1.1" 404 1251 "-" "Mozilla/5.0 (compatible; AhrefsBot/7.0; +http://ahrefs.com/robot/)"
162.0.232.193 - - [09/Jun/2025:12:15:55 -0400] "POST /wp-cron.php?doing_wp_cron=1749485755.1628730297088623046875 HTTP/1.1" 200 0 "-" "WordPress/6.7.2; https://w4.junglejuicewebtoon.com"
92.222.181.205 - - [09/Jun/2025:12:15:53 -0400] "POST /xmlrpc.php HTTP/1.1" 200 205 "-" "Mozilla/5.0 (X11; Ubuntu; Linux x86_64; rv:85.0) Gecko/20100101 Firefox/91.0"
162.0.232.193 - - [09/Jun/2025:12:15:56 -0400] "POST /wp-admin/admin-ajax.php?action=async_litespeed&nonce=HJxlAV9KMtJf4pe8pKZEdRrTmLPSJta9&litespeed_type=imgoptm HTTP/1.1" 200 0 "-" "WordPress/6.7.2; https://w4.junglejuicewebtoon.com"
162.0.232.193 - - [09/Jun/2025:12:15:58 -0400] "GET /wp-content/uploads/36f5b53d6c6d3d6b1e9dd0027baac2ed_1435.xml HTTP/1.1" 200 1150 "-" "Mozilla/5.0 (X11; Linux x86_64) AppleWebKit/537.36 (KHTML, like Gecko) Ubuntu Chromium/41.0.2272.76"
49.51.245.241 - - [09/Jun/2025:12:18:03 -0400] "GET / HTTP/1.1" 200 1701 "http://w4.junglejuicewebtoon.com" "Mozilla/5.0 (iPhone; CPU iPhone OS 13_2_3 like Mac OS X) AppleWebKit/605.1.15 (KHTML, like Gecko) Version/13.0.3 Mobile/15E148 Safari/604.1"
216.244.66.247 - - [09/Jun/2025:12:20:09 -0400] "GET /robots.txt HTTP/1.1" 404 1251 "-" "Mozilla/5.0 (compatible; DotBot/1.2; +https://opensiteexplorer.org/dotbot; [email protected])"
162.0.232.193 - - [09/Jun/2025:12:21:09 -0400] "POST /wp-cron.php?doing_wp_cron=1749486069.0625228881835937500000 HTTP/1.1" 200 0 "-" "WordPress/6.7.2; https://w4.junglejuicewebtoon.com"
162.0.232.193 - - [09/Jun/2025:12:21:14 -0400] "GET /wp-content/uploads/36f5b53d6c6d3d6b1e9dd0027baac2ed_1435.xml HTTP/1.1" 200 1028 "-" "Mozilla/5.0 (X11; Linux x86_64) AppleWebKit/537.36 (KHTML, like Gecko) Ubuntu Chromium/41.0.2272.76"
162.0.232.193 - - [09/Jun/2025:12:22:51 -0400] "POST /wp-cron.php?doing_wp_cron=1749486171.1713829040527343750000 HTTP/1.1" 200 0 "-" "WordPress/6.7.2; https://w4.junglejuicewebtoon.com"
91.238.162.8 - - [09/Jun/2025:12:22:49 -0400] "POST /xmlrpc.php HTTP/1.1" 200 186 "https://w4.junglejuicewebtoon.com" "Mozilla/5.0 (Macintosh; Intel Mac OS X 10_15_7; rv:126.0) Gecko/20100101 Firefox/126.0"
162.0.232.193 - - [09/Jun/2025:12:22:51 -0400] "POST /wp-admin/admin-ajax.php?action=async_litespeed&nonce=JbEh7K6QFjwSU8sbow39456GUZ85onh6&litespeed_type=imgoptm HTTP/1.1" 200 5 "-" "WordPress/6.7.2; https://w4.junglejuicewebtoon.com"
91.238.162.8 - - [09/Jun/2025:12:22:52 -0400] "POST /wp-login.php HTTP/1.1" 200 1993 "https://w4.junglejuicewebtoon.com" "Mozilla/5.0 (Windows NT 10.0; Win64; x64) AppleWebKit/537.36 (KHTML, like Gecko) Chrome/115.0.5790.102 Safari/537.36"
162.0.232.193 - - [09/Jun/2025:12:22:53 -0400] "GET /wp-content/uploads/36f5b53d6c6d3d6b1e9dd0027baac2ed_1435.xml HTTP/1.1" 200 1150 "-" "Mozilla/5.0 (X11; Linux x86_64) AppleWebKit/537.36 (KHTML, like Gecko) Ubuntu Chromium/41.0.2272.76"
51.222.253.16 - - [09/Jun/2025:12:29:40 -0400] "GET /manga1/jungle-juice-chapter-89/ HTTP/1.1" 404 1251 "-" "Mozilla/5.0 (compatible; AhrefsBot/7.0; +http://ahrefs.com/robot/)"
49.51.39.209 - - [09/Jun/2025:12:34:06 -0400] "GET /wp-includes/ HTTP/1.1" 200 7310 "-" "Mozilla/5.0 (iPhone; CPU iPhone OS 13_2_3 like Mac OS X) AppleWebKit/605.1.15 (KHTML, like Gecko) Version/13.0.3 Mobile/15E148 Safari/604.1"
162.0.232.193 - - [09/Jun/2025:12:35:12 -0400] "POST /wp-cron.php?doing_wp_cron=1749486912.7624630928039550781250 HTTP/1.1" 200 0 "-" "WordPress/6.7.2; https://w4.junglejuicewebtoon.com"
2402:1f00:8000:800::1c87 - - [09/Jun/2025:12:35:08 -0400] "POST /xmlrpc.php HTTP/1.1" 200 205 "-" "Mozilla/5.0 (X11; Ubuntu; Linux x86_64; rv:85.0) Gecko/20100101 Firefox/91.0"
162.0.232.193 - - [09/Jun/2025:12:35:14 -0400] "GET /wp-content/uploads/36f5b53d6c6d3d6b1e9dd0027baac2ed_1435.xml HTTP/1.1" 200 1150 "-" "Mozilla/5.0 (X11; Linux x86_64) AppleWebKit/537.36 (KHTML, like Gecko) Ubuntu Chromium/41.0.2272.76"
162.0.232.193 - - [09/Jun/2025:12:38:39 -0400] "POST /wp-cron.php?doing_wp_cron=1749487119.1767981052398681640625 HTTP/1.1" 200 0 "-" "WordPress/6.7.2; https://w4.junglejuicewebtoon.com"
89.117.19.179 - - [09/Jun/2025:12:38:37 -0400] "POST /xmlrpc.php HTTP/1.1" 200 186 "https://w4.junglejuicewebtoon.com" "Mozilla/5.0 (Windows NT 10.0; Win64; x64) AppleWebKit/537.36 (KHTML, like Gecko) Chrome/115.0.5790.171 Safari/537.36 Edg/115.0.1901.203"
89.117.19.179 - - [09/Jun/2025:12:38:39 -0400] "POST /wp-login.php HTTP/1.1" 200 1993 "https://w4.junglejuicewebtoon.com" "Mozilla/5.0 (Windows NT 10.0; Win64; x64; rv:128.0) Gecko/20100101 Firefox/128.0"
162.0.232.193 - - [09/Jun/2025:12:38:39 -0400] "POST /wp-admin/admin-ajax.php?action=async_litespeed&nonce=j6NjpGdfF9CJiibq36P4UygBSddP0vPy&litespeed_type=imgoptm HTTP/1.1" 200 5 "-" "WordPress/6.7.2; https://w4.junglejuicewebtoon.com"
162.0.232.193 - - [09/Jun/2025:12:38:41 -0400] "GET /wp-content/uploads/36f5b53d6c6d3d6b1e9dd0027baac2ed_1435.xml HTTP/1.1" 200 1150 "-" "Mozilla/5.0 (X11; Linux x86_64) AppleWebKit/537.36 (KHTML, like Gecko) Ubuntu Chromium/41.0.2272.76"
43.156.156.96 - - [09/Jun/2025:12:42:27 -0400] "GET /2.php HTTP/1.1" 403 1242 "-" "Mozilla/5.0 (iPhone; CPU iPhone OS 13_2_3 like Mac OS X) AppleWebKit/605.1.15 (KHTML, like Gecko) Version/13.0.3 Mobile/15E148 Safari/604.1"
51.222.253.12 - - [09/Jun/2025:12:43:46 -0400] "GET /manga1/jungle-juice-chapter-4-2/ HTTP/1.1" 404 1251 "-" "Mozilla/5.0 (compatible; AhrefsBot/7.0; +http://ahrefs.com/robot/)"
2a03:2880:f800:e:: - - [09/Jun/2025:12:44:46 -0400] "GET /manga1/jungle-juice-chapter-151/ HTTP/1.1" 404 1251 "-" "meta-externalagent/1.1 (+https://developers.facebook.com/docs/sharing/webmasters/crawler)"
114.119.155.13 - - [09/Jun/2025:12:48:06 -0400] "GET /manga1/jungle-juice-chapter-38-2/ HTTP/1.1" 404 1251 "https://junglejuicewebtoon.com/jungle-juice-chapter-69/" "Mozilla/5.0 (Linux; Android 7.0;) AppleWebKit/537.36 (KHTML, like Gecko) Mobile Safari/537.36 (compatible; PetalBot;+https://webmaster.petalsearch.com/site/petalbot)"
162.0.232.193 - - [09/Jun/2025:12:50:58 -0400] "POST /wp-cron.php?doing_wp_cron=1749487858.3234670162200927734375 HTTP/1.1" 200 0 "-" "WordPress/6.7.2; https://w4.junglejuicewebtoon.com"
2402:1f00:8000:800::1c87 - - [09/Jun/2025:12:50:54 -0400] "POST /xmlrpc.php HTTP/1.1" 200 205 "-" "Mozilla/5.0 (X11; Ubuntu; Linux x86_64; rv:85.0) Gecko/20100101 Firefox/91.0"
162.0.232.193 - - [09/Jun/2025:12:50:59 -0400] "POST /wp-admin/admin-ajax.php?action=async_litespeed&nonce=tLDuNgnNocBe4bh5L2uc20k6IzawpF9D&litespeed_type=imgoptm HTTP/1.1" 200 5 "-" "WordPress/6.7.2; https://w4.junglejuicewebtoon.com"
162.0.232.193 - - [09/Jun/2025:12:51:01 -0400] "GET /wp-content/uploads/36f5b53d6c6d3d6b1e9dd0027baac2ed_1435.xml HTTP/1.1" 200 1150 "-" "Mozilla/5.0 (X11; Linux x86_64) AppleWebKit/537.36 (KHTML, like Gecko) Ubuntu Chromium/41.0.2272.76"
2a03:2880:f800:6:: - - [09/Jun/2025:12:52:32 -0400] "GET /category/manga/page/11/ HTTP/1.1" 404 1251 "-" "meta-externalagent/1.1 (+https://developers.facebook.com/docs/sharing/webmasters/crawler)"
43.153.19.83 - - [09/Jun/2025:12:53:04 -0400] "GET /test.html HTTP/1.1" 200 15 "-" "Mozilla/5.0 (iPhone; CPU iPhone OS 13_2_3 like Mac OS X) AppleWebKit/605.1.15 (KHTML, like Gecko) Version/13.0.3 Mobile/15E148 Safari/604.1"
162.0.232.193 - - [09/Jun/2025:12:54:55 -0400] "POST /wp-cron.php?doing_wp_cron=1749488095.7616379261016845703125 HTTP/1.1" 200 0 "-" "WordPress/6.7.2; https://w4.junglejuicewebtoon.com"
186.209.113.104 - - [09/Jun/2025:12:54:51 -0400] "POST /xmlrpc.php HTTP/1.1" 200 186 "https://w4.junglejuicewebtoon.com" "Mozilla/5.0 (Windows NT 10.0; Win64; x64) AppleWebKit/537.36 (KHTML, like Gecko) Chrome/114.0.5735.134 Safari/537.36"
186.209.113.104 - - [09/Jun/2025:12:54:56 -0400] "POST /wp-login.php HTTP/1.1" 200 1993 "https://w4.junglejuicewebtoon.com" "Mozilla/5.0 (Macintosh; Intel Mac OS X 14.5) AppleWebKit/618.3.5 (KHTML, like Gecko) Version/17.4 Safari/618.3.5"
162.0.232.193 - - [09/Jun/2025:12:54:58 -0400] "GET /wp-content/uploads/36f5b53d6c6d3d6b1e9dd0027baac2ed_1435.xml HTTP/1.1" 200 1028 "-" "Mozilla/5.0 (X11; Linux x86_64) AppleWebKit/537.36 (KHTML, like Gecko) Ubuntu Chromium/41.0.2272.76"
51.222.253.15 - - [09/Jun/2025:12:55:29 -0400] "GET /category/jungle-juice-manga/page/6/ HTTP/1.1" 404 1251 "-" "Mozilla/5.0 (compatible; AhrefsBot/7.0; +http://ahrefs.com/robot/)"
17.241.219.76 - - [09/Jun/2025:13:01:10 -0400] "GET /manga1/jungle-juice-chapter-59-2/ HTTP/1.1" 404 1251 "-" "Mozilla/5.0 (Macintosh; Intel Mac OS X 10_15_7) AppleWebKit/605.1.15 (KHTML, like Gecko) Version/17.4 Safari/605.1.15 (Applebot/0.1; +http://www.apple.com/go/applebot)"
43.130.16.212 - - [09/Jun/2025:13:03:36 -0400] "GET /wp-settings.php HTTP/1.1" 500 0 "-" "Mozilla/5.0 (iPhone; CPU iPhone OS 13_2_3 like Mac OS X) AppleWebKit/605.1.15 (KHTML, like Gecko) Version/13.0.3 Mobile/15E148 Safari/604.1"
216.244.66.247 - - [09/Jun/2025:13:03:52 -0400] "GET /robots.txt HTTP/1.1" 404 1251 "-" "Mozilla/5.0 (compatible; DotBot/1.2; +https://opensiteexplorer.org/dotbot; [email protected])"
51.222.253.4 - - [09/Jun/2025:13:06:06 -0400] "GET /manga1/jungle-juice-chapter-79/ HTTP/1.1" 404 1251 "-" "Mozilla/5.0 (compatible; AhrefsBot/7.0; +http://ahrefs.com/robot/)"
162.0.232.193 - - [09/Jun/2025:13:06:10 -0400] "POST /wp-cron.php?doing_wp_cron=1749488770.5924611091613769531250 HTTP/1.1" 200 0 "-" "WordPress/6.7.2; https://w4.junglejuicewebtoon.com"
62.171.140.27 - - [09/Jun/2025:13:06:07 -0400] "POST /xmlrpc.php HTTP/1.1" 200 205 "-" "Mozilla/5.0 (X11; Ubuntu; Linux x86_64; rv:85.0) Gecko/20100101 Firefox/91.0"
162.0.232.193 - - [09/Jun/2025:13:06:11 -0400] "POST /wp-admin/admin-ajax.php?action=async_litespeed&nonce=BBc70IydHg0WWyUwtsH0ftYxtDjZwbhk&litespeed_type=imgoptm HTTP/1.1" 200 5 "-" "WordPress/6.7.2; https://w4.junglejuicewebtoon.com"
162.0.232.193 - - [09/Jun/2025:13:06:12 -0400] "GET /wp-content/uploads/36f5b53d6c6d3d6b1e9dd0027baac2ed_1435.xml HTTP/1.1" 200 1150 "-" "Mozilla/5.0 (X11; Linux x86_64) AppleWebKit/537.36 (KHTML, like Gecko) Ubuntu Chromium/41.0.2272.76"
196.251.84.84 - - [09/Jun/2025:13:09:44 -0400] "POST /wp-plain.php HTTP/1.1" 404 1251 "www.google.com" "Mozilla/5.0 (Linux; Android 7.0; SM-G892A Bulid/NRD90M; wv) AppleWebKit/537.36 (KHTML, like Gecko) Version/4.0 Chrome/60.0.3112.107 Moblie Safari/537.36"
196.251.84.84 - - [09/Jun/2025:13:09:44 -0400] "GET /wp-content/plugins/fix/up.php HTTP/1.1" 200 0 "-" "Mozilla/5.0 (Windows NT 10.0; Win64; x64) AppleWebKit/537.36 (KHTML, like Gecko) Chrome/85.0.4183.102 Safari/537.36"
196.251.84.84 - - [09/Jun/2025:13:09:44 -0400] "GET /wp-content/themes/seotheme/db.php?u HTTP/1.1" 200 0 "www.google.com" "Mozlila/5.0 (Linux; Android 7.0; SM-G892A Bulid/NRD90M; wv) AppleWebKit/537.36 (KHTML, like Gecko) Version/4.0 Chrome/60.0.3112.107 Moblie Safari/537.36"
196.251.84.84 - - [09/Jun/2025:13:09:44 -0400] "GET / HTTP/1.1" 200 1698 "-" "Mozlila/5.0 (Linux; Android 7.0; SM-G892A Bulid/NRD90M; wv) AppleWebKit/537.36 (KHTML, like Gecko) Version/4.0 Chrome/60.0.3112.107 Moblie Safari/537.36"
196.251.84.84 - - [09/Jun/2025:13:09:44 -0400] "POST /ALFA_DATA/alfacgiapi/perl.alfa HTTP/1.1" 404 1251 "www.google.com" "Mozlila/5.0 (Linux; Android 7.0; SM-G892A Bulid/NRD90M; wv) AppleWebKit/537.36 (KHTML, like Gecko) Version/4.0 Chrome/60.0.3112.107 Moblie Safari/537.36"
196.251.84.84 - - [09/Jun/2025:13:09:44 -0400] "GET /xudodqup.php?Fox=d3wL7 HTTP/1.1" 404 1251 "www.google.com" "Mozilla/5.0 (Linux; Android 7.0; SM-G892A Bulid/NRD90M; wv) AppleWebKit/537.36 (KHTML, like Gecko) Version/4.0 Chrome/60.0.3112.107 Moblie Safari/537.36"
196.251.84.84 - - [09/Jun/2025:13:09:45 -0400] "GET /wp-content/themes/seotheme/db.php?u HTTP/1.1" 200 0 "www.google.com" "Mozlila/5.0 (Linux; Android 7.0; SM-G892A Bulid/NRD90M; wv) AppleWebKit/537.36 (KHTML, like Gecko) Version/4.0 Chrome/60.0.3112.107 Moblie Safari/537.36"
196.251.84.84 - - [09/Jun/2025:13:09:45 -0400] "GET /wp-content/plugins/apikey/apikey.php?test=hello HTTP/1.1" 200 0 "-" "Mozlila/5.0 (Linux; Android 7.0; SM-G892A Bulid/NRD90M; wv) AppleWebKit/537.36 (KHTML, like Gecko) Version/4.0 Chrome/60.0.3112.107 Moblie Safari/537.36"
196.251.84.84 - - [09/Jun/2025:13:09:45 -0400] "POST /alfacgiapi/perl.alfa HTTP/1.1" 404 1251 "www.google.com" "Mozlila/5.0 (Linux; Android 7.0; SM-G892A Bulid/NRD90M; wv) AppleWebKit/537.36 (KHTML, like Gecko) Version/4.0 Chrome/60.0.3112.107 Moblie Safari/537.36"
196.251.84.84 - - [09/Jun/2025:13:09:45 -0400] "GET /plugins/content/apismtp/apismtp.php?test=hello HTTP/1.1" 404 1251 "-" "Mozlila/5.0 (Linux; Android 7.0; SM-G892A Bulid/NRD90M; wv) AppleWebKit/537.36 (KHTML, like Gecko) Version/4.0 Chrome/60.0.3112.107 Moblie Safari/537.36"
196.251.84.84 - - [09/Jun/2025:13:09:45 -0400] "GET /wp-content/plugins/apikey/apikey.php.suspected?test=hello HTTP/1.1" 200 0 "-" "Mozlila/5.0 (Linux; Android 7.0; SM-G892A Bulid/NRD90M; wv) AppleWebKit/537.36 (KHTML, like Gecko) Version/4.0 Chrome/60.0.3112.107 Moblie Safari/537.36"
196.251.84.84 - - [09/Jun/2025:13:09:45 -0400] "GET /plugins/content/apismtp/apismtp.php.suspected?test=hello HTTP/1.1" 404 1251 "-" "Mozlila/5.0 (Linux; Android 7.0; SM-G892A Bulid/NRD90M; wv) AppleWebKit/537.36 (KHTML, like Gecko) Version/4.0 Chrome/60.0.3112.107 Moblie Safari/537.36"
185.191.171.19 - - [09/Jun/2025:13:12:14 -0400] "GET /robots.txt HTTP/1.1" 404 1251 "-" "Mozilla/5.0 (compatible; SemrushBot/7~bl; +http://www.semrush.com/bot.html)"
185.191.171.2 - - [09/Jun/2025:13:12:14 -0400] "GET /manga1/jungle-juice-chapter-162/ HTTP/1.1" 404 1251 "-" "Mozilla/5.0 (compatible; SemrushBot/7~bl; +http://www.semrush.com/bot.html)"
49.51.47.100 - - [09/Jun/2025:13:14:13 -0400] "GET /?MA HTTP/1.1" 200 1686 "-" "Mozilla/5.0 (iPhone; CPU iPhone OS 13_2_3 like Mac OS X) AppleWebKit/605.1.15 (KHTML, like Gecko) Version/13.0.3 Mobile/15E148 Safari/604.1"
54.36.148.57 - - [09/Jun/2025:13:19:06 -0400] "GET /robots.txt HTTP/1.1" 404 1251 "-" "Mozilla/5.0 (compatible; AhrefsBot/7.0; +http://ahrefs.com/robot/)"
51.222.253.19 - - [09/Jun/2025:13:19:07 -0400] "GET /category/jungle-juice/page/4/ HTTP/1.1" 404 1251 "-" "Mozilla/5.0 (compatible; AhrefsBot/7.0; +http://ahrefs.com/robot/)"
162.0.232.193 - - [09/Jun/2025:13:22:18 -0400] "POST /wp-cron.php?doing_wp_cron=1749489738.2860670089721679687500 HTTP/1.1" 200 0 "-" "WordPress/6.7.2; https://w4.junglejuicewebtoon.com"
74.81.43.210 - - [09/Jun/2025:13:22:14 -0400] "POST /xmlrpc.php HTTP/1.1" 200 205 "-" "Mozilla/5.0 (X11; Ubuntu; Linux x86_64; rv:85.0) Gecko/20100101 Firefox/91.0"
162.0.232.193 - - [09/Jun/2025:13:22:20 -0400] "GET /wp-content/uploads/36f5b53d6c6d3d6b1e9dd0027baac2ed_1435.xml HTTP/1.1" 200 1150 "-" "Mozilla/5.0 (X11; Linux x86_64) AppleWebKit/537.36 (KHTML, like Gecko) Ubuntu Chromium/41.0.2272.76"
43.135.148.92 - - [09/Jun/2025:13:23:03 -0400] "GET /readme.html HTTP/1.1" 200 2656 "-" "Mozilla/5.0 (iPhone; CPU iPhone OS 13_2_3 like Mac OS X) AppleWebKit/605.1.15 (KHTML, like Gecko) Version/13.0.3 Mobile/15E148 Safari/604.1"
162.0.232.193 - - [09/Jun/2025:13:27:03 -0400] "POST /wp-cron.php?doing_wp_cron=1749490023.7816810607910156250000 HTTP/1.1" 200 0 "-" "WordPress/6.7.2; https://w4.junglejuicewebtoon.com"
103.163.214.6 - - [09/Jun/2025:13:27:01 -0400] "POST /xmlrpc.php HTTP/1.1" 200 186 "https://w4.junglejuicewebtoon.com" "Mozilla/5.0 (Windows NT 10.0; Win64; x64; rv:129.0) Gecko/20100101 Firefox/129.0"
162.0.232.193 - - [09/Jun/2025:13:27:04 -0400] "POST /wp-admin/admin-ajax.php?action=async_litespeed&nonce=mbmUuTVni8Vcs9Fsf3GUSpWsbfOONU6i&litespeed_type=imgoptm HTTP/1.1" 200 5 "-" "WordPress/6.7.2; https://w4.junglejuicewebtoon.com"
103.163.214.6 - - [09/Jun/2025:13:27:04 -0400] "POST /wp-login.php HTTP/1.1" 200 1993 "https://w4.junglejuicewebtoon.com" "Mozilla/5.0 (Windows NT 10.0; Win64; x64) AppleWebKit/537.36 (KHTML, like Gecko) Chrome/112.0.5615.138 Safari/537.36 Edg/112.0.1722.68"
162.0.232.193 - - [09/Jun/2025:13:27:10 -0400] "GET /wp-content/uploads/36f5b53d6c6d3d6b1e9dd0027baac2ed_1435.xml HTTP/1.1" 200 1150 "-" "Mozilla/5.0 (X11; Linux x86_64) AppleWebKit/537.36 (KHTML, like Gecko) Ubuntu Chromium/41.0.2272.76"
51.222.253.11 - - [09/Jun/2025:13:31:16 -0400] "GET /manga1/jungle-juice-chapter-8-2/ HTTP/1.1" 404 1251 "-" "Mozilla/5.0 (compatible; AhrefsBot/7.0; +http://ahrefs.com/robot/)"
43.173.1.57 - - [09/Jun/2025:13:32:53 -0400] "GET /wp-includes/?SA HTTP/1.1" 200 7308 "-" "Mozilla/5.0 (iPhone; CPU iPhone OS 13_2_3 like Mac OS X) AppleWebKit/605.1.15 (KHTML, like Gecko) Version/13.0.3 Mobile/15E148 Safari/604.1"
