2600:4040:96e1:1d00:e590:795b:e598:9300 - - [08/Jun/2025:10:36:01 -0400] "GET /wp-content/plugins/disqus-comment-system/public/js/comment_embed.js?ver=3.1.2 HTTP/1.1" 304 0 "https://w4.junglejuicewebtoon.com/manga1/jungle-juice-chapter-161/" "Mozilla/5.0 (X11; Linux x86_64) AppleWebKit/537.36 (KHTML, like Gecko) Chrome/137.0.0.0 Safari/537.36"
2600:4040:96e1:1d00:e590:795b:e598:9300 - - [08/Jun/2025:10:36:01 -0400] "GET /wp-includes/js/comment-reply.min.js?ver=6.7.2 HTTP/1.1" 200 1247 "https://w4.junglejuicewebtoon.com/manga1/jungle-juice-chapter-161/" "Mozilla/5.0 (X11; Linux x86_64) AppleWebKit/537.36 (KHTML, like Gecko) Chrome/137.0.0.0 Safari/537.36"
2600:4040:96e1:1d00:e590:795b:e598:9300 - - [08/Jun/2025:10:36:01 -0400] "GET /wp-content/themes/toivo-lite/js/functions.min.js?ver=1.2.0 HTTP/1.1" 304 0 "https://w4.junglejuicewebtoon.com/manga1/jungle-juice-chapter-161/" "Mozilla/5.0 (X11; Linux x86_64) AppleWebKit/537.36 (KHTML, like Gecko) Chrome/137.0.0.0 Safari/537.36"
162.0.232.193 - - [08/Jun/2025:10:36:02 -0400] "GET /wp-content/uploads/36f5b53d6c6d3d6b1e9dd0027baac2ed_1435.xml HTTP/1.1" 200 1150 "-" "Mozilla/5.0 (X11; Linux x86_64) AppleWebKit/537.36 (KHTML, like Gecko) Ubuntu Chromium/41.0.2272.76"
2600:4040:96e1:1d00:e590:795b:e598:9300 - - [08/Jun/2025:10:36:01 -0400] "POST /wp-admin/admin-ajax.php HTTP/1.1" 200 69 "https://w4.junglejuicewebtoon.com/manga1/jungle-juice-chapter-161/" "Mozilla/5.0 (X11; Linux x86_64) AppleWebKit/537.36 (KHTML, like Gecko) Chrome/137.0.0.0 Safari/537.36"
2600:4040:96e1:1d00:e590:795b:e598:9300 - - [08/Jun/2025:10:36:08 -0400] "GET /manga1/jungle-juice-chapter-162/ HTTP/1.1" 200 10560 "https://w4.junglejuicewebtoon.com/manga1/jungle-juice-chapter-161/" "Mozilla/5.0 (X11; Linux x86_64) AppleWebKit/537.36 (KHTML, like Gecko) Chrome/137.0.0.0 Safari/537.36"
2600:4040:96e1:1d00:e590:795b:e598:9300 - - [08/Jun/2025:10:36:08 -0400] "POST /wp-admin/admin-ajax.php HTTP/1.1" 200 69 "https://w4.junglejuicewebtoon.com/manga1/jungle-juice-chapter-162/" "Mozilla/5.0 (X11; Linux x86_64) AppleWebKit/537.36 (KHTML, like Gecko) Chrome/137.0.0.0 Safari/537.36"
162.0.232.193 - - [08/Jun/2025:10:42:09 -0400] "POST /wp-cron.php?doing_wp_cron=1749393729.1563549041748046875000 HTTP/1.1" 200 0 "-" "WordPress/6.7.2; https://w4.junglejuicewebtoon.com"
114.119.155.13 - - [08/Jun/2025:10:42:07 -0400] "GET /category/manga/page/23/ HTTP/1.1" 200 10949 "https://w4.junglejuicewebtoon.com/category/manga/page/22/" "Mozilla/5.0 (Linux; Android 7.0;) AppleWebKit/537.36 (KHTML, like Gecko) Mobile Safari/537.36 (compatible; PetalBot;+https://webmaster.petalsearch.com/site/petalbot)"
162.0.232.193 - - [08/Jun/2025:10:42:11 -0400] "GET /wp-content/uploads/36f5b53d6c6d3d6b1e9dd0027baac2ed_1435.xml HTTP/1.1" 200 1028 "-" "Mozilla/5.0 (X11; Linux x86_64) AppleWebKit/537.36 (KHTML, like Gecko) Ubuntu Chromium/41.0.2272.76"
162.0.232.193 - - [08/Jun/2025:10:43:54 -0400] "POST /wp-cron.php?doing_wp_cron=1749393834.6354689598083496093750 HTTP/1.1" 200 0 "-" "WordPress/6.7.2; https://w4.junglejuicewebtoon.com"
162.0.232.193 - - [08/Jun/2025:10:43:56 -0400] "POST /wp-admin/admin-ajax.php?action=async_litespeed&nonce=JrPQ4aMgUcwJZsn5tPCDYTGQhLYbW9Jf&litespeed_type=imgoptm HTTP/1.1" 200 5 "-" "WordPress/6.7.2; https://w4.junglejuicewebtoon.com"
162.0.232.193 - - [08/Jun/2025:10:43:58 -0400] "GET /wp-content/uploads/36f5b53d6c6d3d6b1e9dd0027baac2ed_1435.xml HTTP/1.1" 200 1150 "-" "Mozilla/5.0 (X11; Linux x86_64) AppleWebKit/537.36 (KHTML, like Gecko) Ubuntu Chromium/41.0.2272.76"
162.0.232.193 - - [08/Jun/2025:10:45:03 -0400] "POST /wp-cron.php?doing_wp_cron=1749393902.7241361141204833984375 HTTP/1.1" 200 0 "-" "WordPress/6.7.2; https://w4.junglejuicewebtoon.com"
162.0.232.193 - - [08/Jun/2025:10:45:03 -0400] "POST /wp-admin/admin-ajax.php?action=async_litespeed&nonce=3qLcaDRHt9QvI4vEZ3xK4YnDGJ3PkKZd&litespeed_type=imgoptm HTTP/1.1" 200 5 "-" "WordPress/6.7.2; https://w4.junglejuicewebtoon.com"
216.244.66.247 - - [08/Jun/2025:10:47:52 -0400] "GET /robots.txt HTTP/1.1" 304 0 "-" "Mozilla/5.0 (compatible; DotBot/1.2; +https://opensiteexplorer.org/dotbot; [email protected])"
162.0.232.193 - - [08/Jun/2025:10:49:19 -0400] "POST /wp-cron.php?doing_wp_cron=1749394159.3827219009399414062500 HTTP/1.1" 200 0 "-" "WordPress/6.7.2; https://w4.junglejuicewebtoon.com"
162.0.232.193 - - [08/Jun/2025:10:49:22 -0400] "GET /wp-content/uploads/36f5b53d6c6d3d6b1e9dd0027baac2ed_1435.xml HTTP/1.1" 200 1150 "-" "Mozilla/5.0 (X11; Linux x86_64) AppleWebKit/537.36 (KHTML, like Gecko) Ubuntu Chromium/41.0.2272.76"
43.159.139.164 - - [08/Jun/2025:10:50:19 -0400] "GET / HTTP/1.1" 200 10328 "https://w3.junglejuicewebtoon.com/" "Mozilla/5.0 (iPhone; CPU iPhone OS 13_2_3 like Mac OS X) AppleWebKit/605.1.15 (KHTML, like Gecko) Version/13.0.3 Mobile/15E148 Safari/604.1"
162.0.232.193 - - [08/Jun/2025:10:53:42 -0400] "POST /wp-cron.php?doing_wp_cron=1749394422.6105909347534179687500 HTTP/1.1" 200 0 "-" "WordPress/6.7.2; https://w4.junglejuicewebtoon.com"
162.0.232.193 - - [08/Jun/2025:10:53:45 -0400] "POST /wp-admin/admin-ajax.php?action=async_litespeed&nonce=CbC1hUewu6ks2b8PXquU9MLEL983Xd5U&litespeed_type=imgoptm HTTP/1.1" 200 0 "-" "WordPress/6.7.2; https://w4.junglejuicewebtoon.com"
162.0.232.193 - - [08/Jun/2025:10:53:47 -0400] "GET /wp-content/uploads/36f5b53d6c6d3d6b1e9dd0027baac2ed_1435.xml HTTP/1.1" 200 1150 "-" "Mozilla/5.0 (X11; Linux x86_64) AppleWebKit/537.36 (KHTML, like Gecko) Ubuntu Chromium/41.0.2272.76"
162.0.232.193 - - [08/Jun/2025:10:58:51 -0400] "POST /wp-cron.php?doing_wp_cron=1749394730.9467360973358154296875 HTTP/1.1" 200 0 "-" "WordPress/6.7.2; https://w4.junglejuicewebtoon.com"
114.119.133.138 - - [08/Jun/2025:10:58:48 -0400] "GET /manga1/jungle-juice-chapter-9/ HTTP/1.1" 200 10435 "https://junglejuicewebtoon.com/jungle-juice-chapter-85/" "Mozilla/5.0 (Linux; Android 7.0;) AppleWebKit/537.36 (KHTML, like Gecko) Mobile Safari/537.36 (compatible; PetalBot;+https://webmaster.petalsearch.com/site/petalbot)"
162.0.232.193 - - [08/Jun/2025:10:58:54 -0400] "GET /wp-content/uploads/36f5b53d6c6d3d6b1e9dd0027baac2ed_1435.xml HTTP/1.1" 200 1028 "-" "Mozilla/5.0 (X11; Linux x86_64) AppleWebKit/537.36 (KHTML, like Gecko) Ubuntu Chromium/41.0.2272.76"
2a01:4f8:10a:4595::2 - - [08/Jun/2025:11:00:20 -0400] "GET /wp-login.php HTTP/1.1" 200 1851 "-" "Mozilla/5.0 (X11; Ubuntu; Linux x86_64; rv:85.0) Gecko/20100101 Firefox/91.0"
162.0.232.193 - - [08/Jun/2025:11:00:23 -0400] "POST /wp-cron.php?doing_wp_cron=1749394822.9423320293426513671875 HTTP/1.1" 200 0 "-" "WordPress/6.7.2; https://w4.junglejuicewebtoon.com"
2a01:4f8:10a:4595::2 - - [08/Jun/2025:11:00:21 -0400] "POST /wp-login.php HTTP/1.1" 200 1957 "-" "Mozilla/5.0 (X11; Ubuntu; Linux x86_64; rv:85.0) Gecko/20100101 Firefox/91.0"
162.0.232.193 - - [08/Jun/2025:11:00:23 -0400] "POST /wp-admin/admin-ajax.php?action=async_litespeed&nonce=fPrmbEVpSW1tkoEkuxGzwfUEk4mWHNIK&litespeed_type=imgoptm HTTP/1.1" 200 5 "-" "WordPress/6.7.2; https://w4.junglejuicewebtoon.com"
162.0.232.193 - - [08/Jun/2025:11:00:26 -0400] "GET /wp-content/uploads/36f5b53d6c6d3d6b1e9dd0027baac2ed_1435.xml HTTP/1.1" 200 1028 "-" "Mozilla/5.0 (X11; Linux x86_64) AppleWebKit/537.36 (KHTML, like Gecko) Ubuntu Chromium/41.0.2272.76"
114.119.142.125 - - [08/Jun/2025:11:01:07 -0400] "GET /manga1/jungle-juice-chapter-116-2/ HTTP/1.1" 200 10498 "https://junglejuicewebtoon.com/jungle-juice-chapter-85/" "Mozilla/5.0 (Linux; Android 7.0;) AppleWebKit/537.36 (KHTML, like Gecko) Mobile Safari/537.36 (compatible; PetalBot;+https://webmaster.petalsearch.com/site/petalbot)"
162.0.232.193 - - [08/Jun/2025:11:01:47 -0400] "POST /wp-cron.php?doing_wp_cron=1749394907.4933950901031494140625 HTTP/1.1" 200 0 "-" "WordPress/6.7.2; https://w4.junglejuicewebtoon.com"
43.135.135.57 - - [08/Jun/2025:11:01:47 -0400] "GET /manga1/jungle-juice-chapter-28/ HTTP/1.1" 200 10997 "-" "Mozilla/5.0 (iPhone; CPU iPhone OS 13_2_3 like Mac OS X) AppleWebKit/605.1.15 (KHTML, like Gecko) Version/13.0.3 Mobile/15E148 Safari/604.1"
162.0.232.193 - - [08/Jun/2025:11:01:48 -0400] "POST /wp-admin/admin-ajax.php?action=async_litespeed&nonce=YeGLfShww7YC0dKXCV12gRSfDHeX1qkZ&litespeed_type=imgoptm HTTP/1.1" 200 5 "-" "WordPress/6.7.2; https://w4.junglejuicewebtoon.com"
162.0.232.193 - - [08/Jun/2025:11:03:07 -0400] "POST /wp-cron.php?doing_wp_cron=1749394987.0547459125518798828125 HTTP/1.1" 200 0 "-" "WordPress/6.7.2; https://w4.junglejuicewebtoon.com"
114.119.157.54 - - [08/Jun/2025:11:03:06 -0400] "GET /manga1/jungle-juice-chapter-76/ HTTP/1.1" 200 10436 "https://junglejuicewebtoon.com/jungle-juice-chapter-85/" "Mozilla/5.0 (Linux; Android 7.0;) AppleWebKit/537.36 (KHTML, like Gecko) Mobile Safari/537.36 (compatible; PetalBot;+https://webmaster.petalsearch.com/site/petalbot)"
162.0.232.193 - - [08/Jun/2025:11:03:09 -0400] "GET /wp-content/uploads/36f5b53d6c6d3d6b1e9dd0027baac2ed_1435.xml HTTP/1.1" 200 1028 "-" "Mozilla/5.0 (X11; Linux x86_64) AppleWebKit/537.36 (KHTML, like Gecko) Ubuntu Chromium/41.0.2272.76"
162.0.232.193 - - [08/Jun/2025:11:04:33 -0400] "POST /wp-cron.php?doing_wp_cron=1749395073.0992310047149658203125 HTTP/1.1" 200 0 "-" "WordPress/6.7.2; https://w4.junglejuicewebtoon.com"
88.210.10.79 - - [08/Jun/2025:11:04:34 -0400] "GET / HTTP/1.1" 200 10328 "https://w3.junglejuicewebtoon.com/" "Mozilla/5.0 (Macintosh; Intel Mac OS X 10_15_7) AppleWebKit/537.36 (KHTML, like Gecko) Chrome/133.0.0.0 Safari/537.36"
88.210.10.79 - - [08/Jun/2025:11:04:34 -0400] "GET /comments/feed/ HTTP/1.1" 200 1189 "-" "Mozilla/5.0 (Macintosh; Intel Mac OS X 10_15_7) AppleWebKit/537.36 (KHTML, like Gecko) Chrome/133.0.0.0 Safari/537.36"
162.0.232.193 - - [08/Jun/2025:11:04:35 -0400] "POST /wp-admin/admin-ajax.php?action=async_litespeed&nonce=Jj8bB88H7GZorUtnuHTsbwKnpF5ORRCc&litespeed_type=imgoptm HTTP/1.1" 200 5 "-" "WordPress/6.7.2; https://w4.junglejuicewebtoon.com"
114.119.157.54 - - [08/Jun/2025:11:04:36 -0400] "GET /manga1/jungle-juice-chapter-88/ HTTP/1.1" 200 10671 "https://junglejuicewebtoon.com/jungle-juice-chapter-85/" "Mozilla/5.0 (Linux; Android 7.0;) AppleWebKit/537.36 (KHTML, like Gecko) Mobile Safari/537.36 (compatible; PetalBot;+https://webmaster.petalsearch.com/site/petalbot)"
162.0.232.193 - - [08/Jun/2025:11:05:55 -0400] "POST /wp-cron.php?doing_wp_cron=1749395154.8285470008850097656250 HTTP/1.1" 200 0 "-" "WordPress/6.7.2; https://w4.junglejuicewebtoon.com"
162.0.232.193 - - [08/Jun/2025:11:05:55 -0400] "POST /wp-admin/admin-ajax.php?action=async_litespeed&nonce=A68zilO77MzKOmvZOppuBkhDJ0R6Me3V&litespeed_type=imgoptm HTTP/1.1" 200 5 "-" "WordPress/6.7.2; https://w4.junglejuicewebtoon.com"
162.0.232.193 - - [08/Jun/2025:11:05:58 -0400] "GET /wp-content/uploads/36f5b53d6c6d3d6b1e9dd0027baac2ed_1435.xml HTTP/1.1" 200 1028 "-" "Mozilla/5.0 (X11; Linux x86_64) AppleWebKit/537.36 (KHTML, like Gecko) Ubuntu Chromium/41.0.2272.76"
114.119.136.160 - - [08/Jun/2025:11:06:09 -0400] "GET /manga1/jungle-juice-chapter-53/ HTTP/1.1" 200 10498 "https://junglejuicewebtoon.com/jungle-juice-chapter-85/" "Mozilla/5.0 (Linux; Android 7.0;) AppleWebKit/537.36 (KHTML, like Gecko) Mobile Safari/537.36 (compatible; PetalBot;+https://webmaster.petalsearch.com/site/petalbot)"
162.0.232.193 - - [08/Jun/2025:11:07:02 -0400] "POST /wp-cron.php?doing_wp_cron=1749395222.0991809368133544921875 HTTP/1.1" 200 0 "-" "WordPress/6.7.2; https://w4.junglejuicewebtoon.com"
162.0.232.193 - - [08/Jun/2025:11:07:02 -0400] "POST /wp-admin/admin-ajax.php?action=async_litespeed&nonce=ayJS6mF7t2DeRkGUko6rxpiQzZMtzQlK&litespeed_type=imgoptm HTTP/1.1" 200 5 "-" "WordPress/6.7.2; https://w4.junglejuicewebtoon.com"
185.247.137.155 - - [08/Jun/2025:11:07:03 -0400] "GET / HTTP/1.1" 200 10328 "https://www.junglejuicewebtoon.com/" "Mozilla/5.0 (compatible; InternetMeasurement/1.0; +https://internet-measurement.com/)"
87.236.176.205 - - [08/Jun/2025:11:07:04 -0400] "GET /favicon.ico HTTP/1.1" 302 0 "-" "Mozilla/5.0 (compatible; InternetMeasurement/1.0; +https://internet-measurement.com/)"
162.0.232.193 - - [08/Jun/2025:11:07:53 -0400] "POST /wp-cron.php?doing_wp_cron=1749395273.7009398937225341796875 HTTP/1.1" 200 0 "-" "WordPress/6.7.2; https://w4.junglejuicewebtoon.com"
114.119.136.160 - - [08/Jun/2025:11:07:53 -0400] "GET /manga1/jungle-juice-chapter-122/ HTTP/1.1" 200 10430 "https://junglejuicewebtoon.com/jungle-juice-chapter-85/" "Mozilla/5.0 (Linux; Android 7.0;) AppleWebKit/537.36 (KHTML, like Gecko) Mobile Safari/537.36 (compatible; PetalBot;+https://webmaster.petalsearch.com/site/petalbot)"
162.0.232.193 - - [08/Jun/2025:11:07:55 -0400] "GET /wp-content/uploads/36f5b53d6c6d3d6b1e9dd0027baac2ed_1435.xml HTTP/1.1" 200 1150 "-" "Mozilla/5.0 (X11; Linux x86_64) AppleWebKit/537.36 (KHTML, like Gecko) Ubuntu Chromium/41.0.2272.76"
162.0.232.193 - - [08/Jun/2025:11:09:51 -0400] "POST /wp-cron.php?doing_wp_cron=1749395390.7905800342559814453125 HTTP/1.1" 200 0 "-" "WordPress/6.7.2; https://w4.junglejuicewebtoon.com"
114.119.142.125 - - [08/Jun/2025:11:09:49 -0400] "GET /category/jungle-juice/page/20/ HTTP/1.1" 200 11524 "https://w4.junglejuicewebtoon.com/category/jungle-juice/page/21/" "Mozilla/5.0 (Linux; Android 7.0;) AppleWebKit/537.36 (KHTML, like Gecko) Mobile Safari/537.36 (compatible; PetalBot;+https://webmaster.petalsearch.com/site/petalbot)"
162.0.232.193 - - [08/Jun/2025:11:09:51 -0400] "POST /wp-admin/admin-ajax.php?action=async_litespeed&nonce=OT1eyEFYncBf5LW7O3skgIFb51l440Qf&litespeed_type=imgoptm HTTP/1.1" 200 5 "-" "WordPress/6.7.2; https://w4.junglejuicewebtoon.com"
162.0.232.193 - - [08/Jun/2025:11:09:53 -0400] "GET /wp-content/uploads/36f5b53d6c6d3d6b1e9dd0027baac2ed_1435.xml HTTP/1.1" 200 1150 "-" "Mozilla/5.0 (X11; Linux x86_64) AppleWebKit/537.36 (KHTML, like Gecko) Ubuntu Chromium/41.0.2272.76"
162.0.232.193 - - [08/Jun/2025:11:11:38 -0400] "POST /wp-cron.php?doing_wp_cron=1749395497.9056439399719238281250 HTTP/1.1" 200 0 "-" "WordPress/6.7.2; https://w4.junglejuicewebtoon.com"
114.119.133.125 - - [08/Jun/2025:11:11:36 -0400] "GET /category/jungle-juice/page/10/ HTTP/1.1" 200 11185 "https://w4.junglejuicewebtoon.com/category/jungle-juice/page/11/" "Mozilla/5.0 (Linux; Android 7.0;) AppleWebKit/537.36 (KHTML, like Gecko) Mobile Safari/537.36 (compatible; PetalBot;+https://webmaster.petalsearch.com/site/petalbot)"
162.0.232.193 - - [08/Jun/2025:11:11:39 -0400] "GET /wp-content/uploads/36f5b53d6c6d3d6b1e9dd0027baac2ed_1435.xml HTTP/1.1" 200 1150 "-" "Mozilla/5.0 (X11; Linux x86_64) AppleWebKit/537.36 (KHTML, like Gecko) Ubuntu Chromium/41.0.2272.76"
162.0.232.193 - - [08/Jun/2025:11:13:10 -0400] "POST /wp-cron.php?doing_wp_cron=1749395590.7060821056365966796875 HTTP/1.1" 200 0 "-" "WordPress/6.7.2; https://w4.junglejuicewebtoon.com"
114.119.142.125 - - [08/Jun/2025:11:13:08 -0400] "GET /category/jungle-juice-manga/page/17/ HTTP/1.1" 200 11211 "https://w4.junglejuicewebtoon.com/category/jungle-juice-manga/page/17/" "Mozilla/5.0 (Linux; Android 7.0;) AppleWebKit/537.36 (KHTML, like Gecko) Mobile Safari/537.36 (compatible; PetalBot;+https://webmaster.petalsearch.com/site/petalbot)"
162.0.232.193 - - [08/Jun/2025:11:13:11 -0400] "POST /wp-admin/admin-ajax.php?action=async_litespeed&nonce=atMgF4XzCwZFIApPXWtJtK5d0UPehFO9&litespeed_type=imgoptm HTTP/1.1" 200 5 "-" "WordPress/6.7.2; https://w4.junglejuicewebtoon.com"
162.0.232.193 - - [08/Jun/2025:11:13:13 -0400] "GET /wp-content/uploads/36f5b53d6c6d3d6b1e9dd0027baac2ed_1435.xml HTTP/1.1" 200 1028 "-" "Mozilla/5.0 (X11; Linux x86_64) AppleWebKit/537.36 (KHTML, like Gecko) Ubuntu Chromium/41.0.2272.76"
129.226.93.214 - - [08/Jun/2025:11:13:23 -0400] "GET /manga1/jungle-juice-chapter-20/ HTTP/1.1" 200 10740 "-" "Mozilla/5.0 (iPhone; CPU iPhone OS 13_2_3 like Mac OS X) AppleWebKit/605.1.15 (KHTML, like Gecko) Version/13.0.3 Mobile/15E148 Safari/604.1"
114.119.157.54 - - [08/Jun/2025:11:13:40 -0400] "GET /author/admin/page/20/ HTTP/1.1" 200 11459 "https://w4.junglejuicewebtoon.com/author/admin/page/21/" "Mozilla/5.0 (Linux; Android 7.0;) AppleWebKit/537.36 (KHTML, like Gecko) Mobile Safari/537.36 (compatible; PetalBot;+https://webmaster.petalsearch.com/site/petalbot)"
114.119.154.6 - - [08/Jun/2025:11:15:14 -0400] "GET /manga1/jungle-juice-chapter-111-2/ HTTP/1.1" 200 10490 "https://junglejuicewebtoon.com/jungle-juice-chapter-85/" "Mozilla/5.0 (Linux; Android 7.0;) AppleWebKit/537.36 (KHTML, like Gecko) Mobile Safari/537.36 (compatible; PetalBot;+https://webmaster.petalsearch.com/site/petalbot)"
162.0.232.193 - - [08/Jun/2025:11:16:38 -0400] "POST /wp-cron.php?doing_wp_cron=1749395798.2422339916229248046875 HTTP/1.1" 200 0 "-" "WordPress/6.7.2; https://w4.junglejuicewebtoon.com"
114.119.136.160 - - [08/Jun/2025:11:16:36 -0400] "GET /author/admin/page/11/ HTTP/1.1" 200 11883 "https://w4.junglejuicewebtoon.com/author/admin/page/12/" "Mozilla/5.0 (Linux; Android 7.0;) AppleWebKit/537.36 (KHTML, like Gecko) Mobile Safari/537.36 (compatible; PetalBot;+https://webmaster.petalsearch.com/site/petalbot)"
162.0.232.193 - - [08/Jun/2025:11:16:40 -0400] "GET /wp-content/uploads/36f5b53d6c6d3d6b1e9dd0027baac2ed_1435.xml HTTP/1.1" 200 1150 "-" "Mozilla/5.0 (X11; Linux x86_64) AppleWebKit/537.36 (KHTML, like Gecko) Ubuntu Chromium/41.0.2272.76"
2a03:2880:f800:1d:: - - [08/Jun/2025:11:17:32 -0400] "GET /manga1/jungle-juice-chapter-151/ HTTP/1.1" 200 10279 "-" "meta-externalagent/1.1 (+https://developers.facebook.com/docs/sharing/webmasters/crawler)"
162.0.232.193 - - [08/Jun/2025:11:18:34 -0400] "POST /wp-cron.php?doing_wp_cron=1749395914.5823600292205810546875 HTTP/1.1" 200 0 "-" "WordPress/6.7.2; https://w4.junglejuicewebtoon.com"
114.119.133.138 - - [08/Jun/2025:11:18:33 -0400] "GET /category/jungle-juice/page/16/ HTTP/1.1" 200 11258 "https://w4.junglejuicewebtoon.com/category/jungle-juice/page/15/" "Mozilla/5.0 (Linux; Android 7.0;) AppleWebKit/537.36 (KHTML, like Gecko) Mobile Safari/537.36 (compatible; PetalBot;+https://webmaster.petalsearch.com/site/petalbot)"
162.0.232.193 - - [08/Jun/2025:11:18:35 -0400] "POST /wp-admin/admin-ajax.php?action=async_litespeed&nonce=KqmmofzNJ5pAy5veOikqxuw1cltfmisu&litespeed_type=imgoptm HTTP/1.1" 200 5 "-" "WordPress/6.7.2; https://w4.junglejuicewebtoon.com"
162.0.232.193 - - [08/Jun/2025:11:18:37 -0400] "GET /wp-content/uploads/36f5b53d6c6d3d6b1e9dd0027baac2ed_1435.xml HTTP/1.1" 200 1028 "-" "Mozilla/5.0 (X11; Linux x86_64) AppleWebKit/537.36 (KHTML, like Gecko) Ubuntu Chromium/41.0.2272.76"
110.166.71.39 - - [08/Jun/2025:11:19:19 -0400] "GET / HTTP/1.1" 200 10328 "https://www.junglejuicewebtoon.com/" "Mozilla/5.0 (iPhone; CPU iPhone OS 13_2_3 like Mac OS X) AppleWebKit/605.1.15 (KHTML, like Gecko) Version/13.0.3 Mobile/15E148 Safari/604.1"
114.119.155.13 - - [08/Jun/2025:11:19:27 -0400] "GET /category/jungle-juice/page/17/ HTTP/1.1" 200 11190 "https://w4.junglejuicewebtoon.com/category/jungle-juice/page/18/" "Mozilla/5.0 (Linux; Android 7.0;) AppleWebKit/537.36 (KHTML, like Gecko) Mobile Safari/537.36 (compatible; PetalBot;+https://webmaster.petalsearch.com/site/petalbot)"
162.0.232.193 - - [08/Jun/2025:11:21:18 -0400] "POST /wp-cron.php?doing_wp_cron=1749396078.3180840015411376953125 HTTP/1.1" 200 0 "-" "WordPress/6.7.2; https://w4.junglejuicewebtoon.com"
114.119.155.13 - - [08/Jun/2025:11:21:15 -0400] "GET /manga1/jungle-juice-chapter-114-2/ HTTP/1.1" 200 10511 "https://junglejuicewebtoon.com/jungle-juice-chapter-85/" "Mozilla/5.0 (Linux; Android 7.0;) AppleWebKit/537.36 (KHTML, like Gecko) Mobile Safari/537.36 (compatible; PetalBot;+https://webmaster.petalsearch.com/site/petalbot)"
162.0.232.193 - - [08/Jun/2025:11:21:19 -0400] "POST /wp-admin/admin-ajax.php?action=async_litespeed&nonce=9jo1dptJDOevEdpeDGfx8VFH0m1xzjCw&litespeed_type=imgoptm HTTP/1.1" 200 5 "-" "WordPress/6.7.2; https://w4.junglejuicewebtoon.com"
162.0.232.193 - - [08/Jun/2025:11:21:21 -0400] "GET /wp-content/uploads/36f5b53d6c6d3d6b1e9dd0027baac2ed_1435.xml HTTP/1.1" 200 1150 "-" "Mozilla/5.0 (X11; Linux x86_64) AppleWebKit/537.36 (KHTML, like Gecko) Ubuntu Chromium/41.0.2272.76"
162.0.232.193 - - [08/Jun/2025:11:22:28 -0400] "POST /wp-cron.php?doing_wp_cron=1749396148.5415570735931396484375 HTTP/1.1" 200 0 "-" "WordPress/6.7.2; https://w4.junglejuicewebtoon.com"
162.0.232.193 - - [08/Jun/2025:11:22:29 -0400] "POST /wp-admin/admin-ajax.php?action=async_litespeed&nonce=bTFimuVHbB24vbXF7nGYnbSnjw4oT7Ee&litespeed_type=imgoptm HTTP/1.1" 200 5 "-" "WordPress/6.7.2; https://w4.junglejuicewebtoon.com"
162.0.232.193 - - [08/Jun/2025:11:23:36 -0400] "POST /wp-cron.php?doing_wp_cron=1749396216.6452500820159912109375 HTTP/1.1" 200 0 "-" "WordPress/6.7.2; https://w4.junglejuicewebtoon.com"
43.153.71.132 - - [08/Jun/2025:11:23:36 -0400] "GET /manga1/jungle-juice-chapter-15/ HTTP/1.1" 200 10726 "-" "Mozilla/5.0 (iPhone; CPU iPhone OS 13_2_3 like Mac OS X) AppleWebKit/605.1.15 (KHTML, like Gecko) Version/13.0.3 Mobile/15E148 Safari/604.1"
162.0.232.193 - - [08/Jun/2025:11:23:37 -0400] "POST /wp-admin/admin-ajax.php?action=async_litespeed&nonce=jkFi3KNYyIMo0eJJFcowPR1l5MVnllYA&litespeed_type=imgoptm HTTP/1.1" 200 5 "-" "WordPress/6.7.2; https://w4.junglejuicewebtoon.com"
162.0.232.193 - - [08/Jun/2025:11:23:38 -0400] "GET /wp-content/uploads/36f5b53d6c6d3d6b1e9dd0027baac2ed_1435.xml HTTP/1.1" 200 1150 "-" "Mozilla/5.0 (X11; Linux x86_64) AppleWebKit/537.36 (KHTML, like Gecko) Ubuntu Chromium/41.0.2272.76"
162.0.232.193 - - [08/Jun/2025:11:25:21 -0400] "POST /wp-cron.php?doing_wp_cron=1749396320.9727830886840820312500 HTTP/1.1" 200 0 "-" "WordPress/6.7.2; https://w4.junglejuicewebtoon.com"
114.119.137.38 - - [08/Jun/2025:11:25:19 -0400] "GET /category/jungle-juice-manga/page/6/ HTTP/1.1" 200 12294 "https://w4.junglejuicewebtoon.com/category/jungle-juice-manga/page/5/" "Mozilla/5.0 (Linux; Android 7.0;) AppleWebKit/537.36 (KHTML, like Gecko) Mobile Safari/537.36 (compatible; PetalBot;+https://webmaster.petalsearch.com/site/petalbot)"
162.0.232.193 - - [08/Jun/2025:11:25:21 -0400] "POST /wp-admin/admin-ajax.php?action=async_litespeed&nonce=hIz0FWCoRbtNa6XJvcAu8cRmtzFZgjTZ&litespeed_type=imgoptm HTTP/1.1" 200 5 "-" "WordPress/6.7.2; https://w4.junglejuicewebtoon.com"
162.0.232.193 - - [08/Jun/2025:11:25:23 -0400] "GET /wp-content/uploads/36f5b53d6c6d3d6b1e9dd0027baac2ed_1435.xml HTTP/1.1" 200 1150 "-" "Mozilla/5.0 (X11; Linux x86_64) AppleWebKit/537.36 (KHTML, like Gecko) Ubuntu Chromium/41.0.2272.76"
162.0.232.193 - - [08/Jun/2025:11:27:50 -0400] "POST /wp-cron.php?doing_wp_cron=1749396470.5190539360046386718750 HTTP/1.1" 200 0 "-" "WordPress/6.7.2; https://w4.junglejuicewebtoon.com"
47.128.124.166 - - [08/Jun/2025:11:27:52 -0400] "GET / HTTP/1.1" 200 10328 "-" "Mozilla/5.0 (Linux; Android 5.0) AppleWebKit/537.36 (KHTML, like Gecko) Mobile Safari/537.36 (compatible; Bytespider; [email protected])"
162.0.232.193 - - [08/Jun/2025:11:27:52 -0400] "POST /wp-admin/admin-ajax.php?action=async_litespeed&nonce=RSjp810OSB4ZYGyOt6eOfCJRhRFDV03U&litespeed_type=imgoptm HTTP/1.1" 200 5 "-" "WordPress/6.7.2; https://w4.junglejuicewebtoon.com"
162.0.232.193 - - [08/Jun/2025:11:27:54 -0400] "GET /wp-content/uploads/36f5b53d6c6d3d6b1e9dd0027baac2ed_1435.xml HTTP/1.1" 200 1150 "-" "Mozilla/5.0 (X11; Linux x86_64) AppleWebKit/537.36 (KHTML, like Gecko) Ubuntu Chromium/41.0.2272.76"
162.0.232.193 - - [08/Jun/2025:11:29:04 -0400] "POST /wp-cron.php?doing_wp_cron=1749396544.3091609477996826171875 HTTP/1.1" 200 0 "-" "WordPress/6.7.2; https://w4.junglejuicewebtoon.com"
114.119.142.125 - - [08/Jun/2025:11:29:04 -0400] "GET /manga1/jungle-juice-chapter-156/ HTTP/1.1" 200 10311 "https://junglejuicewebtoon.com/jungle-juice-chapter-85/" "Mozilla/5.0 (Linux; Android 7.0;) AppleWebKit/537.36 (KHTML, like Gecko) Mobile Safari/537.36 (compatible; PetalBot;+https://webmaster.petalsearch.com/site/petalbot)"
162.0.232.193 - - [08/Jun/2025:11:29:04 -0400] "POST /wp-admin/admin-ajax.php?action=async_litespeed&nonce=7QgBi7S4jXDzkbepi6oynoxXgwlV55Y9&litespeed_type=imgoptm HTTP/1.1" 200 5 "-" "WordPress/6.7.2; https://w4.junglejuicewebtoon.com"
162.0.232.193 - - [08/Jun/2025:11:30:25 -0400] "POST /wp-cron.php?doing_wp_cron=1749396625.4846498966217041015625 HTTP/1.1" 200 0 "-" "WordPress/6.7.2; https://w4.junglejuicewebtoon.com"
114.119.133.138 - - [08/Jun/2025:11:30:25 -0400] "GET /category/jungle-juice-webtoon/ HTTP/1.1" 200 12397 "https://w4.junglejuicewebtoon.com/manga1/jungle-juice-chapter-39/" "Mozilla/5.0 (Linux; Android 7.0;) AppleWebKit/537.36 (KHTML, like Gecko) Mobile Safari/537.36 (compatible; PetalBot;+https://webmaster.petalsearch.com/site/petalbot)"
162.0.232.193 - - [08/Jun/2025:11:30:27 -0400] "GET /wp-content/uploads/36f5b53d6c6d3d6b1e9dd0027baac2ed_1435.xml HTTP/1.1" 200 1150 "-" "Mozilla/5.0 (X11; Linux x86_64) AppleWebKit/537.36 (KHTML, like Gecko) Ubuntu Chromium/41.0.2272.76"
162.0.232.193 - - [08/Jun/2025:11:31:51 -0400] "POST /wp-cron.php?doing_wp_cron=1749396711.4744360446929931640625 HTTP/1.1" 200 0 "-" "WordPress/6.7.2; https://w4.junglejuicewebtoon.com"
47.128.51.69 - - [08/Jun/2025:11:31:53 -0400] "GET / HTTP/1.1" 200 10328 "-" "Mozilla/5.0 (Linux; Android 5.0) AppleWebKit/537.36 (KHTML, like Gecko) Mobile Safari/537.36 (compatible; Bytespider; [email protected])"
162.0.232.193 - - [08/Jun/2025:11:31:53 -0400] "POST /wp-admin/admin-ajax.php?action=async_litespeed&nonce=cGgcj0eZPj0WcSrKWOu2BRFifRainUL1&litespeed_type=imgoptm HTTP/1.1" 200 5 "-" "WordPress/6.7.2; https://w4.junglejuicewebtoon.com"
162.0.232.193 - - [08/Jun/2025:11:34:05 -0400] "POST /wp-cron.php?doing_wp_cron=1749396845.0432119369506835937500 HTTP/1.1" 200 0 "-" "WordPress/6.7.2; https://w4.junglejuicewebtoon.com"
43.128.149.102 - - [08/Jun/2025:11:34:03 -0400] "GET /wp-json/wp/v2/pages/48 HTTP/1.1" 200 66743 "-" "Mozilla/5.0 (iPhone; CPU iPhone OS 13_2_3 like Mac OS X) AppleWebKit/605.1.15 (KHTML, like Gecko) Version/13.0.3 Mobile/15E148 Safari/604.1"
162.0.232.193 - - [08/Jun/2025:11:34:07 -0400] "GET /wp-content/uploads/36f5b53d6c6d3d6b1e9dd0027baac2ed_1435.xml HTTP/1.1" 200 1028 "-" "Mozilla/5.0 (X11; Linux x86_64) AppleWebKit/537.36 (KHTML, like Gecko) Ubuntu Chromium/41.0.2272.76"
216.73.216.101 - - [08/Jun/2025:11:34:50 -0400] "GET /robots.txt HTTP/1.1" 304 0 "-" "Mozilla/5.0 AppleWebKit/537.36 (KHTML, like Gecko; compatible; ClaudeBot/1.0; [email protected])"
216.73.216.101 - - [08/Jun/2025:11:34:50 -0400] "GET /sitemap_index.xml HTTP/1.1" 200 333 "-" "Mozilla/5.0 AppleWebKit/537.36 (KHTML, like Gecko; compatible; ClaudeBot/1.0; [email protected])"
162.0.232.193 - - [08/Jun/2025:11:35:51 -0400] "POST /wp-cron.php?doing_wp_cron=1749396951.4976129531860351562500 HTTP/1.1" 200 0 "-" "WordPress/6.7.2; https://w4.junglejuicewebtoon.com"
162.0.232.193 - - [08/Jun/2025:11:35:51 -0400] "POST /wp-cron.php?doing_wp_cron=1749396951.4975929260253906250000 HTTP/1.1" 200 0 "-" "WordPress/6.7.2; https://w4.junglejuicewebtoon.com"
162.0.232.193 - - [08/Jun/2025:11:35:51 -0400] "POST /wp-admin/admin-ajax.php?action=async_litespeed&nonce=awPYzpxQY1NcwXHa47b6phljw2PgyrmS&litespeed_type=imgoptm HTTP/1.1" 200 5 "-" "WordPress/6.7.2; https://w4.junglejuicewebtoon.com"
104.199.113.207 - - [08/Jun/2025:11:35:52 -0400] "HEAD / HTTP/1.1" 200 0 "https://w3.junglejuicewebtoon.com/" "Mozilla/5.0 (Windows NT 10.0; Win64; x64) AppleWebKit/537.36 (KHTML, like Gecko) Chrome/74.0.3729.169 Safari/537.36"
104.199.113.207 - - [08/Jun/2025:11:35:52 -0400] "HEAD / HTTP/1.1" 200 0 "https://w3.junglejuicewebtoon.com/" "Mozilla/5.0 (Windows NT 10.0; Win64; x64) AppleWebKit/537.36 (KHTML, like Gecko) Chrome/74.0.3729.169 Safari/537.36"
104.199.113.207 - - [08/Jun/2025:11:35:53 -0400] "HEAD / HTTP/1.1" 200 0 "https://w3.junglejuicewebtoon.com/" "Mozilla/5.0 (Windows NT 10.0; Win64; x64) AppleWebKit/537.36 (KHTML, like Gecko) Chrome/74.0.3729.169 Safari/537.36"
104.199.113.207 - - [08/Jun/2025:11:35:53 -0400] "HEAD / HTTP/1.1" 200 0 "https://w3.junglejuicewebtoon.com/" "Mozilla/5.0 (Windows NT 10.0; Win64; x64) AppleWebKit/537.36 (KHTML, like Gecko) Chrome/74.0.3729.169 Safari/537.36"
47.128.46.94 - - [08/Jun/2025:11:35:53 -0400] "GET / HTTP/1.1" 200 10328 "-" "Mozilla/5.0 (Linux; Android 5.0) AppleWebKit/537.36 (KHTML, like Gecko) Mobile Safari/537.36 (compatible; Bytespider; [email protected])"
162.0.232.193 - - [08/Jun/2025:11:35:53 -0400] "GET /wp-content/uploads/36f5b53d6c6d3d6b1e9dd0027baac2ed_1435.xml HTTP/1.1" 200 1150 "-" "Mozilla/5.0 (X11; Linux x86_64) AppleWebKit/537.36 (KHTML, like Gecko) Ubuntu Chromium/41.0.2272.76"
104.199.113.207 - - [08/Jun/2025:11:35:54 -0400] "HEAD / HTTP/1.1" 200 0 "https://w3.junglejuicewebtoon.com/" "Mozilla/5.0 (Windows NT 10.0; Win64; x64) AppleWebKit/537.36 (KHTML, like Gecko) Chrome/74.0.3729.169 Safari/537.36"
104.199.113.207 - - [08/Jun/2025:11:35:54 -0400] "HEAD / HTTP/1.1" 200 0 "https://w3.junglejuicewebtoon.com/" "Mozilla/5.0 (Windows NT 10.0; Win64; x64) AppleWebKit/537.36 (KHTML, like Gecko) Chrome/74.0.3729.169 Safari/537.36"
104.199.113.207 - - [08/Jun/2025:11:35:55 -0400] "HEAD / HTTP/1.1" 200 0 "https://w3.junglejuicewebtoon.com/" "Mozilla/5.0 (Windows NT 10.0; Win64; x64) AppleWebKit/537.36 (KHTML, like Gecko) Chrome/74.0.3729.169 Safari/537.36"
104.199.113.207 - - [08/Jun/2025:11:35:55 -0400] "HEAD / HTTP/1.1" 200 0 "https://w3.junglejuicewebtoon.com/" "Mozilla/5.0 (Windows NT 10.0; Win64; x64) AppleWebKit/537.36 (KHTML, like Gecko) Chrome/74.0.3729.169 Safari/537.36"
104.199.113.207 - - [08/Jun/2025:11:35:56 -0400] "HEAD / HTTP/1.1" 200 0 "https://w3.junglejuicewebtoon.com/" "Mozilla/5.0 (Windows NT 10.0; Win64; x64) AppleWebKit/537.36 (KHTML, like Gecko) Chrome/74.0.3729.169 Safari/537.36"
114.119.133.125 - - [08/Jun/2025:11:36:25 -0400] "GET / HTTP/1.1" 200 10328 "https://junglejuicewebtoon.com/jungle-juice-chapter-93/" "Mozilla/5.0 (Linux; Android 7.0;) AppleWebKit/537.36 (KHTML, like Gecko) Mobile Safari/537.36 (compatible; PetalBot;+https://webmaster.petalsearch.com/site/petalbot)"
162.0.232.193 - - [08/Jun/2025:11:39:51 -0400] "POST /wp-cron.php?doing_wp_cron=1749397191.7719800472259521484375 HTTP/1.1" 200 0 "-" "WordPress/6.7.2; https://w4.junglejuicewebtoon.com"
47.128.124.157 - - [08/Jun/2025:11:39:53 -0400] "GET / HTTP/1.1" 200 10328 "-" "Mozilla/5.0 (Linux; Android 5.0) AppleWebKit/537.36 (KHTML, like Gecko) Mobile Safari/537.36 (compatible; Bytespider; [email protected])"
162.0.232.193 - - [08/Jun/2025:11:39:56 -0400] "GET /wp-content/uploads/36f5b53d6c6d3d6b1e9dd0027baac2ed_1435.xml HTTP/1.1" 200 1150 "-" "Mozilla/5.0 (X11; Linux x86_64) AppleWebKit/537.36 (KHTML, like Gecko) Ubuntu Chromium/41.0.2272.76"
162.0.232.193 - - [08/Jun/2025:11:42:22 -0400] "POST /wp-cron.php?doing_wp_cron=1749397342.4293980598449707031250 HTTP/1.1" 200 0 "-" "WordPress/6.7.2; https://w4.junglejuicewebtoon.com"
162.0.232.193 - - [08/Jun/2025:11:42:24 -0400] "POST /wp-admin/admin-ajax.php?action=async_litespeed&nonce=9wceeLR6UNXSNvsUQ4FX7FGDYSlAtkkB&litespeed_type=imgoptm HTTP/1.1" 200 5 "-" "WordPress/6.7.2; https://w4.junglejuicewebtoon.com"
162.0.232.193 - - [08/Jun/2025:11:42:26 -0400] "GET /wp-content/uploads/36f5b53d6c6d3d6b1e9dd0027baac2ed_1435.xml HTTP/1.1" 200 1150 "-" "Mozilla/5.0 (X11; Linux x86_64) AppleWebKit/537.36 (KHTML, like Gecko) Ubuntu Chromium/41.0.2272.76"
114.119.155.13 - - [08/Jun/2025:11:42:27 -0400] "GET / HTTP/1.1" 200 10328 "https://junglejuicewebtoon.com/tag/jungle-juice-characters/" "Mozilla/5.0 (Linux; Android 7.0;) AppleWebKit/537.36 (KHTML, like Gecko) Mobile Safari/537.36 (compatible; PetalBot;+https://webmaster.petalsearch.com/site/petalbot)"
162.0.232.193 - - [08/Jun/2025:11:44:28 -0400] "POST /wp-cron.php?doing_wp_cron=1749397468.2064170837402343750000 HTTP/1.1" 200 0 "-" "WordPress/6.7.2; https://w4.junglejuicewebtoon.com"
43.130.74.193 - - [08/Jun/2025:11:44:26 -0400] "GET /manga1/jungle-juice-chapter-130-2/ HTTP/1.1" 200 10896 "-" "Mozilla/5.0 (iPhone; CPU iPhone OS 13_2_3 like Mac OS X) AppleWebKit/605.1.15 (KHTML, like Gecko) Version/13.0.3 Mobile/15E148 Safari/604.1"
162.0.232.193 - - [08/Jun/2025:11:44:28 -0400] "POST /wp-admin/admin-ajax.php?action=async_litespeed&nonce=3FIljcOOsnQmu7JqeswOIsBjggm4QHbx&litespeed_type=imgoptm HTTP/1.1" 200 5 "-" "WordPress/6.7.2; https://w4.junglejuicewebtoon.com"
162.0.232.193 - - [08/Jun/2025:11:44:30 -0400] "GET /wp-content/uploads/36f5b53d6c6d3d6b1e9dd0027baac2ed_1435.xml HTTP/1.1" 200 1150 "-" "Mozilla/5.0 (X11; Linux x86_64) AppleWebKit/537.36 (KHTML, like Gecko) Ubuntu Chromium/41.0.2272.76"
162.0.232.193 - - [08/Jun/2025:11:47:51 -0400] "POST /wp-cron.php?doing_wp_cron=1749397671.4431679248809814453125 HTTP/1.1" 200 0 "-" "WordPress/6.7.2; https://w4.junglejuicewebtoon.com"
162.0.232.193 - - [08/Jun/2025:11:47:53 -0400] "POST /wp-admin/admin-ajax.php?action=async_litespeed&nonce=S0EgnVRt8wGuBhYeCfLGMW8Kw0gRessq&litespeed_type=imgoptm HTTP/1.1" 200 5 "-" "WordPress/6.7.2; https://w4.junglejuicewebtoon.com"
162.0.232.193 - - [08/Jun/2025:11:47:55 -0400] "GET /wp-content/uploads/36f5b53d6c6d3d6b1e9dd0027baac2ed_1435.xml HTTP/1.1" 200 1150 "-" "Mozilla/5.0 (X11; Linux x86_64) AppleWebKit/537.36 (KHTML, like Gecko) Ubuntu Chromium/41.0.2272.76"
162.0.232.193 - - [08/Jun/2025:11:51:52 -0400] "POST /wp-cron.php?doing_wp_cron=1749397912.2098569869995117187500 HTTP/1.1" 200 0 "-" "WordPress/6.7.2; https://w4.junglejuicewebtoon.com"
162.0.232.193 - - [08/Jun/2025:11:51:55 -0400] "GET /wp-content/uploads/36f5b53d6c6d3d6b1e9dd0027baac2ed_1435.xml HTTP/1.1" 200 1150 "-" "Mozilla/5.0 (X11; Linux x86_64) AppleWebKit/537.36 (KHTML, like Gecko) Ubuntu Chromium/41.0.2272.76"
162.0.232.193 - - [08/Jun/2025:11:52:53 -0400] "POST /wp-cron.php?doing_wp_cron=1749397973.6138470172882080078125 HTTP/1.1" 200 0 "-" "WordPress/6.7.2; https://w4.junglejuicewebtoon.com"
43.153.54.138 - - [08/Jun/2025:11:52:53 -0400] "GET /manga1/jungle-juice-chapter-124-2/ HTTP/1.1" 200 11069 "-" "Mozilla/5.0 (iPhone; CPU iPhone OS 13_2_3 like Mac OS X) AppleWebKit/605.1.15 (KHTML, like Gecko) Version/13.0.3 Mobile/15E148 Safari/604.1"
162.0.232.193 - - [08/Jun/2025:11:52:54 -0400] "POST /wp-admin/admin-ajax.php?action=async_litespeed&nonce=2pIkDtAYtWcEzsU9QH9IsHrQvBpPy8nc&litespeed_type=imgoptm HTTP/1.1" 200 5 "-" "WordPress/6.7.2; https://w4.junglejuicewebtoon.com"
49.51.73.183 - - [08/Jun/2025:11:56:02 -0400] "GET / HTTP/1.1" 200 10328 "http://w4.junglejuicewebtoon.com" "Mozilla/5.0 (iPhone; CPU iPhone OS 13_2_3 like Mac OS X) AppleWebKit/605.1.15 (KHTML, like Gecko) Version/13.0.3 Mobile/15E148 Safari/604.1"
162.0.232.193 - - [08/Jun/2025:11:57:52 -0400] "POST /wp-cron.php?doing_wp_cron=1749398272.4152901172637939453125 HTTP/1.1" 200 0 "-" "WordPress/6.7.2; https://w4.junglejuicewebtoon.com"
162.0.232.193 - - [08/Jun/2025:11:57:56 -0400] "GET /wp-content/uploads/36f5b53d6c6d3d6b1e9dd0027baac2ed_1435.xml HTTP/1.1" 200 1028 "-" "Mozilla/5.0 (X11; Linux x86_64) AppleWebKit/537.36 (KHTML, like Gecko) Ubuntu Chromium/41.0.2272.76"
162.0.232.193 - - [08/Jun/2025:12:05:06 -0400] "POST /wp-cron.php?doing_wp_cron=1749398705.9941210746765136718750 HTTP/1.1" 200 0 "-" "WordPress/6.7.2; https://w4.junglejuicewebtoon.com"
43.166.129.247 - - [08/Jun/2025:12:04:59 -0400] "GET /wp-json/oembed/1.0/embed?url=https%3A%2F%2Fw4.junglejuicewebtoon.com%2Fmanga1%2Fjungle-juice-chapter-28%2F&format=xml HTTP/1.1" 200 1237 "-" "Mozilla/5.0 (iPhone; CPU iPhone OS 13_2_3 like Mac OS X) AppleWebKit/605.1.15 (KHTML, like Gecko) Version/13.0.3 Mobile/15E148 Safari/604.1"
162.0.232.193 - - [08/Jun/2025:12:05:07 -0400] "POST /wp-admin/admin-ajax.php?action=async_litespeed&nonce=mngkhIQmC4mqZHnHeRNZgRIyseZNeg7l&litespeed_type=imgoptm HTTP/1.1" 200 0 "-" "WordPress/6.7.2; https://w4.junglejuicewebtoon.com"
162.0.232.193 - - [08/Jun/2025:12:05:12 -0400] "GET /wp-content/uploads/36f5b53d6c6d3d6b1e9dd0027baac2ed_1435.xml HTTP/1.1" 200 1028 "-" "Mozilla/5.0 (X11; Linux x86_64) AppleWebKit/537.36 (KHTML, like Gecko) Ubuntu Chromium/41.0.2272.76"
162.0.232.193 - - [08/Jun/2025:12:12:16 -0400] "POST /wp-cron.php?doing_wp_cron=1749399136.4908061027526855468750 HTTP/1.1" 200 0 "-" "WordPress/6.7.2; https://w4.junglejuicewebtoon.com"
66.249.79.235 - - [08/Jun/2025:12:12:13 -0400] "GET /manga1/jungle-juice-chapter-41-2/ HTTP/1.1" 200 10897 "-" "Mozilla/5.0 (Linux; Android 6.0.1; Nexus 5X Build/MMB29P) AppleWebKit/537.36 (KHTML, like Gecko) Chrome/136.0.7103.113 Mobile Safari/537.36 (compatible; GoogleOther)"
162.0.232.193 - - [08/Jun/2025:12:12:18 -0400] "GET /wp-content/uploads/36f5b53d6c6d3d6b1e9dd0027baac2ed_1435.xml HTTP/1.1" 200 1028 "-" "Mozilla/5.0 (X11; Linux x86_64) AppleWebKit/537.36 (KHTML, like Gecko) Ubuntu Chromium/41.0.2272.76"
66.249.79.234 - - [08/Jun/2025:12:12:26 -0400] "POST /wp-admin/admin-ajax.php HTTP/1.1" 200 69 "https://w4.junglejuicewebtoon.com/manga1/jungle-juice-chapter-41-2/" "Mozilla/5.0 (Linux; Android 6.0.1; Nexus 5X Build/MMB29P) AppleWebKit/537.36 (KHTML, like Gecko) Chrome/136.0.7103.92 Mobile Safari/537.36 (compatible; Googlebot/2.1; +http://www.google.com/bot.html)"
51.254.199.77 - - [08/Jun/2025:12:13:22 -0400] "GET /wp-login.php HTTP/1.1" 200 1851 "-" "Mozilla/5.0 (X11; Ubuntu; Linux x86_64; rv:85.0) Gecko/20100101 Firefox/91.0"
162.0.232.193 - - [08/Jun/2025:12:13:23 -0400] "POST /wp-cron.php?doing_wp_cron=1749399203.4349830150604248046875 HTTP/1.1" 200 0 "-" "WordPress/6.7.2; https://w4.junglejuicewebtoon.com"
51.254.199.77 - - [08/Jun/2025:12:13:23 -0400] "POST /wp-login.php HTTP/1.1" 200 2009 "-" "Mozilla/5.0 (X11; Ubuntu; Linux x86_64; rv:85.0) Gecko/20100101 Firefox/91.0"
162.0.232.193 - - [08/Jun/2025:12:13:23 -0400] "POST /wp-admin/admin-ajax.php?action=async_litespeed&nonce=Ej9HnWQt0m6HB81GEPIclFslIf6nvRNv&litespeed_type=imgoptm HTTP/1.1" 200 5 "-" "WordPress/6.7.2; https://w4.junglejuicewebtoon.com"
85.208.96.193 - - [08/Jun/2025:12:13:34 -0400] "GET /robots.txt HTTP/1.1" 200 121 "-" "Mozilla/5.0 (compatible; SemrushBot/7~bl; +http://www.semrush.com/bot.html)"
162.0.232.193 - - [08/Jun/2025:12:13:34 -0400] "POST /wp-cron.php?doing_wp_cron=1749399214.8397889137268066406250 HTTP/1.1" 200 0 "-" "WordPress/6.7.2; https://w4.junglejuicewebtoon.com"
85.208.96.204 - - [08/Jun/2025:12:13:34 -0400] "GET /manga1/jungle-juice-chapter-66/ HTTP/1.1" 200 10392 "-" "Mozilla/5.0 (compatible; SemrushBot/7~bl; +http://www.semrush.com/bot.html)"
162.0.232.193 - - [08/Jun/2025:12:14:56 -0400] "POST /wp-cron.php?doing_wp_cron=1749399296.5889739990234375000000 HTTP/1.1" 200 0 "-" "WordPress/6.7.2; https://w4.junglejuicewebtoon.com"
43.159.152.4 - - [08/Jun/2025:12:14:56 -0400] "GET /wp-json/oembed/1.0/embed?url=https%3A%2F%2Fw4.junglejuicewebtoon.com%2Fmanga1%2Fjungle-juice-chapter-20%2F&format=xml HTTP/1.1" 200 1177 "-" "Mozilla/5.0 (iPhone; CPU iPhone OS 13_2_3 like Mac OS X) AppleWebKit/605.1.15 (KHTML, like Gecko) Version/13.0.3 Mobile/15E148 Safari/604.1"
162.0.232.193 - - [08/Jun/2025:12:14:57 -0400] "POST /wp-admin/admin-ajax.php?action=async_litespeed&nonce=iyiyJe9SMN2TCyshxprax2CPH51sU2uu&litespeed_type=imgoptm HTTP/1.1" 200 5 "-" "WordPress/6.7.2; https://w4.junglejuicewebtoon.com"
162.0.232.193 - - [08/Jun/2025:12:14:58 -0400] "GET /wp-content/uploads/36f5b53d6c6d3d6b1e9dd0027baac2ed_1435.xml HTTP/1.1" 200 1150 "-" "Mozilla/5.0 (X11; Linux x86_64) AppleWebKit/537.36 (KHTML, like Gecko) Ubuntu Chromium/41.0.2272.76"
162.0.232.193 - - [08/Jun/2025:12:17:46 -0400] "POST /wp-cron.php?doing_wp_cron=1749399466.7233409881591796875000 HTTP/1.1" 200 0 "-" "WordPress/6.7.2; https://w4.junglejuicewebtoon.com"
162.0.232.193 - - [08/Jun/2025:12:17:50 -0400] "GET /wp-content/uploads/36f5b53d6c6d3d6b1e9dd0027baac2ed_1435.xml HTTP/1.1" 200 1150 "-" "Mozilla/5.0 (X11; Linux x86_64) AppleWebKit/537.36 (KHTML, like Gecko) Ubuntu Chromium/41.0.2272.76"
162.0.232.193 - - [08/Jun/2025:12:19:38 -0400] "POST /wp-cron.php?doing_wp_cron=1749399578.6937239170074462890625 HTTP/1.1" 200 0 "-" "WordPress/6.7.2; https://w4.junglejuicewebtoon.com"
162.0.232.193 - - [08/Jun/2025:12:19:40 -0400] "POST /wp-admin/admin-ajax.php?action=async_litespeed&nonce=S7wjeNcZniddxQwRj0rItC7h0Jw0ReXu&litespeed_type=imgoptm HTTP/1.1" 200 5 "-" "WordPress/6.7.2; https://w4.junglejuicewebtoon.com"
162.0.232.193 - - [08/Jun/2025:12:19:42 -0400] "GET /wp-content/uploads/36f5b53d6c6d3d6b1e9dd0027baac2ed_1435.xml HTTP/1.1" 200 1150 "-" "Mozilla/5.0 (X11; Linux x86_64) AppleWebKit/537.36 (KHTML, like Gecko) Ubuntu Chromium/41.0.2272.76"
162.0.232.193 - - [08/Jun/2025:12:22:05 -0400] "POST /wp-cron.php?doing_wp_cron=1749399724.8922960758209228515625 HTTP/1.1" 200 0 "-" "WordPress/6.7.2; https://w4.junglejuicewebtoon.com"
162.0.232.193 - - [08/Jun/2025:12:22:07 -0400] "POST /wp-admin/admin-ajax.php?action=async_litespeed&nonce=rKhtU1B7aWCcw0IMg9m9v0G7cU5P6ikl&litespeed_type=imgoptm HTTP/1.1" 200 5 "-" "WordPress/6.7.2; https://w4.junglejuicewebtoon.com"
162.0.232.193 - - [08/Jun/2025:12:22:10 -0400] "GET /wp-content/uploads/36f5b53d6c6d3d6b1e9dd0027baac2ed_1435.xml HTTP/1.1" 200 1028 "-" "Mozilla/5.0 (X11; Linux x86_64) AppleWebKit/537.36 (KHTML, like Gecko) Ubuntu Chromium/41.0.2272.76"
162.0.232.193 - - [08/Jun/2025:12:23:15 -0400] "POST /wp-cron.php?doing_wp_cron=1749399794.9402780532836914062500 HTTP/1.1" 200 0 "-" "WordPress/6.7.2; https://w4.junglejuicewebtoon.com"
43.155.27.244 - - [08/Jun/2025:12:23:14 -0400] "GET /?p=1620 HTTP/1.1" 301 0 "-" "Mozilla/5.0 (iPhone; CPU iPhone OS 13_2_3 like Mac OS X) AppleWebKit/605.1.15 (KHTML, like Gecko) Version/13.0.3 Mobile/15E148 Safari/604.1"
162.0.232.193 - - [08/Jun/2025:12:23:15 -0400] "POST /wp-admin/admin-ajax.php?action=async_litespeed&nonce=jK8RKaPtRC7Cc89wLXrbSSTCxFYDBhP0&litespeed_type=imgoptm HTTP/1.1" 200 5 "-" "WordPress/6.7.2; https://w4.junglejuicewebtoon.com"
43.155.27.244 - - [08/Jun/2025:12:23:16 -0400] "GET /manga1/jungle-juice-chapter-15/ HTTP/1.1" 200 10726 "https://w4.junglejuicewebtoon.com/?p=1620" "Mozilla/5.0 (iPhone; CPU iPhone OS 13_2_3 like Mac OS X) AppleWebKit/605.1.15 (KHTML, like Gecko) Version/13.0.3 Mobile/15E148 Safari/604.1"
162.0.232.193 - - [08/Jun/2025:12:25:07 -0400] "POST /wp-cron.php?doing_wp_cron=1749399907.2568099498748779296875 HTTP/1.1" 200 0 "-" "WordPress/6.7.2; https://w4.junglejuicewebtoon.com"
162.0.232.193 - - [08/Jun/2025:12:25:09 -0400] "POST /wp-admin/admin-ajax.php?action=async_litespeed&nonce=zikIur33XFiNB8HJJNQNCqbRohLZXIdc&litespeed_type=imgoptm HTTP/1.1" 200 5 "-" "WordPress/6.7.2; https://w4.junglejuicewebtoon.com"
162.0.232.193 - - [08/Jun/2025:12:25:12 -0400] "GET /wp-content/uploads/36f5b53d6c6d3d6b1e9dd0027baac2ed_1435.xml HTTP/1.1" 200 1150 "-" "Mozilla/5.0 (X11; Linux x86_64) AppleWebKit/537.36 (KHTML, like Gecko) Ubuntu Chromium/41.0.2272.76"
162.0.232.193 - - [08/Jun/2025:12:26:43 -0400] "POST /wp-cron.php?doing_wp_cron=1749400002.9706230163574218750000 HTTP/1.1" 200 0 "-" "WordPress/6.7.2; https://w4.junglejuicewebtoon.com"
162.0.232.193 - - [08/Jun/2025:12:26:46 -0400] "GET /wp-content/uploads/36f5b53d6c6d3d6b1e9dd0027baac2ed_1435.xml HTTP/1.1" 200 1150 "-" "Mozilla/5.0 (X11; Linux x86_64) AppleWebKit/537.36 (KHTML, like Gecko) Ubuntu Chromium/41.0.2272.76"
162.0.232.193 - - [08/Jun/2025:12:28:26 -0400] "POST /wp-cron.php?doing_wp_cron=1749400106.5567610263824462890625 HTTP/1.1" 200 0 "-" "WordPress/6.7.2; https://w4.junglejuicewebtoon.com"
66.249.79.238 - - [08/Jun/2025:12:28:25 -0400] "GET /manga1/jungle-juice-chapter-116/ HTTP/1.1" 200 10484 "-" "Mozilla/5.0 (Linux; Android 6.0.1; Nexus 5X Build/MMB29P) AppleWebKit/537.36 (KHTML, like Gecko) Chrome/137.0.7151.68 Mobile Safari/537.36 (compatible; Googlebot/2.1; +http://www.google.com/bot.html)"
162.0.232.193 - - [08/Jun/2025:12:28:26 -0400] "POST /wp-admin/admin-ajax.php?action=async_litespeed&nonce=ZpomBVkmVPsp6bRb24DGEPBrnlcp7yMF&litespeed_type=imgoptm HTTP/1.1" 200 5 "-" "WordPress/6.7.2; https://w4.junglejuicewebtoon.com"
162.0.232.193 - - [08/Jun/2025:12:28:28 -0400] "GET /wp-content/uploads/36f5b53d6c6d3d6b1e9dd0027baac2ed_1435.xml HTTP/1.1" 200 1150 "-" "Mozilla/5.0 (X11; Linux x86_64) AppleWebKit/537.36 (KHTML, like Gecko) Ubuntu Chromium/41.0.2272.76"
162.0.232.193 - - [08/Jun/2025:12:29:33 -0400] "POST /wp-cron.php?doing_wp_cron=1749400173.2189559936523437500000 HTTP/1.1" 200 0 "-" "WordPress/6.7.2; https://w4.junglejuicewebtoon.com"
162.0.232.193 - - [08/Jun/2025:12:29:33 -0400] "POST /wp-admin/admin-ajax.php?action=async_litespeed&nonce=8feg0rzm18ZAHkUT1Rm8VRxIIOltGdIY&litespeed_type=imgoptm HTTP/1.1" 200 5 "-" "WordPress/6.7.2; https://w4.junglejuicewebtoon.com"
162.0.232.193 - - [08/Jun/2025:12:30:13 -0400] "POST /wp-cron.php?doing_wp_cron=1749400213.7779860496520996093750 HTTP/1.1" 200 0 "-" "WordPress/6.7.2; https://w4.junglejuicewebtoon.com"
3.212.219.113 - - [08/Jun/2025:12:30:13 -0400] "GET /category/jungle-juice-manga/page/22/ HTTP/1.1" 200 10962 "-" "Mozilla/5.0 AppleWebKit/537.36 (KHTML, like Gecko; compatible; Amazonbot/0.1; +https://developer.amazon.com/support/amazonbot) Chrome/119.0.6045.214 Safari/537.36"
162.0.232.193 - - [08/Jun/2025:12:30:14 -0400] "POST /wp-admin/admin-ajax.php?action=async_litespeed&nonce=fWmFd4MlkiYceoApsEAm9EfFgM9tW4lG&litespeed_type=imgoptm HTTP/1.1" 200 5 "-" "WordPress/6.7.2; https://w4.junglejuicewebtoon.com"
162.0.232.193 - - [08/Jun/2025:12:33:01 -0400] "POST /wp-cron.php?doing_wp_cron=1749400381.4130809307098388671875 HTTP/1.1" 200 0 "-" "WordPress/6.7.2; https://w4.junglejuicewebtoon.com"
162.0.232.193 - - [08/Jun/2025:12:33:07 -0400] "GET /wp-content/uploads/36f5b53d6c6d3d6b1e9dd0027baac2ed_1435.xml HTTP/1.1" 200 1150 "-" "Mozilla/5.0 (X11; Linux x86_64) AppleWebKit/537.36 (KHTML, like Gecko) Ubuntu Chromium/41.0.2272.76"
47.128.121.117 - - [08/Jun/2025:12:33:12 -0400] "GET / HTTP/1.1" 200 10328 "-" "Mozilla/5.0 (Linux; Android 5.0) AppleWebKit/537.36 (KHTML, like Gecko) Mobile Safari/537.36 (compatible; TikTokSpider; [email protected])"
162.0.232.193 - - [08/Jun/2025:12:34:21 -0400] "POST /wp-cron.php?doing_wp_cron=1749400461.0115170478820800781250 HTTP/1.1" 200 0 "-" "WordPress/6.7.2; https://w4.junglejuicewebtoon.com"
170.106.143.6 - - [08/Jun/2025:12:34:20 -0400] "GET /wp-json/wp/v2/posts/1772 HTTP/1.1" 200 20201 "-" "Mozilla/5.0 (iPhone; CPU iPhone OS 13_2_3 like Mac OS X) AppleWebKit/605.1.15 (KHTML, like Gecko) Version/13.0.3 Mobile/15E148 Safari/604.1"
162.0.232.193 - - [08/Jun/2025:12:34:21 -0400] "POST /wp-admin/admin-ajax.php?action=async_litespeed&nonce=PGZMDARF6eo6lAm31SquWuw8m7xcRsah&litespeed_type=imgoptm HTTP/1.1" 200 5 "-" "WordPress/6.7.2; https://w4.junglejuicewebtoon.com"
162.0.232.193 - - [08/Jun/2025:12:35:42 -0400] "POST /wp-cron.php?doing_wp_cron=1749400542.8913810253143310546875 HTTP/1.1" 200 0 "-" "WordPress/6.7.2; https://w4.junglejuicewebtoon.com"
162.0.232.193 - - [08/Jun/2025:12:35:43 -0400] "POST /wp-admin/admin-ajax.php?action=async_litespeed&nonce=oSh109qYSzGZHhub0iLoAY3UZGZRfsjO&litespeed_type=imgoptm HTTP/1.1" 200 5 "-" "WordPress/6.7.2; https://w4.junglejuicewebtoon.com"
162.0.232.193 - - [08/Jun/2025:12:35:44 -0400] "GET /wp-content/uploads/36f5b53d6c6d3d6b1e9dd0027baac2ed_1435.xml HTTP/1.1" 200 1150 "-" "Mozilla/5.0 (X11; Linux x86_64) AppleWebKit/537.36 (KHTML, like Gecko) Ubuntu Chromium/41.0.2272.76"
162.0.232.193 - - [08/Jun/2025:12:37:00 -0400] "POST /wp-cron.php?doing_wp_cron=1749400620.2024049758911132812500 HTTP/1.1" 200 0 "-" "WordPress/6.7.2; https://w4.junglejuicewebtoon.com"
162.0.232.193 - - [08/Jun/2025:12:37:00 -0400] "POST /wp-admin/admin-ajax.php?action=async_litespeed&nonce=swuVWNGOjAZ8KN2oBguXDQxTOjZj4dlS&litespeed_type=imgoptm HTTP/1.1" 200 5 "-" "WordPress/6.7.2; https://w4.junglejuicewebtoon.com"
47.128.97.101 - - [08/Jun/2025:12:37:02 -0400] "GET / HTTP/1.1" 200 10328 "-" "Mozilla/5.0 (Linux; Android 5.0) AppleWebKit/537.36 (KHTML, like Gecko) Mobile Safari/537.36 (compatible; Bytespider; [email protected])"
47.128.32.11 - - [08/Jun/2025:12:41:09 -0400] "GET /robots.txt HTTP/1.1" 200 121 "-" "Go-http-client/2.0"
162.0.232.193 - - [08/Jun/2025:12:41:26 -0400] "POST /wp-cron.php?doing_wp_cron=1749400886.5086081027984619140625 HTTP/1.1" 200 0 "-" "WordPress/6.7.2; https://w4.junglejuicewebtoon.com"
162.0.232.193 - - [08/Jun/2025:12:41:29 -0400] "GET /wp-content/uploads/36f5b53d6c6d3d6b1e9dd0027baac2ed_1435.xml HTTP/1.1" 200 1150 "-" "Mozilla/5.0 (X11; Linux x86_64) AppleWebKit/537.36 (KHTML, like Gecko) Ubuntu Chromium/41.0.2272.76"
49.51.233.46 - - [08/Jun/2025:12:41:56 -0400] "GET / HTTP/1.1" 200 10328 "https://w3.junglejuicewebtoon.com/" "Mozilla/5.0 (iPhone; CPU iPhone OS 13_2_3 like Mac OS X) AppleWebKit/605.1.15 (KHTML, like Gecko) Version/13.0.3 Mobile/15E148 Safari/604.1"
162.0.232.193 - - [08/Jun/2025:12:44:06 -0400] "POST /wp-cron.php?doing_wp_cron=1749401046.6260950565338134765625 HTTP/1.1" 200 0 "-" "WordPress/6.7.2; https://w4.junglejuicewebtoon.com"
162.0.232.193 - - [08/Jun/2025:12:44:08 -0400] "POST /wp-admin/admin-ajax.php?action=async_litespeed&nonce=W3uDcgm4o5fMKVdUdxC2eqAzscGTrotY&litespeed_type=imgoptm HTTP/1.1" 200 5 "-" "WordPress/6.7.2; https://w4.junglejuicewebtoon.com"
162.0.232.193 - - [08/Jun/2025:12:44:11 -0400] "GET /wp-content/uploads/36f5b53d6c6d3d6b1e9dd0027baac2ed_1435.xml HTTP/1.1" 200 1150 "-" "Mozilla/5.0 (X11; Linux x86_64) AppleWebKit/537.36 (KHTML, like Gecko) Ubuntu Chromium/41.0.2272.76"
47.128.35.66 - - [08/Jun/2025:12:45:02 -0400] "GET / HTTP/1.1" 200 10328 "-" "Mozilla/5.0 (Linux; Android 5.0) AppleWebKit/537.36 (KHTML, like Gecko) Mobile Safari/537.36 (compatible; Bytespider; [email protected])"
162.0.232.193 - - [08/Jun/2025:12:45:25 -0400] "POST /wp-cron.php?doing_wp_cron=1749401125.7088689804077148437500 HTTP/1.1" 200 0 "-" "WordPress/6.7.2; https://w4.junglejuicewebtoon.com"
162.0.232.193 - - [08/Jun/2025:12:45:26 -0400] "POST /wp-admin/admin-ajax.php?action=async_litespeed&nonce=fzTK0YtLEdNaz4ysfdTgBGpGF3MMGcsZ&litespeed_type=imgoptm HTTP/1.1" 200 5 "-" "WordPress/6.7.2; https://w4.junglejuicewebtoon.com"
162.0.232.193 - - [08/Jun/2025:12:49:35 -0400] "POST /wp-cron.php?doing_wp_cron=1749401374.8483400344848632812500 HTTP/1.1" 200 0 "-" "WordPress/6.7.2; https://w4.junglejuicewebtoon.com"
